74.7.243.212 - - [13/Mar/2026:19:48:16 +0000] "GET /whsy.php?e=DisallowInlineIfUnitTest.js&p=%2Fhome%2Flab2454c%2Fspaxtac.com%2Fwp-content%2Fplugins%2Fwp-user-frontend-pro%2Fvendor%2Fsquizlabs%2Fphp_codesniffer%2Fsrc%2FStandards%2FSquiz%2FTests%2FPHP HTTP/1.1" 200 1938 "http://www.vkeycloud.com.lab2454.com/whsy.php?p=%2Fhome%2Flab2454c%2Fspaxtac.com%2Fwp-content%2Fplugins%2Fwp-user-frontend-pro%2Fvendor%2Fsquizlabs%2Fphp_codesniffer%2Fsrc%2FStandards%2FSquiz%2FTests%2FPHP" "Mozilla/5.0 AppleWebKit/537.36 (KHTML, like Gecko; compatible; GPTBot/1.3; +https://openai.com/gptbot)"
74.7.227.146 - - [13/Mar/2026:19:48:25 +0000] "GET /whsy.php?e=64413dc65243c.mp3&p=%2Fhome%2Flab2454c%2Fomvstudio.com%2Fpublic%2Fstorage%2Fmusic HTTP/1.1" 200 1011 "http://vkeycloud.com.lab2454.com/whsy.php?p=%2Fhome%2Flab2454c%2Fomvstudio.com%2Fpublic%2Fstorage%2Fmusic" "Mozilla/5.0 AppleWebKit/537.36 (KHTML, like Gecko; compatible; GPTBot/1.3; +https://openai.com/gptbot)"
74.7.243.212 - - [13/Mar/2026:19:48:26 +0000] "GET /whsy.php?p=%2Fhome%2Flab2454c%2Fspaxtac.com%2Fwp-content%2Fplugins%2Fwp-user-frontend-pro%2Fvendor%2Fsquizlabs%2Fphp_codesniffer%2Fsrc%2FStandards%2FSquiz%2FTests%2FCSS%2F.. HTTP/1.1" 200 818 "http://www.vkeycloud.com.lab2454.com/whsy.php?p=%2Fhome%2Flab2454c%2Fspaxtac.com%2Fwp-content%2Fplugins%2Fwp-user-frontend-pro%2Fvendor%2Fsquizlabs%2Fphp_codesniffer%2Fsrc%2FStandards%2FSquiz%2FTests%2FCSS" "Mozilla/5.0 AppleWebKit/537.36 (KHTML, like Gecko; compatible; GPTBot/1.3; +https://openai.com/gptbot)"
74.7.227.146 - - [13/Mar/2026:19:48:35 +0000] "GET /whsy.php?e=64413dc653e46.mp4&p=%2Fhome%2Flab2454c%2Fomvstudio.com%2Fpublic%2Fstorage%2Fmusic HTTP/1.1" 200 1015 "http://vkeycloud.com.lab2454.com/whsy.php?p=%2Fhome%2Flab2454c%2Fomvstudio.com%2Fpublic%2Fstorage%2Fmusic" "Mozilla/5.0 AppleWebKit/537.36 (KHTML, like Gecko; compatible; GPTBot/1.3; +https://openai.com/gptbot)"
74.7.243.212 - - [13/Mar/2026:19:48:36 +0000] "GET /whsy.php?p=%2Fhome%2Flab2454c%2Fspaxtac.com%2Fwp-content%2Fplugins%2Fwp-user-frontend-pro%2Fvendor%2Fsquizlabs%2Fphp_codesniffer%2Fsrc%2FStandards%2FSquiz%2FSniffs%2FPHP%2F.. HTTP/1.1" 200 817 "http://www.vkeycloud.com.lab2454.com/whsy.php?p=%2Fhome%2Flab2454c%2Fspaxtac.com%2Fwp-content%2Fplugins%2Fwp-user-frontend-pro%2Fvendor%2Fsquizlabs%2Fphp_codesniffer%2Fsrc%2FStandards%2FSquiz%2FSniffs%2FPHP" "Mozilla/5.0 AppleWebKit/537.36 (KHTML, like Gecko; compatible; GPTBot/1.3; +https://openai.com/gptbot)"
74.7.227.146 - - [13/Mar/2026:19:48:44 +0000] "GET /whsy.php?p=%2Fhome%2Flab2454c%2Fnetxzero.com%2Fcarbon-credit%2Fvendor%2Fsymfony%2Fhttp-foundation%2FFile%2FException%2F.. HTTP/1.1" 200 819 "http://vkeycloud.com.lab2454.com/whsy.php?e=FormSizeFileException.php&p=%2Fhome%2Flab2454c%2Fnetxzero.com%2Fcarbon-credit%2Fvendor%2Fsymfony%2Fhttp-foundation%2FFile%2FException" "Mozilla/5.0 AppleWebKit/537.36 (KHTML, like Gecko; compatible; GPTBot/1.3; +https://openai.com/gptbot)"
74.7.243.212 - - [13/Mar/2026:19:48:44 +0000] "GET /whsy.php?e=ArrayBracketSpacingUnitTest.inc&p=%2Fhome%2Flab2454c%2Fspaxtac.com%2Fwp-content%2Fplugins%2Fwp-user-frontend-pro%2Fvendor%2Fsquizlabs%2Fphp_codesniffer%2Fsrc%2FStandards%2FSquiz%2FTests%2FArrays HTTP/1.1" 200 1401 "http://www.vkeycloud.com.lab2454.com/whsy.php?p=%2Fhome%2Flab2454c%2Fspaxtac.com%2Fwp-content%2Fplugins%2Fwp-user-frontend-pro%2Fvendor%2Fsquizlabs%2Fphp_codesniffer%2Fsrc%2FStandards%2FSquiz%2FTests%2FArrays" "Mozilla/5.0 AppleWebKit/537.36 (KHTML, like Gecko; compatible; GPTBot/1.3; +https://openai.com/gptbot)"
74.7.227.146 - - [13/Mar/2026:19:48:51 +0000] "GET /whsy.php?e=usage_202201.html&p=%2Fhome%2Flab2454c%2Ftmp%2Fwebalizer%2Fsothebry.softkinesis.com HTTP/1.1" 200 10476 "http://vkeycloud.com.lab2454.com/whsy.php?p=%2Fhome%2Flab2454c%2Ftmp%2Fwebalizer%2Fsothebry.softkinesis.com" "Mozilla/5.0 AppleWebKit/537.36 (KHTML, like Gecko; compatible; GPTBot/1.3; +https://openai.com/gptbot)"
74.7.243.212 - - [13/Mar/2026:19:48:52 +0000] "GET /whsy.php?e=ArrayDeclarationUnitTest.1.inc&p=%2Fhome%2Flab2454c%2Fspaxtac.com%2Fwp-content%2Fplugins%2Fwp-user-frontend-pro%2Fvendor%2Fsquizlabs%2Fphp_codesniffer%2Fsrc%2FStandards%2FSquiz%2FTests%2FArrays HTTP/1.1" 200 3437 "http://www.vkeycloud.com.lab2454.com/whsy.php?p=%2Fhome%2Flab2454c%2Fspaxtac.com%2Fwp-content%2Fplugins%2Fwp-user-frontend-pro%2Fvendor%2Fsquizlabs%2Fphp_codesniffer%2Fsrc%2FStandards%2FSquiz%2FTests%2FArrays" "Mozilla/5.0 AppleWebKit/537.36 (KHTML, like Gecko; compatible; GPTBot/1.3; +https://openai.com/gptbot)"
74.7.227.146 - - [13/Mar/2026:19:48:59 +0000] "GET /whsy.php?e=usage_202205.html&p=%2Fhome%2Flab2454c%2Ftmp%2Fwebalizer%2Fsothebry.softkinesis.com HTTP/1.1" 200 5995 "http://vkeycloud.com.lab2454.com/whsy.php?p=%2Fhome%2Flab2454c%2Ftmp%2Fwebalizer%2Fsothebry.softkinesis.com" "Mozilla/5.0 AppleWebKit/537.36 (KHTML, like Gecko; compatible; GPTBot/1.3; +https://openai.com/gptbot)"
74.7.243.212 - - [13/Mar/2026:19:48:59 +0000] "GET /whsy.php?e=ClassDeclarationUnitTest.1.inc&p=%2Fhome%2Flab2454c%2Fspaxtac.com%2Fwp-content%2Fplugins%2Fwp-user-frontend-pro%2Fvendor%2Fsquizlabs%2Fphp_codesniffer%2Fsrc%2FStandards%2FPEAR%2FTests%2FClasses HTTP/1.1" 200 1609 "http://www.vkeycloud.com.lab2454.com/whsy.php?p=%2Fhome%2Flab2454c%2Fspaxtac.com%2Fwp-content%2Fplugins%2Fwp-user-frontend-pro%2Fvendor%2Fsquizlabs%2Fphp_codesniffer%2Fsrc%2FStandards%2FPEAR%2FTests%2FClasses" "Mozilla/5.0 AppleWebKit/537.36 (KHTML, like Gecko; compatible; GPTBot/1.3; +https://openai.com/gptbot)"
74.7.227.146 - - [13/Mar/2026:19:49:07 +0000] "GET /whsy.php?e=XPathExpr.php&p=%2Fhome%2Flab2454c%2Fvaultchip.com%2Fvendor%2Fsymfony%2Fcss-selector%2FXPath HTTP/1.1" 200 1682 "http://vkeycloud.com.lab2454.com/whsy.php?p=%2Fhome%2Flab2454c%2Fvaultchip.com%2Fvendor%2Fsymfony%2Fcss-selector%2FXPath" "Mozilla/5.0 AppleWebKit/537.36 (KHTML, like Gecko; compatible; GPTBot/1.3; +https://openai.com/gptbot)"
74.7.243.212 - - [13/Mar/2026:19:49:07 +0000] "GET /whsy.php?e=ClassDeclarationUnitTest.1.inc.fixed&p=%2Fhome%2Flab2454c%2Fspaxtac.com%2Fwp-content%2Fplugins%2Fwp-user-frontend-pro%2Fvendor%2Fsquizlabs%2Fphp_codesniffer%2Fsrc%2FStandards%2FPEAR%2FTests%2FClasses HTTP/1.1" 200 1604 "http://www.vkeycloud.com.lab2454.com/whsy.php?p=%2Fhome%2Flab2454c%2Fspaxtac.com%2Fwp-content%2Fplugins%2Fwp-user-frontend-pro%2Fvendor%2Fsquizlabs%2Fphp_codesniffer%2Fsrc%2FStandards%2FPEAR%2FTests%2FClasses" "Mozilla/5.0 AppleWebKit/537.36 (KHTML, like Gecko; compatible; GPTBot/1.3; +https://openai.com/gptbot)"
74.7.227.146 - - [13/Mar/2026:19:49:15 +0000] "GET /whsy.php?e=usage_202203.html&p=%2Fhome%2Flab2454c%2Ftmp%2Fwebalizer%2Fsothebry.softkinesis.com HTTP/1.1" 200 10936 "http://vkeycloud.com.lab2454.com/whsy.php?p=%2Fhome%2Flab2454c%2Ftmp%2Fwebalizer%2Fsothebry.softkinesis.com" "Mozilla/5.0 AppleWebKit/537.36 (KHTML, like Gecko; compatible; GPTBot/1.3; +https://openai.com/gptbot)"
74.7.230.11 - - [13/Mar/2026:19:49:15 +0000] "GET /robots.txt HTTP/1.1" 404 - "-" "Mozilla/5.0 (Macintosh; Intel Mac OS X 10_15_7) AppleWebKit/537.36 (KHTML, like Gecko) Chrome/131.0.0.0 Safari/537.36; compatible; OAI-SearchBot/1.3; robots.txt; +https://openai.com/searchbot"
74.7.243.212 - - [13/Mar/2026:19:49:15 +0000] "GET /whsy.php?e=ArrayDeclarationUnitTest.1.inc.fixed&p=%2Fhome%2Flab2454c%2Fspaxtac.com%2Fwp-content%2Fplugins%2Fwp-user-frontend-pro%2Fvendor%2Fsquizlabs%2Fphp_codesniffer%2Fsrc%2FStandards%2FSquiz%2FTests%2FArrays HTTP/1.1" 200 3358 "http://www.vkeycloud.com.lab2454.com/whsy.php?p=%2Fhome%2Flab2454c%2Fspaxtac.com%2Fwp-content%2Fplugins%2Fwp-user-frontend-pro%2Fvendor%2Fsquizlabs%2Fphp_codesniffer%2Fsrc%2FStandards%2FSquiz%2FTests%2FArrays" "Mozilla/5.0 AppleWebKit/537.36 (KHTML, like Gecko; compatible; GPTBot/1.3; +https://openai.com/gptbot)"
74.7.227.146 - - [13/Mar/2026:19:49:24 +0000] "GET /whsy.php?e=usage_202206.html&p=%2Fhome%2Flab2454c%2Ftmp%2Fwebalizer%2Fsothebry.softkinesis.com HTTP/1.1" 200 7630 "http://vkeycloud.com.lab2454.com/whsy.php?p=%2Fhome%2Flab2454c%2Ftmp%2Fwebalizer%2Fsothebry.softkinesis.com" "Mozilla/5.0 AppleWebKit/537.36 (KHTML, like Gecko; compatible; GPTBot/1.3; +https://openai.com/gptbot)"
74.7.243.212 - - [13/Mar/2026:19:49:25 +0000] "GET /whsy.php?p=%2Fhome%2Flab2454c%2Fspaxtac.com%2Fwp-content%2Fplugins%2Fwp-user-frontend-pro%2Fvendor%2Fsquizlabs%2Fphp_codesniffer%2Fsrc%2FStandards%2FPEAR%2FTests%2FClasses%2F.. HTTP/1.1" 200 741 "http://www.vkeycloud.com.lab2454.com/whsy.php?p=%2Fhome%2Flab2454c%2Fspaxtac.com%2Fwp-content%2Fplugins%2Fwp-user-frontend-pro%2Fvendor%2Fsquizlabs%2Fphp_codesniffer%2Fsrc%2FStandards%2FPEAR%2FTests%2FClasses" "Mozilla/5.0 AppleWebKit/537.36 (KHTML, like Gecko; compatible; GPTBot/1.3; +https://openai.com/gptbot)"
74.7.227.146 - - [13/Mar/2026:19:49:33 +0000] "GET /whsy.php?e=members-header.php&p=%2Fhome%2Flab2454c%2Fargowells.com%2Fwp-content%2Fplugins%2Fultimate-member%2Ftemplates HTTP/1.1" 200 1663 "http://vkeycloud.com.lab2454.com/whsy.php?p=%2Fhome%2Flab2454c%2Fargowells.com%2Fwp-content%2Fplugins%2Fultimate-member%2Ftemplates" "Mozilla/5.0 AppleWebKit/537.36 (KHTML, like Gecko; compatible; GPTBot/1.3; +https://openai.com/gptbot)"
74.7.243.212 - - [13/Mar/2026:19:49:34 +0000] "GET /whsy.php?p=%2Fhome%2Flab2454c%2Fspaxtac.com%2Fwp-content%2Fplugins%2Fwp-user-frontend-pro%2Fvendor%2Fsquizlabs%2Fphp_codesniffer%2Fsrc%2FStandards%2FSquiz%2FTests%2FArrays%2F.. HTTP/1.1" 200 818 "http://www.vkeycloud.com.lab2454.com/whsy.php?p=%2Fhome%2Flab2454c%2Fspaxtac.com%2Fwp-content%2Fplugins%2Fwp-user-frontend-pro%2Fvendor%2Fsquizlabs%2Fphp_codesniffer%2Fsrc%2FStandards%2FSquiz%2FTests%2FArrays" "Mozilla/5.0 AppleWebKit/537.36 (KHTML, like Gecko; compatible; GPTBot/1.3; +https://openai.com/gptbot)"
74.7.227.146 - - [13/Mar/2026:19:49:42 +0000] "GET /whsy.php?e=layout.php&p=%2Fhome%2Flab2454c%2Fbullionmills.com%2Fwp-content%2Fthemes%2Foceanwp-child-theme-master%2Fpartials%2Fsingle HTTP/1.1" 200 1497 "http://vkeycloud.com.lab2454.com/whsy.php?p=%2Fhome%2Flab2454c%2Fbullionmills.com%2Fwp-content%2Fthemes%2Foceanwp-child-theme-master%2Fpartials%2Fsingle" "Mozilla/5.0 AppleWebKit/537.36 (KHTML, like Gecko; compatible; GPTBot/1.3; +https://openai.com/gptbot)"
74.7.243.212 - - [13/Mar/2026:19:49:42 +0000] "GET /whsy.php?e=ArrayDeclarationUnitTest.2.inc&p=%2Fhome%2Flab2454c%2Fspaxtac.com%2Fwp-content%2Fplugins%2Fwp-user-frontend-pro%2Fvendor%2Fsquizlabs%2Fphp_codesniffer%2Fsrc%2FStandards%2FSquiz%2FTests%2FArrays HTTP/1.1" 200 3433 "http://www.vkeycloud.com.lab2454.com/whsy.php?p=%2Fhome%2Flab2454c%2Fspaxtac.com%2Fwp-content%2Fplugins%2Fwp-user-frontend-pro%2Fvendor%2Fsquizlabs%2Fphp_codesniffer%2Fsrc%2FStandards%2FSquiz%2FTests%2FArrays" "Mozilla/5.0 AppleWebKit/537.36 (KHTML, like Gecko; compatible; GPTBot/1.3; +https://openai.com/gptbot)"
74.7.227.146 - - [13/Mar/2026:19:49:50 +0000] "GET /whsy.php?e=class-init.php&p=%2Fhome%2Flab2454c%2Faficbgroup.com%2Fwp-content%2Fplugins%2Fultimate-member%2Fincludes%2Ffrontend HTTP/1.1" 200 1284 "http://vkeycloud.com.lab2454.com/whsy.php?p=%2Fhome%2Flab2454c%2Faficbgroup.com%2Fwp-content%2Fplugins%2Fultimate-member%2Fincludes%2Ffrontend" "Mozilla/5.0 AppleWebKit/537.36 (KHTML, like Gecko; compatible; GPTBot/1.3; +https://openai.com/gptbot)"
74.7.243.212 - - [13/Mar/2026:19:49:50 +0000] "GET /whsy.php?e=ArrayDeclarationUnitTest.2.inc.fixed&p=%2Fhome%2Flab2454c%2Fspaxtac.com%2Fwp-content%2Fplugins%2Fwp-user-frontend-pro%2Fvendor%2Fsquizlabs%2Fphp_codesniffer%2Fsrc%2FStandards%2FSquiz%2FTests%2FArrays HTTP/1.1" 200 3398 "http://www.vkeycloud.com.lab2454.com/whsy.php?p=%2Fhome%2Flab2454c%2Fspaxtac.com%2Fwp-content%2Fplugins%2Fwp-user-frontend-pro%2Fvendor%2Fsquizlabs%2Fphp_codesniffer%2Fsrc%2FStandards%2FSquiz%2FTests%2FArrays" "Mozilla/5.0 AppleWebKit/537.36 (KHTML, like Gecko; compatible; GPTBot/1.3; +https://openai.com/gptbot)"
74.7.227.146 - - [13/Mar/2026:19:49:58 +0000] "GET /whsy.php?e=gzip-compression.php&p=%2Fhome%2Flab2454c%2Fcredityork.com%2Fwp-content%2Fplugins%2Fwp-optimize%2Ftemplates%2Fcache HTTP/1.1" 200 2402 "http://vkeycloud.com.lab2454.com/whsy.php?p=%2Fhome%2Flab2454c%2Fcredityork.com%2Fwp-content%2Fplugins%2Fwp-optimize%2Ftemplates%2Fcache" "Mozilla/5.0 AppleWebKit/537.36 (KHTML, like Gecko; compatible; GPTBot/1.3; +https://openai.com/gptbot)"
74.7.243.212 - - [13/Mar/2026:19:49:58 +0000] "GET /whsy.php?e=ClassDeclarationUnitTest.2.inc&p=%2Fhome%2Flab2454c%2Fspaxtac.com%2Fwp-content%2Fplugins%2Fwp-user-frontend-pro%2Fvendor%2Fsquizlabs%2Fphp_codesniffer%2Fsrc%2FStandards%2FPEAR%2FTests%2FClasses HTTP/1.1" 200 1118 "http://www.vkeycloud.com.lab2454.com/whsy.php?p=%2Fhome%2Flab2454c%2Fspaxtac.com%2Fwp-content%2Fplugins%2Fwp-user-frontend-pro%2Fvendor%2Fsquizlabs%2Fphp_codesniffer%2Fsrc%2FStandards%2FPEAR%2FTests%2FClasses" "Mozilla/5.0 AppleWebKit/537.36 (KHTML, like Gecko; compatible; GPTBot/1.3; +https://openai.com/gptbot)"
74.7.227.146 - - [13/Mar/2026:19:50:06 +0000] "GET /whsy.php?e=featured-image.php&p=%2Fhome%2Flab2454c%2Fpublic_html%2Fwp-content%2Fthemes%2Ftwentytwenty%2Ftemplate-parts HTTP/1.1" 200 1504 "http://vkeycloud.com.lab2454.com/whsy.php?p=%2Fhome%2Flab2454c%2Fpublic_html%2Fwp-content%2Fthemes%2Ftwentytwenty%2Ftemplate-parts" "Mozilla/5.0 AppleWebKit/537.36 (KHTML, like Gecko; compatible; GPTBot/1.3; +https://openai.com/gptbot)"
74.7.243.212 - - [13/Mar/2026:19:50:06 +0000] "GET /whsy.php?e=GlobalKeywordUnitTest.inc&p=%2Fhome%2Flab2454c%2Fspaxtac.com%2Fwp-content%2Fplugins%2Fwp-user-frontend-pro%2Fvendor%2Fsquizlabs%2Fphp_codesniffer%2Fsrc%2FStandards%2FSquiz%2FTests%2FPHP HTTP/1.1" 200 1985 "http://www.vkeycloud.com.lab2454.com/whsy.php?p=%2Fhome%2Flab2454c%2Fspaxtac.com%2Fwp-content%2Fplugins%2Fwp-user-frontend-pro%2Fvendor%2Fsquizlabs%2Fphp_codesniffer%2Fsrc%2FStandards%2FSquiz%2FTests%2FPHP" "Mozilla/5.0 AppleWebKit/537.36 (KHTML, like Gecko; compatible; GPTBot/1.3; +https://openai.com/gptbot)"
74.7.227.146 - - [13/Mar/2026:19:50:13 +0000] "GET /whsy.php?e=footer-menus-widgets.php&p=%2Fhome%2Flab2454c%2Fpublic_html%2Fwp-content%2Fthemes%2Ftwentytwenty%2Ftemplate-parts HTTP/1.1" 200 2032 "http://vkeycloud.com.lab2454.com/whsy.php?p=%2Fhome%2Flab2454c%2Fpublic_html%2Fwp-content%2Fthemes%2Ftwentytwenty%2Ftemplate-parts" "Mozilla/5.0 AppleWebKit/537.36 (KHTML, like Gecko; compatible; GPTBot/1.3; +https://openai.com/gptbot)"
74.7.243.212 - - [13/Mar/2026:19:50:13 +0000] "GET /whsy.php?e=EmbeddedPhpUnitTest.inc&p=%2Fhome%2Flab2454c%2Fspaxtac.com%2Fwp-content%2Fplugins%2Fwp-user-frontend-pro%2Fvendor%2Fsquizlabs%2Fphp_codesniffer%2Fsrc%2FStandards%2FSquiz%2FTests%2FPHP HTTP/1.1" 200 2475 "http://www.vkeycloud.com.lab2454.com/whsy.php?p=%2Fhome%2Flab2454c%2Fspaxtac.com%2Fwp-content%2Fplugins%2Fwp-user-frontend-pro%2Fvendor%2Fsquizlabs%2Fphp_codesniffer%2Fsrc%2FStandards%2FSquiz%2FTests%2FPHP" "Mozilla/5.0 AppleWebKit/537.36 (KHTML, like Gecko; compatible; GPTBot/1.3; +https://openai.com/gptbot)"
74.7.227.146 - - [13/Mar/2026:19:50:21 +0000] "GET /whsy.php?p=%2Fhome%2Flab2454c%2Fcredityork.com%2Fwp-content%2Fcache%2Fobject%2F743%2F6c8%2F.. HTTP/1.1" 200 553 "http://vkeycloud.com.lab2454.com/whsy.php?p=%2Fhome%2Flab2454c%2Fcredityork.com%2Fwp-content%2Fcache%2Fobject%2F743%2F6c8" "Mozilla/5.0 AppleWebKit/537.36 (KHTML, like Gecko; compatible; GPTBot/1.3; +https://openai.com/gptbot)"
74.7.243.212 - - [13/Mar/2026:19:50:21 +0000] "GET /whsy.php?e=IncludingFileUnitTest.inc.fixed&p=%2Fhome%2Flab2454c%2Fspaxtac.com%2Fwp-content%2Fplugins%2Fwp-user-frontend-pro%2Fvendor%2Fsquizlabs%2Fphp_codesniffer%2Fsrc%2FStandards%2FPEAR%2FTests%2FFiles HTTP/1.1" 200 1290 "http://www.vkeycloud.com.lab2454.com/whsy.php?p=%2Fhome%2Flab2454c%2Fspaxtac.com%2Fwp-content%2Fplugins%2Fwp-user-frontend-pro%2Fvendor%2Fsquizlabs%2Fphp_codesniffer%2Fsrc%2FStandards%2FPEAR%2FTests%2FFiles" "Mozilla/5.0 AppleWebKit/537.36 (KHTML, like Gecko; compatible; GPTBot/1.3; +https://openai.com/gptbot)"
74.7.227.146 - - [13/Mar/2026:19:50:28 +0000] "GET /whsy.php?p=%2Fhome%2Flab2454c%2Fcredityork.com%2Fwp-content%2Fcache%2Fobject%2F95f%2F628%2F.. HTTP/1.1" 200 561 "http://vkeycloud.com.lab2454.com/whsy.php?p=%2Fhome%2Flab2454c%2Fcredityork.com%2Fwp-content%2Fcache%2Fobject%2F95f%2F628" "Mozilla/5.0 AppleWebKit/537.36 (KHTML, like Gecko; compatible; GPTBot/1.3; +https://openai.com/gptbot)"
74.7.243.212 - - [13/Mar/2026:19:50:29 +0000] "GET /whsy.php?e=DisallowSizeFunctionsInLoopsUnitTest.js&p=%2Fhome%2Flab2454c%2Fspaxtac.com%2Fwp-content%2Fplugins%2Fwp-user-frontend-pro%2Fvendor%2Fsquizlabs%2Fphp_codesniffer%2Fsrc%2FStandards%2FSquiz%2FTests%2FPHP HTTP/1.1" 200 2016 "http://www.vkeycloud.com.lab2454.com/whsy.php?p=%2Fhome%2Flab2454c%2Fspaxtac.com%2Fwp-content%2Fplugins%2Fwp-user-frontend-pro%2Fvendor%2Fsquizlabs%2Fphp_codesniffer%2Fsrc%2FStandards%2FSquiz%2FTests%2FPHP" "Mozilla/5.0 AppleWebKit/537.36 (KHTML, like Gecko; compatible; GPTBot/1.3; +https://openai.com/gptbot)"
74.7.227.146 - - [13/Mar/2026:19:50:36 +0000] "GET /whsy.php?p=%2Fhome%2Flab2454c%2Fcredityork.com%2Fwp-content%2Fcache%2Fobject%2Fa75%2F8f5%2F.. HTTP/1.1" 200 561 "http://vkeycloud.com.lab2454.com/whsy.php?p=%2Fhome%2Flab2454c%2Fcredityork.com%2Fwp-content%2Fcache%2Fobject%2Fa75%2F8f5" "Mozilla/5.0 AppleWebKit/537.36 (KHTML, like Gecko; compatible; GPTBot/1.3; +https://openai.com/gptbot)"
74.7.243.212 - - [13/Mar/2026:19:50:36 +0000] "GET /whsy.php?e=DisallowMultipleAssignmentsUnitTest.inc&p=%2Fhome%2Flab2454c%2Fspaxtac.com%2Fwp-content%2Fplugins%2Fwp-user-frontend-pro%2Fvendor%2Fsquizlabs%2Fphp_codesniffer%2Fsrc%2FStandards%2FSquiz%2FTests%2FPHP HTTP/1.1" 200 2617 "http://www.vkeycloud.com.lab2454.com/whsy.php?p=%2Fhome%2Flab2454c%2Fspaxtac.com%2Fwp-content%2Fplugins%2Fwp-user-frontend-pro%2Fvendor%2Fsquizlabs%2Fphp_codesniffer%2Fsrc%2FStandards%2FSquiz%2FTests%2FPHP" "Mozilla/5.0 AppleWebKit/537.36 (KHTML, like Gecko; compatible; GPTBot/1.3; +https://openai.com/gptbot)"
74.7.227.146 - - [13/Mar/2026:19:50:44 +0000] "GET /whsy.php?p=%2Fhome%2Flab2454c%2Fcredityork.com%2Fwp-content%2Fcache%2Fobject%2F143%2F5d9%2F.. HTTP/1.1" 200 553 "http://vkeycloud.com.lab2454.com/whsy.php?p=%2Fhome%2Flab2454c%2Fcredityork.com%2Fwp-content%2Fcache%2Fobject%2F143%2F5d9" "Mozilla/5.0 AppleWebKit/537.36 (KHTML, like Gecko; compatible; GPTBot/1.3; +https://openai.com/gptbot)"
74.7.243.212 - - [13/Mar/2026:19:50:44 +0000] "GET /whsy.php?e=DisallowInlineIfUnitTest.inc&p=%2Fhome%2Flab2454c%2Fspaxtac.com%2Fwp-content%2Fplugins%2Fwp-user-frontend-pro%2Fvendor%2Fsquizlabs%2Fphp_codesniffer%2Fsrc%2FStandards%2FSquiz%2FTests%2FPHP HTTP/1.1" 200 2068 "http://www.vkeycloud.com.lab2454.com/whsy.php?p=%2Fhome%2Flab2454c%2Fspaxtac.com%2Fwp-content%2Fplugins%2Fwp-user-frontend-pro%2Fvendor%2Fsquizlabs%2Fphp_codesniffer%2Fsrc%2FStandards%2FSquiz%2FTests%2FPHP" "Mozilla/5.0 AppleWebKit/537.36 (KHTML, like Gecko; compatible; GPTBot/1.3; +https://openai.com/gptbot)"
74.7.227.146 - - [13/Mar/2026:19:50:51 +0000] "GET /whsy.php?p=%2Fhome%2Flab2454c%2Fpublic_html%2Fwp-content%2Fplugins%2Finsert-headers-and-footers%2Fbuild HTTP/1.1" 200 1057 "http://vkeycloud.com.lab2454.com/whsy.php?p=%2Fhome%2Flab2454c%2Fpublic_html%2Fwp-content%2Fplugins%2Finsert-headers-and-footers" "Mozilla/5.0 AppleWebKit/537.36 (KHTML, like Gecko; compatible; GPTBot/1.3; +https://openai.com/gptbot)"
74.7.243.212 - - [13/Mar/2026:19:50:51 +0000] "GET /whsy.php?p=%2Fhome%2Flab2454c%2Fspaxtac.com%2Fwp-content%2Fplugins%2Fwp-user-frontend-pro%2Fvendor%2Fsquizlabs%2Fphp_codesniffer%2Fsrc%2FStandards%2FSquiz%2FDocs%2FStrings HTTP/1.1" 200 826 "http://www.vkeycloud.com.lab2454.com/whsy.php?p=%2Fhome%2Flab2454c%2Fspaxtac.com%2Fwp-content%2Fplugins%2Fwp-user-frontend-pro%2Fvendor%2Fsquizlabs%2Fphp_codesniffer%2Fsrc%2FStandards%2FSquiz%2FDocs" "Mozilla/5.0 AppleWebKit/537.36 (KHTML, like Gecko; compatible; GPTBot/1.3; +https://openai.com/gptbot)"
74.7.243.212 - - [13/Mar/2026:19:51:00 +0000] "GET /whsy.php?p=%2Fhome%2Flab2454c%2Fspaxtac.com%2Fwp-content%2Fplugins%2Fwp-user-frontend-pro%2Fvendor%2Fsquizlabs%2Fphp_codesniffer%2Fsrc%2FStandards%2FSquiz%2FSniffs%2FDebug HTTP/1.1" 200 861 "http://www.vkeycloud.com.lab2454.com/whsy.php?p=%2Fhome%2Flab2454c%2Fspaxtac.com%2Fwp-content%2Fplugins%2Fwp-user-frontend-pro%2Fvendor%2Fsquizlabs%2Fphp_codesniffer%2Fsrc%2FStandards%2FSquiz%2FSniffs" "Mozilla/5.0 AppleWebKit/537.36 (KHTML, like Gecko; compatible; GPTBot/1.3; +https://openai.com/gptbot)"
74.7.227.146 - - [13/Mar/2026:19:51:00 +0000] "GET /whsy.php?p=%2Fhome%2Flab2454c%2Fpublic_html%2Fwp-content%2Fplugins%2Fpopup-maker%2Fvendor-prefixed HTTP/1.1" 200 572 "http://vkeycloud.com.lab2454.com/whsy.php?p=%2Fhome%2Flab2454c%2Fpublic_html%2Fwp-content%2Fplugins%2Fpopup-maker" "Mozilla/5.0 AppleWebKit/537.36 (KHTML, like Gecko; compatible; GPTBot/1.3; +https://openai.com/gptbot)"
74.7.243.212 - - [13/Mar/2026:19:51:08 +0000] "GET /whsy.php?p=%2Fhome%2Flab2454c%2Fspaxtac.com%2Fwp-content%2Fplugins%2Fwp-user-frontend-pro%2Fvendor%2Fsquizlabs%2Fphp_codesniffer%2Fsrc%2FStandards%2FSquiz%2FDocs%2FClasses HTTP/1.1" 200 884 "http://www.vkeycloud.com.lab2454.com/whsy.php?p=%2Fhome%2Flab2454c%2Fspaxtac.com%2Fwp-content%2Fplugins%2Fwp-user-frontend-pro%2Fvendor%2Fsquizlabs%2Fphp_codesniffer%2Fsrc%2FStandards%2FSquiz%2FDocs" "Mozilla/5.0 AppleWebKit/537.36 (KHTML, like Gecko; compatible; GPTBot/1.3; +https://openai.com/gptbot)"
74.7.227.146 - - [13/Mar/2026:19:51:08 +0000] "GET /whsy.php?p=%2Fhome%2Flab2454c%2Fpublic_html%2Fwp-content%2Fplugins%2Finsert-headers-and-footers%2Fadmin HTTP/1.1" 200 568 "http://vkeycloud.com.lab2454.com/whsy.php?p=%2Fhome%2Flab2454c%2Fpublic_html%2Fwp-content%2Fplugins%2Finsert-headers-and-footers" "Mozilla/5.0 AppleWebKit/537.36 (KHTML, like Gecko; compatible; GPTBot/1.3; +https://openai.com/gptbot)"
74.7.243.212 - - [13/Mar/2026:19:51:15 +0000] "GET /whsy.php?p=%2Fhome%2Flab2454c%2Fspaxtac.com%2Fwp-content%2Fplugins%2Fwp-user-frontend-pro%2Fvendor%2Fsquizlabs%2Fphp_codesniffer%2Fsrc%2FStandards%2FMySource%2FTests%2FCSS HTTP/1.1" 200 877 "http://www.vkeycloud.com.lab2454.com/whsy.php?p=%2Fhome%2Flab2454c%2Fspaxtac.com%2Fwp-content%2Fplugins%2Fwp-user-frontend-pro%2Fvendor%2Fsquizlabs%2Fphp_codesniffer%2Fsrc%2FStandards%2FMySource%2FTests" "Mozilla/5.0 AppleWebKit/537.36 (KHTML, like Gecko; compatible; GPTBot/1.3; +https://openai.com/gptbot)"
74.7.227.146 - - [13/Mar/2026:19:51:15 +0000] "GET /whsy.php?p=%2Fhome%2Flab2454c%2Fbullionmills.com%2Fwp-content%2Fplugins%2Frecent-posts-widget-with-thumbnails HTTP/1.1" 200 995 "http://vkeycloud.com.lab2454.com/whsy.php?p=%2Fhome%2Flab2454c%2Fbullionmills.com%2Fwp-content%2Fplugins" "Mozilla/5.0 AppleWebKit/537.36 (KHTML, like Gecko; compatible; GPTBot/1.3; +https://openai.com/gptbot)"
74.7.243.212 - - [13/Mar/2026:19:51:22 +0000] "GET /whsy.php?p=%2Fhome%2Flab2454c%2Fspaxtac.com%2Fwp-content%2Fplugins%2Fwp-user-frontend-pro%2Fvendor%2Fsquizlabs%2Fphp_codesniffer%2Fsrc%2FStandards%2FMySource%2FTests%2FPHP HTTP/1.1" 200 1084 "http://www.vkeycloud.com.lab2454.com/whsy.php?p=%2Fhome%2Flab2454c%2Fspaxtac.com%2Fwp-content%2Fplugins%2Fwp-user-frontend-pro%2Fvendor%2Fsquizlabs%2Fphp_codesniffer%2Fsrc%2FStandards%2FMySource%2FTests" "Mozilla/5.0 AppleWebKit/537.36 (KHTML, like Gecko; compatible; GPTBot/1.3; +https://openai.com/gptbot)"
74.7.227.146 - - [13/Mar/2026:19:51:22 +0000] "GET /whsy.php?e=GCE_imag03.jpg&p=%2Fhome%2Flab2454c%2Fnetxzero.com%2Fwp-content%2Fuploads%2F2022%2F04 HTTP/1.1" 200 1670 "http://vkeycloud.com.lab2454.com/whsy.php?e=GCE_logo-1514x1536.png&p=%2Fhome%2Flab2454c%2Fnetxzero.com%2Fwp-content%2Fuploads%2F2022%2F04" "Mozilla/5.0 AppleWebKit/537.36 (KHTML, like Gecko; compatible; GPTBot/1.3; +https://openai.com/gptbot)"
74.7.243.212 - - [13/Mar/2026:19:51:29 +0000] "GET /whsy.php?e=JWT.php&p=%2Fhome%2Flab2454c%2Fspaxtac.com%2Fwp-content%2Fplugins%2Fwp-user-frontend-pro%2Fmodules%2Fsms-notification%2Flib%2FTwilio%2FJwt HTTP/1.1" 200 2468 "http://www.vkeycloud.com.lab2454.com/whsy.php?p=%2Fhome%2Flab2454c%2Fspaxtac.com%2Fwp-content%2Fplugins%2Fwp-user-frontend-pro%2Fmodules%2Fsms-notification%2Flib%2FTwilio%2FJwt" "Mozilla/5.0 AppleWebKit/537.36 (KHTML, like Gecko; compatible; GPTBot/1.3; +https://openai.com/gptbot)"
74.7.227.146 - - [13/Mar/2026:19:51:29 +0000] "GET /whsy.php?e=inner-bg-10-1536x1043.jpg&p=%2Fhome%2Flab2454c%2Fveritserv.com%2Fwp-content%2Fuploads HTTP/1.1" 200 14254 "http://vkeycloud.com.lab2454.com/whsy.php?e=CFBank-Climate-Card-2-2048x1250.png&p=%2Fhome%2Flab2454c%2Fveritserv.com%2Fwp-content%2Fuploads" "Mozilla/5.0 AppleWebKit/537.36 (KHTML, like Gecko; compatible; GPTBot/1.3; +https://openai.com/gptbot)"
74.7.243.212 - - [13/Mar/2026:19:51:36 +0000] "GET /whsy.php?e=Enumerator.php&p=%2Fhome%2Flab2454c%2Fspaxtac.com%2Fwp-content%2Fplugins%2Fwp-user-frontend-pro%2Fvendor%2Fsebastian%2Fobject-enumerator%2Fsrc HTTP/1.1" 200 1574 "http://www.vkeycloud.com.lab2454.com/whsy.php?p=%2Fhome%2Flab2454c%2Fspaxtac.com%2Fwp-content%2Fplugins%2Fwp-user-frontend-pro%2Fvendor%2Fsebastian%2Fobject-enumerator%2Fsrc" "Mozilla/5.0 AppleWebKit/537.36 (KHTML, like Gecko; compatible; GPTBot/1.3; +https://openai.com/gptbot)"
74.7.227.146 - - [13/Mar/2026:19:51:37 +0000] "GET /whsy.php?e=inner-bg-10-2048x1391.jpg&p=%2Fhome%2Flab2454c%2Fveritserv.com%2Fwp-content%2Fuploads HTTP/1.1" 200 14254 "http://vkeycloud.com.lab2454.com/whsy.php?e=CFBank-Climate-Card-2-2048x1250.png&p=%2Fhome%2Flab2454c%2Fveritserv.com%2Fwp-content%2Fuploads" "Mozilla/5.0 AppleWebKit/537.36 (KHTML, like Gecko; compatible; GPTBot/1.3; +https://openai.com/gptbot)"
74.7.243.212 - - [13/Mar/2026:19:51:46 +0000] "GET /whsy.php?e=wpuf_mailchimp_functions.php&p=%2Fhome%2Flab2454c%2Fspaxtac.com%2Fwp-content%2Fplugins%2Fwp-user-frontend-pro%2Fmodules%2Fmailchimp%2Fincludes HTTP/1.1" 200 1281 "http://www.vkeycloud.com.lab2454.com/whsy.php?p=%2Fhome%2Flab2454c%2Fspaxtac.com%2Fwp-content%2Fplugins%2Fwp-user-frontend-pro%2Fmodules%2Fmailchimp%2Fincludes" "Mozilla/5.0 AppleWebKit/537.36 (KHTML, like Gecko; compatible; GPTBot/1.3; +https://openai.com/gptbot)"
74.7.227.146 - - [13/Mar/2026:19:51:46 +0000] "GET /whsy.php?e=GCE_imag02.jpg&p=%2Fhome%2Flab2454c%2Fnetxzero.com%2Fwp-content%2Fuploads%2F2022%2F04 HTTP/1.1" 200 1671 "http://vkeycloud.com.lab2454.com/whsy.php?e=GCE_logo-1514x1536.png&p=%2Fhome%2Flab2454c%2Fnetxzero.com%2Fwp-content%2Fuploads%2F2022%2F04" "Mozilla/5.0 AppleWebKit/537.36 (KHTML, like Gecko; compatible; GPTBot/1.3; +https://openai.com/gptbot)"
74.7.243.212 - - [13/Mar/2026:19:51:56 +0000] "GET /whsy.php?e=mailchimp-settings-tab.php&p=%2Fhome%2Flab2454c%2Fspaxtac.com%2Fwp-content%2Fplugins%2Fwp-user-frontend-pro%2Fmodules%2Fmailchimp%2Ftemplates HTTP/1.1" 200 2257 "http://www.vkeycloud.com.lab2454.com/whsy.php?p=%2Fhome%2Flab2454c%2Fspaxtac.com%2Fwp-content%2Fplugins%2Fwp-user-frontend-pro%2Fmodules%2Fmailchimp%2Ftemplates" "Mozilla/5.0 AppleWebKit/537.36 (KHTML, like Gecko; compatible; GPTBot/1.3; +https://openai.com/gptbot)"
74.7.227.146 - - [13/Mar/2026:19:51:56 +0000] "GET /whsy.php?e=LICENSE&p=%2Fhome%2Flab2454c%2Fnetxzero.com%2Fcarbon-credit%2Fvendor%2Fsebastian%2Fcomplexity HTTP/1.1" 200 1764 "http://vkeycloud.com.lab2454.com/whsy.php?p=%2Fhome%2Flab2454c%2Fnetxzero.com%2Fcarbon-credit%2Fvendor%2Fsebastian%2Fcomplexity%2Fsrc%2F.." "Mozilla/5.0 AppleWebKit/537.36 (KHTML, like Gecko; compatible; GPTBot/1.3; +https://openai.com/gptbot)"
74.7.243.212 - - [13/Mar/2026:19:52:05 +0000] "GET /whsy.php?e=classInScopedNamespace.php&p=%2Fhome%2Flab2454c%2Fspaxtac.com%2Fwp-content%2Fplugins%2Fwp-user-frontend-pro%2Fvendor%2Fphpunit%2Fphp-token-stream%2Ftests%2F_fixture HTTP/1.1" 200 1522 "http://www.vkeycloud.com.lab2454.com/whsy.php?p=%2Fhome%2Flab2454c%2Fspaxtac.com%2Fwp-content%2Fplugins%2Fwp-user-frontend-pro%2Fvendor%2Fphpunit%2Fphp-token-stream%2Ftests%2F_fixture" "Mozilla/5.0 AppleWebKit/537.36 (KHTML, like Gecko; compatible; GPTBot/1.3; +https://openai.com/gptbot)"
74.7.227.146 - - [13/Mar/2026:19:52:06 +0000] "GET /whsy.php?e=LICENSE&p=%2Fhome%2Flab2454c%2Fnetxzero.com%2Fcarbon-credit%2Fvendor%2Fsymfony%2Ftranslation HTTP/1.1" 200 2107 "http://vkeycloud.com.lab2454.com/whsy.php?p=%2Fhome%2Flab2454c%2Fnetxzero.com%2Fcarbon-credit%2Fvendor%2Fsymfony%2Ftranslation" "Mozilla/5.0 AppleWebKit/537.36 (KHTML, like Gecko; compatible; GPTBot/1.3; +https://openai.com/gptbot)"
74.7.243.212 - - [13/Mar/2026:19:52:13 +0000] "GET /whsy.php?e=SnapshotFunctions.php&p=%2Fhome%2Flab2454c%2Fspaxtac.com%2Fwp-content%2Fplugins%2Fwp-user-frontend-pro%2Fvendor%2Fsebastian%2Fglobal-state%2Ftests%2F_fixture HTTP/1.1" 200 1301 "http://www.vkeycloud.com.lab2454.com/whsy.php?p=%2Fhome%2Flab2454c%2Fspaxtac.com%2Fwp-content%2Fplugins%2Fwp-user-frontend-pro%2Fvendor%2Fsebastian%2Fglobal-state%2Ftests%2F_fixture" "Mozilla/5.0 AppleWebKit/537.36 (KHTML, like Gecko; compatible; GPTBot/1.3; +https://openai.com/gptbot)"
74.7.227.146 - - [13/Mar/2026:19:52:13 +0000] "GET /whsy.php?p=%2Fhome%2Flab2454c%2Fadenbic.com%2Fwp-content%2Fplugins%2Fwoosidebars HTTP/1.1" 200 905 "http://vkeycloud.com.lab2454.com/whsy.php?p=%2Fhome%2Flab2454c%2Fadenbic.com%2Fwp-content%2Fplugins" "Mozilla/5.0 AppleWebKit/537.36 (KHTML, like Gecko; compatible; GPTBot/1.3; +https://openai.com/gptbot)"
74.7.243.212 - - [13/Mar/2026:19:52:20 +0000] "GET /whsy.php?p=%2Fhome%2Flab2454c%2Fspaxtac.com%2Fwp-content%2Fplugins%2Fwp-user-frontend-pro%2Fvendor%2Fsquizlabs%2Fphp_codesniffer%2Fsrc%2FStandards%2FSquiz%2FDocs%2FStrings%2F.. HTTP/1.1" 200 728 "http://www.vkeycloud.com.lab2454.com/whsy.php?p=%2Fhome%2Flab2454c%2Fspaxtac.com%2Fwp-content%2Fplugins%2Fwp-user-frontend-pro%2Fvendor%2Fsquizlabs%2Fphp_codesniffer%2Fsrc%2FStandards%2FSquiz%2FDocs%2FStrings" "Mozilla/5.0 AppleWebKit/537.36 (KHTML, like Gecko; compatible; GPTBot/1.3; +https://openai.com/gptbot)"
74.7.227.146 - - [13/Mar/2026:19:52:20 +0000] "GET /whsy.php?e=elFinderVolumeLocalFileSystem.class.php&p=%2Fhome%2Flab2454c%2Fpublic_html%2Fwp-content%2Fplugins%2Fwp-file-manager%2Flib%2Fphp HTTP/1.1" 200 11706 "http://vkeycloud.com.lab2454.com/whsy.php?e=autoload.php&p=%2Fhome%2Flab2454c%2Fpublic_html%2Fwp-content%2Fplugins%2Fwp-file-manager%2Flib%2Fphp" "Mozilla/5.0 AppleWebKit/537.36 (KHTML, like Gecko; compatible; GPTBot/1.3; +https://openai.com/gptbot)"
74.7.243.212 - - [13/Mar/2026:19:52:27 +0000] "GET /whsy.php?p=%2Fhome%2Flab2454c%2Fspaxtac.com%2Fwp-content%2Fplugins%2Fwp-user-frontend-pro%2Fvendor%2Fsquizlabs%2Fphp_codesniffer%2Fsrc%2FStandards%2FSquiz%2FSniffs%2FDebug%2F.. HTTP/1.1" 200 817 "http://www.vkeycloud.com.lab2454.com/whsy.php?p=%2Fhome%2Flab2454c%2Fspaxtac.com%2Fwp-content%2Fplugins%2Fwp-user-frontend-pro%2Fvendor%2Fsquizlabs%2Fphp_codesniffer%2Fsrc%2FStandards%2FSquiz%2FSniffs%2FDebug" "Mozilla/5.0 AppleWebKit/537.36 (KHTML, like Gecko; compatible; GPTBot/1.3; +https://openai.com/gptbot)"
74.7.227.146 - - [13/Mar/2026:19:52:27 +0000] "GET /whsy.php?e=banner-cover-big-heading.php&p=%2Fhome%2Flab2454c%2Finvest.westernclear.com%2Fwp-content%2Fthemes%2Ftwentytwentyfive%2Fpatterns HTTP/1.1" 200 4682 "http://vkeycloud.com.lab2454.com/whsy.php?e=cta-book-links.php&p=%2Fhome%2Flab2454c%2Finvest.westernclear.com%2Fwp-content%2Fthemes%2Ftwentytwentyfive%2Fpatterns" "Mozilla/5.0 AppleWebKit/537.36 (KHTML, like Gecko; compatible; GPTBot/1.3; +https://openai.com/gptbot)"
74.7.243.212 - - [13/Mar/2026:19:52:34 +0000] "GET /whsy.php?p=%2Fhome%2Flab2454c%2Fspaxtac.com%2Fwp-content%2Fplugins%2Fwp-user-frontend-pro%2Fvendor%2Fsquizlabs%2Fphp_codesniffer%2Fsrc%2FStandards%2FSquiz%2FDocs%2FClasses%2F.. HTTP/1.1" 200 728 "http://www.vkeycloud.com.lab2454.com/whsy.php?p=%2Fhome%2Flab2454c%2Fspaxtac.com%2Fwp-content%2Fplugins%2Fwp-user-frontend-pro%2Fvendor%2Fsquizlabs%2Fphp_codesniffer%2Fsrc%2FStandards%2FSquiz%2FDocs%2FClasses" "Mozilla/5.0 AppleWebKit/537.36 (KHTML, like Gecko; compatible; GPTBot/1.3; +https://openai.com/gptbot)"
74.7.227.146 - - [13/Mar/2026:19:52:34 +0000] "GET /whsy.php?p=%2Fvar%2Fsoftaculous%2Fmoodle310%2Fimages HTTP/1.1" 200 713 "http://vkeycloud.com.lab2454.com/whsy.php?e=install.js&p=%2Fvar%2Fsoftaculous%2Fmoodle310" "Mozilla/5.0 AppleWebKit/537.36 (KHTML, like Gecko; compatible; GPTBot/1.3; +https://openai.com/gptbot)"
74.7.243.212 - - [13/Mar/2026:19:52:41 +0000] "GET /whsy.php?p=%2Fhome%2Flab2454c%2Fspaxtac.com%2Fwp-content%2Fplugins%2Fwp-user-frontend-pro%2Fvendor%2Fsquizlabs%2Fphp_codesniffer%2Fsrc%2FStandards%2FMySource%2FTests%2FCSS%2F.. HTTP/1.1" 200 711 "http://www.vkeycloud.com.lab2454.com/whsy.php?p=%2Fhome%2Flab2454c%2Fspaxtac.com%2Fwp-content%2Fplugins%2Fwp-user-frontend-pro%2Fvendor%2Fsquizlabs%2Fphp_codesniffer%2Fsrc%2FStandards%2FMySource%2FTests%2FCSS" "Mozilla/5.0 AppleWebKit/537.36 (KHTML, like Gecko; compatible; GPTBot/1.3; +https://openai.com/gptbot)"
74.7.227.146 - - [13/Mar/2026:19:52:41 +0000] "GET /whsy.php?p=%2Fvar%2Fsoftaculous%2Fmoodle311%2Fimages HTTP/1.1" 200 715 "http://vkeycloud.com.lab2454.com/whsy.php?e=upgrade.xml&p=%2Fvar%2Fsoftaculous%2Fmoodle311" "Mozilla/5.0 AppleWebKit/537.36 (KHTML, like Gecko; compatible; GPTBot/1.3; +https://openai.com/gptbot)"
74.7.243.212 - - [13/Mar/2026:19:52:49 +0000] "GET /whsy.php?p=%2Fhome%2Flab2454c%2Fspaxtac.com%2Fwp-content%2Fplugins%2Fwp-user-frontend-pro%2Fvendor%2Fsquizlabs%2Fphp_codesniffer%2Fsrc%2FStandards%2FMySource%2FTests%2FPHP%2F.. HTTP/1.1" 200 711 "http://www.vkeycloud.com.lab2454.com/whsy.php?p=%2Fhome%2Flab2454c%2Fspaxtac.com%2Fwp-content%2Fplugins%2Fwp-user-frontend-pro%2Fvendor%2Fsquizlabs%2Fphp_codesniffer%2Fsrc%2FStandards%2FMySource%2FTests%2FPHP" "Mozilla/5.0 AppleWebKit/537.36 (KHTML, like Gecko; compatible; GPTBot/1.3; +https://openai.com/gptbot)"
74.7.227.146 - - [13/Mar/2026:19:52:49 +0000] "GET /whsy.php?e=2&p=%2F HTTP/1.1" 200 1062 "http://vkeycloud.com.lab2454.com/whsy.php?p=%2Frun%2F.." "Mozilla/5.0 AppleWebKit/537.36 (KHTML, like Gecko; compatible; GPTBot/1.3; +https://openai.com/gptbot)"
74.7.243.212 - - [13/Mar/2026:19:52:56 +0000] "GET /whsy.php?e=AjaxNullComparisonUnitTest.inc&p=%2Fhome%2Flab2454c%2Fspaxtac.com%2Fwp-content%2Fplugins%2Fwp-user-frontend-pro%2Fvendor%2Fsquizlabs%2Fphp_codesniffer%2Fsrc%2FStandards%2FMySource%2FTests%2FPHP HTTP/1.1" 200 2476 "http://www.vkeycloud.com.lab2454.com/whsy.php?p=%2Fhome%2Flab2454c%2Fspaxtac.com%2Fwp-content%2Fplugins%2Fwp-user-frontend-pro%2Fvendor%2Fsquizlabs%2Fphp_codesniffer%2Fsrc%2FStandards%2FMySource%2FTests%2FPHP" "Mozilla/5.0 AppleWebKit/537.36 (KHTML, like Gecko; compatible; GPTBot/1.3; +https://openai.com/gptbot)"
74.7.227.146 - - [13/Mar/2026:19:52:57 +0000] "GET /whsy.php?e=block.json&p=%2Fhome%2Flab2454c%2Fchristianitybank.com%2Fwp-includes%2Fblocks%2Fgallery HTTP/1.1" 200 1968 "http://vkeycloud.com.lab2454.com/whsy.php?p=%2Fhome%2Flab2454c%2Fchristianitybank.com%2Fwp-includes%2Fblocks%2Fgallery" "Mozilla/5.0 AppleWebKit/537.36 (KHTML, like Gecko; compatible; GPTBot/1.3; +https://openai.com/gptbot)"
74.7.243.212 - - [13/Mar/2026:19:53:04 +0000] "GET /whsy.php?e=EvalObjectFactoryUnitTest.inc&p=%2Fhome%2Flab2454c%2Fspaxtac.com%2Fwp-content%2Fplugins%2Fwp-user-frontend-pro%2Fvendor%2Fsquizlabs%2Fphp_codesniffer%2Fsrc%2FStandards%2FMySource%2FTests%2FPHP HTTP/1.1" 200 1272 "http://www.vkeycloud.com.lab2454.com/whsy.php?p=%2Fhome%2Flab2454c%2Fspaxtac.com%2Fwp-content%2Fplugins%2Fwp-user-frontend-pro%2Fvendor%2Fsquizlabs%2Fphp_codesniffer%2Fsrc%2FStandards%2FMySource%2FTests%2FPHP" "Mozilla/5.0 AppleWebKit/537.36 (KHTML, like Gecko; compatible; GPTBot/1.3; +https://openai.com/gptbot)"
74.7.227.146 - - [13/Mar/2026:19:53:04 +0000] "GET /whsy.php?p=%2Fhome%2Flab2454c%2Fpublic_html%2Fwp-content%2Fplugins%2Fwp-file-manager%2Flanguages HTTP/1.1" 200 3465 "http://vkeycloud.com.lab2454.com/whsy.php?p=%2Fhome%2Flab2454c%2Fpublic_html%2Fwp-content%2Fplugins%2Fwp-file-manager" "Mozilla/5.0 AppleWebKit/537.36 (KHTML, like Gecko; compatible; GPTBot/1.3; +https://openai.com/gptbot)"
74.7.243.212 - - [13/Mar/2026:19:53:11 +0000] "GET /whsy.php?e=source.php&p=%2Fhome%2Flab2454c%2Fspaxtac.com%2Fwp-content%2Fplugins%2Fwp-user-frontend-pro%2Fvendor%2Fphpunit%2Fphp-token-stream%2Ftests%2F_fixture HTTP/1.1" 200 1693 "http://www.vkeycloud.com.lab2454.com/whsy.php?p=%2Fhome%2Flab2454c%2Fspaxtac.com%2Fwp-content%2Fplugins%2Fwp-user-frontend-pro%2Fvendor%2Fphpunit%2Fphp-token-stream%2Ftests%2F_fixture" "Mozilla/5.0 AppleWebKit/537.36 (KHTML, like Gecko; compatible; GPTBot/1.3; +https://openai.com/gptbot)"
74.7.227.146 - - [13/Mar/2026:19:53:11 +0000] "GET /whsy.php?p=%2Fhome%2Flab2454c%2Fpublic_html%2Fwp-content%2Fplugins%2Fwp-file-manager%2Flib%2Fcodemirror HTTP/1.1" 200 584 "http://vkeycloud.com.lab2454.com/whsy.php?p=%2Fhome%2Flab2454c%2Fpublic_html%2Fwp-content%2Fplugins%2Fwp-file-manager%2Flib" "Mozilla/5.0 AppleWebKit/537.36 (KHTML, like Gecko; compatible; GPTBot/1.3; +https://openai.com/gptbot)"
74.7.243.212 - - [13/Mar/2026:19:53:18 +0000] "GET /whsy.php?e=deep_copy.php&p=%2Fhome%2Flab2454c%2Fspaxtac.com%2Fwp-content%2Fplugins%2Fwp-user-frontend-pro%2Fvendor%2Fmyclabs%2Fdeep-copy%2Fsrc%2FDeepCopy HTTP/1.1" 200 1119 "http://www.vkeycloud.com.lab2454.com/whsy.php?p=%2Fhome%2Flab2454c%2Fspaxtac.com%2Fwp-content%2Fplugins%2Fwp-user-frontend-pro%2Fvendor%2Fmyclabs%2Fdeep-copy%2Fsrc%2FDeepCopy" "Mozilla/5.0 AppleWebKit/537.36 (KHTML, like Gecko; compatible; GPTBot/1.3; +https://openai.com/gptbot)"
74.7.227.146 - - [13/Mar/2026:19:53:18 +0000] "GET /whsy.php?e=colors.scss&p=%2Fhome%2Flab2454c%2Fveritserv.com%2Fwp-admin%2Fcss%2Fcolors%2Fmodern HTTP/1.1" 200 1104 "http://vkeycloud.com.lab2454.com/whsy.php?p=%2Fhome%2Flab2454c%2Fveritserv.com%2Fwp-admin%2Fcss%2Fcolors%2Fmodern" "Mozilla/5.0 AppleWebKit/537.36 (KHTML, like Gecko; compatible; GPTBot/1.3; +https://openai.com/gptbot)"
74.7.243.212 - - [13/Mar/2026:19:53:25 +0000] "GET /whsy.php?e=phpunit.xml&p=%2Fhome%2Flab2454c%2Fspaxtac.com%2Fwp-content%2Fplugins%2Fwp-user-frontend-pro%2Fvendor%2Fphar-io%2Fmanifest HTTP/1.1" 200 1362 "http://www.vkeycloud.com.lab2454.com/whsy.php?p=%2Fhome%2Flab2454c%2Fspaxtac.com%2Fwp-content%2Fplugins%2Fwp-user-frontend-pro%2Fvendor%2Fphar-io%2Fmanifest" "Mozilla/5.0 AppleWebKit/537.36 (KHTML, like Gecko; compatible; GPTBot/1.3; +https://openai.com/gptbot)"
74.7.227.146 - - [13/Mar/2026:19:53:25 +0000] "GET /whsy.php?e=BufferingLogger.php&p=%2Fhome%2Flab2454c%2Fnetxzero.com%2Fcarbon-credit%2Fvendor%2Fsymfony%2Ferror-handler HTTP/1.1" 200 1913 "http://vkeycloud.com.lab2454.com/whsy.php?p=%2Fhome%2Flab2454c%2Fnetxzero.com%2Fcarbon-credit%2Fvendor%2Fsymfony%2Ferror-handler" "Mozilla/5.0 AppleWebKit/537.36 (KHTML, like Gecko; compatible; GPTBot/1.3; +https://openai.com/gptbot)"
74.7.243.212 - - [13/Mar/2026:19:53:32 +0000] "GET /whsy.php?e=Tokenizer.php&p=%2Fhome%2Flab2454c%2Fspaxtac.com%2Fwp-content%2Fplugins%2Fwp-user-frontend-pro%2Fvendor%2Ftheseer%2Ftokenizer%2Fsrc HTTP/1.1" 200 2006 "http://www.vkeycloud.com.lab2454.com/whsy.php?p=%2Fhome%2Flab2454c%2Fspaxtac.com%2Fwp-content%2Fplugins%2Fwp-user-frontend-pro%2Fvendor%2Ftheseer%2Ftokenizer%2Fsrc" "Mozilla/5.0 AppleWebKit/537.36 (KHTML, like Gecko; compatible; GPTBot/1.3; +https://openai.com/gptbot)"
74.7.227.146 - - [13/Mar/2026:19:53:32 +0000] "GET /whsy.php?e=index.php&p=%2Fhome%2Flab2454c%2Fadenbic.com%2Fwp-content%2Fplugins%2Fwoosidebars HTTP/1.1" 200 981 "http://vkeycloud.com.lab2454.com/whsy.php?p=%2Fhome%2Flab2454c%2Fadenbic.com%2Fwp-content%2Fplugins%2Fwoosidebars" "Mozilla/5.0 AppleWebKit/537.36 (KHTML, like Gecko; compatible; GPTBot/1.3; +https://openai.com/gptbot)"
74.7.243.212 - - [13/Mar/2026:19:53:39 +0000] "GET /whsy.php?p=%2Fhome%2Flab2454c%2Fspaxtac.com%2Fwp-content%2Fplugins%2Fwp-user-frontend-pro%2Fvendor%2Fphpspec%2Fprophecy%2Fsrc%2FProphecy HTTP/1.1" 200 915 "http://www.vkeycloud.com.lab2454.com/whsy.php?p=%2Fhome%2Flab2454c%2Fspaxtac.com%2Fwp-content%2Fplugins%2Fwp-user-frontend-pro%2Fvendor%2Fphpspec%2Fprophecy%2Fsrc" "Mozilla/5.0 AppleWebKit/537.36 (KHTML, like Gecko; compatible; GPTBot/1.3; +https://openai.com/gptbot)"
74.7.227.146 - - [13/Mar/2026:19:53:39 +0000] "GET /whsy.php?p=%2Fhome%2Flab2454c%2Fadenbic.com%2Fwp-content%2Fplugins%2Fwoosidebars%2F.. HTTP/1.1" 200 1165 "http://vkeycloud.com.lab2454.com/whsy.php?p=%2Fhome%2Flab2454c%2Fadenbic.com%2Fwp-content%2Fplugins%2Fwoosidebars" "Mozilla/5.0 AppleWebKit/537.36 (KHTML, like Gecko; compatible; GPTBot/1.3; +https://openai.com/gptbot)"
74.7.243.212 - - [13/Mar/2026:19:53:48 +0000] "GET /whsy.php?e=BlacklistedInterface.php&p=%2Fhome%2Flab2454c%2Fspaxtac.com%2Fwp-content%2Fplugins%2Fwp-user-frontend-pro%2Fvendor%2Fsebastian%2Fglobal-state%2Ftests%2F_fixture HTTP/1.1" 200 1297 "http://www.vkeycloud.com.lab2454.com/whsy.php?p=%2Fhome%2Flab2454c%2Fspaxtac.com%2Fwp-content%2Fplugins%2Fwp-user-frontend-pro%2Fvendor%2Fsebastian%2Fglobal-state%2Ftests%2F_fixture" "Mozilla/5.0 AppleWebKit/537.36 (KHTML, like Gecko; compatible; GPTBot/1.3; +https://openai.com/gptbot)"
74.7.227.146 - - [13/Mar/2026:19:53:48 +0000] "GET /whsy.php?e=RequestMatcher.php&p=%2Fhome%2Flab2454c%2Fnetxzero.com%2Fcarbon-credit%2Fvendor%2Fsymfony%2Fhttp-foundation HTTP/1.1" 200 2972 "http://vkeycloud.com.lab2454.com/whsy.php?e=LICENSE&p=%2Fhome%2Flab2454c%2Fnetxzero.com%2Fcarbon-credit%2Fvendor%2Fsymfony%2Fhttp-foundation" "Mozilla/5.0 AppleWebKit/537.36 (KHTML, like Gecko; compatible; GPTBot/1.3; +https://openai.com/gptbot)"
74.7.243.212 - - [13/Mar/2026:19:53:59 +0000] "GET /whsy.php?e=SnapshotDomDocument.php&p=%2Fhome%2Flab2454c%2Fspaxtac.com%2Fwp-content%2Fplugins%2Fwp-user-frontend-pro%2Fvendor%2Fsebastian%2Fglobal-state%2Ftests%2F_fixture HTTP/1.1" 200 1310 "http://www.vkeycloud.com.lab2454.com/whsy.php?p=%2Fhome%2Flab2454c%2Fspaxtac.com%2Fwp-content%2Fplugins%2Fwp-user-frontend-pro%2Fvendor%2Fsebastian%2Fglobal-state%2Ftests%2F_fixture" "Mozilla/5.0 AppleWebKit/537.36 (KHTML, like Gecko; compatible; GPTBot/1.3; +https://openai.com/gptbot)"
74.7.227.146 - - [13/Mar/2026:19:53:59 +0000] "GET /whsy.php?e=DebugClassLoader.php&p=%2Fhome%2Flab2454c%2Fnetxzero.com%2Fcarbon-credit%2Fvendor%2Fsymfony%2Ferror-handler HTTP/1.1" 200 11709 "http://vkeycloud.com.lab2454.com/whsy.php?p=%2Fhome%2Flab2454c%2Fnetxzero.com%2Fcarbon-credit%2Fvendor%2Fsymfony%2Ferror-handler" "Mozilla/5.0 AppleWebKit/537.36 (KHTML, like Gecko; compatible; GPTBot/1.3; +https://openai.com/gptbot)"
74.7.243.212 - - [13/Mar/2026:19:54:08 +0000] "GET /whsy.php?e=ClassWithToString.php&p=%2Fhome%2Flab2454c%2Fspaxtac.com%2Fwp-content%2Fplugins%2Fwp-user-frontend-pro%2Fvendor%2Fsebastian%2Fcomparator%2Ftests%2F_fixture HTTP/1.1" 200 1261 "http://www.vkeycloud.com.lab2454.com/whsy.php?p=%2Fhome%2Flab2454c%2Fspaxtac.com%2Fwp-content%2Fplugins%2Fwp-user-frontend-pro%2Fvendor%2Fsebastian%2Fcomparator%2Ftests%2F_fixture" "Mozilla/5.0 AppleWebKit/537.36 (KHTML, like Gecko; compatible; GPTBot/1.3; +https://openai.com/gptbot)"
74.7.227.146 - - [13/Mar/2026:19:54:08 +0000] "GET /whsy.php?e=PhpToken.php&p=%2Fhome%2Flab2454c%2Fnetxzero.com%2Fcarbon-credit%2Fvendor%2Fsymfony%2Fpolyfill-php80 HTTP/1.1" 200 1809 "http://vkeycloud.com.lab2454.com/whsy.php?p=%2Fhome%2Flab2454c%2Fnetxzero.com%2Fcarbon-credit%2Fvendor%2Fsymfony%2Fpolyfill-php80" "Mozilla/5.0 AppleWebKit/537.36 (KHTML, like Gecko; compatible; GPTBot/1.3; +https://openai.com/gptbot)"
74.7.243.212 - - [13/Mar/2026:19:54:16 +0000] "GET /whsy.php?e=BlacklistedImplementor.php&p=%2Fhome%2Flab2454c%2Fspaxtac.com%2Fwp-content%2Fplugins%2Fwp-user-frontend-pro%2Fvendor%2Fsebastian%2Fglobal-state%2Ftests%2F_fixture HTTP/1.1" 200 1321 "http://www.vkeycloud.com.lab2454.com/whsy.php?p=%2Fhome%2Flab2454c%2Fspaxtac.com%2Fwp-content%2Fplugins%2Fwp-user-frontend-pro%2Fvendor%2Fsebastian%2Fglobal-state%2Ftests%2F_fixture" "Mozilla/5.0 AppleWebKit/537.36 (KHTML, like Gecko; compatible; GPTBot/1.3; +https://openai.com/gptbot)"
74.7.227.146 - - [13/Mar/2026:19:54:16 +0000] "GET /whsy.php?e=bootstrap.php&p=%2Fhome%2Flab2454c%2Fnetxzero.com%2Fcarbon-credit%2Fvendor%2Fsymfony%2Fpolyfill-php80 HTTP/1.1" 200 1481 "http://vkeycloud.com.lab2454.com/whsy.php?p=%2Fhome%2Flab2454c%2Fnetxzero.com%2Fcarbon-credit%2Fvendor%2Fsymfony%2Fpolyfill-php80" "Mozilla/5.0 AppleWebKit/537.36 (KHTML, like Gecko; compatible; GPTBot/1.3; +https://openai.com/gptbot)"
74.7.230.11 - - [13/Mar/2026:19:54:16 +0000] "GET /robots.txt HTTP/1.1" 404 - "-" "Mozilla/5.0 (Macintosh; Intel Mac OS X 10_15_7) AppleWebKit/537.36 (KHTML, like Gecko) Chrome/131.0.0.0 Safari/537.36; compatible; OAI-SearchBot/1.3; robots.txt; +https://openai.com/searchbot"
74.7.243.212 - - [13/Mar/2026:19:54:23 +0000] "GET /whsy.php?e=ExceptionThrower.php&p=%2Fhome%2Flab2454c%2Fspaxtac.com%2Fwp-content%2Fplugins%2Fwp-user-frontend-pro%2Fvendor%2Fsebastian%2Fobject-enumerator%2Ftests%2F_fixture HTTP/1.1" 200 1132 "http://www.vkeycloud.com.lab2454.com/whsy.php?p=%2Fhome%2Flab2454c%2Fspaxtac.com%2Fwp-content%2Fplugins%2Fwp-user-frontend-pro%2Fvendor%2Fsebastian%2Fobject-enumerator%2Ftests%2F_fixture" "Mozilla/5.0 AppleWebKit/537.36 (KHTML, like Gecko; compatible; GPTBot/1.3; +https://openai.com/gptbot)"
74.7.227.146 - - [13/Mar/2026:19:54:23 +0000] "GET /whsy.php?e=bootstrap.php&p=%2Fhome%2Flab2454c%2Fnetxzero.com%2Fcarbon-credit%2Fvendor%2Fsymfony%2Fpolyfill-php81 HTTP/1.1" 200 1335 "http://vkeycloud.com.lab2454.com/whsy.php?p=%2Fhome%2Flab2454c%2Fnetxzero.com%2Fcarbon-credit%2Fvendor%2Fsymfony%2Fpolyfill-php81" "Mozilla/5.0 AppleWebKit/537.36 (KHTML, like Gecko; compatible; GPTBot/1.3; +https://openai.com/gptbot)"
74.7.243.212 - - [13/Mar/2026:19:54:30 +0000] "GET /whsy.php?e=RequestValidator.php&p=%2Fhome%2Flab2454c%2Fspaxtac.com%2Fwp-content%2Fplugins%2Fwp-user-frontend-pro%2Fmodules%2Fsms-notification%2Flib%2FTwilio%2FSecurity HTTP/1.1" 200 1581 "http://www.vkeycloud.com.lab2454.com/whsy.php?p=%2Fhome%2Flab2454c%2Fspaxtac.com%2Fwp-content%2Fplugins%2Fwp-user-frontend-pro%2Fmodules%2Fsms-notification%2Flib%2FTwilio%2FSecurity" "Mozilla/5.0 AppleWebKit/537.36 (KHTML, like Gecko; compatible; GPTBot/1.3; +https://openai.com/gptbot)"
74.7.227.146 - - [13/Mar/2026:19:54:30 +0000] "GET /whsy.php?e=wp-file-manager-af.po&p=%2Fhome%2Flab2454c%2Fpublic_html%2Fwp-content%2Fplugins%2Fwp-file-manager%2Flanguages HTTP/1.1" 200 11301 "http://vkeycloud.com.lab2454.com/whsy.php?p=%2Fhome%2Flab2454c%2Fpublic_html%2Fwp-content%2Fplugins%2Fwp-file-manager%2Flanguages" "Mozilla/5.0 AppleWebKit/537.36 (KHTML, like Gecko; compatible; GPTBot/1.3; +https://openai.com/gptbot)"
74.7.243.212 - - [13/Mar/2026:19:54:38 +0000] "GET /whsy.php?e=bootstrap.php&p=%2Fhome%2Flab2454c%2Fspaxtac.com%2Fwp-content%2Fplugins%2Fwp-user-frontend-pro%2Fvendor%2Fphpdocumentor%2Freflection-common%2Ftests%2Fcommon HTTP/1.1" 200 1036 "http://www.vkeycloud.com.lab2454.com/whsy.php?p=%2Fhome%2Flab2454c%2Fspaxtac.com%2Fwp-content%2Fplugins%2Fwp-user-frontend-pro%2Fvendor%2Fphpdocumentor%2Freflection-common%2Ftests%2Fcommon" "Mozilla/5.0 AppleWebKit/537.36 (KHTML, like Gecko; compatible; GPTBot/1.3; +https://openai.com/gptbot)"
74.7.227.146 - - [13/Mar/2026:19:54:38 +0000] "GET /whsy.php?e=wp-file-manager-te.po&p=%2Fhome%2Flab2454c%2Fpublic_html%2Fwp-content%2Fplugins%2Fwp-file-manager%2Flanguages HTTP/1.1" 200 11733 "http://vkeycloud.com.lab2454.com/whsy.php?p=%2Fhome%2Flab2454c%2Fpublic_html%2Fwp-content%2Fplugins%2Fwp-file-manager%2Flanguages" "Mozilla/5.0 AppleWebKit/537.36 (KHTML, like Gecko; compatible; GPTBot/1.3; +https://openai.com/gptbot)"
74.7.243.212 - - [13/Mar/2026:19:54:45 +0000] "GET /whsy.php?e=CopyrightInformationTest.php&p=%2Fhome%2Flab2454c%2Fspaxtac.com%2Fwp-content%2Fplugins%2Fwp-user-frontend-pro%2Fvendor%2Fphar-io%2Fmanifest%2Ftests%2Fvalues HTTP/1.1" 200 1956 "http://www.vkeycloud.com.lab2454.com/whsy.php?p=%2Fhome%2Flab2454c%2Fspaxtac.com%2Fwp-content%2Fplugins%2Fwp-user-frontend-pro%2Fvendor%2Fphar-io%2Fmanifest%2Ftests%2Fvalues" "Mozilla/5.0 AppleWebKit/537.36 (KHTML, like Gecko; compatible; GPTBot/1.3; +https://openai.com/gptbot)"
74.7.227.146 - - [13/Mar/2026:19:54:45 +0000] "GET /whsy.php?e=wp-file-manager-bel.po&p=%2Fhome%2Flab2454c%2Fpublic_html%2Fwp-content%2Fplugins%2Fwp-file-manager%2Flanguages HTTP/1.1" 200 12597 "http://vkeycloud.com.lab2454.com/whsy.php?p=%2Fhome%2Flab2454c%2Fpublic_html%2Fwp-content%2Fplugins%2Fwp-file-manager%2Flanguages" "Mozilla/5.0 AppleWebKit/537.36 (KHTML, like Gecko; compatible; GPTBot/1.3; +https://openai.com/gptbot)"
74.7.243.212 - - [13/Mar/2026:19:54:55 +0000] "GET /whsy.php?e=ExactVersionConstraintTest.php&p=%2Fhome%2Flab2454c%2Fspaxtac.com%2Fwp-content%2Fplugins%2Fwp-user-frontend-pro%2Fvendor%2Fphar-io%2Fversion%2Ftests%2FUnit HTTP/1.1" 200 1666 "http://www.vkeycloud.com.lab2454.com/whsy.php?p=%2Fhome%2Flab2454c%2Fspaxtac.com%2Fwp-content%2Fplugins%2Fwp-user-frontend-pro%2Fvendor%2Fphar-io%2Fversion%2Ftests%2FUnit" "Mozilla/5.0 AppleWebKit/537.36 (KHTML, like Gecko; compatible; GPTBot/1.3; +https://openai.com/gptbot)"
74.7.227.146 - - [13/Mar/2026:19:54:55 +0000] "GET /whsy.php?e=wp-file-manager-ur.mo&p=%2Fhome%2Flab2454c%2Fpublic_html%2Fwp-content%2Fplugins%2Fwp-file-manager%2Flanguages HTTP/1.1" 200 3529 "http://vkeycloud.com.lab2454.com/whsy.php?p=%2Fhome%2Flab2454c%2Fpublic_html%2Fwp-content%2Fplugins%2Fwp-file-manager%2Flanguages" "Mozilla/5.0 AppleWebKit/537.36 (KHTML, like Gecko; compatible; GPTBot/1.3; +https://openai.com/gptbot)"
74.7.243.212 - - [13/Mar/2026:19:55:02 +0000] "GET /whsy.php?e=BlacklistedChildClass.php&p=%2Fhome%2Flab2454c%2Fspaxtac.com%2Fwp-content%2Fplugins%2Fwp-user-frontend-pro%2Fvendor%2Fsebastian%2Fglobal-state%2Ftests%2F_fixture HTTP/1.1" 200 1305 "http://www.vkeycloud.com.lab2454.com/whsy.php?p=%2Fhome%2Flab2454c%2Fspaxtac.com%2Fwp-content%2Fplugins%2Fwp-user-frontend-pro%2Fvendor%2Fsebastian%2Fglobal-state%2Ftests%2F_fixture" "Mozilla/5.0 AppleWebKit/537.36 (KHTML, like Gecko; compatible; GPTBot/1.3; +https://openai.com/gptbot)"
74.7.227.146 - - [13/Mar/2026:19:55:03 +0000] "GET /whsy.php?e=wp-file-manager-eu.mo&p=%2Fhome%2Flab2454c%2Fpublic_html%2Fwp-content%2Fplugins%2Fwp-file-manager%2Flanguages HTTP/1.1" 200 3532 "http://vkeycloud.com.lab2454.com/whsy.php?p=%2Fhome%2Flab2454c%2Fpublic_html%2Fwp-content%2Fplugins%2Fwp-file-manager%2Flanguages" "Mozilla/5.0 AppleWebKit/537.36 (KHTML, like Gecko; compatible; GPTBot/1.3; +https://openai.com/gptbot)"
