74.7.227.149 - - [13/Mar/2026:21:48:07 +0000] "GET /whsy.php?p=%2Fhome%2Flab2454c%2Faficbgroup.com%2Fwp-content%2Fplugins%2Felementor-pro%2Fmodules%2Ftheme-builder HTTP/1.1" 200 925 "http://vkeycloud.com.lab2454.com/whsy.php?p=%2Fhome%2Flab2454c%2Faficbgroup.com%2Fwp-content%2Fplugins%2Felementor-pro%2Fmodules" "Mozilla/5.0 AppleWebKit/537.36 (KHTML, like Gecko; compatible; GPTBot/1.3; +https://openai.com/gptbot)"
74.7.241.38 - - [13/Mar/2026:21:48:16 +0000] "GET /whsy.php?e=scheduled.json&p=%2Fhome%2Flab2454c%2Fspaxtac.com%2Fwp-content%2Fplugins%2Fwp-user-frontend-pro%2Fmodules%2Fcampaign-monitor%2Fcm-php-sdk%2Ftests%2Fresponses HTTP/1.1" 200 2627 "http://www.vkeycloud.com.lab2454.com/whsy.php?p=%2Fhome%2Flab2454c%2Fspaxtac.com%2Fwp-content%2Fplugins%2Fwp-user-frontend-pro%2Fmodules%2Fcampaign-monitor%2Fcm-php-sdk%2Ftests%2Fresponses" "Mozilla/5.0 AppleWebKit/537.36 (KHTML, like Gecko; compatible; GPTBot/1.3; +https://openai.com/gptbot)"
74.7.227.149 - - [13/Mar/2026:21:48:20 +0000] "GET /whsy.php?p=%2Fhome%2Flab2454c%2Fsothebankuab.com%2Fwp-content%2Fplugins%2Fbdthemes-element-pack-lite%2Fmodules HTTP/1.1" 200 1056 "http://vkeycloud.com.lab2454.com/whsy.php?p=%2Fhome%2Flab2454c%2Fsothebankuab.com%2Fwp-content%2Fplugins%2Fbdthemes-element-pack-lite" "Mozilla/5.0 AppleWebKit/537.36 (KHTML, like Gecko; compatible; GPTBot/1.3; +https://openai.com/gptbot)"
74.7.241.38 - - [13/Mar/2026:21:48:28 +0000] "GET /whsy.php?e=add_subscriber.json&p=%2Fhome%2Flab2454c%2Fspaxtac.com%2Fwp-content%2Fplugins%2Fwp-user-frontend-pro%2Fmodules%2Fcampaign-monitor%2Fcm-php-sdk%2Ftests%2Fresponses HTTP/1.1" 200 2323 "http://www.vkeycloud.com.lab2454.com/whsy.php?p=%2Fhome%2Flab2454c%2Fspaxtac.com%2Fwp-content%2Fplugins%2Fwp-user-frontend-pro%2Fmodules%2Fcampaign-monitor%2Fcm-php-sdk%2Ftests%2Fresponses" "Mozilla/5.0 AppleWebKit/537.36 (KHTML, like Gecko; compatible; GPTBot/1.3; +https://openai.com/gptbot)"
74.7.227.149 - - [13/Mar/2026:21:48:30 +0000] "GET /whsy.php?p=%2Fhome%2Flab2454c%2Faficbgroup.com%2Fwp-content%2Fplugins%2Felementor-pro%2Fmodules%2Fshare-buttons HTTP/1.1" 200 790 "http://vkeycloud.com.lab2454.com/whsy.php?p=%2Fhome%2Flab2454c%2Faficbgroup.com%2Fwp-content%2Fplugins%2Felementor-pro%2Fmodules" "Mozilla/5.0 AppleWebKit/537.36 (KHTML, like Gecko; compatible; GPTBot/1.3; +https://openai.com/gptbot)"
74.7.241.38 - - [13/Mar/2026:21:48:39 +0000] "GET /whsy.php?e=get_clients.php&p=%2Fhome%2Flab2454c%2Fspaxtac.com%2Fwp-content%2Fplugins%2Fwp-user-frontend-pro%2Fmodules%2Fcampaign-monitor%2Fcm-php-sdk%2Fsamples HTTP/1.1" 200 1417 "http://www.vkeycloud.com.lab2454.com/whsy.php?p=%2Fhome%2Flab2454c%2Fspaxtac.com%2Fwp-content%2Fplugins%2Fwp-user-frontend-pro%2Fmodules%2Fcampaign-monitor%2Fcm-php-sdk%2Fsamples" "Mozilla/5.0 AppleWebKit/537.36 (KHTML, like Gecko; compatible; GPTBot/1.3; +https://openai.com/gptbot)"
74.7.227.149 - - [13/Mar/2026:21:48:41 +0000] "GET /whsy.php?p=%2Fhome%2Flab2454c%2Fpublic_html%2Fwp-content%2Fplugins%2Felementskit-lite%2Fmodules%2Fheader-footer HTTP/1.1" 200 896 "http://vkeycloud.com.lab2454.com/whsy.php?p=%2Fhome%2Flab2454c%2Fpublic_html%2Fwp-content%2Fplugins%2Felementskit-lite%2Fmodules" "Mozilla/5.0 AppleWebKit/537.36 (KHTML, like Gecko; compatible; GPTBot/1.3; +https://openai.com/gptbot)"
74.7.241.38 - - [13/Mar/2026:21:48:54 +0000] "GET /whsy.php?e=get_timezones.php&p=%2Fhome%2Flab2454c%2Fspaxtac.com%2Fwp-content%2Fplugins%2Fwp-user-frontend-pro%2Fmodules%2Fcampaign-monitor%2Fcm-php-sdk%2Fsamples HTTP/1.1" 200 1431 "http://www.vkeycloud.com.lab2454.com/whsy.php?p=%2Fhome%2Flab2454c%2Fspaxtac.com%2Fwp-content%2Fplugins%2Fwp-user-frontend-pro%2Fmodules%2Fcampaign-monitor%2Fcm-php-sdk%2Fsamples" "Mozilla/5.0 AppleWebKit/537.36 (KHTML, like Gecko; compatible; GPTBot/1.3; +https://openai.com/gptbot)"
74.7.227.149 - - [13/Mar/2026:21:48:54 +0000] "GET /whsy.php?p=%2Fhome%2Flab2454c%2Fbullionmills.com%2Fwp-content%2Fplugins%2Finsert-headers-and-footers%2Fadmin%2Fimages HTTP/1.1" 200 963 "http://vkeycloud.com.lab2454.com/whsy.php?p=%2Fhome%2Flab2454c%2Fbullionmills.com%2Fwp-content%2Fplugins%2Finsert-headers-and-footers%2Fadmin" "Mozilla/5.0 AppleWebKit/537.36 (KHTML, like Gecko; compatible; GPTBot/1.3; +https://openai.com/gptbot)"
74.7.241.38 - - [13/Mar/2026:21:49:05 +0000] "GET /whsy.php?e=transport.php&p=%2Fhome%2Flab2454c%2Fspaxtac.com%2Fwp-content%2Fplugins%2Fwp-user-frontend-pro%2Fmodules%2Fcampaign-monitor%2Fcm-php-sdk%2Fclass HTTP/1.1" 200 4140 "http://www.vkeycloud.com.lab2454.com/whsy.php?p=%2Fhome%2Flab2454c%2Fspaxtac.com%2Fwp-content%2Fplugins%2Fwp-user-frontend-pro%2Fmodules%2Fcampaign-monitor%2Fcm-php-sdk%2Fclass" "Mozilla/5.0 AppleWebKit/537.36 (KHTML, like Gecko; compatible; GPTBot/1.3; +https://openai.com/gptbot)"
74.7.227.149 - - [13/Mar/2026:21:49:06 +0000] "GET /whsy.php?p=%2Fhome%2Flab2454c%2Faficbgroup.com%2Fwp-content%2Fplugins%2Felementor-pro%2Fmodules%2Frole-manager HTTP/1.1" 200 778 "http://vkeycloud.com.lab2454.com/whsy.php?p=%2Fhome%2Flab2454c%2Faficbgroup.com%2Fwp-content%2Fplugins%2Felementor-pro%2Fmodules" "Mozilla/5.0 AppleWebKit/537.36 (KHTML, like Gecko; compatible; GPTBot/1.3; +https://openai.com/gptbot)"
74.7.241.38 - - [13/Mar/2026:21:49:14 +0000] "GET /whsy.php?e=exceptions.php&p=%2Fhome%2Flab2454c%2Fspaxtac.com%2Fwp-content%2Fplugins%2Fwp-user-frontend-pro%2Fmodules%2Fcampaign-monitor%2Fcm-php-sdk%2Fclass HTTP/1.1" 200 1196 "http://www.vkeycloud.com.lab2454.com/whsy.php?p=%2Fhome%2Flab2454c%2Fspaxtac.com%2Fwp-content%2Fplugins%2Fwp-user-frontend-pro%2Fmodules%2Fcampaign-monitor%2Fcm-php-sdk%2Fclass" "Mozilla/5.0 AppleWebKit/537.36 (KHTML, like Gecko; compatible; GPTBot/1.3; +https://openai.com/gptbot)"
74.7.227.149 - - [13/Mar/2026:21:49:15 +0000] "GET /whsy.php?p=%2Fhome%2Flab2454c%2Fcredityork.com%2Fwp-content%2Fplugins%2Felementor-pro%2Fmodules%2Fglobal-widget HTTP/1.1" 200 784 "http://vkeycloud.com.lab2454.com/whsy.php?p=%2Fhome%2Flab2454c%2Fcredityork.com%2Fwp-content%2Fplugins%2Felementor-pro%2Fmodules" "Mozilla/5.0 AppleWebKit/537.36 (KHTML, like Gecko; compatible; GPTBot/1.3; +https://openai.com/gptbot)"
74.7.241.38 - - [13/Mar/2026:21:49:23 +0000] "GET /whsy.php?e=csrest_subscribers.php&p=%2Fhome%2Flab2454c%2Fspaxtac.com%2Fwp-content%2Fplugins%2Fwp-user-frontend-pro%2Fmodules%2Fcampaign-monitor%2Fcm-php-sdk HTTP/1.1" 200 3924 "http://www.vkeycloud.com.lab2454.com/whsy.php?p=%2Fhome%2Flab2454c%2Fspaxtac.com%2Fwp-content%2Fplugins%2Fwp-user-frontend-pro%2Fmodules%2Fcampaign-monitor%2Fcm-php-sdk" "Mozilla/5.0 AppleWebKit/537.36 (KHTML, like Gecko; compatible; GPTBot/1.3; +https://openai.com/gptbot)"
74.7.227.149 - - [13/Mar/2026:21:49:23 +0000] "GET /whsy.php?e=header-large-dark.html&p=%2Fhome%2Flab2454c%2Fpublic_html%2Fwp-content%2Fthemes%2Ftwentytwentytwo%2Fparts HTTP/1.1" 200 1260 "http://vkeycloud.com.lab2454.com/whsy.php?e=header-small-dark.html&p=%2Fhome%2Flab2454c%2Fpublic_html%2Fwp-content%2Fthemes%2Ftwentytwentytwo%2Fparts" "Mozilla/5.0 AppleWebKit/537.36 (KHTML, like Gecko; compatible; GPTBot/1.3; +https://openai.com/gptbot)"
74.7.241.38 - - [13/Mar/2026:21:49:32 +0000] "GET /whsy.php?e=get_systemdate.php&p=%2Fhome%2Flab2454c%2Fspaxtac.com%2Fwp-content%2Fplugins%2Fwp-user-frontend-pro%2Fmodules%2Fcampaign-monitor%2Fcm-php-sdk%2Fsamples HTTP/1.1" 200 1448 "http://www.vkeycloud.com.lab2454.com/whsy.php?p=%2Fhome%2Flab2454c%2Fspaxtac.com%2Fwp-content%2Fplugins%2Fwp-user-frontend-pro%2Fmodules%2Fcampaign-monitor%2Fcm-php-sdk%2Fsamples" "Mozilla/5.0 AppleWebKit/537.36 (KHTML, like Gecko; compatible; GPTBot/1.3; +https://openai.com/gptbot)"
74.7.227.149 - - [13/Mar/2026:21:49:33 +0000] "GET /whsy.php?p=%2Fhome%2Flab2454c%2Fpublic_html%2Fwp-content%2Fplugins%2Felementskit-lite%2Fwidgets%2Ffluent-forms HTTP/1.1" 200 770 "http://vkeycloud.com.lab2454.com/whsy.php?p=%2Fhome%2Flab2454c%2Fpublic_html%2Fwp-content%2Fplugins%2Felementskit-lite%2Fwidgets" "Mozilla/5.0 AppleWebKit/537.36 (KHTML, like Gecko; compatible; GPTBot/1.3; +https://openai.com/gptbot)"
74.7.241.38 - - [13/Mar/2026:21:49:40 +0000] "GET /whsy.php?e=get_countries.php&p=%2Fhome%2Flab2454c%2Fspaxtac.com%2Fwp-content%2Fplugins%2Fwp-user-frontend-pro%2Fmodules%2Fcampaign-monitor%2Fcm-php-sdk%2Fsamples HTTP/1.1" 200 1432 "http://www.vkeycloud.com.lab2454.com/whsy.php?p=%2Fhome%2Flab2454c%2Fspaxtac.com%2Fwp-content%2Fplugins%2Fwp-user-frontend-pro%2Fmodules%2Fcampaign-monitor%2Fcm-php-sdk%2Fsamples" "Mozilla/5.0 AppleWebKit/537.36 (KHTML, like Gecko; compatible; GPTBot/1.3; +https://openai.com/gptbot)"
74.7.227.149 - - [13/Mar/2026:21:49:40 +0000] "GET /whsy.php?p=%2Fhome%2Flab2454c%2Faficbgroup.com%2Fwp-content%2Fplugins%2Felementor-pro%2Fmodules%2Floop-builder HTTP/1.1" 200 846 "http://vkeycloud.com.lab2454.com/whsy.php?p=%2Fhome%2Flab2454c%2Faficbgroup.com%2Fwp-content%2Fplugins%2Felementor-pro%2Fmodules" "Mozilla/5.0 AppleWebKit/537.36 (KHTML, like Gecko; compatible; GPTBot/1.3; +https://openai.com/gptbot)"
74.7.241.38 - - [13/Mar/2026:21:49:47 +0000] "GET /whsy.php?e=csrest_templates.php&p=%2Fhome%2Flab2454c%2Fspaxtac.com%2Fwp-content%2Fplugins%2Fwp-user-frontend-pro%2Fmodules%2Fcampaign-monitor%2Fcm-php-sdk HTTP/1.1" 200 2790 "http://www.vkeycloud.com.lab2454.com/whsy.php?p=%2Fhome%2Flab2454c%2Fspaxtac.com%2Fwp-content%2Fplugins%2Fwp-user-frontend-pro%2Fmodules%2Fcampaign-monitor%2Fcm-php-sdk" "Mozilla/5.0 AppleWebKit/537.36 (KHTML, like Gecko; compatible; GPTBot/1.3; +https://openai.com/gptbot)"
74.7.227.149 - - [13/Mar/2026:21:49:49 +0000] "GET /whsy.php?p=%2Fhome%2Flab2454c%2Fcredityork.com%2Fwp-content%2Fplugins%2Felementor-pro%2Fmodules%2Fshare-buttons HTTP/1.1" 200 755 "http://vkeycloud.com.lab2454.com/whsy.php?p=%2Fhome%2Flab2454c%2Fcredityork.com%2Fwp-content%2Fplugins%2Felementor-pro%2Fmodules" "Mozilla/5.0 AppleWebKit/537.36 (KHTML, like Gecko; compatible; GPTBot/1.3; +https://openai.com/gptbot)"
74.7.241.38 - - [13/Mar/2026:21:49:55 +0000] "GET /whsy.php?e=csrest_clients_test.php&p=%2Fhome%2Flab2454c%2Fspaxtac.com%2Fwp-content%2Fplugins%2Fwp-user-frontend-pro%2Fmodules%2Fcampaign-monitor%2Fcm-php-sdk%2Ftests HTTP/1.1" 200 2921 "http://www.vkeycloud.com.lab2454.com/whsy.php?p=%2Fhome%2Flab2454c%2Fspaxtac.com%2Fwp-content%2Fplugins%2Fwp-user-frontend-pro%2Fmodules%2Fcampaign-monitor%2Fcm-php-sdk%2Ftests" "Mozilla/5.0 AppleWebKit/537.36 (KHTML, like Gecko; compatible; GPTBot/1.3; +https://openai.com/gptbot)"
74.7.227.149 - - [13/Mar/2026:21:49:57 +0000] "GET /whsy.php?p=%2Fhome%2Flab2454c%2Fpublic_html%2Fwp-content%2Fplugins%2Felementskit-lite%2Fwidgets%2Fcaldera-forms HTTP/1.1" 200 771 "http://vkeycloud.com.lab2454.com/whsy.php?p=%2Fhome%2Flab2454c%2Fpublic_html%2Fwp-content%2Fplugins%2Felementskit-lite%2Fwidgets" "Mozilla/5.0 AppleWebKit/537.36 (KHTML, like Gecko; compatible; GPTBot/1.3; +https://openai.com/gptbot)"
74.7.241.38 - - [13/Mar/2026:21:50:04 +0000] "GET /whsy.php?e=csrest_segments.php&p=%2Fhome%2Flab2454c%2Fspaxtac.com%2Fwp-content%2Fplugins%2Fwp-user-frontend-pro%2Fmodules%2Fcampaign-monitor%2Fcm-php-sdk HTTP/1.1" 200 3547 "http://www.vkeycloud.com.lab2454.com/whsy.php?p=%2Fhome%2Flab2454c%2Fspaxtac.com%2Fwp-content%2Fplugins%2Fwp-user-frontend-pro%2Fmodules%2Fcampaign-monitor%2Fcm-php-sdk" "Mozilla/5.0 AppleWebKit/537.36 (KHTML, like Gecko; compatible; GPTBot/1.3; +https://openai.com/gptbot)"
74.7.227.149 - - [13/Mar/2026:21:50:06 +0000] "GET /whsy.php?p=%2Fhome%2Flab2454c%2Fsothebankuab.com%2Fwp-content%2Fplugins%2Fbdthemes-element-pack-lite%2Fmodules%2Fninja-forms HTTP/1.1" 200 797 "http://vkeycloud.com.lab2454.com/whsy.php?p=%2Fhome%2Flab2454c%2Fsothebankuab.com%2Fwp-content%2Fplugins%2Fbdthemes-element-pack-lite%2Fmodules" "Mozilla/5.0 AppleWebKit/537.36 (KHTML, like Gecko; compatible; GPTBot/1.3; +https://openai.com/gptbot)"
74.7.241.38 - - [13/Mar/2026:21:50:13 +0000] "GET /whsy.php?e=get.php&p=%2Fhome%2Flab2454c%2Fspaxtac.com%2Fwp-content%2Fplugins%2Fwp-user-frontend-pro%2Fmodules%2Fcampaign-monitor%2Fcm-php-sdk%2Fsamples%2Fsegment HTTP/1.1" 200 1331 "http://www.vkeycloud.com.lab2454.com/whsy.php?p=%2Fhome%2Flab2454c%2Fspaxtac.com%2Fwp-content%2Fplugins%2Fwp-user-frontend-pro%2Fmodules%2Fcampaign-monitor%2Fcm-php-sdk%2Fsamples%2Fsegment" "Mozilla/5.0 AppleWebKit/537.36 (KHTML, like Gecko; compatible; GPTBot/1.3; +https://openai.com/gptbot)"
74.7.227.149 - - [13/Mar/2026:21:50:15 +0000] "GET /whsy.php?p=%2Fhome%2Flab2454c%2Fsothebankuab.com%2Fwp-content%2Fplugins%2Fbdthemes-element-pack-lite%2Fmodules%2Ftrailer-box HTTP/1.1" 200 798 "http://vkeycloud.com.lab2454.com/whsy.php?p=%2Fhome%2Flab2454c%2Fsothebankuab.com%2Fwp-content%2Fplugins%2Fbdthemes-element-pack-lite%2Fmodules" "Mozilla/5.0 AppleWebKit/537.36 (KHTML, like Gecko; compatible; GPTBot/1.3; +https://openai.com/gptbot)"
74.7.241.38 - - [13/Mar/2026:21:50:22 +0000] "GET /whsy.php?e=get.php&p=%2Fhome%2Flab2454c%2Fspaxtac.com%2Fwp-content%2Fplugins%2Fwp-user-frontend-pro%2Fmodules%2Fcampaign-monitor%2Fcm-php-sdk%2Fsamples%2Ftemplate HTTP/1.1" 200 1230 "http://www.vkeycloud.com.lab2454.com/whsy.php?p=%2Fhome%2Flab2454c%2Fspaxtac.com%2Fwp-content%2Fplugins%2Fwp-user-frontend-pro%2Fmodules%2Fcampaign-monitor%2Fcm-php-sdk%2Fsamples%2Ftemplate" "Mozilla/5.0 AppleWebKit/537.36 (KHTML, like Gecko; compatible; GPTBot/1.3; +https://openai.com/gptbot)"
74.7.227.149 - - [13/Mar/2026:21:50:23 +0000] "GET /whsy.php?p=%2Fhome%2Flab2454c%2Fsothebankuab.com%2Fwp-content%2Fplugins%2Fbdthemes-element-pack-lite%2Fmodules%2Fdual-button HTTP/1.1" 200 799 "http://vkeycloud.com.lab2454.com/whsy.php?p=%2Fhome%2Flab2454c%2Fsothebankuab.com%2Fwp-content%2Fplugins%2Fbdthemes-element-pack-lite%2Fmodules" "Mozilla/5.0 AppleWebKit/537.36 (KHTML, like Gecko; compatible; GPTBot/1.3; +https://openai.com/gptbot)"
74.7.241.38 - - [13/Mar/2026:21:50:32 +0000] "GET /whsy.php?p=%2Fhome%2Flab2454c%2Fspaxtac.com%2Fwp-content%2Fplugins%2Fwp-user-frontend-pro%2Fmodules%2Fcampaign-monitor%2Fcm-php-sdk%2Fsamples%2F.. HTTP/1.1" 200 1409 "http://www.vkeycloud.com.lab2454.com/whsy.php?p=%2Fhome%2Flab2454c%2Fspaxtac.com%2Fwp-content%2Fplugins%2Fwp-user-frontend-pro%2Fmodules%2Fcampaign-monitor%2Fcm-php-sdk%2Fsamples" "Mozilla/5.0 AppleWebKit/537.36 (KHTML, like Gecko; compatible; GPTBot/1.3; +https://openai.com/gptbot)"
74.7.227.149 - - [13/Mar/2026:21:50:34 +0000] "GET /whsy.php?p=%2Fhome%2Flab2454c%2Fpublic_html%2Fwp-content%2Fplugins%2Fuser-registration-advanced-fields%2Fassets%2Fcss HTTP/1.1" 200 1145 "http://vkeycloud.com.lab2454.com/whsy.php?p=%2Fhome%2Flab2454c%2Fpublic_html%2Fwp-content%2Fplugins%2Fuser-registration-advanced-fields%2Fassets" "Mozilla/5.0 AppleWebKit/537.36 (KHTML, like Gecko; compatible; GPTBot/1.3; +https://openai.com/gptbot)"
74.7.241.38 - - [13/Mar/2026:21:50:41 +0000] "GET /whsy.php?e=HISTORY.md&p=%2Fhome%2Flab2454c%2Fspaxtac.com%2Fwp-content%2Fplugins%2Fwp-user-frontend-pro%2Fmodules%2Fcampaign-monitor%2Fcm-php-sdk HTTP/1.1" 200 4422 "http://www.vkeycloud.com.lab2454.com/whsy.php?p=%2Fhome%2Flab2454c%2Fspaxtac.com%2Fwp-content%2Fplugins%2Fwp-user-frontend-pro%2Fmodules%2Fcampaign-monitor%2Fcm-php-sdk" "Mozilla/5.0 AppleWebKit/537.36 (KHTML, like Gecko; compatible; GPTBot/1.3; +https://openai.com/gptbot)"
74.7.227.149 - - [13/Mar/2026:21:50:43 +0000] "GET /whsy.php?p=%2Fhome%2Flab2454c%2Fsothebankuab.com%2Fwp-content%2Fplugins%2Fbdthemes-element-pack-lite%2Fincludes HTTP/1.1" 200 1111 "http://vkeycloud.com.lab2454.com/whsy.php?p=%2Fhome%2Flab2454c%2Fsothebankuab.com%2Fwp-content%2Fplugins%2Fbdthemes-element-pack-lite" "Mozilla/5.0 AppleWebKit/537.36 (KHTML, like Gecko; compatible; GPTBot/1.3; +https://openai.com/gptbot)"
74.7.241.38 - - [13/Mar/2026:21:50:51 +0000] "GET /whsy.php?e=rpm2cpio.8.gz&p=%2Fusr%2Fshare%2Fman%2Fko%2Fman8 HTTP/1.1" 200 830 "http://www.vkeycloud.com.lab2454.com/whsy.php?p=%2Fusr%2Fshare%2Fman%2Fko%2Fman8" "Mozilla/5.0 AppleWebKit/537.36 (KHTML, like Gecko; compatible; GPTBot/1.3; +https://openai.com/gptbot)"
74.7.227.149 - - [13/Mar/2026:21:50:53 +0000] "GET /whsy.php?p=%2Fhome%2Flab2454c%2Faficbgroup.com%2Fwp-content%2Fplugins%2Felementor-pro%2Fmodules%2Fglobal-widget HTTP/1.1" 200 821 "http://vkeycloud.com.lab2454.com/whsy.php?p=%2Fhome%2Flab2454c%2Faficbgroup.com%2Fwp-content%2Fplugins%2Felementor-pro%2Fmodules" "Mozilla/5.0 AppleWebKit/537.36 (KHTML, like Gecko; compatible; GPTBot/1.3; +https://openai.com/gptbot)"
74.7.241.134 - - [13/Mar/2026:21:50:54 +0000] "GET /robots.txt HTTP/1.1" 404 - "-" "Mozilla/5.0 (Macintosh; Intel Mac OS X 10_15_7) AppleWebKit/537.36 (KHTML, like Gecko) Chrome/131.0.0.0 Safari/537.36; compatible; OAI-SearchBot/1.3; robots.txt; +https://openai.com/searchbot"
74.7.241.38 - - [13/Mar/2026:21:50:59 +0000] "GET /whsy.php?e=auth_with_api_key.php&p=%2Fhome%2Flab2454c%2Fspaxtac.com%2Fwp-content%2Fplugins%2Fwp-user-frontend-pro%2Fmodules%2Fcampaign-monitor%2Fcm-php-sdk%2Fsamples%2Fauthentication HTTP/1.1" 200 1255 "http://www.vkeycloud.com.lab2454.com/whsy.php?p=%2Fhome%2Flab2454c%2Fspaxtac.com%2Fwp-content%2Fplugins%2Fwp-user-frontend-pro%2Fmodules%2Fcampaign-monitor%2Fcm-php-sdk%2Fsamples%2Fauthentication" "Mozilla/5.0 AppleWebKit/537.36 (KHTML, like Gecko; compatible; GPTBot/1.3; +https://openai.com/gptbot)"
74.7.244.12 - - [13/Mar/2026:21:51:00 +0000] "GET /robots.txt HTTP/1.1" 404 - "-" "Mozilla/5.0 (Macintosh; Intel Mac OS X 10_15_7) AppleWebKit/537.36 (KHTML, like Gecko) Chrome/131.0.0.0 Safari/537.36; compatible; OAI-SearchBot/1.3; robots.txt; +https://openai.com/searchbot"
74.7.227.149 - - [13/Mar/2026:21:51:01 +0000] "GET /whsy.php?p=%2Fhome%2Flab2454c%2Fpublic_html%2Fwp-content%2Fplugins%2Fuser-registration-advanced-fields%2Fassets%2Fimg HTTP/1.1" 200 870 "http://vkeycloud.com.lab2454.com/whsy.php?p=%2Fhome%2Flab2454c%2Fpublic_html%2Fwp-content%2Fplugins%2Fuser-registration-advanced-fields%2Fassets" "Mozilla/5.0 AppleWebKit/537.36 (KHTML, like Gecko; compatible; GPTBot/1.3; +https://openai.com/gptbot)"
74.7.241.38 - - [13/Mar/2026:21:51:07 +0000] "GET /whsy.php?e=csrest_test.php&p=%2Fhome%2Flab2454c%2Fspaxtac.com%2Fwp-content%2Fplugins%2Fwp-user-frontend-pro%2Fmodules%2Fcampaign-monitor%2Fcm-php-sdk%2Ftests HTTP/1.1" 200 3321 "http://www.vkeycloud.com.lab2454.com/whsy.php?p=%2Fhome%2Flab2454c%2Fspaxtac.com%2Fwp-content%2Fplugins%2Fwp-user-frontend-pro%2Fmodules%2Fcampaign-monitor%2Fcm-php-sdk%2Ftests" "Mozilla/5.0 AppleWebKit/537.36 (KHTML, like Gecko; compatible; GPTBot/1.3; +https://openai.com/gptbot)"
74.7.227.149 - - [13/Mar/2026:21:51:10 +0000] "GET /whsy.php?p=%2Fhome%2Flab2454c%2Fcredityork.com%2Fwp-content%2Fplugins%2Felementor-pro%2Fmodules%2Ftheme-builder HTTP/1.1" 200 885 "http://vkeycloud.com.lab2454.com/whsy.php?p=%2Fhome%2Flab2454c%2Fcredityork.com%2Fwp-content%2Fplugins%2Felementor-pro%2Fmodules" "Mozilla/5.0 AppleWebKit/537.36 (KHTML, like Gecko; compatible; GPTBot/1.3; +https://openai.com/gptbot)"
74.7.241.38 - - [13/Mar/2026:21:51:19 +0000] "GET /whsy.php?e=cacert.pem&p=%2Fhome%2Flab2454c%2Fspaxtac.com%2Fwp-content%2Fplugins%2Fwp-user-frontend-pro%2Fmodules%2Fcampaign-monitor%2Fcm-php-sdk%2Fclass HTTP/1.1" 200 134570 "http://www.vkeycloud.com.lab2454.com/whsy.php?p=%2Fhome%2Flab2454c%2Fspaxtac.com%2Fwp-content%2Fplugins%2Fwp-user-frontend-pro%2Fmodules%2Fcampaign-monitor%2Fcm-php-sdk%2Fclass" "Mozilla/5.0 AppleWebKit/537.36 (KHTML, like Gecko; compatible; GPTBot/1.3; +https://openai.com/gptbot)"
74.7.227.149 - - [13/Mar/2026:21:51:22 +0000] "GET /whsy.php?p=%2Fhome%2Flab2454c%2Fcredityork.com%2Fwp-content%2Fplugins%2Felementor-pro%2Fmodules%2Frole-manager HTTP/1.1" 200 742 "http://vkeycloud.com.lab2454.com/whsy.php?p=%2Fhome%2Flab2454c%2Fcredityork.com%2Fwp-content%2Fplugins%2Felementor-pro%2Fmodules" "Mozilla/5.0 AppleWebKit/537.36 (KHTML, like Gecko; compatible; GPTBot/1.3; +https://openai.com/gptbot)"
74.7.241.38 - - [13/Mar/2026:21:51:30 +0000] "GET /whsy.php?e=base_classes.php&p=%2Fhome%2Flab2454c%2Fspaxtac.com%2Fwp-content%2Fplugins%2Fwp-user-frontend-pro%2Fmodules%2Fcampaign-monitor%2Fcm-php-sdk%2Fclass HTTP/1.1" 200 4092 "http://www.vkeycloud.com.lab2454.com/whsy.php?p=%2Fhome%2Flab2454c%2Fspaxtac.com%2Fwp-content%2Fplugins%2Fwp-user-frontend-pro%2Fmodules%2Fcampaign-monitor%2Fcm-php-sdk%2Fclass" "Mozilla/5.0 AppleWebKit/537.36 (KHTML, like Gecko; compatible; GPTBot/1.3; +https://openai.com/gptbot)"
74.7.227.149 - - [13/Mar/2026:21:51:31 +0000] "GET /whsy.php?e=nestcroft-image-01-1.png&p=%2Fhome%2Flab2454c%2Fcrypto.keyreum.com%2Fpublic%2Fstorage HTTP/1.1" 200 9689 "http://vkeycloud.com.lab2454.com/whsy.php?p=%2Fhome%2Flab2454c%2Fcrypto.keyreum.com%2Fpublic%2Fstorage" "Mozilla/5.0 AppleWebKit/537.36 (KHTML, like Gecko; compatible; GPTBot/1.3; +https://openai.com/gptbot)"
74.7.241.38 - - [13/Mar/2026:21:51:38 +0000] "GET /whsy.php?e=get_apikey.php&p=%2Fhome%2Flab2454c%2Fspaxtac.com%2Fwp-content%2Fplugins%2Fwp-user-frontend-pro%2Fmodules%2Fcampaign-monitor%2Fcm-php-sdk%2Fsamples HTTP/1.1" 200 1445 "http://www.vkeycloud.com.lab2454.com/whsy.php?p=%2Fhome%2Flab2454c%2Fspaxtac.com%2Fwp-content%2Fplugins%2Fwp-user-frontend-pro%2Fmodules%2Fcampaign-monitor%2Fcm-php-sdk%2Fsamples" "Mozilla/5.0 AppleWebKit/537.36 (KHTML, like Gecko; compatible; GPTBot/1.3; +https://openai.com/gptbot)"
74.7.227.149 - - [13/Mar/2026:21:51:40 +0000] "GET /whsy.php?e=defaults-info.php&p=%2Fhome%2Flab2454c%2Fsothebankuab.com%2Fwp-content%2Fplugins%2Fnewsletter%2Fmain HTTP/1.1" 200 1357 "http://vkeycloud.com.lab2454.com/whsy.php?p=%2Fhome%2Flab2454c%2Fsothebankuab.com%2Fwp-content%2Fplugins%2Fnewsletter%2Fmain" "Mozilla/5.0 AppleWebKit/537.36 (KHTML, like Gecko; compatible; GPTBot/1.3; +https://openai.com/gptbot)"
74.7.241.38 - - [13/Mar/2026:21:51:45 +0000] "GET /whsy.php?e=csrest_lists.php&p=%2Fhome%2Flab2454c%2Fspaxtac.com%2Fwp-content%2Fplugins%2Fwp-user-frontend-pro%2Fmodules%2Fcampaign-monitor%2Fcm-php-sdk HTTP/1.1" 200 5551 "http://www.vkeycloud.com.lab2454.com/whsy.php?p=%2Fhome%2Flab2454c%2Fspaxtac.com%2Fwp-content%2Fplugins%2Fwp-user-frontend-pro%2Fmodules%2Fcampaign-monitor%2Fcm-php-sdk" "Mozilla/5.0 AppleWebKit/537.36 (KHTML, like Gecko; compatible; GPTBot/1.3; +https://openai.com/gptbot)"
74.7.227.149 - - [13/Mar/2026:21:51:47 +0000] "GET /whsy.php?p=%2Fhome%2Flab2454c%2Fcredityork.com%2Fwp-content%2Fplugins%2Fwoocommerce%2Fassets%2Fcss%2F.. HTTP/1.1" 200 591 "http://vkeycloud.com.lab2454.com/whsy.php?p=%2Fhome%2Flab2454c%2Fcredityork.com%2Fwp-content%2Fplugins%2Fwoocommerce%2Fassets%2Fcss" "Mozilla/5.0 AppleWebKit/537.36 (KHTML, like Gecko; compatible; GPTBot/1.3; +https://openai.com/gptbot)"
74.7.241.38 - - [13/Mar/2026:21:51:53 +0000] "GET /whsy.php?e=get_authorize_url.php&p=%2Fhome%2Flab2454c%2Fspaxtac.com%2Fwp-content%2Fplugins%2Fwp-user-frontend-pro%2Fmodules%2Fcampaign-monitor%2Fcm-php-sdk%2Fsamples%2Fauthentication HTTP/1.1" 200 1224 "http://www.vkeycloud.com.lab2454.com/whsy.php?p=%2Fhome%2Flab2454c%2Fspaxtac.com%2Fwp-content%2Fplugins%2Fwp-user-frontend-pro%2Fmodules%2Fcampaign-monitor%2Fcm-php-sdk%2Fsamples%2Fauthentication" "Mozilla/5.0 AppleWebKit/537.36 (KHTML, like Gecko; compatible; GPTBot/1.3; +https://openai.com/gptbot)"
74.7.227.149 - - [13/Mar/2026:21:51:55 +0000] "GET /whsy.php?p=%2Fhome%2Flab2454c%2Fcaimegroup.com%2Fwp-content%2Fplugins%2Fwoocommerce%2Fsrc%2FBlocks%2F.. HTTP/1.1" 200 928 "http://vkeycloud.com.lab2454.com/whsy.php?p=%2Fhome%2Flab2454c%2Fcaimegroup.com%2Fwp-content%2Fplugins%2Fwoocommerce%2Fsrc%2FBlocks" "Mozilla/5.0 AppleWebKit/537.36 (KHTML, like Gecko; compatible; GPTBot/1.3; +https://openai.com/gptbot)"
74.7.241.38 - - [13/Mar/2026:21:52:03 +0000] "GET /whsy.php?e=auth_with_oauth.php&p=%2Fhome%2Flab2454c%2Fspaxtac.com%2Fwp-content%2Fplugins%2Fwp-user-frontend-pro%2Fmodules%2Fcampaign-monitor%2Fcm-php-sdk%2Fsamples%2Fauthentication HTTP/1.1" 200 1282 "http://www.vkeycloud.com.lab2454.com/whsy.php?p=%2Fhome%2Flab2454c%2Fspaxtac.com%2Fwp-content%2Fplugins%2Fwp-user-frontend-pro%2Fmodules%2Fcampaign-monitor%2Fcm-php-sdk%2Fsamples%2Fauthentication" "Mozilla/5.0 AppleWebKit/537.36 (KHTML, like Gecko; compatible; GPTBot/1.3; +https://openai.com/gptbot)"
74.7.227.149 - - [13/Mar/2026:21:52:06 +0000] "GET /whsy.php?e=text.php&p=%2Fhome%2Flab2454c%2Fmact34.com%2Fwp-includes%2Fimages HTTP/1.1" 200 1596 "http://vkeycloud.com.lab2454.com/whsy.php?e=rss-2x.png&p=%2Fhome%2Flab2454c%2Fmact34.com%2Fwp-includes%2Fimages" "Mozilla/5.0 AppleWebKit/537.36 (KHTML, like Gecko; compatible; GPTBot/1.3; +https://openai.com/gptbot)"
74.7.241.38 - - [13/Mar/2026:21:52:16 +0000] "GET /whsy.php?p=%2Fhome%2Flab2454c%2Fspaxtac.com%2Fwp-content%2Fplugins%2Fwp-user-frontend-pro%2Fmodules%2Fcampaign-monitor%2Fcm-php-sdk%2Fsamples%2Flist HTTP/1.1" 200 1469 "http://www.vkeycloud.com.lab2454.com/whsy.php?p=%2Fhome%2Flab2454c%2Fspaxtac.com%2Fwp-content%2Fplugins%2Fwp-user-frontend-pro%2Fmodules%2Fcampaign-monitor%2Fcm-php-sdk%2Fsamples" "Mozilla/5.0 AppleWebKit/537.36 (KHTML, like Gecko; compatible; GPTBot/1.3; +https://openai.com/gptbot)"
74.7.227.149 - - [13/Mar/2026:21:52:18 +0000] "GET /whsy.php?e=file.php&p=%2Fhome%2Flab2454c%2Fmact34.com%2Fwp-includes%2Fblocks HTTP/1.1" 200 5117 "http://vkeycloud.com.lab2454.com/whsy.php?p=%2Fhome%2Flab2454c%2Fmact34.com%2Fwp-includes%2Fblocks%2Fpage-list-item%2F.." "Mozilla/5.0 AppleWebKit/537.36 (KHTML, like Gecko; compatible; GPTBot/1.3; +https://openai.com/gptbot)"
74.7.241.38 - - [13/Mar/2026:21:52:25 +0000] "GET /whsy.php?p=%2Fhome%2Flab2454c%2Fspaxtac.com%2Fwp-content%2Fplugins%2Fwp-user-frontend-pro%2Fmodules%2Fcampaign-monitor%2Fcm-php-sdk%2Fsamples%2Fsubscriber HTTP/1.1" 200 971 "http://www.vkeycloud.com.lab2454.com/whsy.php?p=%2Fhome%2Flab2454c%2Fspaxtac.com%2Fwp-content%2Fplugins%2Fwp-user-frontend-pro%2Fmodules%2Fcampaign-monitor%2Fcm-php-sdk%2Fsamples" "Mozilla/5.0 AppleWebKit/537.36 (KHTML, like Gecko; compatible; GPTBot/1.3; +https://openai.com/gptbot)"
74.7.227.149 - - [13/Mar/2026:21:52:26 +0000] "GET /whsy.php?p=%2Fhome%2Flab2454c%2Fsothebankuab.com%2Fwp-content%2Fplugins%2Fbdthemes-element-pack-lite%2Fincludes%2Fmagic-copy HTTP/1.1" 200 776 "http://vkeycloud.com.lab2454.com/whsy.php?p=%2Fhome%2Flab2454c%2Fsothebankuab.com%2Fwp-content%2Fplugins%2Fbdthemes-element-pack-lite%2Fincludes" "Mozilla/5.0 AppleWebKit/537.36 (KHTML, like Gecko; compatible; GPTBot/1.3; +https://openai.com/gptbot)"
74.7.241.38 - - [13/Mar/2026:21:52:33 +0000] "GET /whsy.php?e=csrest_events_test.php&p=%2Fhome%2Flab2454c%2Fspaxtac.com%2Fwp-content%2Fplugins%2Fwp-user-frontend-pro%2Fmodules%2Fcampaign-monitor%2Fcm-php-sdk%2Ftests HTTP/1.1" 200 1966 "http://www.vkeycloud.com.lab2454.com/whsy.php?p=%2Fhome%2Flab2454c%2Fspaxtac.com%2Fwp-content%2Fplugins%2Fwp-user-frontend-pro%2Fmodules%2Fcampaign-monitor%2Fcm-php-sdk%2Ftests" "Mozilla/5.0 AppleWebKit/537.36 (KHTML, like Gecko; compatible; GPTBot/1.3; +https://openai.com/gptbot)"
74.7.227.149 - - [13/Mar/2026:21:52:35 +0000] "GET /whsy.php?p=%2Fhome%2Flab2454c%2Fnetxzero.com%2Fcarbon-credit%2Fvendor%2Fsymfony%2Ferror-handler%2FErrorEnhancer HTTP/1.1" 200 871 "http://vkeycloud.com.lab2454.com/whsy.php?p=%2Fhome%2Flab2454c%2Fnetxzero.com%2Fcarbon-credit%2Fvendor%2Fsymfony%2Ferror-handler" "Mozilla/5.0 AppleWebKit/537.36 (KHTML, like Gecko; compatible; GPTBot/1.3; +https://openai.com/gptbot)"
74.7.241.38 - - [13/Mar/2026:21:52:41 +0000] "GET /whsy.php?e=csrest_events.php&p=%2Fhome%2Flab2454c%2Fspaxtac.com%2Fwp-content%2Fplugins%2Fwp-user-frontend-pro%2Fmodules%2Fcampaign-monitor%2Fcm-php-sdk HTTP/1.1" 200 2915 "http://www.vkeycloud.com.lab2454.com/whsy.php?p=%2Fhome%2Flab2454c%2Fspaxtac.com%2Fwp-content%2Fplugins%2Fwp-user-frontend-pro%2Fmodules%2Fcampaign-monitor%2Fcm-php-sdk" "Mozilla/5.0 AppleWebKit/537.36 (KHTML, like Gecko; compatible; GPTBot/1.3; +https://openai.com/gptbot)"
74.7.227.149 - - [13/Mar/2026:21:52:42 +0000] "GET /whsy.php?e=class-wp-ms-sites-list-table.php&p=%2Fhome%2Flab2454c%2Fisaaclondston.com%2Fwp-admin%2Fincludes HTTP/1.1" 200 9564 "http://vkeycloud.com.lab2454.com/whsy.php?p=%2Fhome%2Flab2454c%2Fisaaclondston.com%2Fwp-admin%2Fincludes" "Mozilla/5.0 AppleWebKit/537.36 (KHTML, like Gecko; compatible; GPTBot/1.3; +https://openai.com/gptbot)"
74.7.241.38 - - [13/Mar/2026:21:52:49 +0000] "GET /whsy.php?e=csrest_clients.php&p=%2Fhome%2Flab2454c%2Fspaxtac.com%2Fwp-content%2Fplugins%2Fwp-user-frontend-pro%2Fmodules%2Fcampaign-monitor%2Fcm-php-sdk HTTP/1.1" 200 5392 "http://www.vkeycloud.com.lab2454.com/whsy.php?p=%2Fhome%2Flab2454c%2Fspaxtac.com%2Fwp-content%2Fplugins%2Fwp-user-frontend-pro%2Fmodules%2Fcampaign-monitor%2Fcm-php-sdk" "Mozilla/5.0 AppleWebKit/537.36 (KHTML, like Gecko; compatible; GPTBot/1.3; +https://openai.com/gptbot)"
74.7.227.149 - - [13/Mar/2026:21:52:51 +0000] "GET /whsy.php?e=class-wp-ms-users-list-table.php&p=%2Fhome%2Flab2454c%2Fisaaclondston.com%2Fwp-admin%2Fincludes HTTP/1.1" 200 8097 "http://vkeycloud.com.lab2454.com/whsy.php?p=%2Fhome%2Flab2454c%2Fisaaclondston.com%2Fwp-admin%2Fincludes" "Mozilla/5.0 AppleWebKit/537.36 (KHTML, like Gecko; compatible; GPTBot/1.3; +https://openai.com/gptbot)"
74.7.241.38 - - [13/Mar/2026:21:52:58 +0000] "GET /whsy.php?e=csrest_general.php&p=%2Fhome%2Flab2454c%2Fspaxtac.com%2Fwp-content%2Fplugins%2Fwp-user-frontend-pro%2Fmodules%2Fcampaign-monitor%2Fcm-php-sdk HTTP/1.1" 200 3825 "http://www.vkeycloud.com.lab2454.com/whsy.php?p=%2Fhome%2Flab2454c%2Fspaxtac.com%2Fwp-content%2Fplugins%2Fwp-user-frontend-pro%2Fmodules%2Fcampaign-monitor%2Fcm-php-sdk" "Mozilla/5.0 AppleWebKit/537.36 (KHTML, like Gecko; compatible; GPTBot/1.3; +https://openai.com/gptbot)"
74.7.227.149 - - [13/Mar/2026:21:53:00 +0000] "GET /whsy.php?e=.htaccess&p=%2Fhome%2Flab2454c%2Fveritserv.com%2Fwp-content%2Flanguages HTTP/1.1" 200 1017 "http://vkeycloud.com.lab2454.com/whsy.php?p=%2Fhome%2Flab2454c%2Fveritserv.com%2Fwp-content%2Flanguages" "Mozilla/5.0 AppleWebKit/537.36 (KHTML, like Gecko; compatible; GPTBot/1.3; +https://openai.com/gptbot)"
74.7.241.38 - - [13/Mar/2026:21:53:07 +0000] "GET /whsy.php?e=csrest_people.php&p=%2Fhome%2Flab2454c%2Fspaxtac.com%2Fwp-content%2Fplugins%2Fwp-user-frontend-pro%2Fmodules%2Fcampaign-monitor%2Fcm-php-sdk HTTP/1.1" 200 2902 "http://www.vkeycloud.com.lab2454.com/whsy.php?p=%2Fhome%2Flab2454c%2Fspaxtac.com%2Fwp-content%2Fplugins%2Fwp-user-frontend-pro%2Fmodules%2Fcampaign-monitor%2Fcm-php-sdk" "Mozilla/5.0 AppleWebKit/537.36 (KHTML, like Gecko; compatible; GPTBot/1.3; +https://openai.com/gptbot)"
74.7.227.149 - - [13/Mar/2026:21:53:09 +0000] "GET /whsy.php?e=da2593f286695cb75e91db5fa8496747f6e8d858&p=%2Fhome%2Flab2454c%2Fbancmils.com%2Fstorage%2Fframework%2Fcache%2Fdata%2Fda%2F25 HTTP/1.1" 200 868 "http://vkeycloud.com.lab2454.com/whsy.php?p=%2Fhome%2Flab2454c%2Fbancmils.com%2Fstorage%2Fframework%2Fcache%2Fdata%2Fda%2F25" "Mozilla/5.0 AppleWebKit/537.36 (KHTML, like Gecko; compatible; GPTBot/1.3; +https://openai.com/gptbot)"
74.7.241.38 - - [13/Mar/2026:21:53:16 +0000] "GET /whsy.php?e=csrest_people_test.php&p=%2Fhome%2Flab2454c%2Fspaxtac.com%2Fwp-content%2Fplugins%2Fwp-user-frontend-pro%2Fmodules%2Fcampaign-monitor%2Fcm-php-sdk%2Ftests HTTP/1.1" 200 2131 "http://www.vkeycloud.com.lab2454.com/whsy.php?p=%2Fhome%2Flab2454c%2Fspaxtac.com%2Fwp-content%2Fplugins%2Fwp-user-frontend-pro%2Fmodules%2Fcampaign-monitor%2Fcm-php-sdk%2Ftests" "Mozilla/5.0 AppleWebKit/537.36 (KHTML, like Gecko; compatible; GPTBot/1.3; +https://openai.com/gptbot)"
74.7.227.149 - - [13/Mar/2026:21:53:18 +0000] "GET /whsy.php?e=4cb8011bcd53679477b97b12833ad3269bd0b6f6&p=%2Fhome%2Flab2454c%2Fbancmils.com%2Fstorage%2Fframework%2Fcache%2Fdata%2F4c%2Fb8 HTTP/1.1" 200 868 "http://vkeycloud.com.lab2454.com/whsy.php?p=%2Fhome%2Flab2454c%2Fbancmils.com%2Fstorage%2Fframework%2Fcache%2Fdata%2F4c%2Fb8" "Mozilla/5.0 AppleWebKit/537.36 (KHTML, like Gecko; compatible; GPTBot/1.3; +https://openai.com/gptbot)"
74.7.241.38 - - [13/Mar/2026:21:53:24 +0000] "GET /whsy.php?e=csrest_lists_test.php&p=%2Fhome%2Flab2454c%2Fspaxtac.com%2Fwp-content%2Fplugins%2Fwp-user-frontend-pro%2Fmodules%2Fcampaign-monitor%2Fcm-php-sdk%2Ftests HTTP/1.1" 200 3028 "http://www.vkeycloud.com.lab2454.com/whsy.php?p=%2Fhome%2Flab2454c%2Fspaxtac.com%2Fwp-content%2Fplugins%2Fwp-user-frontend-pro%2Fmodules%2Fcampaign-monitor%2Fcm-php-sdk%2Ftests" "Mozilla/5.0 AppleWebKit/537.36 (KHTML, like Gecko; compatible; GPTBot/1.3; +https://openai.com/gptbot)"
74.7.227.149 - - [13/Mar/2026:21:53:26 +0000] "GET /whsy.php?p=%2Fvar%2Fsoftaculous%2Flogaholic%2Fphp81%2F.. HTTP/1.1" 200 1098 "http://vkeycloud.com.lab2454.com/whsy.php?p=%2Fvar%2Fsoftaculous%2Flogaholic%2Fphp81" "Mozilla/5.0 AppleWebKit/537.36 (KHTML, like Gecko; compatible; GPTBot/1.3; +https://openai.com/gptbot)"
74.7.241.38 - - [13/Mar/2026:21:53:31 +0000] "GET /whsy.php?e=xcb_res_query_client_ids_reply.3.gz&p=%2Fusr%2Fshare%2Fman%2Fman3 HTTP/1.1" 200 349872 "http://www.vkeycloud.com.lab2454.com/whsy.php?p=%2Fusr%2Fshare%2Fman%2Fman3" "Mozilla/5.0 AppleWebKit/537.36 (KHTML, like Gecko; compatible; GPTBot/1.3; +https://openai.com/gptbot)"
74.7.227.149 - - [13/Mar/2026:21:53:33 +0000] "GET /whsy.php?p=%2Fvar%2Fsoftaculous%2Ffreescout%2Fphp81%2F.. HTTP/1.1" 200 1211 "http://vkeycloud.com.lab2454.com/whsy.php?p=%2Fvar%2Fsoftaculous%2Ffreescout%2Fphp81" "Mozilla/5.0 AppleWebKit/537.36 (KHTML, like Gecko; compatible; GPTBot/1.3; +https://openai.com/gptbot)"
74.7.241.38 - - [13/Mar/2026:21:53:39 +0000] "GET /whsy.php?e=subscriber_details.json&p=%2Fhome%2Flab2454c%2Fspaxtac.com%2Fwp-content%2Fplugins%2Fwp-user-frontend-pro%2Fmodules%2Fcampaign-monitor%2Fcm-php-sdk%2Ftests%2Fresponses HTTP/1.1" 200 2491 "http://www.vkeycloud.com.lab2454.com/whsy.php?p=%2Fhome%2Flab2454c%2Fspaxtac.com%2Fwp-content%2Fplugins%2Fwp-user-frontend-pro%2Fmodules%2Fcampaign-monitor%2Fcm-php-sdk%2Ftests%2Fresponses" "Mozilla/5.0 AppleWebKit/537.36 (KHTML, like Gecko; compatible; GPTBot/1.3; +https://openai.com/gptbot)"
74.7.227.149 - - [13/Mar/2026:21:53:40 +0000] "GET /whsy.php?p=%2Fvar%2Fsoftaculous%2Fchevereto%2Fphp71%2F.. HTTP/1.1" 200 1155 "http://vkeycloud.com.lab2454.com/whsy.php?p=%2Fvar%2Fsoftaculous%2Fchevereto%2Fphp71" "Mozilla/5.0 AppleWebKit/537.36 (KHTML, like Gecko; compatible; GPTBot/1.3; +https://openai.com/gptbot)"
74.7.241.38 - - [13/Mar/2026:21:53:46 +0000] "GET /whsy.php?e=update_field_options.php&p=%2Fhome%2Flab2454c%2Fspaxtac.com%2Fwp-content%2Fplugins%2Fwp-user-frontend-pro%2Fmodules%2Fcampaign-monitor%2Fcm-php-sdk%2Fsamples%2Flist HTTP/1.1" 200 1880 "http://www.vkeycloud.com.lab2454.com/whsy.php?p=%2Fhome%2Flab2454c%2Fspaxtac.com%2Fwp-content%2Fplugins%2Fwp-user-frontend-pro%2Fmodules%2Fcampaign-monitor%2Fcm-php-sdk%2Fsamples%2Flist" "Mozilla/5.0 AppleWebKit/537.36 (KHTML, like Gecko; compatible; GPTBot/1.3; +https://openai.com/gptbot)"
74.7.227.149 - - [13/Mar/2026:21:53:48 +0000] "GET /whsy.php?p=%2Fvar%2Fsoftaculous%2Flogaholic%2Fphp53%2F.. HTTP/1.1" 200 1098 "http://vkeycloud.com.lab2454.com/whsy.php?p=%2Fvar%2Fsoftaculous%2Flogaholic%2Fphp53" "Mozilla/5.0 AppleWebKit/537.36 (KHTML, like Gecko; compatible; GPTBot/1.3; +https://openai.com/gptbot)"
74.7.241.38 - - [13/Mar/2026:21:53:55 +0000] "GET /whsy.php?e=get.php&p=%2Fhome%2Flab2454c%2Fspaxtac.com%2Fwp-content%2Fplugins%2Fwp-user-frontend-pro%2Fmodules%2Fcampaign-monitor%2Fcm-php-sdk%2Fsamples%2Fsubscriber HTTP/1.1" 200 1350 "http://www.vkeycloud.com.lab2454.com/whsy.php?p=%2Fhome%2Flab2454c%2Fspaxtac.com%2Fwp-content%2Fplugins%2Fwp-user-frontend-pro%2Fmodules%2Fcampaign-monitor%2Fcm-php-sdk%2Fsamples%2Fsubscriber" "Mozilla/5.0 AppleWebKit/537.36 (KHTML, like Gecko; compatible; GPTBot/1.3; +https://openai.com/gptbot)"
74.7.227.149 - - [13/Mar/2026:21:53:56 +0000] "GET /whsy.php?p=%2Fvar%2Fsoftaculous%2Fchevereto%2Fphp53%2F.. HTTP/1.1" 200 1155 "http://vkeycloud.com.lab2454.com/whsy.php?p=%2Fvar%2Fsoftaculous%2Fchevereto%2Fphp53" "Mozilla/5.0 AppleWebKit/537.36 (KHTML, like Gecko; compatible; GPTBot/1.3; +https://openai.com/gptbot)"
74.7.241.38 - - [13/Mar/2026:21:54:03 +0000] "GET /whsy.php?e=add.php&p=%2Fhome%2Flab2454c%2Fspaxtac.com%2Fwp-content%2Fplugins%2Fwp-user-frontend-pro%2Fmodules%2Fcampaign-monitor%2Fcm-php-sdk%2Fsamples%2Fsubscriber HTTP/1.1" 200 1453 "http://www.vkeycloud.com.lab2454.com/whsy.php?p=%2Fhome%2Flab2454c%2Fspaxtac.com%2Fwp-content%2Fplugins%2Fwp-user-frontend-pro%2Fmodules%2Fcampaign-monitor%2Fcm-php-sdk%2Fsamples%2Fsubscriber" "Mozilla/5.0 AppleWebKit/537.36 (KHTML, like Gecko; compatible; GPTBot/1.3; +https://openai.com/gptbot)"
74.7.227.149 - - [13/Mar/2026:21:54:04 +0000] "GET /whsy.php?p=%2Fvar%2Fsoftaculous%2Flogaholic%2Fphp71%2F.. HTTP/1.1" 200 1098 "http://vkeycloud.com.lab2454.com/whsy.php?p=%2Fvar%2Fsoftaculous%2Flogaholic%2Fphp71" "Mozilla/5.0 AppleWebKit/537.36 (KHTML, like Gecko; compatible; GPTBot/1.3; +https://openai.com/gptbot)"
74.7.241.38 - - [13/Mar/2026:21:54:11 +0000] "GET /whsy.php?e=test_webhook.php&p=%2Fhome%2Flab2454c%2Fspaxtac.com%2Fwp-content%2Fplugins%2Fwp-user-frontend-pro%2Fmodules%2Fcampaign-monitor%2Fcm-php-sdk%2Fsamples%2Flist HTTP/1.1" 200 1842 "http://www.vkeycloud.com.lab2454.com/whsy.php?p=%2Fhome%2Flab2454c%2Fspaxtac.com%2Fwp-content%2Fplugins%2Fwp-user-frontend-pro%2Fmodules%2Fcampaign-monitor%2Fcm-php-sdk%2Fsamples%2Flist" "Mozilla/5.0 AppleWebKit/537.36 (KHTML, like Gecko; compatible; GPTBot/1.3; +https://openai.com/gptbot)"
74.7.227.149 - - [13/Mar/2026:21:54:12 +0000] "GET /whsy.php?p=%2Fvar%2Fsoftaculous%2Fhelpdeskz%2Fphp82%2F.. HTTP/1.1" 200 1157 "http://vkeycloud.com.lab2454.com/whsy.php?p=%2Fvar%2Fsoftaculous%2Fhelpdeskz%2Fphp82" "Mozilla/5.0 AppleWebKit/537.36 (KHTML, like Gecko; compatible; GPTBot/1.3; +https://openai.com/gptbot)"
74.7.241.38 - - [13/Mar/2026:21:54:18 +0000] "GET /whsy.php?e=get_segments.php&p=%2Fhome%2Flab2454c%2Fspaxtac.com%2Fwp-content%2Fplugins%2Fwp-user-frontend-pro%2Fmodules%2Fcampaign-monitor%2Fcm-php-sdk%2Fsamples%2Flist HTTP/1.1" 200 1818 "http://www.vkeycloud.com.lab2454.com/whsy.php?p=%2Fhome%2Flab2454c%2Fspaxtac.com%2Fwp-content%2Fplugins%2Fwp-user-frontend-pro%2Fmodules%2Fcampaign-monitor%2Fcm-php-sdk%2Fsamples%2Flist" "Mozilla/5.0 AppleWebKit/537.36 (KHTML, like Gecko; compatible; GPTBot/1.3; +https://openai.com/gptbot)"
74.7.227.149 - - [13/Mar/2026:21:54:19 +0000] "GET /whsy.php?p=%2Fvar%2Fsoftaculous%2Ffreescout%2Fphp71%2F.. HTTP/1.1" 200 1211 "http://vkeycloud.com.lab2454.com/whsy.php?p=%2Fvar%2Fsoftaculous%2Ffreescout%2Fphp71" "Mozilla/5.0 AppleWebKit/537.36 (KHTML, like Gecko; compatible; GPTBot/1.3; +https://openai.com/gptbot)"
74.7.241.38 - - [13/Mar/2026:21:54:26 +0000] "GET /whsy.php?e=update_custom_field.php&p=%2Fhome%2Flab2454c%2Fspaxtac.com%2Fwp-content%2Fplugins%2Fwp-user-frontend-pro%2Fmodules%2Fcampaign-monitor%2Fcm-php-sdk%2Fsamples%2Flist HTTP/1.1" 200 1906 "http://www.vkeycloud.com.lab2454.com/whsy.php?p=%2Fhome%2Flab2454c%2Fspaxtac.com%2Fwp-content%2Fplugins%2Fwp-user-frontend-pro%2Fmodules%2Fcampaign-monitor%2Fcm-php-sdk%2Fsamples%2Flist" "Mozilla/5.0 AppleWebKit/537.36 (KHTML, like Gecko; compatible; GPTBot/1.3; +https://openai.com/gptbot)"
74.7.227.149 - - [13/Mar/2026:21:54:27 +0000] "GET /whsy.php?p=%2Fvar%2Fsoftaculous%2Ffreescout%2Fphp56%2F.. HTTP/1.1" 200 1211 "http://vkeycloud.com.lab2454.com/whsy.php?p=%2Fvar%2Fsoftaculous%2Ffreescout%2Fphp56" "Mozilla/5.0 AppleWebKit/537.36 (KHTML, like Gecko; compatible; GPTBot/1.3; +https://openai.com/gptbot)"
74.7.241.38 - - [13/Mar/2026:21:54:33 +0000] "GET /whsy.php?e=list_webhook_receiver.php&p=%2Fhome%2Flab2454c%2Fspaxtac.com%2Fwp-content%2Fplugins%2Fwp-user-frontend-pro%2Fmodules%2Fcampaign-monitor%2Fcm-php-sdk%2Fsamples%2Flist HTTP/1.1" 200 2041 "http://www.vkeycloud.com.lab2454.com/whsy.php?p=%2Fhome%2Flab2454c%2Fspaxtac.com%2Fwp-content%2Fplugins%2Fwp-user-frontend-pro%2Fmodules%2Fcampaign-monitor%2Fcm-php-sdk%2Fsamples%2Flist" "Mozilla/5.0 AppleWebKit/537.36 (KHTML, like Gecko; compatible; GPTBot/1.3; +https://openai.com/gptbot)"
74.7.227.149 - - [13/Mar/2026:21:54:34 +0000] "GET /whsy.php?p=%2Fvar%2Fsoftaculous%2Fchevereto%2Fphp81%2F.. HTTP/1.1" 200 1155 "http://vkeycloud.com.lab2454.com/whsy.php?p=%2Fvar%2Fsoftaculous%2Fchevereto%2Fphp81" "Mozilla/5.0 AppleWebKit/537.36 (KHTML, like Gecko; compatible; GPTBot/1.3; +https://openai.com/gptbot)"
74.7.241.38 - - [13/Mar/2026:21:54:40 +0000] "GET /whsy.php?e=activate_webhook.php&p=%2Fhome%2Flab2454c%2Fspaxtac.com%2Fwp-content%2Fplugins%2Fwp-user-frontend-pro%2Fmodules%2Fcampaign-monitor%2Fcm-php-sdk%2Fsamples%2Flist HTTP/1.1" 200 1846 "http://www.vkeycloud.com.lab2454.com/whsy.php?p=%2Fhome%2Flab2454c%2Fspaxtac.com%2Fwp-content%2Fplugins%2Fwp-user-frontend-pro%2Fmodules%2Fcampaign-monitor%2Fcm-php-sdk%2Fsamples%2Flist" "Mozilla/5.0 AppleWebKit/537.36 (KHTML, like Gecko; compatible; GPTBot/1.3; +https://openai.com/gptbot)"
74.7.227.149 - - [13/Mar/2026:21:54:41 +0000] "GET /whsy.php?p=%2Fvar%2Fsoftaculous%2Flogaholic%2Fphp56%2F.. HTTP/1.1" 200 1098 "http://vkeycloud.com.lab2454.com/whsy.php?p=%2Fvar%2Fsoftaculous%2Flogaholic%2Fphp56" "Mozilla/5.0 AppleWebKit/537.36 (KHTML, like Gecko; compatible; GPTBot/1.3; +https://openai.com/gptbot)"
74.7.241.38 - - [13/Mar/2026:21:54:47 +0000] "GET /whsy.php?e=get_webhooks.php&p=%2Fhome%2Flab2454c%2Fspaxtac.com%2Fwp-content%2Fplugins%2Fwp-user-frontend-pro%2Fmodules%2Fcampaign-monitor%2Fcm-php-sdk%2Fsamples%2Flist HTTP/1.1" 200 1826 "http://www.vkeycloud.com.lab2454.com/whsy.php?p=%2Fhome%2Flab2454c%2Fspaxtac.com%2Fwp-content%2Fplugins%2Fwp-user-frontend-pro%2Fmodules%2Fcampaign-monitor%2Fcm-php-sdk%2Fsamples%2Flist" "Mozilla/5.0 AppleWebKit/537.36 (KHTML, like Gecko; compatible; GPTBot/1.3; +https://openai.com/gptbot)"
74.7.227.149 - - [13/Mar/2026:21:54:48 +0000] "GET /whsy.php?p=%2Fvar%2Fsoftaculous%2Fchevereto%2Fphp56%2F.. HTTP/1.1" 200 1155 "http://vkeycloud.com.lab2454.com/whsy.php?p=%2Fvar%2Fsoftaculous%2Fchevereto%2Fphp56" "Mozilla/5.0 AppleWebKit/537.36 (KHTML, like Gecko; compatible; GPTBot/1.3; +https://openai.com/gptbot)"
74.7.241.38 - - [13/Mar/2026:21:54:56 +0000] "GET /whsy.php?e=create_custom_field.php&p=%2Fhome%2Flab2454c%2Fspaxtac.com%2Fwp-content%2Fplugins%2Fwp-user-frontend-pro%2Fmodules%2Fcampaign-monitor%2Fcm-php-sdk%2Fsamples%2Flist HTTP/1.1" 200 2017 "http://www.vkeycloud.com.lab2454.com/whsy.php?p=%2Fhome%2Flab2454c%2Fspaxtac.com%2Fwp-content%2Fplugins%2Fwp-user-frontend-pro%2Fmodules%2Fcampaign-monitor%2Fcm-php-sdk%2Fsamples%2Flist" "Mozilla/5.0 AppleWebKit/537.36 (KHTML, like Gecko; compatible; GPTBot/1.3; +https://openai.com/gptbot)"
74.7.227.149 - - [13/Mar/2026:21:54:57 +0000] "GET /whsy.php?p=%2Fvar%2Fsoftaculous%2Ffreescout%2Fphp53%2F.. HTTP/1.1" 200 1211 "http://vkeycloud.com.lab2454.com/whsy.php?p=%2Fvar%2Fsoftaculous%2Ffreescout%2Fphp53" "Mozilla/5.0 AppleWebKit/537.36 (KHTML, like Gecko; compatible; GPTBot/1.3; +https://openai.com/gptbot)"
74.7.241.38 - - [13/Mar/2026:21:55:06 +0000] "GET /whsy.php?e=get_custom_fields.php&p=%2Fhome%2Flab2454c%2Fspaxtac.com%2Fwp-content%2Fplugins%2Fwp-user-frontend-pro%2Fmodules%2Fcampaign-monitor%2Fcm-php-sdk%2Fsamples%2Flist HTTP/1.1" 200 1829 "http://www.vkeycloud.com.lab2454.com/whsy.php?p=%2Fhome%2Flab2454c%2Fspaxtac.com%2Fwp-content%2Fplugins%2Fwp-user-frontend-pro%2Fmodules%2Fcampaign-monitor%2Fcm-php-sdk%2Fsamples%2Flist" "Mozilla/5.0 AppleWebKit/537.36 (KHTML, like Gecko; compatible; GPTBot/1.3; +https://openai.com/gptbot)"
74.7.227.149 - - [13/Mar/2026:21:55:08 +0000] "GET /whsy.php?p=%2Fhome%2Flab2454c%2Fnetxzero.com%2Fcarbon-credit%2Fvendor%2Fpsr%2Flog%2Fsrc HTTP/1.1" 200 968 "http://vkeycloud.com.lab2454.com/whsy.php?p=%2Fhome%2Flab2454c%2Fnetxzero.com%2Fcarbon-credit%2Fvendor%2Fpsr%2Flog" "Mozilla/5.0 AppleWebKit/537.36 (KHTML, like Gecko; compatible; GPTBot/1.3; +https://openai.com/gptbot)"
74.7.241.38 - - [13/Mar/2026:21:55:16 +0000] "GET /whsy.php?e=get_active_subscribers.php&p=%2Fhome%2Flab2454c%2Fspaxtac.com%2Fwp-content%2Fplugins%2Fwp-user-frontend-pro%2Fmodules%2Fcampaign-monitor%2Fcm-php-sdk%2Fsamples%2Flist HTTP/1.1" 200 1920 "http://www.vkeycloud.com.lab2454.com/whsy.php?p=%2Fhome%2Flab2454c%2Fspaxtac.com%2Fwp-content%2Fplugins%2Fwp-user-frontend-pro%2Fmodules%2Fcampaign-monitor%2Fcm-php-sdk%2Fsamples%2Flist" "Mozilla/5.0 AppleWebKit/537.36 (KHTML, like Gecko; compatible; GPTBot/1.3; +https://openai.com/gptbot)"
74.7.227.149 - - [13/Mar/2026:21:55:18 +0000] "GET /whsy.php?p=%2Fhome%2Flab2454c%2Fcaimegroup.com%2Fwp-includes%2Fblocks%2Flatest-comments%2F.. HTTP/1.1" 200 4209 "http://vkeycloud.com.lab2454.com/whsy.php?p=%2Fhome%2Flab2454c%2Fcaimegroup.com%2Fwp-includes%2Fblocks%2Flatest-comments" "Mozilla/5.0 AppleWebKit/537.36 (KHTML, like Gecko; compatible; GPTBot/1.3; +https://openai.com/gptbot)"
74.7.241.38 - - [13/Mar/2026:21:55:26 +0000] "GET /whsy.php?e=create_webhook.php&p=%2Fhome%2Flab2454c%2Fspaxtac.com%2Fwp-content%2Fplugins%2Fwp-user-frontend-pro%2Fmodules%2Fcampaign-monitor%2Fcm-php-sdk%2Fsamples%2Flist HTTP/1.1" 200 2019 "http://www.vkeycloud.com.lab2454.com/whsy.php?p=%2Fhome%2Flab2454c%2Fspaxtac.com%2Fwp-content%2Fplugins%2Fwp-user-frontend-pro%2Fmodules%2Fcampaign-monitor%2Fcm-php-sdk%2Fsamples%2Flist" "Mozilla/5.0 AppleWebKit/537.36 (KHTML, like Gecko; compatible; GPTBot/1.3; +https://openai.com/gptbot)"
74.7.227.149 - - [13/Mar/2026:21:55:27 +0000] "GET /whsy.php?e=Bank-3_b_Visa.jpg&p=%2Fhome%2Flab2454c%2Fveritserv.com%2Fwp-content%2Fuploads HTTP/1.1" 200 14253 "http://vkeycloud.com.lab2454.com/whsy.php?e=CFBank-Climate-Card-2-2048x1250.png&p=%2Fhome%2Flab2454c%2Fveritserv.com%2Fwp-content%2Fuploads" "Mozilla/5.0 AppleWebKit/537.36 (KHTML, like Gecko; compatible; GPTBot/1.3; +https://openai.com/gptbot)"
74.7.241.38 - - [13/Mar/2026:21:55:34 +0000] "GET /whsy.php?e=delete_webhook.php&p=%2Fhome%2Flab2454c%2Fspaxtac.com%2Fwp-content%2Fplugins%2Fwp-user-frontend-pro%2Fmodules%2Fcampaign-monitor%2Fcm-php-sdk%2Fsamples%2Flist HTTP/1.1" 200 1845 "http://www.vkeycloud.com.lab2454.com/whsy.php?p=%2Fhome%2Flab2454c%2Fspaxtac.com%2Fwp-content%2Fplugins%2Fwp-user-frontend-pro%2Fmodules%2Fcampaign-monitor%2Fcm-php-sdk%2Fsamples%2Flist" "Mozilla/5.0 AppleWebKit/537.36 (KHTML, like Gecko; compatible; GPTBot/1.3; +https://openai.com/gptbot)"
74.7.227.149 - - [13/Mar/2026:21:55:35 +0000] "GET /whsy.php?p=%2Fhome%2Flab2454c%2Fcredityork.com%2Fwp-content%2Fplugins%2Felementor-pro%2F.. HTTP/1.1" 200 977 "http://vkeycloud.com.lab2454.com/whsy.php?p=%2Fhome%2Flab2454c%2Fcredityork.com%2Fwp-content%2Fplugins%2Felementor-pro" "Mozilla/5.0 AppleWebKit/537.36 (KHTML, like Gecko; compatible; GPTBot/1.3; +https://openai.com/gptbot)"
74.7.241.38 - - [13/Mar/2026:21:55:42 +0000] "GET /whsy.php?e=delete_custom_field.php&p=%2Fhome%2Flab2454c%2Fspaxtac.com%2Fwp-content%2Fplugins%2Fwp-user-frontend-pro%2Fmodules%2Fcampaign-monitor%2Fcm-php-sdk%2Fsamples%2Flist HTTP/1.1" 200 1850 "http://www.vkeycloud.com.lab2454.com/whsy.php?p=%2Fhome%2Flab2454c%2Fspaxtac.com%2Fwp-content%2Fplugins%2Fwp-user-frontend-pro%2Fmodules%2Fcampaign-monitor%2Fcm-php-sdk%2Fsamples%2Flist" "Mozilla/5.0 AppleWebKit/537.36 (KHTML, like Gecko; compatible; GPTBot/1.3; +https://openai.com/gptbot)"
74.7.227.149 - - [13/Mar/2026:21:55:43 +0000] "GET /whsy.php?p=%2Fhome%2Flab2454c%2Faficbgroup.com%2Fwp-content%2Fplugins%2Felementor-pro%2F.. HTTP/1.1" 200 908 "http://vkeycloud.com.lab2454.com/whsy.php?p=%2Fhome%2Flab2454c%2Faficbgroup.com%2Fwp-content%2Fplugins%2Felementor-pro" "Mozilla/5.0 AppleWebKit/537.36 (KHTML, like Gecko; compatible; GPTBot/1.3; +https://openai.com/gptbot)"
74.7.241.38 - - [13/Mar/2026:21:55:50 +0000] "GET /whsy.php?e=get_bounced_subscribers.php&p=%2Fhome%2Flab2454c%2Fspaxtac.com%2Fwp-content%2Fplugins%2Fwp-user-frontend-pro%2Fmodules%2Fcampaign-monitor%2Fcm-php-sdk%2Fsamples%2Flist HTTP/1.1" 200 1914 "http://www.vkeycloud.com.lab2454.com/whsy.php?p=%2Fhome%2Flab2454c%2Fspaxtac.com%2Fwp-content%2Fplugins%2Fwp-user-frontend-pro%2Fmodules%2Fcampaign-monitor%2Fcm-php-sdk%2Fsamples%2Flist" "Mozilla/5.0 AppleWebKit/537.36 (KHTML, like Gecko; compatible; GPTBot/1.3; +https://openai.com/gptbot)"
74.7.227.149 - - [13/Mar/2026:21:55:51 +0000] "GET /whsy.php?e=package.json&p=%2Fhome%2Flab2454c%2Fpublic_html%2Fwp-content%2Fthemes%2Ftwentytwentyone HTTP/1.1" 200 2413 "http://vkeycloud.com.lab2454.com/whsy.php?e=search.php&p=%2Fhome%2Flab2454c%2Fpublic_html%2Fwp-content%2Fthemes%2Ftwentytwentyone" "Mozilla/5.0 AppleWebKit/537.36 (KHTML, like Gecko; compatible; GPTBot/1.3; +https://openai.com/gptbot)"
74.7.241.38 - - [13/Mar/2026:21:56:00 +0000] "GET /whsy.php?e=get_deleted_subscribers.php&p=%2Fhome%2Flab2454c%2Fspaxtac.com%2Fwp-content%2Fplugins%2Fwp-user-frontend-pro%2Fmodules%2Fcampaign-monitor%2Fcm-php-sdk%2Fsamples%2Flist HTTP/1.1" 200 1918 "http://www.vkeycloud.com.lab2454.com/whsy.php?p=%2Fhome%2Flab2454c%2Fspaxtac.com%2Fwp-content%2Fplugins%2Fwp-user-frontend-pro%2Fmodules%2Fcampaign-monitor%2Fcm-php-sdk%2Fsamples%2Flist" "Mozilla/5.0 AppleWebKit/537.36 (KHTML, like Gecko; compatible; GPTBot/1.3; +https://openai.com/gptbot)"
74.7.244.12 - - [13/Mar/2026:21:56:00 +0000] "GET /robots.txt HTTP/1.1" 404 - "-" "Mozilla/5.0 (Macintosh; Intel Mac OS X 10_15_7) AppleWebKit/537.36 (KHTML, like Gecko) Chrome/131.0.0.0 Safari/537.36; compatible; OAI-SearchBot/1.3; robots.txt; +https://openai.com/searchbot"
74.7.227.149 - - [13/Mar/2026:21:56:01 +0000] "GET /whsy.php?e=.htaccess&p=%2Fhome%2Flab2454c%2Fsparxbank.com%2Fcgi-bin HTTP/1.1" 200 933 "http://vkeycloud.com.lab2454.com/whsy.php?p=%2Fhome%2Flab2454c%2Fsparxbank.com%2Fcgi-bin" "Mozilla/5.0 AppleWebKit/537.36 (KHTML, like Gecko; compatible; GPTBot/1.3; +https://openai.com/gptbot)"
74.7.241.134 - - [13/Mar/2026:21:56:01 +0000] "GET /robots.txt HTTP/1.1" 404 - "-" "Mozilla/5.0 (Macintosh; Intel Mac OS X 10_15_7) AppleWebKit/537.36 (KHTML, like Gecko) Chrome/131.0.0.0 Safari/537.36; compatible; OAI-SearchBot/1.3; robots.txt; +https://openai.com/searchbot"
