74.7.241.38 - - [13/Mar/2026:23:09:32 +0000] "GET /whsy.php?p=%2Fhome%2Flab2454c%2Fdatmont.com%2Fwp-content%2Fplugins%2Fsvg-support%2Fvendor%2Fenshrined%2Fsvg-sanitize%2Fsrc%2F.. HTTP/1.1" 200 990 "http://www.vkeycloud.com.lab2454.com/whsy.php?p=%2Fhome%2Flab2454c%2Fdatmont.com%2Fwp-content%2Fplugins%2Fsvg-support%2Fvendor%2Fenshrined%2Fsvg-sanitize%2Fsrc" "Mozilla/5.0 AppleWebKit/537.36 (KHTML, like Gecko; compatible; GPTBot/1.3; +https://openai.com/gptbot)"
74.7.227.149 - - [13/Mar/2026:23:09:39 +0000] "GET /whsy.php?p=%2Fhome%2Flab2454c%2Fcaimegroup.com%2Fwp-includes_old%2Fsodium_compat%2Fsrc%2FCore32 HTTP/1.1" 200 1204 "http://vkeycloud.com.lab2454.com/whsy.php?p=%2Fhome%2Flab2454c%2Fcaimegroup.com%2Fwp-includes_old%2Fsodium_compat%2Fsrc%2FCore%2F.." "Mozilla/5.0 AppleWebKit/537.36 (KHTML, like Gecko; compatible; GPTBot/1.3; +https://openai.com/gptbot)"
74.7.241.38 - - [13/Mar/2026:23:09:40 +0000] "GET /whsy.php?p=%2Fhome%2Flab2454c%2Fgemiton.com%2Fwp-content%2Fplugins%2Fsvg-support%2Fvendor%2Fenshrined%2Fsvg-sanitize%2Fsrc%2F.. HTTP/1.1" 200 991 "http://www.vkeycloud.com.lab2454.com/whsy.php?p=%2Fhome%2Flab2454c%2Fgemiton.com%2Fwp-content%2Fplugins%2Fsvg-support%2Fvendor%2Fenshrined%2Fsvg-sanitize%2Fsrc" "Mozilla/5.0 AppleWebKit/537.36 (KHTML, like Gecko; compatible; GPTBot/1.3; +https://openai.com/gptbot)"
74.7.227.149 - - [13/Mar/2026:23:09:47 +0000] "GET /whsy.php?p=%2Fhome%2Flab2454c%2Fcrypto.keyreum.com%2Fplatform%2Fcore%2Fsetting%2Fresources%2Flang%2F.. HTTP/1.1" 200 589 "http://vkeycloud.com.lab2454.com/whsy.php?p=%2Fhome%2Flab2454c%2Fcrypto.keyreum.com%2Fplatform%2Fcore%2Fsetting%2Fresources%2Flang" "Mozilla/5.0 AppleWebKit/537.36 (KHTML, like Gecko; compatible; GPTBot/1.3; +https://openai.com/gptbot)"
74.7.241.38 - - [13/Mar/2026:23:09:47 +0000] "GET /whsy.php?p=%2Fhome%2Flab2454c%2Fdansact.com%2Fwp-content%2Fplugins%2Fsvg-support%2Fvendor%2Fenshrined%2Fsvg-sanitize%2Fsrc%2F.. HTTP/1.1" 200 991 "http://www.vkeycloud.com.lab2454.com/whsy.php?p=%2Fhome%2Flab2454c%2Fdansact.com%2Fwp-content%2Fplugins%2Fsvg-support%2Fvendor%2Fenshrined%2Fsvg-sanitize%2Fsrc" "Mozilla/5.0 AppleWebKit/537.36 (KHTML, like Gecko; compatible; GPTBot/1.3; +https://openai.com/gptbot)"
74.7.227.149 - - [13/Mar/2026:23:09:54 +0000] "GET /whsy.php?p=%2Fhome%2Flab2454c%2Fcarbonbullion.net%2Fwp-content%2Fuploads%2Fwoocommerce_uploads HTTP/1.1" 200 751 "http://vkeycloud.com.lab2454.com/whsy.php?p=%2Fhome%2Flab2454c%2Fcarbonbullion.net%2Fwp-content%2Fuploads" "Mozilla/5.0 AppleWebKit/537.36 (KHTML, like Gecko; compatible; GPTBot/1.3; +https://openai.com/gptbot)"
74.7.241.38 - - [13/Mar/2026:23:09:55 +0000] "GET /whsy.php?p=%2Fhome%2Flab2454c%2Fdansact.com%2Fwp-content%2Fplugins%2Fsvg-support%2Fvendor%2Fenshrined%2Fsvg-sanitize%2Fsrc%2FElementReference HTTP/1.1" 200 856 "http://www.vkeycloud.com.lab2454.com/whsy.php?p=%2Fhome%2Flab2454c%2Fdansact.com%2Fwp-content%2Fplugins%2Fsvg-support%2Fvendor%2Fenshrined%2Fsvg-sanitize%2Fsrc" "Mozilla/5.0 AppleWebKit/537.36 (KHTML, like Gecko; compatible; GPTBot/1.3; +https://openai.com/gptbot)"
74.7.227.149 - - [13/Mar/2026:23:10:02 +0000] "GET /whsy.php?e=edit-comments.min.js&p=%2Fhome%2Flab2454c%2Fcredityork.com%2Fwp-admin%2Fjs HTTP/1.1" 200 8689 "http://vkeycloud.com.lab2454.com/whsy.php?p=%2Fhome%2Flab2454c%2Fcredityork.com%2Fwp-admin%2Fjs" "Mozilla/5.0 AppleWebKit/537.36 (KHTML, like Gecko; compatible; GPTBot/1.3; +https://openai.com/gptbot)"
74.7.241.38 - - [13/Mar/2026:23:10:02 +0000] "GET /whsy.php?p=%2Fhome%2Flab2454c%2Fgemiton.com%2Fwp-content%2Fplugins%2Fsvg-support%2Fvendor%2Fenshrined%2Fsvg-sanitize%2Fsrc%2FElementReference HTTP/1.1" 200 856 "http://www.vkeycloud.com.lab2454.com/whsy.php?p=%2Fhome%2Flab2454c%2Fgemiton.com%2Fwp-content%2Fplugins%2Fsvg-support%2Fvendor%2Fenshrined%2Fsvg-sanitize%2Fsrc" "Mozilla/5.0 AppleWebKit/537.36 (KHTML, like Gecko; compatible; GPTBot/1.3; +https://openai.com/gptbot)"
74.7.241.38 - - [13/Mar/2026:23:10:09 +0000] "GET /whsy.php?p=%2Fhome%2Flab2454c%2Fdatmont.com%2Fwp-content%2Fplugins%2Fsvg-support%2Fvendor%2Fenshrined%2Fsvg-sanitize%2Fsrc%2FElementReference HTTP/1.1" 200 855 "http://www.vkeycloud.com.lab2454.com/whsy.php?p=%2Fhome%2Flab2454c%2Fdatmont.com%2Fwp-content%2Fplugins%2Fsvg-support%2Fvendor%2Fenshrined%2Fsvg-sanitize%2Fsrc" "Mozilla/5.0 AppleWebKit/537.36 (KHTML, like Gecko; compatible; GPTBot/1.3; +https://openai.com/gptbot)"
74.7.227.149 - - [13/Mar/2026:23:10:09 +0000] "GET /whsy.php?e=edit-comments.js&p=%2Fhome%2Flab2454c%2Ffinancial.datmont.com%2Fwp-admin%2Fjs HTTP/1.1" 200 13327 "http://vkeycloud.com.lab2454.com/whsy.php?p=%2Fhome%2Flab2454c%2Ffinancial.datmont.com%2Fwp-admin%2Fjs" "Mozilla/5.0 AppleWebKit/537.36 (KHTML, like Gecko; compatible; GPTBot/1.3; +https://openai.com/gptbot)"
74.7.241.38 - - [13/Mar/2026:23:10:16 +0000] "GET /whsy.php?e=index.js&p=%2Fhome%2Flab2454c%2Fspaxtac.com%2Fwp-content%2Fplugins%2Fcontact-form-7%2Fmodules%2Frecaptcha HTTP/1.1" 200 1290 "http://www.vkeycloud.com.lab2454.com/whsy.php?p=%2Fhome%2Flab2454c%2Fspaxtac.com%2Fwp-content%2Fplugins%2Fcontact-form-7%2Fmodules%2Frecaptcha" "Mozilla/5.0 AppleWebKit/537.36 (KHTML, like Gecko; compatible; GPTBot/1.3; +https://openai.com/gptbot)"
74.7.227.149 - - [13/Mar/2026:23:10:17 +0000] "GET /whsy.php?e=edit-comments.min.js&p=%2Fhome%2Flab2454c%2Ffinancial.datmont.com%2Fwp-admin%2Fjs HTTP/1.1" 200 8757 "http://vkeycloud.com.lab2454.com/whsy.php?p=%2Fhome%2Flab2454c%2Ffinancial.datmont.com%2Fwp-admin%2Fjs" "Mozilla/5.0 AppleWebKit/537.36 (KHTML, like Gecko; compatible; GPTBot/1.3; +https://openai.com/gptbot)"
74.7.241.38 - - [13/Mar/2026:23:10:24 +0000] "GET /whsy.php?p=%2Fhome%2Flab2454c%2Fspaxtac.com%2Fwp-content%2Fplugins%2Fwp-user-frontend-pro%2Fvendor%2Fsquizlabs%2Fphp_codesniffer%2Fsrc%2FStandards%2FSquiz%2FDocs%2FFunctions%2F.. HTTP/1.1" 200 728 "http://www.vkeycloud.com.lab2454.com/whsy.php?p=%2Fhome%2Flab2454c%2Fspaxtac.com%2Fwp-content%2Fplugins%2Fwp-user-frontend-pro%2Fvendor%2Fsquizlabs%2Fphp_codesniffer%2Fsrc%2FStandards%2FSquiz%2FDocs%2FFunctions" "Mozilla/5.0 AppleWebKit/537.36 (KHTML, like Gecko; compatible; GPTBot/1.3; +https://openai.com/gptbot)"
74.7.227.149 - - [13/Mar/2026:23:10:24 +0000] "GET /whsy.php?e=carbon_credit.zip&p=%2Fhome%2Flab2454c%2Fnetxzero.com%2Fcarbon-credit HTTP/1.1" 200 1480 "http://vkeycloud.com.lab2454.com/whsy.php?e=phpunit.xml&p=%2Fhome%2Flab2454c%2Fnetxzero.com%2Fcarbon-credit" "Mozilla/5.0 AppleWebKit/537.36 (KHTML, like Gecko; compatible; GPTBot/1.3; +https://openai.com/gptbot)"
74.7.241.38 - - [13/Mar/2026:23:10:31 +0000] "GET /whsy.php?e=index.js&p=%2Fhome%2Flab2454c%2Fdansact.com%2Fwp-content%2Fplugins%2Fcontact-form-7%2Fmodules%2Frecaptcha HTTP/1.1" 200 1355 "http://www.vkeycloud.com.lab2454.com/whsy.php?p=%2Fhome%2Flab2454c%2Fdansact.com%2Fwp-content%2Fplugins%2Fcontact-form-7%2Fmodules%2Frecaptcha" "Mozilla/5.0 AppleWebKit/537.36 (KHTML, like Gecko; compatible; GPTBot/1.3; +https://openai.com/gptbot)"
74.7.227.149 - - [13/Mar/2026:23:10:31 +0000] "GET /whsy.php?e=class-wc-order-item-product.php&p=%2Fhome%2Flab2454c%2Fcredityork.com%2Fwp-content%2Fplugins%2Fwoocommerce%2Fincludes HTTP/1.1" 200 7269 "http://vkeycloud.com.lab2454.com/whsy.php?e=class-wc-cart-session.php&p=%2Fhome%2Flab2454c%2Fcredityork.com%2Fwp-content%2Fplugins%2Fwoocommerce%2Fincludes" "Mozilla/5.0 AppleWebKit/537.36 (KHTML, like Gecko; compatible; GPTBot/1.3; +https://openai.com/gptbot)"
74.7.241.38 - - [13/Mar/2026:23:10:38 +0000] "GET /whsy.php?p=%2Fhome%2Flab2454c%2Fdansact.com%2Fwp-content%2Fplugins%2Fcontact-form-7%2Fadmin%2Fjs%2F.. HTTP/1.1" 200 786 "http://www.vkeycloud.com.lab2454.com/whsy.php?p=%2Fhome%2Flab2454c%2Fdansact.com%2Fwp-content%2Fplugins%2Fcontact-form-7%2Fadmin%2Fjs" "Mozilla/5.0 AppleWebKit/537.36 (KHTML, like Gecko; compatible; GPTBot/1.3; +https://openai.com/gptbot)"
74.7.227.149 - - [13/Mar/2026:23:10:39 +0000] "GET /whsy.php?e=themes.php&p=%2Fhome%2Flab2454c%2Fatopec.com%2Fcgi-bin HTTP/1.1" 200 1792 "http://vkeycloud.com.lab2454.com/whsy.php?p=%2Fhome%2Flab2454c%2Fatopec.com%2Fcgi-bin" "Mozilla/5.0 AppleWebKit/537.36 (KHTML, like Gecko; compatible; GPTBot/1.3; +https://openai.com/gptbot)"
74.7.241.38 - - [13/Mar/2026:23:10:46 +0000] "GET /whsy.php?p=%2Fhome%2Flab2454c%2Fgemiton.com%2Fwp-content%2Fplugins%2Fcontact-form-7%2Fadmin%2Fjs%2F.. HTTP/1.1" 200 787 "http://www.vkeycloud.com.lab2454.com/whsy.php?p=%2Fhome%2Flab2454c%2Fgemiton.com%2Fwp-content%2Fplugins%2Fcontact-form-7%2Fadmin%2Fjs" "Mozilla/5.0 AppleWebKit/537.36 (KHTML, like Gecko; compatible; GPTBot/1.3; +https://openai.com/gptbot)"
74.7.227.149 - - [13/Mar/2026:23:10:47 +0000] "GET /whsy.php?e=options-media.php&p=%2Fhome%2Flab2454c%2Faficbgroup.com%2Fwp-admin HTTP/1.1" 200 5564 "http://vkeycloud.com.lab2454.com/whsy.php?e=link-manager.php&p=%2Fhome%2Flab2454c%2Faficbgroup.com%2Fwp-admin" "Mozilla/5.0 AppleWebKit/537.36 (KHTML, like Gecko; compatible; GPTBot/1.3; +https://openai.com/gptbot)"
74.7.241.38 - - [13/Mar/2026:23:10:55 +0000] "GET /whsy.php?p=%2Fhome%2Flab2454c%2Fspaxtac.com%2Fwp-content%2Fplugins%2Fcontact-form-7%2Fadmin%2Fjs%2F.. HTTP/1.1" 200 787 "http://www.vkeycloud.com.lab2454.com/whsy.php?p=%2Fhome%2Flab2454c%2Fspaxtac.com%2Fwp-content%2Fplugins%2Fcontact-form-7%2Fadmin%2Fjs" "Mozilla/5.0 AppleWebKit/537.36 (KHTML, like Gecko; compatible; GPTBot/1.3; +https://openai.com/gptbot)"
74.7.227.149 - - [13/Mar/2026:23:10:55 +0000] "GET /whsy.php?e=upgrade.php&p=%2Fhome%2Flab2454c%2Fam.elementalrock.com%2Fwp-admin HTTP/1.1" 200 5519 "http://vkeycloud.com.lab2454.com/whsy.php?e=ms-upgrade-network.php&p=%2Fhome%2Flab2454c%2Fam.elementalrock.com%2Fwp-admin" "Mozilla/5.0 AppleWebKit/537.36 (KHTML, like Gecko; compatible; GPTBot/1.3; +https://openai.com/gptbot)"
74.7.241.38 - - [13/Mar/2026:23:11:03 +0000] "GET /whsy.php?e=index.js&p=%2Fhome%2Flab2454c%2Fspaxtac.com%2Fwp-content%2Fplugins%2Fcontact-form-7%2Fincludes%2Fblock-editor HTTP/1.1" 200 2480 "http://www.vkeycloud.com.lab2454.com/whsy.php?p=%2Fhome%2Flab2454c%2Fspaxtac.com%2Fwp-content%2Fplugins%2Fcontact-form-7%2Fincludes%2Fblock-editor" "Mozilla/5.0 AppleWebKit/537.36 (KHTML, like Gecko; compatible; GPTBot/1.3; +https://openai.com/gptbot)"
74.7.227.149 - - [13/Mar/2026:23:11:03 +0000] "GET /whsy.php?e=ms-edit.php&p=%2Fhome%2Flab2454c%2Fchristianitybank.com%2Fwp-admin HTTP/1.1" 200 3754 "http://vkeycloud.com.lab2454.com/whsy.php?e=widgets-form.php&p=%2Fhome%2Flab2454c%2Fchristianitybank.com%2Fwp-admin" "Mozilla/5.0 AppleWebKit/537.36 (KHTML, like Gecko; compatible; GPTBot/1.3; +https://openai.com/gptbot)"
74.7.241.38 - - [13/Mar/2026:23:11:10 +0000] "GET /whsy.php?e=index.js&p=%2Fhome%2Flab2454c%2Fdansact.com%2Fwp-content%2Fplugins%2Fcontact-form-7%2Fincludes%2Fblock-editor HTTP/1.1" 200 2403 "http://www.vkeycloud.com.lab2454.com/whsy.php?p=%2Fhome%2Flab2454c%2Fdansact.com%2Fwp-content%2Fplugins%2Fcontact-form-7%2Fincludes%2Fblock-editor" "Mozilla/5.0 AppleWebKit/537.36 (KHTML, like Gecko; compatible; GPTBot/1.3; +https://openai.com/gptbot)"
74.7.227.149 - - [13/Mar/2026:23:11:10 +0000] "GET /whsy.php?e=options-media.php&p=%2Fhome%2Flab2454c%2Fcredityork.com%2Fwp-admin HTTP/1.1" 200 5589 "http://vkeycloud.com.lab2454.com/whsy.php?e=link-manager.php&p=%2Fhome%2Flab2454c%2Fcredityork.com%2Fwp-admin" "Mozilla/5.0 AppleWebKit/537.36 (KHTML, like Gecko; compatible; GPTBot/1.3; +https://openai.com/gptbot)"
74.7.241.38 - - [13/Mar/2026:23:11:17 +0000] "GET /whsy.php?e=index.js&p=%2Fhome%2Flab2454c%2Fgemiton.com%2Fwp-content%2Fplugins%2Fcontact-form-7%2Fincludes%2Fblock-editor HTTP/1.1" 200 2403 "http://www.vkeycloud.com.lab2454.com/whsy.php?p=%2Fhome%2Flab2454c%2Fgemiton.com%2Fwp-content%2Fplugins%2Fcontact-form-7%2Fincludes%2Fblock-editor" "Mozilla/5.0 AppleWebKit/537.36 (KHTML, like Gecko; compatible; GPTBot/1.3; +https://openai.com/gptbot)"
74.7.227.149 - - [13/Mar/2026:23:11:17 +0000] "GET /whsy.php?e=plugins.php&p=%2Fhome%2Flab2454c%2Fam.elementalrock.com%2Fwp-admin HTTP/1.1" 200 10917 "http://vkeycloud.com.lab2454.com/whsy.php?e=ms-upgrade-network.php&p=%2Fhome%2Flab2454c%2Fam.elementalrock.com%2Fwp-admin" "Mozilla/5.0 AppleWebKit/537.36 (KHTML, like Gecko; compatible; GPTBot/1.3; +https://openai.com/gptbot)"
74.7.241.38 - - [13/Mar/2026:23:11:25 +0000] "GET /whsy.php?e=FunctionCallSignatureUnitTest.inc.fixed&p=%2Fhome%2Flab2454c%2Fspaxtac.com%2Fwp-content%2Fplugins%2Fwp-user-frontend-pro%2Fvendor%2Fsquizlabs%2Fphp_codesniffer%2Fsrc%2FStandards%2FPEAR%2FTests%2FFunctions HTTP/1.1" 200 4210 "http://www.vkeycloud.com.lab2454.com/whsy.php?p=%2Fhome%2Flab2454c%2Fspaxtac.com%2Fwp-content%2Fplugins%2Fwp-user-frontend-pro%2Fvendor%2Fsquizlabs%2Fphp_codesniffer%2Fsrc%2FStandards%2FPEAR%2FTests%2FFunctions" "Mozilla/5.0 AppleWebKit/537.36 (KHTML, like Gecko; compatible; GPTBot/1.3; +https://openai.com/gptbot)"
74.7.227.149 - - [13/Mar/2026:23:11:25 +0000] "GET /whsy.php?e=ms-themes.php&p=%2Fhome%2Flab2454c%2Fsparxbankgroup.com%2Fwp-admin HTTP/1.1" 200 3710 "http://vkeycloud.com.lab2454.com/whsy.php?e=admin.php&p=%2Fhome%2Flab2454c%2Fsparxbankgroup.com%2Fwp-admin" "Mozilla/5.0 AppleWebKit/537.36 (KHTML, like Gecko; compatible; GPTBot/1.3; +https://openai.com/gptbot)"
74.7.241.38 - - [13/Mar/2026:23:11:32 +0000] "GET /whsy.php?e=BlockCommentUnitTest.inc&p=%2Fhome%2Flab2454c%2Fspaxtac.com%2Fwp-content%2Fplugins%2Fwp-user-frontend-pro%2Fvendor%2Fsquizlabs%2Fphp_codesniffer%2Fsrc%2FStandards%2FSquiz%2FTests%2FCommenting HTTP/1.1" 200 3445 "http://www.vkeycloud.com.lab2454.com/whsy.php?p=%2Fhome%2Flab2454c%2Fspaxtac.com%2Fwp-content%2Fplugins%2Fwp-user-frontend-pro%2Fvendor%2Fsquizlabs%2Fphp_codesniffer%2Fsrc%2FStandards%2FSquiz%2FTests%2FCommenting" "Mozilla/5.0 AppleWebKit/537.36 (KHTML, like Gecko; compatible; GPTBot/1.3; +https://openai.com/gptbot)"
74.7.227.149 - - [13/Mar/2026:23:11:32 +0000] "GET /whsy.php?e=export.php&p=%2Fhome%2Flab2454c%2Ffinancial.datmont.com%2Fwp-admin HTTP/1.1" 200 6723 "http://vkeycloud.com.lab2454.com/whsy.php?e=install.php&p=%2Fhome%2Flab2454c%2Ffinancial.datmont.com%2Fwp-admin" "Mozilla/5.0 AppleWebKit/537.36 (KHTML, like Gecko; compatible; GPTBot/1.3; +https://openai.com/gptbot)"
74.7.241.38 - - [13/Mar/2026:23:11:39 +0000] "GET /whsy.php?e=ClassCommentUnitTest.inc&p=%2Fhome%2Flab2454c%2Fspaxtac.com%2Fwp-content%2Fplugins%2Fwp-user-frontend-pro%2Fvendor%2Fsquizlabs%2Fphp_codesniffer%2Fsrc%2FStandards%2FPEAR%2FTests%2FCommenting HTTP/1.1" 200 1846 "http://www.vkeycloud.com.lab2454.com/whsy.php?p=%2Fhome%2Flab2454c%2Fspaxtac.com%2Fwp-content%2Fplugins%2Fwp-user-frontend-pro%2Fvendor%2Fsquizlabs%2Fphp_codesniffer%2Fsrc%2FStandards%2FPEAR%2FTests%2FCommenting" "Mozilla/5.0 AppleWebKit/537.36 (KHTML, like Gecko; compatible; GPTBot/1.3; +https://openai.com/gptbot)"
74.7.227.149 - - [13/Mar/2026:23:11:39 +0000] "GET /whsy.php?e=options.php&p=%2Fhome%2Flab2454c%2Fam.elementalrock.com%2Fwp-admin HTTP/1.1" 200 8002 "http://vkeycloud.com.lab2454.com/whsy.php?e=ms-upgrade-network.php&p=%2Fhome%2Flab2454c%2Fam.elementalrock.com%2Fwp-admin" "Mozilla/5.0 AppleWebKit/537.36 (KHTML, like Gecko; compatible; GPTBot/1.3; +https://openai.com/gptbot)"
74.7.241.38 - - [13/Mar/2026:23:11:46 +0000] "GET /whsy.php?e=InlineCommentUnitTest.inc&p=%2Fhome%2Flab2454c%2Fspaxtac.com%2Fwp-content%2Fplugins%2Fwp-user-frontend-pro%2Fvendor%2Fsquizlabs%2Fphp_codesniffer%2Fsrc%2FStandards%2FPEAR%2FTests%2FCommenting HTTP/1.1" 200 1337 "http://www.vkeycloud.com.lab2454.com/whsy.php?p=%2Fhome%2Flab2454c%2Fspaxtac.com%2Fwp-content%2Fplugins%2Fwp-user-frontend-pro%2Fvendor%2Fsquizlabs%2Fphp_codesniffer%2Fsrc%2FStandards%2FPEAR%2FTests%2FCommenting" "Mozilla/5.0 AppleWebKit/537.36 (KHTML, like Gecko; compatible; GPTBot/1.3; +https://openai.com/gptbot)"
74.7.227.149 - - [13/Mar/2026:23:11:47 +0000] "GET /whsy.php?e=credits.php&p=%2Fhome%2Flab2454c%2Fam.elementalrock.com%2Fwp-admin HTTP/1.1" 200 4793 "http://vkeycloud.com.lab2454.com/whsy.php?e=ms-upgrade-network.php&p=%2Fhome%2Flab2454c%2Fam.elementalrock.com%2Fwp-admin" "Mozilla/5.0 AppleWebKit/537.36 (KHTML, like Gecko; compatible; GPTBot/1.3; +https://openai.com/gptbot)"
74.7.241.38 - - [13/Mar/2026:23:11:54 +0000] "GET /whsy.php?e=FileCommentUnitTest.inc&p=%2Fhome%2Flab2454c%2Fspaxtac.com%2Fwp-content%2Fplugins%2Fwp-user-frontend-pro%2Fvendor%2Fsquizlabs%2Fphp_codesniffer%2Fsrc%2FStandards%2FPEAR%2FTests%2FCommenting HTTP/1.1" 200 1913 "http://www.vkeycloud.com.lab2454.com/whsy.php?p=%2Fhome%2Flab2454c%2Fspaxtac.com%2Fwp-content%2Fplugins%2Fwp-user-frontend-pro%2Fvendor%2Fsquizlabs%2Fphp_codesniffer%2Fsrc%2FStandards%2FPEAR%2FTests%2FCommenting" "Mozilla/5.0 AppleWebKit/537.36 (KHTML, like Gecko; compatible; GPTBot/1.3; +https://openai.com/gptbot)"
74.7.227.149 - - [13/Mar/2026:23:11:55 +0000] "GET /whsy.php?e=menu-header.php&p=%2Fhome%2Flab2454c%2Fbullionmills.com%2Fwp-admin HTTP/1.1" 200 6384 "http://vkeycloud.com.lab2454.com/whsy.php?p=%2Fhome%2Flab2454c%2Fbullionmills.com%2Fwp-admin" "Mozilla/5.0 AppleWebKit/537.36 (KHTML, like Gecko; compatible; GPTBot/1.3; +https://openai.com/gptbot)"
74.7.241.38 - - [13/Mar/2026:23:12:03 +0000] "GET /whsy.php?e=FunctionCallSignatureUnitTest.js.fixed&p=%2Fhome%2Flab2454c%2Fspaxtac.com%2Fwp-content%2Fplugins%2Fwp-user-frontend-pro%2Fvendor%2Fsquizlabs%2Fphp_codesniffer%2Fsrc%2FStandards%2FPEAR%2FTests%2FFunctions HTTP/1.1" 200 1668 "http://www.vkeycloud.com.lab2454.com/whsy.php?p=%2Fhome%2Flab2454c%2Fspaxtac.com%2Fwp-content%2Fplugins%2Fwp-user-frontend-pro%2Fvendor%2Fsquizlabs%2Fphp_codesniffer%2Fsrc%2FStandards%2FPEAR%2FTests%2FFunctions" "Mozilla/5.0 AppleWebKit/537.36 (KHTML, like Gecko; compatible; GPTBot/1.3; +https://openai.com/gptbot)"
74.7.227.149 - - [13/Mar/2026:23:12:03 +0000] "GET /whsy.php?e=site-health.php&p=%2Fhome%2Flab2454c%2Fbullionmills.com%2Fwp-admin HTTP/1.1" 200 7052 "http://vkeycloud.com.lab2454.com/whsy.php?p=%2Fhome%2Flab2454c%2Fbullionmills.com%2Fwp-admin" "Mozilla/5.0 AppleWebKit/537.36 (KHTML, like Gecko; compatible; GPTBot/1.3; +https://openai.com/gptbot)"
74.7.241.38 - - [13/Mar/2026:23:12:11 +0000] "GET /whsy.php?e=VariableCommentUnitTest.inc.fixed&p=%2Fhome%2Flab2454c%2Fspaxtac.com%2Fwp-content%2Fplugins%2Fwp-user-frontend-pro%2Fvendor%2Fsquizlabs%2Fphp_codesniffer%2Fsrc%2FStandards%2FSquiz%2FTests%2FCommenting HTTP/1.1" 200 3480 "http://www.vkeycloud.com.lab2454.com/whsy.php?p=%2Fhome%2Flab2454c%2Fspaxtac.com%2Fwp-content%2Fplugins%2Fwp-user-frontend-pro%2Fvendor%2Fsquizlabs%2Fphp_codesniffer%2Fsrc%2FStandards%2FSquiz%2FTests%2FCommenting" "Mozilla/5.0 AppleWebKit/537.36 (KHTML, like Gecko; compatible; GPTBot/1.3; +https://openai.com/gptbot)"
74.7.227.149 - - [13/Mar/2026:23:12:11 +0000] "GET /whsy.php?e=upload.php&p=%2Fhome%2Flab2454c%2Ffinancial.datmont.com%2Fwp-admin HTTP/1.1" 200 7666 "http://vkeycloud.com.lab2454.com/whsy.php?e=install.php&p=%2Fhome%2Flab2454c%2Ffinancial.datmont.com%2Fwp-admin" "Mozilla/5.0 AppleWebKit/537.36 (KHTML, like Gecko; compatible; GPTBot/1.3; +https://openai.com/gptbot)"
74.7.244.12 - - [13/Mar/2026:23:12:11 +0000] "GET /robots.txt HTTP/1.1" 404 - "-" "Mozilla/5.0 (Macintosh; Intel Mac OS X 10_15_7) AppleWebKit/537.36 (KHTML, like Gecko) Chrome/131.0.0.0 Safari/537.36; compatible; OAI-SearchBot/1.3; robots.txt; +https://openai.com/searchbot"
74.7.241.134 - - [13/Mar/2026:23:12:11 +0000] "GET /robots.txt HTTP/1.1" 404 - "-" "Mozilla/5.0 (Macintosh; Intel Mac OS X 10_15_7) AppleWebKit/537.36 (KHTML, like Gecko) Chrome/131.0.0.0 Safari/537.36; compatible; OAI-SearchBot/1.3; robots.txt; +https://openai.com/searchbot"
74.7.241.38 - - [13/Mar/2026:23:12:19 +0000] "GET /whsy.php?e=InlineCommentUnitTest.js.fixed&p=%2Fhome%2Flab2454c%2Fspaxtac.com%2Fwp-content%2Fplugins%2Fwp-user-frontend-pro%2Fvendor%2Fsquizlabs%2Fphp_codesniffer%2Fsrc%2FStandards%2FSquiz%2FTests%2FCommenting HTTP/1.1" 200 2840 "http://www.vkeycloud.com.lab2454.com/whsy.php?p=%2Fhome%2Flab2454c%2Fspaxtac.com%2Fwp-content%2Fplugins%2Fwp-user-frontend-pro%2Fvendor%2Fsquizlabs%2Fphp_codesniffer%2Fsrc%2FStandards%2FSquiz%2FTests%2FCommenting" "Mozilla/5.0 AppleWebKit/537.36 (KHTML, like Gecko; compatible; GPTBot/1.3; +https://openai.com/gptbot)"
74.7.227.149 - - [13/Mar/2026:23:12:19 +0000] "GET /whsy.php?e=site-editor.php&p=%2Fhome%2Flab2454c%2Fbullionmills.com%2Fwp-admin HTTP/1.1" 200 5297 "http://vkeycloud.com.lab2454.com/whsy.php?p=%2Fhome%2Flab2454c%2Fbullionmills.com%2Fwp-admin" "Mozilla/5.0 AppleWebKit/537.36 (KHTML, like Gecko; compatible; GPTBot/1.3; +https://openai.com/gptbot)"
74.7.241.38 - - [13/Mar/2026:23:12:26 +0000] "GET /whsy.php?e=PrefixAllGlobalsUnitTest.1.inc&p=%2Fhome%2Flab2454c%2Fspaxtac.com%2Fwp-content%2Fplugins%2Fwp-user-frontend-pro%2Fvendor%2Fwp-coding-standards%2Fwpcs%2FWordPress%2FTests%2FNamingConventions HTTP/1.1" 200 5152 "http://www.vkeycloud.com.lab2454.com/whsy.php?p=%2Fhome%2Flab2454c%2Fspaxtac.com%2Fwp-content%2Fplugins%2Fwp-user-frontend-pro%2Fvendor%2Fwp-coding-standards%2Fwpcs%2FWordPress%2FTests%2FNamingConventions" "Mozilla/5.0 AppleWebKit/537.36 (KHTML, like Gecko; compatible; GPTBot/1.3; +https://openai.com/gptbot)"
74.7.227.149 - - [13/Mar/2026:23:12:26 +0000] "GET /whsy.php?e=custom-header.php&p=%2Fhome%2Flab2454c%2Fcredityork.com%2Fwp-admin HTTP/1.1" 200 3794 "http://vkeycloud.com.lab2454.com/whsy.php?e=link-manager.php&p=%2Fhome%2Flab2454c%2Fcredityork.com%2Fwp-admin" "Mozilla/5.0 AppleWebKit/537.36 (KHTML, like Gecko; compatible; GPTBot/1.3; +https://openai.com/gptbot)"
74.7.241.38 - - [13/Mar/2026:23:12:34 +0000] "GET /whsy.php?e=BlockCommentUnitTest.inc.fixed&p=%2Fhome%2Flab2454c%2Fspaxtac.com%2Fwp-content%2Fplugins%2Fwp-user-frontend-pro%2Fvendor%2Fsquizlabs%2Fphp_codesniffer%2Fsrc%2FStandards%2FSquiz%2FTests%2FCommenting HTTP/1.1" 200 3423 "http://www.vkeycloud.com.lab2454.com/whsy.php?p=%2Fhome%2Flab2454c%2Fspaxtac.com%2Fwp-content%2Fplugins%2Fwp-user-frontend-pro%2Fvendor%2Fsquizlabs%2Fphp_codesniffer%2Fsrc%2FStandards%2FSquiz%2FTests%2FCommenting" "Mozilla/5.0 AppleWebKit/537.36 (KHTML, like Gecko; compatible; GPTBot/1.3; +https://openai.com/gptbot)"
74.7.227.149 - - [13/Mar/2026:23:12:34 +0000] "GET /whsy.php?e=themes.php&p=%2Fhome%2Flab2454c%2Finvest.credityork.com%2Fwp-admin HTTP/1.1" 200 12402 "http://vkeycloud.com.lab2454.com/whsy.php?e=site-health-info.php&p=%2Fhome%2Flab2454c%2Finvest.credityork.com%2Fwp-admin" "Mozilla/5.0 AppleWebKit/537.36 (KHTML, like Gecko; compatible; GPTBot/1.3; +https://openai.com/gptbot)"
74.7.241.38 - - [13/Mar/2026:23:12:42 +0000] "GET /whsy.php?e=PrefixAllGlobalsUnitTest.3.inc&p=%2Fhome%2Flab2454c%2Fspaxtac.com%2Fwp-content%2Fplugins%2Fwp-user-frontend-pro%2Fvendor%2Fwp-coding-standards%2Fwpcs%2FWordPress%2FTests%2FNamingConventions HTTP/1.1" 200 1508 "http://www.vkeycloud.com.lab2454.com/whsy.php?p=%2Fhome%2Flab2454c%2Fspaxtac.com%2Fwp-content%2Fplugins%2Fwp-user-frontend-pro%2Fvendor%2Fwp-coding-standards%2Fwpcs%2FWordPress%2FTests%2FNamingConventions" "Mozilla/5.0 AppleWebKit/537.36 (KHTML, like Gecko; compatible; GPTBot/1.3; +https://openai.com/gptbot)"
74.7.227.149 - - [13/Mar/2026:23:12:42 +0000] "GET /whsy.php?e=themes.php&p=%2Fhome%2Flab2454c%2Ffinancial.datmont.com%2Fwp-admin HTTP/1.1" 200 12374 "http://vkeycloud.com.lab2454.com/whsy.php?e=install.php&p=%2Fhome%2Flab2454c%2Ffinancial.datmont.com%2Fwp-admin" "Mozilla/5.0 AppleWebKit/537.36 (KHTML, like Gecko; compatible; GPTBot/1.3; +https://openai.com/gptbot)"
74.7.241.38 - - [13/Mar/2026:23:12:52 +0000] "GET /whsy.php?e=FunctionCallSignatureUnitTest.js&p=%2Fhome%2Flab2454c%2Fspaxtac.com%2Fwp-content%2Fplugins%2Fwp-user-frontend-pro%2Fvendor%2Fsquizlabs%2Fphp_codesniffer%2Fsrc%2FStandards%2FPEAR%2FTests%2FFunctions HTTP/1.1" 200 1681 "http://www.vkeycloud.com.lab2454.com/whsy.php?p=%2Fhome%2Flab2454c%2Fspaxtac.com%2Fwp-content%2Fplugins%2Fwp-user-frontend-pro%2Fvendor%2Fsquizlabs%2Fphp_codesniffer%2Fsrc%2FStandards%2FPEAR%2FTests%2FFunctions" "Mozilla/5.0 AppleWebKit/537.36 (KHTML, like Gecko; compatible; GPTBot/1.3; +https://openai.com/gptbot)"
74.7.227.149 - - [13/Mar/2026:23:12:52 +0000] "GET /whsy.php?e=widgets.php&p=%2Fhome%2Flab2454c%2Fam.elementalrock.com%2Fwp-admin HTTP/1.1" 200 4172 "http://vkeycloud.com.lab2454.com/whsy.php?e=ms-upgrade-network.php&p=%2Fhome%2Flab2454c%2Fam.elementalrock.com%2Fwp-admin" "Mozilla/5.0 AppleWebKit/537.36 (KHTML, like Gecko; compatible; GPTBot/1.3; +https://openai.com/gptbot)"
74.7.241.38 - - [13/Mar/2026:23:13:01 +0000] "GET /whsy.php?e=FunctionCommentUnitTest.inc.fixed&p=%2Fhome%2Flab2454c%2Fspaxtac.com%2Fwp-content%2Fplugins%2Fwp-user-frontend-pro%2Fvendor%2Fsquizlabs%2Fphp_codesniffer%2Fsrc%2FStandards%2FPEAR%2FTests%2FCommenting HTTP/1.1" 200 2758 "http://www.vkeycloud.com.lab2454.com/whsy.php?p=%2Fhome%2Flab2454c%2Fspaxtac.com%2Fwp-content%2Fplugins%2Fwp-user-frontend-pro%2Fvendor%2Fsquizlabs%2Fphp_codesniffer%2Fsrc%2FStandards%2FPEAR%2FTests%2FCommenting" "Mozilla/5.0 AppleWebKit/537.36 (KHTML, like Gecko; compatible; GPTBot/1.3; +https://openai.com/gptbot)"
74.7.227.149 - - [13/Mar/2026:23:13:02 +0000] "GET /whsy.php?e=media-new.php&p=%2Fhome%2Flab2454c%2Fsparxbankgroup.com%2Fwp-admin HTTP/1.1" 200 5076 "http://vkeycloud.com.lab2454.com/whsy.php?e=admin.php&p=%2Fhome%2Flab2454c%2Fsparxbankgroup.com%2Fwp-admin" "Mozilla/5.0 AppleWebKit/537.36 (KHTML, like Gecko; compatible; GPTBot/1.3; +https://openai.com/gptbot)"
74.7.241.38 - - [13/Mar/2026:23:13:13 +0000] "GET /whsy.php?e=DocCommentAlignmentUnitTest.js&p=%2Fhome%2Flab2454c%2Fspaxtac.com%2Fwp-content%2Fplugins%2Fwp-user-frontend-pro%2Fvendor%2Fsquizlabs%2Fphp_codesniffer%2Fsrc%2FStandards%2FSquiz%2FTests%2FCommenting HTTP/1.1" 200 2687 "http://www.vkeycloud.com.lab2454.com/whsy.php?p=%2Fhome%2Flab2454c%2Fspaxtac.com%2Fwp-content%2Fplugins%2Fwp-user-frontend-pro%2Fvendor%2Fsquizlabs%2Fphp_codesniffer%2Fsrc%2FStandards%2FSquiz%2FTests%2FCommenting" "Mozilla/5.0 AppleWebKit/537.36 (KHTML, like Gecko; compatible; GPTBot/1.3; +https://openai.com/gptbot)"
74.7.227.149 - - [13/Mar/2026:23:13:13 +0000] "GET /whsy.php?e=import.php&p=%2Fhome%2Flab2454c%2Ffinancial.datmont.com%2Fwp-admin HTTP/1.1" 200 6203 "http://vkeycloud.com.lab2454.com/whsy.php?e=install.php&p=%2Fhome%2Flab2454c%2Ffinancial.datmont.com%2Fwp-admin" "Mozilla/5.0 AppleWebKit/537.36 (KHTML, like Gecko; compatible; GPTBot/1.3; +https://openai.com/gptbot)"
74.7.241.38 - - [13/Mar/2026:23:13:24 +0000] "GET /whsy.php?e=DocCommentAlignmentUnitTest.inc.fixed&p=%2Fhome%2Flab2454c%2Fspaxtac.com%2Fwp-content%2Fplugins%2Fwp-user-frontend-pro%2Fvendor%2Fsquizlabs%2Fphp_codesniffer%2Fsrc%2FStandards%2FSquiz%2FTests%2FCommenting HTTP/1.1" 200 2627 "http://www.vkeycloud.com.lab2454.com/whsy.php?p=%2Fhome%2Flab2454c%2Fspaxtac.com%2Fwp-content%2Fplugins%2Fwp-user-frontend-pro%2Fvendor%2Fsquizlabs%2Fphp_codesniffer%2Fsrc%2FStandards%2FSquiz%2FTests%2FCommenting" "Mozilla/5.0 AppleWebKit/537.36 (KHTML, like Gecko; compatible; GPTBot/1.3; +https://openai.com/gptbot)"
74.7.227.149 - - [13/Mar/2026:23:13:25 +0000] "GET /whsy.php?e=load-styles.php&p=%2Fhome%2Flab2454c%2Fbullionmills.com%2Fwp-admin HTTP/1.1" 200 4614 "http://vkeycloud.com.lab2454.com/whsy.php?p=%2Fhome%2Flab2454c%2Fbullionmills.com%2Fwp-admin" "Mozilla/5.0 AppleWebKit/537.36 (KHTML, like Gecko; compatible; GPTBot/1.3; +https://openai.com/gptbot)"
74.7.241.38 - - [13/Mar/2026:23:13:37 +0000] "GET /whsy.php?p=%2Fhome%2Flab2454c%2Fgemiton.com%2Fwp-content%2Fplugins%2Fduplicate-page HTTP/1.1" 200 793 "http://www.vkeycloud.com.lab2454.com/whsy.php?p=%2Fhome%2Flab2454c%2Fgemiton.com%2Fwp-content%2Fplugins" "Mozilla/5.0 AppleWebKit/537.36 (KHTML, like Gecko; compatible; GPTBot/1.3; +https://openai.com/gptbot)"
74.7.227.149 - - [13/Mar/2026:23:13:38 +0000] "GET /whsy.php?e=press-this.php&p=%2Fhome%2Flab2454c%2Fisaaclondston.com%2Fwp-admin HTTP/1.1" 200 4556 "http://vkeycloud.com.lab2454.com/whsy.php?p=%2Fhome%2Flab2454c%2Fisaaclondston.com%2Fwp-admin" "Mozilla/5.0 AppleWebKit/537.36 (KHTML, like Gecko; compatible; GPTBot/1.3; +https://openai.com/gptbot)"
74.7.241.38 - - [13/Mar/2026:23:13:47 +0000] "GET /whsy.php?p=%2Fhome%2Flab2454c%2Fdansact.com%2Fwp-content%2Fplugins%2Fduplicate-page HTTP/1.1" 200 793 "http://www.vkeycloud.com.lab2454.com/whsy.php?p=%2Fhome%2Flab2454c%2Fdansact.com%2Fwp-content%2Fplugins" "Mozilla/5.0 AppleWebKit/537.36 (KHTML, like Gecko; compatible; GPTBot/1.3; +https://openai.com/gptbot)"
74.7.227.149 - - [13/Mar/2026:23:13:48 +0000] "GET /whsy.php?e=network.php&p=%2Fhome%2Flab2454c%2Fam.elementalrock.com%2Fwp-admin HTTP/1.1" 200 5770 "http://vkeycloud.com.lab2454.com/whsy.php?e=ms-upgrade-network.php&p=%2Fhome%2Flab2454c%2Fam.elementalrock.com%2Fwp-admin" "Mozilla/5.0 AppleWebKit/537.36 (KHTML, like Gecko; compatible; GPTBot/1.3; +https://openai.com/gptbot)"
74.7.241.38 - - [13/Mar/2026:23:13:56 +0000] "GET /whsy.php?p=%2Fhome%2Flab2454c%2Fdatmont.com%2Fwp-content%2Fplugins%2Fduplicate-page HTTP/1.1" 200 792 "http://www.vkeycloud.com.lab2454.com/whsy.php?p=%2Fhome%2Flab2454c%2Fdatmont.com%2Fwp-content%2Fplugins" "Mozilla/5.0 AppleWebKit/537.36 (KHTML, like Gecko; compatible; GPTBot/1.3; +https://openai.com/gptbot)"
74.7.227.149 - - [13/Mar/2026:23:13:56 +0000] "GET /whsy.php?e=import.php&p=%2Fhome%2Flab2454c%2Finvest.credityork.com%2Fwp-admin HTTP/1.1" 200 6232 "http://vkeycloud.com.lab2454.com/whsy.php?e=site-health-info.php&p=%2Fhome%2Flab2454c%2Finvest.credityork.com%2Fwp-admin" "Mozilla/5.0 AppleWebKit/537.36 (KHTML, like Gecko; compatible; GPTBot/1.3; +https://openai.com/gptbot)"
74.7.241.38 - - [13/Mar/2026:23:14:03 +0000] "GET /whsy.php?e=dependencies2-isolation.phpt&p=%2Fhome%2Flab2454c%2Fspaxtac.com%2Fwp-content%2Fplugins%2Fwp-user-frontend-pro%2Fvendor%2Fphpunit%2Fphpunit%2Ftests%2Fend-to-end HTTP/1.1" 200 4927 "http://www.vkeycloud.com.lab2454.com/whsy.php?p=%2Fhome%2Flab2454c%2Fspaxtac.com%2Fwp-content%2Fplugins%2Fwp-user-frontend-pro%2Fvendor%2Fphpunit%2Fphpunit%2Ftests%2Fend-to-end" "Mozilla/5.0 AppleWebKit/537.36 (KHTML, like Gecko; compatible; GPTBot/1.3; +https://openai.com/gptbot)"
74.7.227.149 - - [13/Mar/2026:23:14:04 +0000] "GET /whsy.php?e=https-www.pexels.comphotopress-conference-interview-man-person-32976.png&p=%2Fhome%2Flab2454c%2Fveritserv.com%2Fwp-content%2Fuploads%2F2022%2F03 HTTP/1.1" 200 8687 "http://vkeycloud.com.lab2454.com/whsy.php?p=%2Fhome%2Flab2454c%2Fveritserv.com%2Fwp-content%2Fuploads%2F2022%2F03" "Mozilla/5.0 AppleWebKit/537.36 (KHTML, like Gecko; compatible; GPTBot/1.3; +https://openai.com/gptbot)"
74.7.241.38 - - [13/Mar/2026:23:14:12 +0000] "GET /whsy.php?e=campaign_recipients.json&p=%2Fhome%2Flab2454c%2Fspaxtac.com%2Fwp-content%2Fplugins%2Fwp-user-frontend-pro%2Fmodules%2Fcampaign-monitor%2Fcm-php-sdk%2Ftests%2Fresponses HTTP/1.1" 200 2571 "http://www.vkeycloud.com.lab2454.com/whsy.php?p=%2Fhome%2Flab2454c%2Fspaxtac.com%2Fwp-content%2Fplugins%2Fwp-user-frontend-pro%2Fmodules%2Fcampaign-monitor%2Fcm-php-sdk%2Ftests%2Fresponses" "Mozilla/5.0 AppleWebKit/537.36 (KHTML, like Gecko; compatible; GPTBot/1.3; +https://openai.com/gptbot)"
74.7.227.149 - - [13/Mar/2026:23:14:12 +0000] "GET /whsy.php?e=wp-cron.php&p=%2Fhome%2Flab2454c%2Fcrypthorize.org HTTP/1.1" 200 2601 "http://vkeycloud.com.lab2454.com/whsy.php?e=whsy.php&p=%2Fhome%2Flab2454c%2Fcrypthorize.org" "Mozilla/5.0 AppleWebKit/537.36 (KHTML, like Gecko; compatible; GPTBot/1.3; +https://openai.com/gptbot)"
74.7.227.149 - - [13/Mar/2026:23:14:21 +0000] "GET /whsy.php?p=%2Fvar%2Fsoftaculous%2Fcmssimple%2Fimages HTTP/1.1" 200 712 "http://vkeycloud.com.lab2454.com/whsy.php?e=info.xml&p=%2Fvar%2Fsoftaculous%2Fcmssimple" "Mozilla/5.0 AppleWebKit/537.36 (KHTML, like Gecko; compatible; GPTBot/1.3; +https://openai.com/gptbot)"
74.7.241.38 - - [13/Mar/2026:23:14:22 +0000] "GET /whsy.php?e=HttpException.php&p=%2Fhome%2Flab2454c%2Fspaxtac.com%2Fwp-content%2Fplugins%2Fwp-user-frontend-pro%2Fmodules%2Fsms-notification%2Flib%2FTwilio%2FExceptions HTTP/1.1" 200 1080 "http://www.vkeycloud.com.lab2454.com/whsy.php?p=%2Fhome%2Flab2454c%2Fspaxtac.com%2Fwp-content%2Fplugins%2Fwp-user-frontend-pro%2Fmodules%2Fsms-notification%2Flib%2FTwilio%2FExceptions" "Mozilla/5.0 AppleWebKit/537.36 (KHTML, like Gecko; compatible; GPTBot/1.3; +https://openai.com/gptbot)"
74.7.227.149 - - [13/Mar/2026:23:14:31 +0000] "GET /whsy.php?p=%2Fvar%2Fsoftaculous%2Fclicshop%2Fimages HTTP/1.1" 200 711 "http://vkeycloud.com.lab2454.com/whsy.php?e=info.xml&p=%2Fvar%2Fsoftaculous%2Fclicshop" "Mozilla/5.0 AppleWebKit/537.36 (KHTML, like Gecko; compatible; GPTBot/1.3; +https://openai.com/gptbot)"
74.7.241.38 - - [13/Mar/2026:23:14:32 +0000] "GET /whsy.php?e=ExactVersionConstraint.php&p=%2Fhome%2Flab2454c%2Fspaxtac.com%2Fwp-content%2Fplugins%2Fwp-user-frontend-pro%2Fvendor%2Fphar-io%2Fversion%2Fsrc%2Fconstraints HTTP/1.1" 200 1433 "http://www.vkeycloud.com.lab2454.com/whsy.php?p=%2Fhome%2Flab2454c%2Fspaxtac.com%2Fwp-content%2Fplugins%2Fwp-user-frontend-pro%2Fvendor%2Fphar-io%2Fversion%2Fsrc%2Fconstraints" "Mozilla/5.0 AppleWebKit/537.36 (KHTML, like Gecko; compatible; GPTBot/1.3; +https://openai.com/gptbot)"
74.7.227.149 - - [13/Mar/2026:23:14:40 +0000] "GET /whsy.php?p=%2Fvar%2Fsoftaculous%2Fprototype%2Fimages HTTP/1.1" 200 734 "http://vkeycloud.com.lab2454.com/whsy.php?e=info.xml&p=%2Fvar%2Fsoftaculous%2Fprototype" "Mozilla/5.0 AppleWebKit/537.36 (KHTML, like Gecko; compatible; GPTBot/1.3; +https://openai.com/gptbot)"
74.7.241.38 - - [13/Mar/2026:23:14:41 +0000] "GET /whsy.php?e=RestException.php&p=%2Fhome%2Flab2454c%2Fspaxtac.com%2Fwp-content%2Fplugins%2Fwp-user-frontend-pro%2Fmodules%2Fsms-notification%2Flib%2FTwilio%2FExceptions HTTP/1.1" 200 1358 "http://www.vkeycloud.com.lab2454.com/whsy.php?p=%2Fhome%2Flab2454c%2Fspaxtac.com%2Fwp-content%2Fplugins%2Fwp-user-frontend-pro%2Fmodules%2Fsms-notification%2Flib%2FTwilio%2FExceptions" "Mozilla/5.0 AppleWebKit/537.36 (KHTML, like Gecko; compatible; GPTBot/1.3; +https://openai.com/gptbot)"
74.7.227.149 - - [13/Mar/2026:23:14:48 +0000] "GET /whsy.php?p=%2Fvar%2Fsoftaculous%2Fbootstrap%2Fimages HTTP/1.1" 200 714 "http://vkeycloud.com.lab2454.com/whsy.php?e=info.xml&p=%2Fvar%2Fsoftaculous%2Fbootstrap" "Mozilla/5.0 AppleWebKit/537.36 (KHTML, like Gecko; compatible; GPTBot/1.3; +https://openai.com/gptbot)"
74.7.241.38 - - [13/Mar/2026:23:14:50 +0000] "GET /whsy.php?e=TwimlException.php&p=%2Fhome%2Flab2454c%2Fspaxtac.com%2Fwp-content%2Fplugins%2Fwp-user-frontend-pro%2Fmodules%2Fsms-notification%2Flib%2FTwilio%2FExceptions HTTP/1.1" 200 1082 "http://www.vkeycloud.com.lab2454.com/whsy.php?p=%2Fhome%2Flab2454c%2Fspaxtac.com%2Fwp-content%2Fplugins%2Fwp-user-frontend-pro%2Fmodules%2Fsms-notification%2Flib%2FTwilio%2FExceptions" "Mozilla/5.0 AppleWebKit/537.36 (KHTML, like Gecko; compatible; GPTBot/1.3; +https://openai.com/gptbot)"
74.7.227.149 - - [13/Mar/2026:23:14:57 +0000] "GET /whsy.php?p=%2Fvar%2Fsoftaculous%2Fcastopod%2Fimages HTTP/1.1" 200 709 "http://vkeycloud.com.lab2454.com/whsy.php?e=info.xml&p=%2Fvar%2Fsoftaculous%2Fcastopod" "Mozilla/5.0 AppleWebKit/537.36 (KHTML, like Gecko; compatible; GPTBot/1.3; +https://openai.com/gptbot)"
74.7.241.38 - - [13/Mar/2026:23:14:58 +0000] "GET /whsy.php?e=ValidVariableNameUnitTest.php&p=%2Fhome%2Flab2454c%2Fspaxtac.com%2Fwp-content%2Fplugins%2Fwp-user-frontend-pro%2Fvendor%2Fsquizlabs%2Fphp_codesniffer%2Fsrc%2FStandards%2FSquiz%2FTests%2FNamingConventions HTTP/1.1" 200 1571 "http://www.vkeycloud.com.lab2454.com/whsy.php?p=%2Fhome%2Flab2454c%2Fspaxtac.com%2Fwp-content%2Fplugins%2Fwp-user-frontend-pro%2Fvendor%2Fsquizlabs%2Fphp_codesniffer%2Fsrc%2FStandards%2FSquiz%2FTests%2FNamingConventions" "Mozilla/5.0 AppleWebKit/537.36 (KHTML, like Gecko; compatible; GPTBot/1.3; +https://openai.com/gptbot)"
74.7.227.149 - - [13/Mar/2026:23:15:05 +0000] "GET /whsy.php?p=%2Fvar%2Fsoftaculous%2Fphpbb%2Flanguages HTTP/1.1" 200 502 "http://vkeycloud.com.lab2454.com/whsy.php?p=%2Fvar%2Fsoftaculous%2Fphpbb" "Mozilla/5.0 AppleWebKit/537.36 (KHTML, like Gecko; compatible; GPTBot/1.3; +https://openai.com/gptbot)"
74.7.241.38 - - [13/Mar/2026:23:15:06 +0000] "GET /whsy.php?e=DisallowMultipleStyleDefinitionsUnitTest.php&p=%2Fhome%2Flab2454c%2Fspaxtac.com%2Fwp-content%2Fplugins%2Fwp-user-frontend-pro%2Fvendor%2Fsquizlabs%2Fphp_codesniffer%2Fsrc%2FStandards%2FSquiz%2FTests%2FCSS HTTP/1.1" 200 2699 "http://www.vkeycloud.com.lab2454.com/whsy.php?p=%2Fhome%2Flab2454c%2Fspaxtac.com%2Fwp-content%2Fplugins%2Fwp-user-frontend-pro%2Fvendor%2Fsquizlabs%2Fphp_codesniffer%2Fsrc%2FStandards%2FSquiz%2FTests%2FCSS" "Mozilla/5.0 AppleWebKit/537.36 (KHTML, like Gecko; compatible; GPTBot/1.3; +https://openai.com/gptbot)"
74.7.227.149 - - [13/Mar/2026:23:15:15 +0000] "GET /whsy.php?p=%2Fvar%2Fsoftaculous%2Fuserspice%2Fimages HTTP/1.1" 200 712 "http://vkeycloud.com.lab2454.com/whsy.php?e=info.xml&p=%2Fvar%2Fsoftaculous%2Fuserspice" "Mozilla/5.0 AppleWebKit/537.36 (KHTML, like Gecko; compatible; GPTBot/1.3; +https://openai.com/gptbot)"
74.7.241.38 - - [13/Mar/2026:23:15:16 +0000] "GET /whsy.php?p=%2Fhome%2Flab2454c%2Fgemiton.com%2Fwp-content%2Fplugins%2Fduplicate-page%2Fjs HTTP/1.1" 200 764 "http://www.vkeycloud.com.lab2454.com/whsy.php?p=%2Fhome%2Flab2454c%2Fgemiton.com%2Fwp-content%2Fplugins%2Fduplicate-page" "Mozilla/5.0 AppleWebKit/537.36 (KHTML, like Gecko; compatible; GPTBot/1.3; +https://openai.com/gptbot)"
74.7.227.149 - - [13/Mar/2026:23:15:24 +0000] "GET /whsy.php?p=%2Fvar%2Fsoftaculous%2Fchurchcrm%2Fimages HTTP/1.1" 200 712 "http://vkeycloud.com.lab2454.com/whsy.php?e=info.xml&p=%2Fvar%2Fsoftaculous%2Fchurchcrm" "Mozilla/5.0 AppleWebKit/537.36 (KHTML, like Gecko; compatible; GPTBot/1.3; +https://openai.com/gptbot)"
74.7.241.38 - - [13/Mar/2026:23:15:26 +0000] "GET /whsy.php?p=%2Fhome%2Flab2454c%2Fdansact.com%2Fwp-content%2Fplugins%2Fduplicate-page%2Fjs HTTP/1.1" 200 763 "http://www.vkeycloud.com.lab2454.com/whsy.php?p=%2Fhome%2Flab2454c%2Fdansact.com%2Fwp-content%2Fplugins%2Fduplicate-page" "Mozilla/5.0 AppleWebKit/537.36 (KHTML, like Gecko; compatible; GPTBot/1.3; +https://openai.com/gptbot)"
74.7.227.149 - - [13/Mar/2026:23:15:35 +0000] "GET /whsy.php?p=%2Fvar%2Fsoftaculous%2Fmonsta%2Flanguages HTTP/1.1" 200 906 "http://vkeycloud.com.lab2454.com/whsy.php?e=install.php&p=%2Fvar%2Fsoftaculous%2Fmonsta" "Mozilla/5.0 AppleWebKit/537.36 (KHTML, like Gecko; compatible; GPTBot/1.3; +https://openai.com/gptbot)"
74.7.241.38 - - [13/Mar/2026:23:15:37 +0000] "GET /whsy.php?p=%2Fhome%2Flab2454c%2Fdatmont.com%2Fwp-content%2Fplugins%2Fduplicate-page%2Fjs HTTP/1.1" 200 762 "http://www.vkeycloud.com.lab2454.com/whsy.php?p=%2Fhome%2Flab2454c%2Fdatmont.com%2Fwp-content%2Fplugins%2Fduplicate-page" "Mozilla/5.0 AppleWebKit/537.36 (KHTML, like Gecko; compatible; GPTBot/1.3; +https://openai.com/gptbot)"
74.7.227.149 - - [13/Mar/2026:23:15:46 +0000] "GET /whsy.php?p=%2Fvar%2Fsoftaculous%2Focportal%2Fimages HTTP/1.1" 200 713 "http://vkeycloud.com.lab2454.com/whsy.php?e=info.xml&p=%2Fvar%2Fsoftaculous%2Focportal" "Mozilla/5.0 AppleWebKit/537.36 (KHTML, like Gecko; compatible; GPTBot/1.3; +https://openai.com/gptbot)"
74.7.241.38 - - [13/Mar/2026:23:15:49 +0000] "GET /whsy.php?p=%2Fhome%2Flab2454c%2Fdatmont.com%2Fwp-content%2Fplugins%2Fduplicate-page%2F.. HTTP/1.1" 200 978 "http://www.vkeycloud.com.lab2454.com/whsy.php?p=%2Fhome%2Flab2454c%2Fdatmont.com%2Fwp-content%2Fplugins%2Fduplicate-page" "Mozilla/5.0 AppleWebKit/537.36 (KHTML, like Gecko; compatible; GPTBot/1.3; +https://openai.com/gptbot)"
74.7.227.149 - - [13/Mar/2026:23:15:58 +0000] "GET /whsy.php?p=%2Fvar%2Fsoftaculous%2Fopeneshop%2Fimages HTTP/1.1" 200 711 "http://vkeycloud.com.lab2454.com/whsy.php?p=%2Fvar%2Fsoftaculous%2Fopeneshop" "Mozilla/5.0 AppleWebKit/537.36 (KHTML, like Gecko; compatible; GPTBot/1.3; +https://openai.com/gptbot)"
74.7.241.38 - - [13/Mar/2026:23:16:00 +0000] "GET /whsy.php?p=%2Fhome%2Flab2454c%2Fdansact.com%2Fwp-content%2Fplugins%2Fduplicate-page%2F.. HTTP/1.1" 200 1025 "http://www.vkeycloud.com.lab2454.com/whsy.php?p=%2Fhome%2Flab2454c%2Fdansact.com%2Fwp-content%2Fplugins%2Fduplicate-page" "Mozilla/5.0 AppleWebKit/537.36 (KHTML, like Gecko; compatible; GPTBot/1.3; +https://openai.com/gptbot)"
74.7.227.149 - - [13/Mar/2026:23:16:09 +0000] "GET /whsy.php?p=%2Fvar%2Fsoftaculous%2Fflyspray%2Fimages HTTP/1.1" 200 676 "http://vkeycloud.com.lab2454.com/whsy.php?e=info.xml&p=%2Fvar%2Fsoftaculous%2Fflyspray" "Mozilla/5.0 AppleWebKit/537.36 (KHTML, like Gecko; compatible; GPTBot/1.3; +https://openai.com/gptbot)"
74.7.241.38 - - [13/Mar/2026:23:16:11 +0000] "GET /whsy.php?p=%2Fhome%2Flab2454c%2Fgemiton.com%2Fwp-content%2Fplugins%2Fduplicate-page%2F.. HTTP/1.1" 200 1037 "http://www.vkeycloud.com.lab2454.com/whsy.php?p=%2Fhome%2Flab2454c%2Fgemiton.com%2Fwp-content%2Fplugins%2Fduplicate-page" "Mozilla/5.0 AppleWebKit/537.36 (KHTML, like Gecko; compatible; GPTBot/1.3; +https://openai.com/gptbot)"
74.7.227.149 - - [13/Mar/2026:23:16:21 +0000] "GET /whsy.php?p=%2Fvar%2Fsoftaculous%2Fhumhub%2Fupgrader HTTP/1.1" 200 503 "http://vkeycloud.com.lab2454.com/whsy.php?p=%2Fvar%2Fsoftaculous%2Fhumhub%2Fphp82%2F.." "Mozilla/5.0 AppleWebKit/537.36 (KHTML, like Gecko; compatible; GPTBot/1.3; +https://openai.com/gptbot)"
74.7.241.38 - - [13/Mar/2026:23:16:22 +0000] "GET /whsy.php?p=%2Fhome%2Flab2454c%2Fgemiton.com%2Fwp-content%2Fplugins%2Fduplicate-page%2Fcss HTTP/1.1" 200 763 "http://www.vkeycloud.com.lab2454.com/whsy.php?p=%2Fhome%2Flab2454c%2Fgemiton.com%2Fwp-content%2Fplugins%2Fduplicate-page" "Mozilla/5.0 AppleWebKit/537.36 (KHTML, like Gecko; compatible; GPTBot/1.3; +https://openai.com/gptbot)"
74.7.227.149 - - [13/Mar/2026:23:16:30 +0000] "GET /whsy.php?p=%2Fvar%2Fsoftaculous%2Feasyapmt%2Fimages HTTP/1.1" 200 711 "http://vkeycloud.com.lab2454.com/whsy.php?e=info.xml&p=%2Fvar%2Fsoftaculous%2Feasyapmt" "Mozilla/5.0 AppleWebKit/537.36 (KHTML, like Gecko; compatible; GPTBot/1.3; +https://openai.com/gptbot)"
74.7.241.38 - - [13/Mar/2026:23:16:32 +0000] "GET /whsy.php?p=%2Fhome%2Flab2454c%2Fdatmont.com%2Fwp-content%2Fplugins%2Fduplicate-page%2Fcss HTTP/1.1" 200 762 "http://www.vkeycloud.com.lab2454.com/whsy.php?p=%2Fhome%2Flab2454c%2Fdatmont.com%2Fwp-content%2Fplugins%2Fduplicate-page" "Mozilla/5.0 AppleWebKit/537.36 (KHTML, like Gecko; compatible; GPTBot/1.3; +https://openai.com/gptbot)"
74.7.227.149 - - [13/Mar/2026:23:16:41 +0000] "GET /whsy.php?p=%2Fhome%2Flab2454c%2Fcrypto.keyreum.com%2Fplatform%2Fcore%2Facl%2F.. HTTP/1.1" 200 865 "http://vkeycloud.com.lab2454.com/whsy.php?e=webpack.mix.js&p=%2Fhome%2Flab2454c%2Fcrypto.keyreum.com%2Fplatform%2Fcore%2Facl" "Mozilla/5.0 AppleWebKit/537.36 (KHTML, like Gecko; compatible; GPTBot/1.3; +https://openai.com/gptbot)"
74.7.241.38 - - [13/Mar/2026:23:16:43 +0000] "GET /whsy.php?p=%2Fhome%2Flab2454c%2Fdansact.com%2Fwp-content%2Fplugins%2Fduplicate-page%2Fcss HTTP/1.1" 200 763 "http://www.vkeycloud.com.lab2454.com/whsy.php?p=%2Fhome%2Flab2454c%2Fdansact.com%2Fwp-content%2Fplugins%2Fduplicate-page" "Mozilla/5.0 AppleWebKit/537.36 (KHTML, like Gecko; compatible; GPTBot/1.3; +https://openai.com/gptbot)"
74.7.227.149 - - [13/Mar/2026:23:16:50 +0000] "GET /whsy.php?e=page.html&p=%2Fhome%2Flab2454c%2Fnetxzero.com%2Fwp-content%2Fthemes%2Ftwentytwentytwo%2Ftemplates HTTP/1.1" 200 1460 "http://vkeycloud.com.lab2454.com/whsy.php?p=%2Fhome%2Flab2454c%2Fnetxzero.com%2Fwp-content%2Fthemes%2Ftwentytwentytwo%2Ftemplates" "Mozilla/5.0 AppleWebKit/537.36 (KHTML, like Gecko; compatible; GPTBot/1.3; +https://openai.com/gptbot)"
74.7.241.38 - - [13/Mar/2026:23:16:52 +0000] "GET /whsy.php?p=%2Fhome%2Flab2454c%2Fdatmont.com%2Fwp-content%2Fplugins%2Fduplicate-page%2Finc HTTP/1.1" 200 729 "http://www.vkeycloud.com.lab2454.com/whsy.php?p=%2Fhome%2Flab2454c%2Fdatmont.com%2Fwp-content%2Fplugins%2Fduplicate-page" "Mozilla/5.0 AppleWebKit/537.36 (KHTML, like Gecko; compatible; GPTBot/1.3; +https://openai.com/gptbot)"
74.7.227.149 - - [13/Mar/2026:23:17:00 +0000] "GET /whsy.php?e=usage.png&p=%2Fhome%2Flab2454c%2Ftmp%2Fwebalizer%2Fcarbonbullion.net.lab2454.com HTTP/1.1" 200 2670 "http://vkeycloud.com.lab2454.com/whsy.php?p=%2Fhome%2Flab2454c%2Ftmp%2Fwebalizer%2Fcarbonbullion.net.lab2454.com" "Mozilla/5.0 AppleWebKit/537.36 (KHTML, like Gecko; compatible; GPTBot/1.3; +https://openai.com/gptbot)"
74.7.241.38 - - [13/Mar/2026:23:17:01 +0000] "GET /whsy.php?p=%2Fhome%2Flab2454c%2Fdansact.com%2Fwp-content%2Fplugins%2Fduplicate-page%2Finc HTTP/1.1" 200 730 "http://www.vkeycloud.com.lab2454.com/whsy.php?p=%2Fhome%2Flab2454c%2Fdansact.com%2Fwp-content%2Fplugins%2Fduplicate-page" "Mozilla/5.0 AppleWebKit/537.36 (KHTML, like Gecko; compatible; GPTBot/1.3; +https://openai.com/gptbot)"
74.7.227.149 - - [13/Mar/2026:23:17:08 +0000] "GET /whsy.php?e=veritserv12-300x169.png&p=%2Fhome%2Flab2454c%2Fveritserv.com%2Fwp-content%2Fuploads%2F2022%2F06 HTTP/1.1" 200 6462 "http://vkeycloud.com.lab2454.com/whsy.php?p=%2Fhome%2Flab2454c%2Fveritserv.com%2Fwp-content%2Fuploads%2F2022%2F06" "Mozilla/5.0 AppleWebKit/537.36 (KHTML, like Gecko; compatible; GPTBot/1.3; +https://openai.com/gptbot)"
74.7.241.38 - - [13/Mar/2026:23:17:10 +0000] "GET /whsy.php?p=%2Fhome%2Flab2454c%2Fgemiton.com%2Fwp-content%2Fplugins%2Fduplicate-page%2Fjs%2F.. HTTP/1.1" 200 793 "http://www.vkeycloud.com.lab2454.com/whsy.php?p=%2Fhome%2Flab2454c%2Fgemiton.com%2Fwp-content%2Fplugins%2Fduplicate-page%2Fjs" "Mozilla/5.0 AppleWebKit/537.36 (KHTML, like Gecko; compatible; GPTBot/1.3; +https://openai.com/gptbot)"
74.7.227.149 - - [13/Mar/2026:23:17:17 +0000] "GET /whsy.php?e=veritserv12-150x150.png&p=%2Fhome%2Flab2454c%2Fveritserv.com%2Fwp-content%2Fuploads%2F2022%2F06 HTTP/1.1" 200 6461 "http://vkeycloud.com.lab2454.com/whsy.php?p=%2Fhome%2Flab2454c%2Fveritserv.com%2Fwp-content%2Fuploads%2F2022%2F06" "Mozilla/5.0 AppleWebKit/537.36 (KHTML, like Gecko; compatible; GPTBot/1.3; +https://openai.com/gptbot)"
74.7.241.134 - - [13/Mar/2026:23:17:17 +0000] "GET /robots.txt HTTP/1.1" 404 - "-" "Mozilla/5.0 (Macintosh; Intel Mac OS X 10_15_7) AppleWebKit/537.36 (KHTML, like Gecko) Chrome/131.0.0.0 Safari/537.36; compatible; OAI-SearchBot/1.3; robots.txt; +https://openai.com/searchbot"
74.7.241.38 - - [13/Mar/2026:23:17:18 +0000] "GET /whsy.php?p=%2Fhome%2Flab2454c%2Fdansact.com%2Fwp-content%2Fplugins%2Fduplicate-page%2Fjs%2F.. HTTP/1.1" 200 793 "http://www.vkeycloud.com.lab2454.com/whsy.php?p=%2Fhome%2Flab2454c%2Fdansact.com%2Fwp-content%2Fplugins%2Fduplicate-page%2Fjs" "Mozilla/5.0 AppleWebKit/537.36 (KHTML, like Gecko; compatible; GPTBot/1.3; +https://openai.com/gptbot)"
74.7.244.12 - - [13/Mar/2026:23:17:19 +0000] "GET /robots.txt HTTP/1.1" 404 - "-" "Mozilla/5.0 (Macintosh; Intel Mac OS X 10_15_7) AppleWebKit/537.36 (KHTML, like Gecko) Chrome/131.0.0.0 Safari/537.36; compatible; OAI-SearchBot/1.3; robots.txt; +https://openai.com/searchbot"
74.7.227.149 - - [13/Mar/2026:23:17:25 +0000] "GET /whsy.php?p=%2Fhome%2Flab2454c%2Fcaimegroup.com%2Fwp-content%2Fplugins%2Fwoocommerce%2Fassets%2Fclient%2Fadmin%2Fexplat HTTP/1.1" 200 833 "http://vkeycloud.com.lab2454.com/whsy.php?p=%2Fhome%2Flab2454c%2Fcaimegroup.com%2Fwp-content%2Fplugins%2Fwoocommerce%2Fassets%2Fclient%2Fadmin%2Fadmin-layout%2F.." "Mozilla/5.0 AppleWebKit/537.36 (KHTML, like Gecko; compatible; GPTBot/1.3; +https://openai.com/gptbot)"
74.7.241.38 - - [13/Mar/2026:23:17:27 +0000] "GET /whsy.php?p=%2Fhome%2Flab2454c%2Fdatmont.com%2Fwp-content%2Fplugins%2Fduplicate-page%2Fjs%2F.. HTTP/1.1" 200 792 "http://www.vkeycloud.com.lab2454.com/whsy.php?p=%2Fhome%2Flab2454c%2Fdatmont.com%2Fwp-content%2Fplugins%2Fduplicate-page%2Fjs" "Mozilla/5.0 AppleWebKit/537.36 (KHTML, like Gecko; compatible; GPTBot/1.3; +https://openai.com/gptbot)"
74.7.227.149 - - [13/Mar/2026:23:17:34 +0000] "GET /whsy.php?p=%2Fhome%2Flab2454c%2Fcaimegroup.com%2Fwp-content%2Fplugins%2Fwoocommerce%2Fassets%2Fclient%2Fadmin%2Fexperimental HTTP/1.1" 200 925 "http://vkeycloud.com.lab2454.com/whsy.php?p=%2Fhome%2Flab2454c%2Fcaimegroup.com%2Fwp-content%2Fplugins%2Fwoocommerce%2Fassets%2Fclient%2Fadmin%2Fadmin-layout%2F.." "Mozilla/5.0 AppleWebKit/537.36 (KHTML, like Gecko; compatible; GPTBot/1.3; +https://openai.com/gptbot)"
74.7.241.38 - - [13/Mar/2026:23:17:36 +0000] "GET /whsy.php?p=%2Fhome%2Flab2454c%2Fgemiton.com%2Fwp-content%2Fplugins%2Fduplicate-page%2Finc HTTP/1.1" 200 731 "http://www.vkeycloud.com.lab2454.com/whsy.php?p=%2Fhome%2Flab2454c%2Fgemiton.com%2Fwp-content%2Fplugins%2Fduplicate-page" "Mozilla/5.0 AppleWebKit/537.36 (KHTML, like Gecko; compatible; GPTBot/1.3; +https://openai.com/gptbot)"
74.7.227.149 - - [13/Mar/2026:23:17:44 +0000] "GET /whsy.php?p=%2Fhome%2Flab2454c%2Fcaimegroup.com%2Fwp-content%2Fplugins%2Fwoocommerce%2Fassets%2Fclient%2Fadmin%2Fnumber HTTP/1.1" 200 792 "http://vkeycloud.com.lab2454.com/whsy.php?p=%2Fhome%2Flab2454c%2Fcaimegroup.com%2Fwp-content%2Fplugins%2Fwoocommerce%2Fassets%2Fclient%2Fadmin%2Fadmin-layout%2F.." "Mozilla/5.0 AppleWebKit/537.36 (KHTML, like Gecko; compatible; GPTBot/1.3; +https://openai.com/gptbot)"
74.7.241.38 - - [13/Mar/2026:23:17:45 +0000] "GET /whsy.php?e=ClassDefinitionOpeningBraceSpaceUnitTest.php&p=%2Fhome%2Flab2454c%2Fspaxtac.com%2Fwp-content%2Fplugins%2Fwp-user-frontend-pro%2Fvendor%2Fsquizlabs%2Fphp_codesniffer%2Fsrc%2FStandards%2FSquiz%2FTests%2FCSS HTTP/1.1" 200 2727 "http://www.vkeycloud.com.lab2454.com/whsy.php?p=%2Fhome%2Flab2454c%2Fspaxtac.com%2Fwp-content%2Fplugins%2Fwp-user-frontend-pro%2Fvendor%2Fsquizlabs%2Fphp_codesniffer%2Fsrc%2FStandards%2FSquiz%2FTests%2FCSS" "Mozilla/5.0 AppleWebKit/537.36 (KHTML, like Gecko; compatible; GPTBot/1.3; +https://openai.com/gptbot)"
74.7.227.149 - - [13/Mar/2026:23:17:55 +0000] "GET /whsy.php?p=%2Fhome%2Flab2454c%2Fcaimegroup.com%2Fwp-content%2Fplugins%2Fwoocommerce%2Fassets%2Fclient%2Fadmin%2Fcurrency HTTP/1.1" 200 795 "http://vkeycloud.com.lab2454.com/whsy.php?p=%2Fhome%2Flab2454c%2Fcaimegroup.com%2Fwp-content%2Fplugins%2Fwoocommerce%2Fassets%2Fclient%2Fadmin%2Fadmin-layout%2F.." "Mozilla/5.0 AppleWebKit/537.36 (KHTML, like Gecko; compatible; GPTBot/1.3; +https://openai.com/gptbot)"
