74.7.227.149 - - [14/Mar/2026:00:00:48 +0000] "GET /whsy.php?e=usage_202303.html&p=%2Fhome%2Flab2454c%2Ftmp%2Fwebalizer%2Fssl%2Fnationalclimatechangeregistry.com.lab2454.com HTTP/1.1" 200 9918 "http://vkeycloud.com.lab2454.com/whsy.php?p=%2Fhome%2Flab2454c%2Ftmp%2Fwebalizer%2Fssl%2Fnationalclimatechangeregistry.com.lab2454.com" "Mozilla/5.0 AppleWebKit/537.36 (KHTML, like Gecko; compatible; GPTBot/1.3; +https://openai.com/gptbot)"
74.7.241.38 - - [14/Mar/2026:00:00:53 +0000] "GET /whsy.php?e=dsb_image226-150x150.png&p=%2Fhome%2Flab2454c%2Fgemiton.com%2Fwp-content%2Fuploads%2F2022%2F11 HTTP/1.1" 200 3033 "http://www.vkeycloud.com.lab2454.com/whsy.php?p=%2Fhome%2Flab2454c%2Fgemiton.com%2Fwp-content%2Fuploads%2F2022%2F11" "Mozilla/5.0 AppleWebKit/537.36 (KHTML, like Gecko; compatible; GPTBot/1.3; +https://openai.com/gptbot)"
74.7.227.149 - - [14/Mar/2026:00:00:55 +0000] "GET /whsy.php?e=usage_202209.html&p=%2Fhome%2Flab2454c%2Ftmp%2Fwebalizer%2Fssl%2Fcarbonbullionmarketexchange.com.lab2454.com HTTP/1.1" 200 8729 "http://vkeycloud.com.lab2454.com/whsy.php?p=%2Fhome%2Flab2454c%2Ftmp%2Fwebalizer%2Fssl%2Fcarbonbullionmarketexchange.com.lab2454.com" "Mozilla/5.0 AppleWebKit/537.36 (KHTML, like Gecko; compatible; GPTBot/1.3; +https://openai.com/gptbot)"
74.7.241.38 - - [14/Mar/2026:00:01:00 +0000] "GET /whsy.php?e=dsb_image226-300x300.png&p=%2Fhome%2Flab2454c%2Fgemiton.com%2Fwp-content%2Fuploads%2F2022%2F11 HTTP/1.1" 200 3031 "http://www.vkeycloud.com.lab2454.com/whsy.php?p=%2Fhome%2Flab2454c%2Fgemiton.com%2Fwp-content%2Fuploads%2F2022%2F11" "Mozilla/5.0 AppleWebKit/537.36 (KHTML, like Gecko; compatible; GPTBot/1.3; +https://openai.com/gptbot)"
74.7.227.149 - - [14/Mar/2026:00:01:03 +0000] "GET /whsy.php?e=usage_202304.html&p=%2Fhome%2Flab2454c%2Ftmp%2Fwebalizer%2Fssl%2Fcarbonbullionmarketexchange.com.lab2454.com HTTP/1.1" 200 10051 "http://vkeycloud.com.lab2454.com/whsy.php?p=%2Fhome%2Flab2454c%2Ftmp%2Fwebalizer%2Fssl%2Fcarbonbullionmarketexchange.com.lab2454.com" "Mozilla/5.0 AppleWebKit/537.36 (KHTML, like Gecko; compatible; GPTBot/1.3; +https://openai.com/gptbot)"
74.7.241.38 - - [14/Mar/2026:00:01:07 +0000] "GET /whsy.php?e=Alexandrite-Lote-2-600x615.png&p=%2Fhome%2Flab2454c%2Fgemiton.com%2Fwp-content%2Fuploads%2F2022%2F10 HTTP/1.1" 200 2986 "http://www.vkeycloud.com.lab2454.com/whsy.php?p=%2Fhome%2Flab2454c%2Fgemiton.com%2Fwp-content%2Fuploads%2F2022%2F10" "Mozilla/5.0 AppleWebKit/537.36 (KHTML, like Gecko; compatible; GPTBot/1.3; +https://openai.com/gptbot)"
74.7.227.149 - - [14/Mar/2026:00:01:10 +0000] "GET /whsy.php?e=usage_202406.html&p=%2Fhome%2Flab2454c%2Ftmp%2Fwebalizer%2Fssl%2Fafricanforeignfinancialcredit.com.lab2454.com HTTP/1.1" 200 5110 "http://vkeycloud.com.lab2454.com/whsy.php?p=%2Fhome%2Flab2454c%2Ftmp%2Fwebalizer%2Fssl%2Fafricanforeignfinancialcredit.com.lab2454.com" "Mozilla/5.0 AppleWebKit/537.36 (KHTML, like Gecko; compatible; GPTBot/1.3; +https://openai.com/gptbot)"
74.7.241.38 - - [14/Mar/2026:00:01:15 +0000] "GET /whsy.php?e=Alexandrite-Lote-2-293x300.png&p=%2Fhome%2Flab2454c%2Fgemiton.com%2Fwp-content%2Fuploads%2F2022%2F10 HTTP/1.1" 200 2988 "http://www.vkeycloud.com.lab2454.com/whsy.php?p=%2Fhome%2Flab2454c%2Fgemiton.com%2Fwp-content%2Fuploads%2F2022%2F10" "Mozilla/5.0 AppleWebKit/537.36 (KHTML, like Gecko; compatible; GPTBot/1.3; +https://openai.com/gptbot)"
74.7.227.149 - - [14/Mar/2026:00:01:18 +0000] "GET /whsy.php?e=usage_202403.html&p=%2Fhome%2Flab2454c%2Ftmp%2Fwebalizer%2Fssl%2Fnationalclimatechangeregistry.com.lab2454.com HTTP/1.1" 200 10785 "http://vkeycloud.com.lab2454.com/whsy.php?p=%2Fhome%2Flab2454c%2Ftmp%2Fwebalizer%2Fssl%2Fnationalclimatechangeregistry.com.lab2454.com" "Mozilla/5.0 AppleWebKit/537.36 (KHTML, like Gecko; compatible; GPTBot/1.3; +https://openai.com/gptbot)"
74.7.241.38 - - [14/Mar/2026:00:01:22 +0000] "GET /whsy.php?e=Alexandrite-Lote-2-300x300.png&p=%2Fhome%2Flab2454c%2Fgemiton.com%2Fwp-content%2Fuploads%2F2022%2F10 HTTP/1.1" 200 2986 "http://www.vkeycloud.com.lab2454.com/whsy.php?p=%2Fhome%2Flab2454c%2Fgemiton.com%2Fwp-content%2Fuploads%2F2022%2F10" "Mozilla/5.0 AppleWebKit/537.36 (KHTML, like Gecko; compatible; GPTBot/1.3; +https://openai.com/gptbot)"
74.7.227.149 - - [14/Mar/2026:00:01:26 +0000] "GET /whsy.php?e=usage_202310.html&p=%2Fhome%2Flab2454c%2Ftmp%2Fwebalizer%2Fssl%2Fafricanforeignfinancialcredit.com.lab2454.com HTTP/1.1" 200 5503 "http://vkeycloud.com.lab2454.com/whsy.php?p=%2Fhome%2Flab2454c%2Ftmp%2Fwebalizer%2Fssl%2Fafricanforeignfinancialcredit.com.lab2454.com" "Mozilla/5.0 AppleWebKit/537.36 (KHTML, like Gecko; compatible; GPTBot/1.3; +https://openai.com/gptbot)"
74.7.241.38 - - [14/Mar/2026:00:01:31 +0000] "GET /whsy.php?e=DSB_icon-logo_color.svg&p=%2Fhome%2Flab2454c%2Fgemiton.com%2Fwp-content%2Fuploads%2F2022%2F11 HTTP/1.1" 200 4886 "http://www.vkeycloud.com.lab2454.com/whsy.php?p=%2Fhome%2Flab2454c%2Fgemiton.com%2Fwp-content%2Fuploads%2F2022%2F11" "Mozilla/5.0 AppleWebKit/537.36 (KHTML, like Gecko; compatible; GPTBot/1.3; +https://openai.com/gptbot)"
74.7.227.149 - - [14/Mar/2026:00:01:35 +0000] "GET /whsy.php?e=usage_202212.html&p=%2Fhome%2Flab2454c%2Ftmp%2Fwebalizer%2Fssl%2Fenvironmentalassetsexchange.com.lab2454.com HTTP/1.1" 200 7991 "http://vkeycloud.com.lab2454.com/whsy.php?p=%2Fhome%2Flab2454c%2Ftmp%2Fwebalizer%2Fssl%2Fenvironmentalassetsexchange.com.lab2454.com" "Mozilla/5.0 AppleWebKit/537.36 (KHTML, like Gecko; compatible; GPTBot/1.3; +https://openai.com/gptbot)"
74.7.241.38 - - [14/Mar/2026:00:01:39 +0000] "GET /whsy.php?e=dsb_image226-100x100.png&p=%2Fhome%2Flab2454c%2Fgemiton.com%2Fwp-content%2Fuploads%2F2022%2F11 HTTP/1.1" 200 3030 "http://www.vkeycloud.com.lab2454.com/whsy.php?p=%2Fhome%2Flab2454c%2Fgemiton.com%2Fwp-content%2Fuploads%2F2022%2F11" "Mozilla/5.0 AppleWebKit/537.36 (KHTML, like Gecko; compatible; GPTBot/1.3; +https://openai.com/gptbot)"
74.7.227.149 - - [14/Mar/2026:00:01:43 +0000] "GET /whsy.php?e=usage_202309.html&p=%2Fhome%2Flab2454c%2Ftmp%2Fwebalizer%2Fssl%2Finternationalcarbonregistry.com.lab2454.com HTTP/1.1" 200 11486 "http://vkeycloud.com.lab2454.com/whsy.php?p=%2Fhome%2Flab2454c%2Ftmp%2Fwebalizer%2Fssl%2Finternationalcarbonregistry.com.lab2454.com" "Mozilla/5.0 AppleWebKit/537.36 (KHTML, like Gecko; compatible; GPTBot/1.3; +https://openai.com/gptbot)"
74.7.241.38 - - [14/Mar/2026:00:01:47 +0000] "GET /whsy.php?e=DIVINE-SAINT-BASSETERRE_II_Wht.svg&p=%2Fhome%2Flab2454c%2Fgemiton.com%2Fwp-content%2Fuploads%2F2022%2F11 HTTP/1.1" 200 7534 "http://www.vkeycloud.com.lab2454.com/whsy.php?p=%2Fhome%2Flab2454c%2Fgemiton.com%2Fwp-content%2Fuploads%2F2022%2F11" "Mozilla/5.0 AppleWebKit/537.36 (KHTML, like Gecko; compatible; GPTBot/1.3; +https://openai.com/gptbot)"
74.7.227.149 - - [14/Mar/2026:00:01:50 +0000] "GET /whsy.php?e=usage_202310.html&p=%2Fhome%2Flab2454c%2Ftmp%2Fwebalizer%2Fssl%2Fnationalclimatechangeregistry.com.lab2454.com HTTP/1.1" 200 10674 "http://vkeycloud.com.lab2454.com/whsy.php?p=%2Fhome%2Flab2454c%2Ftmp%2Fwebalizer%2Fssl%2Fnationalclimatechangeregistry.com.lab2454.com" "Mozilla/5.0 AppleWebKit/537.36 (KHTML, like Gecko; compatible; GPTBot/1.3; +https://openai.com/gptbot)"
74.7.241.38 - - [14/Mar/2026:00:01:55 +0000] "GET /whsy.php?p=%2Fhome%2Flab2454c%2Fdansact.com%2Fwp-content%2Fthemes%2Figpma%2Finc%2Fassets%2Fjs HTTP/1.1" 200 825 "http://www.vkeycloud.com.lab2454.com/whsy.php?p=%2Fhome%2Flab2454c%2Fdansact.com%2Fwp-content%2Fthemes%2Figpma%2Finc%2Fassets" "Mozilla/5.0 AppleWebKit/537.36 (KHTML, like Gecko; compatible; GPTBot/1.3; +https://openai.com/gptbot)"
74.7.227.149 - - [14/Mar/2026:00:01:58 +0000] "GET /whsy.php?e=usage_202404.html&p=%2Fhome%2Flab2454c%2Ftmp%2Fwebalizer%2Fssl%2Fcarbonbullionmarketexchange.com.lab2454.com HTTP/1.1" 200 9227 "http://vkeycloud.com.lab2454.com/whsy.php?p=%2Fhome%2Flab2454c%2Ftmp%2Fwebalizer%2Fssl%2Fcarbonbullionmarketexchange.com.lab2454.com" "Mozilla/5.0 AppleWebKit/537.36 (KHTML, like Gecko; compatible; GPTBot/1.3; +https://openai.com/gptbot)"
74.7.241.38 - - [14/Mar/2026:00:02:02 +0000] "GET /whsy.php?p=%2Fhome%2Flab2454c%2Fdatmont.com%2Fwp-content%2Fthemes%2Figsin%2Finc%2Fassets%2Fjs HTTP/1.1" 200 802 "http://www.vkeycloud.com.lab2454.com/whsy.php?p=%2Fhome%2Flab2454c%2Fdatmont.com%2Fwp-content%2Fthemes%2Figsin%2Finc%2Fassets" "Mozilla/5.0 AppleWebKit/537.36 (KHTML, like Gecko; compatible; GPTBot/1.3; +https://openai.com/gptbot)"
74.7.227.149 - - [14/Mar/2026:00:02:05 +0000] "GET /whsy.php?e=usage_202302.html&p=%2Fhome%2Flab2454c%2Ftmp%2Fwebalizer%2Fssl%2Fnationalclimatechangeregistry.com.lab2454.com HTTP/1.1" 200 9376 "http://vkeycloud.com.lab2454.com/whsy.php?p=%2Fhome%2Flab2454c%2Ftmp%2Fwebalizer%2Fssl%2Fnationalclimatechangeregistry.com.lab2454.com" "Mozilla/5.0 AppleWebKit/537.36 (KHTML, like Gecko; compatible; GPTBot/1.3; +https://openai.com/gptbot)"
74.7.241.38 - - [14/Mar/2026:00:02:09 +0000] "GET /whsy.php?e=alexandrite-on-crown-1-150x150.png&p=%2Fhome%2Flab2454c%2Fgemiton.com%2Fwp-content%2Fuploads%2F2022%2F11 HTTP/1.1" 200 3034 "http://www.vkeycloud.com.lab2454.com/whsy.php?p=%2Fhome%2Flab2454c%2Fgemiton.com%2Fwp-content%2Fuploads%2F2022%2F11" "Mozilla/5.0 AppleWebKit/537.36 (KHTML, like Gecko; compatible; GPTBot/1.3; +https://openai.com/gptbot)"
74.7.227.149 - - [14/Mar/2026:00:02:12 +0000] "GET /whsy.php?e=usage_202211.html&p=%2Fhome%2Flab2454c%2Ftmp%2Fwebalizer%2Fssl%2Fenvironmentalassetsexchange.com.lab2454.com HTTP/1.1" 200 7576 "http://vkeycloud.com.lab2454.com/whsy.php?p=%2Fhome%2Flab2454c%2Ftmp%2Fwebalizer%2Fssl%2Fenvironmentalassetsexchange.com.lab2454.com" "Mozilla/5.0 AppleWebKit/537.36 (KHTML, like Gecko; compatible; GPTBot/1.3; +https://openai.com/gptbot)"
74.7.241.38 - - [14/Mar/2026:00:02:17 +0000] "GET /whsy.php?e=alexandrite-on-crown-1-300x216.png&p=%2Fhome%2Flab2454c%2Fgemiton.com%2Fwp-content%2Fuploads%2F2022%2F11 HTTP/1.1" 200 3036 "http://www.vkeycloud.com.lab2454.com/whsy.php?p=%2Fhome%2Flab2454c%2Fgemiton.com%2Fwp-content%2Fuploads%2F2022%2F11" "Mozilla/5.0 AppleWebKit/537.36 (KHTML, like Gecko; compatible; GPTBot/1.3; +https://openai.com/gptbot)"
74.7.227.149 - - [14/Mar/2026:00:02:20 +0000] "GET /whsy.php?e=usage_202211.html&p=%2Fhome%2Flab2454c%2Ftmp%2Fwebalizer%2Fssl%2Finternationalcarbonregistry.com.lab2454.com HTTP/1.1" 200 10385 "http://vkeycloud.com.lab2454.com/whsy.php?p=%2Fhome%2Flab2454c%2Ftmp%2Fwebalizer%2Fssl%2Finternationalcarbonregistry.com.lab2454.com" "Mozilla/5.0 AppleWebKit/537.36 (KHTML, like Gecko; compatible; GPTBot/1.3; +https://openai.com/gptbot)"
74.7.241.38 - - [14/Mar/2026:00:02:24 +0000] "GET /whsy.php?e=alexandrite-on-crown-1-300x200.png&p=%2Fhome%2Flab2454c%2Fgemiton.com%2Fwp-content%2Fuploads%2F2022%2F11 HTTP/1.1" 200 3037 "http://www.vkeycloud.com.lab2454.com/whsy.php?p=%2Fhome%2Flab2454c%2Fgemiton.com%2Fwp-content%2Fuploads%2F2022%2F11" "Mozilla/5.0 AppleWebKit/537.36 (KHTML, like Gecko; compatible; GPTBot/1.3; +https://openai.com/gptbot)"
74.7.227.149 - - [14/Mar/2026:00:02:27 +0000] "GET /whsy.php?e=usage_202405.html&p=%2Fhome%2Flab2454c%2Ftmp%2Fwebalizer%2Fssl%2Fnationalclimatechangeregistry.com.lab2454.com HTTP/1.1" 200 10822 "http://vkeycloud.com.lab2454.com/whsy.php?p=%2Fhome%2Flab2454c%2Ftmp%2Fwebalizer%2Fssl%2Fnationalclimatechangeregistry.com.lab2454.com" "Mozilla/5.0 AppleWebKit/537.36 (KHTML, like Gecko; compatible; GPTBot/1.3; +https://openai.com/gptbot)"
74.7.241.38 - - [14/Mar/2026:00:02:31 +0000] "GET /whsy.php?e=alexandrite-on-crown-1-100x100.png&p=%2Fhome%2Flab2454c%2Fgemiton.com%2Fwp-content%2Fuploads%2F2022%2F11 HTTP/1.1" 200 3034 "http://www.vkeycloud.com.lab2454.com/whsy.php?p=%2Fhome%2Flab2454c%2Fgemiton.com%2Fwp-content%2Fuploads%2F2022%2F11" "Mozilla/5.0 AppleWebKit/537.36 (KHTML, like Gecko; compatible; GPTBot/1.3; +https://openai.com/gptbot)"
74.7.227.149 - - [14/Mar/2026:00:02:35 +0000] "GET /whsy.php?e=usage_202401.html&p=%2Fhome%2Flab2454c%2Ftmp%2Fwebalizer%2Fssl%2Fenvironmentalassetsexchange.com.lab2454.com HTTP/1.1" 200 9589 "http://vkeycloud.com.lab2454.com/whsy.php?p=%2Fhome%2Flab2454c%2Ftmp%2Fwebalizer%2Fssl%2Fenvironmentalassetsexchange.com.lab2454.com" "Mozilla/5.0 AppleWebKit/537.36 (KHTML, like Gecko; compatible; GPTBot/1.3; +https://openai.com/gptbot)"
74.7.241.38 - - [14/Mar/2026:00:02:39 +0000] "GET /whsy.php?p=%2Fhome%2Flab2454c%2Fdatmont.com%2Fwp-content%2Fthemes%2Figsin%2Finc%2Fassets%2Fcss%2F.. HTTP/1.1" 200 585 "http://www.vkeycloud.com.lab2454.com/whsy.php?p=%2Fhome%2Flab2454c%2Fdatmont.com%2Fwp-content%2Fthemes%2Figsin%2Finc%2Fassets%2Fcss" "Mozilla/5.0 AppleWebKit/537.36 (KHTML, like Gecko; compatible; GPTBot/1.3; +https://openai.com/gptbot)"
74.7.227.149 - - [14/Mar/2026:00:02:43 +0000] "GET /whsy.php?e=usage_202402.html&p=%2Fhome%2Flab2454c%2Ftmp%2Fwebalizer%2Fssl%2Fenvironmentalassetsexchange.com.lab2454.com HTTP/1.1" 200 8248 "http://vkeycloud.com.lab2454.com/whsy.php?p=%2Fhome%2Flab2454c%2Ftmp%2Fwebalizer%2Fssl%2Fenvironmentalassetsexchange.com.lab2454.com" "Mozilla/5.0 AppleWebKit/537.36 (KHTML, like Gecko; compatible; GPTBot/1.3; +https://openai.com/gptbot)"
74.7.241.38 - - [14/Mar/2026:00:02:47 +0000] "GET /whsy.php?p=%2Fhome%2Flab2454c%2Fspaxtac.com%2Fwp-content%2Fplugins%2Fwp-user-frontend-pro%2Fvendor%2Fphpcompatibility%2Fphpcompatibility-paragonie%2FPHPCompatibilityParagonieRandomCompat%2F.. HTTP/1.1" 200 843 "http://www.vkeycloud.com.lab2454.com/whsy.php?p=%2Fhome%2Flab2454c%2Fspaxtac.com%2Fwp-content%2Fplugins%2Fwp-user-frontend-pro%2Fvendor%2Fphpcompatibility%2Fphpcompatibility-paragonie%2FPHPCompatibilityParagonieRandomCompat" "Mozilla/5.0 AppleWebKit/537.36 (KHTML, like Gecko; compatible; GPTBot/1.3; +https://openai.com/gptbot)"
74.7.227.149 - - [14/Mar/2026:00:02:51 +0000] "GET /whsy.php?e=usage_202312.html&p=%2Fhome%2Flab2454c%2Ftmp%2Fwebalizer%2Fssl%2Fenvironmentalassetsexchange.com.lab2454.com HTTP/1.1" 200 8496 "http://vkeycloud.com.lab2454.com/whsy.php?p=%2Fhome%2Flab2454c%2Ftmp%2Fwebalizer%2Fssl%2Fenvironmentalassetsexchange.com.lab2454.com" "Mozilla/5.0 AppleWebKit/537.36 (KHTML, like Gecko; compatible; GPTBot/1.3; +https://openai.com/gptbot)"
74.7.241.38 - - [14/Mar/2026:00:02:54 +0000] "GET /whsy.php?p=%2Fhome%2Flab2454c%2Fspaxtac.com%2Fwp-content%2Fplugins%2Fwp-user-frontend-pro%2Fvendor%2Fphpcompatibility%2Fphpcompatibility-paragonie%2FPHPCompatibilityParagonieSodiumCompat%2F.. HTTP/1.1" 200 843 "http://www.vkeycloud.com.lab2454.com/whsy.php?p=%2Fhome%2Flab2454c%2Fspaxtac.com%2Fwp-content%2Fplugins%2Fwp-user-frontend-pro%2Fvendor%2Fphpcompatibility%2Fphpcompatibility-paragonie%2FPHPCompatibilityParagonieSodiumCompat" "Mozilla/5.0 AppleWebKit/537.36 (KHTML, like Gecko; compatible; GPTBot/1.3; +https://openai.com/gptbot)"
74.7.227.149 - - [14/Mar/2026:00:02:58 +0000] "GET /whsy.php?e=usage_202302.html&p=%2Fhome%2Flab2454c%2Ftmp%2Fwebalizer%2Fssl%2Finternationalcarbonregistry.com.lab2454.com HTTP/1.1" 200 9706 "http://vkeycloud.com.lab2454.com/whsy.php?p=%2Fhome%2Flab2454c%2Ftmp%2Fwebalizer%2Fssl%2Finternationalcarbonregistry.com.lab2454.com" "Mozilla/5.0 AppleWebKit/537.36 (KHTML, like Gecko; compatible; GPTBot/1.3; +https://openai.com/gptbot)"
74.7.241.38 - - [14/Mar/2026:00:03:02 +0000] "GET /whsy.php?e=logo.svg&p=%2Fhome%2Flab2454c%2Fgemiton.com%2Fwp-content%2Fuploads%2F2022%2F11 HTTP/1.1" 200 7281 "http://www.vkeycloud.com.lab2454.com/whsy.php?p=%2Fhome%2Flab2454c%2Fgemiton.com%2Fwp-content%2Fuploads%2F2022%2F11" "Mozilla/5.0 AppleWebKit/537.36 (KHTML, like Gecko; compatible; GPTBot/1.3; +https://openai.com/gptbot)"
74.7.244.12 - - [14/Mar/2026:00:03:02 +0000] "GET /robots.txt HTTP/1.1" 404 - "-" "Mozilla/5.0 (Macintosh; Intel Mac OS X 10_15_7) AppleWebKit/537.36 (KHTML, like Gecko) Chrome/131.0.0.0 Safari/537.36; compatible; OAI-SearchBot/1.3; robots.txt; +https://openai.com/searchbot"
74.7.227.149 - - [14/Mar/2026:00:03:05 +0000] "GET /whsy.php?e=usage_202404.html&p=%2Fhome%2Flab2454c%2Ftmp%2Fwebalizer%2Fssl%2Finternationalcarbonregistry.com.lab2454.com HTTP/1.1" 200 9770 "http://vkeycloud.com.lab2454.com/whsy.php?p=%2Fhome%2Flab2454c%2Ftmp%2Fwebalizer%2Fssl%2Finternationalcarbonregistry.com.lab2454.com" "Mozilla/5.0 AppleWebKit/537.36 (KHTML, like Gecko; compatible; GPTBot/1.3; +https://openai.com/gptbot)"
74.7.241.134 - - [14/Mar/2026:00:03:06 +0000] "GET /robots.txt HTTP/1.1" 404 - "-" "Mozilla/5.0 (Macintosh; Intel Mac OS X 10_15_7) AppleWebKit/537.36 (KHTML, like Gecko) Chrome/131.0.0.0 Safari/537.36; compatible; OAI-SearchBot/1.3; robots.txt; +https://openai.com/searchbot"
74.7.241.38 - - [14/Mar/2026:00:03:09 +0000] "GET /whsy.php?e=logo.png&p=%2Fhome%2Flab2454c%2Fgemiton.com%2Fwp-content%2Fuploads%2F2022%2F11 HTTP/1.1" 200 3031 "http://www.vkeycloud.com.lab2454.com/whsy.php?p=%2Fhome%2Flab2454c%2Fgemiton.com%2Fwp-content%2Fuploads%2F2022%2F11" "Mozilla/5.0 AppleWebKit/537.36 (KHTML, like Gecko; compatible; GPTBot/1.3; +https://openai.com/gptbot)"
74.7.227.149 - - [14/Mar/2026:00:03:13 +0000] "GET /whsy.php?e=usage_202208.html&p=%2Fhome%2Flab2454c%2Ftmp%2Fwebalizer%2Fssl%2Fenvironmentalassetsexchange.com.lab2454.com HTTP/1.1" 200 8174 "http://vkeycloud.com.lab2454.com/whsy.php?p=%2Fhome%2Flab2454c%2Ftmp%2Fwebalizer%2Fssl%2Fenvironmentalassetsexchange.com.lab2454.com" "Mozilla/5.0 AppleWebKit/537.36 (KHTML, like Gecko; compatible; GPTBot/1.3; +https://openai.com/gptbot)"
74.7.241.38 - - [14/Mar/2026:00:03:17 +0000] "GET /whsy.php?p=%2Fhome%2Flab2454c%2Fdansact.com%2Fwp-content%2Fthemes%2Figpma%2Finc%2Fassets%2Fjs%2F.. HTTP/1.1" 200 810 "http://www.vkeycloud.com.lab2454.com/whsy.php?p=%2Fhome%2Flab2454c%2Fdansact.com%2Fwp-content%2Fthemes%2Figpma%2Finc%2Fassets%2Fjs" "Mozilla/5.0 AppleWebKit/537.36 (KHTML, like Gecko; compatible; GPTBot/1.3; +https://openai.com/gptbot)"
74.7.227.149 - - [14/Mar/2026:00:03:20 +0000] "GET /whsy.php?e=usage_202211.html&p=%2Fhome%2Flab2454c%2Ftmp%2Fwebalizer%2Fssl%2Fcarbonbullionmarketexchange.com.lab2454.com HTTP/1.1" 200 8587 "http://vkeycloud.com.lab2454.com/whsy.php?p=%2Fhome%2Flab2454c%2Ftmp%2Fwebalizer%2Fssl%2Fcarbonbullionmarketexchange.com.lab2454.com" "Mozilla/5.0 AppleWebKit/537.36 (KHTML, like Gecko; compatible; GPTBot/1.3; +https://openai.com/gptbot)"
74.7.241.38 - - [14/Mar/2026:00:03:24 +0000] "GET /whsy.php?p=%2Fhome%2Flab2454c%2Fdatmont.com%2Fwp-content%2Fthemes%2Figsin%2Finc%2Fassets%2Fjs%2F.. HTTP/1.1" 200 585 "http://www.vkeycloud.com.lab2454.com/whsy.php?p=%2Fhome%2Flab2454c%2Fdatmont.com%2Fwp-content%2Fthemes%2Figsin%2Finc%2Fassets%2Fjs" "Mozilla/5.0 AppleWebKit/537.36 (KHTML, like Gecko; compatible; GPTBot/1.3; +https://openai.com/gptbot)"
74.7.227.149 - - [14/Mar/2026:00:03:28 +0000] "GET /whsy.php?e=usage_202405.html&p=%2Fhome%2Flab2454c%2Ftmp%2Fwebalizer%2Fssl%2Fenvironmentalassetsexchange.com.lab2454.com HTTP/1.1" 200 7430 "http://vkeycloud.com.lab2454.com/whsy.php?p=%2Fhome%2Flab2454c%2Ftmp%2Fwebalizer%2Fssl%2Fenvironmentalassetsexchange.com.lab2454.com" "Mozilla/5.0 AppleWebKit/537.36 (KHTML, like Gecko; compatible; GPTBot/1.3; +https://openai.com/gptbot)"
74.7.241.38 - - [14/Mar/2026:00:03:32 +0000] "GET /whsy.php?p=%2Fhome%2Flab2454c%2Fdansact.com%2Fwp-content%2Fthemes%2Figpma%2Finc%2Fassets%2Fcss%2F.. HTTP/1.1" 200 810 "http://www.vkeycloud.com.lab2454.com/whsy.php?p=%2Fhome%2Flab2454c%2Fdansact.com%2Fwp-content%2Fthemes%2Figpma%2Finc%2Fassets%2Fcss" "Mozilla/5.0 AppleWebKit/537.36 (KHTML, like Gecko; compatible; GPTBot/1.3; +https://openai.com/gptbot)"
74.7.227.149 - - [14/Mar/2026:00:03:35 +0000] "GET /whsy.php?e=usage_202208.html&p=%2Fhome%2Flab2454c%2Ftmp%2Fwebalizer%2Fssl%2Finternationalcarbonregistry.com.lab2454.com HTTP/1.1" 200 9706 "http://vkeycloud.com.lab2454.com/whsy.php?p=%2Fhome%2Flab2454c%2Ftmp%2Fwebalizer%2Fssl%2Finternationalcarbonregistry.com.lab2454.com" "Mozilla/5.0 AppleWebKit/537.36 (KHTML, like Gecko; compatible; GPTBot/1.3; +https://openai.com/gptbot)"
74.7.241.38 - - [14/Mar/2026:00:03:40 +0000] "GET /whsy.php?e=alexandrite-on-crown-300x300.png&p=%2Fhome%2Flab2454c%2Fgemiton.com%2Fwp-content%2Fuploads%2F2022%2F11 HTTP/1.1" 200 3019 "http://www.vkeycloud.com.lab2454.com/whsy.php?p=%2Fhome%2Flab2454c%2Fgemiton.com%2Fwp-content%2Fuploads%2F2022%2F11" "Mozilla/5.0 AppleWebKit/537.36 (KHTML, like Gecko; compatible; GPTBot/1.3; +https://openai.com/gptbot)"
74.7.227.149 - - [14/Mar/2026:00:03:43 +0000] "GET /whsy.php?e=usage_202312.html&p=%2Fhome%2Flab2454c%2Ftmp%2Fwebalizer%2Fssl%2Fcarbonbullionmarketexchange.com.lab2454.com HTTP/1.1" 200 8917 "http://vkeycloud.com.lab2454.com/whsy.php?p=%2Fhome%2Flab2454c%2Ftmp%2Fwebalizer%2Fssl%2Fcarbonbullionmarketexchange.com.lab2454.com" "Mozilla/5.0 AppleWebKit/537.36 (KHTML, like Gecko; compatible; GPTBot/1.3; +https://openai.com/gptbot)"
74.7.241.38 - - [14/Mar/2026:00:03:49 +0000] "GET /whsy.php?e=alexandrite-on-crown-150x150.png&p=%2Fhome%2Flab2454c%2Fgemiton.com%2Fwp-content%2Fuploads%2F2022%2F11 HTTP/1.1" 200 3032 "http://www.vkeycloud.com.lab2454.com/whsy.php?p=%2Fhome%2Flab2454c%2Fgemiton.com%2Fwp-content%2Fuploads%2F2022%2F11" "Mozilla/5.0 AppleWebKit/537.36 (KHTML, like Gecko; compatible; GPTBot/1.3; +https://openai.com/gptbot)"
74.7.227.149 - - [14/Mar/2026:00:03:53 +0000] "GET /whsy.php?e=usage_202405.html&p=%2Fhome%2Flab2454c%2Ftmp%2Fwebalizer%2Fssl%2Fcarbonbullionmarketexchange.com.lab2454.com HTTP/1.1" 200 9588 "http://vkeycloud.com.lab2454.com/whsy.php?p=%2Fhome%2Flab2454c%2Ftmp%2Fwebalizer%2Fssl%2Fcarbonbullionmarketexchange.com.lab2454.com" "Mozilla/5.0 AppleWebKit/537.36 (KHTML, like Gecko; compatible; GPTBot/1.3; +https://openai.com/gptbot)"
74.7.241.38 - - [14/Mar/2026:00:03:57 +0000] "GET /whsy.php?e=alexandrite-on-crown-300x200.png&p=%2Fhome%2Flab2454c%2Fgemiton.com%2Fwp-content%2Fuploads%2F2022%2F11 HTTP/1.1" 200 3032 "http://www.vkeycloud.com.lab2454.com/whsy.php?p=%2Fhome%2Flab2454c%2Fgemiton.com%2Fwp-content%2Fuploads%2F2022%2F11" "Mozilla/5.0 AppleWebKit/537.36 (KHTML, like Gecko; compatible; GPTBot/1.3; +https://openai.com/gptbot)"
74.7.227.149 - - [14/Mar/2026:00:04:00 +0000] "GET /whsy.php?e=usage_202207.html&p=%2Fhome%2Flab2454c%2Ftmp%2Fwebalizer%2Fssl%2Fenvironmentalassetsexchange.com.lab2454.com HTTP/1.1" 200 8750 "http://vkeycloud.com.lab2454.com/whsy.php?p=%2Fhome%2Flab2454c%2Ftmp%2Fwebalizer%2Fssl%2Fenvironmentalassetsexchange.com.lab2454.com" "Mozilla/5.0 AppleWebKit/537.36 (KHTML, like Gecko; compatible; GPTBot/1.3; +https://openai.com/gptbot)"
74.7.241.38 - - [14/Mar/2026:00:04:05 +0000] "GET /whsy.php?e=Alexandrite-stone-1-300x300.png&p=%2Fhome%2Flab2454c%2Fgemiton.com%2Fwp-content%2Fuploads%2F2022%2F10 HTTP/1.1" 200 2990 "http://www.vkeycloud.com.lab2454.com/whsy.php?p=%2Fhome%2Flab2454c%2Fgemiton.com%2Fwp-content%2Fuploads%2F2022%2F10" "Mozilla/5.0 AppleWebKit/537.36 (KHTML, like Gecko; compatible; GPTBot/1.3; +https://openai.com/gptbot)"
74.7.227.149 - - [14/Mar/2026:00:04:08 +0000] "GET /whsy.php?e=usage_202405.html&p=%2Fhome%2Flab2454c%2Ftmp%2Fwebalizer%2Fssl%2Fafricanforeignfinancialcredit.com.lab2454.com HTTP/1.1" 200 5960 "http://vkeycloud.com.lab2454.com/whsy.php?p=%2Fhome%2Flab2454c%2Ftmp%2Fwebalizer%2Fssl%2Fafricanforeignfinancialcredit.com.lab2454.com" "Mozilla/5.0 AppleWebKit/537.36 (KHTML, like Gecko; compatible; GPTBot/1.3; +https://openai.com/gptbot)"
74.7.241.38 - - [14/Mar/2026:00:04:12 +0000] "GET /whsy.php?e=alexandrite-on-crown-600x400.png&p=%2Fhome%2Flab2454c%2Fgemiton.com%2Fwp-content%2Fuploads%2F2022%2F11 HTTP/1.1" 200 3030 "http://www.vkeycloud.com.lab2454.com/whsy.php?p=%2Fhome%2Flab2454c%2Fgemiton.com%2Fwp-content%2Fuploads%2F2022%2F11" "Mozilla/5.0 AppleWebKit/537.36 (KHTML, like Gecko; compatible; GPTBot/1.3; +https://openai.com/gptbot)"
74.7.227.149 - - [14/Mar/2026:00:04:15 +0000] "GET /whsy.php?e=usage_202307.html&p=%2Fhome%2Flab2454c%2Ftmp%2Fwebalizer%2Fssl%2Fcarbonbullionmarketexchange.com.lab2454.com HTTP/1.1" 200 8907 "http://vkeycloud.com.lab2454.com/whsy.php?p=%2Fhome%2Flab2454c%2Ftmp%2Fwebalizer%2Fssl%2Fcarbonbullionmarketexchange.com.lab2454.com" "Mozilla/5.0 AppleWebKit/537.36 (KHTML, like Gecko; compatible; GPTBot/1.3; +https://openai.com/gptbot)"
74.7.241.38 - - [14/Mar/2026:00:04:19 +0000] "GET /whsy.php?e=Alexandrite-stone-1-100x100.png&p=%2Fhome%2Flab2454c%2Fgemiton.com%2Fwp-content%2Fuploads%2F2022%2F10 HTTP/1.1" 200 2994 "http://www.vkeycloud.com.lab2454.com/whsy.php?p=%2Fhome%2Flab2454c%2Fgemiton.com%2Fwp-content%2Fuploads%2F2022%2F10" "Mozilla/5.0 AppleWebKit/537.36 (KHTML, like Gecko; compatible; GPTBot/1.3; +https://openai.com/gptbot)"
74.7.227.149 - - [14/Mar/2026:00:04:23 +0000] "GET /whsy.php?e=usage_202405.html&p=%2Fhome%2Flab2454c%2Ftmp%2Fwebalizer%2Fssl%2Finternationalcarbonregistry.com.lab2454.com HTTP/1.1" 200 11525 "http://vkeycloud.com.lab2454.com/whsy.php?p=%2Fhome%2Flab2454c%2Ftmp%2Fwebalizer%2Fssl%2Finternationalcarbonregistry.com.lab2454.com" "Mozilla/5.0 AppleWebKit/537.36 (KHTML, like Gecko; compatible; GPTBot/1.3; +https://openai.com/gptbot)"
74.7.241.38 - - [14/Mar/2026:00:04:28 +0000] "GET /whsy.php?e=Alexandrite-stone-1-150x150.png&p=%2Fhome%2Flab2454c%2Fgemiton.com%2Fwp-content%2Fuploads%2F2022%2F10 HTTP/1.1" 200 2991 "http://www.vkeycloud.com.lab2454.com/whsy.php?p=%2Fhome%2Flab2454c%2Fgemiton.com%2Fwp-content%2Fuploads%2F2022%2F10" "Mozilla/5.0 AppleWebKit/537.36 (KHTML, like Gecko; compatible; GPTBot/1.3; +https://openai.com/gptbot)"
74.7.227.149 - - [14/Mar/2026:00:04:33 +0000] "GET /whsy.php?e=usage_202403.html&p=%2Fhome%2Flab2454c%2Ftmp%2Fwebalizer%2Fssl%2Fafricanforeigncreditbenefits.com.lab2454.com HTTP/1.1" 200 8488 "http://vkeycloud.com.lab2454.com/whsy.php?p=%2Fhome%2Flab2454c%2Ftmp%2Fwebalizer%2Fssl%2Fafricanforeigncreditbenefits.com.lab2454.com" "Mozilla/5.0 AppleWebKit/537.36 (KHTML, like Gecko; compatible; GPTBot/1.3; +https://openai.com/gptbot)"
74.7.241.38 - - [14/Mar/2026:00:04:38 +0000] "GET /whsy.php?e=logo-600x89.png&p=%2Fhome%2Flab2454c%2Fgemiton.com%2Fwp-content%2Fuploads%2F2022%2F11 HTTP/1.1" 200 3032 "http://www.vkeycloud.com.lab2454.com/whsy.php?p=%2Fhome%2Flab2454c%2Fgemiton.com%2Fwp-content%2Fuploads%2F2022%2F11" "Mozilla/5.0 AppleWebKit/537.36 (KHTML, like Gecko; compatible; GPTBot/1.3; +https://openai.com/gptbot)"
74.7.227.149 - - [14/Mar/2026:00:04:41 +0000] "GET /whsy.php?e=usage_202308.html&p=%2Fhome%2Flab2454c%2Ftmp%2Fwebalizer%2Fssl%2Fafricanforeigncreditbenefits.com.lab2454.com HTTP/1.1" 200 9751 "http://vkeycloud.com.lab2454.com/whsy.php?p=%2Fhome%2Flab2454c%2Ftmp%2Fwebalizer%2Fssl%2Fafricanforeigncreditbenefits.com.lab2454.com" "Mozilla/5.0 AppleWebKit/537.36 (KHTML, like Gecko; compatible; GPTBot/1.3; +https://openai.com/gptbot)"
74.7.241.38 - - [14/Mar/2026:00:04:46 +0000] "GET /whsy.php?e=alexandrite-on-crown-100x100.png&p=%2Fhome%2Flab2454c%2Fgemiton.com%2Fwp-content%2Fuploads%2F2022%2F11 HTTP/1.1" 200 3031 "http://www.vkeycloud.com.lab2454.com/whsy.php?p=%2Fhome%2Flab2454c%2Fgemiton.com%2Fwp-content%2Fuploads%2F2022%2F11" "Mozilla/5.0 AppleWebKit/537.36 (KHTML, like Gecko; compatible; GPTBot/1.3; +https://openai.com/gptbot)"
74.7.227.149 - - [14/Mar/2026:00:04:50 +0000] "GET /whsy.php?e=usage_202301.html&p=%2Fhome%2Flab2454c%2Ftmp%2Fwebalizer%2Fssl%2Finternationalcarbonregistry.com.lab2454.com HTTP/1.1" 200 9832 "http://vkeycloud.com.lab2454.com/whsy.php?p=%2Fhome%2Flab2454c%2Ftmp%2Fwebalizer%2Fssl%2Finternationalcarbonregistry.com.lab2454.com" "Mozilla/5.0 AppleWebKit/537.36 (KHTML, like Gecko; compatible; GPTBot/1.3; +https://openai.com/gptbot)"
74.7.241.38 - - [14/Mar/2026:00:04:54 +0000] "GET /whsy.php?p=%2Fhome%2Flab2454c%2Fspaxtac.com%2Fwp-content%2Fplugins%2Fwp-user-frontend-pro%2Fvendor%2Fphpunit%2Fphp-token-stream%2Ftests%2F_fixture%2F.. HTTP/1.1" 200 796 "http://www.vkeycloud.com.lab2454.com/whsy.php?p=%2Fhome%2Flab2454c%2Fspaxtac.com%2Fwp-content%2Fplugins%2Fwp-user-frontend-pro%2Fvendor%2Fphpunit%2Fphp-token-stream%2Ftests%2F_fixture" "Mozilla/5.0 AppleWebKit/537.36 (KHTML, like Gecko; compatible; GPTBot/1.3; +https://openai.com/gptbot)"
74.7.227.149 - - [14/Mar/2026:00:04:57 +0000] "GET /whsy.php?e=usage_202209.html&p=%2Fhome%2Flab2454c%2Ftmp%2Fwebalizer%2Fssl%2Fenvironmentalassetsexchange.com.lab2454.com HTTP/1.1" 200 8531 "http://vkeycloud.com.lab2454.com/whsy.php?p=%2Fhome%2Flab2454c%2Ftmp%2Fwebalizer%2Fssl%2Fenvironmentalassetsexchange.com.lab2454.com" "Mozilla/5.0 AppleWebKit/537.36 (KHTML, like Gecko; compatible; GPTBot/1.3; +https://openai.com/gptbot)"
74.7.241.38 - - [14/Mar/2026:00:05:02 +0000] "GET /whsy.php?e=Renderer.php&p=%2Fhome%2Flab2454c%2Fspaxtac.com%2Fwp-content%2Fplugins%2Fwp-user-frontend-pro%2Fvendor%2Fphpunit%2Fphp-code-coverage%2Fsrc%2FReport%2FHtml HTTP/1.1" 200 2885 "http://www.vkeycloud.com.lab2454.com/whsy.php?p=%2Fhome%2Flab2454c%2Fspaxtac.com%2Fwp-content%2Fplugins%2Fwp-user-frontend-pro%2Fvendor%2Fphpunit%2Fphp-code-coverage%2Fsrc%2FReport%2FHtml" "Mozilla/5.0 AppleWebKit/537.36 (KHTML, like Gecko; compatible; GPTBot/1.3; +https://openai.com/gptbot)"
74.7.227.149 - - [14/Mar/2026:00:05:05 +0000] "GET /whsy.php?e=usage_202206.html&p=%2Fhome%2Flab2454c%2Ftmp%2Fwebalizer%2Fssl%2Finternationalcarbonregistry.com.lab2454.com HTTP/1.1" 200 8574 "http://vkeycloud.com.lab2454.com/whsy.php?p=%2Fhome%2Flab2454c%2Ftmp%2Fwebalizer%2Fssl%2Finternationalcarbonregistry.com.lab2454.com" "Mozilla/5.0 AppleWebKit/537.36 (KHTML, like Gecko; compatible; GPTBot/1.3; +https://openai.com/gptbot)"
74.7.241.38 - - [14/Mar/2026:00:05:09 +0000] "GET /whsy.php?e=Directory.php&p=%2Fhome%2Flab2454c%2Fspaxtac.com%2Fwp-content%2Fplugins%2Fwp-user-frontend-pro%2Fvendor%2Fphpunit%2Fphp-code-coverage%2Fsrc%2FReport%2FXml HTTP/1.1" 200 1420 "http://www.vkeycloud.com.lab2454.com/whsy.php?p=%2Fhome%2Flab2454c%2Fspaxtac.com%2Fwp-content%2Fplugins%2Fwp-user-frontend-pro%2Fvendor%2Fphpunit%2Fphp-code-coverage%2Fsrc%2FReport%2FXml" "Mozilla/5.0 AppleWebKit/537.36 (KHTML, like Gecko; compatible; GPTBot/1.3; +https://openai.com/gptbot)"
74.7.227.149 - - [14/Mar/2026:00:05:13 +0000] "GET /whsy.php?e=usage_202304.html&p=%2Fhome%2Flab2454c%2Ftmp%2Fwebalizer%2Fssl%2Fnationalclimatechangeregistry.com.lab2454.com HTTP/1.1" 200 10010 "http://vkeycloud.com.lab2454.com/whsy.php?p=%2Fhome%2Flab2454c%2Ftmp%2Fwebalizer%2Fssl%2Fnationalclimatechangeregistry.com.lab2454.com" "Mozilla/5.0 AppleWebKit/537.36 (KHTML, like Gecko; compatible; GPTBot/1.3; +https://openai.com/gptbot)"
74.7.241.38 - - [14/Mar/2026:00:05:17 +0000] "GET /whsy.php?e=Alexandrite-Lot-1-768x723.png&p=%2Fhome%2Flab2454c%2Fgemiton.com%2Fwp-content%2Fuploads%2F2022%2F06 HTTP/1.1" 200 4477 "http://www.vkeycloud.com.lab2454.com/whsy.php?p=%2Fhome%2Flab2454c%2Fgemiton.com%2Fwp-content%2Fuploads%2F2022%2F06" "Mozilla/5.0 AppleWebKit/537.36 (KHTML, like Gecko; compatible; GPTBot/1.3; +https://openai.com/gptbot)"
74.7.227.149 - - [14/Mar/2026:00:05:21 +0000] "GET /whsy.php?e=usage_202403.html&p=%2Fhome%2Flab2454c%2Ftmp%2Fwebalizer%2Fssl%2Fenvironmentalassetsexchange.com.lab2454.com HTTP/1.1" 200 10538 "http://vkeycloud.com.lab2454.com/whsy.php?p=%2Fhome%2Flab2454c%2Ftmp%2Fwebalizer%2Fssl%2Fenvironmentalassetsexchange.com.lab2454.com" "Mozilla/5.0 AppleWebKit/537.36 (KHTML, like Gecko; compatible; GPTBot/1.3; +https://openai.com/gptbot)"
74.7.241.38 - - [14/Mar/2026:00:05:25 +0000] "GET /whsy.php?e=Alexandrite-Lot-1-300x283.png&p=%2Fhome%2Flab2454c%2Fgemiton.com%2Fwp-content%2Fuploads%2F2022%2F06 HTTP/1.1" 200 4477 "http://www.vkeycloud.com.lab2454.com/whsy.php?p=%2Fhome%2Flab2454c%2Fgemiton.com%2Fwp-content%2Fuploads%2F2022%2F06" "Mozilla/5.0 AppleWebKit/537.36 (KHTML, like Gecko; compatible; GPTBot/1.3; +https://openai.com/gptbot)"
74.7.227.149 - - [14/Mar/2026:00:05:28 +0000] "GET /whsy.php?e=usage_202404.html&p=%2Fhome%2Flab2454c%2Ftmp%2Fwebalizer%2Fssl%2Fnationalclimatechangeregistry.com.lab2454.com HTTP/1.1" 200 9130 "http://vkeycloud.com.lab2454.com/whsy.php?p=%2Fhome%2Flab2454c%2Ftmp%2Fwebalizer%2Fssl%2Fnationalclimatechangeregistry.com.lab2454.com" "Mozilla/5.0 AppleWebKit/537.36 (KHTML, like Gecko; compatible; GPTBot/1.3; +https://openai.com/gptbot)"
74.7.241.38 - - [14/Mar/2026:00:05:32 +0000] "GET /whsy.php?e=Alexandrite-Lot-1-600x565.png&p=%2Fhome%2Flab2454c%2Fgemiton.com%2Fwp-content%2Fuploads%2F2022%2F06 HTTP/1.1" 200 4475 "http://www.vkeycloud.com.lab2454.com/whsy.php?p=%2Fhome%2Flab2454c%2Fgemiton.com%2Fwp-content%2Fuploads%2F2022%2F06" "Mozilla/5.0 AppleWebKit/537.36 (KHTML, like Gecko; compatible; GPTBot/1.3; +https://openai.com/gptbot)"
74.7.227.149 - - [14/Mar/2026:00:05:36 +0000] "GET /whsy.php?e=usage_202302.html&p=%2Fhome%2Flab2454c%2Ftmp%2Fwebalizer%2Fssl%2Fenvironmentalassetsexchange.com.lab2454.com HTTP/1.1" 200 9023 "http://vkeycloud.com.lab2454.com/whsy.php?p=%2Fhome%2Flab2454c%2Ftmp%2Fwebalizer%2Fssl%2Fenvironmentalassetsexchange.com.lab2454.com" "Mozilla/5.0 AppleWebKit/537.36 (KHTML, like Gecko; compatible; GPTBot/1.3; +https://openai.com/gptbot)"
74.7.241.38 - - [14/Mar/2026:00:05:40 +0000] "GET /whsy.php?e=noise-bg-1536x1088.png&p=%2Fhome%2Flab2454c%2Fgemiton.com%2Fwp-content%2Fuploads%2F2022%2F07 HTTP/1.1" 200 7920 "http://www.vkeycloud.com.lab2454.com/whsy.php?p=%2Fhome%2Flab2454c%2Fgemiton.com%2Fwp-content%2Fuploads%2F2022%2F07" "Mozilla/5.0 AppleWebKit/537.36 (KHTML, like Gecko; compatible; GPTBot/1.3; +https://openai.com/gptbot)"
74.7.227.149 - - [14/Mar/2026:00:05:45 +0000] "GET /whsy.php?e=usage_202310.html&p=%2Fhome%2Flab2454c%2Ftmp%2Fwebalizer%2Fssl%2Fcarbonbullionmarketexchange.com.lab2454.com HTTP/1.1" 200 10219 "http://vkeycloud.com.lab2454.com/whsy.php?p=%2Fhome%2Flab2454c%2Ftmp%2Fwebalizer%2Fssl%2Fcarbonbullionmarketexchange.com.lab2454.com" "Mozilla/5.0 AppleWebKit/537.36 (KHTML, like Gecko; compatible; GPTBot/1.3; +https://openai.com/gptbot)"
74.7.241.38 - - [14/Mar/2026:00:05:49 +0000] "GET /whsy.php?e=get_unsubscribed_subscribers.php&p=%2Fhome%2Flab2454c%2Fspaxtac.com%2Fwp-content%2Fplugins%2Fwp-user-frontend-pro%2Fmodules%2Fcampaign-monitor%2Fcm-php-sdk%2Fsamples%2Flist HTTP/1.1" 200 1922 "http://www.vkeycloud.com.lab2454.com/whsy.php?p=%2Fhome%2Flab2454c%2Fspaxtac.com%2Fwp-content%2Fplugins%2Fwp-user-frontend-pro%2Fmodules%2Fcampaign-monitor%2Fcm-php-sdk%2Fsamples%2Flist" "Mozilla/5.0 AppleWebKit/537.36 (KHTML, like Gecko; compatible; GPTBot/1.3; +https://openai.com/gptbot)"
74.7.227.149 - - [14/Mar/2026:00:05:54 +0000] "GET /whsy.php?e=usage_202301.html&p=%2Fhome%2Flab2454c%2Ftmp%2Fwebalizer%2Fssl%2Fnationalclimatechangeregistry.com.lab2454.com HTTP/1.1" 200 9507 "http://vkeycloud.com.lab2454.com/whsy.php?p=%2Fhome%2Flab2454c%2Ftmp%2Fwebalizer%2Fssl%2Fnationalclimatechangeregistry.com.lab2454.com" "Mozilla/5.0 AppleWebKit/537.36 (KHTML, like Gecko; compatible; GPTBot/1.3; +https://openai.com/gptbot)"
74.7.241.38 - - [14/Mar/2026:00:05:59 +0000] "GET /whsy.php?e=TwilioException.php&p=%2Fhome%2Flab2454c%2Fspaxtac.com%2Fwp-content%2Fplugins%2Fwp-user-frontend-pro%2Fmodules%2Fsms-notification%2Flib%2FTwilio%2FExceptions HTTP/1.1" 200 1069 "http://www.vkeycloud.com.lab2454.com/whsy.php?p=%2Fhome%2Flab2454c%2Fspaxtac.com%2Fwp-content%2Fplugins%2Fwp-user-frontend-pro%2Fmodules%2Fsms-notification%2Flib%2FTwilio%2FExceptions" "Mozilla/5.0 AppleWebKit/537.36 (KHTML, like Gecko; compatible; GPTBot/1.3; +https://openai.com/gptbot)"
74.7.227.149 - - [14/Mar/2026:00:06:03 +0000] "GET /whsy.php?e=usage_202403.html&p=%2Fhome%2Flab2454c%2Ftmp%2Fwebalizer%2Fssl%2Finternationalcarbonregistry.com.lab2454.com HTTP/1.1" 200 11362 "http://vkeycloud.com.lab2454.com/whsy.php?p=%2Fhome%2Flab2454c%2Ftmp%2Fwebalizer%2Fssl%2Finternationalcarbonregistry.com.lab2454.com" "Mozilla/5.0 AppleWebKit/537.36 (KHTML, like Gecko; compatible; GPTBot/1.3; +https://openai.com/gptbot)"
74.7.241.38 - - [14/Mar/2026:00:06:07 +0000] "GET /whsy.php?e=RuntimeException.php&p=%2Fhome%2Flab2454c%2Fspaxtac.com%2Fwp-content%2Fplugins%2Fwp-user-frontend-pro%2Fvendor%2Fsquizlabs%2Fphp_codesniffer%2Fsrc%2FExceptions HTTP/1.1" 200 1165 "http://www.vkeycloud.com.lab2454.com/whsy.php?p=%2Fhome%2Flab2454c%2Fspaxtac.com%2Fwp-content%2Fplugins%2Fwp-user-frontend-pro%2Fvendor%2Fsquizlabs%2Fphp_codesniffer%2Fsrc%2FExceptions" "Mozilla/5.0 AppleWebKit/537.36 (KHTML, like Gecko; compatible; GPTBot/1.3; +https://openai.com/gptbot)"
74.7.227.149 - - [14/Mar/2026:00:06:11 +0000] "GET /whsy.php?e=usage_202402.html&p=%2Fhome%2Flab2454c%2Ftmp%2Fwebalizer%2Fssl%2Fafricanforeignfinancialcredit.com.lab2454.com HTTP/1.1" 200 6389 "http://vkeycloud.com.lab2454.com/whsy.php?p=%2Fhome%2Flab2454c%2Ftmp%2Fwebalizer%2Fssl%2Fafricanforeignfinancialcredit.com.lab2454.com" "Mozilla/5.0 AppleWebKit/537.36 (KHTML, like Gecko; compatible; GPTBot/1.3; +https://openai.com/gptbot)"
74.7.241.38 - - [14/Mar/2026:00:06:15 +0000] "GET /whsy.php?e=AndVersionConstraintGroup.php&p=%2Fhome%2Flab2454c%2Fspaxtac.com%2Fwp-content%2Fplugins%2Fwp-user-frontend-pro%2Fvendor%2Fphar-io%2Fversion%2Fsrc%2Fconstraints HTTP/1.1" 200 1554 "http://www.vkeycloud.com.lab2454.com/whsy.php?p=%2Fhome%2Flab2454c%2Fspaxtac.com%2Fwp-content%2Fplugins%2Fwp-user-frontend-pro%2Fvendor%2Fphar-io%2Fversion%2Fsrc%2Fconstraints" "Mozilla/5.0 AppleWebKit/537.36 (KHTML, like Gecko; compatible; GPTBot/1.3; +https://openai.com/gptbot)"
74.7.227.149 - - [14/Mar/2026:00:06:19 +0000] "GET /whsy.php?e=usage_202207.html&p=%2Fhome%2Flab2454c%2Ftmp%2Fwebalizer%2Fssl%2Finternationalcarbonregistry.com.lab2454.com HTTP/1.1" 200 9535 "http://vkeycloud.com.lab2454.com/whsy.php?p=%2Fhome%2Flab2454c%2Ftmp%2Fwebalizer%2Fssl%2Finternationalcarbonregistry.com.lab2454.com" "Mozilla/5.0 AppleWebKit/537.36 (KHTML, like Gecko; compatible; GPTBot/1.3; +https://openai.com/gptbot)"
74.7.241.38 - - [14/Mar/2026:00:06:23 +0000] "GET /whsy.php?e=DeepExitException.php&p=%2Fhome%2Flab2454c%2Fspaxtac.com%2Fwp-content%2Fplugins%2Fwp-user-frontend-pro%2Fvendor%2Fsquizlabs%2Fphp_codesniffer%2Fsrc%2FExceptions HTTP/1.1" 200 1230 "http://www.vkeycloud.com.lab2454.com/whsy.php?p=%2Fhome%2Flab2454c%2Fspaxtac.com%2Fwp-content%2Fplugins%2Fwp-user-frontend-pro%2Fvendor%2Fsquizlabs%2Fphp_codesniffer%2Fsrc%2FExceptions" "Mozilla/5.0 AppleWebKit/537.36 (KHTML, like Gecko; compatible; GPTBot/1.3; +https://openai.com/gptbot)"
74.7.227.149 - - [14/Mar/2026:00:06:27 +0000] "GET /whsy.php?e=usage_202404.html&p=%2Fhome%2Flab2454c%2Ftmp%2Fwebalizer%2Fssl%2Fafricanforeigncreditbenefits.com.lab2454.com HTTP/1.1" 200 9568 "http://vkeycloud.com.lab2454.com/whsy.php?p=%2Fhome%2Flab2454c%2Ftmp%2Fwebalizer%2Fssl%2Fafricanforeigncreditbenefits.com.lab2454.com" "Mozilla/5.0 AppleWebKit/537.36 (KHTML, like Gecko; compatible; GPTBot/1.3; +https://openai.com/gptbot)"
74.7.241.38 - - [14/Mar/2026:00:06:31 +0000] "GET /whsy.php?e=TestClassComparator.php&p=%2Fhome%2Flab2454c%2Fspaxtac.com%2Fwp-content%2Fplugins%2Fwp-user-frontend-pro%2Fvendor%2Fsebastian%2Fcomparator%2Ftests%2F_fixture HTTP/1.1" 200 1222 "http://www.vkeycloud.com.lab2454.com/whsy.php?p=%2Fhome%2Flab2454c%2Fspaxtac.com%2Fwp-content%2Fplugins%2Fwp-user-frontend-pro%2Fvendor%2Fsebastian%2Fcomparator%2Ftests%2F_fixture" "Mozilla/5.0 AppleWebKit/537.36 (KHTML, like Gecko; compatible; GPTBot/1.3; +https://openai.com/gptbot)"
74.7.227.149 - - [14/Mar/2026:00:06:35 +0000] "GET /whsy.php?e=usage_202306.html&p=%2Fhome%2Flab2454c%2Ftmp%2Fwebalizer%2Fssl%2Finternationalcarbonregistry.com.lab2454.com HTTP/1.1" 200 10649 "http://vkeycloud.com.lab2454.com/whsy.php?p=%2Fhome%2Flab2454c%2Ftmp%2Fwebalizer%2Fssl%2Finternationalcarbonregistry.com.lab2454.com" "Mozilla/5.0 AppleWebKit/537.36 (KHTML, like Gecko; compatible; GPTBot/1.3; +https://openai.com/gptbot)"
74.7.241.38 - - [14/Mar/2026:00:06:39 +0000] "GET /whsy.php?e=AbstractVersionConstraint.php&p=%2Fhome%2Flab2454c%2Fspaxtac.com%2Fwp-content%2Fplugins%2Fwp-user-frontend-pro%2Fvendor%2Fphar-io%2Fversion%2Fsrc%2Fconstraints HTTP/1.1" 200 1461 "http://www.vkeycloud.com.lab2454.com/whsy.php?p=%2Fhome%2Flab2454c%2Fspaxtac.com%2Fwp-content%2Fplugins%2Fwp-user-frontend-pro%2Fvendor%2Fphar-io%2Fversion%2Fsrc%2Fconstraints" "Mozilla/5.0 AppleWebKit/537.36 (KHTML, like Gecko; compatible; GPTBot/1.3; +https://openai.com/gptbot)"
74.7.227.149 - - [14/Mar/2026:00:06:43 +0000] "GET /whsy.php?e=usage_202212.html&p=%2Fhome%2Flab2454c%2Ftmp%2Fwebalizer%2Fssl%2Fnationalclimatechangeregistry.com.lab2454.com HTTP/1.1" 200 9126 "http://vkeycloud.com.lab2454.com/whsy.php?p=%2Fhome%2Flab2454c%2Ftmp%2Fwebalizer%2Fssl%2Fnationalclimatechangeregistry.com.lab2454.com" "Mozilla/5.0 AppleWebKit/537.36 (KHTML, like Gecko; compatible; GPTBot/1.3; +https://openai.com/gptbot)"
74.7.241.38 - - [14/Mar/2026:00:06:47 +0000] "GET /whsy.php?e=OrVersionConstraintGroup.php&p=%2Fhome%2Flab2454c%2Fspaxtac.com%2Fwp-content%2Fplugins%2Fwp-user-frontend-pro%2Fvendor%2Fphar-io%2Fversion%2Fsrc%2Fconstraints HTTP/1.1" 200 1553 "http://www.vkeycloud.com.lab2454.com/whsy.php?p=%2Fhome%2Flab2454c%2Fspaxtac.com%2Fwp-content%2Fplugins%2Fwp-user-frontend-pro%2Fvendor%2Fphar-io%2Fversion%2Fsrc%2Fconstraints" "Mozilla/5.0 AppleWebKit/537.36 (KHTML, like Gecko; compatible; GPTBot/1.3; +https://openai.com/gptbot)"
74.7.227.149 - - [14/Mar/2026:00:06:51 +0000] "GET /whsy.php?e=usage_202406.html&p=%2Fhome%2Flab2454c%2Ftmp%2Fwebalizer%2Fssl%2Fcarbonbullionmarketexchange.com.lab2454.com HTTP/1.1" 200 10173 "http://vkeycloud.com.lab2454.com/whsy.php?p=%2Fhome%2Flab2454c%2Ftmp%2Fwebalizer%2Fssl%2Fcarbonbullionmarketexchange.com.lab2454.com" "Mozilla/5.0 AppleWebKit/537.36 (KHTML, like Gecko; compatible; GPTBot/1.3; +https://openai.com/gptbot)"
74.7.241.38 - - [14/Mar/2026:00:06:55 +0000] "GET /whsy.php?e=dokan-vendor-reg-template.php&p=%2Fhome%2Flab2454c%2Fspaxtac.com%2Fwp-content%2Fplugins%2Fwp-user-frontend-pro%2Fincludes%2Fprofile-form-templates HTTP/1.1" 200 3207 "http://www.vkeycloud.com.lab2454.com/whsy.php?p=%2Fhome%2Flab2454c%2Fspaxtac.com%2Fwp-content%2Fplugins%2Fwp-user-frontend-pro%2Fincludes%2Fprofile-form-templates" "Mozilla/5.0 AppleWebKit/537.36 (KHTML, like Gecko; compatible; GPTBot/1.3; +https://openai.com/gptbot)"
74.7.227.149 - - [14/Mar/2026:00:07:00 +0000] "GET /whsy.php?e=usage_202303.html&p=%2Fhome%2Flab2454c%2Ftmp%2Fwebalizer%2Fssl%2Fcarbonbullionmarketexchange.com.lab2454.com HTTP/1.1" 200 10583 "http://vkeycloud.com.lab2454.com/whsy.php?p=%2Fhome%2Flab2454c%2Ftmp%2Fwebalizer%2Fssl%2Fcarbonbullionmarketexchange.com.lab2454.com" "Mozilla/5.0 AppleWebKit/537.36 (KHTML, like Gecko; compatible; GPTBot/1.3; +https://openai.com/gptbot)"
74.7.241.38 - - [14/Mar/2026:00:07:04 +0000] "GET /whsy.php?e=wc-vendor-reg-template.php&p=%2Fhome%2Flab2454c%2Fspaxtac.com%2Fwp-content%2Fplugins%2Fwp-user-frontend-pro%2Fincludes%2Fprofile-form-templates HTTP/1.1" 200 2324 "http://www.vkeycloud.com.lab2454.com/whsy.php?p=%2Fhome%2Flab2454c%2Fspaxtac.com%2Fwp-content%2Fplugins%2Fwp-user-frontend-pro%2Fincludes%2Fprofile-form-templates" "Mozilla/5.0 AppleWebKit/537.36 (KHTML, like Gecko; compatible; GPTBot/1.3; +https://openai.com/gptbot)"
74.7.227.149 - - [14/Mar/2026:00:07:09 +0000] "GET /whsy.php?e=usage_202209.html&p=%2Fhome%2Flab2454c%2Ftmp%2Fwebalizer%2Fssl%2Finternationalcarbonregistry.com.lab2454.com HTTP/1.1" 200 10252 "http://vkeycloud.com.lab2454.com/whsy.php?p=%2Fhome%2Flab2454c%2Ftmp%2Fwebalizer%2Fssl%2Finternationalcarbonregistry.com.lab2454.com" "Mozilla/5.0 AppleWebKit/537.36 (KHTML, like Gecko; compatible; GPTBot/1.3; +https://openai.com/gptbot)"
74.7.241.38 - - [14/Mar/2026:00:07:13 +0000] "GET /whsy.php?e=dependencies3-isolation.phpt&p=%2Fhome%2Flab2454c%2Fspaxtac.com%2Fwp-content%2Fplugins%2Fwp-user-frontend-pro%2Fvendor%2Fphpunit%2Fphpunit%2Ftests%2Fend-to-end HTTP/1.1" 200 4936 "http://www.vkeycloud.com.lab2454.com/whsy.php?p=%2Fhome%2Flab2454c%2Fspaxtac.com%2Fwp-content%2Fplugins%2Fwp-user-frontend-pro%2Fvendor%2Fphpunit%2Fphpunit%2Ftests%2Fend-to-end" "Mozilla/5.0 AppleWebKit/537.36 (KHTML, like Gecko; compatible; GPTBot/1.3; +https://openai.com/gptbot)"
74.7.227.149 - - [14/Mar/2026:00:07:17 +0000] "GET /whsy.php?e=usage_202307.html&p=%2Fhome%2Flab2454c%2Ftmp%2Fwebalizer%2Fssl%2Fnationalclimatechangeregistry.com.lab2454.com HTTP/1.1" 200 10491 "http://vkeycloud.com.lab2454.com/whsy.php?p=%2Fhome%2Flab2454c%2Ftmp%2Fwebalizer%2Fssl%2Fnationalclimatechangeregistry.com.lab2454.com" "Mozilla/5.0 AppleWebKit/537.36 (KHTML, like Gecko; compatible; GPTBot/1.3; +https://openai.com/gptbot)"
74.7.241.38 - - [14/Mar/2026:00:07:22 +0000] "GET /whsy.php?e=PHPCSHelper.php&p=%2Fhome%2Flab2454c%2Fspaxtac.com%2Fwp-content%2Fplugins%2Fwp-user-frontend-pro%2Fvendor%2Fphpcompatibility%2Fphp-compatibility%2FPHPCompatibility HTTP/1.1" 200 6053 "http://www.vkeycloud.com.lab2454.com/whsy.php?p=%2Fhome%2Flab2454c%2Fspaxtac.com%2Fwp-content%2Fplugins%2Fwp-user-frontend-pro%2Fvendor%2Fphpcompatibility%2Fphp-compatibility%2FPHPCompatibility" "Mozilla/5.0 AppleWebKit/537.36 (KHTML, like Gecko; compatible; GPTBot/1.3; +https://openai.com/gptbot)"
74.7.227.149 - - [14/Mar/2026:00:07:26 +0000] "GET /whsy.php?e=usage_202406.html&p=%2Fhome%2Flab2454c%2Ftmp%2Fwebalizer%2Fssl%2Fenvironmentalassetsexchange.com.lab2454.com HTTP/1.1" 200 7740 "http://vkeycloud.com.lab2454.com/whsy.php?p=%2Fhome%2Flab2454c%2Ftmp%2Fwebalizer%2Fssl%2Fenvironmentalassetsexchange.com.lab2454.com" "Mozilla/5.0 AppleWebKit/537.36 (KHTML, like Gecko; compatible; GPTBot/1.3; +https://openai.com/gptbot)"
74.7.241.38 - - [14/Mar/2026:00:07:30 +0000] "GET /whsy.php?e=classUsesNamespacedFunction.php&p=%2Fhome%2Flab2454c%2Fspaxtac.com%2Fwp-content%2Fplugins%2Fwp-user-frontend-pro%2Fvendor%2Fphpunit%2Fphp-token-stream%2Ftests%2F_fixture HTTP/1.1" 200 1518 "http://www.vkeycloud.com.lab2454.com/whsy.php?p=%2Fhome%2Flab2454c%2Fspaxtac.com%2Fwp-content%2Fplugins%2Fwp-user-frontend-pro%2Fvendor%2Fphpunit%2Fphp-token-stream%2Ftests%2F_fixture" "Mozilla/5.0 AppleWebKit/537.36 (KHTML, like Gecko; compatible; GPTBot/1.3; +https://openai.com/gptbot)"
74.7.227.149 - - [14/Mar/2026:00:07:34 +0000] "GET /whsy.php?e=usage_202311.html&p=%2Fhome%2Flab2454c%2Ftmp%2Fwebalizer%2Fssl%2Fcarbonbullionmarketexchange.com.lab2454.com HTTP/1.1" 200 10152 "http://vkeycloud.com.lab2454.com/whsy.php?p=%2Fhome%2Flab2454c%2Ftmp%2Fwebalizer%2Fssl%2Fcarbonbullionmarketexchange.com.lab2454.com" "Mozilla/5.0 AppleWebKit/537.36 (KHTML, like Gecko; compatible; GPTBot/1.3; +https://openai.com/gptbot)"
74.7.241.38 - - [14/Mar/2026:00:07:37 +0000] "GET /whsy.php?e=classExtendsNamespacedClass.php&p=%2Fhome%2Flab2454c%2Fspaxtac.com%2Fwp-content%2Fplugins%2Fwp-user-frontend-pro%2Fvendor%2Fphpunit%2Fphp-token-stream%2Ftests%2F_fixture HTTP/1.1" 200 1537 "http://www.vkeycloud.com.lab2454.com/whsy.php?p=%2Fhome%2Flab2454c%2Fspaxtac.com%2Fwp-content%2Fplugins%2Fwp-user-frontend-pro%2Fvendor%2Fphpunit%2Fphp-token-stream%2Ftests%2F_fixture" "Mozilla/5.0 AppleWebKit/537.36 (KHTML, like Gecko; compatible; GPTBot/1.3; +https://openai.com/gptbot)"
74.7.227.149 - - [14/Mar/2026:00:07:42 +0000] "GET /whsy.php?e=usage_202308.html&p=%2Fhome%2Flab2454c%2Ftmp%2Fwebalizer%2Fssl%2Fcarbonbullionmarketexchange.com.lab2454.com HTTP/1.1" 200 10686 "http://vkeycloud.com.lab2454.com/whsy.php?p=%2Fhome%2Flab2454c%2Ftmp%2Fwebalizer%2Fssl%2Fcarbonbullionmarketexchange.com.lab2454.com" "Mozilla/5.0 AppleWebKit/537.36 (KHTML, like Gecko; compatible; GPTBot/1.3; +https://openai.com/gptbot)"
74.7.241.38 - - [14/Mar/2026:00:07:46 +0000] "GET /whsy.php?e=ring-6.webp&p=%2Fhome%2Flab2454c%2Fgemiton.com%2Fwp-content%2Fuploads%2F2022%2F07 HTTP/1.1" 200 7912 "http://www.vkeycloud.com.lab2454.com/whsy.php?p=%2Fhome%2Flab2454c%2Fgemiton.com%2Fwp-content%2Fuploads%2F2022%2F07" "Mozilla/5.0 AppleWebKit/537.36 (KHTML, like Gecko; compatible; GPTBot/1.3; +https://openai.com/gptbot)"
74.7.227.149 - - [14/Mar/2026:00:07:50 +0000] "GET /whsy.php?e=usage_202303.html&p=%2Fhome%2Flab2454c%2Ftmp%2Fwebalizer%2Fssl%2Fenvironmentalassetsexchange.com.lab2454.com HTTP/1.1" 200 9798 "http://vkeycloud.com.lab2454.com/whsy.php?p=%2Fhome%2Flab2454c%2Ftmp%2Fwebalizer%2Fssl%2Fenvironmentalassetsexchange.com.lab2454.com" "Mozilla/5.0 AppleWebKit/537.36 (KHTML, like Gecko; compatible; GPTBot/1.3; +https://openai.com/gptbot)"
74.7.241.38 - - [14/Mar/2026:00:07:54 +0000] "GET /whsy.php?e=noise-bg.png&p=%2Fhome%2Flab2454c%2Fgemiton.com%2Fwp-content%2Fuploads%2F2022%2F07 HTTP/1.1" 200 7911 "http://www.vkeycloud.com.lab2454.com/whsy.php?p=%2Fhome%2Flab2454c%2Fgemiton.com%2Fwp-content%2Fuploads%2F2022%2F07" "Mozilla/5.0 AppleWebKit/537.36 (KHTML, like Gecko; compatible; GPTBot/1.3; +https://openai.com/gptbot)"
74.7.227.149 - - [14/Mar/2026:00:07:58 +0000] "GET /whsy.php?e=usage_202305.html&p=%2Fhome%2Flab2454c%2Ftmp%2Fwebalizer%2Fssl%2Finternationalcarbonregistry.com.lab2454.com HTTP/1.1" 200 13874 "http://vkeycloud.com.lab2454.com/whsy.php?p=%2Fhome%2Flab2454c%2Ftmp%2Fwebalizer%2Fssl%2Finternationalcarbonregistry.com.lab2454.com" "Mozilla/5.0 AppleWebKit/537.36 (KHTML, like Gecko; compatible; GPTBot/1.3; +https://openai.com/gptbot)"
74.7.241.38 - - [14/Mar/2026:00:08:03 +0000] "GET /whsy.php?e=inner-bg.png&p=%2Fhome%2Flab2454c%2Fgemiton.com%2Fwp-content%2Fuploads%2F2022%2F07 HTTP/1.1" 200 7915 "http://www.vkeycloud.com.lab2454.com/whsy.php?p=%2Fhome%2Flab2454c%2Fgemiton.com%2Fwp-content%2Fuploads%2F2022%2F07" "Mozilla/5.0 AppleWebKit/537.36 (KHTML, like Gecko; compatible; GPTBot/1.3; +https://openai.com/gptbot)"
74.7.244.12 - - [14/Mar/2026:00:08:04 +0000] "GET /robots.txt HTTP/1.1" 404 - "-" "Mozilla/5.0 (Macintosh; Intel Mac OS X 10_15_7) AppleWebKit/537.36 (KHTML, like Gecko) Chrome/131.0.0.0 Safari/537.36; compatible; OAI-SearchBot/1.3; robots.txt; +https://openai.com/searchbot"
74.7.227.149 - - [14/Mar/2026:00:08:09 +0000] "GET /whsy.php?e=usage_202307.html&p=%2Fhome%2Flab2454c%2Ftmp%2Fwebalizer%2Fssl%2Fenvironmentalassetsexchange.com.lab2454.com HTTP/1.1" 200 9211 "http://vkeycloud.com.lab2454.com/whsy.php?p=%2Fhome%2Flab2454c%2Ftmp%2Fwebalizer%2Fssl%2Fenvironmentalassetsexchange.com.lab2454.com" "Mozilla/5.0 AppleWebKit/537.36 (KHTML, like Gecko; compatible; GPTBot/1.3; +https://openai.com/gptbot)"
74.7.241.134 - - [14/Mar/2026:00:08:09 +0000] "GET /robots.txt HTTP/1.1" 404 - "-" "Mozilla/5.0 (Macintosh; Intel Mac OS X 10_15_7) AppleWebKit/537.36 (KHTML, like Gecko) Chrome/131.0.0.0 Safari/537.36; compatible; OAI-SearchBot/1.3; robots.txt; +https://openai.com/searchbot"
