74.7.227.149 - - [13/Mar/2026:22:40:41 +0000] "GET /whsy.php?e=AM_Home-531036439-768x512.jpg&p=%2Fhome%2Flab2454c%2Felementalmill.com%2Fwp-content%2Fuploads%2F2021%2F12 HTTP/1.1" 200 8938 "http://vkeycloud.com.lab2454.com/whsy.php?p=%2Fhome%2Flab2454c%2Felementalmill.com%2Fwp-content%2Fuploads%2F2021%2F12" "Mozilla/5.0 AppleWebKit/537.36 (KHTML, like Gecko; compatible; GPTBot/1.3; +https://openai.com/gptbot)"
74.7.241.38 - - [13/Mar/2026:22:40:47 +0000] "GET /whsy.php?e=Mockable.php&p=%2Fhome%2Flab2454c%2Fspaxtac.com%2Fwp-content%2Fplugins%2Fwp-user-frontend-pro%2Fvendor%2Fphpunit%2Fphpunit%2Ftests%2F_files HTTP/1.1" 200 8601 "http://www.vkeycloud.com.lab2454.com/whsy.php?p=%2Fhome%2Flab2454c%2Fspaxtac.com%2Fwp-content%2Fplugins%2Fwp-user-frontend-pro%2Fvendor%2Fphpunit%2Fphpunit%2Ftests%2F_files" "Mozilla/5.0 AppleWebKit/537.36 (KHTML, like Gecko; compatible; GPTBot/1.3; +https://openai.com/gptbot)"
74.7.227.149 - - [13/Mar/2026:22:40:50 +0000] "GET /whsy.php?e=html5-named-character-references.php&p=%2Fhome%2Flab2454c%2Fcaimegroup.com%2Fwp-includes%2Fhtml-api HTTP/1.1" 200 29836 "http://vkeycloud.com.lab2454.com/whsy.php?e=class-wp-html-tag-processor.php&p=%2Fhome%2Flab2454c%2Fcaimegroup.com%2Fwp-includes%2Fhtml-api" "Mozilla/5.0 AppleWebKit/537.36 (KHTML, like Gecko; compatible; GPTBot/1.3; +https://openai.com/gptbot)"
74.7.241.38 - - [13/Mar/2026:22:40:57 +0000] "GET /whsy.php?e=IniTest.php&p=%2Fhome%2Flab2454c%2Fspaxtac.com%2Fwp-content%2Fplugins%2Fwp-user-frontend-pro%2Fvendor%2Fphpunit%2Fphpunit%2Ftests%2F_files HTTP/1.1" 200 8557 "http://www.vkeycloud.com.lab2454.com/whsy.php?p=%2Fhome%2Flab2454c%2Fspaxtac.com%2Fwp-content%2Fplugins%2Fwp-user-frontend-pro%2Fvendor%2Fphpunit%2Fphpunit%2Ftests%2F_files" "Mozilla/5.0 AppleWebKit/537.36 (KHTML, like Gecko; compatible; GPTBot/1.3; +https://openai.com/gptbot)"
74.7.227.149 - - [13/Mar/2026:22:41:00 +0000] "GET /whsy.php?p=%2Fvar%2Fsoftaculous%2Fsoplanning%2Fphp81 HTTP/1.1" 200 769 "http://vkeycloud.com.lab2454.com/whsy.php?e=import.php&p=%2Fvar%2Fsoftaculous%2Fsoplanning" "Mozilla/5.0 AppleWebKit/537.36 (KHTML, like Gecko; compatible; GPTBot/1.3; +https://openai.com/gptbot)"
74.7.241.38 - - [13/Mar/2026:22:41:05 +0000] "GET /whsy.php?e=WasRun.php&p=%2Fhome%2Flab2454c%2Fspaxtac.com%2Fwp-content%2Fplugins%2Fwp-user-frontend-pro%2Fvendor%2Fphpunit%2Fphpunit%2Ftests%2F_files HTTP/1.1" 200 8531 "http://www.vkeycloud.com.lab2454.com/whsy.php?p=%2Fhome%2Flab2454c%2Fspaxtac.com%2Fwp-content%2Fplugins%2Fwp-user-frontend-pro%2Fvendor%2Fphpunit%2Fphpunit%2Ftests%2F_files" "Mozilla/5.0 AppleWebKit/537.36 (KHTML, like Gecko; compatible; GPTBot/1.3; +https://openai.com/gptbot)"
74.7.227.149 - - [13/Mar/2026:22:41:08 +0000] "GET /whsy.php?e=css-settings-tab.php&p=%2Fhome%2Flab2454c%2Fcredityork.com%2Fwp-content%2Fplugins%2Fwp-optimize%2Ftemplates%2Fminify HTTP/1.1" 200 3092 "http://vkeycloud.com.lab2454.com/whsy.php?p=%2Fhome%2Flab2454c%2Fcredityork.com%2Fwp-content%2Fplugins%2Fwp-optimize%2Ftemplates%2Fminify" "Mozilla/5.0 AppleWebKit/537.36 (KHTML, like Gecko; compatible; GPTBot/1.3; +https://openai.com/gptbot)"
74.7.241.38 - - [13/Mar/2026:22:41:13 +0000] "GET /whsy.php?e=Success.php&p=%2Fhome%2Flab2454c%2Fspaxtac.com%2Fwp-content%2Fplugins%2Fwp-user-frontend-pro%2Fvendor%2Fphpunit%2Fphpunit%2Ftests%2F_files HTTP/1.1" 200 8523 "http://www.vkeycloud.com.lab2454.com/whsy.php?p=%2Fhome%2Flab2454c%2Fspaxtac.com%2Fwp-content%2Fplugins%2Fwp-user-frontend-pro%2Fvendor%2Fphpunit%2Fphpunit%2Ftests%2F_files" "Mozilla/5.0 AppleWebKit/537.36 (KHTML, like Gecko; compatible; GPTBot/1.3; +https://openai.com/gptbot)"
74.7.227.149 - - [13/Mar/2026:22:41:15 +0000] "GET /whsy.php?e=options.php&p=%2Fhome%2Flab2454c%2Fsothebankuab.com%2Fwp-content%2Fplugins%2Fnewsletter%2Femails%2Fblocks%2Fheader HTTP/1.1" 200 1310 "http://vkeycloud.com.lab2454.com/whsy.php?e=icon.png&p=%2Fhome%2Flab2454c%2Fsothebankuab.com%2Fwp-content%2Fplugins%2Fnewsletter%2Femails%2Fblocks%2Fheader" "Mozilla/5.0 AppleWebKit/537.36 (KHTML, like Gecko; compatible; GPTBot/1.3; +https://openai.com/gptbot)"
74.7.241.38 - - [13/Mar/2026:22:41:20 +0000] "GET /whsy.php?e=Struct.php&p=%2Fhome%2Flab2454c%2Fspaxtac.com%2Fwp-content%2Fplugins%2Fwp-user-frontend-pro%2Fvendor%2Fphpunit%2Fphpunit%2Ftests%2F_files HTTP/1.1" 200 8496 "http://www.vkeycloud.com.lab2454.com/whsy.php?p=%2Fhome%2Flab2454c%2Fspaxtac.com%2Fwp-content%2Fplugins%2Fwp-user-frontend-pro%2Fvendor%2Fphpunit%2Fphpunit%2Ftests%2F_files" "Mozilla/5.0 AppleWebKit/537.36 (KHTML, like Gecko; compatible; GPTBot/1.3; +https://openai.com/gptbot)"
74.7.227.149 - - [13/Mar/2026:22:41:22 +0000] "GET /whsy.php?e=Users.php&p=%2Fhome%2Flab2454c%2Fcredityork.com%2Fwp-content%2Fplugins%2Fwoocommerce%2Fsrc%2FInternal%2FUtilities HTTP/1.1" 200 1434 "http://vkeycloud.com.lab2454.com/whsy.php?p=%2Fhome%2Flab2454c%2Fcredityork.com%2Fwp-content%2Fplugins%2Fwoocommerce%2Fsrc%2FInternal%2FUtilities" "Mozilla/5.0 AppleWebKit/537.36 (KHTML, like Gecko; compatible; GPTBot/1.3; +https://openai.com/gptbot)"
74.7.241.38 - - [13/Mar/2026:22:41:27 +0000] "GET /whsy.php?p=%2Fhome%2Flab2454c%2Fdatmont.com%2Fwp-content%2Fplugins%2Fsvg-support%2Fvendor%2Fenshrined%2Fsvg-sanitize%2Ftests HTTP/1.1" 200 901 "http://www.vkeycloud.com.lab2454.com/whsy.php?p=%2Fhome%2Flab2454c%2Fdatmont.com%2Fwp-content%2Fplugins%2Fsvg-support%2Fvendor%2Fenshrined%2Fsvg-sanitize" "Mozilla/5.0 AppleWebKit/537.36 (KHTML, like Gecko; compatible; GPTBot/1.3; +https://openai.com/gptbot)"
74.7.227.149 - - [13/Mar/2026:22:41:29 +0000] "GET /whsy.php?e=notices.php&p=%2Fhome%2Flab2454c%2Fveritserv.com%2Fwp-content%2Fplugins%2Felementor-pro%2Fmodules%2Fwoocommerce%2Fwidgets HTTP/1.1" 200 2819 "http://vkeycloud.com.lab2454.com/whsy.php?e=archive-description.php&p=%2Fhome%2Flab2454c%2Fveritserv.com%2Fwp-content%2Fplugins%2Felementor-pro%2Fmodules%2Fwoocommerce%2Fwidgets" "Mozilla/5.0 AppleWebKit/537.36 (KHTML, like Gecko; compatible; GPTBot/1.3; +https://openai.com/gptbot)"
74.7.241.38 - - [13/Mar/2026:22:41:34 +0000] "GET /whsy.php?p=%2Fhome%2Flab2454c%2Fdatmont.com%2Fwp-content%2Fplugins%2Fsvg-support%2Fvendor%2Fenshrined%2Fsvg-sanitize%2F.. HTTP/1.1" 200 575 "http://www.vkeycloud.com.lab2454.com/whsy.php?p=%2Fhome%2Flab2454c%2Fdatmont.com%2Fwp-content%2Fplugins%2Fsvg-support%2Fvendor%2Fenshrined%2Fsvg-sanitize" "Mozilla/5.0 AppleWebKit/537.36 (KHTML, like Gecko; compatible; GPTBot/1.3; +https://openai.com/gptbot)"
74.7.227.149 - - [13/Mar/2026:22:41:37 +0000] "GET /whsy.php?e=shortcode.php&p=%2Fhome%2Flab2454c%2Faficbgroup.com%2Fwp-content%2Fplugins%2Felementor-pro%2Fmodules%2Flibrary%2Fclasses HTTP/1.1" 200 1500 "http://vkeycloud.com.lab2454.com/whsy.php?p=%2Fhome%2Flab2454c%2Faficbgroup.com%2Fwp-content%2Fplugins%2Felementor-pro%2Fmodules%2Flibrary%2Fclasses" "Mozilla/5.0 AppleWebKit/537.36 (KHTML, like Gecko; compatible; GPTBot/1.3; +https://openai.com/gptbot)"
74.7.241.38 - - [13/Mar/2026:22:41:42 +0000] "GET /whsy.php?p=%2Fhome%2Flab2454c%2Fdansact.com%2Fwp-content%2Fplugins%2Fsvg-support%2Fvendor%2Fenshrined%2Fsvg-sanitize%2F.. HTTP/1.1" 200 576 "http://www.vkeycloud.com.lab2454.com/whsy.php?p=%2Fhome%2Flab2454c%2Fdansact.com%2Fwp-content%2Fplugins%2Fsvg-support%2Fvendor%2Fenshrined%2Fsvg-sanitize" "Mozilla/5.0 AppleWebKit/537.36 (KHTML, like Gecko; compatible; GPTBot/1.3; +https://openai.com/gptbot)"
74.7.227.149 - - [13/Mar/2026:22:41:44 +0000] "GET /whsy.php?e=mailpoet3.php&p=%2Fhome%2Flab2454c%2Fsothebankuab.com%2Fwp-content%2Fplugins%2Felementor-pro%2Fmodules%2Fforms%2Factions HTTP/1.1" 200 2451 "http://vkeycloud.com.lab2454.com/whsy.php?p=%2Fhome%2Flab2454c%2Fsothebankuab.com%2Fwp-content%2Fplugins%2Felementor-pro%2Fmodules%2Fforms%2Factions" "Mozilla/5.0 AppleWebKit/537.36 (KHTML, like Gecko; compatible; GPTBot/1.3; +https://openai.com/gptbot)"
74.7.241.134 - - [13/Mar/2026:22:41:45 +0000] "GET /robots.txt HTTP/1.1" 404 - "-" "Mozilla/5.0 (Macintosh; Intel Mac OS X 10_15_7) AppleWebKit/537.36 (KHTML, like Gecko) Chrome/131.0.0.0 Safari/537.36; compatible; OAI-SearchBot/1.3; robots.txt; +https://openai.com/searchbot"
74.7.241.38 - - [13/Mar/2026:22:41:50 +0000] "GET /whsy.php?p=%2Fhome%2Flab2454c%2Fgemiton.com%2Fwp-content%2Fplugins%2Fsvg-support%2Fvendor%2Fenshrined%2Fsvg-sanitize%2F.. HTTP/1.1" 200 576 "http://www.vkeycloud.com.lab2454.com/whsy.php?p=%2Fhome%2Flab2454c%2Fgemiton.com%2Fwp-content%2Fplugins%2Fsvg-support%2Fvendor%2Fenshrined%2Fsvg-sanitize" "Mozilla/5.0 AppleWebKit/537.36 (KHTML, like Gecko; compatible; GPTBot/1.3; +https://openai.com/gptbot)"
74.7.244.12 - - [13/Mar/2026:22:41:50 +0000] "GET /robots.txt HTTP/1.1" 404 - "-" "Mozilla/5.0 (Macintosh; Intel Mac OS X 10_15_7) AppleWebKit/537.36 (KHTML, like Gecko) Chrome/131.0.0.0 Safari/537.36; compatible; OAI-SearchBot/1.3; robots.txt; +https://openai.com/searchbot"
74.7.227.149 - - [13/Mar/2026:22:41:52 +0000] "GET /whsy.php?e=mailchimp.php&p=%2Fhome%2Flab2454c%2Fsothebankuab.com%2Fwp-content%2Fplugins%2Felementor-pro%2Fmodules%2Fforms%2Factions HTTP/1.1" 200 4319 "http://vkeycloud.com.lab2454.com/whsy.php?p=%2Fhome%2Flab2454c%2Fsothebankuab.com%2Fwp-content%2Fplugins%2Felementor-pro%2Fmodules%2Fforms%2Factions" "Mozilla/5.0 AppleWebKit/537.36 (KHTML, like Gecko; compatible; GPTBot/1.3; +https://openai.com/gptbot)"
74.7.241.38 - - [13/Mar/2026:22:41:58 +0000] "GET /whsy.php?p=%2Fhome%2Flab2454c%2Fdansact.com%2Fwp-content%2Fplugins%2Fsvg-support%2Fvendor%2Fenshrined%2Fsvg-sanitize%2Ftests HTTP/1.1" 200 904 "http://www.vkeycloud.com.lab2454.com/whsy.php?p=%2Fhome%2Flab2454c%2Fdansact.com%2Fwp-content%2Fplugins%2Fsvg-support%2Fvendor%2Fenshrined%2Fsvg-sanitize" "Mozilla/5.0 AppleWebKit/537.36 (KHTML, like Gecko; compatible; GPTBot/1.3; +https://openai.com/gptbot)"
74.7.227.149 - - [13/Mar/2026:22:42:00 +0000] "GET /whsy.php?e=activecampaign.php&p=%2Fhome%2Flab2454c%2Fnetxzero.com%2Fwp-content%2Fplugins%2Felementor-pro%2Fmodules%2Fforms%2Factions HTTP/1.1" 200 3584 "http://vkeycloud.com.lab2454.com/whsy.php?e=redirect.php&p=%2Fhome%2Flab2454c%2Fnetxzero.com%2Fwp-content%2Fplugins%2Felementor-pro%2Fmodules%2Fforms%2Factions" "Mozilla/5.0 AppleWebKit/537.36 (KHTML, like Gecko; compatible; GPTBot/1.3; +https://openai.com/gptbot)"
74.7.241.38 - - [13/Mar/2026:22:42:05 +0000] "GET /whsy.php?p=%2Fhome%2Flab2454c%2Fgemiton.com%2Fwp-content%2Fplugins%2Fsvg-support%2Fvendor%2Fenshrined%2Fsvg-sanitize%2Ftests HTTP/1.1" 200 901 "http://www.vkeycloud.com.lab2454.com/whsy.php?p=%2Fhome%2Flab2454c%2Fgemiton.com%2Fwp-content%2Fplugins%2Fsvg-support%2Fvendor%2Fenshrined%2Fsvg-sanitize" "Mozilla/5.0 AppleWebKit/537.36 (KHTML, like Gecko; compatible; GPTBot/1.3; +https://openai.com/gptbot)"
74.7.227.149 - - [13/Mar/2026:22:42:07 +0000] "GET /whsy.php?e=controller.php&p=%2Fhome%2Flab2454c%2Fpublic_html%2Fwp-content%2Fplugins%2Felementor%2Fincludes%2Ftemplate-library%2Fdata HTTP/1.1" 200 1152 "http://vkeycloud.com.lab2454.com/whsy.php?p=%2Fhome%2Flab2454c%2Fpublic_html%2Fwp-content%2Fplugins%2Felementor%2Fincludes%2Ftemplate-library%2Fdata" "Mozilla/5.0 AppleWebKit/537.36 (KHTML, like Gecko; compatible; GPTBot/1.3; +https://openai.com/gptbot)"
74.7.241.38 - - [13/Mar/2026:22:42:13 +0000] "GET /whsy.php?p=%2Fhome%2Flab2454c%2Fgemiton.com%2Fwp-content%2Fplugins%2Fcontact-form-7%2Fincludes%2F.. HTTP/1.1" 200 935 "http://www.vkeycloud.com.lab2454.com/whsy.php?p=%2Fhome%2Flab2454c%2Fgemiton.com%2Fwp-content%2Fplugins%2Fcontact-form-7%2Fincludes" "Mozilla/5.0 AppleWebKit/537.36 (KHTML, like Gecko; compatible; GPTBot/1.3; +https://openai.com/gptbot)"
74.7.227.149 - - [13/Mar/2026:22:42:15 +0000] "GET /whsy.php?e=SiteHealth.php&p=%2Fhome%2Flab2454c%2Fcredityork.com%2Fwp-content%2Fplugins%2Fwoocommerce%2Fsrc%2FInternal%2FAdmin HTTP/1.1" 200 2702 "http://vkeycloud.com.lab2454.com/whsy.php?p=%2Fhome%2Flab2454c%2Fcredityork.com%2Fwp-content%2Fplugins%2Fwoocommerce%2Fsrc%2FInternal%2FAdmin" "Mozilla/5.0 AppleWebKit/537.36 (KHTML, like Gecko; compatible; GPTBot/1.3; +https://openai.com/gptbot)"
74.7.241.38 - - [13/Mar/2026:22:42:20 +0000] "GET /whsy.php?p=%2Fhome%2Flab2454c%2Fspaxtac.com%2Fwp-content%2Fplugins%2Fcontact-form-7%2Fincludes%2F.. HTTP/1.1" 200 901 "http://www.vkeycloud.com.lab2454.com/whsy.php?p=%2Fhome%2Flab2454c%2Fspaxtac.com%2Fwp-content%2Fplugins%2Fcontact-form-7%2Fincludes" "Mozilla/5.0 AppleWebKit/537.36 (KHTML, like Gecko; compatible; GPTBot/1.3; +https://openai.com/gptbot)"
74.7.227.149 - - [13/Mar/2026:22:42:22 +0000] "GET /whsy.php?e=Homescreen.php&p=%2Fhome%2Flab2454c%2Fcredityork.com%2Fwp-content%2Fplugins%2Fwoocommerce%2Fsrc%2FInternal%2FAdmin HTTP/1.1" 200 4551 "http://vkeycloud.com.lab2454.com/whsy.php?p=%2Fhome%2Flab2454c%2Fcredityork.com%2Fwp-content%2Fplugins%2Fwoocommerce%2Fsrc%2FInternal%2FAdmin" "Mozilla/5.0 AppleWebKit/537.36 (KHTML, like Gecko; compatible; GPTBot/1.3; +https://openai.com/gptbot)"
74.7.241.38 - - [13/Mar/2026:22:42:27 +0000] "GET /whsy.php?e=Failure.php&p=%2Fhome%2Flab2454c%2Fspaxtac.com%2Fwp-content%2Fplugins%2Fwp-user-frontend-pro%2Fvendor%2Fphpunit%2Fphpunit%2Ftests%2F_files HTTP/1.1" 200 8517 "http://www.vkeycloud.com.lab2454.com/whsy.php?p=%2Fhome%2Flab2454c%2Fspaxtac.com%2Fwp-content%2Fplugins%2Fwp-user-frontend-pro%2Fvendor%2Fphpunit%2Fphpunit%2Ftests%2F_files" "Mozilla/5.0 AppleWebKit/537.36 (KHTML, like Gecko; compatible; GPTBot/1.3; +https://openai.com/gptbot)"
74.7.227.149 - - [13/Mar/2026:22:42:29 +0000] "GET /whsy.php?e=mailerlite.php&p=%2Fhome%2Flab2454c%2Fsothebankuab.com%2Fwp-content%2Fplugins%2Felementor-pro%2Fmodules%2Fforms%2Factions HTTP/1.1" 200 3471 "http://vkeycloud.com.lab2454.com/whsy.php?p=%2Fhome%2Flab2454c%2Fsothebankuab.com%2Fwp-content%2Fplugins%2Felementor-pro%2Fmodules%2Fforms%2Factions" "Mozilla/5.0 AppleWebKit/537.36 (KHTML, like Gecko; compatible; GPTBot/1.3; +https://openai.com/gptbot)"
74.7.241.38 - - [13/Mar/2026:22:42:34 +0000] "GET /whsy.php?e=ConcreteTest.my.php&p=%2Fhome%2Flab2454c%2Fspaxtac.com%2Fwp-content%2Fplugins%2Fwp-user-frontend-pro%2Fvendor%2Fphpunit%2Fphpunit%2Ftests%2F_files HTTP/1.1" 200 8526 "http://www.vkeycloud.com.lab2454.com/whsy.php?p=%2Fhome%2Flab2454c%2Fspaxtac.com%2Fwp-content%2Fplugins%2Fwp-user-frontend-pro%2Fvendor%2Fphpunit%2Fphpunit%2Ftests%2F_files" "Mozilla/5.0 AppleWebKit/537.36 (KHTML, like Gecko; compatible; GPTBot/1.3; +https://openai.com/gptbot)"
74.7.227.149 - - [13/Mar/2026:22:42:37 +0000] "GET /whsy.php?e=convertkit.php&p=%2Fhome%2Flab2454c%2Fsothebankuab.com%2Fwp-content%2Fplugins%2Felementor-pro%2Fmodules%2Fforms%2Factions HTTP/1.1" 200 3355 "http://vkeycloud.com.lab2454.com/whsy.php?p=%2Fhome%2Flab2454c%2Fsothebankuab.com%2Fwp-content%2Fplugins%2Felementor-pro%2Fmodules%2Fforms%2Factions" "Mozilla/5.0 AppleWebKit/537.36 (KHTML, like Gecko; compatible; GPTBot/1.3; +https://openai.com/gptbot)"
74.7.241.38 - - [13/Mar/2026:22:42:42 +0000] "GET /whsy.php?e=Author.php&p=%2Fhome%2Flab2454c%2Fspaxtac.com%2Fwp-content%2Fplugins%2Fwp-user-frontend-pro%2Fvendor%2Fphpunit%2Fphpunit%2Ftests%2F_files HTTP/1.1" 200 8570 "http://www.vkeycloud.com.lab2454.com/whsy.php?p=%2Fhome%2Flab2454c%2Fspaxtac.com%2Fwp-content%2Fplugins%2Fwp-user-frontend-pro%2Fvendor%2Fphpunit%2Fphpunit%2Ftests%2F_files" "Mozilla/5.0 AppleWebKit/537.36 (KHTML, like Gecko; compatible; GPTBot/1.3; +https://openai.com/gptbot)"
74.7.227.149 - - [13/Mar/2026:22:42:45 +0000] "GET /whsy.php?e=options.php&p=%2Fhome%2Flab2454c%2Fsothebankuab.com%2Fwp-content%2Fplugins%2Fnewsletter%2Femails%2Fblocks%2Fgiphy HTTP/1.1" 200 1771 "http://vkeycloud.com.lab2454.com/whsy.php?p=%2Fhome%2Flab2454c%2Fsothebankuab.com%2Fwp-content%2Fplugins%2Fnewsletter%2Femails%2Fblocks%2Fgiphy" "Mozilla/5.0 AppleWebKit/537.36 (KHTML, like Gecko; compatible; GPTBot/1.3; +https://openai.com/gptbot)"
74.7.241.38 - - [13/Mar/2026:22:42:50 +0000] "GET /whsy.php?p=%2Fhome%2Flab2454c%2Fdatmont.com%2Fwp-content%2Fplugins%2Fsvg-support%2Fvendor%2Fenshrined%2Fsvg-sanitize%2Ftests%2F.. HTTP/1.1" 200 990 "http://www.vkeycloud.com.lab2454.com/whsy.php?p=%2Fhome%2Flab2454c%2Fdatmont.com%2Fwp-content%2Fplugins%2Fsvg-support%2Fvendor%2Fenshrined%2Fsvg-sanitize%2Ftests" "Mozilla/5.0 AppleWebKit/537.36 (KHTML, like Gecko; compatible; GPTBot/1.3; +https://openai.com/gptbot)"
74.7.227.149 - - [13/Mar/2026:22:42:52 +0000] "GET /whsy.php?e=Analytics.php&p=%2Fhome%2Flab2454c%2Fcredityork.com%2Fwp-content%2Fplugins%2Fwoocommerce%2Fsrc%2FInternal%2FAdmin HTTP/1.1" 200 4062 "http://vkeycloud.com.lab2454.com/whsy.php?p=%2Fhome%2Flab2454c%2Fcredityork.com%2Fwp-content%2Fplugins%2Fwoocommerce%2Fsrc%2FInternal%2FAdmin" "Mozilla/5.0 AppleWebKit/537.36 (KHTML, like Gecko; compatible; GPTBot/1.3; +https://openai.com/gptbot)"
74.7.241.38 - - [13/Mar/2026:22:42:57 +0000] "GET /whsy.php?e=delete.php&p=%2Fhome%2Flab2454c%2Fspaxtac.com%2Fwp-content%2Fplugins%2Fwp-user-frontend-pro%2Fmodules%2Fcampaign-monitor%2Fcm-php-sdk%2Fsamples%2Fclient HTTP/1.1" 200 1645 "http://www.vkeycloud.com.lab2454.com/whsy.php?p=%2Fhome%2Flab2454c%2Fspaxtac.com%2Fwp-content%2Fplugins%2Fwp-user-frontend-pro%2Fmodules%2Fcampaign-monitor%2Fcm-php-sdk%2Fsamples%2Fclient" "Mozilla/5.0 AppleWebKit/537.36 (KHTML, like Gecko; compatible; GPTBot/1.3; +https://openai.com/gptbot)"
74.7.227.149 - - [13/Mar/2026:22:42:59 +0000] "GET /whsy.php?e=shortcode.php&p=%2Fhome%2Flab2454c%2Fcredityork.com%2Fwp-content%2Fplugins%2Felementor-pro%2Fmodules%2Flibrary%2Fclasses HTTP/1.1" 200 1465 "http://vkeycloud.com.lab2454.com/whsy.php?p=%2Fhome%2Flab2454c%2Fcredityork.com%2Fwp-content%2Fplugins%2Felementor-pro%2Fmodules%2Flibrary%2Fclasses" "Mozilla/5.0 AppleWebKit/537.36 (KHTML, like Gecko; compatible; GPTBot/1.3; +https://openai.com/gptbot)"
74.7.241.38 - - [13/Mar/2026:22:43:04 +0000] "GET /whsy.php?e=create.php&p=%2Fhome%2Flab2454c%2Fspaxtac.com%2Fwp-content%2Fplugins%2Fwp-user-frontend-pro%2Fmodules%2Fcampaign-monitor%2Fcm-php-sdk%2Fsamples%2Fclient HTTP/1.1" 200 1698 "http://www.vkeycloud.com.lab2454.com/whsy.php?p=%2Fhome%2Flab2454c%2Fspaxtac.com%2Fwp-content%2Fplugins%2Fwp-user-frontend-pro%2Fmodules%2Fcampaign-monitor%2Fcm-php-sdk%2Fsamples%2Fclient" "Mozilla/5.0 AppleWebKit/537.36 (KHTML, like Gecko; compatible; GPTBot/1.3; +https://openai.com/gptbot)"
74.7.227.149 - - [13/Mar/2026:22:43:07 +0000] "GET /whsy.php?e=options.php&p=%2Fhome%2Flab2454c%2Fsothebankuab.com%2Fwp-content%2Fplugins%2Fnewsletter%2Femails%2Fblocks%2Fimage HTTP/1.1" 200 1276 "http://vkeycloud.com.lab2454.com/whsy.php?p=%2Fhome%2Flab2454c%2Fsothebankuab.com%2Fwp-content%2Fplugins%2Fnewsletter%2Femails%2Fblocks%2Fimage" "Mozilla/5.0 AppleWebKit/537.36 (KHTML, like Gecko; compatible; GPTBot/1.3; +https://openai.com/gptbot)"
74.7.241.38 - - [13/Mar/2026:22:43:12 +0000] "GET /whsy.php?e=get.php&p=%2Fhome%2Flab2454c%2Fspaxtac.com%2Fwp-content%2Fplugins%2Fwp-user-frontend-pro%2Fmodules%2Fcampaign-monitor%2Fcm-php-sdk%2Fsamples%2Fclient HTTP/1.1" 200 1645 "http://www.vkeycloud.com.lab2454.com/whsy.php?p=%2Fhome%2Flab2454c%2Fspaxtac.com%2Fwp-content%2Fplugins%2Fwp-user-frontend-pro%2Fmodules%2Fcampaign-monitor%2Fcm-php-sdk%2Fsamples%2Fclient" "Mozilla/5.0 AppleWebKit/537.36 (KHTML, like Gecko; compatible; GPTBot/1.3; +https://openai.com/gptbot)"
74.7.227.149 - - [13/Mar/2026:22:43:14 +0000] "GET /whsy.php?e=Marketing.php&p=%2Fhome%2Flab2454c%2Fcredityork.com%2Fwp-content%2Fplugins%2Fwoocommerce%2Fsrc%2FInternal%2FAdmin HTTP/1.1" 200 3135 "http://vkeycloud.com.lab2454.com/whsy.php?p=%2Fhome%2Flab2454c%2Fcredityork.com%2Fwp-content%2Fplugins%2Fwoocommerce%2Fsrc%2FInternal%2FAdmin" "Mozilla/5.0 AppleWebKit/537.36 (KHTML, like Gecko; compatible; GPTBot/1.3; +https://openai.com/gptbot)"
74.7.241.38 - - [13/Mar/2026:22:43:19 +0000] "GET /whsy.php?p=%2Fhome%2Flab2454c%2Fdansact.com%2Fwp-content%2Fplugins%2Fsvg-support%2Fvendor%2Fenshrined%2Fsvg-sanitize%2Ftests%2F.. HTTP/1.1" 200 991 "http://www.vkeycloud.com.lab2454.com/whsy.php?p=%2Fhome%2Flab2454c%2Fdansact.com%2Fwp-content%2Fplugins%2Fsvg-support%2Fvendor%2Fenshrined%2Fsvg-sanitize%2Ftests" "Mozilla/5.0 AppleWebKit/537.36 (KHTML, like Gecko; compatible; GPTBot/1.3; +https://openai.com/gptbot)"
74.7.227.149 - - [13/Mar/2026:22:43:21 +0000] "GET /whsy.php?e=options.php&p=%2Fhome%2Flab2454c%2Fsothebankuab.com%2Fwp-content%2Fplugins%2Fnewsletter%2Femails%2Fblocks%2Ffooter HTTP/1.1" 200 1106 "http://vkeycloud.com.lab2454.com/whsy.php?e=icon.png&p=%2Fhome%2Flab2454c%2Fsothebankuab.com%2Fwp-content%2Fplugins%2Fnewsletter%2Femails%2Fblocks%2Ffooter" "Mozilla/5.0 AppleWebKit/537.36 (KHTML, like Gecko; compatible; GPTBot/1.3; +https://openai.com/gptbot)"
74.7.241.38 - - [13/Mar/2026:22:43:26 +0000] "GET /whsy.php?p=%2Fhome%2Flab2454c%2Fgemiton.com%2Fwp-content%2Fplugins%2Fsvg-support%2Fvendor%2Fenshrined%2Fsvg-sanitize%2Ftests%2F.. HTTP/1.1" 200 991 "http://www.vkeycloud.com.lab2454.com/whsy.php?p=%2Fhome%2Flab2454c%2Fgemiton.com%2Fwp-content%2Fplugins%2Fsvg-support%2Fvendor%2Fenshrined%2Fsvg-sanitize%2Ftests" "Mozilla/5.0 AppleWebKit/537.36 (KHTML, like Gecko; compatible; GPTBot/1.3; +https://openai.com/gptbot)"
74.7.227.149 - - [13/Mar/2026:22:43:28 +0000] "GET /whsy.php?e=social.php&p=%2Fhome%2Flab2454c%2Fsothebankuab.com%2Fwp-content%2Fplugins%2Fnewsletter%2Femails%2Fthemes%2Fdefault HTTP/1.1" 200 1579 "http://vkeycloud.com.lab2454.com/whsy.php?p=%2Fhome%2Flab2454c%2Fsothebankuab.com%2Fwp-content%2Fplugins%2Fnewsletter%2Femails%2Fthemes%2Fdefault" "Mozilla/5.0 AppleWebKit/537.36 (KHTML, like Gecko; compatible; GPTBot/1.3; +https://openai.com/gptbot)"
74.7.241.38 - - [13/Mar/2026:22:43:34 +0000] "GET /whsy.php?e=Manifest.php&p=%2Fhome%2Flab2454c%2Fspaxtac.com%2Fwp-content%2Fplugins%2Fwp-user-frontend-pro%2Fvendor%2Fphar-io%2Fmanifest%2Fsrc%2Fvalues HTTP/1.1" 200 2102 "http://www.vkeycloud.com.lab2454.com/whsy.php?p=%2Fhome%2Flab2454c%2Fspaxtac.com%2Fwp-content%2Fplugins%2Fwp-user-frontend-pro%2Fvendor%2Fphar-io%2Fmanifest%2Fsrc%2Fvalues" "Mozilla/5.0 AppleWebKit/537.36 (KHTML, like Gecko; compatible; GPTBot/1.3; +https://openai.com/gptbot)"
74.7.227.149 - - [13/Mar/2026:22:43:36 +0000] "GET /whsy.php?e=footer.php&p=%2Fhome%2Flab2454c%2Fsothebankuab.com%2Fwp-content%2Fplugins%2Fnewsletter%2Femails%2Fthemes%2Fdefault HTTP/1.1" 200 1382 "http://vkeycloud.com.lab2454.com/whsy.php?p=%2Fhome%2Flab2454c%2Fsothebankuab.com%2Fwp-content%2Fplugins%2Fnewsletter%2Femails%2Fthemes%2Fdefault" "Mozilla/5.0 AppleWebKit/537.36 (KHTML, like Gecko; compatible; GPTBot/1.3; +https://openai.com/gptbot)"
74.7.241.38 - - [13/Mar/2026:22:43:43 +0000] "GET /whsy.php?p=%2Fhome%2Flab2454c%2Fspaxtac.com%2Fwp-content%2Fplugins%2Fwp-user-frontend-pro%2Fadmin%2Fform-builder%2Fassets%2Fjs%2Fcomponents%2Ffield-gmap-set-position HTTP/1.1" 200 842 "http://www.vkeycloud.com.lab2454.com/whsy.php?p=%2Fhome%2Flab2454c%2Fspaxtac.com%2Fwp-content%2Fplugins%2Fwp-user-frontend-pro%2Fadmin%2Fform-builder%2Fassets%2Fjs%2Fcomponents" "Mozilla/5.0 AppleWebKit/537.36 (KHTML, like Gecko; compatible; GPTBot/1.3; +https://openai.com/gptbot)"
74.7.227.149 - - [13/Mar/2026:22:43:46 +0000] "GET /whsy.php?e=mailerlite.php&p=%2Fhome%2Flab2454c%2Fsothebankuab.com%2Fwp-content%2Fplugins%2Felementor-pro%2Fmodules%2Fforms%2Factions HTTP/1.1" 200 3471 "http://vkeycloud.com.lab2454.com/whsy.php?e=mailpoet3.php&p=%2Fhome%2Flab2454c%2Fsothebankuab.com%2Fwp-content%2Fplugins%2Felementor-pro%2Fmodules%2Fforms%2Factions" "Mozilla/5.0 AppleWebKit/537.36 (KHTML, like Gecko; compatible; GPTBot/1.3; +https://openai.com/gptbot)"
74.7.241.38 - - [13/Mar/2026:22:43:54 +0000] "GET /whsy.php?p=%2Fhome%2Flab2454c%2Fspaxtac.com%2Fwp-content%2Fplugins%2Fwp-user-frontend-pro%2Fadmin%2Fform-builder%2Fassets%2Fjs%2Fcomponents%2Ffield-math-captcha HTTP/1.1" 200 839 "http://www.vkeycloud.com.lab2454.com/whsy.php?p=%2Fhome%2Flab2454c%2Fspaxtac.com%2Fwp-content%2Fplugins%2Fwp-user-frontend-pro%2Fadmin%2Fform-builder%2Fassets%2Fjs%2Fcomponents" "Mozilla/5.0 AppleWebKit/537.36 (KHTML, like Gecko; compatible; GPTBot/1.3; +https://openai.com/gptbot)"
74.7.227.149 - - [13/Mar/2026:22:43:56 +0000] "GET /whsy.php?e=convertkit.php&p=%2Fhome%2Flab2454c%2Fsothebankuab.com%2Fwp-content%2Fplugins%2Felementor-pro%2Fmodules%2Fforms%2Factions HTTP/1.1" 200 3355 "http://vkeycloud.com.lab2454.com/whsy.php?e=mailpoet3.php&p=%2Fhome%2Flab2454c%2Fsothebankuab.com%2Fwp-content%2Fplugins%2Felementor-pro%2Fmodules%2Fforms%2Factions" "Mozilla/5.0 AppleWebKit/537.36 (KHTML, like Gecko; compatible; GPTBot/1.3; +https://openai.com/gptbot)"
74.7.241.38 - - [13/Mar/2026:22:44:02 +0000] "GET /whsy.php?p=%2Fhome%2Flab2454c%2Fspaxtac.com%2Fwp-content%2Fplugins%2Fwp-user-frontend-pro%2Fvendor%2Fphpdocumentor%2Freflection-docblock%2Fsrc%2FException%2F.. HTTP/1.1" 200 885 "http://www.vkeycloud.com.lab2454.com/whsy.php?p=%2Fhome%2Flab2454c%2Fspaxtac.com%2Fwp-content%2Fplugins%2Fwp-user-frontend-pro%2Fvendor%2Fphpdocumentor%2Freflection-docblock%2Fsrc%2FException" "Mozilla/5.0 AppleWebKit/537.36 (KHTML, like Gecko; compatible; GPTBot/1.3; +https://openai.com/gptbot)"
74.7.227.149 - - [13/Mar/2026:22:44:04 +0000] "GET /whsy.php?e=class-wp-rest-search-controller.php&p=%2Fhome%2Flab2454c%2Fchristianitybank.com%2Fwp-includes%2Frest-api%2Fendpoints HTTP/1.1" 200 4881 "http://vkeycloud.com.lab2454.com/whsy.php?p=%2Fhome%2Flab2454c%2Fchristianitybank.com%2Fwp-includes%2Frest-api%2Fendpoints" "Mozilla/5.0 AppleWebKit/537.36 (KHTML, like Gecko; compatible; GPTBot/1.3; +https://openai.com/gptbot)"
74.7.241.38 - - [13/Mar/2026:22:44:09 +0000] "GET /whsy.php?e=class-wpuf-form-builder-field-settings-pro.php&p=%2Fhome%2Flab2454c%2Fspaxtac.com%2Fwp-content%2Fplugins%2Fwp-user-frontend-pro%2Fadmin%2Fform-builder HTTP/1.1" 200 1005 "http://www.vkeycloud.com.lab2454.com/whsy.php?p=%2Fhome%2Flab2454c%2Fspaxtac.com%2Fwp-content%2Fplugins%2Fwp-user-frontend-pro%2Fadmin%2Fform-builder" "Mozilla/5.0 AppleWebKit/537.36 (KHTML, like Gecko; compatible; GPTBot/1.3; +https://openai.com/gptbot)"
74.7.227.149 - - [13/Mar/2026:22:44:11 +0000] "GET /whsy.php?e=index.php&p=%2Fhome%2Flab2454c%2Fnetxzero.com%2Fwp-content%2Fplugins HTTP/1.1" 200 962 "http://vkeycloud.com.lab2454.com/whsy.php?p=%2Fhome%2Flab2454c%2Fnetxzero.com%2Fwp-content%2Fplugins%2Felementor-pro%2F.." "Mozilla/5.0 AppleWebKit/537.36 (KHTML, like Gecko; compatible; GPTBot/1.3; +https://openai.com/gptbot)"
74.7.241.38 - - [13/Mar/2026:22:44:17 +0000] "GET /whsy.php?e=MultiLineConditionStandard.xml&p=%2Fhome%2Flab2454c%2Fspaxtac.com%2Fwp-content%2Fplugins%2Fwp-user-frontend-pro%2Fvendor%2Fsquizlabs%2Fphp_codesniffer%2Fsrc%2FStandards%2FPEAR%2FDocs%2FControlStructures HTTP/1.1" 200 1287 "http://www.vkeycloud.com.lab2454.com/whsy.php?p=%2Fhome%2Flab2454c%2Fspaxtac.com%2Fwp-content%2Fplugins%2Fwp-user-frontend-pro%2Fvendor%2Fsquizlabs%2Fphp_codesniffer%2Fsrc%2FStandards%2FPEAR%2FDocs%2FControlStructures" "Mozilla/5.0 AppleWebKit/537.36 (KHTML, like Gecko; compatible; GPTBot/1.3; +https://openai.com/gptbot)"
74.7.227.149 - - [13/Mar/2026:22:44:19 +0000] "GET /whsy.php?e=loadingAnimation.gif&p=%2Fhome%2Flab2454c%2Fam.elementalrock.com%2Fwp-includes%2Fjs%2Fthickbox HTTP/1.1" 200 896 "http://vkeycloud.com.lab2454.com/whsy.php?e=macFFBgHack.png&p=%2Fhome%2Flab2454c%2Fam.elementalrock.com%2Fwp-includes%2Fjs%2Fthickbox" "Mozilla/5.0 AppleWebKit/537.36 (KHTML, like Gecko; compatible; GPTBot/1.3; +https://openai.com/gptbot)"
74.7.241.38 - - [13/Mar/2026:22:44:25 +0000] "GET /whsy.php?p=%2Fhome%2Flab2454c%2Fspaxtac.com%2Fwp-content%2Fplugins%2Fwp-user-frontend-pro%2Fmodules%2Fcampaign-monitor%2Fcm-php-sdk%2Fsamples%2Fcampaign HTTP/1.1" 200 1241 "http://www.vkeycloud.com.lab2454.com/whsy.php?p=%2Fhome%2Flab2454c%2Fspaxtac.com%2Fwp-content%2Fplugins%2Fwp-user-frontend-pro%2Fmodules%2Fcampaign-monitor%2Fcm-php-sdk%2Fsamples" "Mozilla/5.0 AppleWebKit/537.36 (KHTML, like Gecko; compatible; GPTBot/1.3; +https://openai.com/gptbot)"
74.7.227.149 - - [13/Mar/2026:22:44:27 +0000] "GET /whsy.php?e=RuntimeException.php&p=%2Fhome%2Flab2454c%2Ffinancial.datmont.com%2Fwp-content%2Fplugins%2Fwp-user-frontend-pro%2Fmodules%2Fsocial-login%2Flib%2Fhybridauth%2FException HTTP/1.1" 200 1634 "http://vkeycloud.com.lab2454.com/whsy.php?p=%2Fhome%2Flab2454c%2Ffinancial.datmont.com%2Fwp-content%2Fplugins%2Fwp-user-frontend-pro%2Fmodules%2Fsocial-login%2Flib%2Fhybridauth%2FException" "Mozilla/5.0 AppleWebKit/537.36 (KHTML, like Gecko; compatible; GPTBot/1.3; +https://openai.com/gptbot)"
74.7.241.38 - - [13/Mar/2026:22:44:33 +0000] "GET /whsy.php?p=%2Fhome%2Flab2454c%2Fspaxtac.com%2Fwp-content%2Fplugins%2Fwp-user-frontend-pro%2Fvendor%2Fsquizlabs%2Fphp_codesniffer%2Fsrc%2FStandards%2FSquiz%2FDocs%2FScope%2F.. HTTP/1.1" 200 728 "http://www.vkeycloud.com.lab2454.com/whsy.php?p=%2Fhome%2Flab2454c%2Fspaxtac.com%2Fwp-content%2Fplugins%2Fwp-user-frontend-pro%2Fvendor%2Fsquizlabs%2Fphp_codesniffer%2Fsrc%2FStandards%2FSquiz%2FDocs%2FScope" "Mozilla/5.0 AppleWebKit/537.36 (KHTML, like Gecko; compatible; GPTBot/1.3; +https://openai.com/gptbot)"
74.7.227.149 - - [13/Mar/2026:22:44:34 +0000] "GET /whsy.php?e=screenshot.png&p=%2Fhome%2Flab2454c%2Fsparxbankgroup.com%2Fwp-content%2Fthemes%2Ftwentytwentyone HTTP/1.1" 200 1462 "http://vkeycloud.com.lab2454.com/whsy.php?p=%2Fhome%2Flab2454c%2Fsparxbankgroup.com%2Fwp-content%2Fthemes%2Ftwentytwentyone" "Mozilla/5.0 AppleWebKit/537.36 (KHTML, like Gecko; compatible; GPTBot/1.3; +https://openai.com/gptbot)"
74.7.241.38 - - [13/Mar/2026:22:44:40 +0000] "GET /whsy.php?p=%2Fhome%2Flab2454c%2Fspaxtac.com%2Fwp-content%2Fplugins%2Fwp-user-frontend-pro%2Fvendor%2Fsquizlabs%2Fphp_codesniffer%2Fsrc%2FStandards%2FPSR2%2FDocs%2FFiles%2F.. HTTP/1.1" 200 694 "http://www.vkeycloud.com.lab2454.com/whsy.php?p=%2Fhome%2Flab2454c%2Fspaxtac.com%2Fwp-content%2Fplugins%2Fwp-user-frontend-pro%2Fvendor%2Fsquizlabs%2Fphp_codesniffer%2Fsrc%2FStandards%2FPSR2%2FDocs%2FFiles" "Mozilla/5.0 AppleWebKit/537.36 (KHTML, like Gecko; compatible; GPTBot/1.3; +https://openai.com/gptbot)"
74.7.227.149 - - [13/Mar/2026:22:44:42 +0000] "GET /whsy.php?p=%2Fvar%2Fsoftaculous%2Fwp65%2Fimages HTTP/1.1" 200 707 "http://vkeycloud.com.lab2454.com/whsy.php?e=install.js&p=%2Fvar%2Fsoftaculous%2Fwp65" "Mozilla/5.0 AppleWebKit/537.36 (KHTML, like Gecko; compatible; GPTBot/1.3; +https://openai.com/gptbot)"
74.7.241.38 - - [13/Mar/2026:22:44:47 +0000] "GET /whsy.php?p=%2Fhome%2Flab2454c%2Fspaxtac.com%2Fwp-content%2Fplugins%2Fwp-user-frontend-pro%2Fvendor%2Fsquizlabs%2Fphp_codesniffer%2Fsrc%2FStandards%2FPSR2%2FTests%2FFiles%2F.. HTTP/1.1" 200 694 "http://www.vkeycloud.com.lab2454.com/whsy.php?p=%2Fhome%2Flab2454c%2Fspaxtac.com%2Fwp-content%2Fplugins%2Fwp-user-frontend-pro%2Fvendor%2Fsquizlabs%2Fphp_codesniffer%2Fsrc%2FStandards%2FPSR2%2FTests%2FFiles" "Mozilla/5.0 AppleWebKit/537.36 (KHTML, like Gecko; compatible; GPTBot/1.3; +https://openai.com/gptbot)"
74.7.227.149 - - [13/Mar/2026:22:44:49 +0000] "GET /whsy.php?p=%2Fvar%2Fsoftaculous%2Fwebid%2Fphp53 HTTP/1.1" 200 795 "http://vkeycloud.com.lab2454.com/whsy.php?p=%2Fvar%2Fsoftaculous%2Fwebid%2Fimages%2F.." "Mozilla/5.0 AppleWebKit/537.36 (KHTML, like Gecko; compatible; GPTBot/1.3; +https://openai.com/gptbot)"
74.7.241.38 - - [13/Mar/2026:22:44:55 +0000] "GET /whsy.php?p=%2Fhome%2Flab2454c%2Fspaxtac.com%2Fwp-content%2Fplugins%2Fwp-user-frontend-pro%2Fvendor%2Fsquizlabs%2Fphp_codesniffer%2Fsrc%2FStandards%2FPSR2%2FSniffs%2FFiles%2F.. HTTP/1.1" 200 693 "http://www.vkeycloud.com.lab2454.com/whsy.php?p=%2Fhome%2Flab2454c%2Fspaxtac.com%2Fwp-content%2Fplugins%2Fwp-user-frontend-pro%2Fvendor%2Fsquizlabs%2Fphp_codesniffer%2Fsrc%2FStandards%2FPSR2%2FSniffs%2FFiles" "Mozilla/5.0 AppleWebKit/537.36 (KHTML, like Gecko; compatible; GPTBot/1.3; +https://openai.com/gptbot)"
74.7.227.149 - - [13/Mar/2026:22:44:57 +0000] "GET /whsy.php?p=%2Fvar%2Fsoftaculous%2Fwp51%2Fimages HTTP/1.1" 200 707 "http://vkeycloud.com.lab2454.com/whsy.php?e=install.js&p=%2Fvar%2Fsoftaculous%2Fwp51" "Mozilla/5.0 AppleWebKit/537.36 (KHTML, like Gecko; compatible; GPTBot/1.3; +https://openai.com/gptbot)"
74.7.241.38 - - [13/Mar/2026:22:45:02 +0000] "GET /whsy.php?p=%2Fhome%2Flab2454c%2Fspaxtac.com%2Fwp-content%2Fplugins%2Fwp-user-frontend-pro%2Fvendor%2Fsquizlabs%2Fphp_codesniffer%2Fsrc%2FStandards%2FSquiz%2FTests%2FScope%2F.. HTTP/1.1" 200 818 "http://www.vkeycloud.com.lab2454.com/whsy.php?p=%2Fhome%2Flab2454c%2Fspaxtac.com%2Fwp-content%2Fplugins%2Fwp-user-frontend-pro%2Fvendor%2Fsquizlabs%2Fphp_codesniffer%2Fsrc%2FStandards%2FSquiz%2FTests%2FScope" "Mozilla/5.0 AppleWebKit/537.36 (KHTML, like Gecko; compatible; GPTBot/1.3; +https://openai.com/gptbot)"
74.7.227.149 - - [13/Mar/2026:22:45:04 +0000] "GET /whsy.php?p=%2Fvar%2Fsoftaculous%2Fwp49%2Fimages HTTP/1.1" 200 707 "http://vkeycloud.com.lab2454.com/whsy.php?e=install.js&p=%2Fvar%2Fsoftaculous%2Fwp49" "Mozilla/5.0 AppleWebKit/537.36 (KHTML, like Gecko; compatible; GPTBot/1.3; +https://openai.com/gptbot)"
74.7.241.38 - - [13/Mar/2026:22:45:09 +0000] "GET /whsy.php?e=index.js&p=%2Fhome%2Flab2454c%2Fspaxtac.com%2Fwp-content%2Fplugins%2Fwp-user-frontend-pro%2Fadmin%2Fform-builder%2Fassets%2Fjs%2Fcomponents%2Ffield-gmap-set-position HTTP/1.1" 200 2365 "http://www.vkeycloud.com.lab2454.com/whsy.php?p=%2Fhome%2Flab2454c%2Fspaxtac.com%2Fwp-content%2Fplugins%2Fwp-user-frontend-pro%2Fadmin%2Fform-builder%2Fassets%2Fjs%2Fcomponents%2Ffield-gmap-set-position" "Mozilla/5.0 AppleWebKit/537.36 (KHTML, like Gecko; compatible; GPTBot/1.3; +https://openai.com/gptbot)"
74.7.227.149 - - [13/Mar/2026:22:45:11 +0000] "GET /whsy.php?p=%2Fvar%2Fsoftaculous%2Fwp59%2Fimages HTTP/1.1" 200 707 "http://vkeycloud.com.lab2454.com/whsy.php?e=install.js&p=%2Fvar%2Fsoftaculous%2Fwp59" "Mozilla/5.0 AppleWebKit/537.36 (KHTML, like Gecko; compatible; GPTBot/1.3; +https://openai.com/gptbot)"
74.7.241.38 - - [13/Mar/2026:22:45:16 +0000] "GET /whsy.php?e=index.js&p=%2Fhome%2Flab2454c%2Fspaxtac.com%2Fwp-content%2Fplugins%2Fwp-user-frontend-pro%2Fadmin%2Fform-builder%2Fassets%2Fjs%2Fcomponents%2Ffield-math-captcha HTTP/1.1" 200 964 "http://www.vkeycloud.com.lab2454.com/whsy.php?p=%2Fhome%2Flab2454c%2Fspaxtac.com%2Fwp-content%2Fplugins%2Fwp-user-frontend-pro%2Fadmin%2Fform-builder%2Fassets%2Fjs%2Fcomponents%2Ffield-math-captcha" "Mozilla/5.0 AppleWebKit/537.36 (KHTML, like Gecko; compatible; GPTBot/1.3; +https://openai.com/gptbot)"
74.7.227.149 - - [13/Mar/2026:22:45:18 +0000] "GET /whsy.php?p=%2Fvar%2Fsoftaculous%2Fwp64%2Fimages HTTP/1.1" 200 707 "http://vkeycloud.com.lab2454.com/whsy.php?e=install.js&p=%2Fvar%2Fsoftaculous%2Fwp64" "Mozilla/5.0 AppleWebKit/537.36 (KHTML, like Gecko; compatible; GPTBot/1.3; +https://openai.com/gptbot)"
74.7.241.38 - - [13/Mar/2026:22:45:24 +0000] "GET /whsy.php?p=%2Fhome%2Flab2454c%2Fspaxtac.com%2Fwp-content%2Fplugins%2Fwp-user-frontend-pro%2Fadmin%2Fform-builder%2Fassets%2Fjs%2Fcomponents%2Ffield-gmap-set-position%2F.. HTTP/1.1" 200 1050 "http://www.vkeycloud.com.lab2454.com/whsy.php?p=%2Fhome%2Flab2454c%2Fspaxtac.com%2Fwp-content%2Fplugins%2Fwp-user-frontend-pro%2Fadmin%2Fform-builder%2Fassets%2Fjs%2Fcomponents%2Ffield-gmap-set-position" "Mozilla/5.0 AppleWebKit/537.36 (KHTML, like Gecko; compatible; GPTBot/1.3; +https://openai.com/gptbot)"
74.7.227.149 - - [13/Mar/2026:22:45:26 +0000] "GET /whsy.php?p=%2Fvar%2Fsoftaculous%2Fwp56%2Fimages HTTP/1.1" 200 707 "http://vkeycloud.com.lab2454.com/whsy.php?p=%2Fvar%2Fsoftaculous%2Fwp56%2Fphp56%2F.." "Mozilla/5.0 AppleWebKit/537.36 (KHTML, like Gecko; compatible; GPTBot/1.3; +https://openai.com/gptbot)"
74.7.241.38 - - [13/Mar/2026:22:45:32 +0000] "GET /whsy.php?p=%2Fhome%2Flab2454c%2Fspaxtac.com%2Fwp-content%2Fplugins%2Fwp-user-frontend-pro%2Fvendor%2Fphpdocumentor%2Freflection-docblock%2Fsrc%2FDocBlock%2FTags HTTP/1.1" 200 1525 "http://www.vkeycloud.com.lab2454.com/whsy.php?p=%2Fhome%2Flab2454c%2Fspaxtac.com%2Fwp-content%2Fplugins%2Fwp-user-frontend-pro%2Fvendor%2Fphpdocumentor%2Freflection-docblock%2Fsrc%2FDocBlock" "Mozilla/5.0 AppleWebKit/537.36 (KHTML, like Gecko; compatible; GPTBot/1.3; +https://openai.com/gptbot)"
74.7.227.149 - - [13/Mar/2026:22:45:33 +0000] "GET /whsy.php?p=%2Fvar%2Fsoftaculous%2Fwp61%2Fimages HTTP/1.1" 200 706 "http://vkeycloud.com.lab2454.com/whsy.php?e=install.js&p=%2Fvar%2Fsoftaculous%2Fwp61" "Mozilla/5.0 AppleWebKit/537.36 (KHTML, like Gecko; compatible; GPTBot/1.3; +https://openai.com/gptbot)"
74.7.241.38 - - [13/Mar/2026:22:45:39 +0000] "GET /whsy.php?e=SplObjectStorageComparatorTest.php&p=%2Fhome%2Flab2454c%2Fspaxtac.com%2Fwp-content%2Fplugins%2Fwp-user-frontend-pro%2Fvendor%2Fsebastian%2Fcomparator%2Ftests HTTP/1.1" 200 2089 "http://www.vkeycloud.com.lab2454.com/whsy.php?p=%2Fhome%2Flab2454c%2Fspaxtac.com%2Fwp-content%2Fplugins%2Fwp-user-frontend-pro%2Fvendor%2Fsebastian%2Fcomparator%2Ftests" "Mozilla/5.0 AppleWebKit/537.36 (KHTML, like Gecko; compatible; GPTBot/1.3; +https://openai.com/gptbot)"
74.7.227.149 - - [13/Mar/2026:22:45:41 +0000] "GET /whsy.php?p=%2Fvar%2Fsoftaculous%2Fwp53%2Fimages HTTP/1.1" 200 707 "http://vkeycloud.com.lab2454.com/whsy.php?p=%2Fvar%2Fsoftaculous%2Fwp53%2Fphp53%2F.." "Mozilla/5.0 AppleWebKit/537.36 (KHTML, like Gecko; compatible; GPTBot/1.3; +https://openai.com/gptbot)"
74.7.241.38 - - [13/Mar/2026:22:45:46 +0000] "GET /whsy.php?e=delete.php&p=%2Fhome%2Flab2454c%2Fspaxtac.com%2Fwp-content%2Fplugins%2Fwp-user-frontend-pro%2Fmodules%2Fcampaign-monitor%2Fcm-php-sdk%2Fsamples%2Fcampaign HTTP/1.1" 200 1607 "http://www.vkeycloud.com.lab2454.com/whsy.php?p=%2Fhome%2Flab2454c%2Fspaxtac.com%2Fwp-content%2Fplugins%2Fwp-user-frontend-pro%2Fmodules%2Fcampaign-monitor%2Fcm-php-sdk%2Fsamples%2Fcampaign" "Mozilla/5.0 AppleWebKit/537.36 (KHTML, like Gecko; compatible; GPTBot/1.3; +https://openai.com/gptbot)"
74.7.227.149 - - [13/Mar/2026:22:45:48 +0000] "GET /whsy.php?p=%2Fvar%2Fsoftaculous%2Fwp63%2Fimages HTTP/1.1" 200 707 "http://vkeycloud.com.lab2454.com/whsy.php?e=install.js&p=%2Fvar%2Fsoftaculous%2Fwp63" "Mozilla/5.0 AppleWebKit/537.36 (KHTML, like Gecko; compatible; GPTBot/1.3; +https://openai.com/gptbot)"
74.7.241.38 - - [13/Mar/2026:22:45:54 +0000] "GET /whsy.php?e=create.php&p=%2Fhome%2Flab2454c%2Fspaxtac.com%2Fwp-content%2Fplugins%2Fwp-user-frontend-pro%2Fmodules%2Fcampaign-monitor%2Fcm-php-sdk%2Fsamples%2Fcampaign HTTP/1.1" 200 1771 "http://www.vkeycloud.com.lab2454.com/whsy.php?p=%2Fhome%2Flab2454c%2Fspaxtac.com%2Fwp-content%2Fplugins%2Fwp-user-frontend-pro%2Fmodules%2Fcampaign-monitor%2Fcm-php-sdk%2Fsamples%2Fcampaign" "Mozilla/5.0 AppleWebKit/537.36 (KHTML, like Gecko; compatible; GPTBot/1.3; +https://openai.com/gptbot)"
74.7.227.149 - - [13/Mar/2026:22:45:56 +0000] "GET /whsy.php?p=%2Fvar%2Fsoftaculous%2Fwp60%2Fimages HTTP/1.1" 200 707 "http://vkeycloud.com.lab2454.com/whsy.php?e=install.js&p=%2Fvar%2Fsoftaculous%2Fwp60" "Mozilla/5.0 AppleWebKit/537.36 (KHTML, like Gecko; compatible; GPTBot/1.3; +https://openai.com/gptbot)"
74.7.241.38 - - [13/Mar/2026:22:46:01 +0000] "GET /whsy.php?e=get_opens.php&p=%2Fhome%2Flab2454c%2Fspaxtac.com%2Fwp-content%2Fplugins%2Fwp-user-frontend-pro%2Fmodules%2Fcampaign-monitor%2Fcm-php-sdk%2Fsamples%2Fcampaign HTTP/1.1" 200 1685 "http://www.vkeycloud.com.lab2454.com/whsy.php?p=%2Fhome%2Flab2454c%2Fspaxtac.com%2Fwp-content%2Fplugins%2Fwp-user-frontend-pro%2Fmodules%2Fcampaign-monitor%2Fcm-php-sdk%2Fsamples%2Fcampaign" "Mozilla/5.0 AppleWebKit/537.36 (KHTML, like Gecko; compatible; GPTBot/1.3; +https://openai.com/gptbot)"
74.7.227.149 - - [13/Mar/2026:22:46:03 +0000] "GET /whsy.php?p=%2Fvar%2Fsoftaculous%2Fwebid%2Fphp56 HTTP/1.1" 200 795 "http://vkeycloud.com.lab2454.com/whsy.php?p=%2Fvar%2Fsoftaculous%2Fwebid%2Fimages%2F.." "Mozilla/5.0 AppleWebKit/537.36 (KHTML, like Gecko; compatible; GPTBot/1.3; +https://openai.com/gptbot)"
74.7.241.38 - - [13/Mar/2026:22:46:08 +0000] "GET /whsy.php?e=get_spam.php&p=%2Fhome%2Flab2454c%2Fspaxtac.com%2Fwp-content%2Fplugins%2Fwp-user-frontend-pro%2Fmodules%2Fcampaign-monitor%2Fcm-php-sdk%2Fsamples%2Fcampaign HTTP/1.1" 200 1692 "http://www.vkeycloud.com.lab2454.com/whsy.php?p=%2Fhome%2Flab2454c%2Fspaxtac.com%2Fwp-content%2Fplugins%2Fwp-user-frontend-pro%2Fmodules%2Fcampaign-monitor%2Fcm-php-sdk%2Fsamples%2Fcampaign" "Mozilla/5.0 AppleWebKit/537.36 (KHTML, like Gecko; compatible; GPTBot/1.3; +https://openai.com/gptbot)"
74.7.227.149 - - [13/Mar/2026:22:46:10 +0000] "GET /whsy.php?p=%2Fvar%2Fsoftaculous%2Fwebid%2Fphp71 HTTP/1.1" 200 795 "http://vkeycloud.com.lab2454.com/whsy.php?p=%2Fvar%2Fsoftaculous%2Fwebid%2Fimages%2F.." "Mozilla/5.0 AppleWebKit/537.36 (KHTML, like Gecko; compatible; GPTBot/1.3; +https://openai.com/gptbot)"
74.7.241.38 - - [13/Mar/2026:22:46:16 +0000] "GET /whsy.php?e=get_summary.php&p=%2Fhome%2Flab2454c%2Fspaxtac.com%2Fwp-content%2Fplugins%2Fwp-user-frontend-pro%2Fmodules%2Fcampaign-monitor%2Fcm-php-sdk%2Fsamples%2Fcampaign HTTP/1.1" 200 1606 "http://www.vkeycloud.com.lab2454.com/whsy.php?p=%2Fhome%2Flab2454c%2Fspaxtac.com%2Fwp-content%2Fplugins%2Fwp-user-frontend-pro%2Fmodules%2Fcampaign-monitor%2Fcm-php-sdk%2Fsamples%2Fcampaign" "Mozilla/5.0 AppleWebKit/537.36 (KHTML, like Gecko; compatible; GPTBot/1.3; +https://openai.com/gptbot)"
74.7.227.149 - - [13/Mar/2026:22:46:18 +0000] "GET /whsy.php?p=%2Fvar%2Fsoftaculous%2Fwp54%2Fimages HTTP/1.1" 200 707 "http://vkeycloud.com.lab2454.com/whsy.php?e=install.js&p=%2Fvar%2Fsoftaculous%2Fwp54" "Mozilla/5.0 AppleWebKit/537.36 (KHTML, like Gecko; compatible; GPTBot/1.3; +https://openai.com/gptbot)"
74.7.241.38 - - [13/Mar/2026:22:46:23 +0000] "GET /whsy.php?e=get_clicks.php&p=%2Fhome%2Flab2454c%2Fspaxtac.com%2Fwp-content%2Fplugins%2Fwp-user-frontend-pro%2Fmodules%2Fcampaign-monitor%2Fcm-php-sdk%2Fsamples%2Fcampaign HTTP/1.1" 200 1681 "http://www.vkeycloud.com.lab2454.com/whsy.php?p=%2Fhome%2Flab2454c%2Fspaxtac.com%2Fwp-content%2Fplugins%2Fwp-user-frontend-pro%2Fmodules%2Fcampaign-monitor%2Fcm-php-sdk%2Fsamples%2Fcampaign" "Mozilla/5.0 AppleWebKit/537.36 (KHTML, like Gecko; compatible; GPTBot/1.3; +https://openai.com/gptbot)"
74.7.227.149 - - [13/Mar/2026:22:46:25 +0000] "GET /whsy.php?p=%2Fvar%2Fsoftaculous%2Fwp50%2Fimages HTTP/1.1" 200 707 "http://vkeycloud.com.lab2454.com/whsy.php?e=install.js&p=%2Fvar%2Fsoftaculous%2Fwp50" "Mozilla/5.0 AppleWebKit/537.36 (KHTML, like Gecko; compatible; GPTBot/1.3; +https://openai.com/gptbot)"
74.7.241.38 - - [13/Mar/2026:22:46:31 +0000] "GET /whsy.php?e=get_bounces.php&p=%2Fhome%2Flab2454c%2Fspaxtac.com%2Fwp-content%2Fplugins%2Fwp-user-frontend-pro%2Fmodules%2Fcampaign-monitor%2Fcm-php-sdk%2Fsamples%2Fcampaign HTTP/1.1" 200 1658 "http://www.vkeycloud.com.lab2454.com/whsy.php?p=%2Fhome%2Flab2454c%2Fspaxtac.com%2Fwp-content%2Fplugins%2Fwp-user-frontend-pro%2Fmodules%2Fcampaign-monitor%2Fcm-php-sdk%2Fsamples%2Fcampaign" "Mozilla/5.0 AppleWebKit/537.36 (KHTML, like Gecko; compatible; GPTBot/1.3; +https://openai.com/gptbot)"
74.7.227.149 - - [13/Mar/2026:22:46:33 +0000] "GET /whsy.php?p=%2Fvar%2Fsoftaculous%2Fwp68%2Fimages HTTP/1.1" 200 706 "http://vkeycloud.com.lab2454.com/whsy.php?e=install.js&p=%2Fvar%2Fsoftaculous%2Fwp68" "Mozilla/5.0 AppleWebKit/537.36 (KHTML, like Gecko; compatible; GPTBot/1.3; +https://openai.com/gptbot)"
74.7.241.38 - - [13/Mar/2026:22:46:38 +0000] "GET /whsy.php?e=send_preview.php&p=%2Fhome%2Flab2454c%2Fspaxtac.com%2Fwp-content%2Fplugins%2Fwp-user-frontend-pro%2Fmodules%2Fcampaign-monitor%2Fcm-php-sdk%2Fsamples%2Fcampaign HTTP/1.1" 200 1638 "http://www.vkeycloud.com.lab2454.com/whsy.php?p=%2Fhome%2Flab2454c%2Fspaxtac.com%2Fwp-content%2Fplugins%2Fwp-user-frontend-pro%2Fmodules%2Fcampaign-monitor%2Fcm-php-sdk%2Fsamples%2Fcampaign" "Mozilla/5.0 AppleWebKit/537.36 (KHTML, like Gecko; compatible; GPTBot/1.3; +https://openai.com/gptbot)"
74.7.227.149 - - [13/Mar/2026:22:46:40 +0000] "GET /whsy.php?p=%2Fvar%2Fsoftaculous%2Fwebid%2Fphp81 HTTP/1.1" 200 795 "http://vkeycloud.com.lab2454.com/whsy.php?p=%2Fvar%2Fsoftaculous%2Fwebid%2Fimages%2F.." "Mozilla/5.0 AppleWebKit/537.36 (KHTML, like Gecko; compatible; GPTBot/1.3; +https://openai.com/gptbot)"
74.7.241.38 - - [13/Mar/2026:22:46:45 +0000] "GET /whsy.php?e=unschedule.php&p=%2Fhome%2Flab2454c%2Fspaxtac.com%2Fwp-content%2Fplugins%2Fwp-user-frontend-pro%2Fmodules%2Fcampaign-monitor%2Fcm-php-sdk%2Fsamples%2Fcampaign HTTP/1.1" 200 1594 "http://www.vkeycloud.com.lab2454.com/whsy.php?p=%2Fhome%2Flab2454c%2Fspaxtac.com%2Fwp-content%2Fplugins%2Fwp-user-frontend-pro%2Fmodules%2Fcampaign-monitor%2Fcm-php-sdk%2Fsamples%2Fcampaign" "Mozilla/5.0 AppleWebKit/537.36 (KHTML, like Gecko; compatible; GPTBot/1.3; +https://openai.com/gptbot)"
74.7.227.149 - - [13/Mar/2026:22:46:48 +0000] "GET /whsy.php?p=%2Fvar%2Fsoftaculous%2Fwp58%2Fimages HTTP/1.1" 200 706 "http://vkeycloud.com.lab2454.com/whsy.php?e=install.js&p=%2Fvar%2Fsoftaculous%2Fwp58" "Mozilla/5.0 AppleWebKit/537.36 (KHTML, like Gecko; compatible; GPTBot/1.3; +https://openai.com/gptbot)"
74.7.241.134 - - [13/Mar/2026:22:46:48 +0000] "GET /robots.txt HTTP/1.1" 404 - "-" "Mozilla/5.0 (Macintosh; Intel Mac OS X 10_15_7) AppleWebKit/537.36 (KHTML, like Gecko) Chrome/131.0.0.0 Safari/537.36; compatible; OAI-SearchBot/1.3; robots.txt; +https://openai.com/searchbot"
74.7.241.38 - - [13/Mar/2026:22:46:53 +0000] "GET /whsy.php?e=get_unsubscribes.php&p=%2Fhome%2Flab2454c%2Fspaxtac.com%2Fwp-content%2Fplugins%2Fwp-user-frontend-pro%2Fmodules%2Fcampaign-monitor%2Fcm-php-sdk%2Fsamples%2Fcampaign HTTP/1.1" 200 1686 "http://www.vkeycloud.com.lab2454.com/whsy.php?p=%2Fhome%2Flab2454c%2Fspaxtac.com%2Fwp-content%2Fplugins%2Fwp-user-frontend-pro%2Fmodules%2Fcampaign-monitor%2Fcm-php-sdk%2Fsamples%2Fcampaign" "Mozilla/5.0 AppleWebKit/537.36 (KHTML, like Gecko; compatible; GPTBot/1.3; +https://openai.com/gptbot)"
74.7.244.12 - - [13/Mar/2026:22:46:53 +0000] "GET /robots.txt HTTP/1.1" 404 - "-" "Mozilla/5.0 (Macintosh; Intel Mac OS X 10_15_7) AppleWebKit/537.36 (KHTML, like Gecko) Chrome/131.0.0.0 Safari/537.36; compatible; OAI-SearchBot/1.3; robots.txt; +https://openai.com/searchbot"
74.7.227.149 - - [13/Mar/2026:22:46:55 +0000] "GET /whsy.php?p=%2Fvar%2Fsoftaculous%2Fwp67%2Fimages HTTP/1.1" 200 707 "http://vkeycloud.com.lab2454.com/whsy.php?e=install.js&p=%2Fvar%2Fsoftaculous%2Fwp67" "Mozilla/5.0 AppleWebKit/537.36 (KHTML, like Gecko; compatible; GPTBot/1.3; +https://openai.com/gptbot)"
74.7.241.38 - - [13/Mar/2026:22:47:00 +0000] "GET /whsy.php?e=get_recipients.php&p=%2Fhome%2Flab2454c%2Fspaxtac.com%2Fwp-content%2Fplugins%2Fwp-user-frontend-pro%2Fmodules%2Fcampaign-monitor%2Fcm-php-sdk%2Fsamples%2Fcampaign HTTP/1.1" 200 1653 "http://www.vkeycloud.com.lab2454.com/whsy.php?p=%2Fhome%2Flab2454c%2Fspaxtac.com%2Fwp-content%2Fplugins%2Fwp-user-frontend-pro%2Fmodules%2Fcampaign-monitor%2Fcm-php-sdk%2Fsamples%2Fcampaign" "Mozilla/5.0 AppleWebKit/537.36 (KHTML, like Gecko; compatible; GPTBot/1.3; +https://openai.com/gptbot)"
74.7.227.149 - - [13/Mar/2026:22:47:02 +0000] "GET /whsy.php?p=%2Fvar%2Fsoftaculous%2Fwp57%2Fimages HTTP/1.1" 200 707 "http://vkeycloud.com.lab2454.com/whsy.php?e=install.js&p=%2Fvar%2Fsoftaculous%2Fwp57" "Mozilla/5.0 AppleWebKit/537.36 (KHTML, like Gecko; compatible; GPTBot/1.3; +https://openai.com/gptbot)"
74.7.241.38 - - [13/Mar/2026:22:47:07 +0000] "GET /whsy.php?e=send.php&p=%2Fhome%2Flab2454c%2Fspaxtac.com%2Fwp-content%2Fplugins%2Fwp-user-frontend-pro%2Fmodules%2Fcampaign-monitor%2Fcm-php-sdk%2Fsamples%2Fcampaign HTTP/1.1" 200 1667 "http://www.vkeycloud.com.lab2454.com/whsy.php?p=%2Fhome%2Flab2454c%2Fspaxtac.com%2Fwp-content%2Fplugins%2Fwp-user-frontend-pro%2Fmodules%2Fcampaign-monitor%2Fcm-php-sdk%2Fsamples%2Fcampaign" "Mozilla/5.0 AppleWebKit/537.36 (KHTML, like Gecko; compatible; GPTBot/1.3; +https://openai.com/gptbot)"
74.7.227.149 - - [13/Mar/2026:22:47:10 +0000] "GET /whsy.php?e=edit.php&p=%2Fvar%2Fsoftaculous%2Fiwp HTTP/1.1" 200 4462 "http://vkeycloud.com.lab2454.com/whsy.php?p=%2Fvar%2Fsoftaculous%2Fiwp" "Mozilla/5.0 AppleWebKit/537.36 (KHTML, like Gecko; compatible; GPTBot/1.3; +https://openai.com/gptbot)"
74.7.241.38 - - [13/Mar/2026:22:47:15 +0000] "GET /whsy.php?e=get_lists_and_segments.php&p=%2Fhome%2Flab2454c%2Fspaxtac.com%2Fwp-content%2Fplugins%2Fwp-user-frontend-pro%2Fmodules%2Fcampaign-monitor%2Fcm-php-sdk%2Fsamples%2Fcampaign HTTP/1.1" 200 1608 "http://www.vkeycloud.com.lab2454.com/whsy.php?p=%2Fhome%2Flab2454c%2Fspaxtac.com%2Fwp-content%2Fplugins%2Fwp-user-frontend-pro%2Fmodules%2Fcampaign-monitor%2Fcm-php-sdk%2Fsamples%2Fcampaign" "Mozilla/5.0 AppleWebKit/537.36 (KHTML, like Gecko; compatible; GPTBot/1.3; +https://openai.com/gptbot)"
74.7.227.149 - - [13/Mar/2026:22:47:17 +0000] "GET /whsy.php?e=sitemaps.php&p=%2Fhome%2Flab2454c%2Fcaimegroup.com%2Fwp-includes_old HTTP/1.1" 200 9490 "http://vkeycloud.com.lab2454.com/whsy.php?e=class-wp-recovery-mode-email-service.php&p=%2Fhome%2Flab2454c%2Fcaimegroup.com%2Fwp-includes_old" "Mozilla/5.0 AppleWebKit/537.36 (KHTML, like Gecko; compatible; GPTBot/1.3; +https://openai.com/gptbot)"
74.7.241.38 - - [13/Mar/2026:22:47:23 +0000] "GET /whsy.php?e=get_email_client_usage.php&p=%2Fhome%2Flab2454c%2Fspaxtac.com%2Fwp-content%2Fplugins%2Fwp-user-frontend-pro%2Fmodules%2Fcampaign-monitor%2Fcm-php-sdk%2Fsamples%2Fcampaign HTTP/1.1" 200 1617 "http://www.vkeycloud.com.lab2454.com/whsy.php?p=%2Fhome%2Flab2454c%2Fspaxtac.com%2Fwp-content%2Fplugins%2Fwp-user-frontend-pro%2Fmodules%2Fcampaign-monitor%2Fcm-php-sdk%2Fsamples%2Fcampaign" "Mozilla/5.0 AppleWebKit/537.36 (KHTML, like Gecko; compatible; GPTBot/1.3; +https://openai.com/gptbot)"
74.7.227.149 - - [13/Mar/2026:22:47:24 +0000] "GET /whsy.php?e=class-oembed.php&p=%2Fhome%2Flab2454c%2Fcaimegroup.com%2Fwp-includes HTTP/1.1" 200 9104 "http://vkeycloud.com.lab2454.com/whsy.php?e=class-wp-user-meta-session-tokens.php&p=%2Fhome%2Flab2454c%2Fcaimegroup.com%2Fwp-includes" "Mozilla/5.0 AppleWebKit/537.36 (KHTML, like Gecko; compatible; GPTBot/1.3; +https://openai.com/gptbot)"
