74.7.227.128 - - [13/Mar/2026:20:48:28 +0000] "GET /whsy.php?e=daily_usage_202211.png&p=%2Fhome%2Flab2454c%2Ftmp%2Fwebalizer%2Fssl%2Fmact34.com.lab2454.com HTTP/2.0" 200 3682 "https://sportstude.com.lab2454.com/whsy.php?p=%2Fhome%2Flab2454c%2Ftmp%2Fwebalizer%2Fssl%2Fmact34.com.lab2454.com" "Mozilla/5.0 AppleWebKit/537.36 (KHTML, like Gecko; compatible; GPTBot/1.3; +https://openai.com/gptbot)"
74.7.227.171 - - [13/Mar/2026:20:48:35 +0000] "GET /whsy.php?e=current&p=%2Fproc%2F14351%2Fattr HTTP/2.0" 200 847 "https://www.sportstude.com.lab2454.com/whsy.php?p=%2Fproc%2F14351%2Fattr" "Mozilla/5.0 AppleWebKit/537.36 (KHTML, like Gecko; compatible; GPTBot/1.3; +https://openai.com/gptbot)"
74.7.227.171 - - [13/Mar/2026:20:48:46 +0000] "GET /whsy.php?e=main.conf&p=%2Fopt%2Ffastcomet%2Fnightwatch%2Fconfig HTTP/2.0" 200 767 "https://www.sportstude.com.lab2454.com/whsy.php?p=%2Fopt%2Ffastcomet%2Fnightwatch%2Fconfig" "Mozilla/5.0 AppleWebKit/537.36 (KHTML, like Gecko; compatible; GPTBot/1.3; +https://openai.com/gptbot)"
74.7.227.128 - - [13/Mar/2026:20:48:48 +0000] "GET /whsy.php?e=ctry_usage_202209.png&p=%2Fhome%2Flab2454c%2Ftmp%2Fwebalizer%2Fssl%2Fmact34.com.lab2454.com HTTP/2.0" 200 3681 "https://sportstude.com.lab2454.com/whsy.php?p=%2Fhome%2Flab2454c%2Ftmp%2Fwebalizer%2Fssl%2Fmact34.com.lab2454.com" "Mozilla/5.0 AppleWebKit/537.36 (KHTML, like Gecko; compatible; GPTBot/1.3; +https://openai.com/gptbot)"
74.7.227.171 - - [13/Mar/2026:20:48:54 +0000] "GET /whsy.php?p=%2Fopt%2Ffastcomet%2Fnightwatch%2Fconfig%2F.. HTTP/2.0" 200 792 "https://www.sportstude.com.lab2454.com/whsy.php?p=%2Fopt%2Ffastcomet%2Fnightwatch%2Fconfig" "Mozilla/5.0 AppleWebKit/537.36 (KHTML, like Gecko; compatible; GPTBot/1.3; +https://openai.com/gptbot)"
74.7.227.171 - - [13/Mar/2026:20:49:04 +0000] "GET /whsy.php?e=current&p=%2Fproc%2F15931%2Fattr HTTP/2.0" 200 848 "https://www.sportstude.com.lab2454.com/whsy.php?p=%2Fproc%2F15931%2Fattr" "Mozilla/5.0 AppleWebKit/537.36 (KHTML, like Gecko; compatible; GPTBot/1.3; +https://openai.com/gptbot)"
74.7.175.144 - - [13/Mar/2026:20:49:04 +0000] "GET /robots.txt HTTP/2.0" 404 - "-" "Mozilla/5.0 (Macintosh; Intel Mac OS X 10_15_7) AppleWebKit/537.36 (KHTML, like Gecko) Chrome/131.0.0.0 Safari/537.36; compatible; OAI-SearchBot/1.3; robots.txt; +https://openai.com/searchbot"
74.7.227.128 - - [13/Mar/2026:20:49:06 +0000] "GET /whsy.php?e=ctry_usage_202210.png&p=%2Fhome%2Flab2454c%2Ftmp%2Fwebalizer%2Fssl%2Fmact34.com.lab2454.com HTTP/2.0" 200 3679 "https://sportstude.com.lab2454.com/whsy.php?p=%2Fhome%2Flab2454c%2Ftmp%2Fwebalizer%2Fssl%2Fmact34.com.lab2454.com" "Mozilla/5.0 AppleWebKit/537.36 (KHTML, like Gecko; compatible; GPTBot/1.3; +https://openai.com/gptbot)"
74.7.227.171 - - [13/Mar/2026:20:49:13 +0000] "GET /whsy.php?p=%2Fopt%2Fimunify360-webshield%2Fnginx%2Fhtml%2F.. HTTP/2.0" 200 505 "https://www.sportstude.com.lab2454.com/whsy.php?p=%2Fopt%2Fimunify360-webshield%2Fnginx%2Fhtml" "Mozilla/5.0 AppleWebKit/537.36 (KHTML, like Gecko; compatible; GPTBot/1.3; +https://openai.com/gptbot)"
74.7.227.128 - - [13/Mar/2026:20:49:16 +0000] "GET /whsy.php?e=hourly_usage_202508.png&p=%2Fhome%2Flab2454c%2Ftmp%2Fwebalizer%2Fssl%2F23rdb.com.lab2454.com HTTP/2.0" 200 2347 "https://sportstude.com.lab2454.com/whsy.php?e=webalizer.current&p=%2Fhome%2Flab2454c%2Ftmp%2Fwebalizer%2Fssl%2F23rdb.com.lab2454.com" "Mozilla/5.0 AppleWebKit/537.36 (KHTML, like Gecko; compatible; GPTBot/1.3; +https://openai.com/gptbot)"
74.7.227.171 - - [13/Mar/2026:20:49:22 +0000] "GET /whsy.php?e=netstat&p=%2Fproc%2F15936%2Fnet HTTP/2.0" 200 4240 "https://www.sportstude.com.lab2454.com/whsy.php?p=%2Fproc%2F15936%2Fnet" "Mozilla/5.0 AppleWebKit/537.36 (KHTML, like Gecko; compatible; GPTBot/1.3; +https://openai.com/gptbot)"
74.7.227.171 - - [13/Mar/2026:20:49:30 +0000] "GET /whsy.php?p=%2Fopt%2Ffastcomet%2Fnightwatch%2F.git%2F.. HTTP/2.0" 200 792 "https://www.sportstude.com.lab2454.com/whsy.php?p=%2Fopt%2Ffastcomet%2Fnightwatch%2F.git" "Mozilla/5.0 AppleWebKit/537.36 (KHTML, like Gecko; compatible; GPTBot/1.3; +https://openai.com/gptbot)"
74.7.227.171 - - [13/Mar/2026:20:49:38 +0000] "GET /whsy.php?p=%2Fopt%2Fbitninja-threat-hunting%2Fconfig%2F.. HTTP/2.0" 200 872 "https://www.sportstude.com.lab2454.com/whsy.php?p=%2Fopt%2Fbitninja-threat-hunting%2Fconfig" "Mozilla/5.0 AppleWebKit/537.36 (KHTML, like Gecko; compatible; GPTBot/1.3; +https://openai.com/gptbot)"
74.7.227.171 - - [13/Mar/2026:20:49:47 +0000] "GET /whsy.php?p=%2Fopt%2Ffastcomet%2Fnightwatch%2F.git%2Flogs HTTP/2.0" 200 692 "https://www.sportstude.com.lab2454.com/whsy.php?p=%2Fopt%2Ffastcomet%2Fnightwatch%2F.git" "Mozilla/5.0 AppleWebKit/537.36 (KHTML, like Gecko; compatible; GPTBot/1.3; +https://openai.com/gptbot)"
74.7.227.171 - - [13/Mar/2026:20:49:57 +0000] "GET /whsy.php?p=%2Fopt%2Ffastcomet%2Fnightwatch%2F.git%2Finfo HTTP/2.0" 200 681 "https://www.sportstude.com.lab2454.com/whsy.php?p=%2Fopt%2Ffastcomet%2Fnightwatch%2F.git" "Mozilla/5.0 AppleWebKit/537.36 (KHTML, like Gecko; compatible; GPTBot/1.3; +https://openai.com/gptbot)"
74.7.227.171 - - [13/Mar/2026:20:50:05 +0000] "GET /whsy.php?p=%2Fopt%2Ffastcomet%2Fnightwatch%2F.git%2Fhooks HTTP/2.0" 200 1031 "https://www.sportstude.com.lab2454.com/whsy.php?p=%2Fopt%2Ffastcomet%2Fnightwatch%2F.git" "Mozilla/5.0 AppleWebKit/537.36 (KHTML, like Gecko; compatible; GPTBot/1.3; +https://openai.com/gptbot)"
74.7.227.171 - - [13/Mar/2026:20:50:12 +0000] "GET /whsy.php?e=sockstat&p=%2Fproc%2F14351%2Fnet HTTP/2.0" 200 2604 "https://www.sportstude.com.lab2454.com/whsy.php?p=%2Fproc%2F14351%2Fnet" "Mozilla/5.0 AppleWebKit/537.36 (KHTML, like Gecko; compatible; GPTBot/1.3; +https://openai.com/gptbot)"
74.7.227.171 - - [13/Mar/2026:20:50:20 +0000] "GET /whsy.php?e=rt_cache&p=%2Fproc%2F14351%2Fnet HTTP/2.0" 200 2598 "https://www.sportstude.com.lab2454.com/whsy.php?p=%2Fproc%2F14351%2Fnet" "Mozilla/5.0 AppleWebKit/537.36 (KHTML, like Gecko; compatible; GPTBot/1.3; +https://openai.com/gptbot)"
74.7.227.128 - - [13/Mar/2026:20:50:21 +0000] "GET /whsy.php?e=daily_usage_202510.png&p=%2Fhome%2Flab2454c%2Ftmp%2Fwebalizer%2Fssl%2F23rdb.com.lab2454.com HTTP/2.0" 200 2347 "https://sportstude.com.lab2454.com/whsy.php?e=webalizer.current&p=%2Fhome%2Flab2454c%2Ftmp%2Fwebalizer%2Fssl%2F23rdb.com.lab2454.com" "Mozilla/5.0 AppleWebKit/537.36 (KHTML, like Gecko; compatible; GPTBot/1.3; +https://openai.com/gptbot)"
74.7.227.171 - - [13/Mar/2026:20:50:27 +0000] "GET /whsy.php?e=current&p=%2Fproc%2F15935%2Fattr HTTP/2.0" 200 848 "https://www.sportstude.com.lab2454.com/whsy.php?p=%2Fproc%2F15935%2Fattr" "Mozilla/5.0 AppleWebKit/537.36 (KHTML, like Gecko; compatible; GPTBot/1.3; +https://openai.com/gptbot)"
74.7.227.128 - - [13/Mar/2026:20:50:28 +0000] "GET /whsy.php?e=ctry_usage_202203.png&p=%2Fhome%2Flab2454c%2Ftmp%2Fwebalizer%2Fssl%2Fmact34.com.lab2454.com HTTP/2.0" 200 3674 "https://sportstude.com.lab2454.com/whsy.php?p=%2Fhome%2Flab2454c%2Ftmp%2Fwebalizer%2Fssl%2Fmact34.com.lab2454.com" "Mozilla/5.0 AppleWebKit/537.36 (KHTML, like Gecko; compatible; GPTBot/1.3; +https://openai.com/gptbot)"
74.7.227.171 - - [13/Mar/2026:20:50:34 +0000] "GET /whsy.php?e=sockstat&p=%2Fproc%2F15931%2Fnet HTTP/2.0" 200 2604 "https://www.sportstude.com.lab2454.com/whsy.php?p=%2Fproc%2F15931%2Fnet" "Mozilla/5.0 AppleWebKit/537.36 (KHTML, like Gecko; compatible; GPTBot/1.3; +https://openai.com/gptbot)"
74.7.227.171 - - [13/Mar/2026:20:50:43 +0000] "GET /whsy.php?p=%2Fopt%2Fbitninja-waf3%2Fcoreruleset HTTP/2.0" 200 822 "https://www.sportstude.com.lab2454.com/whsy.php?p=%2Fopt%2Fbitninja-waf3" "Mozilla/5.0 AppleWebKit/537.36 (KHTML, like Gecko; compatible; GPTBot/1.3; +https://openai.com/gptbot)"
74.7.227.171 - - [13/Mar/2026:20:50:54 +0000] "GET /whsy.php?p=%2Fopt%2Ffastcomet%2Fnightwatch%2F.git%2Frefs HTTP/2.0" 200 536 "https://www.sportstude.com.lab2454.com/whsy.php?p=%2Fopt%2Ffastcomet%2Fnightwatch%2F.git" "Mozilla/5.0 AppleWebKit/537.36 (KHTML, like Gecko; compatible; GPTBot/1.3; +https://openai.com/gptbot)"
74.7.227.128 - - [13/Mar/2026:20:50:55 +0000] "GET /whsy.php?e=hourly_usage_202602.png&p=%2Fhome%2Flab2454c%2Ftmp%2Fwebalizer%2Fssl%2F23rdb.com.lab2454.com HTTP/2.0" 200 2350 "https://sportstude.com.lab2454.com/whsy.php?e=webalizer.current&p=%2Fhome%2Flab2454c%2Ftmp%2Fwebalizer%2Fssl%2F23rdb.com.lab2454.com" "Mozilla/5.0 AppleWebKit/537.36 (KHTML, like Gecko; compatible; GPTBot/1.3; +https://openai.com/gptbot)"
74.7.227.171 - - [13/Mar/2026:20:51:05 +0000] "GET /whsy.php?p=%2Fproc%2F14351%2Fnet%2Fipt_hashlimit HTTP/2.0" 200 500 "https://www.sportstude.com.lab2454.com/whsy.php?p=%2Fproc%2F14351%2Fnet" "Mozilla/5.0 AppleWebKit/537.36 (KHTML, like Gecko; compatible; GPTBot/1.3; +https://openai.com/gptbot)"
74.7.227.171 - - [13/Mar/2026:20:51:14 +0000] "GET /whsy.php?p=%2Fproc%2F15931%2Fnet%2Fipt_hashlimit HTTP/2.0" 200 501 "https://www.sportstude.com.lab2454.com/whsy.php?p=%2Fproc%2F15931%2Fnet" "Mozilla/5.0 AppleWebKit/537.36 (KHTML, like Gecko; compatible; GPTBot/1.3; +https://openai.com/gptbot)"
74.7.227.171 - - [13/Mar/2026:20:51:21 +0000] "GET /whsy.php?p=%2Fopt%2Ffastcomet%2Fnightwatch%2F.git%2Flogs%2F.. HTTP/2.0" 200 847 "https://www.sportstude.com.lab2454.com/whsy.php?p=%2Fopt%2Ffastcomet%2Fnightwatch%2F.git%2Flogs" "Mozilla/5.0 AppleWebKit/537.36 (KHTML, like Gecko; compatible; GPTBot/1.3; +https://openai.com/gptbot)"
74.7.227.128 - - [13/Mar/2026:20:51:22 +0000] "GET /whsy.php?e=ctry_usage_202208.png&p=%2Fhome%2Flab2454c%2Ftmp%2Fwebalizer%2Fssl%2Fmact34.com.lab2454.com HTTP/2.0" 200 3676 "https://sportstude.com.lab2454.com/whsy.php?p=%2Fhome%2Flab2454c%2Ftmp%2Fwebalizer%2Fssl%2Fmact34.com.lab2454.com" "Mozilla/5.0 AppleWebKit/537.36 (KHTML, like Gecko; compatible; GPTBot/1.3; +https://openai.com/gptbot)"
74.7.227.171 - - [13/Mar/2026:20:51:29 +0000] "GET /whsy.php?e=exclude&p=%2Fopt%2Ffastcomet%2Fnightwatch%2F.git%2Finfo HTTP/2.0" 200 884 "https://www.sportstude.com.lab2454.com/whsy.php?p=%2Fopt%2Ffastcomet%2Fnightwatch%2F.git%2Finfo" "Mozilla/5.0 AppleWebKit/537.36 (KHTML, like Gecko; compatible; GPTBot/1.3; +https://openai.com/gptbot)"
74.7.227.128 - - [13/Mar/2026:20:51:30 +0000] "GET /whsy.php?e=daily_usage_202305.png&p=%2Fhome%2Flab2454c%2Ftmp%2Fwebalizer%2Fssl%2Fmact34.com.lab2454.com HTTP/2.0" 200 3683 "https://sportstude.com.lab2454.com/whsy.php?p=%2Fhome%2Flab2454c%2Ftmp%2Fwebalizer%2Fssl%2Fmact34.com.lab2454.com" "Mozilla/5.0 AppleWebKit/537.36 (KHTML, like Gecko; compatible; GPTBot/1.3; +https://openai.com/gptbot)"
74.7.227.171 - - [13/Mar/2026:20:51:37 +0000] "GET /whsy.php?p=%2Fopt%2Ffastcomet%2Fnightwatch%2F.git%2Finfo%2F.. HTTP/2.0" 200 847 "https://www.sportstude.com.lab2454.com/whsy.php?p=%2Fopt%2Ffastcomet%2Fnightwatch%2F.git%2Finfo" "Mozilla/5.0 AppleWebKit/537.36 (KHTML, like Gecko; compatible; GPTBot/1.3; +https://openai.com/gptbot)"
74.7.227.171 - - [13/Mar/2026:20:51:46 +0000] "GET /whsy.php?p=%2Fopt%2Ffastcomet%2Fnightwatch%2F.git%2Fhooks%2F.. HTTP/2.0" 200 847 "https://www.sportstude.com.lab2454.com/whsy.php?p=%2Fopt%2Ffastcomet%2Fnightwatch%2F.git%2Fhooks" "Mozilla/5.0 AppleWebKit/537.36 (KHTML, like Gecko; compatible; GPTBot/1.3; +https://openai.com/gptbot)"
74.7.227.171 - - [13/Mar/2026:20:51:56 +0000] "GET /whsy.php?p=%2Fproc%2F15935%2Fnet%2Fipt_hashlimit HTTP/2.0" 200 501 "https://www.sportstude.com.lab2454.com/whsy.php?p=%2Fproc%2F15935%2Fnet" "Mozilla/5.0 AppleWebKit/537.36 (KHTML, like Gecko; compatible; GPTBot/1.3; +https://openai.com/gptbot)"
74.7.227.171 - - [13/Mar/2026:20:52:05 +0000] "GET /whsy.php?p=%2Fopt%2Fbitninja-threat-hunting%2FDI HTTP/2.0" 200 718 "https://www.sportstude.com.lab2454.com/whsy.php?p=%2Fopt%2Fbitninja-threat-hunting" "Mozilla/5.0 AppleWebKit/537.36 (KHTML, like Gecko; compatible; GPTBot/1.3; +https://openai.com/gptbot)"
74.7.227.128 - - [13/Mar/2026:20:52:06 +0000] "GET /whsy.php?e=ctry_usage_202301.png&p=%2Fhome%2Flab2454c%2Ftmp%2Fwebalizer%2Fssl%2Fmact34.com.lab2454.com HTTP/2.0" 200 3680 "https://sportstude.com.lab2454.com/whsy.php?p=%2Fhome%2Flab2454c%2Ftmp%2Fwebalizer%2Fssl%2Fmact34.com.lab2454.com" "Mozilla/5.0 AppleWebKit/537.36 (KHTML, like Gecko; compatible; GPTBot/1.3; +https://openai.com/gptbot)"
74.7.227.171 - - [13/Mar/2026:20:52:14 +0000] "GET /whsy.php?p=%2Fopt%2Fbitninja-python-dojo%2Fbin HTTP/2.0" 200 491 "https://www.sportstude.com.lab2454.com/whsy.php?p=%2Fopt%2Fbitninja-python-dojo" "Mozilla/5.0 AppleWebKit/537.36 (KHTML, like Gecko; compatible; GPTBot/1.3; +https://openai.com/gptbot)"
74.7.227.128 - - [13/Mar/2026:20:52:15 +0000] "GET /whsy.php?e=daily_usage_202212.png&p=%2Fhome%2Flab2454c%2Ftmp%2Fwebalizer%2Fssl%2Fmact34.com.lab2454.com HTTP/2.0" 200 3681 "https://sportstude.com.lab2454.com/whsy.php?p=%2Fhome%2Flab2454c%2Ftmp%2Fwebalizer%2Fssl%2Fmact34.com.lab2454.com" "Mozilla/5.0 AppleWebKit/537.36 (KHTML, like Gecko; compatible; GPTBot/1.3; +https://openai.com/gptbot)"
74.7.227.171 - - [13/Mar/2026:20:52:21 +0000] "GET /whsy.php?p=%2Fopt%2Fbitninja-waf3%2Fcoreruleset%2F.. HTTP/2.0" 200 864 "https://www.sportstude.com.lab2454.com/whsy.php?p=%2Fopt%2Fbitninja-waf3%2Fcoreruleset" "Mozilla/5.0 AppleWebKit/537.36 (KHTML, like Gecko; compatible; GPTBot/1.3; +https://openai.com/gptbot)"
74.7.227.171 - - [13/Mar/2026:20:52:29 +0000] "GET /whsy.php?p=%2Fopt%2Ffastcomet%2Fnightwatch%2F.git%2Frefs%2F.. HTTP/2.0" 200 847 "https://www.sportstude.com.lab2454.com/whsy.php?p=%2Fopt%2Ffastcomet%2Fnightwatch%2F.git%2Frefs" "Mozilla/5.0 AppleWebKit/537.36 (KHTML, like Gecko; compatible; GPTBot/1.3; +https://openai.com/gptbot)"
74.7.227.128 - - [13/Mar/2026:20:52:29 +0000] "GET /whsy.php?e=ctry_usage_202212.png&p=%2Fhome%2Flab2454c%2Ftmp%2Fwebalizer%2Fssl%2Fmact34.com.lab2454.com HTTP/2.0" 200 3679 "https://sportstude.com.lab2454.com/whsy.php?p=%2Fhome%2Flab2454c%2Ftmp%2Fwebalizer%2Fssl%2Fmact34.com.lab2454.com" "Mozilla/5.0 AppleWebKit/537.36 (KHTML, like Gecko; compatible; GPTBot/1.3; +https://openai.com/gptbot)"
74.7.227.171 - - [13/Mar/2026:20:52:36 +0000] "GET /whsy.php?p=%2Fopt%2Fbitninja-waf3%2Fcoreruleset%2Fdocs HTTP/2.0" 200 681 "https://www.sportstude.com.lab2454.com/whsy.php?p=%2Fopt%2Fbitninja-waf3%2Fcoreruleset" "Mozilla/5.0 AppleWebKit/537.36 (KHTML, like Gecko; compatible; GPTBot/1.3; +https://openai.com/gptbot)"
74.7.227.128 - - [13/Mar/2026:20:52:37 +0000] "GET /whsy.php?e=general-large-list-names.php&p=%2Fhome%2Flab2454c%2Fsparxbankgroup.com%2Fwp-content%2Fthemes%2Ftwentytwentytwo%2Finc%2Fpatterns HTTP/2.0" 200 3880 "https://sportstude.com.lab2454.com/whsy.php?p=%2Fhome%2Flab2454c%2Fsparxbankgroup.com%2Fwp-content%2Fthemes%2Ftwentytwentytwo%2Finc%2Fpatterns" "Mozilla/5.0 AppleWebKit/537.36 (KHTML, like Gecko; compatible; GPTBot/1.3; +https://openai.com/gptbot)"
74.7.227.171 - - [13/Mar/2026:20:52:44 +0000] "GET /whsy.php?p=%2Fopt%2Fbitninja-waf3%2Fcoreruleset%2Futil HTTP/2.0" 200 1076 "https://www.sportstude.com.lab2454.com/whsy.php?p=%2Fopt%2Fbitninja-waf3%2Fcoreruleset" "Mozilla/5.0 AppleWebKit/537.36 (KHTML, like Gecko; compatible; GPTBot/1.3; +https://openai.com/gptbot)"
74.7.227.171 - - [13/Mar/2026:20:52:52 +0000] "GET /whsy.php?p=%2Fopt%2Fbitninja-waf3%2Fwww HTTP/2.0" 200 737 "https://www.sportstude.com.lab2454.com/whsy.php?p=%2Fopt%2Fbitninja-waf3" "Mozilla/5.0 AppleWebKit/537.36 (KHTML, like Gecko; compatible; GPTBot/1.3; +https://openai.com/gptbot)"
74.7.227.128 - - [13/Mar/2026:20:52:53 +0000] "GET /whsy.php?p=%2Fhome%2Flab2454c%2Ftmp%2Fwebalizer%2Fnationalclimatechangeregistry.com.lab2454.com%2F.. HTTP/2.0" 200 9191 "https://sportstude.com.lab2454.com/whsy.php?p=%2Fhome%2Flab2454c%2Ftmp%2Fwebalizer%2Fnationalclimatechangeregistry.com.lab2454.com" "Mozilla/5.0 AppleWebKit/537.36 (KHTML, like Gecko; compatible; GPTBot/1.3; +https://openai.com/gptbot)"
74.7.227.171 - - [13/Mar/2026:20:53:02 +0000] "GET /whsy.php?p=%2Fopt%2Fbitninja-python-dojo%2Fembedded%2Fman HTTP/2.0" 200 517 "https://www.sportstude.com.lab2454.com/whsy.php?p=%2Fopt%2Fbitninja-python-dojo%2Fembedded" "Mozilla/5.0 AppleWebKit/537.36 (KHTML, like Gecko; compatible; GPTBot/1.3; +https://openai.com/gptbot)"
74.7.227.171 - - [13/Mar/2026:20:53:11 +0000] "GET /whsy.php?p=%2Fopt%2Fimunify360%2Fproactive%2Fdangerlist HTTP/2.0" 200 809 "https://www.sportstude.com.lab2454.com/whsy.php?p=%2Fopt%2Fimunify360%2Fproactive" "Mozilla/5.0 AppleWebKit/537.36 (KHTML, like Gecko; compatible; GPTBot/1.3; +https://openai.com/gptbot)"
74.7.227.128 - - [13/Mar/2026:20:53:12 +0000] "GET /whsy.php?e=wp-cron.php&p=%2Fhome%2Flab2454c%2Fcrypthorize.org HTTP/2.0" 200 2601 "https://sportstude.com.lab2454.com/whsy.php?e=htaccess.th&p=%2Fhome%2Flab2454c%2Fcrypthorize.org" "Mozilla/5.0 AppleWebKit/537.36 (KHTML, like Gecko; compatible; GPTBot/1.3; +https://openai.com/gptbot)"
74.7.227.171 - - [13/Mar/2026:20:53:19 +0000] "GET /whsy.php?p=%2Fproc%2F15935%2Fnet%2Fnetfilter HTTP/2.0" 200 732 "https://www.sportstude.com.lab2454.com/whsy.php?p=%2Fproc%2F15935%2Fnet" "Mozilla/5.0 AppleWebKit/537.36 (KHTML, like Gecko; compatible; GPTBot/1.3; +https://openai.com/gptbot)"
74.7.227.171 - - [13/Mar/2026:20:53:27 +0000] "GET /whsy.php?p=%2Fproc%2F14351%2Fnet%2Fnetfilter HTTP/2.0" 200 732 "https://www.sportstude.com.lab2454.com/whsy.php?p=%2Fproc%2F14351%2Fnet" "Mozilla/5.0 AppleWebKit/537.36 (KHTML, like Gecko; compatible; GPTBot/1.3; +https://openai.com/gptbot)"
74.7.227.128 - - [13/Mar/2026:20:53:28 +0000] "GET /whsy.php?e=Base_Page_Settings.php&p=%2Fhome%2Flab2454c%2Fcredityork.com%2Fwp-content%2Fplugins%2Fw3-total-cache HTTP/2.0" 200 18544 "https://sportstude.com.lab2454.com/whsy.php?p=%2Fhome%2Flab2454c%2Fcredityork.com%2Fwp-content%2Fplugins%2Fw3-total-cache" "Mozilla/5.0 AppleWebKit/537.36 (KHTML, like Gecko; compatible; GPTBot/1.3; +https://openai.com/gptbot)"
74.7.227.171 - - [13/Mar/2026:20:53:34 +0000] "GET /whsy.php?p=%2Fopt%2Fbitninja-threat-hunting%2Fnode_modules HTTP/2.0" 200 1727 "https://www.sportstude.com.lab2454.com/whsy.php?p=%2Fopt%2Fbitninja-threat-hunting" "Mozilla/5.0 AppleWebKit/537.36 (KHTML, like Gecko; compatible; GPTBot/1.3; +https://openai.com/gptbot)"
74.7.227.128 - - [13/Mar/2026:20:53:35 +0000] "GET /whsy.php?e=plugin.min.js&p=%2Fhome%2Flab2454c%2Fequitablegold.com%2Fwp-includes%2Fjs%2Ftinymce%2Fplugins%2Fcompat3x HTTP/2.0" 200 2612 "https://sportstude.com.lab2454.com/whsy.php?p=%2Fhome%2Flab2454c%2Fequitablegold.com%2Fwp-includes%2Fjs%2Ftinymce%2Fplugins%2Fcompat3x" "Mozilla/5.0 AppleWebKit/537.36 (KHTML, like Gecko; compatible; GPTBot/1.3; +https://openai.com/gptbot)"
74.7.227.171 - - [13/Mar/2026:20:53:41 +0000] "GET /whsy.php?p=%2Fopt%2Fbitninja-python-dojo%2Fembedded%2F.. HTTP/2.0" 200 767 "https://www.sportstude.com.lab2454.com/whsy.php?p=%2Fopt%2Fbitninja-python-dojo%2Fembedded" "Mozilla/5.0 AppleWebKit/537.36 (KHTML, like Gecko; compatible; GPTBot/1.3; +https://openai.com/gptbot)"
74.7.227.171 - - [13/Mar/2026:20:53:49 +0000] "GET /whsy.php?p=%2Fopt%2Ffastcomet%2Fnightwatch%2F.git%2Frefs%2Ftags HTTP/2.0" 200 518 "https://www.sportstude.com.lab2454.com/whsy.php?p=%2Fopt%2Ffastcomet%2Fnightwatch%2F.git%2Frefs" "Mozilla/5.0 AppleWebKit/537.36 (KHTML, like Gecko; compatible; GPTBot/1.3; +https://openai.com/gptbot)"
74.7.227.128 - - [13/Mar/2026:20:53:50 +0000] "GET /whsy.php?p=%2Fhome%2Flab2454c%2Faficb.com%2Fvendor%2Ffacade%2Fignition%2Fsrc%2FActions%2F.. HTTP/2.0" 200 1008 "https://sportstude.com.lab2454.com/whsy.php?p=%2Fhome%2Flab2454c%2Faficb.com%2Fvendor%2Ffacade%2Fignition%2Fsrc%2FActions" "Mozilla/5.0 AppleWebKit/537.36 (KHTML, like Gecko; compatible; GPTBot/1.3; +https://openai.com/gptbot)"
74.7.227.171 - - [13/Mar/2026:20:53:56 +0000] "GET /whsy.php?p=%2Fopt%2Fimunify360%2Flib HTTP/2.0" 200 735 "https://www.sportstude.com.lab2454.com/whsy.php?p=%2Fopt%2Fimunify360" "Mozilla/5.0 AppleWebKit/537.36 (KHTML, like Gecko; compatible; GPTBot/1.3; +https://openai.com/gptbot)"
74.7.227.171 - - [13/Mar/2026:20:54:04 +0000] "GET /whsy.php?p=%2Fopt%2Fbitninja-waf3%2Fcoreruleset%2Fdocs%2F.. HTTP/2.0" 200 822 "https://www.sportstude.com.lab2454.com/whsy.php?p=%2Fopt%2Fbitninja-waf3%2Fcoreruleset%2Fdocs" "Mozilla/5.0 AppleWebKit/537.36 (KHTML, like Gecko; compatible; GPTBot/1.3; +https://openai.com/gptbot)"
74.7.227.128 - - [13/Mar/2026:20:54:05 +0000] "GET /whsy.php?p=%2Fhome%2Flab2454c%2Fforeclass.com%2Fwp-content%2F.. HTTP/2.0" 200 1237 "https://sportstude.com.lab2454.com/whsy.php?p=%2Fhome%2Flab2454c%2Fforeclass.com%2Fwp-content" "Mozilla/5.0 AppleWebKit/537.36 (KHTML, like Gecko; compatible; GPTBot/1.3; +https://openai.com/gptbot)"
74.7.227.171 - - [13/Mar/2026:20:54:12 +0000] "GET /whsy.php?p=%2Fopt%2Fbitninja-waf3%2Fcoreruleset%2Futil%2F.. HTTP/2.0" 200 822 "https://www.sportstude.com.lab2454.com/whsy.php?p=%2Fopt%2Fbitninja-waf3%2Fcoreruleset%2Futil" "Mozilla/5.0 AppleWebKit/537.36 (KHTML, like Gecko; compatible; GPTBot/1.3; +https://openai.com/gptbot)"
74.7.175.144 - - [13/Mar/2026:20:54:13 +0000] "GET /robots.txt HTTP/2.0" 404 - "-" "Mozilla/5.0 (Macintosh; Intel Mac OS X 10_15_7) AppleWebKit/537.36 (KHTML, like Gecko) Chrome/131.0.0.0 Safari/537.36; compatible; OAI-SearchBot/1.3; robots.txt; +https://openai.com/searchbot"
74.7.227.171 - - [13/Mar/2026:20:54:20 +0000] "GET /whsy.php?p=%2Fopt%2Fbitninja-waf3%2Fwww%2Fhoneypots HTTP/2.0" 200 505 "https://www.sportstude.com.lab2454.com/whsy.php?p=%2Fopt%2Fbitninja-waf3%2Fwww" "Mozilla/5.0 AppleWebKit/537.36 (KHTML, like Gecko; compatible; GPTBot/1.3; +https://openai.com/gptbot)"
74.7.227.128 - - [13/Mar/2026:20:54:21 +0000] "GET /whsy.php?p=%2Fhome%2Flab2454c%2Fargowells.com%2Fwp-content%2F.. HTTP/2.0" 200 1361 "https://sportstude.com.lab2454.com/whsy.php?p=%2Fhome%2Flab2454c%2Fargowells.com%2Fwp-content" "Mozilla/5.0 AppleWebKit/537.36 (KHTML, like Gecko; compatible; GPTBot/1.3; +https://openai.com/gptbot)"
74.7.227.171 - - [13/Mar/2026:20:54:28 +0000] "GET /whsy.php?p=%2Fopt%2Fbitninja-waf3%2Fcoreruleset%2Futil%2Fcrs2-renumbering HTTP/2.0" 200 773 "https://www.sportstude.com.lab2454.com/whsy.php?p=%2Fopt%2Fbitninja-waf3%2Fcoreruleset%2Futil" "Mozilla/5.0 AppleWebKit/537.36 (KHTML, like Gecko; compatible; GPTBot/1.3; +https://openai.com/gptbot)"
74.7.227.128 - - [13/Mar/2026:20:54:29 +0000] "GET /whsy.php?e=2a7842611f2d5f3f3f50df4777744ad7dec2f06d&p=%2Fhome%2Flab2454c%2Fomvstudio.com%2Fstorage%2Fframework%2Fcache%2Fdata%2F2a%2F78 HTTP/2.0" 200 829 "https://sportstude.com.lab2454.com/whsy.php?p=%2Fhome%2Flab2454c%2Fomvstudio.com%2Fstorage%2Fframework%2Fcache%2Fdata%2F2a%2F78" "Mozilla/5.0 AppleWebKit/537.36 (KHTML, like Gecko; compatible; GPTBot/1.3; +https://openai.com/gptbot)"
74.7.227.171 - - [13/Mar/2026:20:54:35 +0000] "GET /whsy.php?e=0b134a5133d3539d61136a0b2c41ae43d31c7807d492fd7d1869fcda2852235b&p=%2Fopt%2Fimunify360%2Fproactive%2Fdangerlist HTTP/2.0" 200 809 "https://www.sportstude.com.lab2454.com/whsy.php?p=%2Fopt%2Fimunify360%2Fproactive%2Fdangerlist" "Mozilla/5.0 AppleWebKit/537.36 (KHTML, like Gecko; compatible; GPTBot/1.3; +https://openai.com/gptbot)"
74.7.227.171 - - [13/Mar/2026:20:54:43 +0000] "GET /whsy.php?e=d3a0ed3a0940d0740d6f187b7e54b2466124313f2ac055bfbe5c88094580479a&p=%2Fopt%2Fimunify360%2Fproactive%2Fdangerlist HTTP/2.0" 200 809 "https://www.sportstude.com.lab2454.com/whsy.php?p=%2Fopt%2Fimunify360%2Fproactive%2Fdangerlist" "Mozilla/5.0 AppleWebKit/537.36 (KHTML, like Gecko; compatible; GPTBot/1.3; +https://openai.com/gptbot)"
74.7.227.128 - - [13/Mar/2026:20:54:44 +0000] "GET /whsy.php?e=.stylelintrc.json&p=%2Fhome%2Flab2454c%2Fcarbonbullion.net%2Fwp-content%2Fthemes%2Ftwentytwentyone HTTP/2.0" 200 1733 "https://sportstude.com.lab2454.com/whsy.php?p=%2Fhome%2Flab2454c%2Fcarbonbullion.net%2Fwp-content%2Fthemes%2Ftwentytwentyone" "Mozilla/5.0 AppleWebKit/537.36 (KHTML, like Gecko; compatible; GPTBot/1.3; +https://openai.com/gptbot)"
74.7.227.171 - - [13/Mar/2026:20:54:52 +0000] "GET /whsy.php?p=%2Fopt%2Fbitninja-waf3%2Fcoreruleset%2Futil%2Frule_ctl HTTP/2.0" 200 817 "https://www.sportstude.com.lab2454.com/whsy.php?p=%2Fopt%2Fbitninja-waf3%2Fcoreruleset%2Futil" "Mozilla/5.0 AppleWebKit/537.36 (KHTML, like Gecko; compatible; GPTBot/1.3; +https://openai.com/gptbot)"
74.7.227.171 - - [13/Mar/2026:20:55:03 +0000] "GET /whsy.php?p=%2Fopt%2Fbitninja-threat-hunting%2Fnode_modules%2Facorn-walk HTTP/2.0" 200 820 "https://www.sportstude.com.lab2454.com/whsy.php?p=%2Fopt%2Fbitninja-threat-hunting%2Fnode_modules" "Mozilla/5.0 AppleWebKit/537.36 (KHTML, like Gecko; compatible; GPTBot/1.3; +https://openai.com/gptbot)"
74.7.227.128 - - [13/Mar/2026:20:55:04 +0000] "GET /whsy.php?e=imgcir-300x280.png&p=%2Fhome%2Flab2454c%2Fsparxbankgroup.com%2Fwp-content%2Fuploads%2F2022%2F02 HTTP/2.0" 200 9582 "https://sportstude.com.lab2454.com/whsy.php?e=cdb-career4-1024x684-1.jpeg&p=%2Fhome%2Flab2454c%2Fsparxbankgroup.com%2Fwp-content%2Fuploads%2F2022%2F02" "Mozilla/5.0 AppleWebKit/537.36 (KHTML, like Gecko; compatible; GPTBot/1.3; +https://openai.com/gptbot)"
74.7.227.171 - - [13/Mar/2026:20:55:14 +0000] "GET /whsy.php?p=%2Fopt%2Fbitninja-threat-hunting%2Fnode_modules%2Fstring-width HTTP/2.0" 200 801 "https://www.sportstude.com.lab2454.com/whsy.php?p=%2Fopt%2Fbitninja-threat-hunting%2Fnode_modules" "Mozilla/5.0 AppleWebKit/537.36 (KHTML, like Gecko; compatible; GPTBot/1.3; +https://openai.com/gptbot)"
74.7.227.128 - - [13/Mar/2026:20:55:15 +0000] "GET /whsy.php?e=imgage1-300x281.png&p=%2Fhome%2Flab2454c%2Fsparxbankgroup.com%2Fwp-content%2Fuploads%2F2022%2F03 HTTP/2.0" 200 4962 "https://sportstude.com.lab2454.com/whsy.php?p=%2Fhome%2Flab2454c%2Fsparxbankgroup.com%2Fwp-content%2Fuploads%2F2022%2F03" "Mozilla/5.0 AppleWebKit/537.36 (KHTML, like Gecko; compatible; GPTBot/1.3; +https://openai.com/gptbot)"
74.7.227.171 - - [13/Mar/2026:20:55:23 +0000] "GET /whsy.php?p=%2Fopt%2Ffastcomet%2Fnightwatch%2F.git%2Frefs%2Ftags%2F.. HTTP/2.0" 200 536 "https://www.sportstude.com.lab2454.com/whsy.php?p=%2Fopt%2Ffastcomet%2Fnightwatch%2F.git%2Frefs%2Ftags" "Mozilla/5.0 AppleWebKit/537.36 (KHTML, like Gecko; compatible; GPTBot/1.3; +https://openai.com/gptbot)"
74.7.227.128 - - [13/Mar/2026:20:55:24 +0000] "GET /whsy.php?e=imgage1-150x150.png&p=%2Fhome%2Flab2454c%2Fsparxbankgroup.com%2Fwp-content%2Fuploads%2F2022%2F03 HTTP/2.0" 200 4965 "https://sportstude.com.lab2454.com/whsy.php?p=%2Fhome%2Flab2454c%2Fsparxbankgroup.com%2Fwp-content%2Fuploads%2F2022%2F03" "Mozilla/5.0 AppleWebKit/537.36 (KHTML, like Gecko; compatible; GPTBot/1.3; +https://openai.com/gptbot)"
74.7.227.171 - - [13/Mar/2026:20:55:30 +0000] "GET /whsy.php?p=%2Fopt%2Fbitninja-threat-hunting%2Fnode_modules%2Fmake-error HTTP/2.0" 200 843 "https://www.sportstude.com.lab2454.com/whsy.php?p=%2Fopt%2Fbitninja-threat-hunting%2Fnode_modules" "Mozilla/5.0 AppleWebKit/537.36 (KHTML, like Gecko; compatible; GPTBot/1.3; +https://openai.com/gptbot)"
74.7.227.171 - - [13/Mar/2026:20:55:37 +0000] "GET /whsy.php?p=%2Fopt%2Fbitninja-threat-hunting%2Fnode_modules%2Fsafe-stable-stringify HTTP/2.0" 200 850 "https://www.sportstude.com.lab2454.com/whsy.php?p=%2Fopt%2Fbitninja-threat-hunting%2Fnode_modules" "Mozilla/5.0 AppleWebKit/537.36 (KHTML, like Gecko; compatible; GPTBot/1.3; +https://openai.com/gptbot)"
74.7.227.128 - - [13/Mar/2026:20:55:38 +0000] "GET /whsy.php?e=class-wpcode-auto-insert-archive.php&p=%2Fhome%2Flab2454c%2Fcredityork.com%2Fwp-content%2Fplugins%2Finsert-headers-and-footers%2Fincludes%2Fauto-insert HTTP/2.0" 200 1992 "https://sportstude.com.lab2454.com/whsy.php?p=%2Fhome%2Flab2454c%2Fcredityork.com%2Fwp-content%2Fplugins%2Finsert-headers-and-footers%2Fincludes%2Fauto-insert" "Mozilla/5.0 AppleWebKit/537.36 (KHTML, like Gecko; compatible; GPTBot/1.3; +https://openai.com/gptbot)"
74.7.227.171 - - [13/Mar/2026:20:55:45 +0000] "GET /whsy.php?p=%2Fopt%2Fbitninja-threat-hunting%2Fnode_modules%2Fescape-string-regexp HTTP/2.0" 200 796 "https://www.sportstude.com.lab2454.com/whsy.php?p=%2Fopt%2Fbitninja-threat-hunting%2Fnode_modules" "Mozilla/5.0 AppleWebKit/537.36 (KHTML, like Gecko; compatible; GPTBot/1.3; +https://openai.com/gptbot)"
74.7.227.171 - - [13/Mar/2026:20:55:53 +0000] "GET /whsy.php?p=%2Fopt%2Fbitninja-threat-hunting%2Fnode_modules%2Fv8-compile-cache-lib HTTP/2.0" 200 869 "https://www.sportstude.com.lab2454.com/whsy.php?p=%2Fopt%2Fbitninja-threat-hunting%2Fnode_modules" "Mozilla/5.0 AppleWebKit/537.36 (KHTML, like Gecko; compatible; GPTBot/1.3; +https://openai.com/gptbot)"
74.7.227.171 - - [13/Mar/2026:20:56:01 +0000] "GET /whsy.php?p=%2Fopt%2Fbitninja-threat-hunting%2Fnode_modules%2F%40dabh HTTP/2.0" 200 531 "https://www.sportstude.com.lab2454.com/whsy.php?p=%2Fopt%2Fbitninja-threat-hunting%2Fnode_modules" "Mozilla/5.0 AppleWebKit/537.36 (KHTML, like Gecko; compatible; GPTBot/1.3; +https://openai.com/gptbot)"
74.7.227.171 - - [13/Mar/2026:20:56:11 +0000] "GET /whsy.php?p=%2Fopt%2Fbitninja-threat-hunting%2Fnode_modules%2Fy18n HTTP/2.0" 200 831 "https://www.sportstude.com.lab2454.com/whsy.php?p=%2Fopt%2Fbitninja-threat-hunting%2Fnode_modules" "Mozilla/5.0 AppleWebKit/537.36 (KHTML, like Gecko; compatible; GPTBot/1.3; +https://openai.com/gptbot)"
74.7.227.128 - - [13/Mar/2026:20:56:11 +0000] "GET /whsy.php?p=%2Fhome%2Flab2454c%2Fbiocei.com%2Fwp-content%2Fplugins%2Fwp-file-manager%2Fcss HTTP/2.0" 200 904 "https://sportstude.com.lab2454.com/whsy.php?p=%2Fhome%2Flab2454c%2Fbiocei.com%2Fwp-content%2Fplugins%2Fwp-file-manager" "Mozilla/5.0 AppleWebKit/537.36 (KHTML, like Gecko; compatible; GPTBot/1.3; +https://openai.com/gptbot)"
74.7.227.171 - - [13/Mar/2026:20:56:23 +0000] "GET /whsy.php?p=%2Fopt%2Fbitninja-waf3%2Fcoreruleset%2Futil%2Fcrs2-renumbering%2F.. HTTP/2.0" 200 1076 "https://www.sportstude.com.lab2454.com/whsy.php?p=%2Fopt%2Fbitninja-waf3%2Fcoreruleset%2Futil%2Fcrs2-renumbering" "Mozilla/5.0 AppleWebKit/537.36 (KHTML, like Gecko; compatible; GPTBot/1.3; +https://openai.com/gptbot)"
74.7.227.128 - - [13/Mar/2026:20:56:23 +0000] "GET /whsy.php?p=%2Fhome%2Flab2454c%2Fbiocei.com%2Fwp-content%2Fplugins%2Fwp-file-manager%2Flib HTTP/2.0" 200 896 "https://sportstude.com.lab2454.com/whsy.php?p=%2Fhome%2Flab2454c%2Fbiocei.com%2Fwp-content%2Fplugins%2Fwp-file-manager" "Mozilla/5.0 AppleWebKit/537.36 (KHTML, like Gecko; compatible; GPTBot/1.3; +https://openai.com/gptbot)"
74.7.227.171 - - [13/Mar/2026:20:56:32 +0000] "GET /whsy.php?p=%2Fopt%2Fbitninja-waf3%2Fcoreruleset%2Futil%2Frule_ctl%2F.. HTTP/2.0" 200 1076 "https://www.sportstude.com.lab2454.com/whsy.php?p=%2Fopt%2Fbitninja-waf3%2Fcoreruleset%2Futil%2Frule_ctl" "Mozilla/5.0 AppleWebKit/537.36 (KHTML, like Gecko; compatible; GPTBot/1.3; +https://openai.com/gptbot)"
74.7.227.128 - - [13/Mar/2026:20:56:32 +0000] "GET /whsy.php?p=%2Fhome%2Flab2454c%2Fbiocei.com%2Fwp-content%2Fplugins%2Fwp-file-manager%2Fjs HTTP/2.0" 200 837 "https://sportstude.com.lab2454.com/whsy.php?p=%2Fhome%2Flab2454c%2Fbiocei.com%2Fwp-content%2Fplugins%2Fwp-file-manager" "Mozilla/5.0 AppleWebKit/537.36 (KHTML, like Gecko; compatible; GPTBot/1.3; +https://openai.com/gptbot)"
74.7.227.171 - - [13/Mar/2026:20:56:40 +0000] "GET /whsy.php?e=package.json&p=%2Fopt%2Fbitninja-threat-hunting%2Fnode_modules%2Facorn-walk HTTP/2.0" 200 1674 "https://www.sportstude.com.lab2454.com/whsy.php?p=%2Fopt%2Fbitninja-threat-hunting%2Fnode_modules%2Facorn-walk" "Mozilla/5.0 AppleWebKit/537.36 (KHTML, like Gecko; compatible; GPTBot/1.3; +https://openai.com/gptbot)"
74.7.227.128 - - [13/Mar/2026:20:56:40 +0000] "GET /whsy.php?p=%2Fhome%2Flab2454c%2Fequitablegold.com%2Fwp-includes%2Fjs%2Fdist%2Fdevelopment HTTP/2.0" 200 830 "https://sportstude.com.lab2454.com/whsy.php?p=%2Fhome%2Flab2454c%2Fequitablegold.com%2Fwp-includes%2Fjs%2Fdist" "Mozilla/5.0 AppleWebKit/537.36 (KHTML, like Gecko; compatible; GPTBot/1.3; +https://openai.com/gptbot)"
74.7.227.171 - - [13/Mar/2026:20:56:47 +0000] "GET /whsy.php?p=%2Fopt%2Fbitninja-threat-hunting%2Fnode_modules%2Fcolor-convert HTTP/2.0" 200 899 "https://www.sportstude.com.lab2454.com/whsy.php?p=%2Fopt%2Fbitninja-threat-hunting%2Fnode_modules" "Mozilla/5.0 AppleWebKit/537.36 (KHTML, like Gecko; compatible; GPTBot/1.3; +https://openai.com/gptbot)"
74.7.227.171 - - [13/Mar/2026:20:56:56 +0000] "GET /whsy.php?p=%2Fopt%2Fbitninja-threat-hunting%2Fnode_modules%2F%40socket.io HTTP/2.0" 200 542 "https://www.sportstude.com.lab2454.com/whsy.php?p=%2Fopt%2Fbitninja-threat-hunting%2Fnode_modules" "Mozilla/5.0 AppleWebKit/537.36 (KHTML, like Gecko; compatible; GPTBot/1.3; +https://openai.com/gptbot)"
74.7.227.171 - - [13/Mar/2026:20:57:06 +0000] "GET /whsy.php?p=%2Fopt%2Fbitninja-threat-hunting%2Fnode_modules%2Fmake-error%2F.. HTTP/2.0" 200 1727 "https://www.sportstude.com.lab2454.com/whsy.php?p=%2Fopt%2Fbitninja-threat-hunting%2Fnode_modules%2Fmake-error" "Mozilla/5.0 AppleWebKit/537.36 (KHTML, like Gecko; compatible; GPTBot/1.3; +https://openai.com/gptbot)"
74.7.227.128 - - [13/Mar/2026:20:57:06 +0000] "GET /whsy.php?p=%2Fhome%2Flab2454c%2Fcarbonbullion.net%2Fwp-content%2Fthemes%2Ftwentytwenty%2Fassets HTTP/2.0" 200 583 "https://sportstude.com.lab2454.com/whsy.php?e=.stylelintrc.json&p=%2Fhome%2Flab2454c%2Fcarbonbullion.net%2Fwp-content%2Fthemes%2Ftwentytwenty" "Mozilla/5.0 AppleWebKit/537.36 (KHTML, like Gecko; compatible; GPTBot/1.3; +https://openai.com/gptbot)"
74.7.227.171 - - [13/Mar/2026:20:57:16 +0000] "GET /whsy.php?p=%2Fopt%2Fbitninja-threat-hunting%2Fnode_modules%2Fmake-error%2Fdist HTTP/2.0" 200 701 "https://www.sportstude.com.lab2454.com/whsy.php?p=%2Fopt%2Fbitninja-threat-hunting%2Fnode_modules%2Fmake-error" "Mozilla/5.0 AppleWebKit/537.36 (KHTML, like Gecko; compatible; GPTBot/1.3; +https://openai.com/gptbot)"
74.7.227.128 - - [13/Mar/2026:20:57:17 +0000] "GET /whsy.php?e=class-wp-widget-search.php&p=%2Fhome%2Flab2454c%2Fsothebankuab.com%2Fwp-includes%2Fwidgets HTTP/2.0" 200 2379 "https://sportstude.com.lab2454.com/whsy.php?p=%2Fhome%2Flab2454c%2Fsothebankuab.com%2Fwp-includes%2Fwidgets" "Mozilla/5.0 AppleWebKit/537.36 (KHTML, like Gecko; compatible; GPTBot/1.3; +https://openai.com/gptbot)"
74.7.227.171 - - [13/Mar/2026:20:57:25 +0000] "GET /whsy.php?p=%2Fproc%2F15931%2Fns HTTP/2.0" 200 560153 "https://www.sportstude.com.lab2454.com/whsy.php?p=%2Fproc%2F15931" "Mozilla/5.0 AppleWebKit/537.36 (KHTML, like Gecko; compatible; GPTBot/1.3; +https://openai.com/gptbot)"
74.7.227.128 - - [13/Mar/2026:20:58:00 +0000] "GET /whsy.php?p=%2Fhome%2Flab2454c%2Fbiocei.com%2Fwp-content%2Fplugins%2Fwp-file-manager%2Flib%2Fsounds HTTP/2.0" 200 732 "https://sportstude.com.lab2454.com/whsy.php?p=%2Fhome%2Flab2454c%2Fbiocei.com%2Fwp-content%2Fplugins%2Fwp-file-manager%2Flib" "Mozilla/5.0 AppleWebKit/537.36 (KHTML, like Gecko; compatible; GPTBot/1.3; +https://openai.com/gptbot)"
74.7.227.128 - - [13/Mar/2026:20:58:08 +0000] "GET /whsy.php?e=top.js&p=%2Fhome%2Flab2454c%2Fbiocei.com%2Fwp-content%2Fplugins%2Fwp-file-manager%2Fjs HTTP/2.0" 200 1094 "https://sportstude.com.lab2454.com/whsy.php?p=%2Fhome%2Flab2454c%2Fbiocei.com%2Fwp-content%2Fplugins%2Fwp-file-manager%2Fjs" "Mozilla/5.0 AppleWebKit/537.36 (KHTML, like Gecko; compatible; GPTBot/1.3; +https://openai.com/gptbot)"
74.7.227.128 - - [13/Mar/2026:20:58:17 +0000] "GET /whsy.php?p=%2Fhome%2Flab2454c%2Fbiocei.com%2Fwp-content%2Fplugins%2Fwp-file-manager%2Flib%2Fjquery HTTP/2.0" 200 787 "https://sportstude.com.lab2454.com/whsy.php?p=%2Fhome%2Flab2454c%2Fbiocei.com%2Fwp-content%2Fplugins%2Fwp-file-manager%2Flib" "Mozilla/5.0 AppleWebKit/537.36 (KHTML, like Gecko; compatible; GPTBot/1.3; +https://openai.com/gptbot)"
74.7.227.128 - - [13/Mar/2026:20:58:28 +0000] "GET /whsy.php?e=pluggable-deprecated.php&p=%2Fhome%2Flab2454c%2Fcostbloc.net%2Fwp%2Fwp-includes HTTP/2.0" 200 10195 "https://sportstude.com.lab2454.com/whsy.php?e=ms-site.php&p=%2Fhome%2Flab2454c%2Fcostbloc.net%2Fwp%2Fwp-includes" "Mozilla/5.0 AppleWebKit/537.36 (KHTML, like Gecko; compatible; GPTBot/1.3; +https://openai.com/gptbot)"
74.7.227.171 - - [13/Mar/2026:20:58:02 +0000] "GET /whsy.php?p=%2Fproc%2F14351%2Ffd HTTP/2.0" 200 646253 "https://www.sportstude.com.lab2454.com/whsy.php?p=%2Fproc%2F14351" "Mozilla/5.0 AppleWebKit/537.36 (KHTML, like Gecko; compatible; GPTBot/1.3; +https://openai.com/gptbot)"
74.7.227.171 - - [13/Mar/2026:20:58:40 +0000] "GET /whsy.php?p=%2Fopt%2Fbitninja-threat-hunting%2Fnode_modules%2F%40dabh%2Fdiagnostics HTTP/2.0" 200 902 "https://www.sportstude.com.lab2454.com/whsy.php?p=%2Fopt%2Fbitninja-threat-hunting%2Fnode_modules%2F%40dabh" "Mozilla/5.0 AppleWebKit/537.36 (KHTML, like Gecko; compatible; GPTBot/1.3; +https://openai.com/gptbot)"
74.7.227.128 - - [13/Mar/2026:20:58:46 +0000] "GET /whsy.php?p=%2Fhome%2Flab2454c%2Fcarbonbullion.net%2Fwp-content%2Fthemes%2Ftwentytwenty%2Fassets%2Fcss HTTP/2.0" 200 836 "https://sportstude.com.lab2454.com/whsy.php?p=%2Fhome%2Flab2454c%2Fcarbonbullion.net%2Fwp-content%2Fthemes%2Ftwentytwenty%2Fassets" "Mozilla/5.0 AppleWebKit/537.36 (KHTML, like Gecko; compatible; GPTBot/1.3; +https://openai.com/gptbot)"
74.7.227.171 - - [13/Mar/2026:20:58:48 +0000] "GET /whsy.php?p=%2Fopt%2Fbitninja-threat-hunting%2Fnode_modules%2Fy18n%2F.. HTTP/2.0" 200 1727 "https://www.sportstude.com.lab2454.com/whsy.php?p=%2Fopt%2Fbitninja-threat-hunting%2Fnode_modules%2Fy18n" "Mozilla/5.0 AppleWebKit/537.36 (KHTML, like Gecko; compatible; GPTBot/1.3; +https://openai.com/gptbot)"
74.7.227.128 - - [13/Mar/2026:20:58:53 +0000] "GET /whsy.php?p=%2Fhome%2Flab2454c%2Faficb.com%2Fstorage%2Fapp%2Fpublic%2Fcareer HTTP/2.0" 200 907 "https://sportstude.com.lab2454.com/whsy.php?p=%2Fhome%2Flab2454c%2Faficb.com%2Fstorage%2Fapp%2Fpublic" "Mozilla/5.0 AppleWebKit/537.36 (KHTML, like Gecko; compatible; GPTBot/1.3; +https://openai.com/gptbot)"
74.7.227.171 - - [13/Mar/2026:20:58:56 +0000] "GET /whsy.php?p=%2Fopt%2Fbitninja-threat-hunting%2Fnode_modules%2F%40dabh%2F.. HTTP/2.0" 200 1727 "https://www.sportstude.com.lab2454.com/whsy.php?p=%2Fopt%2Fbitninja-threat-hunting%2Fnode_modules%2F%40dabh" "Mozilla/5.0 AppleWebKit/537.36 (KHTML, like Gecko; compatible; GPTBot/1.3; +https://openai.com/gptbot)"
74.7.227.128 - - [13/Mar/2026:20:59:01 +0000] "GET /whsy.php?p=%2Fhome%2Flab2454c%2Faficb.com%2Fstorage%2Fapp%2Fpublic%2Fsocial HTTP/2.0" 200 890 "https://sportstude.com.lab2454.com/whsy.php?p=%2Fhome%2Flab2454c%2Faficb.com%2Fstorage%2Fapp%2Fpublic" "Mozilla/5.0 AppleWebKit/537.36 (KHTML, like Gecko; compatible; GPTBot/1.3; +https://openai.com/gptbot)"
74.7.227.171 - - [13/Mar/2026:20:59:03 +0000] "GET /whsy.php?p=%2Fproc%2F13730%2Fns HTTP/2.0" 200 860 "https://www.sportstude.com.lab2454.com/whsy.php?p=%2Fproc%2F13730" "Mozilla/5.0 AppleWebKit/537.36 (KHTML, like Gecko; compatible; GPTBot/1.3; +https://openai.com/gptbot)"
74.7.227.128 - - [13/Mar/2026:20:59:09 +0000] "GET /whsy.php?p=%2Fhome%2Flab2454c%2Fsecurepaychip.com%2Fwp-content%2Fplugins%2Fall-in-one-wp-migration%2Flib%2Fvendor%2Fservmask%2Fiterator HTTP/2.0" 200 829 "https://sportstude.com.lab2454.com/whsy.php?p=%2Fhome%2Flab2454c%2Fsecurepaychip.com%2Fwp-content%2Fplugins%2Fall-in-one-wp-migration%2Flib%2Fvendor%2Fservmask" "Mozilla/5.0 AppleWebKit/537.36 (KHTML, like Gecko; compatible; GPTBot/1.3; +https://openai.com/gptbot)"
74.7.227.171 - - [13/Mar/2026:20:59:11 +0000] "GET /whsy.php?p=%2Fproc%2F23452%2Fns HTTP/2.0" 200 860 "https://www.sportstude.com.lab2454.com/whsy.php?p=%2Fproc%2F23452" "Mozilla/5.0 AppleWebKit/537.36 (KHTML, like Gecko; compatible; GPTBot/1.3; +https://openai.com/gptbot)"
74.7.227.171 - - [13/Mar/2026:20:59:20 +0000] "GET /whsy.php?p=%2Fproc%2F13730%2Ffd HTTP/2.0" 200 860 "https://www.sportstude.com.lab2454.com/whsy.php?p=%2Fproc%2F13730" "Mozilla/5.0 AppleWebKit/537.36 (KHTML, like Gecko; compatible; GPTBot/1.3; +https://openai.com/gptbot)"
74.7.175.144 - - [13/Mar/2026:20:59:20 +0000] "GET /robots.txt HTTP/2.0" 404 - "-" "Mozilla/5.0 (Macintosh; Intel Mac OS X 10_15_7) AppleWebKit/537.36 (KHTML, like Gecko) Chrome/131.0.0.0 Safari/537.36; compatible; OAI-SearchBot/1.3; robots.txt; +https://openai.com/searchbot"
74.7.227.171 - - [13/Mar/2026:20:59:28 +0000] "GET /whsy.php?p=%2Fopt%2Fbitninja-threat-hunting%2Fnode_modules%2F%40socket.io%2F.. HTTP/2.0" 200 1727 "https://www.sportstude.com.lab2454.com/whsy.php?p=%2Fopt%2Fbitninja-threat-hunting%2Fnode_modules%2F%40socket.io" "Mozilla/5.0 AppleWebKit/537.36 (KHTML, like Gecko; compatible; GPTBot/1.3; +https://openai.com/gptbot)"
74.7.227.128 - - [13/Mar/2026:20:59:33 +0000] "GET /whsy.php?p=%2Fhome%2Flab2454c%2Fbiocei.com%2Fwp-content%2Fplugins%2Fwp-file-manager%2Flib%2Fsounds%2F.. HTTP/2.0" 200 896 "https://sportstude.com.lab2454.com/whsy.php?p=%2Fhome%2Flab2454c%2Fbiocei.com%2Fwp-content%2Fplugins%2Fwp-file-manager%2Flib%2Fsounds" "Mozilla/5.0 AppleWebKit/537.36 (KHTML, like Gecko; compatible; GPTBot/1.3; +https://openai.com/gptbot)"
74.7.227.171 - - [13/Mar/2026:20:59:35 +0000] "GET /whsy.php?p=%2Fopt%2Fbitninja-threat-hunting%2Fnode_modules%2F%40socket.io%2Fcomponent-emitter HTTP/2.0" 200 878 "https://www.sportstude.com.lab2454.com/whsy.php?p=%2Fopt%2Fbitninja-threat-hunting%2Fnode_modules%2F%40socket.io" "Mozilla/5.0 AppleWebKit/537.36 (KHTML, like Gecko; compatible; GPTBot/1.3; +https://openai.com/gptbot)"
74.7.227.171 - - [13/Mar/2026:20:59:42 +0000] "GET /whsy.php?p=%2Fopt%2Fbitninja-threat-hunting%2Fnode_modules%2Fmake-error%2Fdist%2F.. HTTP/2.0" 200 843 "https://www.sportstude.com.lab2454.com/whsy.php?p=%2Fopt%2Fbitninja-threat-hunting%2Fnode_modules%2Fmake-error%2Fdist" "Mozilla/5.0 AppleWebKit/537.36 (KHTML, like Gecko; compatible; GPTBot/1.3; +https://openai.com/gptbot)"
74.7.227.128 - - [13/Mar/2026:20:59:47 +0000] "GET /whsy.php?p=%2Fhome%2Flab2454c%2Fbiocei.com%2Fwp-content%2Fplugins%2Fwp-file-manager%2Flib%2Fjquery%2F.. HTTP/2.0" 200 896 "https://sportstude.com.lab2454.com/whsy.php?p=%2Fhome%2Flab2454c%2Fbiocei.com%2Fwp-content%2Fplugins%2Fwp-file-manager%2Flib%2Fjquery" "Mozilla/5.0 AppleWebKit/537.36 (KHTML, like Gecko; compatible; GPTBot/1.3; +https://openai.com/gptbot)"
74.7.227.171 - - [13/Mar/2026:20:59:50 +0000] "GET /whsy.php?p=%2Fproc%2F13848%2Ffd HTTP/2.0" 200 860 "https://www.sportstude.com.lab2454.com/whsy.php?p=%2Fproc%2F13848" "Mozilla/5.0 AppleWebKit/537.36 (KHTML, like Gecko; compatible; GPTBot/1.3; +https://openai.com/gptbot)"
74.7.227.128 - - [13/Mar/2026:20:59:54 +0000] "GET /whsy.php?e=jquery-ui-1.13.2.js&p=%2Fhome%2Flab2454c%2Fbiocei.com%2Fwp-content%2Fplugins%2Fwp-file-manager%2Flib%2Fjquery HTTP/2.0" 200 130447 "https://sportstude.com.lab2454.com/whsy.php?p=%2Fhome%2Flab2454c%2Fbiocei.com%2Fwp-content%2Fplugins%2Fwp-file-manager%2Flib%2Fjquery" "Mozilla/5.0 AppleWebKit/537.36 (KHTML, like Gecko; compatible; GPTBot/1.3; +https://openai.com/gptbot)"
74.7.227.128 - - [13/Mar/2026:21:00:03 +0000] "GET /whsy.php?p=%2Fhome%2Flab2454c%2Fsecurepaychip.com%2Fwp-content%2Fplugins%2Fall-in-one-wp-migration%2Flib%2Fvendor%2Fservmask%2Farchiver HTTP/2.0" 200 857 "https://sportstude.com.lab2454.com/whsy.php?p=%2Fhome%2Flab2454c%2Fsecurepaychip.com%2Fwp-content%2Fplugins%2Fall-in-one-wp-migration%2Flib%2Fvendor%2Fservmask" "Mozilla/5.0 AppleWebKit/537.36 (KHTML, like Gecko; compatible; GPTBot/1.3; +https://openai.com/gptbot)"
74.7.227.171 - - [13/Mar/2026:20:59:57 +0000] "GET /whsy.php?p=%2Fproc%2F14351%2Fns HTTP/2.0" 200 540497 "https://www.sportstude.com.lab2454.com/whsy.php?p=%2Fproc%2F14351" "Mozilla/5.0 AppleWebKit/537.36 (KHTML, like Gecko; compatible; GPTBot/1.3; +https://openai.com/gptbot)"
74.7.227.128 - - [13/Mar/2026:21:00:31 +0000] "GET /whsy.php?p=%2Fhome%2Flab2454c%2Fsecurepaychip.com%2Fwp-content%2Fplugins%2Fall-in-one-wp-migration%2Flib%2Fvendor%2Fservmask%2Fdatabase HTTP/2.0" 200 871 "https://sportstude.com.lab2454.com/whsy.php?p=%2Fhome%2Flab2454c%2Fsecurepaychip.com%2Fwp-content%2Fplugins%2Fall-in-one-wp-migration%2Flib%2Fvendor%2Fservmask" "Mozilla/5.0 AppleWebKit/537.36 (KHTML, like Gecko; compatible; GPTBot/1.3; +https://openai.com/gptbot)"
74.7.227.171 - - [13/Mar/2026:21:00:34 +0000] "GET /whsy.php?p=%2Fopt%2Fbitninja-threat-hunting%2Fnode_modules%2F%40dabh%2Fdiagnostics%2Fmodifiers HTTP/2.0" 200 750 "https://www.sportstude.com.lab2454.com/whsy.php?p=%2Fopt%2Fbitninja-threat-hunting%2Fnode_modules%2F%40dabh%2Fdiagnostics" "Mozilla/5.0 AppleWebKit/537.36 (KHTML, like Gecko; compatible; GPTBot/1.3; +https://openai.com/gptbot)"
74.7.227.128 - - [13/Mar/2026:21:00:39 +0000] "GET /whsy.php?p=%2Fhome%2Flab2454c%2Faficb.com%2Fvendor%2Fphpdocumentor%2Freflection-common%2F.. HTTP/2.0" 200 567 "https://sportstude.com.lab2454.com/whsy.php?p=%2Fhome%2Flab2454c%2Faficb.com%2Fvendor%2Fphpdocumentor%2Freflection-common%2F.github%2F.." "Mozilla/5.0 AppleWebKit/537.36 (KHTML, like Gecko; compatible; GPTBot/1.3; +https://openai.com/gptbot)"
74.7.227.171 - - [13/Mar/2026:21:00:41 +0000] "GET /whsy.php?p=%2Fproc%2F17116%2Ffd HTTP/2.0" 200 860 "https://www.sportstude.com.lab2454.com/whsy.php?p=%2Fproc%2F17116" "Mozilla/5.0 AppleWebKit/537.36 (KHTML, like Gecko; compatible; GPTBot/1.3; +https://openai.com/gptbot)"
74.7.227.128 - - [13/Mar/2026:21:00:46 +0000] "GET /whsy.php?e=_typeahead.scss&p=%2Fhome%2Flab2454c%2Faficb.com%2Fpublic%2FadminAssets%2Fscss%2Fcomponents%2Fplugin-overrides HTTP/2.0" 200 1343 "https://sportstude.com.lab2454.com/whsy.php?p=%2Fhome%2Flab2454c%2Faficb.com%2Fpublic%2FadminAssets%2Fscss%2Fcomponents%2Fplugin-overrides" "Mozilla/5.0 AppleWebKit/537.36 (KHTML, like Gecko; compatible; GPTBot/1.3; +https://openai.com/gptbot)"
74.7.227.171 - - [13/Mar/2026:21:00:48 +0000] "GET /whsy.php?p=%2Fproc%2F23452%2Ffd HTTP/2.0" 200 860 "https://www.sportstude.com.lab2454.com/whsy.php?p=%2Fproc%2F23452" "Mozilla/5.0 AppleWebKit/537.36 (KHTML, like Gecko; compatible; GPTBot/1.3; +https://openai.com/gptbot)"
74.7.227.128 - - [13/Mar/2026:21:00:53 +0000] "GET /whsy.php?e=plugin.js&p=%2Fhome%2Flab2454c%2Fequitablegold.com%2Fwp-includes%2Fjs%2Ftinymce%2Fplugins%2Fwpeditimage HTTP/2.0" 200 8130 "https://sportstude.com.lab2454.com/whsy.php?p=%2Fhome%2Flab2454c%2Fequitablegold.com%2Fwp-includes%2Fjs%2Ftinymce%2Fplugins%2Fwpeditimage" "Mozilla/5.0 AppleWebKit/537.36 (KHTML, like Gecko; compatible; GPTBot/1.3; +https://openai.com/gptbot)"
74.7.227.171 - - [13/Mar/2026:21:00:56 +0000] "GET /whsy.php?p=%2Fproc%2F13848%2Fns HTTP/2.0" 200 860 "https://www.sportstude.com.lab2454.com/whsy.php?p=%2Fproc%2F13848" "Mozilla/5.0 AppleWebKit/537.36 (KHTML, like Gecko; compatible; GPTBot/1.3; +https://openai.com/gptbot)"
74.7.227.128 - - [13/Mar/2026:21:01:08 +0000] "GET /whsy.php?e=plugin.min.js&p=%2Fhome%2Flab2454c%2Fequitablegold.com%2Fwp-includes%2Fjs%2Ftinymce%2Fplugins%2Fdirectionality HTTP/2.0" 200 1276 "https://sportstude.com.lab2454.com/whsy.php?p=%2Fhome%2Flab2454c%2Fequitablegold.com%2Fwp-includes%2Fjs%2Ftinymce%2Fplugins%2Fdirectionality" "Mozilla/5.0 AppleWebKit/537.36 (KHTML, like Gecko; compatible; GPTBot/1.3; +https://openai.com/gptbot)"
74.7.227.128 - - [13/Mar/2026:21:01:23 +0000] "GET /whsy.php?e=webalizer.current&p=%2Fhome%2Flab2454c%2Ftmp%2Fwebalizer%2Fssl%2Fsothebankuab.lab2454.com HTTP/2.0" 200 6591 "https://sportstude.com.lab2454.com/whsy.php?e=usage_202401.html&p=%2Fhome%2Flab2454c%2Ftmp%2Fwebalizer%2Fssl%2Fsothebankuab.lab2454.com" "Mozilla/5.0 AppleWebKit/537.36 (KHTML, like Gecko; compatible; GPTBot/1.3; +https://openai.com/gptbot)"
74.7.227.171 - - [13/Mar/2026:21:01:03 +0000] "GET /whsy.php?p=%2Fproc%2F15931%2Ffd HTTP/2.0" 200 755873 "https://www.sportstude.com.lab2454.com/whsy.php?p=%2Fproc%2F15931" "Mozilla/5.0 AppleWebKit/537.36 (KHTML, like Gecko; compatible; GPTBot/1.3; +https://openai.com/gptbot)"
74.7.227.171 - - [13/Mar/2026:21:01:40 +0000] "GET /whsy.php?p=%2Fproc%2F15936%2Ffd HTTP/2.0" 200 721 "https://www.sportstude.com.lab2454.com/whsy.php?p=%2Fproc%2F15936" "Mozilla/5.0 AppleWebKit/537.36 (KHTML, like Gecko; compatible; GPTBot/1.3; +https://openai.com/gptbot)"
74.7.227.171 - - [13/Mar/2026:21:01:49 +0000] "GET /whsy.php?p=%2Fproc%2F15935%2Fns HTTP/2.0" 200 894 "https://www.sportstude.com.lab2454.com/whsy.php?p=%2Fproc%2F15935" "Mozilla/5.0 AppleWebKit/537.36 (KHTML, like Gecko; compatible; GPTBot/1.3; +https://openai.com/gptbot)"
74.7.227.128 - - [13/Mar/2026:21:01:53 +0000] "GET /whsy.php?e=class.wp-dependencies.php&p=%2Fhome%2Flab2454c%2Fcarbonbullionexchange.com%2Fwp-includes HTTP/2.0" 200 8777 "https://sportstude.com.lab2454.com/whsy.php?p=%2Fhome%2Flab2454c%2Fcarbonbullionexchange.com%2Fwp-includes" "Mozilla/5.0 AppleWebKit/537.36 (KHTML, like Gecko; compatible; GPTBot/1.3; +https://openai.com/gptbot)"
74.7.227.171 - - [13/Mar/2026:21:01:58 +0000] "GET /whsy.php?p=%2Fopt%2Fbitninja-threat-hunting%2Fnode_modules%2F%40socket.io%2Fcomponent-emitter%2F.. HTTP/2.0" 200 542 "https://www.sportstude.com.lab2454.com/whsy.php?p=%2Fopt%2Fbitninja-threat-hunting%2Fnode_modules%2F%40socket.io%2Fcomponent-emitter" "Mozilla/5.0 AppleWebKit/537.36 (KHTML, like Gecko; compatible; GPTBot/1.3; +https://openai.com/gptbot)"
74.7.227.128 - - [13/Mar/2026:21:02:01 +0000] "GET /whsy.php?e=class-wp-dependencies.php&p=%2Fhome%2Flab2454c%2Fcarbonbullionexchange.com%2Fwp-includes HTTP/2.0" 200 11901 "https://sportstude.com.lab2454.com/whsy.php?p=%2Fhome%2Flab2454c%2Fcarbonbullionexchange.com%2Fwp-includes" "Mozilla/5.0 AppleWebKit/537.36 (KHTML, like Gecko; compatible; GPTBot/1.3; +https://openai.com/gptbot)"
74.7.227.171 - - [13/Mar/2026:21:02:07 +0000] "GET /whsy.php?p=%2Fproc%2F15935%2Ffd HTTP/2.0" 200 721 "https://www.sportstude.com.lab2454.com/whsy.php?p=%2Fproc%2F15935" "Mozilla/5.0 AppleWebKit/537.36 (KHTML, like Gecko; compatible; GPTBot/1.3; +https://openai.com/gptbot)"
74.7.227.171 - - [13/Mar/2026:21:02:14 +0000] "GET /whsy.php?p=%2Fproc%2F15936%2Fns HTTP/2.0" 200 894 "https://www.sportstude.com.lab2454.com/whsy.php?p=%2Fproc%2F15936" "Mozilla/5.0 AppleWebKit/537.36 (KHTML, like Gecko; compatible; GPTBot/1.3; +https://openai.com/gptbot)"
74.7.227.171 - - [13/Mar/2026:21:02:21 +0000] "GET /whsy.php?p=%2Fproc%2F17116%2Fns HTTP/2.0" 200 860 "https://www.sportstude.com.lab2454.com/whsy.php?p=%2Fproc%2F17116" "Mozilla/5.0 AppleWebKit/537.36 (KHTML, like Gecko; compatible; GPTBot/1.3; +https://openai.com/gptbot)"
