74.7.227.19 - - [13/Mar/2026:21:57:00 +0000] "GET /whsy.php?p=%2Fopt%2Fbitninja-threat-hunting%2Fnode_modules%2Farg%2F.. HTTP/2.0" 200 1727 "https://www.sportstude.com.lab2454.com/whsy.php?p=%2Fopt%2Fbitninja-threat-hunting%2Fnode_modules%2Farg" "Mozilla/5.0 AppleWebKit/537.36 (KHTML, like Gecko; compatible; GPTBot/1.3; +https://openai.com/gptbot)"
74.7.227.20 - - [13/Mar/2026:21:57:09 +0000] "GET /whsy.php?e=awstats032025.lab2454.com.txt&p=%2Fhome%2Flab2454c%2Ftmp%2Fawstats HTTP/2.0" 200 137464 "https://sportstude.com.lab2454.com/whsy.php?e=awstats.crediteen.com.lab2454.com.conf&p=%2Fhome%2Flab2454c%2Ftmp%2Fawstats" "Mozilla/5.0 AppleWebKit/537.36 (KHTML, like Gecko; compatible; GPTBot/1.3; +https://openai.com/gptbot)"
74.7.227.19 - - [13/Mar/2026:21:57:10 +0000] "GET /whsy.php?p=%2Fopt%2Fbitninja-threat-hunting%2Fnode_modules%2Fdiff%2Flib HTTP/2.0" 200 767 "https://www.sportstude.com.lab2454.com/whsy.php?p=%2Fopt%2Fbitninja-threat-hunting%2Fnode_modules%2Fdiff" "Mozilla/5.0 AppleWebKit/537.36 (KHTML, like Gecko; compatible; GPTBot/1.3; +https://openai.com/gptbot)"
74.7.227.19 - - [13/Mar/2026:21:57:19 +0000] "GET /whsy.php?p=%2Fopt%2Fbitninja-threat-hunting%2Fnode_modules%2Ffind-up HTTP/2.0" 200 818 "https://www.sportstude.com.lab2454.com/whsy.php?p=%2Fopt%2Fbitninja-threat-hunting%2Fnode_modules" "Mozilla/5.0 AppleWebKit/537.36 (KHTML, like Gecko; compatible; GPTBot/1.3; +https://openai.com/gptbot)"
74.7.227.19 - - [13/Mar/2026:21:57:28 +0000] "GET /whsy.php?p=%2Fopt%2Fbitninja-threat-hunting%2Fnode_modules%2Fansi-regex HTTP/2.0" 200 789 "https://www.sportstude.com.lab2454.com/whsy.php?p=%2Fopt%2Fbitninja-threat-hunting%2Fnode_modules" "Mozilla/5.0 AppleWebKit/537.36 (KHTML, like Gecko; compatible; GPTBot/1.3; +https://openai.com/gptbot)"
74.7.227.19 - - [13/Mar/2026:21:57:35 +0000] "GET /whsy.php?p=%2Fopt%2Fbitninja-threat-hunting%2Fnode_modules%2Fconcat-map%2Fexample HTTP/2.0" 200 704 "https://www.sportstude.com.lab2454.com/whsy.php?p=%2Fopt%2Fbitninja-threat-hunting%2Fnode_modules%2Fconcat-map" "Mozilla/5.0 AppleWebKit/537.36 (KHTML, like Gecko; compatible; GPTBot/1.3; +https://openai.com/gptbot)"
74.7.227.20 - - [13/Mar/2026:21:57:42 +0000] "GET /whsy.php?e=awstats062022.lab2454.com.txt&p=%2Fhome%2Flab2454c%2Ftmp%2Fawstats HTTP/2.0" 200 139131 "https://sportstude.com.lab2454.com/whsy.php?e=awstats.crediteen.com.lab2454.com.conf&p=%2Fhome%2Flab2454c%2Ftmp%2Fawstats" "Mozilla/5.0 AppleWebKit/537.36 (KHTML, like Gecko; compatible; GPTBot/1.3; +https://openai.com/gptbot)"
74.7.227.19 - - [13/Mar/2026:21:57:43 +0000] "GET /whsy.php?p=%2Fopt%2Fbitninja-threat-hunting%2Fnode_modules%2Fconcat-map%2F.. HTTP/2.0" 200 1727 "https://www.sportstude.com.lab2454.com/whsy.php?p=%2Fopt%2Fbitninja-threat-hunting%2Fnode_modules%2Fconcat-map" "Mozilla/5.0 AppleWebKit/537.36 (KHTML, like Gecko; compatible; GPTBot/1.3; +https://openai.com/gptbot)"
74.7.227.19 - - [13/Mar/2026:21:57:50 +0000] "GET /whsy.php?p=%2Fopt%2Fbitninja-threat-hunting%2Fnode_modules%2Fcolor-name%2F.. HTTP/2.0" 200 1727 "https://www.sportstude.com.lab2454.com/whsy.php?p=%2Fopt%2Fbitninja-threat-hunting%2Fnode_modules%2Fcolor-name" "Mozilla/5.0 AppleWebKit/537.36 (KHTML, like Gecko; compatible; GPTBot/1.3; +https://openai.com/gptbot)"
74.7.227.20 - - [13/Mar/2026:21:57:50 +0000] "GET /whsy.php?e=awstats052023.lab2454.com.txt&p=%2Fhome%2Flab2454c%2Ftmp%2Fawstats HTTP/2.0" 200 143598 "https://sportstude.com.lab2454.com/whsy.php?e=awstats.crediteen.com.lab2454.com.conf&p=%2Fhome%2Flab2454c%2Ftmp%2Fawstats" "Mozilla/5.0 AppleWebKit/537.36 (KHTML, like Gecko; compatible; GPTBot/1.3; +https://openai.com/gptbot)"
74.7.227.19 - - [13/Mar/2026:21:57:58 +0000] "GET /whsy.php?p=%2Fopt%2Fbitninja-threat-hunting%2Fnode_modules%2Fp-locate HTTP/2.0" 200 819 "https://www.sportstude.com.lab2454.com/whsy.php?p=%2Fopt%2Fbitninja-threat-hunting%2Fnode_modules" "Mozilla/5.0 AppleWebKit/537.36 (KHTML, like Gecko; compatible; GPTBot/1.3; +https://openai.com/gptbot)"
74.7.227.19 - - [13/Mar/2026:21:58:07 +0000] "GET /whsy.php?p=%2Fopt%2Fbitninja-threat-hunting%2Fnode_modules%2Ffn.name HTTP/2.0" 200 897 "https://www.sportstude.com.lab2454.com/whsy.php?p=%2Fopt%2Fbitninja-threat-hunting%2Fnode_modules" "Mozilla/5.0 AppleWebKit/537.36 (KHTML, like Gecko; compatible; GPTBot/1.3; +https://openai.com/gptbot)"
74.7.227.19 - - [13/Mar/2026:21:58:16 +0000] "GET /whsy.php?p=%2Fopt%2Fbitninja-threat-hunting%2Fnode_modules%2Fis-buffer%2Ftest HTTP/2.0" 200 702 "https://www.sportstude.com.lab2454.com/whsy.php?p=%2Fopt%2Fbitninja-threat-hunting%2Fnode_modules%2Fis-buffer" "Mozilla/5.0 AppleWebKit/537.36 (KHTML, like Gecko; compatible; GPTBot/1.3; +https://openai.com/gptbot)"
74.7.227.20 - - [13/Mar/2026:21:58:17 +0000] "GET /whsy.php?e=awstats062024.lab2454.com.txt&p=%2Fhome%2Flab2454c%2Ftmp%2Fawstats HTTP/2.0" 200 138262 "https://sportstude.com.lab2454.com/whsy.php?e=awstats.crediteen.com.lab2454.com.conf&p=%2Fhome%2Flab2454c%2Ftmp%2Fawstats" "Mozilla/5.0 AppleWebKit/537.36 (KHTML, like Gecko; compatible; GPTBot/1.3; +https://openai.com/gptbot)"
74.7.227.19 - - [13/Mar/2026:21:58:25 +0000] "GET /whsy.php?p=%2Fopt%2Fbitninja-threat-hunting%2Fnode_modules%2Fwinston HTTP/2.0" 200 822 "https://www.sportstude.com.lab2454.com/whsy.php?p=%2Fopt%2Fbitninja-threat-hunting%2Fnode_modules" "Mozilla/5.0 AppleWebKit/537.36 (KHTML, like Gecko; compatible; GPTBot/1.3; +https://openai.com/gptbot)"
74.7.227.19 - - [13/Mar/2026:21:58:32 +0000] "GET /whsy.php?p=%2Fopt%2Fbitninja-threat-hunting%2Fnode_modules%2Fmoment HTTP/2.0" 200 968 "https://www.sportstude.com.lab2454.com/whsy.php?p=%2Fopt%2Fbitninja-threat-hunting%2Fnode_modules" "Mozilla/5.0 AppleWebKit/537.36 (KHTML, like Gecko; compatible; GPTBot/1.3; +https://openai.com/gptbot)"
74.7.227.20 - - [13/Mar/2026:21:58:33 +0000] "GET /whsy.php?e=awstats102025.lab2454.com.txt&p=%2Fhome%2Flab2454c%2Ftmp%2Fawstats HTTP/2.0" 200 140246 "https://sportstude.com.lab2454.com/whsy.php?e=awstats.crediteen.com.lab2454.com.conf&p=%2Fhome%2Flab2454c%2Ftmp%2Fawstats" "Mozilla/5.0 AppleWebKit/537.36 (KHTML, like Gecko; compatible; GPTBot/1.3; +https://openai.com/gptbot)"
74.7.227.19 - - [13/Mar/2026:21:58:40 +0000] "GET /whsy.php?p=%2Fopt%2Fbitninja-threat-hunting%2Fnode_modules%2Fdiff%2Flib%2F.. HTTP/2.0" 200 891 "https://www.sportstude.com.lab2454.com/whsy.php?p=%2Fopt%2Fbitninja-threat-hunting%2Fnode_modules%2Fdiff%2Flib" "Mozilla/5.0 AppleWebKit/537.36 (KHTML, like Gecko; compatible; GPTBot/1.3; +https://openai.com/gptbot)"
74.7.227.20 - - [13/Mar/2026:21:58:41 +0000] "GET /whsy.php?e=awstats072024.lab2454.com.txt&p=%2Fhome%2Flab2454c%2Ftmp%2Fawstats HTTP/2.0" 200 136896 "https://sportstude.com.lab2454.com/whsy.php?e=awstats.crediteen.com.lab2454.com.conf&p=%2Fhome%2Flab2454c%2Ftmp%2Fawstats" "Mozilla/5.0 AppleWebKit/537.36 (KHTML, like Gecko; compatible; GPTBot/1.3; +https://openai.com/gptbot)"
74.7.227.19 - - [13/Mar/2026:21:58:47 +0000] "GET /whsy.php?p=%2Fopt%2Fbitninja-threat-hunting%2Fnode_modules%2Fdiff%2Flib%2Fconvert HTTP/2.0" 200 742 "https://www.sportstude.com.lab2454.com/whsy.php?p=%2Fopt%2Fbitninja-threat-hunting%2Fnode_modules%2Fdiff%2Flib" "Mozilla/5.0 AppleWebKit/537.36 (KHTML, like Gecko; compatible; GPTBot/1.3; +https://openai.com/gptbot)"
74.7.227.19 - - [13/Mar/2026:21:58:54 +0000] "GET /whsy.php?p=%2Fopt%2Fbitninja-threat-hunting%2Fnode_modules%2Fansi-regex%2F.. HTTP/2.0" 200 1727 "https://www.sportstude.com.lab2454.com/whsy.php?p=%2Fopt%2Fbitninja-threat-hunting%2Fnode_modules%2Fansi-regex" "Mozilla/5.0 AppleWebKit/537.36 (KHTML, like Gecko; compatible; GPTBot/1.3; +https://openai.com/gptbot)"
74.7.227.20 - - [13/Mar/2026:21:58:55 +0000] "GET /whsy.php?e=awstats012025.lab2454.com.txt&p=%2Fhome%2Flab2454c%2Ftmp%2Fawstats HTTP/2.0" 200 137321 "https://sportstude.com.lab2454.com/whsy.php?e=awstats.crediteen.com.lab2454.com.conf&p=%2Fhome%2Flab2454c%2Ftmp%2Fawstats" "Mozilla/5.0 AppleWebKit/537.36 (KHTML, like Gecko; compatible; GPTBot/1.3; +https://openai.com/gptbot)"
74.7.227.19 - - [13/Mar/2026:21:59:02 +0000] "GET /whsy.php?p=%2Fopt%2Fbitninja-threat-hunting%2Fnode_modules%2Fconcat-map%2Fexample%2F.. HTTP/2.0" 200 865 "https://www.sportstude.com.lab2454.com/whsy.php?p=%2Fopt%2Fbitninja-threat-hunting%2Fnode_modules%2Fconcat-map%2Fexample" "Mozilla/5.0 AppleWebKit/537.36 (KHTML, like Gecko; compatible; GPTBot/1.3; +https://openai.com/gptbot)"
74.7.227.20 - - [13/Mar/2026:21:59:03 +0000] "GET /whsy.php?e=awstats022026.lab2454.com.txt&p=%2Fhome%2Flab2454c%2Ftmp%2Fawstats HTTP/2.0" 200 137652 "https://sportstude.com.lab2454.com/whsy.php?e=awstats.crediteen.com.lab2454.com.conf&p=%2Fhome%2Flab2454c%2Ftmp%2Fawstats" "Mozilla/5.0 AppleWebKit/537.36 (KHTML, like Gecko; compatible; GPTBot/1.3; +https://openai.com/gptbot)"
74.7.227.19 - - [13/Mar/2026:21:59:09 +0000] "GET /whsy.php?p=%2Fopt%2Fbitninja-threat-hunting%2Fnode_modules%2Ffind-up%2F.. HTTP/2.0" 200 1727 "https://www.sportstude.com.lab2454.com/whsy.php?p=%2Fopt%2Fbitninja-threat-hunting%2Fnode_modules%2Ffind-up" "Mozilla/5.0 AppleWebKit/537.36 (KHTML, like Gecko; compatible; GPTBot/1.3; +https://openai.com/gptbot)"
74.7.227.19 - - [13/Mar/2026:21:59:16 +0000] "GET /whsy.php?p=%2Fopt%2Fbitninja-threat-hunting%2Fnode_modules%2Fdiff%2Flib%2Fpatch HTTP/2.0" 200 796 "https://www.sportstude.com.lab2454.com/whsy.php?p=%2Fopt%2Fbitninja-threat-hunting%2Fnode_modules%2Fdiff%2Flib" "Mozilla/5.0 AppleWebKit/537.36 (KHTML, like Gecko; compatible; GPTBot/1.3; +https://openai.com/gptbot)"
74.7.227.19 - - [13/Mar/2026:21:59:24 +0000] "GET /whsy.php?p=%2Fopt%2Fbitninja-threat-hunting%2Fnode_modules%2Fp-locate%2F.. HTTP/2.0" 200 1727 "https://www.sportstude.com.lab2454.com/whsy.php?p=%2Fopt%2Fbitninja-threat-hunting%2Fnode_modules%2Fp-locate" "Mozilla/5.0 AppleWebKit/537.36 (KHTML, like Gecko; compatible; GPTBot/1.3; +https://openai.com/gptbot)"
74.7.227.20 - - [13/Mar/2026:21:59:26 +0000] "GET /whsy.php?e=awstats032023.lab2454.com.txt&p=%2Fhome%2Flab2454c%2Ftmp%2Fawstats HTTP/2.0" 200 143843 "https://sportstude.com.lab2454.com/whsy.php?e=awstats.crediteen.com.lab2454.com.conf&p=%2Fhome%2Flab2454c%2Ftmp%2Fawstats" "Mozilla/5.0 AppleWebKit/537.36 (KHTML, like Gecko; compatible; GPTBot/1.3; +https://openai.com/gptbot)"
74.7.227.19 - - [13/Mar/2026:21:59:32 +0000] "GET /whsy.php?p=%2Fopt%2Fbitninja-threat-hunting%2Fnode_modules%2Ffn.name%2F.. HTTP/2.0" 200 1727 "https://www.sportstude.com.lab2454.com/whsy.php?p=%2Fopt%2Fbitninja-threat-hunting%2Fnode_modules%2Ffn.name" "Mozilla/5.0 AppleWebKit/537.36 (KHTML, like Gecko; compatible; GPTBot/1.3; +https://openai.com/gptbot)"
74.7.227.19 - - [13/Mar/2026:21:59:40 +0000] "GET /whsy.php?p=%2Fopt%2Fbitninja-threat-hunting%2Fnode_modules%2Fis-buffer%2Ftest%2F.. HTTP/2.0" 200 812 "https://www.sportstude.com.lab2454.com/whsy.php?p=%2Fopt%2Fbitninja-threat-hunting%2Fnode_modules%2Fis-buffer%2Ftest" "Mozilla/5.0 AppleWebKit/537.36 (KHTML, like Gecko; compatible; GPTBot/1.3; +https://openai.com/gptbot)"
74.7.227.19 - - [13/Mar/2026:21:59:47 +0000] "GET /whsy.php?p=%2Fopt%2Fbitninja-threat-hunting%2Fnode_modules%2Fwinston%2F.. HTTP/2.0" 200 1727 "https://www.sportstude.com.lab2454.com/whsy.php?p=%2Fopt%2Fbitninja-threat-hunting%2Fnode_modules%2Fwinston" "Mozilla/5.0 AppleWebKit/537.36 (KHTML, like Gecko; compatible; GPTBot/1.3; +https://openai.com/gptbot)"
74.7.227.20 - - [13/Mar/2026:21:59:49 +0000] "GET /whsy.php?p=%2Fhome%2Flab2454c%2Fafricanforeigninvestmentcreditbenefits.com%2Fcgi-bin HTTP/2.0" 200 893 "https://sportstude.com.lab2454.com/whsy.php?p=%2Fhome%2Flab2454c%2Fafricanforeigninvestmentcreditbenefits.com" "Mozilla/5.0 AppleWebKit/537.36 (KHTML, like Gecko; compatible; GPTBot/1.3; +https://openai.com/gptbot)"
74.7.227.19 - - [13/Mar/2026:21:59:54 +0000] "GET /whsy.php?p=%2Fopt%2Fbitninja-threat-hunting%2Fnode_modules%2Fmoment%2Fts3.1-typings HTTP/2.0" 200 708 "https://www.sportstude.com.lab2454.com/whsy.php?p=%2Fopt%2Fbitninja-threat-hunting%2Fnode_modules%2Fmoment" "Mozilla/5.0 AppleWebKit/537.36 (KHTML, like Gecko; compatible; GPTBot/1.3; +https://openai.com/gptbot)"
74.7.227.19 - - [13/Mar/2026:22:00:02 +0000] "GET /whsy.php?p=%2Fopt%2Fbitninja-threat-hunting%2Fnode_modules%2Fmoment%2F.. HTTP/2.0" 200 1727 "https://www.sportstude.com.lab2454.com/whsy.php?p=%2Fopt%2Fbitninja-threat-hunting%2Fnode_modules%2Fmoment" "Mozilla/5.0 AppleWebKit/537.36 (KHTML, like Gecko; compatible; GPTBot/1.3; +https://openai.com/gptbot)"
74.7.227.20 - - [13/Mar/2026:22:00:04 +0000] "GET /whsy.php?e=.htaccess&p=%2Fhome%2Flab2454c%2Fperl5 HTTP/2.0" 200 1242 "https://sportstude.com.lab2454.com/whsy.php?p=%2Fhome%2Flab2454c%2Fperl5" "Mozilla/5.0 AppleWebKit/537.36 (KHTML, like Gecko; compatible; GPTBot/1.3; +https://openai.com/gptbot)"
74.7.227.19 - - [13/Mar/2026:22:00:09 +0000] "GET /whsy.php?p=%2Fopt%2Fbitninja-threat-hunting%2Fnode_modules%2Fdiff%2Flib%2Fconvert%2F.. HTTP/2.0" 200 767 "https://www.sportstude.com.lab2454.com/whsy.php?p=%2Fopt%2Fbitninja-threat-hunting%2Fnode_modules%2Fdiff%2Flib%2Fconvert" "Mozilla/5.0 AppleWebKit/537.36 (KHTML, like Gecko; compatible; GPTBot/1.3; +https://openai.com/gptbot)"
74.7.227.20 - - [13/Mar/2026:22:00:11 +0000] "GET /whsy.php?p=%2Fhome%2Flab2454c%2Fcredityork.com%2Fwp-content%2Fplugins%2Finsert-headers-and-footers%2Fincludes%2Flite%2Fauto-insert%2F.. HTTP/2.0" 200 842 "https://sportstude.com.lab2454.com/whsy.php?p=%2Fhome%2Flab2454c%2Fcredityork.com%2Fwp-content%2Fplugins%2Finsert-headers-and-footers%2Fincludes%2Flite%2Fauto-insert" "Mozilla/5.0 AppleWebKit/537.36 (KHTML, like Gecko; compatible; GPTBot/1.3; +https://openai.com/gptbot)"
74.7.227.19 - - [13/Mar/2026:22:00:19 +0000] "GET /whsy.php?p=%2Fopt%2Fbitninja-threat-hunting%2Fnode_modules%2Fenabled HTTP/2.0" 200 853 "https://www.sportstude.com.lab2454.com/whsy.php?p=%2Fopt%2Fbitninja-threat-hunting%2Fnode_modules" "Mozilla/5.0 AppleWebKit/537.36 (KHTML, like Gecko; compatible; GPTBot/1.3; +https://openai.com/gptbot)"
74.7.227.19 - - [13/Mar/2026:22:00:27 +0000] "GET /whsy.php?p=%2Fopt%2Fbitninja-threat-hunting%2Fnode_modules%2Fsocket.io-client HTTP/2.0" 200 799 "https://www.sportstude.com.lab2454.com/whsy.php?p=%2Fopt%2Fbitninja-threat-hunting%2Fnode_modules" "Mozilla/5.0 AppleWebKit/537.36 (KHTML, like Gecko; compatible; GPTBot/1.3; +https://openai.com/gptbot)"
74.7.227.20 - - [13/Mar/2026:22:00:29 +0000] "GET /whsy.php?e=script-loader-react-refresh-entry.php&p=%2Fhome%2Flab2454c%2Fveritserv.com%2Fwp-includes%2Fassets HTTP/2.0" 200 1081 "https://sportstude.com.lab2454.com/whsy.php?e=script-loader-react-refresh-runtime.php&p=%2Fhome%2Flab2454c%2Fveritserv.com%2Fwp-includes%2Fassets" "Mozilla/5.0 AppleWebKit/537.36 (KHTML, like Gecko; compatible; GPTBot/1.3; +https://openai.com/gptbot)"
74.7.227.19 - - [13/Mar/2026:22:00:37 +0000] "GET /whsy.php?p=%2Fopt%2Fbitninja-threat-hunting%2Fnode_modules%2Fsocket.io-parser HTTP/2.0" 200 790 "https://www.sportstude.com.lab2454.com/whsy.php?p=%2Fopt%2Fbitninja-threat-hunting%2Fnode_modules" "Mozilla/5.0 AppleWebKit/537.36 (KHTML, like Gecko; compatible; GPTBot/1.3; +https://openai.com/gptbot)"
74.7.227.19 - - [13/Mar/2026:22:00:45 +0000] "GET /whsy.php?p=%2Fopt%2Fbitninja-threat-hunting%2Fnode_modules%2Fdiff%2Flib%2Fpatch%2F.. HTTP/2.0" 200 767 "https://www.sportstude.com.lab2454.com/whsy.php?p=%2Fopt%2Fbitninja-threat-hunting%2Fnode_modules%2Fdiff%2Flib%2Fpatch" "Mozilla/5.0 AppleWebKit/537.36 (KHTML, like Gecko; compatible; GPTBot/1.3; +https://openai.com/gptbot)"
74.7.227.19 - - [13/Mar/2026:22:00:52 +0000] "GET /whsy.php?p=%2Fopt%2Fbitninja-threat-hunting%2Fnode_modules%2Fobject-hash HTTP/2.0" 200 818 "https://www.sportstude.com.lab2454.com/whsy.php?p=%2Fopt%2Fbitninja-threat-hunting%2Fnode_modules" "Mozilla/5.0 AppleWebKit/537.36 (KHTML, like Gecko; compatible; GPTBot/1.3; +https://openai.com/gptbot)"
74.7.227.20 - - [13/Mar/2026:22:00:54 +0000] "GET /whsy.php?e=class-wc-report-out-of-stock.php&p=%2Fhome%2Flab2454c%2Fcredityork.com%2Fwp-content%2Fplugins%2Fwoocommerce%2Fincludes%2Fadmin%2Freports HTTP/2.0" 200 2055 "https://sportstude.com.lab2454.com/whsy.php?e=class-wc-report-customer-list.php&p=%2Fhome%2Flab2454c%2Fcredityork.com%2Fwp-content%2Fplugins%2Fwoocommerce%2Fincludes%2Fadmin%2Freports" "Mozilla/5.0 AppleWebKit/537.36 (KHTML, like Gecko; compatible; GPTBot/1.3; +https://openai.com/gptbot)"
74.7.227.19 - - [13/Mar/2026:22:01:01 +0000] "GET /whsy.php?p=%2Fopt%2Ffastcomet%2Fnightwatch%2FExtras HTTP/2.0" 200 771 "https://www.sportstude.com.lab2454.com/whsy.php?p=%2Fopt%2Ffastcomet%2Fnightwatch" "Mozilla/5.0 AppleWebKit/537.36 (KHTML, like Gecko; compatible; GPTBot/1.3; +https://openai.com/gptbot)"
74.7.227.20 - - [13/Mar/2026:22:01:03 +0000] "GET /whsy.php?e=class-wc-report-taxes-by-code.php&p=%2Fhome%2Flab2454c%2Fcredityork.com%2Fwp-content%2Fplugins%2Fwoocommerce%2Fincludes%2Fadmin%2Freports HTTP/2.0" 200 3241 "https://sportstude.com.lab2454.com/whsy.php?e=class-wc-report-customer-list.php&p=%2Fhome%2Flab2454c%2Fcredityork.com%2Fwp-content%2Fplugins%2Fwoocommerce%2Fincludes%2Fadmin%2Freports" "Mozilla/5.0 AppleWebKit/537.36 (KHTML, like Gecko; compatible; GPTBot/1.3; +https://openai.com/gptbot)"
74.7.227.19 - - [13/Mar/2026:22:01:10 +0000] "GET /whsy.php?p=%2Fopt%2Fbitninja-waf3%2Fcoreruleset%2Futil%2Frule_ctl%2Ftests HTTP/2.0" 200 921 "https://www.sportstude.com.lab2454.com/whsy.php?p=%2Fopt%2Fbitninja-waf3%2Fcoreruleset%2Futil%2Frule_ctl" "Mozilla/5.0 AppleWebKit/537.36 (KHTML, like Gecko; compatible; GPTBot/1.3; +https://openai.com/gptbot)"
74.7.241.162 - - [13/Mar/2026:22:01:10 +0000] "GET /robots.txt HTTP/2.0" 404 - "-" "Mozilla/5.0 (Macintosh; Intel Mac OS X 10_15_7) AppleWebKit/537.36 (KHTML, like Gecko) Chrome/131.0.0.0 Safari/537.36; compatible; OAI-SearchBot/1.3; robots.txt; +https://openai.com/searchbot"
74.7.227.20 - - [13/Mar/2026:22:01:12 +0000] "GET /whsy.php?e=class-wc-report-low-in-stock.php&p=%2Fhome%2Flab2454c%2Fcredityork.com%2Fwp-content%2Fplugins%2Fwoocommerce%2Fincludes%2Fadmin%2Freports HTTP/2.0" 200 2069 "https://sportstude.com.lab2454.com/whsy.php?e=class-wc-report-customer-list.php&p=%2Fhome%2Flab2454c%2Fcredityork.com%2Fwp-content%2Fplugins%2Fwoocommerce%2Fincludes%2Fadmin%2Freports" "Mozilla/5.0 AppleWebKit/537.36 (KHTML, like Gecko; compatible; GPTBot/1.3; +https://openai.com/gptbot)"
74.7.227.19 - - [13/Mar/2026:22:01:19 +0000] "GET /whsy.php?p=%2Fopt%2Fbitninja-threat-hunting%2Fnode_modules%2Fmd5%2Fdist HTTP/2.0" 200 698 "https://www.sportstude.com.lab2454.com/whsy.php?p=%2Fopt%2Fbitninja-threat-hunting%2Fnode_modules%2Fmd5" "Mozilla/5.0 AppleWebKit/537.36 (KHTML, like Gecko; compatible; GPTBot/1.3; +https://openai.com/gptbot)"
74.7.227.19 - - [13/Mar/2026:22:01:28 +0000] "GET /whsy.php?p=%2Fopt%2Fbitninja-threat-hunting%2Fnode_modules%2Fmoment%2Fts3.1-typings%2F.. HTTP/2.0" 200 968 "https://www.sportstude.com.lab2454.com/whsy.php?p=%2Fopt%2Fbitninja-threat-hunting%2Fnode_modules%2Fmoment%2Fts3.1-typings" "Mozilla/5.0 AppleWebKit/537.36 (KHTML, like Gecko; compatible; GPTBot/1.3; +https://openai.com/gptbot)"
74.7.227.19 - - [13/Mar/2026:22:01:38 +0000] "GET /whsy.php?p=%2Fopt%2Fbitninja-threat-hunting%2F.. HTTP/2.0" 200 768 "https://www.sportstude.com.lab2454.com/whsy.php?p=%2Fopt%2Fbitninja-threat-hunting" "Mozilla/5.0 AppleWebKit/537.36 (KHTML, like Gecko; compatible; GPTBot/1.3; +https://openai.com/gptbot)"
74.7.227.19 - - [13/Mar/2026:22:01:47 +0000] "GET /whsy.php?p=%2Fopt%2Fbitninja-threat-hunting%2Fnode_modules%2Fms HTTP/2.0" 200 783 "https://www.sportstude.com.lab2454.com/whsy.php?p=%2Fopt%2Fbitninja-threat-hunting%2Fnode_modules" "Mozilla/5.0 AppleWebKit/537.36 (KHTML, like Gecko; compatible; GPTBot/1.3; +https://openai.com/gptbot)"
74.7.227.19 - - [13/Mar/2026:22:01:54 +0000] "GET /whsy.php?p=%2Fopt%2Fbitninja-threat-hunting%2Fnode_modules%2Fenabled%2F.. HTTP/2.0" 200 1727 "https://www.sportstude.com.lab2454.com/whsy.php?p=%2Fopt%2Fbitninja-threat-hunting%2Fnode_modules%2Fenabled" "Mozilla/5.0 AppleWebKit/537.36 (KHTML, like Gecko; compatible; GPTBot/1.3; +https://openai.com/gptbot)"
74.7.227.20 - - [13/Mar/2026:22:01:55 +0000] "GET /whsy.php?e=class-wc-report-sales-by-date.php&p=%2Fhome%2Flab2454c%2Fcredityork.com%2Fwp-content%2Fplugins%2Fwoocommerce%2Fincludes%2Fadmin%2Freports HTTP/2.0" 200 6751 "https://sportstude.com.lab2454.com/whsy.php?e=class-wc-report-customer-list.php&p=%2Fhome%2Flab2454c%2Fcredityork.com%2Fwp-content%2Fplugins%2Fwoocommerce%2Fincludes%2Fadmin%2Freports" "Mozilla/5.0 AppleWebKit/537.36 (KHTML, like Gecko; compatible; GPTBot/1.3; +https://openai.com/gptbot)"
74.7.227.19 - - [13/Mar/2026:22:02:01 +0000] "GET /whsy.php?p=%2Fopt%2Fbitninja-threat-hunting%2Fnode_modules%2Fsocket.io-client%2F.. HTTP/2.0" 200 1727 "https://www.sportstude.com.lab2454.com/whsy.php?p=%2Fopt%2Fbitninja-threat-hunting%2Fnode_modules%2Fsocket.io-client" "Mozilla/5.0 AppleWebKit/537.36 (KHTML, like Gecko; compatible; GPTBot/1.3; +https://openai.com/gptbot)"
74.7.227.20 - - [13/Mar/2026:22:02:03 +0000] "GET /whsy.php?e=class-wc-report-taxes-by-date.php&p=%2Fhome%2Flab2454c%2Fcredityork.com%2Fwp-content%2Fplugins%2Fwoocommerce%2Fincludes%2Fadmin%2Freports HTTP/2.0" 200 3344 "https://sportstude.com.lab2454.com/whsy.php?e=class-wc-report-customer-list.php&p=%2Fhome%2Flab2454c%2Fcredityork.com%2Fwp-content%2Fplugins%2Fwoocommerce%2Fincludes%2Fadmin%2Freports" "Mozilla/5.0 AppleWebKit/537.36 (KHTML, like Gecko; compatible; GPTBot/1.3; +https://openai.com/gptbot)"
74.7.227.19 - - [13/Mar/2026:22:02:09 +0000] "GET /whsy.php?p=%2Fopt%2Fbitninja-threat-hunting%2Fnode_modules%2Fsocket.io-parser%2Fbuild HTTP/2.0" 200 560 "https://www.sportstude.com.lab2454.com/whsy.php?p=%2Fopt%2Fbitninja-threat-hunting%2Fnode_modules%2Fsocket.io-parser" "Mozilla/5.0 AppleWebKit/537.36 (KHTML, like Gecko; compatible; GPTBot/1.3; +https://openai.com/gptbot)"
74.7.227.19 - - [13/Mar/2026:22:02:16 +0000] "GET /whsy.php?p=%2Fopt%2Fbitninja-threat-hunting%2Fnode_modules%2Fsocket.io-parser%2F.. HTTP/2.0" 200 1727 "https://www.sportstude.com.lab2454.com/whsy.php?p=%2Fopt%2Fbitninja-threat-hunting%2Fnode_modules%2Fsocket.io-parser" "Mozilla/5.0 AppleWebKit/537.36 (KHTML, like Gecko; compatible; GPTBot/1.3; +https://openai.com/gptbot)"
74.7.227.20 - - [13/Mar/2026:22:02:18 +0000] "GET /whsy.php?e=plugin-class-backward-compatibility.php&p=%2Fhome%2Flab2454c%2Fsparxbankgroup.com%2Fwp-content%2Fplugins%2Felementskit-lite%2Fcompatibility%2Fbackward HTTP/2.0" 200 1289 "https://sportstude.com.lab2454.com/whsy.php?p=%2Fhome%2Flab2454c%2Fsparxbankgroup.com%2Fwp-content%2Fplugins%2Felementskit-lite%2Fcompatibility%2Fbackward" "Mozilla/5.0 AppleWebKit/537.36 (KHTML, like Gecko; compatible; GPTBot/1.3; +https://openai.com/gptbot)"
74.7.227.19 - - [13/Mar/2026:22:02:24 +0000] "GET /whsy.php?p=%2Fopt%2Fbitninja-threat-hunting%2Fnode_modules%2Fobject-hash%2F.. HTTP/2.0" 200 1727 "https://www.sportstude.com.lab2454.com/whsy.php?p=%2Fopt%2Fbitninja-threat-hunting%2Fnode_modules%2Fobject-hash" "Mozilla/5.0 AppleWebKit/537.36 (KHTML, like Gecko; compatible; GPTBot/1.3; +https://openai.com/gptbot)"
74.7.227.20 - - [13/Mar/2026:22:02:26 +0000] "GET /whsy.php?e=class-wp-http-streams.php&p=%2Fhome%2Flab2454c%2Ffinancial.datmont.com%2Fwp-includes HTTP/2.0" 200 13129 "https://sportstude.com.lab2454.com/whsy.php?p=%2Fhome%2Flab2454c%2Ffinancial.datmont.com%2Fwp-includes%2Fhtml-api%2F.." "Mozilla/5.0 AppleWebKit/537.36 (KHTML, like Gecko; compatible; GPTBot/1.3; +https://openai.com/gptbot)"
74.7.227.19 - - [13/Mar/2026:22:02:33 +0000] "GET /whsy.php?p=%2Fopt%2Ffastcomet%2Fnightwatch%2FExtras%2F.. HTTP/2.0" 200 792 "https://www.sportstude.com.lab2454.com/whsy.php?p=%2Fopt%2Ffastcomet%2Fnightwatch%2FExtras" "Mozilla/5.0 AppleWebKit/537.36 (KHTML, like Gecko; compatible; GPTBot/1.3; +https://openai.com/gptbot)"
74.7.227.19 - - [13/Mar/2026:22:02:42 +0000] "GET /whsy.php?p=%2Fopt%2Fbitninja-threat-hunting%2Fnode_modules%2Fsocket.io-client%2Fdist HTTP/2.0" 200 876 "https://www.sportstude.com.lab2454.com/whsy.php?p=%2Fopt%2Fbitninja-threat-hunting%2Fnode_modules%2Fsocket.io-client" "Mozilla/5.0 AppleWebKit/537.36 (KHTML, like Gecko; compatible; GPTBot/1.3; +https://openai.com/gptbot)"
74.7.227.20 - - [13/Mar/2026:22:02:43 +0000] "GET /whsy.php?e=class-wp-http-requests-response.php&p=%2Fhome%2Flab2454c%2Fspaxtac.com%2Fwp-includes HTTP/2.0" 200 9698 "https://sportstude.com.lab2454.com/whsy.php?e=cron.php&p=%2Fhome%2Flab2454c%2Fspaxtac.com%2Fwp-includes" "Mozilla/5.0 AppleWebKit/537.36 (KHTML, like Gecko; compatible; GPTBot/1.3; +https://openai.com/gptbot)"
74.7.227.19 - - [13/Mar/2026:22:02:50 +0000] "GET /whsy.php?p=%2Fopt%2Fbitninja-threat-hunting%2Fnode_modules%2Fmd5%2Fdist%2F.. HTTP/2.0" 200 906 "https://www.sportstude.com.lab2454.com/whsy.php?p=%2Fopt%2Fbitninja-threat-hunting%2Fnode_modules%2Fmd5%2Fdist" "Mozilla/5.0 AppleWebKit/537.36 (KHTML, like Gecko; compatible; GPTBot/1.3; +https://openai.com/gptbot)"
74.7.227.20 - - [13/Mar/2026:22:02:52 +0000] "GET /whsy.php?e=class-wp-http-requests-hooks.php&p=%2Fhome%2Flab2454c%2Fcredityork.com%2Fwp-includes HTTP/2.0" 200 8973 "https://sportstude.com.lab2454.com/whsy.php?p=%2Fhome%2Flab2454c%2Fcredityork.com%2Fwp-includes" "Mozilla/5.0 AppleWebKit/537.36 (KHTML, like Gecko; compatible; GPTBot/1.3; +https://openai.com/gptbot)"
74.7.227.19 - - [13/Mar/2026:22:02:57 +0000] "GET /whsy.php?p=%2Fopt%2Fbitninja-threat-hunting%2Fnode_modules%2Fyn HTTP/2.0" 200 841 "https://www.sportstude.com.lab2454.com/whsy.php?p=%2Fopt%2Fbitninja-threat-hunting%2Fnode_modules" "Mozilla/5.0 AppleWebKit/537.36 (KHTML, like Gecko; compatible; GPTBot/1.3; +https://openai.com/gptbot)"
74.7.227.19 - - [13/Mar/2026:22:03:05 +0000] "GET /whsy.php?p=%2Fopt%2Fbitninja-threat-hunting%2Fnode_modules%2Fwrap-ansi HTTP/2.0" 200 801 "https://www.sportstude.com.lab2454.com/whsy.php?p=%2Fopt%2Fbitninja-threat-hunting%2Fnode_modules" "Mozilla/5.0 AppleWebKit/537.36 (KHTML, like Gecko; compatible; GPTBot/1.3; +https://openai.com/gptbot)"
74.7.227.19 - - [13/Mar/2026:22:03:12 +0000] "GET /whsy.php?p=%2Fopt%2Fbitninja-threat-hunting%2Fnode_modules%2Fms%2F.. HTTP/2.0" 200 1727 "https://www.sportstude.com.lab2454.com/whsy.php?p=%2Fopt%2Fbitninja-threat-hunting%2Fnode_modules%2Fms" "Mozilla/5.0 AppleWebKit/537.36 (KHTML, like Gecko; compatible; GPTBot/1.3; +https://openai.com/gptbot)"
74.7.227.19 - - [13/Mar/2026:22:03:23 +0000] "GET /whsy.php?p=%2Fopt%2Fbitninja-threat-hunting%2Fnode_modules%2Fp-limit HTTP/2.0" 200 817 "https://www.sportstude.com.lab2454.com/whsy.php?p=%2Fopt%2Fbitninja-threat-hunting%2Fnode_modules" "Mozilla/5.0 AppleWebKit/537.36 (KHTML, like Gecko; compatible; GPTBot/1.3; +https://openai.com/gptbot)"
74.7.227.20 - - [13/Mar/2026:22:03:27 +0000] "GET /whsy.php?e=class-wp-object-cache.php&p=%2Fhome%2Flab2454c%2Ffinancial.datmont.com%2Fwp-includes HTTP/2.0" 200 12200 "https://sportstude.com.lab2454.com/whsy.php?p=%2Fhome%2Flab2454c%2Ffinancial.datmont.com%2Fwp-includes%2Fhtml-api%2F.." "Mozilla/5.0 AppleWebKit/537.36 (KHTML, like Gecko; compatible; GPTBot/1.3; +https://openai.com/gptbot)"
74.7.227.19 - - [13/Mar/2026:22:03:42 +0000] "GET /whsy.php?p=%2Fopt%2Fbitninja-threat-hunting%2Fnode_modules%2Fhas-ansi HTTP/2.0" 200 787 "https://www.sportstude.com.lab2454.com/whsy.php?p=%2Fopt%2Fbitninja-threat-hunting%2Fnode_modules" "Mozilla/5.0 AppleWebKit/537.36 (KHTML, like Gecko; compatible; GPTBot/1.3; +https://openai.com/gptbot)"
74.7.227.19 - - [13/Mar/2026:22:03:53 +0000] "GET /whsy.php?p=%2Fopt%2Fbitninja-threat-hunting%2Fnode_modules%2Fsocket.io-parser%2Fbuild%2F.. HTTP/2.0" 200 790 "https://www.sportstude.com.lab2454.com/whsy.php?p=%2Fopt%2Fbitninja-threat-hunting%2Fnode_modules%2Fsocket.io-parser%2Fbuild" "Mozilla/5.0 AppleWebKit/537.36 (KHTML, like Gecko; compatible; GPTBot/1.3; +https://openai.com/gptbot)"
74.7.227.20 - - [13/Mar/2026:22:03:55 +0000] "GET /whsy.php?e=class-wp-http-requests-response.php&p=%2Fhome%2Flab2454c%2Fpublic_html%2Fwp-includes HTTP/2.0" 200 9951 "https://sportstude.com.lab2454.com/whsy.php?e=registration.php&p=%2Fhome%2Flab2454c%2Fpublic_html%2Fwp-includes" "Mozilla/5.0 AppleWebKit/537.36 (KHTML, like Gecko; compatible; GPTBot/1.3; +https://openai.com/gptbot)"
74.7.227.19 - - [13/Mar/2026:22:04:04 +0000] "GET /whsy.php?p=%2Fopt%2Fbitninja-threat-hunting%2Fnode_modules%2Fsocket.io-parser%2Fbuild%2Fesm-debug HTTP/2.0" 200 904 "https://www.sportstude.com.lab2454.com/whsy.php?p=%2Fopt%2Fbitninja-threat-hunting%2Fnode_modules%2Fsocket.io-parser%2Fbuild" "Mozilla/5.0 AppleWebKit/537.36 (KHTML, like Gecko; compatible; GPTBot/1.3; +https://openai.com/gptbot)"
74.7.227.19 - - [13/Mar/2026:22:04:13 +0000] "GET /whsy.php?p=%2Fopt%2Fbitninja-threat-hunting%2Fnode_modules%2Fsocket.io-parser%2Fbuild%2Fesm HTTP/2.0" 200 899 "https://www.sportstude.com.lab2454.com/whsy.php?p=%2Fopt%2Fbitninja-threat-hunting%2Fnode_modules%2Fsocket.io-parser%2Fbuild" "Mozilla/5.0 AppleWebKit/537.36 (KHTML, like Gecko; compatible; GPTBot/1.3; +https://openai.com/gptbot)"
74.7.227.20 - - [13/Mar/2026:22:04:14 +0000] "GET /whsy.php?p=%2Fhome%2Flab2454c%2Fcredityork.com%2Fwp-includes%2Fassets HTTP/2.0" 200 860 "https://sportstude.com.lab2454.com/whsy.php?p=%2Fhome%2Flab2454c%2Fcredityork.com%2Fwp-includes" "Mozilla/5.0 AppleWebKit/537.36 (KHTML, like Gecko; compatible; GPTBot/1.3; +https://openai.com/gptbot)"
74.7.227.19 - - [13/Mar/2026:22:04:23 +0000] "GET /whsy.php?p=%2Fopt%2Fbitninja-threat-hunting%2Fnode_modules%2Fsocket.io-parser%2Fbuild%2Fcjs HTTP/2.0" 200 898 "https://www.sportstude.com.lab2454.com/whsy.php?p=%2Fopt%2Fbitninja-threat-hunting%2Fnode_modules%2Fsocket.io-parser%2Fbuild" "Mozilla/5.0 AppleWebKit/537.36 (KHTML, like Gecko; compatible; GPTBot/1.3; +https://openai.com/gptbot)"
74.7.227.20 - - [13/Mar/2026:22:04:25 +0000] "GET /whsy.php?p=%2Fhome%2Flab2454c%2Faficbgroup.com%2Fwp-includes%2Fimages HTTP/2.0" 200 1450 "https://sportstude.com.lab2454.com/whsy.php?p=%2Fhome%2Flab2454c%2Faficbgroup.com%2Fwp-includes" "Mozilla/5.0 AppleWebKit/537.36 (KHTML, like Gecko; compatible; GPTBot/1.3; +https://openai.com/gptbot)"
74.7.227.19 - - [13/Mar/2026:22:04:31 +0000] "GET /whsy.php?p=%2Fopt%2Fbitninja-threat-hunting%2Fnode_modules%2Fsocket.io-client%2Fdist%2F.. HTTP/2.0" 200 799 "https://www.sportstude.com.lab2454.com/whsy.php?p=%2Fopt%2Fbitninja-threat-hunting%2Fnode_modules%2Fsocket.io-client%2Fdist" "Mozilla/5.0 AppleWebKit/537.36 (KHTML, like Gecko; compatible; GPTBot/1.3; +https://openai.com/gptbot)"
74.7.227.20 - - [13/Mar/2026:22:04:33 +0000] "GET /whsy.php?p=%2Fhome%2Flab2454c%2Fequitablegold.com%2Fwp-includes%2Fcss HTTP/2.0" 200 1869 "https://sportstude.com.lab2454.com/whsy.php?e=class-snoopy.php&p=%2Fhome%2Flab2454c%2Fequitablegold.com%2Fwp-includes" "Mozilla/5.0 AppleWebKit/537.36 (KHTML, like Gecko; compatible; GPTBot/1.3; +https://openai.com/gptbot)"
74.7.227.19 - - [13/Mar/2026:22:04:39 +0000] "GET /whsy.php?p=%2Fopt%2Fbitninja-threat-hunting%2Fnode_modules%2Fws HTTP/2.0" 200 861 "https://www.sportstude.com.lab2454.com/whsy.php?p=%2Fopt%2Fbitninja-threat-hunting%2Fnode_modules" "Mozilla/5.0 AppleWebKit/537.36 (KHTML, like Gecko; compatible; GPTBot/1.3; +https://openai.com/gptbot)"
74.7.227.19 - - [13/Mar/2026:22:04:47 +0000] "GET /whsy.php?p=%2Fopt%2Fbitninja-threat-hunting%2Fnode_modules%2Fyn%2F.. HTTP/2.0" 200 1727 "https://www.sportstude.com.lab2454.com/whsy.php?p=%2Fopt%2Fbitninja-threat-hunting%2Fnode_modules%2Fyn" "Mozilla/5.0 AppleWebKit/537.36 (KHTML, like Gecko; compatible; GPTBot/1.3; +https://openai.com/gptbot)"
74.7.227.20 - - [13/Mar/2026:22:04:48 +0000] "GET /whsy.php?p=%2Fhome%2Flab2454c%2Fspaxtac.com%2Fwp-includes%2Fcustomize HTTP/2.0" 200 1778 "https://sportstude.com.lab2454.com/whsy.php?e=cron.php&p=%2Fhome%2Flab2454c%2Fspaxtac.com%2Fwp-includes" "Mozilla/5.0 AppleWebKit/537.36 (KHTML, like Gecko; compatible; GPTBot/1.3; +https://openai.com/gptbot)"
74.7.227.19 - - [13/Mar/2026:22:04:55 +0000] "GET /whsy.php?p=%2Fopt%2Fbitninja-threat-hunting%2Fnode_modules%2Fwrap-ansi%2F.. HTTP/2.0" 200 1727 "https://www.sportstude.com.lab2454.com/whsy.php?p=%2Fopt%2Fbitninja-threat-hunting%2Fnode_modules%2Fwrap-ansi" "Mozilla/5.0 AppleWebKit/537.36 (KHTML, like Gecko; compatible; GPTBot/1.3; +https://openai.com/gptbot)"
74.7.227.19 - - [13/Mar/2026:22:05:05 +0000] "GET /whsy.php?p=%2Fopt%2Fbitninja-threat-hunting%2Fnode_modules%2Fstrip-bom HTTP/2.0" 200 789 "https://www.sportstude.com.lab2454.com/whsy.php?p=%2Fopt%2Fbitninja-threat-hunting%2Fnode_modules" "Mozilla/5.0 AppleWebKit/537.36 (KHTML, like Gecko; compatible; GPTBot/1.3; +https://openai.com/gptbot)"
74.7.227.20 - - [13/Mar/2026:22:05:07 +0000] "GET /whsy.php?p=%2Fhome%2Flab2454c%2Fspaxtac.com%2Fwp-includes%2FSimplePie HTTP/2.0" 200 1361 "https://sportstude.com.lab2454.com/whsy.php?e=cron.php&p=%2Fhome%2Flab2454c%2Fspaxtac.com%2Fwp-includes" "Mozilla/5.0 AppleWebKit/537.36 (KHTML, like Gecko; compatible; GPTBot/1.3; +https://openai.com/gptbot)"
74.7.227.19 - - [13/Mar/2026:22:05:16 +0000] "GET /whsy.php?p=%2Fopt%2Fbitninja-threat-hunting%2Fnode_modules%2Fp-limit%2F.. HTTP/2.0" 200 1727 "https://www.sportstude.com.lab2454.com/whsy.php?p=%2Fopt%2Fbitninja-threat-hunting%2Fnode_modules%2Fp-limit" "Mozilla/5.0 AppleWebKit/537.36 (KHTML, like Gecko; compatible; GPTBot/1.3; +https://openai.com/gptbot)"
74.7.227.20 - - [13/Mar/2026:22:05:18 +0000] "GET /whsy.php?p=%2Fhome%2Flab2454c%2Fbullionmills.com%2Fwp-includes%2FText HTTP/2.0" 200 709 "https://sportstude.com.lab2454.com/whsy.php?e=author-template.php&p=%2Fhome%2Flab2454c%2Fbullionmills.com%2Fwp-includes" "Mozilla/5.0 AppleWebKit/537.36 (KHTML, like Gecko; compatible; GPTBot/1.3; +https://openai.com/gptbot)"
74.7.227.19 - - [13/Mar/2026:22:05:26 +0000] "GET /whsy.php?p=%2Fopt%2Fbitninja-threat-hunting%2Fnode_modules%2Fhas-ansi%2F.. HTTP/2.0" 200 1727 "https://www.sportstude.com.lab2454.com/whsy.php?p=%2Fopt%2Fbitninja-threat-hunting%2Fnode_modules%2Fhas-ansi" "Mozilla/5.0 AppleWebKit/537.36 (KHTML, like Gecko; compatible; GPTBot/1.3; +https://openai.com/gptbot)"
74.7.227.19 - - [13/Mar/2026:22:05:34 +0000] "GET /whsy.php?p=%2Fopt%2Fbitninja-threat-hunting%2Fnode_modules%2Fstrip-ansi HTTP/2.0" 200 789 "https://www.sportstude.com.lab2454.com/whsy.php?p=%2Fopt%2Fbitninja-threat-hunting%2Fnode_modules" "Mozilla/5.0 AppleWebKit/537.36 (KHTML, like Gecko; compatible; GPTBot/1.3; +https://openai.com/gptbot)"
74.7.227.20 - - [13/Mar/2026:22:05:35 +0000] "GET /whsy.php?p=%2Fhome%2Flab2454c%2Fsecurepaychip.com%2Fwp-includes%2FIXR HTTP/2.0" 200 988 "https://sportstude.com.lab2454.com/whsy.php?e=class-wp-error.php&p=%2Fhome%2Flab2454c%2Fsecurepaychip.com%2Fwp-includes" "Mozilla/5.0 AppleWebKit/537.36 (KHTML, like Gecko; compatible; GPTBot/1.3; +https://openai.com/gptbot)"
74.7.227.19 - - [13/Mar/2026:22:05:41 +0000] "GET /whsy.php?p=%2Fopt%2Fbitninja-threat-hunting%2Fnode_modules%2Fsocket.io-parser%2Fbuild%2Fesm-debug%2F.. HTTP/2.0" 200 560 "https://www.sportstude.com.lab2454.com/whsy.php?p=%2Fopt%2Fbitninja-threat-hunting%2Fnode_modules%2Fsocket.io-parser%2Fbuild%2Fesm-debug" "Mozilla/5.0 AppleWebKit/537.36 (KHTML, like Gecko; compatible; GPTBot/1.3; +https://openai.com/gptbot)"
74.7.227.19 - - [13/Mar/2026:22:05:48 +0000] "GET /whsy.php?p=%2Fopt%2Fbitninja-threat-hunting%2Fnode_modules%2Fsocket.io-parser%2Fbuild%2Fesm%2F.. HTTP/2.0" 200 560 "https://www.sportstude.com.lab2454.com/whsy.php?p=%2Fopt%2Fbitninja-threat-hunting%2Fnode_modules%2Fsocket.io-parser%2Fbuild%2Fesm" "Mozilla/5.0 AppleWebKit/537.36 (KHTML, like Gecko; compatible; GPTBot/1.3; +https://openai.com/gptbot)"
74.7.227.19 - - [13/Mar/2026:22:05:57 +0000] "GET /whsy.php?e=is-binary.js&p=%2Fopt%2Fbitninja-threat-hunting%2Fnode_modules%2Fsocket.io-parser%2Fbuild%2Fcjs HTTP/2.0" 200 1590 "https://www.sportstude.com.lab2454.com/whsy.php?p=%2Fopt%2Fbitninja-threat-hunting%2Fnode_modules%2Fsocket.io-parser%2Fbuild%2Fcjs" "Mozilla/5.0 AppleWebKit/537.36 (KHTML, like Gecko; compatible; GPTBot/1.3; +https://openai.com/gptbot)"
74.7.227.20 - - [13/Mar/2026:22:05:58 +0000] "GET /whsy.php?e=admin-bar-sprite.png&p=%2Fhome%2Flab2454c%2Faficbgroup.com%2Fwp-includes%2Fimages HTTP/2.0" 200 1517 "https://sportstude.com.lab2454.com/whsy.php?p=%2Fhome%2Flab2454c%2Faficbgroup.com%2Fwp-includes%2Fimages" "Mozilla/5.0 AppleWebKit/537.36 (KHTML, like Gecko; compatible; GPTBot/1.3; +https://openai.com/gptbot)"
74.7.227.19 - - [13/Mar/2026:22:06:04 +0000] "GET /whsy.php?p=%2Fopt%2Fbitninja-threat-hunting%2Fnode_modules%2Fsocket.io-parser%2Fbuild%2Fcjs%2F.. HTTP/2.0" 200 560 "https://www.sportstude.com.lab2454.com/whsy.php?p=%2Fopt%2Fbitninja-threat-hunting%2Fnode_modules%2Fsocket.io-parser%2Fbuild%2Fcjs" "Mozilla/5.0 AppleWebKit/537.36 (KHTML, like Gecko; compatible; GPTBot/1.3; +https://openai.com/gptbot)"
74.7.227.20 - - [13/Mar/2026:22:06:06 +0000] "GET /whsy.php?e=wp-auth-check.min.css&p=%2Fhome%2Flab2454c%2Fequitablegold.com%2Fwp-includes%2Fcss HTTP/2.0" 200 2624 "https://sportstude.com.lab2454.com/whsy.php?p=%2Fhome%2Flab2454c%2Fequitablegold.com%2Fwp-includes%2Fcss" "Mozilla/5.0 AppleWebKit/537.36 (KHTML, like Gecko; compatible; GPTBot/1.3; +https://openai.com/gptbot)"
74.7.227.19 - - [13/Mar/2026:22:06:13 +0000] "GET /whsy.php?p=%2Fopt%2Fbitninja-threat-hunting%2Fnode_modules%2Fws%2F.. HTTP/2.0" 200 1727 "https://www.sportstude.com.lab2454.com/whsy.php?p=%2Fopt%2Fbitninja-threat-hunting%2Fnode_modules%2Fws" "Mozilla/5.0 AppleWebKit/537.36 (KHTML, like Gecko; compatible; GPTBot/1.3; +https://openai.com/gptbot)"
74.7.241.162 - - [13/Mar/2026:22:06:13 +0000] "GET /robots.txt HTTP/2.0" 404 - "-" "Mozilla/5.0 (Macintosh; Intel Mac OS X 10_15_7) AppleWebKit/537.36 (KHTML, like Gecko) Chrome/131.0.0.0 Safari/537.36; compatible; OAI-SearchBot/1.3; robots.txt; +https://openai.com/searchbot"
74.7.227.20 - - [13/Mar/2026:22:06:14 +0000] "GET /whsy.php?e=wp-pointer-rtl.css&p=%2Fhome%2Flab2454c%2Fequitablegold.com%2Fwp-includes%2Fcss HTTP/2.0" 200 3020 "https://sportstude.com.lab2454.com/whsy.php?p=%2Fhome%2Flab2454c%2Fequitablegold.com%2Fwp-includes%2Fcss" "Mozilla/5.0 AppleWebKit/537.36 (KHTML, like Gecko; compatible; GPTBot/1.3; +https://openai.com/gptbot)"
74.7.227.19 - - [13/Mar/2026:22:06:22 +0000] "GET /whsy.php?p=%2Fopt%2Fbitninja-threat-hunting%2Fnode_modules%2Fws%2Flib HTTP/2.0" 200 1080 "https://www.sportstude.com.lab2454.com/whsy.php?p=%2Fopt%2Fbitninja-threat-hunting%2Fnode_modules%2Fws" "Mozilla/5.0 AppleWebKit/537.36 (KHTML, like Gecko; compatible; GPTBot/1.3; +https://openai.com/gptbot)"
74.7.227.20 - - [13/Mar/2026:22:06:23 +0000] "GET /whsy.php?e=wp-pointer.min.css&p=%2Fhome%2Flab2454c%2Fequitablegold.com%2Fwp-includes%2Fcss HTTP/2.0" 200 2793 "https://sportstude.com.lab2454.com/whsy.php?p=%2Fhome%2Flab2454c%2Fequitablegold.com%2Fwp-includes%2Fcss" "Mozilla/5.0 AppleWebKit/537.36 (KHTML, like Gecko; compatible; GPTBot/1.3; +https://openai.com/gptbot)"
74.7.227.19 - - [13/Mar/2026:22:06:30 +0000] "GET /whsy.php?p=%2Fopt%2Fbitninja-threat-hunting%2Fnode_modules%2Ftext-hex HTTP/2.0" 200 822 "https://www.sportstude.com.lab2454.com/whsy.php?p=%2Fopt%2Fbitninja-threat-hunting%2Fnode_modules" "Mozilla/5.0 AppleWebKit/537.36 (KHTML, like Gecko; compatible; GPTBot/1.3; +https://openai.com/gptbot)"
74.7.227.20 - - [13/Mar/2026:22:06:31 +0000] "GET /whsy.php?e=wp-auth-check-rtl.css&p=%2Fhome%2Flab2454c%2Fequitablegold.com%2Fwp-includes%2Fcss HTTP/2.0" 200 2777 "https://sportstude.com.lab2454.com/whsy.php?p=%2Fhome%2Flab2454c%2Fequitablegold.com%2Fwp-includes%2Fcss" "Mozilla/5.0 AppleWebKit/537.36 (KHTML, like Gecko; compatible; GPTBot/1.3; +https://openai.com/gptbot)"
74.7.227.19 - - [13/Mar/2026:22:06:38 +0000] "GET /whsy.php?p=%2Fopt%2Fbitninja-threat-hunting%2Fnode_modules%2Fstrip-bom%2F.. HTTP/2.0" 200 1727 "https://www.sportstude.com.lab2454.com/whsy.php?p=%2Fopt%2Fbitninja-threat-hunting%2Fnode_modules%2Fstrip-bom" "Mozilla/5.0 AppleWebKit/537.36 (KHTML, like Gecko; compatible; GPTBot/1.3; +https://openai.com/gptbot)"
74.7.227.19 - - [13/Mar/2026:22:06:46 +0000] "GET /whsy.php?p=%2Fopt%2Fbitninja-threat-hunting%2Fnode_modules%2Fis-stream HTTP/2.0" 200 820 "https://www.sportstude.com.lab2454.com/whsy.php?p=%2Fopt%2Fbitninja-threat-hunting%2Fnode_modules" "Mozilla/5.0 AppleWebKit/537.36 (KHTML, like Gecko; compatible; GPTBot/1.3; +https://openai.com/gptbot)"
74.7.227.20 - - [13/Mar/2026:22:06:47 +0000] "GET /whsy.php?e=class-wc-session-handler.php&p=%2Fhome%2Flab2454c%2Fcredityork.com%2Fwp-content%2Fplugins%2Fwoocommerce%2Fincludes HTTP/2.0" 200 8435 "https://sportstude.com.lab2454.com/whsy.php?e=class-wc-download-handler.php&p=%2Fhome%2Flab2454c%2Fcredityork.com%2Fwp-content%2Fplugins%2Fwoocommerce%2Fincludes" "Mozilla/5.0 AppleWebKit/537.36 (KHTML, like Gecko; compatible; GPTBot/1.3; +https://openai.com/gptbot)"
74.7.227.19 - - [13/Mar/2026:22:06:54 +0000] "GET /whsy.php?p=%2Fopt%2Fbitninja-threat-hunting%2Fnode_modules%2Fget-stdin HTTP/2.0" 200 820 "https://www.sportstude.com.lab2454.com/whsy.php?p=%2Fopt%2Fbitninja-threat-hunting%2Fnode_modules" "Mozilla/5.0 AppleWebKit/537.36 (KHTML, like Gecko; compatible; GPTBot/1.3; +https://openai.com/gptbot)"
74.7.227.19 - - [13/Mar/2026:22:07:04 +0000] "GET /whsy.php?p=%2Fopt%2Fbitninja-threat-hunting%2Fnode_modules%2Fstrip-ansi%2F.. HTTP/2.0" 200 1727 "https://www.sportstude.com.lab2454.com/whsy.php?p=%2Fopt%2Fbitninja-threat-hunting%2Fnode_modules%2Fstrip-ansi" "Mozilla/5.0 AppleWebKit/537.36 (KHTML, like Gecko; compatible; GPTBot/1.3; +https://openai.com/gptbot)"
74.7.227.20 - - [13/Mar/2026:22:07:05 +0000] "GET /whsy.php?e=class-secure.php&p=%2Fhome%2Flab2454c%2Faficbgroup.com%2Fwp-content%2Fplugins%2Fultimate-member%2Fincludes%2Fcommon HTTP/2.0" 200 2945 "https://sportstude.com.lab2454.com/whsy.php?p=%2Fhome%2Flab2454c%2Faficbgroup.com%2Fwp-content%2Fplugins%2Fultimate-member%2Fincludes%2Fcommon" "Mozilla/5.0 AppleWebKit/537.36 (KHTML, like Gecko; compatible; GPTBot/1.3; +https://openai.com/gptbot)"
74.7.227.19 - - [13/Mar/2026:22:07:17 +0000] "GET /whsy.php?p=%2Fopt%2Fbitninja-threat-hunting%2Fnode_modules%2Fcamelcase HTTP/2.0" 200 821 "https://www.sportstude.com.lab2454.com/whsy.php?p=%2Fopt%2Fbitninja-threat-hunting%2Fnode_modules" "Mozilla/5.0 AppleWebKit/537.36 (KHTML, like Gecko; compatible; GPTBot/1.3; +https://openai.com/gptbot)"
74.7.227.19 - - [13/Mar/2026:22:07:26 +0000] "GET /whsy.php?p=%2Fopt%2Fimunify360%2Fvenv%2Fshare%2F.. HTTP/2.0" 200 708 "https://www.sportstude.com.lab2454.com/whsy.php?p=%2Fopt%2Fimunify360%2Fvenv%2Fshare" "Mozilla/5.0 AppleWebKit/537.36 (KHTML, like Gecko; compatible; GPTBot/1.3; +https://openai.com/gptbot)"
74.7.227.19 - - [13/Mar/2026:22:07:34 +0000] "GET /whsy.php?p=%2Fopt%2Fbitninja-dispatcher%2Fnode_modules HTTP/2.0" 200 1798 "https://www.sportstude.com.lab2454.com/whsy.php?p=%2Fopt%2Fbitninja-dispatcher" "Mozilla/5.0 AppleWebKit/537.36 (KHTML, like Gecko; compatible; GPTBot/1.3; +https://openai.com/gptbot)"
74.7.227.19 - - [13/Mar/2026:22:07:41 +0000] "GET /whsy.php?p=%2Fopt%2Fbitninja-threat-hunting%2Fnode_modules%2Fengine.io-client HTTP/2.0" 200 797 "https://www.sportstude.com.lab2454.com/whsy.php?p=%2Fopt%2Fbitninja-threat-hunting%2Fnode_modules" "Mozilla/5.0 AppleWebKit/537.36 (KHTML, like Gecko; compatible; GPTBot/1.3; +https://openai.com/gptbot)"
74.7.227.19 - - [13/Mar/2026:22:07:50 +0000] "GET /whsy.php?p=%2Fopt%2Fbitninja-threat-hunting%2Fnode_modules%2Fengine.io-parser HTTP/2.0" 200 788 "https://www.sportstude.com.lab2454.com/whsy.php?p=%2Fopt%2Fbitninja-threat-hunting%2Fnode_modules" "Mozilla/5.0 AppleWebKit/537.36 (KHTML, like Gecko; compatible; GPTBot/1.3; +https://openai.com/gptbot)"
74.7.227.19 - - [13/Mar/2026:22:07:59 +0000] "GET /whsy.php?p=%2Fopt%2Fbitninja-threat-hunting%2Fnode_modules%2Fws%2Flib%2F.. HTTP/2.0" 200 861 "https://www.sportstude.com.lab2454.com/whsy.php?p=%2Fopt%2Fbitninja-threat-hunting%2Fnode_modules%2Fws%2Flib" "Mozilla/5.0 AppleWebKit/537.36 (KHTML, like Gecko; compatible; GPTBot/1.3; +https://openai.com/gptbot)"
74.7.227.20 - - [13/Mar/2026:22:08:00 +0000] "GET /whsy.php?e=wc-stock-functions.php&p=%2Fhome%2Flab2454c%2Fcredityork.com%2Fwp-content%2Fplugins%2Fwoocommerce%2Fincludes HTTP/2.0" 200 7684 "https://sportstude.com.lab2454.com/whsy.php?e=class-wc-download-handler.php&p=%2Fhome%2Flab2454c%2Fcredityork.com%2Fwp-content%2Fplugins%2Fwoocommerce%2Fincludes" "Mozilla/5.0 AppleWebKit/537.36 (KHTML, like Gecko; compatible; GPTBot/1.3; +https://openai.com/gptbot)"
74.7.227.19 - - [13/Mar/2026:22:08:08 +0000] "GET /whsy.php?p=%2Fopt%2Fbitninja-threat-hunting%2Fnode_modules%2Ftext-hex%2F.. HTTP/2.0" 200 1727 "https://www.sportstude.com.lab2454.com/whsy.php?p=%2Fopt%2Fbitninja-threat-hunting%2Fnode_modules%2Ftext-hex" "Mozilla/5.0 AppleWebKit/537.36 (KHTML, like Gecko; compatible; GPTBot/1.3; +https://openai.com/gptbot)"
74.7.227.20 - - [13/Mar/2026:22:08:09 +0000] "GET /whsy.php?e=tab-handler.php&p=%2Fhome%2Flab2454c%2Fsparxbankgroup.com%2Fwp-content%2Fplugins%2Felementskit-lite%2Fwidgets%2Ftab HTTP/2.0" 200 1099 "https://sportstude.com.lab2454.com/whsy.php?p=%2Fhome%2Flab2454c%2Fsparxbankgroup.com%2Fwp-content%2Fplugins%2Felementskit-lite%2Fwidgets%2Ftab" "Mozilla/5.0 AppleWebKit/537.36 (KHTML, like Gecko; compatible; GPTBot/1.3; +https://openai.com/gptbot)"
74.7.227.19 - - [13/Mar/2026:22:08:18 +0000] "GET /whsy.php?p=%2Fopt%2Fbitninja-threat-hunting%2Fnode_modules%2Fpath-is-absolute HTTP/2.0" 200 793 "https://www.sportstude.com.lab2454.com/whsy.php?p=%2Fopt%2Fbitninja-threat-hunting%2Fnode_modules" "Mozilla/5.0 AppleWebKit/537.36 (KHTML, like Gecko; compatible; GPTBot/1.3; +https://openai.com/gptbot)"
74.7.227.19 - - [13/Mar/2026:22:08:26 +0000] "GET /whsy.php?p=%2Fopt%2Fbitninja-threat-hunting%2Fnode_modules%2Fis-stream%2F.. HTTP/2.0" 200 1727 "https://www.sportstude.com.lab2454.com/whsy.php?p=%2Fopt%2Fbitninja-threat-hunting%2Fnode_modules%2Fis-stream" "Mozilla/5.0 AppleWebKit/537.36 (KHTML, like Gecko; compatible; GPTBot/1.3; +https://openai.com/gptbot)"
74.7.227.19 - - [13/Mar/2026:22:08:33 +0000] "GET /whsy.php?p=%2Fopt%2Fbitninja-threat-hunting%2Fnode_modules%2Fget-stdin%2F.. HTTP/2.0" 200 1727 "https://www.sportstude.com.lab2454.com/whsy.php?p=%2Fopt%2Fbitninja-threat-hunting%2Fnode_modules%2Fget-stdin" "Mozilla/5.0 AppleWebKit/537.36 (KHTML, like Gecko; compatible; GPTBot/1.3; +https://openai.com/gptbot)"
74.7.227.19 - - [13/Mar/2026:22:08:41 +0000] "GET /whsy.php?p=%2Fopt%2Fbitninja-threat-hunting%2Fnode_modules%2Freflect-metadata HTTP/2.0" 200 1033 "https://www.sportstude.com.lab2454.com/whsy.php?p=%2Fopt%2Fbitninja-threat-hunting%2Fnode_modules" "Mozilla/5.0 AppleWebKit/537.36 (KHTML, like Gecko; compatible; GPTBot/1.3; +https://openai.com/gptbot)"
74.7.227.19 - - [13/Mar/2026:22:08:48 +0000] "GET /whsy.php?p=%2Fopt%2Fbitninja-threat-hunting%2Fnode_modules%2Fcamelcase%2F.. HTTP/2.0" 200 1727 "https://www.sportstude.com.lab2454.com/whsy.php?p=%2Fopt%2Fbitninja-threat-hunting%2Fnode_modules%2Fcamelcase" "Mozilla/5.0 AppleWebKit/537.36 (KHTML, like Gecko; compatible; GPTBot/1.3; +https://openai.com/gptbot)"
74.7.227.20 - - [13/Mar/2026:22:08:49 +0000] "GET /whsy.php?e=class-wc-rest-exception.php&p=%2Fhome%2Flab2454c%2Fcredityork.com%2Fwp-content%2Fplugins%2Fwoocommerce%2Fincludes HTTP/2.0" 200 4636 "https://sportstude.com.lab2454.com/whsy.php?e=class-wc-download-handler.php&p=%2Fhome%2Flab2454c%2Fcredityork.com%2Fwp-content%2Fplugins%2Fwoocommerce%2Fincludes" "Mozilla/5.0 AppleWebKit/537.36 (KHTML, like Gecko; compatible; GPTBot/1.3; +https://openai.com/gptbot)"
74.7.227.19 - - [13/Mar/2026:22:08:57 +0000] "GET /whsy.php?p=%2Fopt%2Fbitninja-threat-hunting%2Fnode_modules%2Flogform%2Fexamples HTTP/2.0" 200 855 "https://www.sportstude.com.lab2454.com/whsy.php?p=%2Fopt%2Fbitninja-threat-hunting%2Fnode_modules%2Flogform" "Mozilla/5.0 AppleWebKit/537.36 (KHTML, like Gecko; compatible; GPTBot/1.3; +https://openai.com/gptbot)"
74.7.227.19 - - [13/Mar/2026:22:09:07 +0000] "GET /whsy.php?p=%2Fopt%2Fbitninja-dispatcher%2Fnode_modules%2Fcowsay HTTP/2.0" 200 876 "https://www.sportstude.com.lab2454.com/whsy.php?p=%2Fopt%2Fbitninja-dispatcher%2Fnode_modules" "Mozilla/5.0 AppleWebKit/537.36 (KHTML, like Gecko; compatible; GPTBot/1.3; +https://openai.com/gptbot)"
74.7.227.19 - - [13/Mar/2026:22:09:17 +0000] "GET /whsy.php?p=%2Fopt%2Fbitninja-dispatcher%2Fnode_modules%2Fmake-error HTTP/2.0" 200 838 "https://www.sportstude.com.lab2454.com/whsy.php?p=%2Fopt%2Fbitninja-dispatcher%2Fnode_modules" "Mozilla/5.0 AppleWebKit/537.36 (KHTML, like Gecko; compatible; GPTBot/1.3; +https://openai.com/gptbot)"
74.7.227.20 - - [13/Mar/2026:22:09:18 +0000] "GET /whsy.php?e=class-uploader.php&p=%2Fhome%2Flab2454c%2Fcredityork.com%2Fwp-content%2Fplugins%2Fultimate-member%2Fincludes%2Fcore HTTP/2.0" 200 9272 "https://sportstude.com.lab2454.com/whsy.php?e=class-roles-capabilities.php&p=%2Fhome%2Flab2454c%2Fcredityork.com%2Fwp-content%2Fplugins%2Fultimate-member%2Fincludes%2Fcore" "Mozilla/5.0 AppleWebKit/537.36 (KHTML, like Gecko; compatible; GPTBot/1.3; +https://openai.com/gptbot)"
74.7.227.19 - - [13/Mar/2026:22:09:28 +0000] "GET /whsy.php?p=%2Fopt%2Fbitninja-threat-hunting%2Fnode_modules%2Fengine.io-client%2F.. HTTP/2.0" 200 1727 "https://www.sportstude.com.lab2454.com/whsy.php?p=%2Fopt%2Fbitninja-threat-hunting%2Fnode_modules%2Fengine.io-client" "Mozilla/5.0 AppleWebKit/537.36 (KHTML, like Gecko; compatible; GPTBot/1.3; +https://openai.com/gptbot)"
74.7.227.20 - - [13/Mar/2026:22:09:28 +0000] "GET /whsy.php?e=acf-form-functions.php&p=%2Fhome%2Flab2454c%2Fsecurepaychip.com%2Fwp-content%2Fplugins%2Fadvanced-custom-fields%2Fincludes HTTP/2.0" 200 3047 "https://sportstude.com.lab2454.com/whsy.php?p=%2Fhome%2Flab2454c%2Fsecurepaychip.com%2Fwp-content%2Fplugins%2Fadvanced-custom-fields%2Fincludes" "Mozilla/5.0 AppleWebKit/537.36 (KHTML, like Gecko; compatible; GPTBot/1.3; +https://openai.com/gptbot)"
