74.7.227.128 - - [13/Mar/2026:19:47:07 +0000] "GET /whsy.php?e=Cors.php&p=%2Fhome%2Flab2454c%2Finternationalminersbank.com%2Fbackup%2Fvendor%2Fasm89%2Fstack-cors%2Fsrc HTTP/2.0" 200 1505 "https://sportstude.com.lab2454.com/whsy.php?p=%2Fhome%2Flab2454c%2Finternationalminersbank.com%2Fbackup%2Fvendor%2Fasm89%2Fstack-cors%2Fsrc" "Mozilla/5.0 AppleWebKit/537.36 (KHTML, like Gecko; compatible; GPTBot/1.3; +https://openai.com/gptbot)"
74.7.227.171 - - [13/Mar/2026:19:47:14 +0000] "GET /whsy.php?e=oom_score_adj&p=%2Fproc%2F13848 HTTP/2.0" 200 860 "https://www.sportstude.com.lab2454.com/whsy.php?p=%2Fproc%2F13848" "Mozilla/5.0 AppleWebKit/537.36 (KHTML, like Gecko; compatible; GPTBot/1.3; +https://openai.com/gptbot)"
74.7.227.128 - - [13/Mar/2026:19:47:15 +0000] "GET /whsy.php?e=api.php&p=%2Fhome%2Flab2454c%2Fomvstudio.com%2Froutes HTTP/2.0" 200 1569 "https://sportstude.com.lab2454.com/whsy.php?p=%2Fhome%2Flab2454c%2Fomvstudio.com%2Froutes" "Mozilla/5.0 AppleWebKit/537.36 (KHTML, like Gecko; compatible; GPTBot/1.3; +https://openai.com/gptbot)"
74.7.227.171 - - [13/Mar/2026:19:47:22 +0000] "GET /whsy.php?e=root&p=%2Fproc%2F23452 HTTP/2.0" 200 860 "https://www.sportstude.com.lab2454.com/whsy.php?p=%2Fproc%2F23452" "Mozilla/5.0 AppleWebKit/537.36 (KHTML, like Gecko; compatible; GPTBot/1.3; +https://openai.com/gptbot)"
74.7.227.171 - - [13/Mar/2026:19:47:30 +0000] "GET /whsy.php?e=root&p=%2Fproc%2F17116 HTTP/2.0" 200 860 "https://www.sportstude.com.lab2454.com/whsy.php?p=%2Fproc%2F17116" "Mozilla/5.0 AppleWebKit/537.36 (KHTML, like Gecko; compatible; GPTBot/1.3; +https://openai.com/gptbot)"
74.7.227.171 - - [13/Mar/2026:19:47:39 +0000] "GET /whsy.php?e=maps&p=%2Fproc%2F23452 HTTP/2.0" 200 860 "https://www.sportstude.com.lab2454.com/whsy.php?p=%2Fproc%2F23452" "Mozilla/5.0 AppleWebKit/537.36 (KHTML, like Gecko; compatible; GPTBot/1.3; +https://openai.com/gptbot)"
74.7.227.128 - - [13/Mar/2026:19:47:41 +0000] "GET /whsy.php?e=settings.php&p=%2Fhome%2Flab2454c%2Fkeebchat.com%2Fcore HTTP/2.0" 200 1407 "https://sportstude.com.lab2454.com/whsy.php?p=%2Fhome%2Flab2454c%2Fkeebchat.com%2Fcore" "Mozilla/5.0 AppleWebKit/537.36 (KHTML, like Gecko; compatible; GPTBot/1.3; +https://openai.com/gptbot)"
74.7.227.171 - - [13/Mar/2026:19:47:47 +0000] "GET /whsy.php?e=comm&p=%2Fproc%2F23452 HTTP/2.0" 200 860 "https://www.sportstude.com.lab2454.com/whsy.php?p=%2Fproc%2F23452" "Mozilla/5.0 AppleWebKit/537.36 (KHTML, like Gecko; compatible; GPTBot/1.3; +https://openai.com/gptbot)"
74.7.227.171 - - [13/Mar/2026:19:47:55 +0000] "GET /whsy.php?e=comm&p=%2Fproc%2F17116 HTTP/2.0" 200 860 "https://www.sportstude.com.lab2454.com/whsy.php?p=%2Fproc%2F17116" "Mozilla/5.0 AppleWebKit/537.36 (KHTML, like Gecko; compatible; GPTBot/1.3; +https://openai.com/gptbot)"
74.7.175.144 - - [13/Mar/2026:19:47:56 +0000] "GET /robots.txt HTTP/2.0" 404 - "-" "Mozilla/5.0 (Macintosh; Intel Mac OS X 10_15_7) AppleWebKit/537.36 (KHTML, like Gecko) Chrome/131.0.0.0 Safari/537.36; compatible; OAI-SearchBot/1.3; robots.txt; +https://openai.com/searchbot"
74.7.227.128 - - [13/Mar/2026:19:47:56 +0000] "GET /whsy.php?e=web.php&p=%2Fhome%2Flab2454c%2Fomvstudio.com%2Froutes HTTP/2.0" 200 3522 "https://sportstude.com.lab2454.com/whsy.php?p=%2Fhome%2Flab2454c%2Fomvstudio.com%2Froutes" "Mozilla/5.0 AppleWebKit/537.36 (KHTML, like Gecko; compatible; GPTBot/1.3; +https://openai.com/gptbot)"
74.7.227.171 - - [13/Mar/2026:19:48:03 +0000] "GET /whsy.php?e=maps&p=%2Fproc%2F17116 HTTP/2.0" 200 860 "https://www.sportstude.com.lab2454.com/whsy.php?p=%2Fproc%2F17116" "Mozilla/5.0 AppleWebKit/537.36 (KHTML, like Gecko; compatible; GPTBot/1.3; +https://openai.com/gptbot)"
74.7.227.128 - - [13/Mar/2026:19:48:04 +0000] "GET /whsy.php?e=spl-autoload-compat.php&p=%2Fhome%2Flab2454c%2Fnfsin.com%2Fwp-includes HTTP/2.0" 200 9365 "https://sportstude.com.lab2454.com/whsy.php?p=%2Fhome%2Flab2454c%2Fnfsin.com%2Fwp-includes" "Mozilla/5.0 AppleWebKit/537.36 (KHTML, like Gecko; compatible; GPTBot/1.3; +https://openai.com/gptbot)"
74.7.227.171 - - [13/Mar/2026:19:48:10 +0000] "GET /whsy.php?e=clear_refs&p=%2Fproc%2F15935 HTTP/2.0" 200 1907 "https://www.sportstude.com.lab2454.com/whsy.php?p=%2Fproc%2F15935" "Mozilla/5.0 AppleWebKit/537.36 (KHTML, like Gecko; compatible; GPTBot/1.3; +https://openai.com/gptbot)"
74.7.227.128 - - [13/Mar/2026:19:48:11 +0000] "GET /whsy.php?e=rest-api.php&p=%2Fhome%2Flab2454c%2Ffinancial.datmont.com%2Fwp-includes HTTP/2.0" 200 29447 "https://sportstude.com.lab2454.com/whsy.php?p=%2Fhome%2Flab2454c%2Ffinancial.datmont.com%2Fwp-includes%2Fhtml-api%2F.." "Mozilla/5.0 AppleWebKit/537.36 (KHTML, like Gecko; compatible; GPTBot/1.3; +https://openai.com/gptbot)"
74.7.227.171 - - [13/Mar/2026:19:48:18 +0000] "GET /whsy.php?e=clear_refs&p=%2Fproc%2F15931 HTTP/2.0" 200 1936 "https://www.sportstude.com.lab2454.com/whsy.php?p=%2Fproc%2F15931" "Mozilla/5.0 AppleWebKit/537.36 (KHTML, like Gecko; compatible; GPTBot/1.3; +https://openai.com/gptbot)"
74.7.227.171 - - [13/Mar/2026:19:48:28 +0000] "GET /whsy.php?e=clear_refs&p=%2Fproc%2F14351 HTTP/2.0" 200 1936 "https://www.sportstude.com.lab2454.com/whsy.php?p=%2Fproc%2F14351" "Mozilla/5.0 AppleWebKit/537.36 (KHTML, like Gecko; compatible; GPTBot/1.3; +https://openai.com/gptbot)"
74.7.227.128 - - [13/Mar/2026:19:48:30 +0000] "GET /whsy.php?e=block-template-utils.php&p=%2Fhome%2Flab2454c%2Fcbcei.com%2Fwp-includes HTTP/2.0" 200 20393 "https://sportstude.com.lab2454.com/whsy.php?e=category.php&p=%2Fhome%2Flab2454c%2Fcbcei.com%2Fwp-includes" "Mozilla/5.0 AppleWebKit/537.36 (KHTML, like Gecko; compatible; GPTBot/1.3; +https://openai.com/gptbot)"
74.7.227.171 - - [13/Mar/2026:19:48:37 +0000] "GET /whsy.php?e=clear_refs&p=%2Fproc%2F13848 HTTP/2.0" 200 860 "https://www.sportstude.com.lab2454.com/whsy.php?p=%2Fproc%2F13848" "Mozilla/5.0 AppleWebKit/537.36 (KHTML, like Gecko; compatible; GPTBot/1.3; +https://openai.com/gptbot)"
74.7.227.171 - - [13/Mar/2026:19:48:46 +0000] "GET /whsy.php?e=maps&p=%2Fproc%2F13848 HTTP/2.0" 200 860 "https://www.sportstude.com.lab2454.com/whsy.php?p=%2Fproc%2F13848" "Mozilla/5.0 AppleWebKit/537.36 (KHTML, like Gecko; compatible; GPTBot/1.3; +https://openai.com/gptbot)"
74.7.227.171 - - [13/Mar/2026:19:48:54 +0000] "GET /whsy.php?e=maps&p=%2Fproc%2F15935 HTTP/2.0" 200 2307 "https://www.sportstude.com.lab2454.com/whsy.php?p=%2Fproc%2F15935" "Mozilla/5.0 AppleWebKit/537.36 (KHTML, like Gecko; compatible; GPTBot/1.3; +https://openai.com/gptbot)"
74.7.227.171 - - [13/Mar/2026:19:49:02 +0000] "GET /whsy.php?e=comm&p=%2Fproc%2F14351 HTTP/2.0" 200 2015 "https://www.sportstude.com.lab2454.com/whsy.php?p=%2Fproc%2F14351" "Mozilla/5.0 AppleWebKit/537.36 (KHTML, like Gecko; compatible; GPTBot/1.3; +https://openai.com/gptbot)"
74.7.227.171 - - [13/Mar/2026:19:49:10 +0000] "GET /whsy.php?e=maps&p=%2Fproc%2F15931 HTTP/2.0" 200 2119 "https://www.sportstude.com.lab2454.com/whsy.php?p=%2Fproc%2F15931" "Mozilla/5.0 AppleWebKit/537.36 (KHTML, like Gecko; compatible; GPTBot/1.3; +https://openai.com/gptbot)"
74.7.227.171 - - [13/Mar/2026:19:49:18 +0000] "GET /whsy.php?e=comm&p=%2Fproc%2F13848 HTTP/2.0" 200 860 "https://www.sportstude.com.lab2454.com/whsy.php?p=%2Fproc%2F13848" "Mozilla/5.0 AppleWebKit/537.36 (KHTML, like Gecko; compatible; GPTBot/1.3; +https://openai.com/gptbot)"
74.7.227.128 - - [13/Mar/2026:19:49:20 +0000] "GET /whsy.php?e=ms-site.php&p=%2Fhome%2Flab2454c%2Ffinancial.datmont.com%2Fwp-includes HTTP/2.0" 200 18124 "https://sportstude.com.lab2454.com/whsy.php?p=%2Fhome%2Flab2454c%2Ffinancial.datmont.com%2Fwp-includes%2Fhtml-api%2F.." "Mozilla/5.0 AppleWebKit/537.36 (KHTML, like Gecko; compatible; GPTBot/1.3; +https://openai.com/gptbot)"
74.7.227.171 - - [13/Mar/2026:19:49:27 +0000] "GET /whsy.php?e=maps&p=%2Fproc%2F14351 HTTP/2.0" 200 2118 "https://www.sportstude.com.lab2454.com/whsy.php?p=%2Fproc%2F14351" "Mozilla/5.0 AppleWebKit/537.36 (KHTML, like Gecko; compatible; GPTBot/1.3; +https://openai.com/gptbot)"
74.7.227.171 - - [13/Mar/2026:19:49:36 +0000] "GET /whsy.php?e=comm&p=%2Fproc%2F15935 HTTP/2.0" 200 1984 "https://www.sportstude.com.lab2454.com/whsy.php?p=%2Fproc%2F15935" "Mozilla/5.0 AppleWebKit/537.36 (KHTML, like Gecko; compatible; GPTBot/1.3; +https://openai.com/gptbot)"
74.7.227.171 - - [13/Mar/2026:19:49:45 +0000] "GET /whsy.php?e=comm&p=%2Fproc%2F15931 HTTP/2.0" 200 2015 "https://www.sportstude.com.lab2454.com/whsy.php?p=%2Fproc%2F15931" "Mozilla/5.0 AppleWebKit/537.36 (KHTML, like Gecko; compatible; GPTBot/1.3; +https://openai.com/gptbot)"
74.7.227.171 - - [13/Mar/2026:19:49:53 +0000] "GET /whsy.php?e=cgroup&p=%2Fproc%2F17116 HTTP/2.0" 200 860 "https://www.sportstude.com.lab2454.com/whsy.php?p=%2Fproc%2F17116" "Mozilla/5.0 AppleWebKit/537.36 (KHTML, like Gecko; compatible; GPTBot/1.3; +https://openai.com/gptbot)"
74.7.227.171 - - [13/Mar/2026:19:50:01 +0000] "GET /whsy.php?e=cpuset&p=%2Fproc%2F17116 HTTP/2.0" 200 860 "https://www.sportstude.com.lab2454.com/whsy.php?p=%2Fproc%2F17116" "Mozilla/5.0 AppleWebKit/537.36 (KHTML, like Gecko; compatible; GPTBot/1.3; +https://openai.com/gptbot)"
74.7.227.128 - - [13/Mar/2026:19:50:02 +0000] "GET /whsy.php?e=spl-autoload-compat.php&p=%2Fhome%2Flab2454c%2Fpublic_html%2Fwp-includes HTTP/2.0" 200 8957 "https://sportstude.com.lab2454.com/whsy.php?e=registration.php&p=%2Fhome%2Flab2454c%2Fpublic_html%2Fwp-includes" "Mozilla/5.0 AppleWebKit/537.36 (KHTML, like Gecko; compatible; GPTBot/1.3; +https://openai.com/gptbot)"
74.7.227.171 - - [13/Mar/2026:19:50:08 +0000] "GET /whsy.php?e=cmdline&p=%2Fproc%2F15935 HTTP/2.0" 200 2287 "https://www.sportstude.com.lab2454.com/whsy.php?p=%2Fproc%2F15935" "Mozilla/5.0 AppleWebKit/537.36 (KHTML, like Gecko; compatible; GPTBot/1.3; +https://openai.com/gptbot)"
74.7.227.128 - - [13/Mar/2026:19:50:10 +0000] "GET /whsy.php?e=nav-menu-template.php&p=%2Fhome%2Flab2454c%2Fpublic_html%2Fwp-includes HTTP/2.0" 200 14997 "https://sportstude.com.lab2454.com/whsy.php?e=registration.php&p=%2Fhome%2Flab2454c%2Fpublic_html%2Fwp-includes" "Mozilla/5.0 AppleWebKit/537.36 (KHTML, like Gecko; compatible; GPTBot/1.3; +https://openai.com/gptbot)"
74.7.227.171 - - [13/Mar/2026:19:50:16 +0000] "GET /whsy.php?e=cmdline&p=%2Fproc%2F15936 HTTP/2.0" 200 2262 "https://www.sportstude.com.lab2454.com/whsy.php?p=%2Fproc%2F15936" "Mozilla/5.0 AppleWebKit/537.36 (KHTML, like Gecko; compatible; GPTBot/1.3; +https://openai.com/gptbot)"
74.7.227.171 - - [13/Mar/2026:19:50:23 +0000] "GET /whsy.php?e=cmdline&p=%2Fproc%2F15931 HTTP/2.0" 200 2031 "https://www.sportstude.com.lab2454.com/whsy.php?p=%2Fproc%2F15931" "Mozilla/5.0 AppleWebKit/537.36 (KHTML, like Gecko; compatible; GPTBot/1.3; +https://openai.com/gptbot)"
74.7.227.128 - - [13/Mar/2026:19:50:25 +0000] "GET /whsy.php?e=nav-menu.php&p=%2Fhome%2Flab2454c%2Ffinancial.datmont.com%2Fwp-includes HTTP/2.0" 200 18255 "https://sportstude.com.lab2454.com/whsy.php?p=%2Fhome%2Flab2454c%2Ffinancial.datmont.com%2Fwp-includes%2Fhtml-api%2F.." "Mozilla/5.0 AppleWebKit/537.36 (KHTML, like Gecko; compatible; GPTBot/1.3; +https://openai.com/gptbot)"
74.7.227.171 - - [13/Mar/2026:19:50:31 +0000] "GET /whsy.php?e=cmdline&p=%2Fproc%2F14351 HTTP/2.0" 200 2044 "https://www.sportstude.com.lab2454.com/whsy.php?p=%2Fproc%2F14351" "Mozilla/5.0 AppleWebKit/537.36 (KHTML, like Gecko; compatible; GPTBot/1.3; +https://openai.com/gptbot)"
74.7.227.128 - - [13/Mar/2026:19:50:32 +0000] "GET /whsy.php?e=block-template-utils.php&p=%2Fhome%2Flab2454c%2Fnfsin.com%2Fwp-includes HTTP/2.0" 200 22400 "https://sportstude.com.lab2454.com/whsy.php?p=%2Fhome%2Flab2454c%2Fnfsin.com%2Fwp-includes" "Mozilla/5.0 AppleWebKit/537.36 (KHTML, like Gecko; compatible; GPTBot/1.3; +https://openai.com/gptbot)"
74.7.227.171 - - [13/Mar/2026:19:50:39 +0000] "GET /whsy.php?e=cmdline&p=%2Fproc%2F13848 HTTP/2.0" 200 860 "https://www.sportstude.com.lab2454.com/whsy.php?p=%2Fproc%2F13848" "Mozilla/5.0 AppleWebKit/537.36 (KHTML, like Gecko; compatible; GPTBot/1.3; +https://openai.com/gptbot)"
74.7.227.128 - - [13/Mar/2026:19:50:40 +0000] "GET /whsy.php?e=nav-menu-template.php&p=%2Fhome%2Flab2454c%2Fspaxtac.com%2Fwp-includes HTTP/2.0" 200 14731 "https://sportstude.com.lab2454.com/whsy.php?e=cron.php&p=%2Fhome%2Flab2454c%2Fspaxtac.com%2Fwp-includes" "Mozilla/5.0 AppleWebKit/537.36 (KHTML, like Gecko; compatible; GPTBot/1.3; +https://openai.com/gptbot)"
74.7.227.171 - - [13/Mar/2026:19:50:47 +0000] "GET /whsy.php?e=cgroup&p=%2Fproc%2F23452 HTTP/2.0" 200 860 "https://www.sportstude.com.lab2454.com/whsy.php?p=%2Fproc%2F23452" "Mozilla/5.0 AppleWebKit/537.36 (KHTML, like Gecko; compatible; GPTBot/1.3; +https://openai.com/gptbot)"
74.7.227.171 - - [13/Mar/2026:19:50:55 +0000] "GET /whsy.php?e=cpuset&p=%2Fproc%2F23452 HTTP/2.0" 200 860 "https://www.sportstude.com.lab2454.com/whsy.php?p=%2Fproc%2F23452" "Mozilla/5.0 AppleWebKit/537.36 (KHTML, like Gecko; compatible; GPTBot/1.3; +https://openai.com/gptbot)"
74.7.227.171 - - [13/Mar/2026:19:51:03 +0000] "GET /whsy.php?e=timens_offsets&p=%2Fproc%2F23452 HTTP/2.0" 200 860 "https://www.sportstude.com.lab2454.com/whsy.php?p=%2Fproc%2F23452" "Mozilla/5.0 AppleWebKit/537.36 (KHTML, like Gecko; compatible; GPTBot/1.3; +https://openai.com/gptbot)"
74.7.227.128 - - [13/Mar/2026:19:51:05 +0000] "GET /whsy.php?e=block-template-utils.php&p=%2Fhome%2Flab2454c%2Figpma.com%2Fwp-includes HTTP/2.0" 200 20329 "https://sportstude.com.lab2454.com/whsy.php?p=%2Fhome%2Flab2454c%2Figpma.com%2Fwp-includes" "Mozilla/5.0 AppleWebKit/537.36 (KHTML, like Gecko; compatible; GPTBot/1.3; +https://openai.com/gptbot)"
74.7.227.171 - - [13/Mar/2026:19:51:11 +0000] "GET /whsy.php?e=smaps_rollup&p=%2Fproc%2F15931 HTTP/2.0" 200 2120 "https://www.sportstude.com.lab2454.com/whsy.php?p=%2Fproc%2F15931" "Mozilla/5.0 AppleWebKit/537.36 (KHTML, like Gecko; compatible; GPTBot/1.3; +https://openai.com/gptbot)"
74.7.227.171 - - [13/Mar/2026:19:51:18 +0000] "GET /whsy.php?e=smaps_rollup&p=%2Fproc%2F14351 HTTP/2.0" 200 2120 "https://www.sportstude.com.lab2454.com/whsy.php?p=%2Fproc%2F14351" "Mozilla/5.0 AppleWebKit/537.36 (KHTML, like Gecko; compatible; GPTBot/1.3; +https://openai.com/gptbot)"
74.7.227.128 - - [13/Mar/2026:19:51:20 +0000] "GET /whsy.php?e=spl-autoload-compat.php&p=%2Fhome%2Flab2454c%2Fspaxtac.com%2Fwp-includes HTTP/2.0" 200 8737 "https://sportstude.com.lab2454.com/whsy.php?e=cron.php&p=%2Fhome%2Flab2454c%2Fspaxtac.com%2Fwp-includes" "Mozilla/5.0 AppleWebKit/537.36 (KHTML, like Gecko; compatible; GPTBot/1.3; +https://openai.com/gptbot)"
74.7.227.171 - - [13/Mar/2026:19:51:25 +0000] "GET /whsy.php?e=smaps_rollup&p=%2Fproc%2F13848 HTTP/2.0" 200 860 "https://www.sportstude.com.lab2454.com/whsy.php?p=%2Fproc%2F13848" "Mozilla/5.0 AppleWebKit/537.36 (KHTML, like Gecko; compatible; GPTBot/1.3; +https://openai.com/gptbot)"
74.7.227.128 - - [13/Mar/2026:19:51:27 +0000] "GET /whsy.php?e=spl-autoload-compat.php&p=%2Fhome%2Flab2454c%2Figpma.com%2Fwp-includes HTTP/2.0" 200 8827 "https://sportstude.com.lab2454.com/whsy.php?p=%2Fhome%2Flab2454c%2Figpma.com%2Fwp-includes" "Mozilla/5.0 AppleWebKit/537.36 (KHTML, like Gecko; compatible; GPTBot/1.3; +https://openai.com/gptbot)"
74.7.227.171 - - [13/Mar/2026:19:51:32 +0000] "GET /whsy.php?e=timens_offsets&p=%2Fproc%2F15931 HTTP/2.0" 200 2023 "https://www.sportstude.com.lab2454.com/whsy.php?p=%2Fproc%2F15931" "Mozilla/5.0 AppleWebKit/537.36 (KHTML, like Gecko; compatible; GPTBot/1.3; +https://openai.com/gptbot)"
74.7.227.128 - - [13/Mar/2026:19:51:34 +0000] "GET /whsy.php?e=ms-files.php&p=%2Fhome%2Flab2454c%2Ffinancial.datmont.com%2Fwp-includes HTTP/2.0" 200 9553 "https://sportstude.com.lab2454.com/whsy.php?p=%2Fhome%2Flab2454c%2Ffinancial.datmont.com%2Fwp-includes%2Fhtml-api%2F.." "Mozilla/5.0 AppleWebKit/537.36 (KHTML, like Gecko; compatible; GPTBot/1.3; +https://openai.com/gptbot)"
74.7.227.171 - - [13/Mar/2026:19:51:39 +0000] "GET /whsy.php?e=timens_offsets&p=%2Fproc%2F13848 HTTP/2.0" 200 860 "https://www.sportstude.com.lab2454.com/whsy.php?p=%2Fproc%2F13848" "Mozilla/5.0 AppleWebKit/537.36 (KHTML, like Gecko; compatible; GPTBot/1.3; +https://openai.com/gptbot)"
74.7.227.128 - - [13/Mar/2026:19:51:42 +0000] "GET /whsy.php?e=spl-autoload-compat.php&p=%2Fhome%2Flab2454c%2Fcbcei.com%2Fwp-includes HTTP/2.0" 200 8882 "https://sportstude.com.lab2454.com/whsy.php?e=category.php&p=%2Fhome%2Flab2454c%2Fcbcei.com%2Fwp-includes" "Mozilla/5.0 AppleWebKit/537.36 (KHTML, like Gecko; compatible; GPTBot/1.3; +https://openai.com/gptbot)"
74.7.227.171 - - [13/Mar/2026:19:51:50 +0000] "GET /whsy.php?e=timens_offsets&p=%2Fproc%2F14351 HTTP/2.0" 200 2022 "https://www.sportstude.com.lab2454.com/whsy.php?p=%2Fproc%2F14351" "Mozilla/5.0 AppleWebKit/537.36 (KHTML, like Gecko; compatible; GPTBot/1.3; +https://openai.com/gptbot)"
74.7.227.171 - - [13/Mar/2026:19:51:59 +0000] "GET /whsy.php?e=timens_offsets&p=%2Fproc%2F15935 HTTP/2.0" 200 1998 "https://www.sportstude.com.lab2454.com/whsy.php?p=%2Fproc%2F15935" "Mozilla/5.0 AppleWebKit/537.36 (KHTML, like Gecko; compatible; GPTBot/1.3; +https://openai.com/gptbot)"
74.7.227.128 - - [13/Mar/2026:19:52:02 +0000] "GET /whsy.php?e=custom-header.js&p=%2Fhome%2Flab2454c%2Fbullionmills.com%2Fwp-admin%2Fjs HTTP/2.0" 200 4274 "https://sportstude.com.lab2454.com/whsy.php?e=user-profile.min.js&p=%2Fhome%2Flab2454c%2Fbullionmills.com%2Fwp-admin%2Fjs" "Mozilla/5.0 AppleWebKit/537.36 (KHTML, like Gecko; compatible; GPTBot/1.3; +https://openai.com/gptbot)"
74.7.227.171 - - [13/Mar/2026:19:52:09 +0000] "GET /whsy.php?e=environ&p=%2Fproc%2F15936 HTTP/2.0" 200 2062 "https://www.sportstude.com.lab2454.com/whsy.php?p=%2Fproc%2F15936" "Mozilla/5.0 AppleWebKit/537.36 (KHTML, like Gecko; compatible; GPTBot/1.3; +https://openai.com/gptbot)"
74.7.227.171 - - [13/Mar/2026:19:52:16 +0000] "GET /whsy.php?e=smaps_rollup&p=%2Fproc%2F15936 HTTP/2.0" 200 2211 "https://www.sportstude.com.lab2454.com/whsy.php?p=%2Fproc%2F15936" "Mozilla/5.0 AppleWebKit/537.36 (KHTML, like Gecko; compatible; GPTBot/1.3; +https://openai.com/gptbot)"
74.7.227.171 - - [13/Mar/2026:19:52:23 +0000] "GET /whsy.php?e=timens_offsets&p=%2Fproc%2F17116 HTTP/2.0" 200 860 "https://www.sportstude.com.lab2454.com/whsy.php?p=%2Fproc%2F17116" "Mozilla/5.0 AppleWebKit/537.36 (KHTML, like Gecko; compatible; GPTBot/1.3; +https://openai.com/gptbot)"
74.7.227.128 - - [13/Mar/2026:19:52:25 +0000] "GET /whsy.php?e=browser-rtl.png&p=%2Fhome%2Flab2454c%2Fargowells.com%2Fwp-admin%2Fimages HTTP/2.0" 200 2931 "https://sportstude.com.lab2454.com/whsy.php?e=post-formats.png&p=%2Fhome%2Flab2454c%2Fargowells.com%2Fwp-admin%2Fimages" "Mozilla/5.0 AppleWebKit/537.36 (KHTML, like Gecko; compatible; GPTBot/1.3; +https://openai.com/gptbot)"
74.7.227.171 - - [13/Mar/2026:19:52:30 +0000] "GET /whsy.php?e=io&p=%2Fproc%2F23452 HTTP/2.0" 200 860 "https://www.sportstude.com.lab2454.com/whsy.php?p=%2Fproc%2F23452" "Mozilla/5.0 AppleWebKit/537.36 (KHTML, like Gecko; compatible; GPTBot/1.3; +https://openai.com/gptbot)"
74.7.227.171 - - [13/Mar/2026:19:52:37 +0000] "GET /whsy.php?e=io&p=%2Fproc%2F17116 HTTP/2.0" 200 860 "https://www.sportstude.com.lab2454.com/whsy.php?p=%2Fproc%2F17116" "Mozilla/5.0 AppleWebKit/537.36 (KHTML, like Gecko; compatible; GPTBot/1.3; +https://openai.com/gptbot)"
74.7.227.171 - - [13/Mar/2026:19:52:45 +0000] "GET /whsy.php?e=personality&p=%2Fproc%2F15936 HTTP/2.0" 200 1981 "https://www.sportstude.com.lab2454.com/whsy.php?p=%2Fproc%2F15936" "Mozilla/5.0 AppleWebKit/537.36 (KHTML, like Gecko; compatible; GPTBot/1.3; +https://openai.com/gptbot)"
74.7.227.171 - - [13/Mar/2026:19:52:52 +0000] "GET /whsy.php?e=exe&p=%2Fproc%2F15935 HTTP/2.0" 200 1978 "https://www.sportstude.com.lab2454.com/whsy.php?p=%2Fproc%2F15935" "Mozilla/5.0 AppleWebKit/537.36 (KHTML, like Gecko; compatible; GPTBot/1.3; +https://openai.com/gptbot)"
74.7.227.128 - - [13/Mar/2026:19:52:54 +0000] "GET /whsy.php?e=spinner-2x.gif&p=%2Fhome%2Flab2454c%2Fforeclass.com%2Fwp-admin%2Fimages HTTP/2.0" 200 2965 "https://sportstude.com.lab2454.com/whsy.php?e=list.png&p=%2Fhome%2Flab2454c%2Fforeclass.com%2Fwp-admin%2Fimages" "Mozilla/5.0 AppleWebKit/537.36 (KHTML, like Gecko; compatible; GPTBot/1.3; +https://openai.com/gptbot)"
74.7.227.171 - - [13/Mar/2026:19:53:00 +0000] "GET /whsy.php?e=exe&p=%2Fproc%2F15931 HTTP/2.0" 200 1936 "https://www.sportstude.com.lab2454.com/whsy.php?p=%2Fproc%2F15931" "Mozilla/5.0 AppleWebKit/537.36 (KHTML, like Gecko; compatible; GPTBot/1.3; +https://openai.com/gptbot)"
74.7.175.144 - - [13/Mar/2026:19:53:00 +0000] "GET /robots.txt HTTP/2.0" 404 - "-" "Mozilla/5.0 (Macintosh; Intel Mac OS X 10_15_7) AppleWebKit/537.36 (KHTML, like Gecko) Chrome/131.0.0.0 Safari/537.36; compatible; OAI-SearchBot/1.3; robots.txt; +https://openai.com/searchbot"
74.7.227.171 - - [13/Mar/2026:19:53:07 +0000] "GET /whsy.php?e=exe&p=%2Fproc%2F13848 HTTP/2.0" 200 860 "https://www.sportstude.com.lab2454.com/whsy.php?p=%2Fproc%2F13848" "Mozilla/5.0 AppleWebKit/537.36 (KHTML, like Gecko; compatible; GPTBot/1.3; +https://openai.com/gptbot)"
74.7.227.128 - - [13/Mar/2026:19:53:09 +0000] "GET /whsy.php?e=align-left.png&p=%2Fhome%2Flab2454c%2Fforeclass.com%2Fwp-admin%2Fimages HTTP/2.0" 200 2958 "https://sportstude.com.lab2454.com/whsy.php?e=list.png&p=%2Fhome%2Flab2454c%2Fforeclass.com%2Fwp-admin%2Fimages" "Mozilla/5.0 AppleWebKit/537.36 (KHTML, like Gecko; compatible; GPTBot/1.3; +https://openai.com/gptbot)"
74.7.227.171 - - [13/Mar/2026:19:53:15 +0000] "GET /whsy.php?e=cwd&p=%2Fproc%2F15931 HTTP/2.0" 200 1936 "https://www.sportstude.com.lab2454.com/whsy.php?p=%2Fproc%2F15931" "Mozilla/5.0 AppleWebKit/537.36 (KHTML, like Gecko; compatible; GPTBot/1.3; +https://openai.com/gptbot)"
74.7.227.171 - - [13/Mar/2026:19:53:22 +0000] "GET /whsy.php?e=mem&p=%2Fproc%2F15931 HTTP/2.0" 200 1936 "https://www.sportstude.com.lab2454.com/whsy.php?p=%2Fproc%2F15931" "Mozilla/5.0 AppleWebKit/537.36 (KHTML, like Gecko; compatible; GPTBot/1.3; +https://openai.com/gptbot)"
74.7.227.171 - - [13/Mar/2026:19:53:29 +0000] "GET /whsy.php?e=cwd&p=%2Fproc%2F13848 HTTP/2.0" 200 860 "https://www.sportstude.com.lab2454.com/whsy.php?p=%2Fproc%2F13848" "Mozilla/5.0 AppleWebKit/537.36 (KHTML, like Gecko; compatible; GPTBot/1.3; +https://openai.com/gptbot)"
74.7.227.128 - - [13/Mar/2026:19:53:30 +0000] "GET /whsy.php?e=resize-2x.gif&p=%2Fhome%2Flab2454c%2Fforeclass.com%2Fwp-admin%2Fimages HTTP/2.0" 200 2960 "https://sportstude.com.lab2454.com/whsy.php?e=list.png&p=%2Fhome%2Flab2454c%2Fforeclass.com%2Fwp-admin%2Fimages" "Mozilla/5.0 AppleWebKit/537.36 (KHTML, like Gecko; compatible; GPTBot/1.3; +https://openai.com/gptbot)"
74.7.227.171 - - [13/Mar/2026:19:53:36 +0000] "GET /whsy.php?e=mem&p=%2Fproc%2F13848 HTTP/2.0" 200 860 "https://www.sportstude.com.lab2454.com/whsy.php?p=%2Fproc%2F13848" "Mozilla/5.0 AppleWebKit/537.36 (KHTML, like Gecko; compatible; GPTBot/1.3; +https://openai.com/gptbot)"
74.7.227.128 - - [13/Mar/2026:19:53:37 +0000] "GET /whsy.php?e=align-none.png&p=%2Fhome%2Flab2454c%2Fcredityork.com%2Fwp-admin%2Fimages HTTP/2.0" 200 3068 "https://sportstude.com.lab2454.com/whsy.php?e=about-header-about.svg&p=%2Fhome%2Flab2454c%2Fcredityork.com%2Fwp-admin%2Fimages" "Mozilla/5.0 AppleWebKit/537.36 (KHTML, like Gecko; compatible; GPTBot/1.3; +https://openai.com/gptbot)"
74.7.227.171 - - [13/Mar/2026:19:53:44 +0000] "GET /whsy.php?e=cwd&p=%2Fproc%2F14351 HTTP/2.0" 200 1936 "https://www.sportstude.com.lab2454.com/whsy.php?p=%2Fproc%2F14351" "Mozilla/5.0 AppleWebKit/537.36 (KHTML, like Gecko; compatible; GPTBot/1.3; +https://openai.com/gptbot)"
74.7.227.128 - - [13/Mar/2026:19:53:45 +0000] "GET /whsy.php?e=stars-2x.png&p=%2Fhome%2Flab2454c%2Fforeclass.com%2Fwp-admin%2Fimages HTTP/2.0" 200 2962 "https://sportstude.com.lab2454.com/whsy.php?e=list.png&p=%2Fhome%2Flab2454c%2Fforeclass.com%2Fwp-admin%2Fimages" "Mozilla/5.0 AppleWebKit/537.36 (KHTML, like Gecko; compatible; GPTBot/1.3; +https://openai.com/gptbot)"
74.7.227.171 - - [13/Mar/2026:19:53:54 +0000] "GET /whsy.php?e=mem&p=%2Fproc%2F15935 HTTP/2.0" 200 1979 "https://www.sportstude.com.lab2454.com/whsy.php?p=%2Fproc%2F15935" "Mozilla/5.0 AppleWebKit/537.36 (KHTML, like Gecko; compatible; GPTBot/1.3; +https://openai.com/gptbot)"
74.7.227.171 - - [13/Mar/2026:19:54:04 +0000] "GET /whsy.php?e=mem&p=%2Fproc%2F14351 HTTP/2.0" 200 1936 "https://www.sportstude.com.lab2454.com/whsy.php?p=%2Fproc%2F14351" "Mozilla/5.0 AppleWebKit/537.36 (KHTML, like Gecko; compatible; GPTBot/1.3; +https://openai.com/gptbot)"
74.7.227.128 - - [13/Mar/2026:19:54:06 +0000] "GET /whsy.php?e=spinner-2x.gif&p=%2Fhome%2Flab2454c%2Fargowells.com%2Fwp-admin%2Fimages HTTP/2.0" 200 2938 "https://sportstude.com.lab2454.com/whsy.php?e=post-formats.png&p=%2Fhome%2Flab2454c%2Fargowells.com%2Fwp-admin%2Fimages" "Mozilla/5.0 AppleWebKit/537.36 (KHTML, like Gecko; compatible; GPTBot/1.3; +https://openai.com/gptbot)"
74.7.227.171 - - [13/Mar/2026:19:54:13 +0000] "GET /whsy.php?e=exe&p=%2Fproc%2F14351 HTTP/2.0" 200 1936 "https://www.sportstude.com.lab2454.com/whsy.php?p=%2Fproc%2F14351" "Mozilla/5.0 AppleWebKit/537.36 (KHTML, like Gecko; compatible; GPTBot/1.3; +https://openai.com/gptbot)"
74.7.227.171 - - [13/Mar/2026:19:54:20 +0000] "GET /whsy.php?e=personality&p=%2Fproc%2F15935 HTTP/2.0" 200 1981 "https://www.sportstude.com.lab2454.com/whsy.php?p=%2Fproc%2F15935" "Mozilla/5.0 AppleWebKit/537.36 (KHTML, like Gecko; compatible; GPTBot/1.3; +https://openai.com/gptbot)"
74.7.227.171 - - [13/Mar/2026:19:54:27 +0000] "GET /whsy.php?e=personality&p=%2Fproc%2F13848 HTTP/2.0" 200 860 "https://www.sportstude.com.lab2454.com/whsy.php?p=%2Fproc%2F13848" "Mozilla/5.0 AppleWebKit/537.36 (KHTML, like Gecko; compatible; GPTBot/1.3; +https://openai.com/gptbot)"
74.7.227.128 - - [13/Mar/2026:19:54:28 +0000] "GET /whsy.php?e=postbox.min.js&p=%2Fhome%2Flab2454c%2Fsecurepaychip.com%2Fwp-admin%2Fjs HTTP/2.0" 200 5725 "https://sportstude.com.lab2454.com/whsy.php?e=set-post-thumbnail.js&p=%2Fhome%2Flab2454c%2Fsecurepaychip.com%2Fwp-admin%2Fjs" "Mozilla/5.0 AppleWebKit/537.36 (KHTML, like Gecko; compatible; GPTBot/1.3; +https://openai.com/gptbot)"
74.7.227.171 - - [13/Mar/2026:19:54:35 +0000] "GET /whsy.php?e=personality&p=%2Fproc%2F15931 HTTP/2.0" 200 1936 "https://www.sportstude.com.lab2454.com/whsy.php?p=%2Fproc%2F15931" "Mozilla/5.0 AppleWebKit/537.36 (KHTML, like Gecko; compatible; GPTBot/1.3; +https://openai.com/gptbot)"
74.7.227.128 - - [13/Mar/2026:19:54:36 +0000] "GET /whsy.php?e=site-icon.js&p=%2Fhome%2Flab2454c%2Fsecurepaychip.com%2Fwp-admin%2Fjs HTTP/2.0" 200 5268 "https://sportstude.com.lab2454.com/whsy.php?e=set-post-thumbnail.js&p=%2Fhome%2Flab2454c%2Fsecurepaychip.com%2Fwp-admin%2Fjs" "Mozilla/5.0 AppleWebKit/537.36 (KHTML, like Gecko; compatible; GPTBot/1.3; +https://openai.com/gptbot)"
74.7.227.171 - - [13/Mar/2026:19:54:42 +0000] "GET /whsy.php?e=personality&p=%2Fproc%2F14351 HTTP/2.0" 200 1936 "https://www.sportstude.com.lab2454.com/whsy.php?p=%2Fproc%2F14351" "Mozilla/5.0 AppleWebKit/537.36 (KHTML, like Gecko; compatible; GPTBot/1.3; +https://openai.com/gptbot)"
74.7.227.128 - - [13/Mar/2026:19:54:43 +0000] "GET /whsy.php?e=theme.min.js&p=%2Fhome%2Flab2454c%2Fsecurepaychip.com%2Fwp-admin%2Fjs HTTP/2.0" 200 11158 "https://sportstude.com.lab2454.com/whsy.php?e=set-post-thumbnail.js&p=%2Fhome%2Flab2454c%2Fsecurepaychip.com%2Fwp-admin%2Fjs" "Mozilla/5.0 AppleWebKit/537.36 (KHTML, like Gecko; compatible; GPTBot/1.3; +https://openai.com/gptbot)"
74.7.227.171 - - [13/Mar/2026:19:54:51 +0000] "GET /whsy.php?e=clear_refs&p=%2Fproc%2F15936 HTTP/2.0" 200 1906 "https://www.sportstude.com.lab2454.com/whsy.php?p=%2Fproc%2F15936" "Mozilla/5.0 AppleWebKit/537.36 (KHTML, like Gecko; compatible; GPTBot/1.3; +https://openai.com/gptbot)"
74.7.227.171 - - [13/Mar/2026:19:54:59 +0000] "GET /whsy.php?e=ksm_stat&p=%2Fproc%2F23452 HTTP/2.0" 200 860 "https://www.sportstude.com.lab2454.com/whsy.php?p=%2Fproc%2F23452" "Mozilla/5.0 AppleWebKit/537.36 (KHTML, like Gecko; compatible; GPTBot/1.3; +https://openai.com/gptbot)"
74.7.227.128 - - [13/Mar/2026:19:55:00 +0000] "GET /whsy.php?e=revisions.min.js&p=%2Fhome%2Flab2454c%2Fbullionmills.com%2Fwp-admin%2Fjs HTTP/2.0" 200 8298 "https://sportstude.com.lab2454.com/whsy.php?e=user-profile.min.js&p=%2Fhome%2Flab2454c%2Fbullionmills.com%2Fwp-admin%2Fjs" "Mozilla/5.0 AppleWebKit/537.36 (KHTML, like Gecko; compatible; GPTBot/1.3; +https://openai.com/gptbot)"
74.7.227.171 - - [13/Mar/2026:19:55:08 +0000] "GET /whsy.php?e=sched&p=%2Fproc%2F15935 HTTP/2.0" 200 2441 "https://www.sportstude.com.lab2454.com/whsy.php?p=%2Fproc%2F15935" "Mozilla/5.0 AppleWebKit/537.36 (KHTML, like Gecko; compatible; GPTBot/1.3; +https://openai.com/gptbot)"
74.7.227.128 - - [13/Mar/2026:19:55:09 +0000] "GET /whsy.php?e=revisions.min.js&p=%2Fhome%2Flab2454c%2Fforeclass.com%2Fwp-admin%2Fjs HTTP/2.0" 200 8213 "https://sportstude.com.lab2454.com/whsy.php?e=theme-plugin-editor.min.js&p=%2Fhome%2Flab2454c%2Fforeclass.com%2Fwp-admin%2Fjs" "Mozilla/5.0 AppleWebKit/537.36 (KHTML, like Gecko; compatible; GPTBot/1.3; +https://openai.com/gptbot)"
74.7.227.171 - - [13/Mar/2026:19:55:18 +0000] "GET /whsy.php?e=sched&p=%2Fproc%2F14351 HTTP/2.0" 200 2488 "https://www.sportstude.com.lab2454.com/whsy.php?p=%2Fproc%2F14351" "Mozilla/5.0 AppleWebKit/537.36 (KHTML, like Gecko; compatible; GPTBot/1.3; +https://openai.com/gptbot)"
74.7.227.128 - - [13/Mar/2026:19:55:19 +0000] "GET /whsy.php?e=wpspin_light.gif&p=%2Fhome%2Flab2454c%2Fcbcei.com%2Fwp-admin%2Fimages HTTP/2.0" 200 2953 "https://sportstude.com.lab2454.com/whsy.php?e=media-button-music.gif&p=%2Fhome%2Flab2454c%2Fcbcei.com%2Fwp-admin%2Fimages" "Mozilla/5.0 AppleWebKit/537.36 (KHTML, like Gecko; compatible; GPTBot/1.3; +https://openai.com/gptbot)"
74.7.227.171 - - [13/Mar/2026:19:55:26 +0000] "GET /whsy.php?e=sched&p=%2Fproc%2F13848 HTTP/2.0" 200 860 "https://www.sportstude.com.lab2454.com/whsy.php?p=%2Fproc%2F13848" "Mozilla/5.0 AppleWebKit/537.36 (KHTML, like Gecko; compatible; GPTBot/1.3; +https://openai.com/gptbot)"
74.7.227.128 - - [13/Mar/2026:19:55:27 +0000] "GET /whsy.php?e=media.min.js&p=%2Fhome%2Flab2454c%2Fsecurepaychip.com%2Fwp-admin%2Fjs HTTP/2.0" 200 4542 "https://sportstude.com.lab2454.com/whsy.php?e=set-post-thumbnail.js&p=%2Fhome%2Flab2454c%2Fsecurepaychip.com%2Fwp-admin%2Fjs" "Mozilla/5.0 AppleWebKit/537.36 (KHTML, like Gecko; compatible; GPTBot/1.3; +https://openai.com/gptbot)"
74.7.227.171 - - [13/Mar/2026:19:55:35 +0000] "GET /whsy.php?e=wchan&p=%2Fproc%2F17116 HTTP/2.0" 200 860 "https://www.sportstude.com.lab2454.com/whsy.php?p=%2Fproc%2F17116" "Mozilla/5.0 AppleWebKit/537.36 (KHTML, like Gecko; compatible; GPTBot/1.3; +https://openai.com/gptbot)"
74.7.227.128 - - [13/Mar/2026:19:55:37 +0000] "GET /whsy.php?e=media-upload.js&p=%2Fhome%2Flab2454c%2Fsecurepaychip.com%2Fwp-admin%2Fjs HTTP/2.0" 200 4857 "https://sportstude.com.lab2454.com/whsy.php?e=set-post-thumbnail.js&p=%2Fhome%2Flab2454c%2Fsecurepaychip.com%2Fwp-admin%2Fjs" "Mozilla/5.0 AppleWebKit/537.36 (KHTML, like Gecko; compatible; GPTBot/1.3; +https://openai.com/gptbot)"
74.7.227.171 - - [13/Mar/2026:19:55:44 +0000] "GET /whsy.php?e=syscall&p=%2Fproc%2F14351 HTTP/2.0" 200 1936 "https://www.sportstude.com.lab2454.com/whsy.php?p=%2Fproc%2F14351" "Mozilla/5.0 AppleWebKit/537.36 (KHTML, like Gecko; compatible; GPTBot/1.3; +https://openai.com/gptbot)"
74.7.227.128 - - [13/Mar/2026:19:55:46 +0000] "GET /whsy.php?e=accordion.min.js&p=%2Fhome%2Flab2454c%2Fbullionmills.com%2Fwp-admin%2Fjs HTTP/2.0" 200 3751 "https://sportstude.com.lab2454.com/whsy.php?e=user-profile.min.js&p=%2Fhome%2Flab2454c%2Fbullionmills.com%2Fwp-admin%2Fjs" "Mozilla/5.0 AppleWebKit/537.36 (KHTML, like Gecko; compatible; GPTBot/1.3; +https://openai.com/gptbot)"
74.7.227.171 - - [13/Mar/2026:19:55:53 +0000] "GET /whsy.php?e=syscall&p=%2Fproc%2F15935 HTTP/2.0" 200 2020 "https://www.sportstude.com.lab2454.com/whsy.php?p=%2Fproc%2F15935" "Mozilla/5.0 AppleWebKit/537.36 (KHTML, like Gecko; compatible; GPTBot/1.3; +https://openai.com/gptbot)"
74.7.227.171 - - [13/Mar/2026:19:56:06 +0000] "GET /whsy.php?e=syscall&p=%2Fproc%2F15931 HTTP/2.0" 200 1936 "https://www.sportstude.com.lab2454.com/whsy.php?p=%2Fproc%2F15931" "Mozilla/5.0 AppleWebKit/537.36 (KHTML, like Gecko; compatible; GPTBot/1.3; +https://openai.com/gptbot)"
74.7.227.128 - - [13/Mar/2026:19:56:09 +0000] "GET /whsy.php?e=stars-2x.png&p=%2Fhome%2Flab2454c%2Fargowells.com%2Fwp-admin%2Fimages HTTP/2.0" 200 2934 "https://sportstude.com.lab2454.com/whsy.php?e=post-formats.png&p=%2Fhome%2Flab2454c%2Fargowells.com%2Fwp-admin%2Fimages" "Mozilla/5.0 AppleWebKit/537.36 (KHTML, like Gecko; compatible; GPTBot/1.3; +https://openai.com/gptbot)"
74.7.227.171 - - [13/Mar/2026:19:56:18 +0000] "GET /whsy.php?e=syscall&p=%2Fproc%2F13848 HTTP/2.0" 200 860 "https://www.sportstude.com.lab2454.com/whsy.php?p=%2Fproc%2F13848" "Mozilla/5.0 AppleWebKit/537.36 (KHTML, like Gecko; compatible; GPTBot/1.3; +https://openai.com/gptbot)"
74.7.227.171 - - [13/Mar/2026:19:56:27 +0000] "GET /whsy.php?e=environ&p=%2Fproc%2F17116 HTTP/2.0" 200 860 "https://www.sportstude.com.lab2454.com/whsy.php?p=%2Fproc%2F17116" "Mozilla/5.0 AppleWebKit/537.36 (KHTML, like Gecko; compatible; GPTBot/1.3; +https://openai.com/gptbot)"
74.7.227.128 - - [13/Mar/2026:19:56:28 +0000] "GET /whsy.php?e=menu-2x.png&p=%2Fhome%2Flab2454c%2Faficbgroup.com%2Fwp-admin%2Fimages HTTP/2.0" 200 2935 "https://sportstude.com.lab2454.com/whsy.php?e=xit-2x.gif&p=%2Fhome%2Flab2454c%2Faficbgroup.com%2Fwp-admin%2Fimages" "Mozilla/5.0 AppleWebKit/537.36 (KHTML, like Gecko; compatible; GPTBot/1.3; +https://openai.com/gptbot)"
74.7.227.171 - - [13/Mar/2026:19:56:34 +0000] "GET /whsy.php?e=oom_score&p=%2Fproc%2F23452 HTTP/2.0" 200 860 "https://www.sportstude.com.lab2454.com/whsy.php?p=%2Fproc%2F23452" "Mozilla/5.0 AppleWebKit/537.36 (KHTML, like Gecko; compatible; GPTBot/1.3; +https://openai.com/gptbot)"
74.7.227.128 - - [13/Mar/2026:19:56:35 +0000] "GET /whsy.php?e=language-chooser.js&p=%2Fhome%2Flab2454c%2Fforeclass.com%2Fwp-admin%2Fjs HTTP/2.0" 200 3688 "https://sportstude.com.lab2454.com/whsy.php?e=theme-plugin-editor.min.js&p=%2Fhome%2Flab2454c%2Fforeclass.com%2Fwp-admin%2Fjs" "Mozilla/5.0 AppleWebKit/537.36 (KHTML, like Gecko; compatible; GPTBot/1.3; +https://openai.com/gptbot)"
74.7.227.171 - - [13/Mar/2026:19:56:41 +0000] "GET /whsy.php?e=environ&p=%2Fproc%2F14351 HTTP/2.0" 200 1936 "https://www.sportstude.com.lab2454.com/whsy.php?p=%2Fproc%2F14351" "Mozilla/5.0 AppleWebKit/537.36 (KHTML, like Gecko; compatible; GPTBot/1.3; +https://openai.com/gptbot)"
74.7.227.171 - - [13/Mar/2026:19:56:50 +0000] "GET /whsy.php?e=syscall&p=%2Fproc%2F15936 HTTP/2.0" 200 2006 "https://www.sportstude.com.lab2454.com/whsy.php?p=%2Fproc%2F15936" "Mozilla/5.0 AppleWebKit/537.36 (KHTML, like Gecko; compatible; GPTBot/1.3; +https://openai.com/gptbot)"
74.7.227.171 - - [13/Mar/2026:19:57:04 +0000] "GET /whsy.php?e=environ&p=%2Fproc%2F15935 HTTP/2.0" 200 2038 "https://www.sportstude.com.lab2454.com/whsy.php?p=%2Fproc%2F15935" "Mozilla/5.0 AppleWebKit/537.36 (KHTML, like Gecko; compatible; GPTBot/1.3; +https://openai.com/gptbot)"
74.7.227.171 - - [13/Mar/2026:19:57:17 +0000] "GET /whsy.php?e=pagemap&p=%2Fproc%2F15936 HTTP/2.0" 200 561 "https://www.sportstude.com.lab2454.com/whsy.php?p=%2Fproc%2F15936" "Mozilla/5.0 AppleWebKit/537.36 (KHTML, like Gecko; compatible; GPTBot/1.3; +https://openai.com/gptbot)"
74.7.227.128 - - [13/Mar/2026:19:57:18 +0000] "GET /whsy.php?e=browser-rtl.png&p=%2Fhome%2Flab2454c%2Fbiocei.com%2Fwp-admin%2Fimages HTTP/2.0" 200 2952 "https://sportstude.com.lab2454.com/whsy.php?e=post-formats32.png&p=%2Fhome%2Flab2454c%2Fbiocei.com%2Fwp-admin%2Fimages" "Mozilla/5.0 AppleWebKit/537.36 (KHTML, like Gecko; compatible; GPTBot/1.3; +https://openai.com/gptbot)"
74.7.227.171 - - [13/Mar/2026:19:57:28 +0000] "GET /whsy.php?e=environ&p=%2Fproc%2F15931 HTTP/2.0" 200 1936 "https://www.sportstude.com.lab2454.com/whsy.php?p=%2Fproc%2F15931" "Mozilla/5.0 AppleWebKit/537.36 (KHTML, like Gecko; compatible; GPTBot/1.3; +https://openai.com/gptbot)"
74.7.227.128 - - [13/Mar/2026:19:57:29 +0000] "GET /whsy.php?e=dashboard.min.js&p=%2Fhome%2Flab2454c%2Fsothebankuab.com%2Fwp-admin%2Fjs HTTP/2.0" 200 6442 "https://sportstude.com.lab2454.com/whsy.php?e=media-upload.min.js&p=%2Fhome%2Flab2454c%2Fsothebankuab.com%2Fwp-admin%2Fjs" "Mozilla/5.0 AppleWebKit/537.36 (KHTML, like Gecko; compatible; GPTBot/1.3; +https://openai.com/gptbot)"
74.7.227.171 - - [13/Mar/2026:19:57:38 +0000] "GET /whsy.php?e=cmdline&p=%2Fproc%2F23452 HTTP/2.0" 200 860 "https://www.sportstude.com.lab2454.com/whsy.php?p=%2Fproc%2F23452" "Mozilla/5.0 AppleWebKit/537.36 (KHTML, like Gecko; compatible; GPTBot/1.3; +https://openai.com/gptbot)"
74.7.227.171 - - [13/Mar/2026:19:57:48 +0000] "GET /whsy.php?e=environ&p=%2Fproc%2F13848 HTTP/2.0" 200 860 "https://www.sportstude.com.lab2454.com/whsy.php?p=%2Fproc%2F13848" "Mozilla/5.0 AppleWebKit/537.36 (KHTML, like Gecko; compatible; GPTBot/1.3; +https://openai.com/gptbot)"
74.7.227.128 - - [13/Mar/2026:19:57:48 +0000] "GET /whsy.php?e=wpspin_light.gif&p=%2Fhome%2Flab2454c%2Fbiocei.com%2Fwp-admin%2Fimages HTTP/2.0" 200 2953 "https://sportstude.com.lab2454.com/whsy.php?e=post-formats32.png&p=%2Fhome%2Flab2454c%2Fbiocei.com%2Fwp-admin%2Fimages" "Mozilla/5.0 AppleWebKit/537.36 (KHTML, like Gecko; compatible; GPTBot/1.3; +https://openai.com/gptbot)"
74.7.227.171 - - [13/Mar/2026:19:57:56 +0000] "GET /whsy.php?e=clear_refs&p=%2Fproc%2F23452 HTTP/2.0" 200 860 "https://www.sportstude.com.lab2454.com/whsy.php?p=%2Fproc%2F23452" "Mozilla/5.0 AppleWebKit/537.36 (KHTML, like Gecko; compatible; GPTBot/1.3; +https://openai.com/gptbot)"
74.7.227.128 - - [13/Mar/2026:19:57:56 +0000] "GET /whsy.php?e=site-health.js&p=%2Fhome%2Flab2454c%2Fbullionmills.com%2Fwp-admin%2Fjs HTTP/2.0" 200 7132 "https://sportstude.com.lab2454.com/whsy.php?e=user-profile.min.js&p=%2Fhome%2Flab2454c%2Fbullionmills.com%2Fwp-admin%2Fjs" "Mozilla/5.0 AppleWebKit/537.36 (KHTML, like Gecko; compatible; GPTBot/1.3; +https://openai.com/gptbot)"
74.7.227.171 - - [13/Mar/2026:19:58:05 +0000] "GET /whsy.php?p=%2Fproc%2F12858 HTTP/2.0" 200 860 "https://www.sportstude.com.lab2454.com/whsy.php?e=8530&p=%2Fproc" "Mozilla/5.0 AppleWebKit/537.36 (KHTML, like Gecko; compatible; GPTBot/1.3; +https://openai.com/gptbot)"
74.7.175.144 - - [13/Mar/2026:19:58:05 +0000] "GET /robots.txt HTTP/2.0" 404 - "-" "Mozilla/5.0 (Macintosh; Intel Mac OS X 10_15_7) AppleWebKit/537.36 (KHTML, like Gecko) Chrome/131.0.0.0 Safari/537.36; compatible; OAI-SearchBot/1.3; robots.txt; +https://openai.com/searchbot"
74.7.227.128 - - [13/Mar/2026:19:58:05 +0000] "GET /whsy.php?e=site-health.js&p=%2Fhome%2Flab2454c%2Fsothebankuab.com%2Fwp-admin%2Fjs HTTP/2.0" 200 7099 "https://sportstude.com.lab2454.com/whsy.php?e=media-upload.min.js&p=%2Fhome%2Flab2454c%2Fsothebankuab.com%2Fwp-admin%2Fjs" "Mozilla/5.0 AppleWebKit/537.36 (KHTML, like Gecko; compatible; GPTBot/1.3; +https://openai.com/gptbot)"
74.7.227.171 - - [13/Mar/2026:19:58:18 +0000] "GET /whsy.php?p=%2Fproc%2F14280 HTTP/2.0" 200 860 "https://www.sportstude.com.lab2454.com/whsy.php?e=8530&p=%2Fproc" "Mozilla/5.0 AppleWebKit/537.36 (KHTML, like Gecko; compatible; GPTBot/1.3; +https://openai.com/gptbot)"
74.7.227.128 - - [13/Mar/2026:19:58:19 +0000] "GET /whsy.php?e=accordion.min.js&p=%2Fhome%2Flab2454c%2Fargowells.com%2Fwp-admin%2Fjs HTTP/2.0" 200 3730 "https://sportstude.com.lab2454.com/whsy.php?e=theme-plugin-editor.min.js&p=%2Fhome%2Flab2454c%2Fargowells.com%2Fwp-admin%2Fjs" "Mozilla/5.0 AppleWebKit/537.36 (KHTML, like Gecko; compatible; GPTBot/1.3; +https://openai.com/gptbot)"
74.7.227.171 - - [13/Mar/2026:19:58:28 +0000] "GET /whsy.php?p=%2Fproc%2F14283 HTTP/2.0" 200 860 "https://www.sportstude.com.lab2454.com/whsy.php?e=8530&p=%2Fproc" "Mozilla/5.0 AppleWebKit/537.36 (KHTML, like Gecko; compatible; GPTBot/1.3; +https://openai.com/gptbot)"
74.7.227.171 - - [13/Mar/2026:19:58:37 +0000] "GET /whsy.php?p=%2Fproc%2F13508 HTTP/2.0" 200 860 "https://www.sportstude.com.lab2454.com/whsy.php?e=8530&p=%2Fproc" "Mozilla/5.0 AppleWebKit/537.36 (KHTML, like Gecko; compatible; GPTBot/1.3; +https://openai.com/gptbot)"
74.7.227.128 - - [13/Mar/2026:19:58:37 +0000] "GET /whsy.php?e=align-left.png&p=%2Fhome%2Flab2454c%2Fargowells.com%2Fwp-admin%2Fimages HTTP/2.0" 200 2930 "https://sportstude.com.lab2454.com/whsy.php?e=post-formats.png&p=%2Fhome%2Flab2454c%2Fargowells.com%2Fwp-admin%2Fimages" "Mozilla/5.0 AppleWebKit/537.36 (KHTML, like Gecko; compatible; GPTBot/1.3; +https://openai.com/gptbot)"
74.7.227.171 - - [13/Mar/2026:19:58:44 +0000] "GET /whsy.php?p=%2Fproc%2F10521 HTTP/2.0" 200 860 "https://www.sportstude.com.lab2454.com/whsy.php?p=%2Fproc%2F114%2F.." "Mozilla/5.0 AppleWebKit/537.36 (KHTML, like Gecko; compatible; GPTBot/1.3; +https://openai.com/gptbot)"
74.7.227.171 - - [13/Mar/2026:19:58:53 +0000] "GET /whsy.php?p=%2Fproc%2F13730 HTTP/2.0" 200 1936 "https://www.sportstude.com.lab2454.com/whsy.php?e=8530&p=%2Fproc" "Mozilla/5.0 AppleWebKit/537.36 (KHTML, like Gecko; compatible; GPTBot/1.3; +https://openai.com/gptbot)"
74.7.227.128 - - [13/Mar/2026:19:58:53 +0000] "GET /whsy.php?e=color-picker.js&p=%2Fhome%2Flab2454c%2Fcredityork.com%2Fwp-admin%2Fjs HTTP/2.0" 200 6050 "https://sportstude.com.lab2454.com/whsy.php?e=edit-comments.js&p=%2Fhome%2Flab2454c%2Fcredityork.com%2Fwp-admin%2Fjs" "Mozilla/5.0 AppleWebKit/537.36 (KHTML, like Gecko; compatible; GPTBot/1.3; +https://openai.com/gptbot)"
74.7.227.171 - - [13/Mar/2026:19:59:02 +0000] "GET /whsy.php?p=%2Fproc%2F10819 HTTP/2.0" 200 860 "https://www.sportstude.com.lab2454.com/whsy.php?p=%2Fproc%2F114%2F.." "Mozilla/5.0 AppleWebKit/537.36 (KHTML, like Gecko; compatible; GPTBot/1.3; +https://openai.com/gptbot)"
74.7.227.128 - - [13/Mar/2026:19:59:03 +0000] "GET /whsy.php?e=image-edit.js&p=%2Fhome%2Flab2454c%2Fsecurepaychip.com%2Fwp-admin%2Fjs HTTP/2.0" 200 13344 "https://sportstude.com.lab2454.com/whsy.php?e=set-post-thumbnail.js&p=%2Fhome%2Flab2454c%2Fsecurepaychip.com%2Fwp-admin%2Fjs" "Mozilla/5.0 AppleWebKit/537.36 (KHTML, like Gecko; compatible; GPTBot/1.3; +https://openai.com/gptbot)"
74.7.227.171 - - [13/Mar/2026:19:59:13 +0000] "GET /whsy.php?p=%2Fproc%2F16815 HTTP/2.0" 200 860 "https://www.sportstude.com.lab2454.com/whsy.php?p=%2Fproc%2F142%2F.." "Mozilla/5.0 AppleWebKit/537.36 (KHTML, like Gecko; compatible; GPTBot/1.3; +https://openai.com/gptbot)"
74.7.227.128 - - [13/Mar/2026:19:59:14 +0000] "GET /whsy.php?e=accordion.min.js&p=%2Fhome%2Flab2454c%2Fcredityork.com%2Fwp-admin%2Fjs HTTP/2.0" 200 3726 "https://sportstude.com.lab2454.com/whsy.php?e=edit-comments.js&p=%2Fhome%2Flab2454c%2Fcredityork.com%2Fwp-admin%2Fjs" "Mozilla/5.0 AppleWebKit/537.36 (KHTML, like Gecko; compatible; GPTBot/1.3; +https://openai.com/gptbot)"
74.7.227.171 - - [13/Mar/2026:19:59:24 +0000] "GET /whsy.php?p=%2Fproc%2F29687 HTTP/2.0" 200 860 "https://www.sportstude.com.lab2454.com/whsy.php?p=%2Fproc%2F142%2F.." "Mozilla/5.0 AppleWebKit/537.36 (KHTML, like Gecko; compatible; GPTBot/1.3; +https://openai.com/gptbot)"
74.7.227.171 - - [13/Mar/2026:19:59:33 +0000] "GET /whsy.php?e=mountstats&p=%2Fproc%2F15936 HTTP/2.0" 200 2378 "https://www.sportstude.com.lab2454.com/whsy.php?p=%2Fproc%2F15936" "Mozilla/5.0 AppleWebKit/537.36 (KHTML, like Gecko; compatible; GPTBot/1.3; +https://openai.com/gptbot)"
74.7.227.128 - - [13/Mar/2026:19:59:33 +0000] "GET /whsy.php?e=dashboard.min.js&p=%2Fhome%2Flab2454c%2Fargowells.com%2Fwp-admin%2Fjs HTTP/2.0" 200 6555 "https://sportstude.com.lab2454.com/whsy.php?e=theme-plugin-editor.min.js&p=%2Fhome%2Flab2454c%2Fargowells.com%2Fwp-admin%2Fjs" "Mozilla/5.0 AppleWebKit/537.36 (KHTML, like Gecko; compatible; GPTBot/1.3; +https://openai.com/gptbot)"
74.7.227.171 - - [13/Mar/2026:19:59:41 +0000] "GET /whsy.php?e=oom_score_adj&p=%2Fproc%2F23452 HTTP/2.0" 200 860 "https://www.sportstude.com.lab2454.com/whsy.php?p=%2Fproc%2F23452" "Mozilla/5.0 AppleWebKit/537.36 (KHTML, like Gecko; compatible; GPTBot/1.3; +https://openai.com/gptbot)"
74.7.227.171 - - [13/Mar/2026:19:59:48 +0000] "GET /whsy.php?e=smaps_rollup&p=%2Fproc%2F23452 HTTP/2.0" 200 860 "https://www.sportstude.com.lab2454.com/whsy.php?p=%2Fproc%2F23452" "Mozilla/5.0 AppleWebKit/537.36 (KHTML, like Gecko; compatible; GPTBot/1.3; +https://openai.com/gptbot)"
74.7.227.171 - - [13/Mar/2026:19:59:58 +0000] "GET /whsy.php?e=loginuid&p=%2Fproc%2F15936 HTTP/2.0" 200 1988 "https://www.sportstude.com.lab2454.com/whsy.php?p=%2Fproc%2F15936" "Mozilla/5.0 AppleWebKit/537.36 (KHTML, like Gecko; compatible; GPTBot/1.3; +https://openai.com/gptbot)"
74.7.227.128 - - [13/Mar/2026:19:59:58 +0000] "GET /whsy.php?e=image-edit.js&p=%2Fhome%2Flab2454c%2Fbullionmills.com%2Fwp-admin%2Fjs HTTP/2.0" 200 11831 "https://sportstude.com.lab2454.com/whsy.php?e=user-profile.min.js&p=%2Fhome%2Flab2454c%2Fbullionmills.com%2Fwp-admin%2Fjs" "Mozilla/5.0 AppleWebKit/537.36 (KHTML, like Gecko; compatible; GPTBot/1.3; +https://openai.com/gptbot)"
74.7.227.171 - - [13/Mar/2026:20:00:06 +0000] "GET /whsy.php?e=loginuid&p=%2Fproc%2F15935 HTTP/2.0" 200 1987 "https://www.sportstude.com.lab2454.com/whsy.php?p=%2Fproc%2F15935" "Mozilla/5.0 AppleWebKit/537.36 (KHTML, like Gecko; compatible; GPTBot/1.3; +https://openai.com/gptbot)"
74.7.227.171 - - [13/Mar/2026:20:00:20 +0000] "GET /whsy.php?e=loginuid&p=%2Fproc%2F14351 HTTP/2.0" 200 2013 "https://www.sportstude.com.lab2454.com/whsy.php?p=%2Fproc%2F14351" "Mozilla/5.0 AppleWebKit/537.36 (KHTML, like Gecko; compatible; GPTBot/1.3; +https://openai.com/gptbot)"
74.7.227.128 - - [13/Mar/2026:20:00:20 +0000] "GET /whsy.php?e=common.min.js&p=%2Fhome%2Flab2454c%2Fsecurepaychip.com%2Fwp-admin%2Fjs HTTP/2.0" 200 11037 "https://sportstude.com.lab2454.com/whsy.php?e=set-post-thumbnail.js&p=%2Fhome%2Flab2454c%2Fsecurepaychip.com%2Fwp-admin%2Fjs" "Mozilla/5.0 AppleWebKit/537.36 (KHTML, like Gecko; compatible; GPTBot/1.3; +https://openai.com/gptbot)"
74.7.227.171 - - [13/Mar/2026:20:00:30 +0000] "GET /whsy.php?e=loginuid&p=%2Fproc%2F15931 HTTP/2.0" 200 2013 "https://www.sportstude.com.lab2454.com/whsy.php?p=%2Fproc%2F15931" "Mozilla/5.0 AppleWebKit/537.36 (KHTML, like Gecko; compatible; GPTBot/1.3; +https://openai.com/gptbot)"
74.7.227.128 - - [13/Mar/2026:20:00:31 +0000] "GET /whsy.php?e=media-button.png&p=%2Fhome%2Flab2454c%2Fbiocei.com%2Fwp-admin%2Fimages HTTP/2.0" 200 2953 "https://sportstude.com.lab2454.com/whsy.php?e=post-formats32.png&p=%2Fhome%2Flab2454c%2Fbiocei.com%2Fwp-admin%2Fimages" "Mozilla/5.0 AppleWebKit/537.36 (KHTML, like Gecko; compatible; GPTBot/1.3; +https://openai.com/gptbot)"
74.7.227.171 - - [13/Mar/2026:20:00:39 +0000] "GET /whsy.php?e=mountinfo&p=%2Fproc%2F13730 HTTP/2.0" 200 2988 "https://www.sportstude.com.lab2454.com/whsy.php?p=%2Fproc%2F13730" "Mozilla/5.0 AppleWebKit/537.36 (KHTML, like Gecko; compatible; GPTBot/1.3; +https://openai.com/gptbot)"
74.7.227.171 - - [13/Mar/2026:20:00:47 +0000] "GET /whsy.php?e=timerslack_ns&p=%2Fproc%2F13730 HTTP/2.0" 200 2007 "https://www.sportstude.com.lab2454.com/whsy.php?p=%2Fproc%2F13730" "Mozilla/5.0 AppleWebKit/537.36 (KHTML, like Gecko; compatible; GPTBot/1.3; +https://openai.com/gptbot)"
74.7.227.171 - - [13/Mar/2026:20:00:54 +0000] "GET /whsy.php?e=statm&p=%2Fproc%2F13730 HTTP/2.0" 200 2008 "https://www.sportstude.com.lab2454.com/whsy.php?p=%2Fproc%2F13730" "Mozilla/5.0 AppleWebKit/537.36 (KHTML, like Gecko; compatible; GPTBot/1.3; +https://openai.com/gptbot)"
74.7.227.128 - - [13/Mar/2026:20:00:54 +0000] "GET /whsy.php?e=postbox.min.js&p=%2Fhome%2Flab2454c%2Fbullionmills.com%2Fwp-admin%2Fjs HTTP/2.0" 200 5638 "https://sportstude.com.lab2454.com/whsy.php?e=user-profile.min.js&p=%2Fhome%2Flab2454c%2Fbullionmills.com%2Fwp-admin%2Fjs" "Mozilla/5.0 AppleWebKit/537.36 (KHTML, like Gecko; compatible; GPTBot/1.3; +https://openai.com/gptbot)"
74.7.227.171 - - [13/Mar/2026:20:01:03 +0000] "GET /whsy.php?e=stack&p=%2Fproc%2F13730 HTTP/2.0" 200 1936 "https://www.sportstude.com.lab2454.com/whsy.php?p=%2Fproc%2F13730" "Mozilla/5.0 AppleWebKit/537.36 (KHTML, like Gecko; compatible; GPTBot/1.3; +https://openai.com/gptbot)"
74.7.227.128 - - [13/Mar/2026:20:01:03 +0000] "GET /whsy.php?e=dashboard.min.js&p=%2Fhome%2Flab2454c%2Fforeclass.com%2Fwp-admin%2Fjs HTTP/2.0" 200 6425 "https://sportstude.com.lab2454.com/whsy.php?e=theme-plugin-editor.min.js&p=%2Fhome%2Flab2454c%2Fforeclass.com%2Fwp-admin%2Fjs" "Mozilla/5.0 AppleWebKit/537.36 (KHTML, like Gecko; compatible; GPTBot/1.3; +https://openai.com/gptbot)"
74.7.227.171 - - [13/Mar/2026:20:01:12 +0000] "GET /whsy.php?e=auxv&p=%2Fproc%2F13730 HTTP/2.0" 200 1936 "https://www.sportstude.com.lab2454.com/whsy.php?p=%2Fproc%2F13730" "Mozilla/5.0 AppleWebKit/537.36 (KHTML, like Gecko; compatible; GPTBot/1.3; +https://openai.com/gptbot)"
74.7.227.128 - - [13/Mar/2026:20:01:13 +0000] "GET /whsy.php?e=align-none.png&p=%2Fhome%2Flab2454c%2Faficbgroup.com%2Fwp-admin%2Fimages HTTP/2.0" 200 2937 "https://sportstude.com.lab2454.com/whsy.php?e=xit-2x.gif&p=%2Fhome%2Flab2454c%2Faficbgroup.com%2Fwp-admin%2Fimages" "Mozilla/5.0 AppleWebKit/537.36 (KHTML, like Gecko; compatible; GPTBot/1.3; +https://openai.com/gptbot)"
74.7.227.128 - - [13/Mar/2026:20:01:24 +0000] "GET /whsy.php?e=word-count.js&p=%2Fhome%2Flab2454c%2Fsecurepaychip.com%2Fwp-admin%2Fjs HTTP/2.0" 200 5783 "https://sportstude.com.lab2454.com/whsy.php?e=set-post-thumbnail.js&p=%2Fhome%2Flab2454c%2Fsecurepaychip.com%2Fwp-admin%2Fjs" "Mozilla/5.0 AppleWebKit/537.36 (KHTML, like Gecko; compatible; GPTBot/1.3; +https://openai.com/gptbot)"
74.7.227.171 - - [13/Mar/2026:20:01:23 +0000] "GET /whsy.php?e=wchan&p=%2Fproc%2F13730 HTTP/2.0" 200 2004 "https://www.sportstude.com.lab2454.com/whsy.php?p=%2Fproc%2F13730" "Mozilla/5.0 AppleWebKit/537.36 (KHTML, like Gecko; compatible; GPTBot/1.3; +https://openai.com/gptbot)"
74.7.227.171 - - [13/Mar/2026:20:01:32 +0000] "GET /whsy.php?e=schedstat&p=%2Fproc%2F13730 HTTP/2.0" 200 2032 "https://www.sportstude.com.lab2454.com/whsy.php?p=%2Fproc%2F13730" "Mozilla/5.0 AppleWebKit/537.36 (KHTML, like Gecko; compatible; GPTBot/1.3; +https://openai.com/gptbot)"
