74.7.227.19 - - [13/Mar/2026:23:56:57 +0000] "GET /whsy.php?p=%2Fopt%2Fcpanel%2Fea-php73 HTTP/2.0" 200 665 "https://www.sportstude.com.lab2454.com/whsy.php?p=%2Fopt%2Fcpanel" "Mozilla/5.0 AppleWebKit/537.36 (KHTML, like Gecko; compatible; GPTBot/1.3; +https://openai.com/gptbot)"
74.7.227.19 - - [13/Mar/2026:23:57:05 +0000] "GET /whsy.php?p=%2Fopt%2Fcpanel%2Fea-php70 HTTP/2.0" 200 665 "https://www.sportstude.com.lab2454.com/whsy.php?p=%2Fopt%2Fcpanel" "Mozilla/5.0 AppleWebKit/537.36 (KHTML, like Gecko; compatible; GPTBot/1.3; +https://openai.com/gptbot)"
74.7.227.20 - - [13/Mar/2026:23:57:12 +0000] "GET /whsy.php?e=a83a4_a509d_b2ea12442d5ecb1bf9c33847dc4f951a.key&p=%2Fhome%2Flab2454c%2Fssl%2Fkeys HTTP/2.0" 200 18090 "https://sportstude.com.lab2454.com/whsy.php?e=af8c7_ca80f_08c8cb9402c06d9ddeccc32af79c061e.key&p=%2Fhome%2Flab2454c%2Fssl%2Fkeys" "Mozilla/5.0 AppleWebKit/537.36 (KHTML, like Gecko; compatible; GPTBot/1.3; +https://openai.com/gptbot)"
74.7.227.19 - - [13/Mar/2026:23:57:13 +0000] "GET /whsy.php?p=%2Fopt%2Fcpanel%2Fcomposer HTTP/2.0" 200 670 "https://www.sportstude.com.lab2454.com/whsy.php?p=%2Fopt%2Fcpanel" "Mozilla/5.0 AppleWebKit/537.36 (KHTML, like Gecko; compatible; GPTBot/1.3; +https://openai.com/gptbot)"
74.7.227.20 - - [13/Mar/2026:23:57:21 +0000] "GET /whsy.php?e=e823a_486ed_d2e0208ce93017c0db6db30f55ad36ed.key&p=%2Fhome%2Flab2454c%2Fssl%2Fkeys HTTP/2.0" 200 18088 "https://sportstude.com.lab2454.com/whsy.php?e=af8c7_ca80f_08c8cb9402c06d9ddeccc32af79c061e.key&p=%2Fhome%2Flab2454c%2Fssl%2Fkeys" "Mozilla/5.0 AppleWebKit/537.36 (KHTML, like Gecko; compatible; GPTBot/1.3; +https://openai.com/gptbot)"
74.7.227.19 - - [13/Mar/2026:23:57:21 +0000] "GET /whsy.php?p=%2Fopt%2Fcpanel%2Fea-wappspector HTTP/2.0" 200 943 "https://www.sportstude.com.lab2454.com/whsy.php?p=%2Fopt%2Fcpanel" "Mozilla/5.0 AppleWebKit/537.36 (KHTML, like Gecko; compatible; GPTBot/1.3; +https://openai.com/gptbot)"
74.7.227.19 - - [13/Mar/2026:23:57:29 +0000] "GET /whsy.php?p=%2Fopt%2Fcpanel%2Fea-openssl11 HTTP/2.0" 200 548 "https://www.sportstude.com.lab2454.com/whsy.php?p=%2Fopt%2Fcpanel" "Mozilla/5.0 AppleWebKit/537.36 (KHTML, like Gecko; compatible; GPTBot/1.3; +https://openai.com/gptbot)"
74.7.227.19 - - [13/Mar/2026:23:57:37 +0000] "GET /whsy.php?p=%2Fopt%2Fcpanel%2Fea-php56%2Froot HTTP/2.0" 200 633 "https://www.sportstude.com.lab2454.com/whsy.php?p=%2Fopt%2Fcpanel%2Fea-php56" "Mozilla/5.0 AppleWebKit/537.36 (KHTML, like Gecko; compatible; GPTBot/1.3; +https://openai.com/gptbot)"
74.7.227.20 - - [13/Mar/2026:23:57:44 +0000] "GET /whsy.php?e=a1ad6_8c0fd_356e9bc132d9d79c7d525d52fc8f078c.key&p=%2Fhome%2Flab2454c%2Fssl%2Fkeys HTTP/2.0" 200 18091 "https://sportstude.com.lab2454.com/whsy.php?e=af8c7_ca80f_08c8cb9402c06d9ddeccc32af79c061e.key&p=%2Fhome%2Flab2454c%2Fssl%2Fkeys" "Mozilla/5.0 AppleWebKit/537.36 (KHTML, like Gecko; compatible; GPTBot/1.3; +https://openai.com/gptbot)"
74.7.227.19 - - [13/Mar/2026:23:57:45 +0000] "GET /whsy.php?p=%2Fopt%2Fcpanel%2Fea-php81%2Froot HTTP/2.0" 200 513 "https://www.sportstude.com.lab2454.com/whsy.php?p=%2Fopt%2Fcpanel%2Fea-php81" "Mozilla/5.0 AppleWebKit/537.36 (KHTML, like Gecko; compatible; GPTBot/1.3; +https://openai.com/gptbot)"
74.7.227.19 - - [13/Mar/2026:23:57:52 +0000] "GET /whsy.php?p=%2Fopt%2Fcpanel%2Fea-php71%2Froot HTTP/2.0" 200 633 "https://www.sportstude.com.lab2454.com/whsy.php?p=%2Fopt%2Fcpanel%2Fea-php71" "Mozilla/5.0 AppleWebKit/537.36 (KHTML, like Gecko; compatible; GPTBot/1.3; +https://openai.com/gptbot)"
74.7.241.162 - - [13/Mar/2026:23:57:52 +0000] "GET /robots.txt HTTP/2.0" 404 - "-" "Mozilla/5.0 (Macintosh; Intel Mac OS X 10_15_7) AppleWebKit/537.36 (KHTML, like Gecko) Chrome/131.0.0.0 Safari/537.36; compatible; OAI-SearchBot/1.3; robots.txt; +https://openai.com/searchbot"
74.7.227.19 - - [13/Mar/2026:23:58:00 +0000] "GET /whsy.php?p=%2Fopt%2Fcpanel%2Fea-php80%2Froot HTTP/2.0" 200 514 "https://www.sportstude.com.lab2454.com/whsy.php?p=%2Fopt%2Fcpanel%2Fea-php80" "Mozilla/5.0 AppleWebKit/537.36 (KHTML, like Gecko; compatible; GPTBot/1.3; +https://openai.com/gptbot)"
74.7.227.20 - - [13/Mar/2026:23:58:06 +0000] "GET /whsy.php?e=be2b7_f793f_d058b8cca7345d9841fa662987d6befe.key&p=%2Fhome%2Flab2454c%2Fssl%2Fkeys HTTP/2.0" 200 18095 "https://sportstude.com.lab2454.com/whsy.php?e=af8c7_ca80f_08c8cb9402c06d9ddeccc32af79c061e.key&p=%2Fhome%2Flab2454c%2Fssl%2Fkeys" "Mozilla/5.0 AppleWebKit/537.36 (KHTML, like Gecko; compatible; GPTBot/1.3; +https://openai.com/gptbot)"
74.7.227.19 - - [13/Mar/2026:23:58:07 +0000] "GET /whsy.php?p=%2Fopt%2Fcpanel%2Fea-php74%2Froot HTTP/2.0" 200 633 "https://www.sportstude.com.lab2454.com/whsy.php?p=%2Fopt%2Fcpanel%2Fea-php74" "Mozilla/5.0 AppleWebKit/537.36 (KHTML, like Gecko; compatible; GPTBot/1.3; +https://openai.com/gptbot)"
74.7.227.19 - - [13/Mar/2026:23:58:15 +0000] "GET /whsy.php?p=%2Fopt%2Fcpanel%2Fea-php72%2Froot HTTP/2.0" 200 633 "https://www.sportstude.com.lab2454.com/whsy.php?p=%2Fopt%2Fcpanel%2Fea-php72" "Mozilla/5.0 AppleWebKit/537.36 (KHTML, like Gecko; compatible; GPTBot/1.3; +https://openai.com/gptbot)"
74.7.227.20 - - [13/Mar/2026:23:58:22 +0000] "GET /whsy.php?e=b3f08_26a3f_19b0a78eb294681b341f04cfdad8c0ed.key&p=%2Fhome%2Flab2454c%2Fssl%2Fkeys HTTP/2.0" 200 18095 "https://sportstude.com.lab2454.com/whsy.php?e=af8c7_ca80f_08c8cb9402c06d9ddeccc32af79c061e.key&p=%2Fhome%2Flab2454c%2Fssl%2Fkeys" "Mozilla/5.0 AppleWebKit/537.36 (KHTML, like Gecko; compatible; GPTBot/1.3; +https://openai.com/gptbot)"
74.7.227.19 - - [13/Mar/2026:23:58:23 +0000] "GET /whsy.php?p=%2Fopt%2Fcpanel%2Fea-php73%2Froot HTTP/2.0" 200 633 "https://www.sportstude.com.lab2454.com/whsy.php?p=%2Fopt%2Fcpanel%2Fea-php73" "Mozilla/5.0 AppleWebKit/537.36 (KHTML, like Gecko; compatible; GPTBot/1.3; +https://openai.com/gptbot)"
74.7.227.20 - - [13/Mar/2026:23:58:29 +0000] "GET /whsy.php?e=b19b4_cabaf_d342b071e0cd310da16f9ffd74259276.key&p=%2Fhome%2Flab2454c%2Fssl%2Fkeys HTTP/2.0" 200 18091 "https://sportstude.com.lab2454.com/whsy.php?e=af8c7_ca80f_08c8cb9402c06d9ddeccc32af79c061e.key&p=%2Fhome%2Flab2454c%2Fssl%2Fkeys" "Mozilla/5.0 AppleWebKit/537.36 (KHTML, like Gecko; compatible; GPTBot/1.3; +https://openai.com/gptbot)"
74.7.227.19 - - [13/Mar/2026:23:58:30 +0000] "GET /whsy.php?p=%2Fopt%2Fcpanel%2Fea-php70%2Froot HTTP/2.0" 200 633 "https://www.sportstude.com.lab2454.com/whsy.php?p=%2Fopt%2Fcpanel%2Fea-php70" "Mozilla/5.0 AppleWebKit/537.36 (KHTML, like Gecko; compatible; GPTBot/1.3; +https://openai.com/gptbot)"
74.7.227.20 - - [13/Mar/2026:23:58:37 +0000] "GET /whsy.php?e=d1fa6_b0907_e0d335ddc0c5da43e368c00b3ba9626d.key&p=%2Fhome%2Flab2454c%2Fssl%2Fkeys HTTP/2.0" 200 18095 "https://sportstude.com.lab2454.com/whsy.php?e=af8c7_ca80f_08c8cb9402c06d9ddeccc32af79c061e.key&p=%2Fhome%2Flab2454c%2Fssl%2Fkeys" "Mozilla/5.0 AppleWebKit/537.36 (KHTML, like Gecko; compatible; GPTBot/1.3; +https://openai.com/gptbot)"
74.7.227.19 - - [13/Mar/2026:23:58:37 +0000] "GET /whsy.php?p=%2Fopt%2Fcpanel%2Fea-liblsapi HTTP/2.0" 200 509 "https://www.sportstude.com.lab2454.com/whsy.php?p=%2Fopt%2Fcpanel" "Mozilla/5.0 AppleWebKit/537.36 (KHTML, like Gecko; compatible; GPTBot/1.3; +https://openai.com/gptbot)"
74.7.227.19 - - [13/Mar/2026:23:58:45 +0000] "GET /whsy.php?p=%2Fopt%2Fcpanel%2Fea-openssl HTTP/2.0" 200 527 "https://www.sportstude.com.lab2454.com/whsy.php?p=%2Fopt%2Fcpanel" "Mozilla/5.0 AppleWebKit/537.36 (KHTML, like Gecko; compatible; GPTBot/1.3; +https://openai.com/gptbot)"
74.7.227.20 - - [13/Mar/2026:23:58:52 +0000] "GET /whsy.php?e=a5a1e_ce46f_8d3616f8b0f48d1f4e9dee0f302f7509.key&p=%2Fhome%2Flab2454c%2Fssl%2Fkeys HTTP/2.0" 200 18096 "https://sportstude.com.lab2454.com/whsy.php?e=af8c7_ca80f_08c8cb9402c06d9ddeccc32af79c061e.key&p=%2Fhome%2Flab2454c%2Fssl%2Fkeys" "Mozilla/5.0 AppleWebKit/537.36 (KHTML, like Gecko; compatible; GPTBot/1.3; +https://openai.com/gptbot)"
74.7.227.19 - - [13/Mar/2026:23:58:52 +0000] "GET /whsy.php?p=%2Fopt%2Fcpanel%2Fea-wappspector%2Fvendor HTTP/2.0" 200 923 "https://www.sportstude.com.lab2454.com/whsy.php?p=%2Fopt%2Fcpanel%2Fea-wappspector" "Mozilla/5.0 AppleWebKit/537.36 (KHTML, like Gecko; compatible; GPTBot/1.3; +https://openai.com/gptbot)"
74.7.227.19 - - [13/Mar/2026:23:59:00 +0000] "GET /whsy.php?p=%2Fopt%2Fcpanel%2Fea-php56%2Froot%2Fproc HTTP/2.0" 200 505 "https://www.sportstude.com.lab2454.com/whsy.php?p=%2Fopt%2Fcpanel%2Fea-php56%2Froot" "Mozilla/5.0 AppleWebKit/537.36 (KHTML, like Gecko; compatible; GPTBot/1.3; +https://openai.com/gptbot)"
74.7.227.19 - - [13/Mar/2026:23:59:08 +0000] "GET /whsy.php?p=%2Fopt%2Fcpanel%2Fea-php56%2Froot%2Fboot HTTP/2.0" 200 504 "https://www.sportstude.com.lab2454.com/whsy.php?p=%2Fopt%2Fcpanel%2Fea-php56%2Froot" "Mozilla/5.0 AppleWebKit/537.36 (KHTML, like Gecko; compatible; GPTBot/1.3; +https://openai.com/gptbot)"
74.7.227.20 - - [13/Mar/2026:23:59:14 +0000] "GET /whsy.php?p=%2Fhome%2Flab2454c%2Fcredityork.com%2Fwp-content%2Fplugins%2Felementor-pro%2Fmodules%2Fcustom-css HTTP/2.0" 200 741 "https://sportstude.com.lab2454.com/whsy.php?p=%2Fhome%2Flab2454c%2Fcredityork.com%2Fwp-content%2Fplugins%2Felementor-pro%2Fmodules%2Fusage%2F.." "Mozilla/5.0 AppleWebKit/537.36 (KHTML, like Gecko; compatible; GPTBot/1.3; +https://openai.com/gptbot)"
74.7.227.19 - - [13/Mar/2026:23:59:15 +0000] "GET /whsy.php?p=%2Fopt%2Fcpanel%2Fea-php71%2Froot%2Fproc HTTP/2.0" 200 504 "https://www.sportstude.com.lab2454.com/whsy.php?p=%2Fopt%2Fcpanel%2Fea-php71%2Froot" "Mozilla/5.0 AppleWebKit/537.36 (KHTML, like Gecko; compatible; GPTBot/1.3; +https://openai.com/gptbot)"
74.7.227.20 - - [13/Mar/2026:23:59:22 +0000] "GET /whsy.php?p=%2Fhome%2Flab2454c%2Faficbgroup.com%2Fwp-content%2Fplugins%2Felementor-pro%2Fmodules%2Fcustom-css HTTP/2.0" 200 777 "https://sportstude.com.lab2454.com/whsy.php?p=%2Fhome%2Flab2454c%2Faficbgroup.com%2Fwp-content%2Fplugins%2Felementor-pro%2Fmodules%2Fusage%2F.." "Mozilla/5.0 AppleWebKit/537.36 (KHTML, like Gecko; compatible; GPTBot/1.3; +https://openai.com/gptbot)"
74.7.227.19 - - [13/Mar/2026:23:59:23 +0000] "GET /whsy.php?p=%2Fopt%2Fcpanel%2Fea-php71%2Froot%2Fboot HTTP/2.0" 200 502 "https://www.sportstude.com.lab2454.com/whsy.php?p=%2Fopt%2Fcpanel%2Fea-php71%2Froot" "Mozilla/5.0 AppleWebKit/537.36 (KHTML, like Gecko; compatible; GPTBot/1.3; +https://openai.com/gptbot)"
74.7.227.19 - - [13/Mar/2026:23:59:30 +0000] "GET /whsy.php?p=%2Fopt%2Fcpanel%2Fea-php74%2Froot%2Fhome HTTP/2.0" 200 504 "https://www.sportstude.com.lab2454.com/whsy.php?p=%2Fopt%2Fcpanel%2Fea-php74%2Froot" "Mozilla/5.0 AppleWebKit/537.36 (KHTML, like Gecko; compatible; GPTBot/1.3; +https://openai.com/gptbot)"
74.7.227.20 - - [13/Mar/2026:23:59:37 +0000] "GET /whsy.php?e=TestResult.php&p=%2Fhome%2Flab2454c%2Faficb.com%2Fvendor%2Fnunomaduro%2Fcollision%2Fsrc%2FAdapters%2FPhpunit HTTP/2.0" 200 2157 "https://sportstude.com.lab2454.com/whsy.php?p=%2Fhome%2Flab2454c%2Faficb.com%2Fvendor%2Fnunomaduro%2Fcollision%2Fsrc%2FAdapters%2FPhpunit" "Mozilla/5.0 AppleWebKit/537.36 (KHTML, like Gecko; compatible; GPTBot/1.3; +https://openai.com/gptbot)"
74.7.227.19 - - [13/Mar/2026:23:59:38 +0000] "GET /whsy.php?p=%2Fopt%2Fcpanel%2Fea-php74%2Froot%2Fboot HTTP/2.0" 200 502 "https://www.sportstude.com.lab2454.com/whsy.php?p=%2Fopt%2Fcpanel%2Fea-php74%2Froot" "Mozilla/5.0 AppleWebKit/537.36 (KHTML, like Gecko; compatible; GPTBot/1.3; +https://openai.com/gptbot)"
74.7.227.20 - - [13/Mar/2026:23:59:45 +0000] "GET /whsy.php?e=acf.php&p=%2Fhome%2Flab2454c%2Fsecurepaychip.com%2Fwp-content%2Fplugins%2Fadvanced-custom-fields HTTP/2.0" 200 5716 "https://sportstude.com.lab2454.com/whsy.php?p=%2Fhome%2Flab2454c%2Fsecurepaychip.com%2Fwp-content%2Fplugins%2Fadvanced-custom-fields" "Mozilla/5.0 AppleWebKit/537.36 (KHTML, like Gecko; compatible; GPTBot/1.3; +https://openai.com/gptbot)"
74.7.227.19 - - [13/Mar/2026:23:59:46 +0000] "GET /whsy.php?p=%2Fopt%2Fcpanel%2Fea-php73%2Froot%2Fboot HTTP/2.0" 200 504 "https://www.sportstude.com.lab2454.com/whsy.php?p=%2Fopt%2Fcpanel%2Fea-php73%2Froot" "Mozilla/5.0 AppleWebKit/537.36 (KHTML, like Gecko; compatible; GPTBot/1.3; +https://openai.com/gptbot)"
74.7.227.19 - - [13/Mar/2026:23:59:53 +0000] "GET /whsy.php?p=%2Fopt%2Fcpanel%2Fea-php71%2Froot%2Fhome HTTP/2.0" 200 504 "https://www.sportstude.com.lab2454.com/whsy.php?p=%2Fopt%2Fcpanel%2Fea-php71%2Froot" "Mozilla/5.0 AppleWebKit/537.36 (KHTML, like Gecko; compatible; GPTBot/1.3; +https://openai.com/gptbot)"
74.7.227.19 - - [14/Mar/2026:00:00:00 +0000] "GET /whsy.php?p=%2Fopt%2Fcpanel%2Fea-php73%2Froot%2Fproc HTTP/2.0" 200 505 "https://www.sportstude.com.lab2454.com/whsy.php?p=%2Fopt%2Fcpanel%2Fea-php73%2Froot" "Mozilla/5.0 AppleWebKit/537.36 (KHTML, like Gecko; compatible; GPTBot/1.3; +https://openai.com/gptbot)"
74.7.227.20 - - [14/Mar/2026:00:00:07 +0000] "GET /whsy.php?e=11.html&p=%2Fhome%2Flab2454c%2Ftmp%2Fanalog%2Fshop.elementalmill.com HTTP/2.0" 200 3613 "https://sportstude.com.lab2454.com/whsy.php?p=%2Fhome%2Flab2454c%2Ftmp%2Fanalog%2Fshop.elementalmill.com" "Mozilla/5.0 AppleWebKit/537.36 (KHTML, like Gecko; compatible; GPTBot/1.3; +https://openai.com/gptbot)"
74.7.227.19 - - [14/Mar/2026:00:00:08 +0000] "GET /whsy.php?p=%2Fopt%2Fcpanel%2Fea-php73%2Froot%2Fhome HTTP/2.0" 200 505 "https://www.sportstude.com.lab2454.com/whsy.php?p=%2Fopt%2Fcpanel%2Fea-php73%2Froot" "Mozilla/5.0 AppleWebKit/537.36 (KHTML, like Gecko; compatible; GPTBot/1.3; +https://openai.com/gptbot)"
74.7.227.19 - - [14/Mar/2026:00:00:15 +0000] "GET /whsy.php?p=%2Fopt%2Fcpanel%2Fea-php70%2Froot%2Fboot HTTP/2.0" 200 504 "https://www.sportstude.com.lab2454.com/whsy.php?p=%2Fopt%2Fcpanel%2Fea-php70%2Froot" "Mozilla/5.0 AppleWebKit/537.36 (KHTML, like Gecko; compatible; GPTBot/1.3; +https://openai.com/gptbot)"
74.7.227.20 - - [14/Mar/2026:00:00:22 +0000] "GET /whsy.php?e=index.php&p=%2Fhome%2Flab2454c%2Fifsin.org HTTP/2.0" 200 1878 "https://sportstude.com.lab2454.com/whsy.php?p=%2Fhome%2Flab2454c%2Fifsin.org" "Mozilla/5.0 AppleWebKit/537.36 (KHTML, like Gecko; compatible; GPTBot/1.3; +https://openai.com/gptbot)"
74.7.227.19 - - [14/Mar/2026:00:00:23 +0000] "GET /whsy.php?p=%2Fopt%2Fcpanel%2Fea-php72%2Froot%2Fboot HTTP/2.0" 200 502 "https://www.sportstude.com.lab2454.com/whsy.php?p=%2Fopt%2Fcpanel%2Fea-php72%2Froot" "Mozilla/5.0 AppleWebKit/537.36 (KHTML, like Gecko; compatible; GPTBot/1.3; +https://openai.com/gptbot)"
74.7.227.20 - - [14/Mar/2026:00:00:29 +0000] "GET /whsy.php?e=index.php&p=%2Fhome%2Flab2454c%2Fnfsin.org HTTP/2.0" 200 1878 "https://sportstude.com.lab2454.com/whsy.php?p=%2Fhome%2Flab2454c%2Fnfsin.org" "Mozilla/5.0 AppleWebKit/537.36 (KHTML, like Gecko; compatible; GPTBot/1.3; +https://openai.com/gptbot)"
74.7.227.19 - - [14/Mar/2026:00:00:30 +0000] "GET /whsy.php?p=%2Fopt%2Fcpanel%2Fea-php70%2Froot%2Fhome HTTP/2.0" 200 505 "https://www.sportstude.com.lab2454.com/whsy.php?p=%2Fopt%2Fcpanel%2Fea-php70%2Froot" "Mozilla/5.0 AppleWebKit/537.36 (KHTML, like Gecko; compatible; GPTBot/1.3; +https://openai.com/gptbot)"
74.7.227.19 - - [14/Mar/2026:00:00:38 +0000] "GET /whsy.php?p=%2Fopt%2Fcpanel%2Fea-php56%2Froot%2Fhome HTTP/2.0" 200 505 "https://www.sportstude.com.lab2454.com/whsy.php?p=%2Fopt%2Fcpanel%2Fea-php56%2Froot" "Mozilla/5.0 AppleWebKit/537.36 (KHTML, like Gecko; compatible; GPTBot/1.3; +https://openai.com/gptbot)"
74.7.227.19 - - [14/Mar/2026:00:00:45 +0000] "GET /whsy.php?p=%2Fopt%2Fcpanel%2Fea-php74%2Froot%2Fproc HTTP/2.0" 200 505 "https://www.sportstude.com.lab2454.com/whsy.php?p=%2Fopt%2Fcpanel%2Fea-php74%2Froot" "Mozilla/5.0 AppleWebKit/537.36 (KHTML, like Gecko; compatible; GPTBot/1.3; +https://openai.com/gptbot)"
74.7.227.20 - - [14/Mar/2026:00:00:52 +0000] "GET /whsy.php?p=%2Fhome%2Flab2454c%2Fcostbloc.net%2Fwp%2Fwp-includes%2Fblocks%2Fpattern HTTP/2.0" 200 715 "https://sportstude.com.lab2454.com/whsy.php?p=%2Fhome%2Flab2454c%2Fcostbloc.net%2Fwp%2Fwp-includes%2Fblocks%2Fcomments%2F.." "Mozilla/5.0 AppleWebKit/537.36 (KHTML, like Gecko; compatible; GPTBot/1.3; +https://openai.com/gptbot)"
74.7.227.19 - - [14/Mar/2026:00:00:53 +0000] "GET /whsy.php?p=%2Fopt%2Fcpanel%2Fea-php70%2Froot%2Fproc HTTP/2.0" 200 505 "https://www.sportstude.com.lab2454.com/whsy.php?p=%2Fopt%2Fcpanel%2Fea-php70%2Froot" "Mozilla/5.0 AppleWebKit/537.36 (KHTML, like Gecko; compatible; GPTBot/1.3; +https://openai.com/gptbot)"
74.7.227.19 - - [14/Mar/2026:00:01:00 +0000] "GET /whsy.php?p=%2Fopt%2Fcpanel%2Fea-php72%2Froot%2Fproc HTTP/2.0" 200 504 "https://www.sportstude.com.lab2454.com/whsy.php?p=%2Fopt%2Fcpanel%2Fea-php72%2Froot" "Mozilla/5.0 AppleWebKit/537.36 (KHTML, like Gecko; compatible; GPTBot/1.3; +https://openai.com/gptbot)"
74.7.227.20 - - [14/Mar/2026:00:01:07 +0000] "GET /whsy.php?p=%2Fhome%2Flab2454c%2Fcostbloc.net%2Fwp%2Fwp-includes%2Fblocks%2Fdetails HTTP/2.0" 200 923 "https://sportstude.com.lab2454.com/whsy.php?p=%2Fhome%2Flab2454c%2Fcostbloc.net%2Fwp%2Fwp-includes%2Fblocks%2Fcomments%2F.." "Mozilla/5.0 AppleWebKit/537.36 (KHTML, like Gecko; compatible; GPTBot/1.3; +https://openai.com/gptbot)"
74.7.227.19 - - [14/Mar/2026:00:01:08 +0000] "GET /whsy.php?p=%2Fopt%2Fcpanel%2Fea-php72%2Froot%2Fhome HTTP/2.0" 200 504 "https://www.sportstude.com.lab2454.com/whsy.php?p=%2Fopt%2Fcpanel%2Fea-php72%2Froot" "Mozilla/5.0 AppleWebKit/537.36 (KHTML, like Gecko; compatible; GPTBot/1.3; +https://openai.com/gptbot)"
74.7.227.19 - - [14/Mar/2026:00:01:15 +0000] "GET /whsy.php?p=%2Fopt%2Fcpanel%2Fea-php72%2Froot%2Fsbin HTTP/2.0" 200 688 "https://www.sportstude.com.lab2454.com/whsy.php?p=%2Fopt%2Fcpanel%2Fea-php72%2Froot" "Mozilla/5.0 AppleWebKit/537.36 (KHTML, like Gecko; compatible; GPTBot/1.3; +https://openai.com/gptbot)"
74.7.227.19 - - [14/Mar/2026:00:01:23 +0000] "GET /whsy.php?p=%2Fopt%2Fcpanel%2Fea-php72%2Froot%2Fsys HTTP/2.0" 200 504 "https://www.sportstude.com.lab2454.com/whsy.php?p=%2Fopt%2Fcpanel%2Fea-php72%2Froot" "Mozilla/5.0 AppleWebKit/537.36 (KHTML, like Gecko; compatible; GPTBot/1.3; +https://openai.com/gptbot)"
74.7.227.20 - - [14/Mar/2026:00:01:30 +0000] "GET /whsy.php?e=module.tag.lyrics3.php&p=%2Fhome%2Flab2454c%2Figpma.com%2Fwp-includes%2FID3 HTTP/2.0" 200 4399 "https://sportstude.com.lab2454.com/whsy.php?p=%2Fhome%2Flab2454c%2Figpma.com%2Fwp-includes%2FID3" "Mozilla/5.0 AppleWebKit/537.36 (KHTML, like Gecko; compatible; GPTBot/1.3; +https://openai.com/gptbot)"
74.7.227.19 - - [14/Mar/2026:00:01:32 +0000] "GET /whsy.php?p=%2Fopt%2Fcpanel%2Fea-php72%2Froot%2Fmnt HTTP/2.0" 200 501 "https://www.sportstude.com.lab2454.com/whsy.php?p=%2Fopt%2Fcpanel%2Fea-php72%2Froot" "Mozilla/5.0 AppleWebKit/537.36 (KHTML, like Gecko; compatible; GPTBot/1.3; +https://openai.com/gptbot)"
74.7.227.19 - - [14/Mar/2026:00:01:40 +0000] "GET /whsy.php?p=%2Fopt%2Fcpanel%2Fea-php71%2Froot%2Fetc HTTP/2.0" 200 919 "https://www.sportstude.com.lab2454.com/whsy.php?p=%2Fopt%2Fcpanel%2Fea-php71%2Froot" "Mozilla/5.0 AppleWebKit/537.36 (KHTML, like Gecko; compatible; GPTBot/1.3; +https://openai.com/gptbot)"
74.7.227.19 - - [14/Mar/2026:00:01:48 +0000] "GET /whsy.php?p=%2Fopt%2Fcpanel%2Fea-php80%2Froot%2Fetc HTTP/2.0" 200 515 "https://www.sportstude.com.lab2454.com/whsy.php?p=%2Fopt%2Fcpanel%2Fea-php80%2Froot" "Mozilla/5.0 AppleWebKit/537.36 (KHTML, like Gecko; compatible; GPTBot/1.3; +https://openai.com/gptbot)"
74.7.227.20 - - [14/Mar/2026:00:01:54 +0000] "GET /whsy.php?e=checkbox.php&p=%2Fhome%2Flab2454c%2Fkeebchat.com%2Fapi_docs HTTP/2.0" 200 1867 "https://sportstude.com.lab2454.com/whsy.php?p=%2Fhome%2Flab2454c%2Fkeebchat.com%2Fapi_docs%2Fjs%2F.." "Mozilla/5.0 AppleWebKit/537.36 (KHTML, like Gecko; compatible; GPTBot/1.3; +https://openai.com/gptbot)"
74.7.227.19 - - [14/Mar/2026:00:01:56 +0000] "GET /whsy.php?p=%2Fopt%2Fcpanel%2Fea-php73%2Froot%2Fetc HTTP/2.0" 200 918 "https://www.sportstude.com.lab2454.com/whsy.php?p=%2Fopt%2Fcpanel%2Fea-php73%2Froot" "Mozilla/5.0 AppleWebKit/537.36 (KHTML, like Gecko; compatible; GPTBot/1.3; +https://openai.com/gptbot)"
74.7.227.20 - - [14/Mar/2026:00:02:01 +0000] "GET /whsy.php?e=session.php&p=%2Fhome%2Flab2454c%2Fcbcei.com%2Fwp-includes HTTP/2.0" 200 8743 "https://sportstude.com.lab2454.com/whsy.php?e=category.php&p=%2Fhome%2Flab2454c%2Fcbcei.com%2Fwp-includes" "Mozilla/5.0 AppleWebKit/537.36 (KHTML, like Gecko; compatible; GPTBot/1.3; +https://openai.com/gptbot)"
74.7.227.19 - - [14/Mar/2026:00:02:03 +0000] "GET /whsy.php?p=%2Fopt%2Fcpanel%2Fea-php74%2Froot%2Fsys HTTP/2.0" 200 504 "https://www.sportstude.com.lab2454.com/whsy.php?p=%2Fopt%2Fcpanel%2Fea-php74%2Froot" "Mozilla/5.0 AppleWebKit/537.36 (KHTML, like Gecko; compatible; GPTBot/1.3; +https://openai.com/gptbot)"
74.7.227.20 - - [14/Mar/2026:00:02:09 +0000] "GET /whsy.php?p=%2Fhome%2Flab2454c%2Fcarbonbullion.net%2Fwp-content%2Fplugins%2Fcontact-form-7%2Fmodules%2Fstripe HTTP/2.0" 200 862 "https://sportstude.com.lab2454.com/whsy.php?e=text.php&p=%2Fhome%2Flab2454c%2Fcarbonbullion.net%2Fwp-content%2Fplugins%2Fcontact-form-7%2Fmodules" "Mozilla/5.0 AppleWebKit/537.36 (KHTML, like Gecko; compatible; GPTBot/1.3; +https://openai.com/gptbot)"
74.7.227.19 - - [14/Mar/2026:00:02:10 +0000] "GET /whsy.php?p=%2Fopt%2Fcpanel%2Fea-php71%2Froot%2Ftmp HTTP/2.0" 200 503 "https://www.sportstude.com.lab2454.com/whsy.php?p=%2Fopt%2Fcpanel%2Fea-php71%2Froot" "Mozilla/5.0 AppleWebKit/537.36 (KHTML, like Gecko; compatible; GPTBot/1.3; +https://openai.com/gptbot)"
74.7.227.19 - - [14/Mar/2026:00:02:18 +0000] "GET /whsy.php?p=%2Fopt%2Fcpanel%2Fea-php70%2Froot%2Fproc%2F.. HTTP/2.0" 200 633 "https://www.sportstude.com.lab2454.com/whsy.php?p=%2Fopt%2Fcpanel%2Fea-php70%2Froot%2Fproc" "Mozilla/5.0 AppleWebKit/537.36 (KHTML, like Gecko; compatible; GPTBot/1.3; +https://openai.com/gptbot)"
74.7.227.20 - - [14/Mar/2026:00:02:23 +0000] "GET /whsy.php?p=%2Fhome%2Flab2454c%2Fcarbonbullion.net%2Fwp-content%2Fplugins%2Fcontact-form-7%2Fadmin%2Fincludes HTTP/2.0" 200 961 "https://sportstude.com.lab2454.com/whsy.php?e=edit-contact-form.php&p=%2Fhome%2Flab2454c%2Fcarbonbullion.net%2Fwp-content%2Fplugins%2Fcontact-form-7%2Fadmin" "Mozilla/5.0 AppleWebKit/537.36 (KHTML, like Gecko; compatible; GPTBot/1.3; +https://openai.com/gptbot)"
74.7.227.19 - - [14/Mar/2026:00:02:25 +0000] "GET /whsy.php?p=%2Fopt%2Fcpanel%2Fea-php73%2Froot%2Fsys HTTP/2.0" 200 505 "https://www.sportstude.com.lab2454.com/whsy.php?p=%2Fopt%2Fcpanel%2Fea-php73%2Froot" "Mozilla/5.0 AppleWebKit/537.36 (KHTML, like Gecko; compatible; GPTBot/1.3; +https://openai.com/gptbot)"
74.7.227.19 - - [14/Mar/2026:00:02:33 +0000] "GET /whsy.php?p=%2Fopt%2Fcpanel%2Fea-php71%2Froot%2Fsys HTTP/2.0" 200 504 "https://www.sportstude.com.lab2454.com/whsy.php?p=%2Fopt%2Fcpanel%2Fea-php71%2Froot" "Mozilla/5.0 AppleWebKit/537.36 (KHTML, like Gecko; compatible; GPTBot/1.3; +https://openai.com/gptbot)"
74.7.227.19 - - [14/Mar/2026:00:02:41 +0000] "GET /whsy.php?p=%2Fopt%2Fcpanel%2Fea-php72%2Froot%2Fetc HTTP/2.0" 200 919 "https://www.sportstude.com.lab2454.com/whsy.php?p=%2Fopt%2Fcpanel%2Fea-php72%2Froot" "Mozilla/5.0 AppleWebKit/537.36 (KHTML, like Gecko; compatible; GPTBot/1.3; +https://openai.com/gptbot)"
74.7.227.20 - - [14/Mar/2026:00:02:47 +0000] "GET /whsy.php?p=%2Fhome%2Flab2454c%2Fcredityork.com%2Fwp-content%2Fplugins%2Fwoocommerce%2Fincludes%2Fshipping%2Flegacy-international-delivery%2F.. HTTP/2.0" 200 663 "https://sportstude.com.lab2454.com/whsy.php?e=class-wc-shipping-legacy-international-delivery.php&p=%2Fhome%2Flab2454c%2Fcredityork.com%2Fwp-content%2Fplugins%2Fwoocommerce%2Fincludes%2Fshipping%2Flegacy-international-delivery" "Mozilla/5.0 AppleWebKit/537.36 (KHTML, like Gecko; compatible; GPTBot/1.3; +https://openai.com/gptbot)"
74.7.227.19 - - [14/Mar/2026:00:02:49 +0000] "GET /whsy.php?p=%2Fopt%2Fcpanel%2Fea-php56%2Froot%2Ftmp HTTP/2.0" 200 504 "https://www.sportstude.com.lab2454.com/whsy.php?p=%2Fopt%2Fcpanel%2Fea-php56%2Froot" "Mozilla/5.0 AppleWebKit/537.36 (KHTML, like Gecko; compatible; GPTBot/1.3; +https://openai.com/gptbot)"
74.7.227.20 - - [14/Mar/2026:00:02:54 +0000] "GET /whsy.php?e=theme-install.php&p=%2Fhome%2Flab2454c%2Fpublic_html%2Fwp-admin HTTP/2.0" 200 9419 "https://sportstude.com.lab2454.com/whsy.php?p=%2Fhome%2Flab2454c%2Fpublic_html%2Fwp-admin" "Mozilla/5.0 AppleWebKit/537.36 (KHTML, like Gecko; compatible; GPTBot/1.3; +https://openai.com/gptbot)"
74.7.227.19 - - [14/Mar/2026:00:02:56 +0000] "GET /whsy.php?p=%2Fopt%2Fcpanel%2Fea-php72%2Froot%2Fusr HTTP/2.0" 200 609 "https://www.sportstude.com.lab2454.com/whsy.php?p=%2Fopt%2Fcpanel%2Fea-php72%2Froot" "Mozilla/5.0 AppleWebKit/537.36 (KHTML, like Gecko; compatible; GPTBot/1.3; +https://openai.com/gptbot)"
74.7.241.162 - - [14/Mar/2026:00:02:56 +0000] "GET /robots.txt HTTP/2.0" 404 - "-" "Mozilla/5.0 (Macintosh; Intel Mac OS X 10_15_7) AppleWebKit/537.36 (KHTML, like Gecko) Chrome/131.0.0.0 Safari/537.36; compatible; OAI-SearchBot/1.3; robots.txt; +https://openai.com/searchbot"
74.7.227.19 - - [14/Mar/2026:00:03:03 +0000] "GET /whsy.php?p=%2Fopt%2Fcpanel%2Fea-php72%2Froot%2Ftmp HTTP/2.0" 200 503 "https://www.sportstude.com.lab2454.com/whsy.php?p=%2Fopt%2Fcpanel%2Fea-php72%2Froot" "Mozilla/5.0 AppleWebKit/537.36 (KHTML, like Gecko; compatible; GPTBot/1.3; +https://openai.com/gptbot)"
74.7.227.20 - - [14/Mar/2026:00:03:09 +0000] "GET /whsy.php?e=block.json&p=%2Fhome%2Flab2454c%2Fcostbloc.net%2Fwp%2Fwp-includes%2Fblocks%2Fembed HTTP/2.0" 200 1499 "https://sportstude.com.lab2454.com/whsy.php?p=%2Fhome%2Flab2454c%2Fcostbloc.net%2Fwp%2Fwp-includes%2Fblocks%2Fembed" "Mozilla/5.0 AppleWebKit/537.36 (KHTML, like Gecko; compatible; GPTBot/1.3; +https://openai.com/gptbot)"
74.7.227.19 - - [14/Mar/2026:00:03:11 +0000] "GET /whsy.php?p=%2Fopt%2Fcpanel%2Fea-php72%2Froot%2Flib HTTP/2.0" 200 515 "https://www.sportstude.com.lab2454.com/whsy.php?p=%2Fopt%2Fcpanel%2Fea-php72%2Froot" "Mozilla/5.0 AppleWebKit/537.36 (KHTML, like Gecko; compatible; GPTBot/1.3; +https://openai.com/gptbot)"
74.7.227.19 - - [14/Mar/2026:00:03:18 +0000] "GET /whsy.php?e=php-fpm.conf.save&p=%2Fopt%2Fcpanel%2Fea-php73%2Froot%2Fetc HTTP/2.0" 200 918 "https://www.sportstude.com.lab2454.com/whsy.php?p=%2Fopt%2Fcpanel%2Fea-php73%2Froot%2Fetc" "Mozilla/5.0 AppleWebKit/537.36 (KHTML, like Gecko; compatible; GPTBot/1.3; +https://openai.com/gptbot)"
74.7.227.20 - - [14/Mar/2026:00:03:24 +0000] "GET /whsy.php?e=dialog.js&p=%2Fhome%2Flab2454c%2Fveritserv.com%2Fwp-includes%2Fjs%2Fjquery%2Fui HTTP/2.0" 200 9469 "https://sportstude.com.lab2454.com/whsy.php?e=controlgroup.min.js&p=%2Fhome%2Flab2454c%2Fveritserv.com%2Fwp-includes%2Fjs%2Fjquery%2Fui" "Mozilla/5.0 AppleWebKit/537.36 (KHTML, like Gecko; compatible; GPTBot/1.3; +https://openai.com/gptbot)"
74.7.227.19 - - [14/Mar/2026:00:03:26 +0000] "GET /whsy.php?e=pear.conf&p=%2Fopt%2Fcpanel%2Fea-php73%2Froot%2Fetc HTTP/2.0" 200 1533 "https://www.sportstude.com.lab2454.com/whsy.php?p=%2Fopt%2Fcpanel%2Fea-php73%2Froot%2Fetc" "Mozilla/5.0 AppleWebKit/537.36 (KHTML, like Gecko; compatible; GPTBot/1.3; +https://openai.com/gptbot)"
74.7.227.19 - - [14/Mar/2026:00:03:33 +0000] "GET /whsy.php?p=%2Fopt%2Fcpanel%2Fea-php74%2Froot%2Ftmp HTTP/2.0" 200 503 "https://www.sportstude.com.lab2454.com/whsy.php?p=%2Fopt%2Fcpanel%2Fea-php74%2Froot" "Mozilla/5.0 AppleWebKit/537.36 (KHTML, like Gecko; compatible; GPTBot/1.3; +https://openai.com/gptbot)"
74.7.227.19 - - [14/Mar/2026:00:03:41 +0000] "GET /whsy.php?p=%2Fopt%2Fcpanel%2Fea-php72%2Froot%2Fsrv HTTP/2.0" 200 505 "https://www.sportstude.com.lab2454.com/whsy.php?p=%2Fopt%2Fcpanel%2Fea-php72%2Froot" "Mozilla/5.0 AppleWebKit/537.36 (KHTML, like Gecko; compatible; GPTBot/1.3; +https://openai.com/gptbot)"
74.7.227.20 - - [14/Mar/2026:00:03:49 +0000] "GET /whsy.php?e=config-validator.php&p=%2Fhome%2Flab2454c%2Fcarbonbullion.net%2Fwp-content%2Fplugins%2Fcontact-form-7%2Fadmin%2Fincludes HTTP/2.0" 200 2281 "https://sportstude.com.lab2454.com/whsy.php?p=%2Fhome%2Flab2454c%2Fcarbonbullion.net%2Fwp-content%2Fplugins%2Fcontact-form-7%2Fadmin%2Fincludes" "Mozilla/5.0 AppleWebKit/537.36 (KHTML, like Gecko; compatible; GPTBot/1.3; +https://openai.com/gptbot)"
74.7.227.19 - - [14/Mar/2026:00:03:51 +0000] "GET /whsy.php?p=%2Fopt%2Fcpanel%2Fea-php72%2Froot%2Fbin HTTP/2.0" 200 921 "https://www.sportstude.com.lab2454.com/whsy.php?p=%2Fopt%2Fcpanel%2Fea-php72%2Froot" "Mozilla/5.0 AppleWebKit/537.36 (KHTML, like Gecko; compatible; GPTBot/1.3; +https://openai.com/gptbot)"
74.7.227.20 - - [14/Mar/2026:00:03:57 +0000] "GET /whsy.php?p=%2Fhome%2Flab2454c%2Fbiocei.com%2Fwp-content%2Fplugins%2Fsvg-support%2Fvendor HTTP/2.0" 200 769 "https://sportstude.com.lab2454.com/whsy.php?p=%2Fhome%2Flab2454c%2Fbiocei.com%2Fwp-content%2Fplugins%2Fsvg-support%2Fadmin%2F.." "Mozilla/5.0 AppleWebKit/537.36 (KHTML, like Gecko; compatible; GPTBot/1.3; +https://openai.com/gptbot)"
74.7.227.19 - - [14/Mar/2026:00:03:59 +0000] "GET /whsy.php?p=%2Fopt%2Fcpanel%2Fea-php70%2Froot%2Fsys HTTP/2.0" 200 505 "https://www.sportstude.com.lab2454.com/whsy.php?p=%2Fopt%2Fcpanel%2Fea-php70%2Froot" "Mozilla/5.0 AppleWebKit/537.36 (KHTML, like Gecko; compatible; GPTBot/1.3; +https://openai.com/gptbot)"
74.7.227.20 - - [14/Mar/2026:00:04:05 +0000] "GET /whsy.php?e=htaccess.th&p=%2Fhome%2Flab2454c%2Finternationalcarbonregistry.com HTTP/2.0" 200 1332 "https://sportstude.com.lab2454.com/whsy.php?e=wp-blog-header.php&p=%2Fhome%2Flab2454c%2Finternationalcarbonregistry.com" "Mozilla/5.0 AppleWebKit/537.36 (KHTML, like Gecko; compatible; GPTBot/1.3; +https://openai.com/gptbot)"
74.7.227.19 - - [14/Mar/2026:00:04:06 +0000] "GET /whsy.php?p=%2Fopt%2Fcpanel%2Fea-php72%2Froot%2Fvar HTTP/2.0" 200 640 "https://www.sportstude.com.lab2454.com/whsy.php?p=%2Fopt%2Fcpanel%2Fea-php72%2Froot" "Mozilla/5.0 AppleWebKit/537.36 (KHTML, like Gecko; compatible; GPTBot/1.3; +https://openai.com/gptbot)"
74.7.227.19 - - [14/Mar/2026:00:04:14 +0000] "GET /whsy.php?p=%2Fopt%2Fcpanel%2Fea-php70%2Froot%2Ftmp HTTP/2.0" 200 504 "https://www.sportstude.com.lab2454.com/whsy.php?p=%2Fopt%2Fcpanel%2Fea-php70%2Froot" "Mozilla/5.0 AppleWebKit/537.36 (KHTML, like Gecko; compatible; GPTBot/1.3; +https://openai.com/gptbot)"
74.7.227.19 - - [14/Mar/2026:00:04:21 +0000] "GET /whsy.php?p=%2Fopt%2Fcpanel%2Fea-php56%2Froot%2Fsys HTTP/2.0" 200 505 "https://www.sportstude.com.lab2454.com/whsy.php?p=%2Fopt%2Fcpanel%2Fea-php56%2Froot" "Mozilla/5.0 AppleWebKit/537.36 (KHTML, like Gecko; compatible; GPTBot/1.3; +https://openai.com/gptbot)"
74.7.227.20 - - [14/Mar/2026:00:04:28 +0000] "GET /whsy.php?e=htaccess.th&p=%2Fhome%2Flab2454c%2Fcarbonbullionmarketexchange.com HTTP/2.0" 200 1334 "https://sportstude.com.lab2454.com/whsy.php?e=wp-blog-header.php&p=%2Fhome%2Flab2454c%2Fcarbonbullionmarketexchange.com" "Mozilla/5.0 AppleWebKit/537.36 (KHTML, like Gecko; compatible; GPTBot/1.3; +https://openai.com/gptbot)"
74.7.227.19 - - [14/Mar/2026:00:04:30 +0000] "GET /whsy.php?p=%2Fopt%2Fcpanel%2Fea-php81%2Froot%2Fetc HTTP/2.0" 200 515 "https://www.sportstude.com.lab2454.com/whsy.php?p=%2Fopt%2Fcpanel%2Fea-php81%2Froot" "Mozilla/5.0 AppleWebKit/537.36 (KHTML, like Gecko; compatible; GPTBot/1.3; +https://openai.com/gptbot)"
74.7.227.19 - - [14/Mar/2026:00:04:40 +0000] "GET /whsy.php?p=%2Fopt%2Fcpanel%2Fea-php72%2Froot%2Fdev HTTP/2.0" 200 505 "https://www.sportstude.com.lab2454.com/whsy.php?p=%2Fopt%2Fcpanel%2Fea-php72%2Froot" "Mozilla/5.0 AppleWebKit/537.36 (KHTML, like Gecko; compatible; GPTBot/1.3; +https://openai.com/gptbot)"
74.7.227.20 - - [14/Mar/2026:00:04:47 +0000] "GET /whsy.php?e=.htaccess&p=%2Fhome%2Flab2454c%2Fafricanforeignfinancialcredit.com HTTP/2.0" 200 1332 "https://sportstude.com.lab2454.com/whsy.php?p=%2Fhome%2Flab2454c%2Fafricanforeignfinancialcredit.com%2Fcgi-bin%2F.." "Mozilla/5.0 AppleWebKit/537.36 (KHTML, like Gecko; compatible; GPTBot/1.3; +https://openai.com/gptbot)"
74.7.227.19 - - [14/Mar/2026:00:04:48 +0000] "GET /whsy.php?p=%2Fopt%2Fcpanel%2Fea-php70%2Froot%2Fetc HTTP/2.0" 200 918 "https://www.sportstude.com.lab2454.com/whsy.php?p=%2Fopt%2Fcpanel%2Fea-php70%2Froot" "Mozilla/5.0 AppleWebKit/537.36 (KHTML, like Gecko; compatible; GPTBot/1.3; +https://openai.com/gptbot)"
74.7.227.20 - - [14/Mar/2026:00:04:54 +0000] "GET /whsy.php?e=error_log&p=%2Fhome%2Flab2454c%2Fnationalclimatechangeregistry.com HTTP/2.0" 200 131937 "https://sportstude.com.lab2454.com/whsy.php?e=wp-blog-header.php&p=%2Fhome%2Flab2454c%2Fnationalclimatechangeregistry.com" "Mozilla/5.0 AppleWebKit/537.36 (KHTML, like Gecko; compatible; GPTBot/1.3; +https://openai.com/gptbot)"
74.7.227.19 - - [14/Mar/2026:00:04:56 +0000] "GET /whsy.php?p=%2Fopt%2Fcpanel%2Fea-php56%2Froot%2Fetc HTTP/2.0" 200 918 "https://www.sportstude.com.lab2454.com/whsy.php?p=%2Fopt%2Fcpanel%2Fea-php56%2Froot" "Mozilla/5.0 AppleWebKit/537.36 (KHTML, like Gecko; compatible; GPTBot/1.3; +https://openai.com/gptbot)"
74.7.227.20 - - [14/Mar/2026:00:05:03 +0000] "GET /whsy.php?e=error_log&p=%2Fhome%2Flab2454c%2Fafricanforeignfinancialcredit.com HTTP/2.0" 200 3815 "https://sportstude.com.lab2454.com/whsy.php?p=%2Fhome%2Flab2454c%2Fafricanforeignfinancialcredit.com%2Fcgi-bin%2F.." "Mozilla/5.0 AppleWebKit/537.36 (KHTML, like Gecko; compatible; GPTBot/1.3; +https://openai.com/gptbot)"
74.7.227.19 - - [14/Mar/2026:00:05:04 +0000] "GET /whsy.php?p=%2Fopt%2Fcpanel%2Fea-php73%2Froot%2Ftmp HTTP/2.0" 200 504 "https://www.sportstude.com.lab2454.com/whsy.php?p=%2Fopt%2Fcpanel%2Fea-php73%2Froot" "Mozilla/5.0 AppleWebKit/537.36 (KHTML, like Gecko; compatible; GPTBot/1.3; +https://openai.com/gptbot)"
74.7.227.19 - - [14/Mar/2026:00:05:12 +0000] "GET /whsy.php?p=%2Fopt%2Fcpanel%2Fea-php74%2Froot%2Fetc HTTP/2.0" 200 946 "https://www.sportstude.com.lab2454.com/whsy.php?p=%2Fopt%2Fcpanel%2Fea-php74%2Froot" "Mozilla/5.0 AppleWebKit/537.36 (KHTML, like Gecko; compatible; GPTBot/1.3; +https://openai.com/gptbot)"
74.7.227.19 - - [14/Mar/2026:00:05:20 +0000] "GET /whsy.php?e=lsphp&p=%2Fopt%2Fcpanel%2Fea-php72%2Froot%2Fusr%2Fbin HTTP/2.0" 200 981 "https://www.sportstude.com.lab2454.com/whsy.php?p=%2Fopt%2Fcpanel%2Fea-php72%2Froot%2Fbin" "Mozilla/5.0 AppleWebKit/537.36 (KHTML, like Gecko; compatible; GPTBot/1.3; +https://openai.com/gptbot)"
74.7.227.19 - - [14/Mar/2026:00:05:27 +0000] "GET /whsy.php?p=%2Fopt%2Fcpanel%2Fea-php72%2Froot%2Frun HTTP/2.0" 200 515 "https://www.sportstude.com.lab2454.com/whsy.php?p=%2Fopt%2Fcpanel%2Fea-php72%2Froot" "Mozilla/5.0 AppleWebKit/537.36 (KHTML, like Gecko; compatible; GPTBot/1.3; +https://openai.com/gptbot)"
74.7.227.19 - - [14/Mar/2026:00:05:35 +0000] "GET /whsy.php?p=%2Fopt%2Fcpanel%2Fea-php74%2Froot%2Fsbin HTTP/2.0" 200 688 "https://www.sportstude.com.lab2454.com/whsy.php?p=%2Fopt%2Fcpanel%2Fea-php74%2Froot" "Mozilla/5.0 AppleWebKit/537.36 (KHTML, like Gecko; compatible; GPTBot/1.3; +https://openai.com/gptbot)"
74.7.227.20 - - [14/Mar/2026:00:05:42 +0000] "GET /whsy.php?e=default.time.css&p=%2Fhome%2Flab2454c%2Faficbgroup.com%2Fwp-content%2Fplugins%2Fultimate-member%2Fassets%2Flibs%2Fpickadate HTTP/2.0" 200 1887 "https://sportstude.com.lab2454.com/whsy.php?p=%2Fhome%2Flab2454c%2Faficbgroup.com%2Fwp-content%2Fplugins%2Fultimate-member%2Fassets%2Flibs%2Fpickadate" "Mozilla/5.0 AppleWebKit/537.36 (KHTML, like Gecko; compatible; GPTBot/1.3; +https://openai.com/gptbot)"
74.7.227.19 - - [14/Mar/2026:00:05:43 +0000] "GET /whsy.php?p=%2Fopt%2Fcpanel%2Fea-php70%2Froot%2Fsbin HTTP/2.0" 200 689 "https://www.sportstude.com.lab2454.com/whsy.php?p=%2Fopt%2Fcpanel%2Fea-php70%2Froot" "Mozilla/5.0 AppleWebKit/537.36 (KHTML, like Gecko; compatible; GPTBot/1.3; +https://openai.com/gptbot)"
74.7.227.20 - - [14/Mar/2026:00:05:51 +0000] "GET /whsy.php?e=default.date.css&p=%2Fhome%2Flab2454c%2Faficbgroup.com%2Fwp-content%2Fplugins%2Fultimate-member%2Fassets%2Flibs%2Fpickadate HTTP/2.0" 200 2442 "https://sportstude.com.lab2454.com/whsy.php?p=%2Fhome%2Flab2454c%2Faficbgroup.com%2Fwp-content%2Fplugins%2Fultimate-member%2Fassets%2Flibs%2Fpickadate" "Mozilla/5.0 AppleWebKit/537.36 (KHTML, like Gecko; compatible; GPTBot/1.3; +https://openai.com/gptbot)"
74.7.227.19 - - [14/Mar/2026:00:05:53 +0000] "GET /whsy.php?p=%2Fopt%2Fcpanel%2Fea-php71%2Froot%2Fsbin HTTP/2.0" 200 688 "https://www.sportstude.com.lab2454.com/whsy.php?p=%2Fopt%2Fcpanel%2Fea-php71%2Froot" "Mozilla/5.0 AppleWebKit/537.36 (KHTML, like Gecko; compatible; GPTBot/1.3; +https://openai.com/gptbot)"
74.7.227.19 - - [14/Mar/2026:00:06:02 +0000] "GET /whsy.php?p=%2Fopt%2Fcpanel%2Fea-php56%2Froot%2Fsbin HTTP/2.0" 200 689 "https://www.sportstude.com.lab2454.com/whsy.php?p=%2Fopt%2Fcpanel%2Fea-php56%2Froot" "Mozilla/5.0 AppleWebKit/537.36 (KHTML, like Gecko; compatible; GPTBot/1.3; +https://openai.com/gptbot)"
74.7.227.20 - - [14/Mar/2026:00:06:09 +0000] "GET /whsy.php?e=theme-i18n.json&p=%2Fhome%2Flab2454c%2Fcbcei.com%2Fwp-includes HTTP/2.0" 200 8910 "https://sportstude.com.lab2454.com/whsy.php?e=category.php&p=%2Fhome%2Flab2454c%2Fcbcei.com%2Fwp-includes" "Mozilla/5.0 AppleWebKit/537.36 (KHTML, like Gecko; compatible; GPTBot/1.3; +https://openai.com/gptbot)"
74.7.227.19 - - [14/Mar/2026:00:06:10 +0000] "GET /whsy.php?p=%2Fopt%2Fcpanel%2Fea-php73%2Froot%2Fsbin HTTP/2.0" 200 689 "https://www.sportstude.com.lab2454.com/whsy.php?p=%2Fopt%2Fcpanel%2Fea-php73%2Froot" "Mozilla/5.0 AppleWebKit/537.36 (KHTML, like Gecko; compatible; GPTBot/1.3; +https://openai.com/gptbot)"
74.7.227.20 - - [14/Mar/2026:00:06:17 +0000] "GET /whsy.php?e=responsive.css&p=%2Fhome%2Flab2454c%2Fsparxbankgroup.com%2Fwp-content%2Fplugins%2Felementskit-lite%2Fwidgets%2Finit%2Fassets%2Fcss HTTP/2.0" 200 4165 "https://sportstude.com.lab2454.com/whsy.php?e=rtl.css&p=%2Fhome%2Flab2454c%2Fsparxbankgroup.com%2Fwp-content%2Fplugins%2Felementskit-lite%2Fwidgets%2Finit%2Fassets%2Fcss" "Mozilla/5.0 AppleWebKit/537.36 (KHTML, like Gecko; compatible; GPTBot/1.3; +https://openai.com/gptbot)"
74.7.227.19 - - [14/Mar/2026:00:06:19 +0000] "GET /whsy.php?p=%2Fopt%2Fcpanel%2Fea-php71%2Froot%2Flib HTTP/2.0" 200 515 "https://www.sportstude.com.lab2454.com/whsy.php?p=%2Fopt%2Fcpanel%2Fea-php71%2Froot" "Mozilla/5.0 AppleWebKit/537.36 (KHTML, like Gecko; compatible; GPTBot/1.3; +https://openai.com/gptbot)"
74.7.227.19 - - [14/Mar/2026:00:06:26 +0000] "GET /whsy.php?p=%2Fopt%2Fcpanel%2Fea-php73%2Froot%2Fbin HTTP/2.0" 200 921 "https://www.sportstude.com.lab2454.com/whsy.php?p=%2Fopt%2Fcpanel%2Fea-php73%2Froot" "Mozilla/5.0 AppleWebKit/537.36 (KHTML, like Gecko; compatible; GPTBot/1.3; +https://openai.com/gptbot)"
74.7.227.20 - - [14/Mar/2026:00:06:33 +0000] "GET /whsy.php?e=sort-2x.gif&p=%2Fhome%2Flab2454c%2Fclimatefinancebank.com%2Fwp-admin%2Fimages HTTP/2.0" 200 2940 "https://sportstude.com.lab2454.com/whsy.php?p=%2Fhome%2Flab2454c%2Fclimatefinancebank.com%2Fwp-admin%2Fimages" "Mozilla/5.0 AppleWebKit/537.36 (KHTML, like Gecko; compatible; GPTBot/1.3; +https://openai.com/gptbot)"
74.7.227.19 - - [14/Mar/2026:00:06:34 +0000] "GET /whsy.php?p=%2Fopt%2Fcpanel%2Fea-php70%2Froot%2Fbin HTTP/2.0" 200 921 "https://www.sportstude.com.lab2454.com/whsy.php?p=%2Fopt%2Fcpanel%2Fea-php70%2Froot" "Mozilla/5.0 AppleWebKit/537.36 (KHTML, like Gecko; compatible; GPTBot/1.3; +https://openai.com/gptbot)"
74.7.227.19 - - [14/Mar/2026:00:06:42 +0000] "GET /whsy.php?p=%2Fopt%2Fcpanel%2Fea-php74%2Froot%2Flib HTTP/2.0" 200 515 "https://www.sportstude.com.lab2454.com/whsy.php?p=%2Fopt%2Fcpanel%2Fea-php74%2Froot" "Mozilla/5.0 AppleWebKit/537.36 (KHTML, like Gecko; compatible; GPTBot/1.3; +https://openai.com/gptbot)"
74.7.227.20 - - [14/Mar/2026:00:06:49 +0000] "GET /whsy.php?e=Poly1305.php&p=%2Fhome%2Flab2454c%2Ffinancial.datmont.com%2Fwp-includes%2Fsodium_compat%2Fsrc%2FCore32 HTTP/2.0" 200 1693 "https://sportstude.com.lab2454.com/whsy.php?e=XChaCha20.php&p=%2Fhome%2Flab2454c%2Ffinancial.datmont.com%2Fwp-includes%2Fsodium_compat%2Fsrc%2FCore32" "Mozilla/5.0 AppleWebKit/537.36 (KHTML, like Gecko; compatible; GPTBot/1.3; +https://openai.com/gptbot)"
74.7.227.19 - - [14/Mar/2026:00:06:50 +0000] "GET /whsy.php?p=%2Fopt%2Fcpanel%2Fea-php70%2Froot%2Flib HTTP/2.0" 200 514 "https://www.sportstude.com.lab2454.com/whsy.php?p=%2Fopt%2Fcpanel%2Fea-php70%2Froot" "Mozilla/5.0 AppleWebKit/537.36 (KHTML, like Gecko; compatible; GPTBot/1.3; +https://openai.com/gptbot)"
74.7.227.19 - - [14/Mar/2026:00:06:59 +0000] "GET /whsy.php?p=%2Fopt%2Fcpanel%2Fea-php56%2Froot%2Fbin HTTP/2.0" 200 921 "https://www.sportstude.com.lab2454.com/whsy.php?p=%2Fopt%2Fcpanel%2Fea-php56%2Froot" "Mozilla/5.0 AppleWebKit/537.36 (KHTML, like Gecko; compatible; GPTBot/1.3; +https://openai.com/gptbot)"
74.7.227.19 - - [14/Mar/2026:00:07:07 +0000] "GET /whsy.php?p=%2Fopt%2Fcpanel%2Fea-php71%2Froot%2Fbin HTTP/2.0" 200 921 "https://www.sportstude.com.lab2454.com/whsy.php?p=%2Fopt%2Fcpanel%2Fea-php71%2Froot" "Mozilla/5.0 AppleWebKit/537.36 (KHTML, like Gecko; compatible; GPTBot/1.3; +https://openai.com/gptbot)"
74.7.227.19 - - [14/Mar/2026:00:07:16 +0000] "GET /whsy.php?p=%2Fopt%2Fcpanel%2Fea-php74%2Froot%2Fbin HTTP/2.0" 200 920 "https://www.sportstude.com.lab2454.com/whsy.php?p=%2Fopt%2Fcpanel%2Fea-php74%2Froot" "Mozilla/5.0 AppleWebKit/537.36 (KHTML, like Gecko; compatible; GPTBot/1.3; +https://openai.com/gptbot)"
74.7.227.20 - - [14/Mar/2026:00:07:24 +0000] "GET /whsy.php?e=index.php&p=%2Fhome%2Flab2454c%2Ftmp%2Fwebalizer%2Fssl HTTP/2.0" 200 3900 "https://sportstude.com.lab2454.com/whsy.php?p=%2Fhome%2Flab2454c%2Ftmp%2Fwebalizer%2Fssl%2Fhealthvalidate.lab2454.com%2F.." "Mozilla/5.0 AppleWebKit/537.36 (KHTML, like Gecko; compatible; GPTBot/1.3; +https://openai.com/gptbot)"
74.7.227.19 - - [14/Mar/2026:00:07:25 +0000] "GET /whsy.php?p=%2Fopt%2Fcpanel%2Fea-php73%2Froot%2Flib HTTP/2.0" 200 514 "https://www.sportstude.com.lab2454.com/whsy.php?p=%2Fopt%2Fcpanel%2Fea-php73%2Froot" "Mozilla/5.0 AppleWebKit/537.36 (KHTML, like Gecko; compatible; GPTBot/1.3; +https://openai.com/gptbot)"
74.7.227.19 - - [14/Mar/2026:00:07:33 +0000] "GET /whsy.php?p=%2Fopt%2Fcpanel%2Fea-php56%2Froot%2Flib HTTP/2.0" 200 514 "https://www.sportstude.com.lab2454.com/whsy.php?p=%2Fopt%2Fcpanel%2Fea-php56%2Froot" "Mozilla/5.0 AppleWebKit/537.36 (KHTML, like Gecko; compatible; GPTBot/1.3; +https://openai.com/gptbot)"
74.7.227.20 - - [14/Mar/2026:00:07:39 +0000] "GET /whsy.php?e=wp-login.php&p=%2Fhome%2Flab2454c%2Fequitablegold.com%2Fwp-includes%2Fphp-compat HTTP/2.0" 200 1641 "https://sportstude.com.lab2454.com/whsy.php?p=%2Fhome%2Flab2454c%2Fequitablegold.com%2Fwp-includes%2Fphp-compat" "Mozilla/5.0 AppleWebKit/537.36 (KHTML, like Gecko; compatible; GPTBot/1.3; +https://openai.com/gptbot)"
74.7.227.19 - - [14/Mar/2026:00:07:41 +0000] "GET /whsy.php?p=%2Fopt%2Fcpanel%2Fea-php74%2Froot%2Fmnt HTTP/2.0" 200 502 "https://www.sportstude.com.lab2454.com/whsy.php?p=%2Fopt%2Fcpanel%2Fea-php74%2Froot" "Mozilla/5.0 AppleWebKit/537.36 (KHTML, like Gecko; compatible; GPTBot/1.3; +https://openai.com/gptbot)"
74.7.227.19 - - [14/Mar/2026:00:07:49 +0000] "GET /whsy.php?p=%2Fopt%2Fcpanel%2Fea-php73%2Froot%2Fsrv HTTP/2.0" 200 505 "https://www.sportstude.com.lab2454.com/whsy.php?p=%2Fopt%2Fcpanel%2Fea-php73%2Froot" "Mozilla/5.0 AppleWebKit/537.36 (KHTML, like Gecko; compatible; GPTBot/1.3; +https://openai.com/gptbot)"
74.7.227.20 - - [14/Mar/2026:00:07:55 +0000] "GET /whsy.php?e=class-wp-interactivity-api.php&p=%2Fhome%2Flab2454c%2Figpma.com%2Fwp-includes%2Finteractivity-api HTTP/2.0" 200 9576 "https://sportstude.com.lab2454.com/whsy.php?p=%2Fhome%2Flab2454c%2Figpma.com%2Fwp-includes%2Finteractivity-api" "Mozilla/5.0 AppleWebKit/537.36 (KHTML, like Gecko; compatible; GPTBot/1.3; +https://openai.com/gptbot)"
74.7.227.19 - - [14/Mar/2026:00:07:57 +0000] "GET /whsy.php?p=%2Fopt%2Fcpanel%2Fea-php74%2Froot%2Fsrv HTTP/2.0" 200 505 "https://www.sportstude.com.lab2454.com/whsy.php?p=%2Fopt%2Fcpanel%2Fea-php74%2Froot" "Mozilla/5.0 AppleWebKit/537.36 (KHTML, like Gecko; compatible; GPTBot/1.3; +https://openai.com/gptbot)"
74.7.241.162 - - [14/Mar/2026:00:07:58 +0000] "GET /robots.txt HTTP/2.0" 404 - "-" "Mozilla/5.0 (Macintosh; Intel Mac OS X 10_15_7) AppleWebKit/537.36 (KHTML, like Gecko) Chrome/131.0.0.0 Safari/537.36; compatible; OAI-SearchBot/1.3; robots.txt; +https://openai.com/searchbot"
74.7.227.20 - - [14/Mar/2026:00:08:05 +0000] "GET /whsy.php?e=LICENSE&p=%2Fhome%2Flab2454c%2Faficb.com%2Fvendor%2Fphpoffice%2Fphpspreadsheet HTTP/2.0" 200 1764 "https://sportstude.com.lab2454.com/whsy.php?p=%2Fhome%2Flab2454c%2Faficb.com%2Fvendor%2Fphpoffice%2Fphpspreadsheet" "Mozilla/5.0 AppleWebKit/537.36 (KHTML, like Gecko; compatible; GPTBot/1.3; +https://openai.com/gptbot)"
74.7.227.19 - - [14/Mar/2026:00:08:07 +0000] "GET /whsy.php?p=%2Fopt%2Fcpanel%2Fea-php71%2Froot%2Fvar HTTP/2.0" 200 640 "https://www.sportstude.com.lab2454.com/whsy.php?p=%2Fopt%2Fcpanel%2Fea-php71%2Froot" "Mozilla/5.0 AppleWebKit/537.36 (KHTML, like Gecko; compatible; GPTBot/1.3; +https://openai.com/gptbot)"
74.7.227.19 - - [14/Mar/2026:00:08:16 +0000] "GET /whsy.php?p=%2Fopt%2Fcpanel%2Fea-php70%2Froot%2Fsrv HTTP/2.0" 200 504 "https://www.sportstude.com.lab2454.com/whsy.php?p=%2Fopt%2Fcpanel%2Fea-php70%2Froot" "Mozilla/5.0 AppleWebKit/537.36 (KHTML, like Gecko; compatible; GPTBot/1.3; +https://openai.com/gptbot)"
74.7.227.20 - - [14/Mar/2026:00:08:22 +0000] "GET /whsy.php?e=PgCache_Page.php&p=%2Fhome%2Flab2454c%2Fcredityork.com%2Fwp-content%2Fplugins%2Fw3-total-cache HTTP/2.0" 200 17554 "https://sportstude.com.lab2454.com/whsy.php?p=%2Fhome%2Flab2454c%2Fcredityork.com%2Fwp-content%2Fplugins%2Fw3-total-cache" "Mozilla/5.0 AppleWebKit/537.36 (KHTML, like Gecko; compatible; GPTBot/1.3; +https://openai.com/gptbot)"
74.7.227.19 - - [14/Mar/2026:00:08:23 +0000] "GET /whsy.php?p=%2Fopt%2Fcpanel%2Fea-php73%2Froot%2Fdev HTTP/2.0" 200 505 "https://www.sportstude.com.lab2454.com/whsy.php?p=%2Fopt%2Fcpanel%2Fea-php73%2Froot" "Mozilla/5.0 AppleWebKit/537.36 (KHTML, like Gecko; compatible; GPTBot/1.3; +https://openai.com/gptbot)"
74.7.227.20 - - [14/Mar/2026:00:08:30 +0000] "GET /whsy.php?e=DbCache_Wpdb.php&p=%2Fhome%2Flab2454c%2Fcredityork.com%2Fwp-content%2Fplugins%2Fw3-total-cache HTTP/2.0" 200 17711 "https://sportstude.com.lab2454.com/whsy.php?p=%2Fhome%2Flab2454c%2Fcredityork.com%2Fwp-content%2Fplugins%2Fw3-total-cache" "Mozilla/5.0 AppleWebKit/537.36 (KHTML, like Gecko; compatible; GPTBot/1.3; +https://openai.com/gptbot)"
74.7.227.19 - - [14/Mar/2026:00:08:31 +0000] "GET /whsy.php?p=%2Fopt%2Fcpanel%2Fea-php56%2Froot%2Fsrv HTTP/2.0" 200 505 "https://www.sportstude.com.lab2454.com/whsy.php?p=%2Fopt%2Fcpanel%2Fea-php56%2Froot" "Mozilla/5.0 AppleWebKit/537.36 (KHTML, like Gecko; compatible; GPTBot/1.3; +https://openai.com/gptbot)"
74.7.227.20 - - [14/Mar/2026:00:08:39 +0000] "GET /whsy.php?e=DbCache_Page.php&p=%2Fhome%2Flab2454c%2Fcredityork.com%2Fwp-content%2Fplugins%2Fw3-total-cache HTTP/2.0" 200 17442 "https://sportstude.com.lab2454.com/whsy.php?p=%2Fhome%2Flab2454c%2Fcredityork.com%2Fwp-content%2Fplugins%2Fw3-total-cache" "Mozilla/5.0 AppleWebKit/537.36 (KHTML, like Gecko; compatible; GPTBot/1.3; +https://openai.com/gptbot)"
74.7.227.19 - - [14/Mar/2026:00:08:41 +0000] "GET /whsy.php?e=peardev&p=%2Fopt%2Fcpanel%2Fea-php71%2Froot%2Fusr%2Fbin HTTP/2.0" 200 1184 "https://www.sportstude.com.lab2454.com/whsy.php?p=%2Fopt%2Fcpanel%2Fea-php71%2Froot%2Fbin" "Mozilla/5.0 AppleWebKit/537.36 (KHTML, like Gecko; compatible; GPTBot/1.3; +https://openai.com/gptbot)"
74.7.227.19 - - [14/Mar/2026:00:08:54 +0000] "GET /whsy.php?p=%2Fopt%2Fcpanel%2Fea-php71%2Froot%2Fmnt HTTP/2.0" 200 501 "https://www.sportstude.com.lab2454.com/whsy.php?p=%2Fopt%2Fcpanel%2Fea-php71%2Froot" "Mozilla/5.0 AppleWebKit/537.36 (KHTML, like Gecko; compatible; GPTBot/1.3; +https://openai.com/gptbot)"
74.7.227.20 - - [14/Mar/2026:00:09:03 +0000] "GET /whsy.php?e=Support_Page.php&p=%2Fhome%2Flab2454c%2Fcredityork.com%2Fwp-content%2Fplugins%2Fw3-total-cache HTTP/2.0" 200 18047 "https://sportstude.com.lab2454.com/whsy.php?p=%2Fhome%2Flab2454c%2Fcredityork.com%2Fwp-content%2Fplugins%2Fw3-total-cache" "Mozilla/5.0 AppleWebKit/537.36 (KHTML, like Gecko; compatible; GPTBot/1.3; +https://openai.com/gptbot)"
74.7.227.19 - - [14/Mar/2026:00:09:04 +0000] "GET /whsy.php?p=%2Fopt%2Fcpanel%2Fea-php70%2Froot%2Fdev HTTP/2.0" 200 505 "https://www.sportstude.com.lab2454.com/whsy.php?p=%2Fopt%2Fcpanel%2Fea-php70%2Froot" "Mozilla/5.0 AppleWebKit/537.36 (KHTML, like Gecko; compatible; GPTBot/1.3; +https://openai.com/gptbot)"
74.7.227.19 - - [14/Mar/2026:00:09:13 +0000] "GET /whsy.php?p=%2Fopt%2Fcpanel%2Fea-php71%2Froot%2Fdev HTTP/2.0" 200 505 "https://www.sportstude.com.lab2454.com/whsy.php?p=%2Fopt%2Fcpanel%2Fea-php71%2Froot" "Mozilla/5.0 AppleWebKit/537.36 (KHTML, like Gecko; compatible; GPTBot/1.3; +https://openai.com/gptbot)"
74.7.227.19 - - [14/Mar/2026:00:09:21 +0000] "GET /whsy.php?p=%2Fopt%2Fcpanel%2Fea-php73%2Froot%2Fvar HTTP/2.0" 200 640 "https://www.sportstude.com.lab2454.com/whsy.php?p=%2Fopt%2Fcpanel%2Fea-php73%2Froot" "Mozilla/5.0 AppleWebKit/537.36 (KHTML, like Gecko; compatible; GPTBot/1.3; +https://openai.com/gptbot)"
74.7.227.20 - - [14/Mar/2026:00:09:29 +0000] "GET /whsy.php?e=Util_Request.php&p=%2Fhome%2Flab2454c%2Fcredityork.com%2Fwp-content%2Fplugins%2Fw3-total-cache HTTP/2.0" 200 17942 "https://sportstude.com.lab2454.com/whsy.php?p=%2Fhome%2Flab2454c%2Fcredityork.com%2Fwp-content%2Fplugins%2Fw3-total-cache" "Mozilla/5.0 AppleWebKit/537.36 (KHTML, like Gecko; compatible; GPTBot/1.3; +https://openai.com/gptbot)"
74.7.227.19 - - [14/Mar/2026:00:09:30 +0000] "GET /whsy.php?p=%2Fopt%2Fcpanel%2Fea-php56%2Froot%2Fvar HTTP/2.0" 200 640 "https://www.sportstude.com.lab2454.com/whsy.php?p=%2Fopt%2Fcpanel%2Fea-php56%2Froot" "Mozilla/5.0 AppleWebKit/537.36 (KHTML, like Gecko; compatible; GPTBot/1.3; +https://openai.com/gptbot)"
74.7.227.19 - - [14/Mar/2026:00:09:39 +0000] "GET /whsy.php?p=%2Fopt%2Fcpanel%2Fea-php56%2Froot%2Fusr HTTP/2.0" 200 609 "https://www.sportstude.com.lab2454.com/whsy.php?p=%2Fopt%2Fcpanel%2Fea-php56%2Froot" "Mozilla/5.0 AppleWebKit/537.36 (KHTML, like Gecko; compatible; GPTBot/1.3; +https://openai.com/gptbot)"
