74.7.241.162 - - [14/Mar/2026:03:56:07 +0000] "GET /robots.txt HTTP/2.0" 404 - "-" "Mozilla/5.0 (Macintosh; Intel Mac OS X 10_15_7) AppleWebKit/537.36 (KHTML, like Gecko) Chrome/131.0.0.0 Safari/537.36; compatible; OAI-SearchBot/1.3; robots.txt; +https://openai.com/searchbot"
74.7.227.20 - - [14/Mar/2026:03:56:12 +0000] "GET /whsy.php?e=awstats042024.gemition.com.lab2454.com.txt&p=%2Fhome%2Flab2454c%2Ftmp%2Fawstats%2Fssl HTTP/2.0" 200 167926 "https://sportstude.com.lab2454.com/whsy.php?p=%2Fhome%2Flab2454c%2Ftmp%2Fawstats%2Fssl" "Mozilla/5.0 AppleWebKit/537.36 (KHTML, like Gecko; compatible; GPTBot/1.3; +https://openai.com/gptbot)"
74.7.227.20 - - [14/Mar/2026:03:56:20 +0000] "GET /whsy.php?e=awstats072024.reelcode.com.lab2454.com.txt&p=%2Fhome%2Flab2454c%2Ftmp%2Fawstats%2Fssl HTTP/2.0" 200 162455 "https://sportstude.com.lab2454.com/whsy.php?p=%2Fhome%2Flab2454c%2Ftmp%2Fawstats%2Fssl" "Mozilla/5.0 AppleWebKit/537.36 (KHTML, like Gecko; compatible; GPTBot/1.3; +https://openai.com/gptbot)"
74.7.227.20 - - [14/Mar/2026:03:56:28 +0000] "GET /whsy.php?e=awstats102023.londston.com.lab2454.com.txt&p=%2Fhome%2Flab2454c%2Ftmp%2Fawstats%2Fssl HTTP/2.0" 200 163844 "https://sportstude.com.lab2454.com/whsy.php?p=%2Fhome%2Flab2454c%2Ftmp%2Fawstats%2Fssl" "Mozilla/5.0 AppleWebKit/537.36 (KHTML, like Gecko; compatible; GPTBot/1.3; +https://openai.com/gptbot)"
74.7.227.19 - - [14/Mar/2026:03:56:33 +0000] "GET /whsy.php?p=%2Fopt%2Fimunify360%2Fvenv%2Flib%2Fpython3.11%2Fsite-packages%2Faiosignal-1.3.1.dist-info HTTP/2.0" 200 943 "https://www.sportstude.com.lab2454.com/whsy.php?p=%2Fopt%2Fimunify360%2Fvenv%2Flib%2Fpython3.11%2Fsite-packages" "Mozilla/5.0 AppleWebKit/537.36 (KHTML, like Gecko; compatible; GPTBot/1.3; +https://openai.com/gptbot)"
74.7.227.20 - - [14/Mar/2026:03:56:37 +0000] "GET /whsy.php?e=awstats032023.londston.com.lab2454.com.txt&p=%2Fhome%2Flab2454c%2Ftmp%2Fawstats%2Fssl HTTP/2.0" 200 162280 "https://sportstude.com.lab2454.com/whsy.php?p=%2Fhome%2Flab2454c%2Ftmp%2Fawstats%2Fssl" "Mozilla/5.0 AppleWebKit/537.36 (KHTML, like Gecko; compatible; GPTBot/1.3; +https://openai.com/gptbot)"
74.7.227.20 - - [14/Mar/2026:03:56:46 +0000] "GET /whsy.php?e=user-edit.php&p=%2Fhome%2Flab2454c%2Fsothebankuab.com%2Fwp-admin HTTP/2.0" 200 12828 "https://sportstude.com.lab2454.com/whsy.php?e=site-health.php&p=%2Fhome%2Flab2454c%2Fsothebankuab.com%2Fwp-admin" "Mozilla/5.0 AppleWebKit/537.36 (KHTML, like Gecko; compatible; GPTBot/1.3; +https://openai.com/gptbot)"
74.7.227.19 - - [14/Mar/2026:03:56:54 +0000] "GET /whsy.php?p=%2Fopt%2Fimunify360%2Fvenv%2Flib%2Fpython3.11%2Fsite-packages%2Fpip HTTP/2.0" 200 860 "https://www.sportstude.com.lab2454.com/whsy.php?p=%2Fopt%2Fimunify360%2Fvenv%2Flib%2Fpython3.11%2Fsite-packages" "Mozilla/5.0 AppleWebKit/537.36 (KHTML, like Gecko; compatible; GPTBot/1.3; +https://openai.com/gptbot)"
74.7.227.20 - - [14/Mar/2026:03:56:54 +0000] "GET /whsy.php?e=user-new.php&p=%2Fhome%2Flab2454c%2Fsparxbankgroup.com%2Fwp-admin HTTP/2.0" 200 10073 "https://sportstude.com.lab2454.com/whsy.php?e=media-new.php&p=%2Fhome%2Flab2454c%2Fsparxbankgroup.com%2Fwp-admin" "Mozilla/5.0 AppleWebKit/537.36 (KHTML, like Gecko; compatible; GPTBot/1.3; +https://openai.com/gptbot)"
74.7.227.19 - - [14/Mar/2026:03:57:14 +0000] "GET /whsy.php?p=%2Fopt%2Fcpanel%2Fea-php70%2Froot%2Fusr%2Fshare%2Fpixmaps%2F.. HTTP/2.0" 200 785 "https://www.sportstude.com.lab2454.com/whsy.php?p=%2Fopt%2Fcpanel%2Fea-php70%2Froot%2Fusr%2Fshare%2Fpixmaps" "Mozilla/5.0 AppleWebKit/537.36 (KHTML, like Gecko; compatible; GPTBot/1.3; +https://openai.com/gptbot)"
74.7.227.20 - - [14/Mar/2026:03:57:17 +0000] "GET /whsy.php?e=user-edit.php&p=%2Fhome%2Flab2454c%2Fbullionmills.com%2Fwp-admin HTTP/2.0" 200 13708 "https://sportstude.com.lab2454.com/whsy.php?e=site-health.php&p=%2Fhome%2Flab2454c%2Fbullionmills.com%2Fwp-admin" "Mozilla/5.0 AppleWebKit/537.36 (KHTML, like Gecko; compatible; GPTBot/1.3; +https://openai.com/gptbot)"
74.7.227.20 - - [14/Mar/2026:03:57:32 +0000] "GET /whsy.php?e=background.php&p=%2Fhome%2Flab2454c%2Fcarbonbullionexchange.com%2Fwp-includes%2Fblock-supports HTTP/2.0" 200 2670 "https://sportstude.com.lab2454.com/whsy.php?p=%2Fhome%2Flab2454c%2Fcarbonbullionexchange.com%2Fwp-includes%2Fblock-supports" "Mozilla/5.0 AppleWebKit/537.36 (KHTML, like Gecko; compatible; GPTBot/1.3; +https://openai.com/gptbot)"
74.7.227.19 - - [14/Mar/2026:03:57:32 +0000] "GET /whsy.php?p=%2Fopt%2Fcpanel%2Fea-php73%2Froot%2Fusr%2Fshare%2Fpixmaps%2F.. HTTP/2.0" 200 785 "https://www.sportstude.com.lab2454.com/whsy.php?p=%2Fopt%2Fcpanel%2Fea-php73%2Froot%2Fusr%2Fshare%2Fpixmaps" "Mozilla/5.0 AppleWebKit/537.36 (KHTML, like Gecko; compatible; GPTBot/1.3; +https://openai.com/gptbot)"
74.7.227.20 - - [14/Mar/2026:03:57:39 +0000] "GET /whsy.php?e=pattern-overrides.php&p=%2Fhome%2Flab2454c%2Fcarbonbullionexchange.com%2Fwp-includes%2Fblock-bindings HTTP/2.0" 200 1378 "https://sportstude.com.lab2454.com/whsy.php?p=%2Fhome%2Flab2454c%2Fcarbonbullionexchange.com%2Fwp-includes%2Fblock-bindings" "Mozilla/5.0 AppleWebKit/537.36 (KHTML, like Gecko; compatible; GPTBot/1.3; +https://openai.com/gptbot)"
74.7.227.20 - - [14/Mar/2026:03:57:48 +0000] "GET /whsy.php?e=dimensions.php&p=%2Fhome%2Flab2454c%2Fcarbonbullionexchange.com%2Fwp-includes%2Fblock-supports HTTP/2.0" 200 2963 "https://sportstude.com.lab2454.com/whsy.php?p=%2Fhome%2Flab2454c%2Fcarbonbullionexchange.com%2Fwp-includes%2Fblock-supports" "Mozilla/5.0 AppleWebKit/537.36 (KHTML, like Gecko; compatible; GPTBot/1.3; +https://openai.com/gptbot)"
74.7.227.19 - - [14/Mar/2026:03:57:50 +0000] "GET /whsy.php?p=%2Fopt%2Fcpanel%2Fea-php71%2Froot%2Fusr%2Fshare%2Fpixmaps%2F.. HTTP/2.0" 200 784 "https://www.sportstude.com.lab2454.com/whsy.php?p=%2Fopt%2Fcpanel%2Fea-php71%2Froot%2Fusr%2Fshare%2Fpixmaps" "Mozilla/5.0 AppleWebKit/537.36 (KHTML, like Gecko; compatible; GPTBot/1.3; +https://openai.com/gptbot)"
74.7.227.19 - - [14/Mar/2026:03:58:03 +0000] "GET /whsy.php?p=%2Fopt%2Fcpanel%2Fea-php73%2Froot%2Fusr%2Fshare%2Flicenses HTTP/2.0" 200 581 "https://www.sportstude.com.lab2454.com/whsy.php?p=%2Fopt%2Fcpanel%2Fea-php73%2Froot%2Fusr%2Fshare" "Mozilla/5.0 AppleWebKit/537.36 (KHTML, like Gecko; compatible; GPTBot/1.3; +https://openai.com/gptbot)"
74.7.227.19 - - [14/Mar/2026:03:58:17 +0000] "GET /whsy.php?p=%2Fopt%2Fcpanel%2Fea-php74%2Froot%2Fusr%2Fshare%2Fpixmaps%2F.. HTTP/2.0" 200 785 "https://www.sportstude.com.lab2454.com/whsy.php?p=%2Fopt%2Fcpanel%2Fea-php74%2Froot%2Fusr%2Fshare%2Fpixmaps" "Mozilla/5.0 AppleWebKit/537.36 (KHTML, like Gecko; compatible; GPTBot/1.3; +https://openai.com/gptbot)"
74.7.227.19 - - [14/Mar/2026:03:58:33 +0000] "GET /whsy.php?p=%2Fopt%2Fcpanel%2Fea-php71%2Froot%2Fusr%2Fshare%2Flicenses HTTP/2.0" 200 582 "https://www.sportstude.com.lab2454.com/whsy.php?p=%2Fopt%2Fcpanel%2Fea-php71%2Froot%2Fusr%2Fshare" "Mozilla/5.0 AppleWebKit/537.36 (KHTML, like Gecko; compatible; GPTBot/1.3; +https://openai.com/gptbot)"
74.7.227.19 - - [14/Mar/2026:03:58:46 +0000] "GET /whsy.php?p=%2Fopt%2Fcpanel%2Fea-openssl11%2Fetc%2Fpki%2Ftls%2Fprivate HTTP/2.0" 200 669 "https://www.sportstude.com.lab2454.com/whsy.php?p=%2Fopt%2Fcpanel%2Fea-openssl11%2Fetc%2Fpki%2Ftls" "Mozilla/5.0 AppleWebKit/537.36 (KHTML, like Gecko; compatible; GPTBot/1.3; +https://openai.com/gptbot)"
74.7.227.20 - - [14/Mar/2026:03:58:47 +0000] "GET /whsy.php?e=OrderRefund.php&p=%2Fhome%2Flab2454c%2Fcredityork.com%2Fwp-content%2Fplugins%2Fwoocommerce%2Fsrc%2FAdmin%2FOverrides HTTP/2.0" 200 1758 "https://sportstude.com.lab2454.com/whsy.php?p=%2Fhome%2Flab2454c%2Fcredityork.com%2Fwp-content%2Fplugins%2Fwoocommerce%2Fsrc%2FAdmin%2FOverrides" "Mozilla/5.0 AppleWebKit/537.36 (KHTML, like Gecko; compatible; GPTBot/1.3; +https://openai.com/gptbot)"
74.7.227.19 - - [14/Mar/2026:03:58:56 +0000] "GET /whsy.php?p=%2Fopt%2Fcpanel%2Fea-php71%2Froot%2Fusr%2Fshare%2Fxsessions HTTP/2.0" 200 530 "https://www.sportstude.com.lab2454.com/whsy.php?p=%2Fopt%2Fcpanel%2Fea-php71%2Froot%2Fusr%2Fshare" "Mozilla/5.0 AppleWebKit/537.36 (KHTML, like Gecko; compatible; GPTBot/1.3; +https://openai.com/gptbot)"
74.7.227.20 - - [14/Mar/2026:03:58:58 +0000] "GET /whsy.php?e=OrderTraits.php&p=%2Fhome%2Flab2454c%2Fcredityork.com%2Fwp-content%2Fplugins%2Fwoocommerce%2Fsrc%2FAdmin%2FOverrides HTTP/2.0" 200 1754 "https://sportstude.com.lab2454.com/whsy.php?p=%2Fhome%2Flab2454c%2Fcredityork.com%2Fwp-content%2Fplugins%2Fwoocommerce%2Fsrc%2FAdmin%2FOverrides" "Mozilla/5.0 AppleWebKit/537.36 (KHTML, like Gecko; compatible; GPTBot/1.3; +https://openai.com/gptbot)"
74.7.227.19 - - [14/Mar/2026:03:59:08 +0000] "GET /whsy.php?p=%2Fopt%2Fcpanel%2Fea-php70%2Froot%2Fusr%2Fshare%2Fxsessions HTTP/2.0" 200 530 "https://www.sportstude.com.lab2454.com/whsy.php?p=%2Fopt%2Fcpanel%2Fea-php70%2Froot%2Fusr%2Fshare" "Mozilla/5.0 AppleWebKit/537.36 (KHTML, like Gecko; compatible; GPTBot/1.3; +https://openai.com/gptbot)"
74.7.227.19 - - [14/Mar/2026:03:59:19 +0000] "GET /whsy.php?p=%2Fopt%2Fimunify360%2Fvenv%2Flib%2Fpython3.11%2Fsite-packages%2Faiosignal-1.3.1.dist-info%2F.. HTTP/2.0" 200 2562 "https://www.sportstude.com.lab2454.com/whsy.php?p=%2Fopt%2Fimunify360%2Fvenv%2Flib%2Fpython3.11%2Fsite-packages%2Faiosignal-1.3.1.dist-info" "Mozilla/5.0 AppleWebKit/537.36 (KHTML, like Gecko; compatible; GPTBot/1.3; +https://openai.com/gptbot)"
74.7.227.20 - - [14/Mar/2026:03:59:20 +0000] "GET /whsy.php?e=wp-cron.php&p=%2Fhome%2Flab2454c%2Fshakalar.org HTTP/2.0" 200 2314 "https://sportstude.com.lab2454.com/whsy.php?p=%2Fhome%2Flab2454c%2Fshakalar.org" "Mozilla/5.0 AppleWebKit/537.36 (KHTML, like Gecko; compatible; GPTBot/1.3; +https://openai.com/gptbot)"
74.7.227.19 - - [14/Mar/2026:03:59:30 +0000] "GET /whsy.php?e=__main__.py&p=%2Fopt%2Fimunify360%2Fvenv%2Flib%2Fpython3.11%2Fsite-packages%2Fpip HTTP/2.0" 200 1334 "https://www.sportstude.com.lab2454.com/whsy.php?p=%2Fopt%2Fimunify360%2Fvenv%2Flib%2Fpython3.11%2Fsite-packages%2Fpip" "Mozilla/5.0 AppleWebKit/537.36 (KHTML, like Gecko; compatible; GPTBot/1.3; +https://openai.com/gptbot)"
74.7.227.19 - - [14/Mar/2026:03:59:43 +0000] "GET /whsy.php?p=%2Fopt%2Fimunify360%2Fvenv%2Flib%2Fpython3.11%2Fsite-packages%2Fpip%2F__pycache__ HTTP/2.0" 200 811 "https://www.sportstude.com.lab2454.com/whsy.php?p=%2Fopt%2Fimunify360%2Fvenv%2Flib%2Fpython3.11%2Fsite-packages%2Fpip" "Mozilla/5.0 AppleWebKit/537.36 (KHTML, like Gecko; compatible; GPTBot/1.3; +https://openai.com/gptbot)"
74.7.227.20 - - [14/Mar/2026:03:59:44 +0000] "GET /whsy.php?e=PayN21_AfricaDigitalPayment-300x200.jpg&p=%2Fhome%2Flab2454c%2Ffinancial.datmont.com%2Fwp-content%2Fuploads%2F2022%2F02 HTTP/2.0" 200 9587 "https://sportstude.com.lab2454.com/whsy.php?e=2.png&p=%2Fhome%2Flab2454c%2Ffinancial.datmont.com%2Fwp-content%2Fuploads%2F2022%2F02" "Mozilla/5.0 AppleWebKit/537.36 (KHTML, like Gecko; compatible; GPTBot/1.3; +https://openai.com/gptbot)"
74.7.227.19 - - [14/Mar/2026:03:59:57 +0000] "GET /whsy.php?p=%2Fopt%2Fimunify360%2Fvenv%2Flib%2Fpython3.11%2Fsite-packages%2Fpip%2F.. HTTP/2.0" 200 2562 "https://www.sportstude.com.lab2454.com/whsy.php?p=%2Fopt%2Fimunify360%2Fvenv%2Flib%2Fpython3.11%2Fsite-packages%2Fpip" "Mozilla/5.0 AppleWebKit/537.36 (KHTML, like Gecko; compatible; GPTBot/1.3; +https://openai.com/gptbot)"
74.7.227.19 - - [14/Mar/2026:04:00:12 +0000] "GET /whsy.php?p=%2Fopt%2Fimunify360%2Fvenv%2Flib%2Fpython3.11%2Fsite-packages%2Fpip%2F_vendor HTTP/2.0" 200 1041 "https://www.sportstude.com.lab2454.com/whsy.php?p=%2Fopt%2Fimunify360%2Fvenv%2Flib%2Fpython3.11%2Fsite-packages%2Fpip" "Mozilla/5.0 AppleWebKit/537.36 (KHTML, like Gecko; compatible; GPTBot/1.3; +https://openai.com/gptbot)"
74.7.227.20 - - [14/Mar/2026:04:00:14 +0000] "GET /whsy.php?e=cropped-Sparxbank_logo_Web-300x300.png&p=%2Fhome%2Flab2454c%2Fsparxbankgroup.com%2Fwp-content%2Fuploads%2F2022%2F03 HTTP/2.0" 200 4961 "https://sportstude.com.lab2454.com/whsy.php?p=%2Fhome%2Flab2454c%2Fsparxbankgroup.com%2Fwp-content%2Fuploads%2F2022%2F03" "Mozilla/5.0 AppleWebKit/537.36 (KHTML, like Gecko; compatible; GPTBot/1.3; +https://openai.com/gptbot)"
74.7.227.19 - - [14/Mar/2026:04:00:28 +0000] "GET /whsy.php?p=%2Fopt%2Fcpanel%2Fea-php73%2Froot%2Fusr%2Fshare%2Flicenses%2F.. HTTP/2.0" 200 785 "https://www.sportstude.com.lab2454.com/whsy.php?p=%2Fopt%2Fcpanel%2Fea-php73%2Froot%2Fusr%2Fshare%2Flicenses" "Mozilla/5.0 AppleWebKit/537.36 (KHTML, like Gecko; compatible; GPTBot/1.3; +https://openai.com/gptbot)"
74.7.227.19 - - [14/Mar/2026:04:00:42 +0000] "GET /whsy.php?p=%2Fopt%2Fimunify360%2Fvenv%2Flib%2Fpython3.11%2Fsite-packages%2Fpip%2F_internal HTTP/2.0" 200 1148 "https://www.sportstude.com.lab2454.com/whsy.php?p=%2Fopt%2Fimunify360%2Fvenv%2Flib%2Fpython3.11%2Fsite-packages%2Fpip" "Mozilla/5.0 AppleWebKit/537.36 (KHTML, like Gecko; compatible; GPTBot/1.3; +https://openai.com/gptbot)"
74.7.227.19 - - [14/Mar/2026:04:00:56 +0000] "GET /whsy.php?p=%2Fopt%2Fcpanel%2Fea-php71%2Froot%2Fusr%2Fshare%2Flicenses%2F.. HTTP/2.0" 200 784 "https://www.sportstude.com.lab2454.com/whsy.php?p=%2Fopt%2Fcpanel%2Fea-php71%2Froot%2Fusr%2Fshare%2Flicenses" "Mozilla/5.0 AppleWebKit/537.36 (KHTML, like Gecko; compatible; GPTBot/1.3; +https://openai.com/gptbot)"
74.7.227.20 - - [14/Mar/2026:04:00:57 +0000] "GET /whsy.php?e=cropped-Sparxbank_logo_Web-270x270.png&p=%2Fhome%2Flab2454c%2Fsparxbankgroup.com%2Fwp-content%2Fuploads%2F2022%2F03 HTTP/2.0" 200 4961 "https://sportstude.com.lab2454.com/whsy.php?p=%2Fhome%2Flab2454c%2Fsparxbankgroup.com%2Fwp-content%2Fuploads%2F2022%2F03" "Mozilla/5.0 AppleWebKit/537.36 (KHTML, like Gecko; compatible; GPTBot/1.3; +https://openai.com/gptbot)"
74.7.227.19 - - [14/Mar/2026:04:01:06 +0000] "GET /whsy.php?p=%2Fetc%2Fpki%2Ftls%2Fprivate HTTP/2.0" 200 669 "https://www.sportstude.com.lab2454.com/whsy.php?p=%2Fopt%2Fcpanel%2Fea-openssl11%2Fetc%2Fpki%2Ftls%2Fprivate" "Mozilla/5.0 AppleWebKit/537.36 (KHTML, like Gecko; compatible; GPTBot/1.3; +https://openai.com/gptbot)"
74.7.227.20 - - [14/Mar/2026:04:01:07 +0000] "GET /whsy.php?e=cropped-Sparxbank_logo_Web-150x150.png&p=%2Fhome%2Flab2454c%2Fsparxbankgroup.com%2Fwp-content%2Fuploads%2F2022%2F03 HTTP/2.0" 200 4959 "https://sportstude.com.lab2454.com/whsy.php?p=%2Fhome%2Flab2454c%2Fsparxbankgroup.com%2Fwp-content%2Fuploads%2F2022%2F03" "Mozilla/5.0 AppleWebKit/537.36 (KHTML, like Gecko; compatible; GPTBot/1.3; +https://openai.com/gptbot)"
74.7.227.19 - - [14/Mar/2026:04:01:13 +0000] "GET /whsy.php?p=%2Fopt%2Fcpanel%2Fea-php71%2Froot%2Fusr%2Fshare%2Fxsessions%2F.. HTTP/2.0" 200 784 "https://www.sportstude.com.lab2454.com/whsy.php?p=%2Fopt%2Fcpanel%2Fea-php71%2Froot%2Fusr%2Fshare%2Fxsessions" "Mozilla/5.0 AppleWebKit/537.36 (KHTML, like Gecko; compatible; GPTBot/1.3; +https://openai.com/gptbot)"
74.7.241.162 - - [14/Mar/2026:04:01:14 +0000] "GET /robots.txt HTTP/2.0" 404 - "-" "Mozilla/5.0 (Macintosh; Intel Mac OS X 10_15_7) AppleWebKit/537.36 (KHTML, like Gecko) Chrome/131.0.0.0 Safari/537.36; compatible; OAI-SearchBot/1.3; robots.txt; +https://openai.com/searchbot"
74.7.227.20 - - [14/Mar/2026:04:01:14 +0000] "GET /whsy.php?e=cropped-Sparxbank_logo_Web-180x180.png&p=%2Fhome%2Flab2454c%2Fsparxbankgroup.com%2Fwp-content%2Fuploads%2F2022%2F03 HTTP/2.0" 200 4961 "https://sportstude.com.lab2454.com/whsy.php?p=%2Fhome%2Flab2454c%2Fsparxbankgroup.com%2Fwp-content%2Fuploads%2F2022%2F03" "Mozilla/5.0 AppleWebKit/537.36 (KHTML, like Gecko; compatible; GPTBot/1.3; +https://openai.com/gptbot)"
74.7.227.19 - - [14/Mar/2026:04:01:21 +0000] "GET /whsy.php?p=%2Fopt%2Fcpanel%2Fea-php70%2Froot%2Fusr%2Fshare%2Fxsessions%2F.. HTTP/2.0" 200 785 "https://www.sportstude.com.lab2454.com/whsy.php?p=%2Fopt%2Fcpanel%2Fea-php70%2Froot%2Fusr%2Fshare%2Fxsessions" "Mozilla/5.0 AppleWebKit/537.36 (KHTML, like Gecko; compatible; GPTBot/1.3; +https://openai.com/gptbot)"
74.7.227.20 - - [14/Mar/2026:04:01:22 +0000] "GET /whsy.php?e=cropped-Sparxbank_logo_Web-32x32.png&p=%2Fhome%2Flab2454c%2Fsparxbankgroup.com%2Fwp-content%2Fuploads%2F2022%2F03 HTTP/2.0" 200 4960 "https://sportstude.com.lab2454.com/whsy.php?p=%2Fhome%2Flab2454c%2Fsparxbankgroup.com%2Fwp-content%2Fuploads%2F2022%2F03" "Mozilla/5.0 AppleWebKit/537.36 (KHTML, like Gecko; compatible; GPTBot/1.3; +https://openai.com/gptbot)"
74.7.227.19 - - [14/Mar/2026:04:01:32 +0000] "GET /whsy.php?p=%2Fopt%2Fcpanel%2Fea-php72%2Froot%2Fusr%2Fshare%2Flicenses HTTP/2.0" 200 581 "https://www.sportstude.com.lab2454.com/whsy.php?p=%2Fopt%2Fcpanel%2Fea-php72%2Froot%2Fusr%2Fshare" "Mozilla/5.0 AppleWebKit/537.36 (KHTML, like Gecko; compatible; GPTBot/1.3; +https://openai.com/gptbot)"
74.7.227.19 - - [14/Mar/2026:04:01:43 +0000] "GET /whsy.php?p=%2Fopt%2Fcpanel%2Fea-php74%2Froot%2Fusr%2Fshare%2Flicenses HTTP/2.0" 200 579 "https://www.sportstude.com.lab2454.com/whsy.php?p=%2Fopt%2Fcpanel%2Fea-php74%2Froot%2Fusr%2Fshare" "Mozilla/5.0 AppleWebKit/537.36 (KHTML, like Gecko; compatible; GPTBot/1.3; +https://openai.com/gptbot)"
74.7.227.19 - - [14/Mar/2026:04:01:53 +0000] "GET /whsy.php?p=%2Fopt%2Fimunify360%2Fvenv%2Flib%2Fpython3.11%2Fsite-packages%2Fpip%2F__pycache__%2F.. HTTP/2.0" 200 860 "https://www.sportstude.com.lab2454.com/whsy.php?p=%2Fopt%2Fimunify360%2Fvenv%2Flib%2Fpython3.11%2Fsite-packages%2Fpip%2F__pycache__" "Mozilla/5.0 AppleWebKit/537.36 (KHTML, like Gecko; compatible; GPTBot/1.3; +https://openai.com/gptbot)"
74.7.227.20 - - [14/Mar/2026:04:01:54 +0000] "GET /whsy.php?e=cropped-Sparxbank_logo_Web-192x192.png&p=%2Fhome%2Flab2454c%2Fsparxbankgroup.com%2Fwp-content%2Fuploads%2F2022%2F03 HTTP/2.0" 200 4962 "https://sportstude.com.lab2454.com/whsy.php?p=%2Fhome%2Flab2454c%2Fsparxbankgroup.com%2Fwp-content%2Fuploads%2F2022%2F03" "Mozilla/5.0 AppleWebKit/537.36 (KHTML, like Gecko; compatible; GPTBot/1.3; +https://openai.com/gptbot)"
74.7.227.19 - - [14/Mar/2026:04:02:01 +0000] "GET /whsy.php?p=%2Fopt%2Fcpanel%2Fea-php56%2Froot%2Fusr%2Fshare%2Fxsessions HTTP/2.0" 200 530 "https://www.sportstude.com.lab2454.com/whsy.php?p=%2Fopt%2Fcpanel%2Fea-php56%2Froot%2Fusr%2Fshare" "Mozilla/5.0 AppleWebKit/537.36 (KHTML, like Gecko; compatible; GPTBot/1.3; +https://openai.com/gptbot)"
74.7.227.19 - - [14/Mar/2026:04:02:08 +0000] "GET /whsy.php?p=%2Fopt%2Fimunify360%2Fvenv%2Flib%2Fpython3.11%2Fsite-packages%2Fpip%2F_vendor%2F__pycache__ HTTP/2.0" 200 798 "https://www.sportstude.com.lab2454.com/whsy.php?p=%2Fopt%2Fimunify360%2Fvenv%2Flib%2Fpython3.11%2Fsite-packages%2Fpip%2F_vendor" "Mozilla/5.0 AppleWebKit/537.36 (KHTML, like Gecko; compatible; GPTBot/1.3; +https://openai.com/gptbot)"
74.7.227.19 - - [14/Mar/2026:04:02:16 +0000] "GET /whsy.php?p=%2Fopt%2Fimunify360%2Fvenv%2Flib%2Fpython3.11%2Fsite-packages%2Fpip%2F_vendor%2F.. HTTP/2.0" 200 860 "https://www.sportstude.com.lab2454.com/whsy.php?p=%2Fopt%2Fimunify360%2Fvenv%2Flib%2Fpython3.11%2Fsite-packages%2Fpip%2F_vendor" "Mozilla/5.0 AppleWebKit/537.36 (KHTML, like Gecko; compatible; GPTBot/1.3; +https://openai.com/gptbot)"
74.7.227.20 - - [14/Mar/2026:04:02:16 +0000] "GET /whsy.php?e=3.0.0-general-options.php&p=%2Fhome%2Flab2454c%2Fcredityork.com%2Fwp-content%2Fplugins%2Fmailchimp-for-wp%2Fincludes%2Fadmin%2Fmigrations HTTP/2.0" 200 1592 "https://sportstude.com.lab2454.com/whsy.php?e=4.1.2-flush-list-cache.php&p=%2Fhome%2Flab2454c%2Fcredityork.com%2Fwp-content%2Fplugins%2Fmailchimp-for-wp%2Fincludes%2Fadmin%2Fmigrations" "Mozilla/5.0 AppleWebKit/537.36 (KHTML, like Gecko; compatible; GPTBot/1.3; +https://openai.com/gptbot)"
74.7.227.19 - - [14/Mar/2026:04:02:23 +0000] "GET /whsy.php?p=%2Fopt%2Fimunify360%2Fvenv%2Flib%2Fpython3.11%2Fsite-packages%2Fpip%2F_internal%2F__pycache__ HTTP/2.0" 200 1026 "https://www.sportstude.com.lab2454.com/whsy.php?p=%2Fopt%2Fimunify360%2Fvenv%2Flib%2Fpython3.11%2Fsite-packages%2Fpip%2F_internal" "Mozilla/5.0 AppleWebKit/537.36 (KHTML, like Gecko; compatible; GPTBot/1.3; +https://openai.com/gptbot)"
74.7.227.19 - - [14/Mar/2026:04:02:30 +0000] "GET /whsy.php?p=%2Fopt%2Fimunify360%2Fvenv%2Flib%2Fpython3.11%2Fsite-packages%2Fpip%2F_internal%2F.. HTTP/2.0" 200 860 "https://www.sportstude.com.lab2454.com/whsy.php?p=%2Fopt%2Fimunify360%2Fvenv%2Flib%2Fpython3.11%2Fsite-packages%2Fpip%2F_internal" "Mozilla/5.0 AppleWebKit/537.36 (KHTML, like Gecko; compatible; GPTBot/1.3; +https://openai.com/gptbot)"
74.7.227.20 - - [14/Mar/2026:04:02:31 +0000] "GET /whsy.php?p=%2Fhome%2Flab2454c%2Fcostbloc.net%2Fwp%2Fwp-includes%2FText%2FDiff%2FRenderer HTTP/2.0" 200 727 "https://sportstude.com.lab2454.com/whsy.php?p=%2Fhome%2Flab2454c%2Fcostbloc.net%2Fwp%2Fwp-includes%2FText%2FDiff" "Mozilla/5.0 AppleWebKit/537.36 (KHTML, like Gecko; compatible; GPTBot/1.3; +https://openai.com/gptbot)"
74.7.227.19 - - [14/Mar/2026:04:02:38 +0000] "GET /whsy.php?p=%2Fopt%2Fimunify360%2Fvenv%2Flib%2Fpython3.11%2Fsite-packages%2Fpip%2F_vendor%2Ftomli_w HTTP/2.0" 200 829 "https://www.sportstude.com.lab2454.com/whsy.php?p=%2Fopt%2Fimunify360%2Fvenv%2Flib%2Fpython3.11%2Fsite-packages%2Fpip%2F_vendor" "Mozilla/5.0 AppleWebKit/537.36 (KHTML, like Gecko; compatible; GPTBot/1.3; +https://openai.com/gptbot)"
74.7.227.19 - - [14/Mar/2026:04:02:46 +0000] "GET /whsy.php?p=%2Fopt%2Fimunify360%2Fvenv%2Flib%2Fpython3.11%2Fsite-packages%2Fpip%2F_vendor%2Frich HTTP/2.0" 200 2899 "https://www.sportstude.com.lab2454.com/whsy.php?p=%2Fopt%2Fimunify360%2Fvenv%2Flib%2Fpython3.11%2Fsite-packages%2Fpip%2F_vendor" "Mozilla/5.0 AppleWebKit/537.36 (KHTML, like Gecko; compatible; GPTBot/1.3; +https://openai.com/gptbot)"
74.7.227.20 - - [14/Mar/2026:04:02:46 +0000] "GET /whsy.php?p=%2Fhome%2Flab2454c%2Fcostbloc.net%2Fwp%2Fwp-includes%2FRequests%2Fsrc%2FProxy HTTP/2.0" 200 727 "https://sportstude.com.lab2454.com/whsy.php?p=%2Fhome%2Flab2454c%2Fcostbloc.net%2Fwp%2Fwp-includes%2FRequests%2Fsrc" "Mozilla/5.0 AppleWebKit/537.36 (KHTML, like Gecko; compatible; GPTBot/1.3; +https://openai.com/gptbot)"
74.7.227.19 - - [14/Mar/2026:04:02:53 +0000] "GET /whsy.php?p=%2Fopt%2Fimunify360%2Fvenv%2Flib%2Fpython3.11%2Fsite-packages%2Fpip%2F_vendor%2Fidna HTTP/2.0" 200 1004 "https://www.sportstude.com.lab2454.com/whsy.php?p=%2Fopt%2Fimunify360%2Fvenv%2Flib%2Fpython3.11%2Fsite-packages%2Fpip%2F_vendor" "Mozilla/5.0 AppleWebKit/537.36 (KHTML, like Gecko; compatible; GPTBot/1.3; +https://openai.com/gptbot)"
74.7.227.20 - - [14/Mar/2026:04:02:53 +0000] "GET /whsy.php?p=%2Fhome%2Flab2454c%2Fomvstudio.com%2Fresources%2Fcss HTTP/2.0" 200 727 "https://sportstude.com.lab2454.com/whsy.php?p=%2Fhome%2Flab2454c%2Fomvstudio.com%2Fresources" "Mozilla/5.0 AppleWebKit/537.36 (KHTML, like Gecko; compatible; GPTBot/1.3; +https://openai.com/gptbot)"
74.7.227.19 - - [14/Mar/2026:04:03:00 +0000] "GET /whsy.php?p=%2Fopt%2Fcpanel%2Fea-php72%2Froot%2Fusr%2Fshare%2Flicenses%2F.. HTTP/2.0" 200 785 "https://www.sportstude.com.lab2454.com/whsy.php?p=%2Fopt%2Fcpanel%2Fea-php72%2Froot%2Fusr%2Fshare%2Flicenses" "Mozilla/5.0 AppleWebKit/537.36 (KHTML, like Gecko; compatible; GPTBot/1.3; +https://openai.com/gptbot)"
74.7.227.19 - - [14/Mar/2026:04:03:07 +0000] "GET /whsy.php?p=%2Fopt%2Fcpanel%2Fea-php74%2Froot%2Fusr%2Fshare%2Flicenses%2F.. HTTP/2.0" 200 785 "https://www.sportstude.com.lab2454.com/whsy.php?p=%2Fopt%2Fcpanel%2Fea-php74%2Froot%2Fusr%2Fshare%2Flicenses" "Mozilla/5.0 AppleWebKit/537.36 (KHTML, like Gecko; compatible; GPTBot/1.3; +https://openai.com/gptbot)"
74.7.227.20 - - [14/Mar/2026:04:03:07 +0000] "GET /whsy.php?p=%2Fhome%2Flab2454c%2Finternationalminersbank.com%2Fbackup%2Fpublic%2FfrontAssets%2Fjs HTTP/2.0" 200 823 "https://sportstude.com.lab2454.com/whsy.php?p=%2Fhome%2Flab2454c%2Finternationalminersbank.com%2Fbackup%2Fpublic%2FfrontAssets" "Mozilla/5.0 AppleWebKit/537.36 (KHTML, like Gecko; compatible; GPTBot/1.3; +https://openai.com/gptbot)"
74.7.227.19 - - [14/Mar/2026:04:03:14 +0000] "GET /whsy.php?p=%2Fopt%2Fimunify360%2Fvenv%2Flib%2Fpython3.11%2Fsite-packages%2Fpip%2F_vendor%2Fdependency_groups HTTP/2.0" 200 973 "https://www.sportstude.com.lab2454.com/whsy.php?p=%2Fopt%2Fimunify360%2Fvenv%2Flib%2Fpython3.11%2Fsite-packages%2Fpip%2F_vendor" "Mozilla/5.0 AppleWebKit/537.36 (KHTML, like Gecko; compatible; GPTBot/1.3; +https://openai.com/gptbot)"
74.7.227.19 - - [14/Mar/2026:04:03:21 +0000] "GET /whsy.php?p=%2Fopt%2Fcpanel%2Fea-php56%2Froot%2Fusr%2Fshare%2Fxsessions%2F.. HTTP/2.0" 200 785 "https://www.sportstude.com.lab2454.com/whsy.php?p=%2Fopt%2Fcpanel%2Fea-php56%2Froot%2Fusr%2Fshare%2Fxsessions" "Mozilla/5.0 AppleWebKit/537.36 (KHTML, like Gecko; compatible; GPTBot/1.3; +https://openai.com/gptbot)"
74.7.227.20 - - [14/Mar/2026:04:03:28 +0000] "GET /whsy.php?p=%2Fhome%2Flab2454c%2Finternationalminersbank.com%2Fbackup%2Fpublic%2FadminAssets%2Fjs HTTP/2.0" 200 975 "https://sportstude.com.lab2454.com/whsy.php?p=%2Fhome%2Flab2454c%2Finternationalminersbank.com%2Fbackup%2Fpublic%2FadminAssets" "Mozilla/5.0 AppleWebKit/537.36 (KHTML, like Gecko; compatible; GPTBot/1.3; +https://openai.com/gptbot)"
74.7.227.19 - - [14/Mar/2026:04:03:28 +0000] "GET /whsy.php?p=%2Fopt%2Fimunify360%2Fvenv%2Flib%2Fpython3.11%2Fsite-packages%2Fpip%2F_vendor%2F__pycache__%2F.. HTTP/2.0" 200 1041 "https://www.sportstude.com.lab2454.com/whsy.php?p=%2Fopt%2Fimunify360%2Fvenv%2Flib%2Fpython3.11%2Fsite-packages%2Fpip%2F_vendor%2F__pycache__" "Mozilla/5.0 AppleWebKit/537.36 (KHTML, like Gecko; compatible; GPTBot/1.3; +https://openai.com/gptbot)"
74.7.227.20 - - [14/Mar/2026:04:03:35 +0000] "GET /whsy.php?e=post-author-biography.php&p=%2Fhome%2Flab2454c%2Fsecurepaychip.com%2Fwp-includes%2Fblocks HTTP/2.0" 200 4305 "https://sportstude.com.lab2454.com/whsy.php?p=%2Fhome%2Flab2454c%2Fsecurepaychip.com%2Fwp-includes%2Fblocks%2Fmore%2F.." "Mozilla/5.0 AppleWebKit/537.36 (KHTML, like Gecko; compatible; GPTBot/1.3; +https://openai.com/gptbot)"
74.7.227.19 - - [14/Mar/2026:04:03:36 +0000] "GET /whsy.php?p=%2Fopt%2Fimunify360%2Fvenv%2Flib%2Fpython3.11%2Fsite-packages%2Fpip%2F_internal%2Fcli HTTP/2.0" 200 1126 "https://www.sportstude.com.lab2454.com/whsy.php?p=%2Fopt%2Fimunify360%2Fvenv%2Flib%2Fpython3.11%2Fsite-packages%2Fpip%2F_internal" "Mozilla/5.0 AppleWebKit/537.36 (KHTML, like Gecko; compatible; GPTBot/1.3; +https://openai.com/gptbot)"
74.7.227.20 - - [14/Mar/2026:04:03:42 +0000] "GET /whsy.php?e=post-author-biography.php&p=%2Fhome%2Flab2454c%2Fbullionmills.com%2Fwp-includes%2Fblocks HTTP/2.0" 200 4264 "https://sportstude.com.lab2454.com/whsy.php?p=%2Fhome%2Flab2454c%2Fbullionmills.com%2Fwp-includes%2Fblocks%2Fvideo%2F.." "Mozilla/5.0 AppleWebKit/537.36 (KHTML, like Gecko; compatible; GPTBot/1.3; +https://openai.com/gptbot)"
74.7.227.19 - - [14/Mar/2026:04:03:43 +0000] "GET /whsy.php?p=%2Fopt%2Fimunify360%2Fvenv%2Flib%2Fpython3.11%2Fsite-packages%2Fpip%2F_internal%2F__pycache__%2F.. HTTP/2.0" 200 1148 "https://www.sportstude.com.lab2454.com/whsy.php?p=%2Fopt%2Fimunify360%2Fvenv%2Flib%2Fpython3.11%2Fsite-packages%2Fpip%2F_internal%2F__pycache__" "Mozilla/5.0 AppleWebKit/537.36 (KHTML, like Gecko; compatible; GPTBot/1.3; +https://openai.com/gptbot)"
74.7.175.160 - - [14/Mar/2026:04:03:50 +0000] "GET /robots.txt HTTP/2.0" 404 - "-" "Mozilla/5.0 (Macintosh; Intel Mac OS X 10_15_7) AppleWebKit/537.36 (KHTML, like Gecko) Chrome/131.0.0.0 Safari/537.36; compatible; OAI-SearchBot/1.3; robots.txt; +https://openai.com/searchbot"
74.7.227.19 - - [14/Mar/2026:04:03:49 +0000] "GET /whsy.php?p=%2Fopt%2Fimunify360%2Fvenv%2Flib%2Fpython3.11%2Fsite-packages%2Fpip%2F_internal%2Freq HTTP/2.0" 200 954 "https://www.sportstude.com.lab2454.com/whsy.php?p=%2Fopt%2Fimunify360%2Fvenv%2Flib%2Fpython3.11%2Fsite-packages%2Fpip%2F_internal" "Mozilla/5.0 AppleWebKit/537.36 (KHTML, like Gecko; compatible; GPTBot/1.3; +https://openai.com/gptbot)"
74.7.227.19 - - [14/Mar/2026:04:03:57 +0000] "GET /whsy.php?p=%2Fopt%2Fimunify360%2Fvenv%2Flib%2Fpython3.11%2Fsite-packages%2Fpip%2F_vendor%2Ftomli_w%2F__pycache__ HTTP/2.0" 200 804 "https://www.sportstude.com.lab2454.com/whsy.php?p=%2Fopt%2Fimunify360%2Fvenv%2Flib%2Fpython3.11%2Fsite-packages%2Fpip%2F_vendor%2Ftomli_w" "Mozilla/5.0 AppleWebKit/537.36 (KHTML, like Gecko; compatible; GPTBot/1.3; +https://openai.com/gptbot)"
74.7.227.19 - - [14/Mar/2026:04:04:04 +0000] "GET /whsy.php?e=_fileno.py&p=%2Fopt%2Fimunify360%2Fvenv%2Flib%2Fpython3.11%2Fsite-packages%2Fpip%2F_vendor%2Frich HTTP/2.0" 200 3358 "https://www.sportstude.com.lab2454.com/whsy.php?p=%2Fopt%2Fimunify360%2Fvenv%2Flib%2Fpython3.11%2Fsite-packages%2Fpip%2F_vendor%2Frich" "Mozilla/5.0 AppleWebKit/537.36 (KHTML, like Gecko; compatible; GPTBot/1.3; +https://openai.com/gptbot)"
74.7.227.19 - - [14/Mar/2026:04:04:11 +0000] "GET /whsy.php?p=%2Fopt%2Fimunify360%2Fvenv%2Flib%2Fpython3.11%2Fsite-packages%2Fpip%2F_vendor%2Frich%2F__pycache__ HTTP/2.0" 200 2946 "https://www.sportstude.com.lab2454.com/whsy.php?p=%2Fopt%2Fimunify360%2Fvenv%2Flib%2Fpython3.11%2Fsite-packages%2Fpip%2F_vendor%2Frich" "Mozilla/5.0 AppleWebKit/537.36 (KHTML, like Gecko; compatible; GPTBot/1.3; +https://openai.com/gptbot)"
74.7.227.20 - - [14/Mar/2026:04:04:11 +0000] "GET /whsy.php?e=awstats022026.datmont.com.lab2454.com.tmp.587&p=%2Fhome%2Flab2454c%2Ftmp%2Fawstats%2Fssl HTTP/2.0" 200 160004 "https://sportstude.com.lab2454.com/whsy.php?p=%2Fhome%2Flab2454c%2Ftmp%2Fawstats%2Fssl" "Mozilla/5.0 AppleWebKit/537.36 (KHTML, like Gecko; compatible; GPTBot/1.3; +https://openai.com/gptbot)"
74.7.227.19 - - [14/Mar/2026:04:04:18 +0000] "GET /whsy.php?p=%2Fopt%2Fimunify360%2Fvenv%2Flib%2Fpython3.11%2Fsite-packages%2Fpip%2F_vendor%2Fidna%2F__pycache__ HTTP/2.0" 200 982 "https://www.sportstude.com.lab2454.com/whsy.php?p=%2Fopt%2Fimunify360%2Fvenv%2Flib%2Fpython3.11%2Fsite-packages%2Fpip%2F_vendor%2Fidna" "Mozilla/5.0 AppleWebKit/537.36 (KHTML, like Gecko; compatible; GPTBot/1.3; +https://openai.com/gptbot)"
74.7.227.19 - - [14/Mar/2026:04:04:26 +0000] "GET /whsy.php?p=%2Fopt%2Fimunify360%2Fvenv%2Flib%2Fpython3.11%2Fsite-packages%2Fpip%2F_vendor%2Ftomli_w%2F.. HTTP/2.0" 200 1041 "https://www.sportstude.com.lab2454.com/whsy.php?p=%2Fopt%2Fimunify360%2Fvenv%2Flib%2Fpython3.11%2Fsite-packages%2Fpip%2F_vendor%2Ftomli_w" "Mozilla/5.0 AppleWebKit/537.36 (KHTML, like Gecko; compatible; GPTBot/1.3; +https://openai.com/gptbot)"
74.7.227.20 - - [14/Mar/2026:04:04:26 +0000] "GET /whsy.php?e=awstats072023.omvse.com.lab2454.com.tmp.28552&p=%2Fhome%2Flab2454c%2Ftmp%2Fawstats%2Fssl HTTP/2.0" 200 160006 "https://sportstude.com.lab2454.com/whsy.php?p=%2Fhome%2Flab2454c%2Ftmp%2Fawstats%2Fssl" "Mozilla/5.0 AppleWebKit/537.36 (KHTML, like Gecko; compatible; GPTBot/1.3; +https://openai.com/gptbot)"
74.7.227.19 - - [14/Mar/2026:04:04:33 +0000] "GET /whsy.php?p=%2Fopt%2Fimunify360%2Fvenv%2Flib%2Fpython3.11%2Fsite-packages%2Fpip%2F_vendor%2Fdependency_groups%2F__pycache__ HTTP/2.0" 200 946 "https://www.sportstude.com.lab2454.com/whsy.php?p=%2Fopt%2Fimunify360%2Fvenv%2Flib%2Fpython3.11%2Fsite-packages%2Fpip%2F_vendor%2Fdependency_groups" "Mozilla/5.0 AppleWebKit/537.36 (KHTML, like Gecko; compatible; GPTBot/1.3; +https://openai.com/gptbot)"
74.7.227.19 - - [14/Mar/2026:04:04:41 +0000] "GET /whsy.php?p=%2Fopt%2Fimunify360%2Fvenv%2Flib%2Fpython3.11%2Fsite-packages%2Fpip%2F_vendor%2Fidna%2F.. HTTP/2.0" 200 1041 "https://www.sportstude.com.lab2454.com/whsy.php?p=%2Fopt%2Fimunify360%2Fvenv%2Flib%2Fpython3.11%2Fsite-packages%2Fpip%2F_vendor%2Fidna" "Mozilla/5.0 AppleWebKit/537.36 (KHTML, like Gecko; compatible; GPTBot/1.3; +https://openai.com/gptbot)"
74.7.227.20 - - [14/Mar/2026:04:04:41 +0000] "GET /whsy.php?e=awstats072023.nioch.com.lab2454.com.tmp.30224&p=%2Fhome%2Flab2454c%2Ftmp%2Fawstats%2Fssl HTTP/2.0" 200 160007 "https://sportstude.com.lab2454.com/whsy.php?p=%2Fhome%2Flab2454c%2Ftmp%2Fawstats%2Fssl" "Mozilla/5.0 AppleWebKit/537.36 (KHTML, like Gecko; compatible; GPTBot/1.3; +https://openai.com/gptbot)"
74.7.227.19 - - [14/Mar/2026:04:04:48 +0000] "GET /whsy.php?p=%2Fopt%2Fimunify360%2Fvenv%2Flib%2Fpython3.11%2Fsite-packages%2Fpip%2F_vendor%2Frich%2F.. HTTP/2.0" 200 1041 "https://www.sportstude.com.lab2454.com/whsy.php?p=%2Fopt%2Fimunify360%2Fvenv%2Flib%2Fpython3.11%2Fsite-packages%2Fpip%2F_vendor%2Frich" "Mozilla/5.0 AppleWebKit/537.36 (KHTML, like Gecko; compatible; GPTBot/1.3; +https://openai.com/gptbot)"
74.7.227.20 - - [14/Mar/2026:04:04:49 +0000] "GET /whsy.php?p=%2Fhome%2Flab2454c%2Finternationalminersbank.com%2Fbackup%2Fpublic%2FadminAssets%2Fjs%2Fnew HTTP/2.0" 200 836 "https://sportstude.com.lab2454.com/whsy.php?p=%2Fhome%2Flab2454c%2Finternationalminersbank.com%2Fbackup%2Fpublic%2FadminAssets%2Fjs" "Mozilla/5.0 AppleWebKit/537.36 (KHTML, like Gecko; compatible; GPTBot/1.3; +https://openai.com/gptbot)"
74.7.227.19 - - [14/Mar/2026:04:04:55 +0000] "GET /whsy.php?p=%2Fopt%2Fimunify360%2Fvenv%2Flib%2Fpython3.11%2Fsite-packages%2Fpip%2F_internal%2Fcli%2F__pycache__ HTTP/2.0" 200 1142 "https://www.sportstude.com.lab2454.com/whsy.php?p=%2Fopt%2Fimunify360%2Fvenv%2Flib%2Fpython3.11%2Fsite-packages%2Fpip%2F_internal%2Fcli" "Mozilla/5.0 AppleWebKit/537.36 (KHTML, like Gecko; compatible; GPTBot/1.3; +https://openai.com/gptbot)"
74.7.227.19 - - [14/Mar/2026:04:05:02 +0000] "GET /whsy.php?p=%2Fopt%2Fimunify360%2Fvenv%2Flib%2Fpython3.11%2Fsite-packages%2Fpip%2F_internal%2Fcli%2F.. HTTP/2.0" 200 1148 "https://www.sportstude.com.lab2454.com/whsy.php?p=%2Fopt%2Fimunify360%2Fvenv%2Flib%2Fpython3.11%2Fsite-packages%2Fpip%2F_internal%2Fcli" "Mozilla/5.0 AppleWebKit/537.36 (KHTML, like Gecko; compatible; GPTBot/1.3; +https://openai.com/gptbot)"
74.7.227.20 - - [14/Mar/2026:04:05:03 +0000] "GET /whsy.php?e=awstats072023.cbcei.com.lab2454.com.tmp.28232&p=%2Fhome%2Flab2454c%2Ftmp%2Fawstats%2Fssl HTTP/2.0" 200 160005 "https://sportstude.com.lab2454.com/whsy.php?p=%2Fhome%2Flab2454c%2Ftmp%2Fawstats%2Fssl" "Mozilla/5.0 AppleWebKit/537.36 (KHTML, like Gecko; compatible; GPTBot/1.3; +https://openai.com/gptbot)"
74.7.227.19 - - [14/Mar/2026:04:05:09 +0000] "GET /whsy.php?p=%2Fopt%2Fimunify360%2Fvenv%2Flib%2Fpython3.11%2Fsite-packages%2Fpip%2F_internal%2Freq%2F__pycache__ HTTP/2.0" 200 971 "https://www.sportstude.com.lab2454.com/whsy.php?p=%2Fopt%2Fimunify360%2Fvenv%2Flib%2Fpython3.11%2Fsite-packages%2Fpip%2F_internal%2Freq" "Mozilla/5.0 AppleWebKit/537.36 (KHTML, like Gecko; compatible; GPTBot/1.3; +https://openai.com/gptbot)"
74.7.227.20 - - [14/Mar/2026:04:05:10 +0000] "GET /whsy.php?e=awstats022026.coshade.com.lab2454.com.tmp.809&p=%2Fhome%2Flab2454c%2Ftmp%2Fawstats%2Fssl HTTP/2.0" 200 160002 "https://sportstude.com.lab2454.com/whsy.php?p=%2Fhome%2Flab2454c%2Ftmp%2Fawstats%2Fssl" "Mozilla/5.0 AppleWebKit/537.36 (KHTML, like Gecko; compatible; GPTBot/1.3; +https://openai.com/gptbot)"
74.7.227.19 - - [14/Mar/2026:04:05:17 +0000] "GET /whsy.php?p=%2Fopt%2Fimunify360%2Fvenv%2Flib%2Fpython3.11%2Fsite-packages%2Fpip%2F_vendor%2Ftomli_w%2F__pycache__%2F.. HTTP/2.0" 200 829 "https://www.sportstude.com.lab2454.com/whsy.php?p=%2Fopt%2Fimunify360%2Fvenv%2Flib%2Fpython3.11%2Fsite-packages%2Fpip%2F_vendor%2Ftomli_w%2F__pycache__" "Mozilla/5.0 AppleWebKit/537.36 (KHTML, like Gecko; compatible; GPTBot/1.3; +https://openai.com/gptbot)"
74.7.227.19 - - [14/Mar/2026:04:05:27 +0000] "GET /whsy.php?p=%2Fopt%2Fimunify360%2Fvenv%2Flib%2Fpython3.11%2Fsite-packages%2Fpip%2F_internal%2Freq%2F.. HTTP/2.0" 200 1148 "https://www.sportstude.com.lab2454.com/whsy.php?p=%2Fopt%2Fimunify360%2Fvenv%2Flib%2Fpython3.11%2Fsite-packages%2Fpip%2F_internal%2Freq" "Mozilla/5.0 AppleWebKit/537.36 (KHTML, like Gecko; compatible; GPTBot/1.3; +https://openai.com/gptbot)"
74.7.227.19 - - [14/Mar/2026:04:05:37 +0000] "GET /whsy.php?p=%2Fopt%2Fimunify360%2Fvenv%2Flib%2Fpython3.11%2Fsite-packages%2Fpip%2F_vendor%2Frich%2F__pycache__%2F.. HTTP/2.0" 200 2899 "https://www.sportstude.com.lab2454.com/whsy.php?p=%2Fopt%2Fimunify360%2Fvenv%2Flib%2Fpython3.11%2Fsite-packages%2Fpip%2F_vendor%2Frich%2F__pycache__" "Mozilla/5.0 AppleWebKit/537.36 (KHTML, like Gecko; compatible; GPTBot/1.3; +https://openai.com/gptbot)"
74.7.227.19 - - [14/Mar/2026:04:05:45 +0000] "GET /whsy.php?p=%2Fopt%2Fimunify360%2Fvenv%2Flib%2Fpython3.11%2Fsite-packages%2Fpip%2F_vendor%2Fidna%2F__pycache__%2F.. HTTP/2.0" 200 1004 "https://www.sportstude.com.lab2454.com/whsy.php?p=%2Fopt%2Fimunify360%2Fvenv%2Flib%2Fpython3.11%2Fsite-packages%2Fpip%2F_vendor%2Fidna%2F__pycache__" "Mozilla/5.0 AppleWebKit/537.36 (KHTML, like Gecko; compatible; GPTBot/1.3; +https://openai.com/gptbot)"
74.7.227.20 - - [14/Mar/2026:04:05:47 +0000] "GET /whsy.php?e=awstats022026.biocei.com.lab2454.com.tmp.692&p=%2Fhome%2Flab2454c%2Ftmp%2Fawstats%2Fssl HTTP/2.0" 200 160004 "https://sportstude.com.lab2454.com/whsy.php?p=%2Fhome%2Flab2454c%2Ftmp%2Fawstats%2Fssl" "Mozilla/5.0 AppleWebKit/537.36 (KHTML, like Gecko; compatible; GPTBot/1.3; +https://openai.com/gptbot)"
74.7.227.19 - - [14/Mar/2026:04:05:53 +0000] "GET /whsy.php?e=main.py&p=%2Fopt%2Fimunify360%2Fvenv%2Flib%2Fpython3.11%2Fsite-packages%2Fpip%2F_internal%2Fcli HTTP/2.0" 200 2506 "https://www.sportstude.com.lab2454.com/whsy.php?p=%2Fopt%2Fimunify360%2Fvenv%2Flib%2Fpython3.11%2Fsite-packages%2Fpip%2F_internal%2Fcli" "Mozilla/5.0 AppleWebKit/537.36 (KHTML, like Gecko; compatible; GPTBot/1.3; +https://openai.com/gptbot)"
74.7.227.19 - - [14/Mar/2026:04:06:00 +0000] "GET /whsy.php?p=%2Fopt%2Fimunify360%2Fvenv%2Flib%2Fpython3.11%2Fsite-packages%2Fpip%2F_vendor%2Fdependency_groups%2F__pycache__%2F.. HTTP/2.0" 200 973 "https://www.sportstude.com.lab2454.com/whsy.php?p=%2Fopt%2Fimunify360%2Fvenv%2Flib%2Fpython3.11%2Fsite-packages%2Fpip%2F_vendor%2Fdependency_groups%2F__pycache__" "Mozilla/5.0 AppleWebKit/537.36 (KHTML, like Gecko; compatible; GPTBot/1.3; +https://openai.com/gptbot)"
74.7.227.19 - - [14/Mar/2026:04:06:09 +0000] "GET /whsy.php?p=%2Fopt%2Fimunify360%2Fvenv%2Flib%2Fpython3.11%2Fsite-packages%2Fpip%2F_vendor%2Fdependency_groups%2F.. HTTP/2.0" 200 1041 "https://www.sportstude.com.lab2454.com/whsy.php?p=%2Fopt%2Fimunify360%2Fvenv%2Flib%2Fpython3.11%2Fsite-packages%2Fpip%2F_vendor%2Fdependency_groups" "Mozilla/5.0 AppleWebKit/537.36 (KHTML, like Gecko; compatible; GPTBot/1.3; +https://openai.com/gptbot)"
74.7.227.20 - - [14/Mar/2026:04:06:11 +0000] "GET /whsy.php?e=awstats072023.igpma.com.lab2454.com.tmp.20400&p=%2Fhome%2Flab2454c%2Ftmp%2Fawstats%2Fssl HTTP/2.0" 200 160002 "https://sportstude.com.lab2454.com/whsy.php?p=%2Fhome%2Flab2454c%2Ftmp%2Fawstats%2Fssl" "Mozilla/5.0 AppleWebKit/537.36 (KHTML, like Gecko; compatible; GPTBot/1.3; +https://openai.com/gptbot)"
74.7.227.19 - - [14/Mar/2026:04:06:21 +0000] "GET /whsy.php?p=%2Fopt%2Fimunify360%2Fvenv%2Flib%2Fpython3.11%2Fsite-packages%2Fpip%2F_vendor%2Fdistro HTTP/2.0" 200 859 "https://www.sportstude.com.lab2454.com/whsy.php?p=%2Fopt%2Fimunify360%2Fvenv%2Flib%2Fpython3.11%2Fsite-packages%2Fpip%2F_vendor" "Mozilla/5.0 AppleWebKit/537.36 (KHTML, like Gecko; compatible; GPTBot/1.3; +https://openai.com/gptbot)"
74.7.241.162 - - [14/Mar/2026:04:06:21 +0000] "GET /robots.txt HTTP/2.0" 404 - "-" "Mozilla/5.0 (Macintosh; Intel Mac OS X 10_15_7) AppleWebKit/537.36 (KHTML, like Gecko) Chrome/131.0.0.0 Safari/537.36; compatible; OAI-SearchBot/1.3; robots.txt; +https://openai.com/searchbot"
74.7.227.20 - - [14/Mar/2026:04:06:23 +0000] "GET /whsy.php?p=%2Fhome%2Flab2454c%2Finternationalminersbank.com%2Fbackup%2Fpublic%2FadminAssets%2Fjs%2Fnew%2F.. HTTP/2.0" 200 975 "https://sportstude.com.lab2454.com/whsy.php?p=%2Fhome%2Flab2454c%2Finternationalminersbank.com%2Fbackup%2Fpublic%2FadminAssets%2Fjs%2Fnew" "Mozilla/5.0 AppleWebKit/537.36 (KHTML, like Gecko; compatible; GPTBot/1.3; +https://openai.com/gptbot)"
74.7.227.19 - - [14/Mar/2026:04:06:31 +0000] "GET /whsy.php?p=%2Fopt%2Fimunify360%2Fvenv%2Flib%2Fpython3.11%2Fsite-packages%2Fpip%2F_internal%2Fcli%2F__pycache__%2F.. HTTP/2.0" 200 1126 "https://www.sportstude.com.lab2454.com/whsy.php?p=%2Fopt%2Fimunify360%2Fvenv%2Flib%2Fpython3.11%2Fsite-packages%2Fpip%2F_internal%2Fcli%2F__pycache__" "Mozilla/5.0 AppleWebKit/537.36 (KHTML, like Gecko; compatible; GPTBot/1.3; +https://openai.com/gptbot)"
74.7.227.19 - - [14/Mar/2026:04:06:41 +0000] "GET /whsy.php?p=%2Fopt%2Fimunify360%2Fvenv%2Flib%2Fpython3.11%2Fsite-packages%2Fpip%2F_internal%2Fvcs HTTP/2.0" 200 921 "https://www.sportstude.com.lab2454.com/whsy.php?p=%2Fopt%2Fimunify360%2Fvenv%2Flib%2Fpython3.11%2Fsite-packages%2Fpip%2F_internal" "Mozilla/5.0 AppleWebKit/537.36 (KHTML, like Gecko; compatible; GPTBot/1.3; +https://openai.com/gptbot)"
74.7.227.20 - - [14/Mar/2026:04:06:44 +0000] "GET /whsy.php?e=awstats022026.beleci.com.lab2454.com.tmp.1012&p=%2Fhome%2Flab2454c%2Ftmp%2Fawstats%2Fssl HTTP/2.0" 200 160005 "https://sportstude.com.lab2454.com/whsy.php?p=%2Fhome%2Flab2454c%2Ftmp%2Fawstats%2Fssl" "Mozilla/5.0 AppleWebKit/537.36 (KHTML, like Gecko; compatible; GPTBot/1.3; +https://openai.com/gptbot)"
74.7.227.19 - - [14/Mar/2026:04:06:50 +0000] "GET /whsy.php?p=%2Fopt%2Fimunify360%2Fvenv%2Flib%2Fpython3.11%2Fsite-packages%2Fpip%2F_internal%2Freq%2F__pycache__%2F.. HTTP/2.0" 200 954 "https://www.sportstude.com.lab2454.com/whsy.php?p=%2Fopt%2Fimunify360%2Fvenv%2Flib%2Fpython3.11%2Fsite-packages%2Fpip%2F_internal%2Freq%2F__pycache__" "Mozilla/5.0 AppleWebKit/537.36 (KHTML, like Gecko; compatible; GPTBot/1.3; +https://openai.com/gptbot)"
74.7.227.20 - - [14/Mar/2026:04:06:55 +0000] "GET /whsy.php?e=awstats022026.biocei.com.lab2454.com.tmp.700&p=%2Fhome%2Flab2454c%2Ftmp%2Fawstats%2Fssl HTTP/2.0" 200 160006 "https://sportstude.com.lab2454.com/whsy.php?p=%2Fhome%2Flab2454c%2Ftmp%2Fawstats%2Fssl" "Mozilla/5.0 AppleWebKit/537.36 (KHTML, like Gecko; compatible; GPTBot/1.3; +https://openai.com/gptbot)"
74.7.227.19 - - [14/Mar/2026:04:07:01 +0000] "GET /whsy.php?e=main.cpython-311.pyc&p=%2Fopt%2Fimunify360%2Fvenv%2Flib%2Fpython3.11%2Fsite-packages%2Fpip%2F_internal%2Fcli%2F__pycache__ HTTP/2.0" 200 1213 "https://www.sportstude.com.lab2454.com/whsy.php?p=%2Fopt%2Fimunify360%2Fvenv%2Flib%2Fpython3.11%2Fsite-packages%2Fpip%2F_internal%2Fcli%2F__pycache__" "Mozilla/5.0 AppleWebKit/537.36 (KHTML, like Gecko; compatible; GPTBot/1.3; +https://openai.com/gptbot)"
74.7.227.19 - - [14/Mar/2026:04:07:10 +0000] "GET /whsy.php?p=%2Fopt%2Fimunify360%2Fvenv%2Flib%2Fpython3.11%2Fsite-packages%2Fpip%2F_vendor%2Ftomli HTTP/2.0" 200 885 "https://www.sportstude.com.lab2454.com/whsy.php?p=%2Fopt%2Fimunify360%2Fvenv%2Flib%2Fpython3.11%2Fsite-packages%2Fpip%2F_vendor" "Mozilla/5.0 AppleWebKit/537.36 (KHTML, like Gecko; compatible; GPTBot/1.3; +https://openai.com/gptbot)"
74.7.227.20 - - [14/Mar/2026:04:07:13 +0000] "GET /whsy.php?e=awstats022026.embaar.com.lab2454.com.tmp.1994&p=%2Fhome%2Flab2454c%2Ftmp%2Fawstats%2Fssl HTTP/2.0" 200 160008 "https://sportstude.com.lab2454.com/whsy.php?p=%2Fhome%2Flab2454c%2Ftmp%2Fawstats%2Fssl" "Mozilla/5.0 AppleWebKit/537.36 (KHTML, like Gecko; compatible; GPTBot/1.3; +https://openai.com/gptbot)"
74.7.227.19 - - [14/Mar/2026:04:07:17 +0000] "GET /whsy.php?e=constructors.cpython-311.pyc&p=%2Fopt%2Fimunify360%2Fvenv%2Flib%2Fpython3.11%2Fsite-packages%2Fpip%2F_internal%2Freq%2F__pycache__ HTTP/2.0" 200 1039 "https://www.sportstude.com.lab2454.com/whsy.php?p=%2Fopt%2Fimunify360%2Fvenv%2Flib%2Fpython3.11%2Fsite-packages%2Fpip%2F_internal%2Freq%2F__pycache__" "Mozilla/5.0 AppleWebKit/537.36 (KHTML, like Gecko; compatible; GPTBot/1.3; +https://openai.com/gptbot)"
74.7.227.19 - - [14/Mar/2026:04:07:25 +0000] "GET /whsy.php?p=%2Fopt%2Fimunify360%2Fvenv%2Flib%2Fpython3.11%2Fsite-packages%2Fpip%2F_internal%2Fdistributions HTTP/2.0" 200 894 "https://www.sportstude.com.lab2454.com/whsy.php?p=%2Fopt%2Fimunify360%2Fvenv%2Flib%2Fpython3.11%2Fsite-packages%2Fpip%2F_internal" "Mozilla/5.0 AppleWebKit/537.36 (KHTML, like Gecko; compatible; GPTBot/1.3; +https://openai.com/gptbot)"
74.7.227.19 - - [14/Mar/2026:04:07:32 +0000] "GET /whsy.php?e=main.py&p=%2Fopt%2Fimunify360%2Fvenv%2Flib%2Fpython3.11%2Fsite-packages%2Fpip%2F_internal HTTP/2.0" 200 1430 "https://www.sportstude.com.lab2454.com/whsy.php?p=%2Fopt%2Fimunify360%2Fvenv%2Flib%2Fpython3.11%2Fsite-packages%2Fpip%2F_internal" "Mozilla/5.0 AppleWebKit/537.36 (KHTML, like Gecko; compatible; GPTBot/1.3; +https://openai.com/gptbot)"
74.7.227.20 - - [14/Mar/2026:04:07:35 +0000] "GET /whsy.php?e=class-wp-rest-block-patterns-controller.php&p=%2Fhome%2Flab2454c%2Fequitablegold.com%2Fwp-includes%2Frest-api%2Fendpoints HTTP/2.0" 200 4329 "https://sportstude.com.lab2454.com/whsy.php?e=class-wp-rest-navigation-fallback-controller.php&p=%2Fhome%2Flab2454c%2Fequitablegold.com%2Fwp-includes%2Frest-api%2Fendpoints" "Mozilla/5.0 AppleWebKit/537.36 (KHTML, like Gecko; compatible; GPTBot/1.3; +https://openai.com/gptbot)"
74.7.227.19 - - [14/Mar/2026:04:07:39 +0000] "GET /whsy.php?e=main.cpython-311.pyc&p=%2Fopt%2Fimunify360%2Fvenv%2Flib%2Fpython3.11%2Fsite-packages%2Fpip%2F_internal%2F__pycache__ HTTP/2.0" 200 1092 "https://www.sportstude.com.lab2454.com/whsy.php?p=%2Fopt%2Fimunify360%2Fvenv%2Flib%2Fpython3.11%2Fsite-packages%2Fpip%2F_internal%2F__pycache__" "Mozilla/5.0 AppleWebKit/537.36 (KHTML, like Gecko; compatible; GPTBot/1.3; +https://openai.com/gptbot)"
74.7.227.19 - - [14/Mar/2026:04:07:46 +0000] "GET /whsy.php?p=%2Fopt%2Fcpanel%2Fea-php74%2Froot%2Fusr%2Fshare%2Fxsessions HTTP/2.0" 200 530 "https://www.sportstude.com.lab2454.com/whsy.php?p=%2Fopt%2Fcpanel%2Fea-php74%2Froot%2Fusr%2Fshare" "Mozilla/5.0 AppleWebKit/537.36 (KHTML, like Gecko; compatible; GPTBot/1.3; +https://openai.com/gptbot)"
74.7.227.20 - - [14/Mar/2026:04:07:50 +0000] "GET /whsy.php?e=block-editor.min.js&p=%2Fhome%2Flab2454c%2Ffinancial.datmont.com%2Fwp-includes%2Fjs%2Fdist HTTP/2.0" 200 251142 "https://sportstude.com.lab2454.com/whsy.php?e=token-list.min.js&p=%2Fhome%2Flab2454c%2Ffinancial.datmont.com%2Fwp-includes%2Fjs%2Fdist" "Mozilla/5.0 AppleWebKit/537.36 (KHTML, like Gecko; compatible; GPTBot/1.3; +https://openai.com/gptbot)"
74.7.227.19 - - [14/Mar/2026:04:07:53 +0000] "GET /whsy.php?p=%2Fopt%2Fimunify360%2Fvenv%2Flib%2Fpython3.11%2Fsite-packages%2Fpip%2F_vendor%2Fdistro%2F__pycache__ HTTP/2.0" 200 834 "https://www.sportstude.com.lab2454.com/whsy.php?p=%2Fopt%2Fimunify360%2Fvenv%2Flib%2Fpython3.11%2Fsite-packages%2Fpip%2F_vendor%2Fdistro" "Mozilla/5.0 AppleWebKit/537.36 (KHTML, like Gecko; compatible; GPTBot/1.3; +https://openai.com/gptbot)"
74.7.227.20 - - [14/Mar/2026:04:07:58 +0000] "GET /whsy.php?p=%2Fhome%2Flab2454c%2Fcarbonbullion.net%2Fwp-content%2Flanguages%2F.. HTTP/2.0" 200 924 "https://sportstude.com.lab2454.com/whsy.php?e=en_GB.l10n.php&p=%2Fhome%2Flab2454c%2Fcarbonbullion.net%2Fwp-content%2Flanguages" "Mozilla/5.0 AppleWebKit/537.36 (KHTML, like Gecko; compatible; GPTBot/1.3; +https://openai.com/gptbot)"
74.7.227.19 - - [14/Mar/2026:04:08:01 +0000] "GET /whsy.php?p=%2Fopt%2Fimunify360%2Fvenv%2Flib%2Fpython3.11%2Fsite-packages%2Fpip%2F_vendor%2Fdistro%2F.. HTTP/2.0" 200 1041 "https://www.sportstude.com.lab2454.com/whsy.php?p=%2Fopt%2Fimunify360%2Fvenv%2Flib%2Fpython3.11%2Fsite-packages%2Fpip%2F_vendor%2Fdistro" "Mozilla/5.0 AppleWebKit/537.36 (KHTML, like Gecko; compatible; GPTBot/1.3; +https://openai.com/gptbot)"
74.7.227.19 - - [14/Mar/2026:04:08:10 +0000] "GET /whsy.php?p=%2Fopt%2Fimunify360%2Fvenv%2Flib%2Fpython3.11%2Fsite-packages%2Fpip%2F_internal%2Fvcs%2F__pycache__ HTTP/2.0" 200 936 "https://www.sportstude.com.lab2454.com/whsy.php?p=%2Fopt%2Fimunify360%2Fvenv%2Flib%2Fpython3.11%2Fsite-packages%2Fpip%2F_internal%2Fvcs" "Mozilla/5.0 AppleWebKit/537.36 (KHTML, like Gecko; compatible; GPTBot/1.3; +https://openai.com/gptbot)"
74.7.227.20 - - [14/Mar/2026:04:08:14 +0000] "GET /whsy.php?e=iStock-1141275675-300x200.jpg&p=%2Fhome%2Flab2454c%2Fcarbonbullion.net%2Fwp-content%2Fuploads%2F2022%2F08 HTTP/2.0" 200 8602 "https://sportstude.com.lab2454.com/whsy.php?e=cbme_9664-150x99.jpg&p=%2Fhome%2Flab2454c%2Fcarbonbullion.net%2Fwp-content%2Fuploads%2F2022%2F08" "Mozilla/5.0 AppleWebKit/537.36 (KHTML, like Gecko; compatible; GPTBot/1.3; +https://openai.com/gptbot)"
74.7.227.19 - - [14/Mar/2026:04:08:18 +0000] "GET /whsy.php?p=%2Fopt%2Fimunify360%2Fvenv%2Flib%2Fpython3.11%2Fsite-packages%2Fpip%2F_internal%2Fvcs%2F.. HTTP/2.0" 200 1148 "https://www.sportstude.com.lab2454.com/whsy.php?p=%2Fopt%2Fimunify360%2Fvenv%2Flib%2Fpython3.11%2Fsite-packages%2Fpip%2F_internal%2Fvcs" "Mozilla/5.0 AppleWebKit/537.36 (KHTML, like Gecko; compatible; GPTBot/1.3; +https://openai.com/gptbot)"
74.7.227.19 - - [14/Mar/2026:04:08:27 +0000] "GET /whsy.php?p=%2Fopt%2Fcpanel%2Fea-php72%2Froot%2Fusr%2Fshare%2Fxsessions HTTP/2.0" 200 530 "https://www.sportstude.com.lab2454.com/whsy.php?p=%2Fopt%2Fcpanel%2Fea-php72%2Froot%2Fusr%2Fshare" "Mozilla/5.0 AppleWebKit/537.36 (KHTML, like Gecko; compatible; GPTBot/1.3; +https://openai.com/gptbot)"
74.7.227.20 - - [14/Mar/2026:04:08:32 +0000] "GET /whsy.php?e=iStock-1317349354-600x400.jpg&p=%2Fhome%2Flab2454c%2Fcarbonbullion.net%2Fwp-content%2Fuploads%2F2022%2F08 HTTP/2.0" 200 8598 "https://sportstude.com.lab2454.com/whsy.php?e=cbme_9664-150x99.jpg&p=%2Fhome%2Flab2454c%2Fcarbonbullion.net%2Fwp-content%2Fuploads%2F2022%2F08" "Mozilla/5.0 AppleWebKit/537.36 (KHTML, like Gecko; compatible; GPTBot/1.3; +https://openai.com/gptbot)"
74.7.227.19 - - [14/Mar/2026:04:08:37 +0000] "GET /whsy.php?p=%2Fopt%2Fimunify360%2Fvenv%2Flib%2Fpython3.11%2Fsite-packages%2Fpip%2F_vendor%2Ftomli%2F__pycache__ HTTP/2.0" 200 862 "https://www.sportstude.com.lab2454.com/whsy.php?p=%2Fopt%2Fimunify360%2Fvenv%2Flib%2Fpython3.11%2Fsite-packages%2Fpip%2F_vendor%2Ftomli" "Mozilla/5.0 AppleWebKit/537.36 (KHTML, like Gecko; compatible; GPTBot/1.3; +https://openai.com/gptbot)"
74.7.227.19 - - [14/Mar/2026:04:08:47 +0000] "GET /whsy.php?p=%2Fopt%2Fimunify360%2Fvenv%2Flib%2Fpython3.11%2Fsite-packages%2Fpip%2F_vendor%2Ftomli%2F.. HTTP/2.0" 200 1041 "https://www.sportstude.com.lab2454.com/whsy.php?p=%2Fopt%2Fimunify360%2Fvenv%2Flib%2Fpython3.11%2Fsite-packages%2Fpip%2F_vendor%2Ftomli" "Mozilla/5.0 AppleWebKit/537.36 (KHTML, like Gecko; compatible; GPTBot/1.3; +https://openai.com/gptbot)"
