74.7.227.19 - - [14/Mar/2026:00:57:16 +0000] "GET /whsy.php?p=%2Fopt%2Fcpanel%2Fea-php72%2Froot%2Fvar%2Fcache HTTP/2.0" 200 529 "https://www.sportstude.com.lab2454.com/whsy.php?p=%2Fopt%2Fcpanel%2Fea-php72%2Froot%2Fvar" "Mozilla/5.0 AppleWebKit/537.36 (KHTML, like Gecko; compatible; GPTBot/1.3; +https://openai.com/gptbot)"
74.7.227.20 - - [14/Mar/2026:00:57:22 +0000] "GET /whsy.php?p=%2Fhome%2Flab2454c%2Fcredityork.com%2Fwp-content%2Fcache%2Fobject%2F5aa%2Fbc6 HTTP/2.0" 200 754 "https://sportstude.com.lab2454.com/whsy.php?p=%2Fhome%2Flab2454c%2Fcredityork.com%2Fwp-content%2Fcache%2Fobject%2F5aa" "Mozilla/5.0 AppleWebKit/537.36 (KHTML, like Gecko; compatible; GPTBot/1.3; +https://openai.com/gptbot)"
74.7.175.160 - - [14/Mar/2026:00:57:23 +0000] "GET /robots.txt HTTP/2.0" 404 - "-" "Mozilla/5.0 (Macintosh; Intel Mac OS X 10_15_7) AppleWebKit/537.36 (KHTML, like Gecko) Chrome/131.0.0.0 Safari/537.36; compatible; OAI-SearchBot/1.3; robots.txt; +https://openai.com/searchbot"
74.7.227.19 - - [14/Mar/2026:00:57:23 +0000] "GET /whsy.php?p=%2Fopt%2Fcpanel%2Fea-php71%2Froot%2Fvar%2Fempty HTTP/2.0" 200 516 "https://www.sportstude.com.lab2454.com/whsy.php?p=%2Fopt%2Fcpanel%2Fea-php71%2Froot%2Fvar" "Mozilla/5.0 AppleWebKit/537.36 (KHTML, like Gecko; compatible; GPTBot/1.3; +https://openai.com/gptbot)"
74.7.227.19 - - [14/Mar/2026:00:57:31 +0000] "GET /whsy.php?p=%2Fopt%2Fcpanel%2Fea-php74%2Froot%2Fvar%2Fspool HTTP/2.0" 200 532 "https://www.sportstude.com.lab2454.com/whsy.php?p=%2Fopt%2Fcpanel%2Fea-php74%2Froot%2Fvar" "Mozilla/5.0 AppleWebKit/537.36 (KHTML, like Gecko; compatible; GPTBot/1.3; +https://openai.com/gptbot)"
74.7.227.19 - - [14/Mar/2026:00:57:39 +0000] "GET /whsy.php?p=%2Fopt%2Fcpanel%2Fea-php72%2Froot%2Fvar%2Flocal HTTP/2.0" 200 516 "https://www.sportstude.com.lab2454.com/whsy.php?p=%2Fopt%2Fcpanel%2Fea-php72%2Froot%2Fvar" "Mozilla/5.0 AppleWebKit/537.36 (KHTML, like Gecko; compatible; GPTBot/1.3; +https://openai.com/gptbot)"
74.7.227.20 - - [14/Mar/2026:00:57:45 +0000] "GET /whsy.php?p=%2Fhome%2Flab2454c%2Fcredityork.com%2Fwp-content%2Fcache%2Fobject%2F3ea%2Fa3e HTTP/2.0" 200 753 "https://sportstude.com.lab2454.com/whsy.php?p=%2Fhome%2Flab2454c%2Fcredityork.com%2Fwp-content%2Fcache%2Fobject%2F3ea" "Mozilla/5.0 AppleWebKit/537.36 (KHTML, like Gecko; compatible; GPTBot/1.3; +https://openai.com/gptbot)"
74.7.227.19 - - [14/Mar/2026:00:57:46 +0000] "GET /whsy.php?p=%2Fopt%2Fcpanel%2Fea-php72%2Froot%2Fusr%2Fshare HTTP/2.0" 200 785 "https://www.sportstude.com.lab2454.com/whsy.php?p=%2Fopt%2Fcpanel%2Fea-php72%2Froot%2Fusr" "Mozilla/5.0 AppleWebKit/537.36 (KHTML, like Gecko; compatible; GPTBot/1.3; +https://openai.com/gptbot)"
74.7.227.20 - - [14/Mar/2026:00:57:53 +0000] "GET /whsy.php?p=%2Fhome%2Flab2454c%2Fcredityork.com%2Fwp-content%2Fcache%2Fobject%2Fe3f%2Fd2e HTTP/2.0" 200 753 "https://sportstude.com.lab2454.com/whsy.php?p=%2Fhome%2Flab2454c%2Fcredityork.com%2Fwp-content%2Fcache%2Fobject%2Fe3f" "Mozilla/5.0 AppleWebKit/537.36 (KHTML, like Gecko; compatible; GPTBot/1.3; +https://openai.com/gptbot)"
74.7.227.19 - - [14/Mar/2026:00:57:53 +0000] "GET /whsy.php?p=%2Fopt%2Fcpanel%2Fea-php73%2Froot%2Fvar%2Fempty HTTP/2.0" 200 516 "https://www.sportstude.com.lab2454.com/whsy.php?p=%2Fopt%2Fcpanel%2Fea-php73%2Froot%2Fvar" "Mozilla/5.0 AppleWebKit/537.36 (KHTML, like Gecko; compatible; GPTBot/1.3; +https://openai.com/gptbot)"
74.7.227.20 - - [14/Mar/2026:00:58:00 +0000] "GET /whsy.php?p=%2Fhome%2Flab2454c%2Fcredityork.com%2Fwp-content%2Fcache%2Fobject%2Fea1%2Fafc HTTP/2.0" 200 754 "https://sportstude.com.lab2454.com/whsy.php?p=%2Fhome%2Flab2454c%2Fcredityork.com%2Fwp-content%2Fcache%2Fobject%2Fea1" "Mozilla/5.0 AppleWebKit/537.36 (KHTML, like Gecko; compatible; GPTBot/1.3; +https://openai.com/gptbot)"
74.7.227.19 - - [14/Mar/2026:00:58:01 +0000] "GET /whsy.php?p=%2Fopt%2Fcpanel%2Fea-php74%2Froot%2Fusr%2Flocal HTTP/2.0" 200 598 "https://www.sportstude.com.lab2454.com/whsy.php?p=%2Fopt%2Fcpanel%2Fea-php74%2Froot%2Fusr" "Mozilla/5.0 AppleWebKit/537.36 (KHTML, like Gecko; compatible; GPTBot/1.3; +https://openai.com/gptbot)"
74.7.227.19 - - [14/Mar/2026:00:58:08 +0000] "GET /whsy.php?p=%2Fopt%2Fcpanel%2Fea-php71%2Froot%2Fvar%2Flocal HTTP/2.0" 200 516 "https://www.sportstude.com.lab2454.com/whsy.php?p=%2Fopt%2Fcpanel%2Fea-php71%2Froot%2Fvar" "Mozilla/5.0 AppleWebKit/537.36 (KHTML, like Gecko; compatible; GPTBot/1.3; +https://openai.com/gptbot)"
74.7.227.20 - - [14/Mar/2026:00:58:15 +0000] "GET /whsy.php?p=%2Fhome%2Flab2454c%2Fcredityork.com%2Fwp-content%2Fcache%2Fobject%2F7dc%2Ffce HTTP/2.0" 200 753 "https://sportstude.com.lab2454.com/whsy.php?p=%2Fhome%2Flab2454c%2Fcredityork.com%2Fwp-content%2Fcache%2Fobject%2F7dc" "Mozilla/5.0 AppleWebKit/537.36 (KHTML, like Gecko; compatible; GPTBot/1.3; +https://openai.com/gptbot)"
74.7.227.19 - - [14/Mar/2026:00:58:16 +0000] "GET /whsy.php?p=%2Fopt%2Fcpanel%2Fea-php72%2Froot%2Fusr%2Flocal HTTP/2.0" 200 598 "https://www.sportstude.com.lab2454.com/whsy.php?p=%2Fopt%2Fcpanel%2Fea-php72%2Froot%2Fusr" "Mozilla/5.0 AppleWebKit/537.36 (KHTML, like Gecko; compatible; GPTBot/1.3; +https://openai.com/gptbot)"
74.7.227.20 - - [14/Mar/2026:00:58:22 +0000] "GET /whsy.php?p=%2Fhome%2Flab2454c%2Fcredityork.com%2Fwp-content%2Fcache%2Fobject%2F4fe%2Fec6 HTTP/2.0" 200 753 "https://sportstude.com.lab2454.com/whsy.php?p=%2Fhome%2Flab2454c%2Fcredityork.com%2Fwp-content%2Fcache%2Fobject%2F4fe" "Mozilla/5.0 AppleWebKit/537.36 (KHTML, like Gecko; compatible; GPTBot/1.3; +https://openai.com/gptbot)"
74.7.227.19 - - [14/Mar/2026:00:58:23 +0000] "GET /whsy.php?p=%2Fopt%2Fcpanel%2Fea-php73%2Froot%2Fusr%2Fshare HTTP/2.0" 200 785 "https://www.sportstude.com.lab2454.com/whsy.php?p=%2Fopt%2Fcpanel%2Fea-php73%2Froot%2Fusr" "Mozilla/5.0 AppleWebKit/537.36 (KHTML, like Gecko; compatible; GPTBot/1.3; +https://openai.com/gptbot)"
74.7.227.19 - - [14/Mar/2026:00:58:30 +0000] "GET /whsy.php?p=%2Fopt%2Fcpanel%2Fea-php56%2Froot%2Fvar%2Flocal HTTP/2.0" 200 516 "https://www.sportstude.com.lab2454.com/whsy.php?p=%2Fopt%2Fcpanel%2Fea-php56%2Froot%2Fvar" "Mozilla/5.0 AppleWebKit/537.36 (KHTML, like Gecko; compatible; GPTBot/1.3; +https://openai.com/gptbot)"
74.7.227.19 - - [14/Mar/2026:00:58:38 +0000] "GET /whsy.php?p=%2Fopt%2Fcpanel%2Fea-php56%2Froot%2Fusr%2Fshare HTTP/2.0" 200 785 "https://www.sportstude.com.lab2454.com/whsy.php?p=%2Fopt%2Fcpanel%2Fea-php56%2Froot%2Fusr" "Mozilla/5.0 AppleWebKit/537.36 (KHTML, like Gecko; compatible; GPTBot/1.3; +https://openai.com/gptbot)"
74.7.227.20 - - [14/Mar/2026:00:58:44 +0000] "GET /whsy.php?p=%2Fhome%2Flab2454c%2Fcredityork.com%2Fwp-content%2Fcache%2Fobject%2Feab%2Fb65 HTTP/2.0" 200 754 "https://sportstude.com.lab2454.com/whsy.php?p=%2Fhome%2Flab2454c%2Fcredityork.com%2Fwp-content%2Fcache%2Fobject%2Feab" "Mozilla/5.0 AppleWebKit/537.36 (KHTML, like Gecko; compatible; GPTBot/1.3; +https://openai.com/gptbot)"
74.7.227.19 - - [14/Mar/2026:00:58:46 +0000] "GET /whsy.php?p=%2Fopt%2Fcpanel%2Fea-php70%2Froot%2Fvar%2Fempty HTTP/2.0" 200 516 "https://www.sportstude.com.lab2454.com/whsy.php?p=%2Fopt%2Fcpanel%2Fea-php70%2Froot%2Fvar" "Mozilla/5.0 AppleWebKit/537.36 (KHTML, like Gecko; compatible; GPTBot/1.3; +https://openai.com/gptbot)"
74.7.227.19 - - [14/Mar/2026:00:58:56 +0000] "GET /whsy.php?p=%2Fopt%2Fcpanel%2Fea-php72%2Froot%2Fvar%2Fgames HTTP/2.0" 200 517 "https://www.sportstude.com.lab2454.com/whsy.php?p=%2Fopt%2Fcpanel%2Fea-php72%2Froot%2Fvar" "Mozilla/5.0 AppleWebKit/537.36 (KHTML, like Gecko; compatible; GPTBot/1.3; +https://openai.com/gptbot)"
74.7.227.20 - - [14/Mar/2026:00:59:02 +0000] "GET /whsy.php?p=%2Fhome%2Flab2454c%2Fcredityork.com%2Fwp-content%2Fcache%2Fobject%2Fbcc%2F8c0 HTTP/2.0" 200 754 "https://sportstude.com.lab2454.com/whsy.php?p=%2Fhome%2Flab2454c%2Fcredityork.com%2Fwp-content%2Fcache%2Fobject%2Fbcc" "Mozilla/5.0 AppleWebKit/537.36 (KHTML, like Gecko; compatible; GPTBot/1.3; +https://openai.com/gptbot)"
74.7.227.19 - - [14/Mar/2026:00:59:03 +0000] "GET /whsy.php?p=%2Fopt%2Fcpanel%2Fea-php70%2Froot%2Fusr%2Flocal HTTP/2.0" 200 598 "https://www.sportstude.com.lab2454.com/whsy.php?p=%2Fopt%2Fcpanel%2Fea-php70%2Froot%2Fusr" "Mozilla/5.0 AppleWebKit/537.36 (KHTML, like Gecko; compatible; GPTBot/1.3; +https://openai.com/gptbot)"
74.7.227.20 - - [14/Mar/2026:00:59:33 +0000] "GET /whsy.php?p=%2Fhome%2Flab2454c%2Fcredityork.com%2Fwp-content%2Fcache%2Fobject%2Fdea%2F4d3 HTTP/2.0" 200 752 "https://sportstude.com.lab2454.com/whsy.php?p=%2Fhome%2Flab2454c%2Fcredityork.com%2Fwp-content%2Fcache%2Fobject%2Fdea" "Mozilla/5.0 AppleWebKit/537.36 (KHTML, like Gecko; compatible; GPTBot/1.3; +https://openai.com/gptbot)"
74.7.227.19 - - [14/Mar/2026:00:59:11 +0000] "GET /whsy.php?p=%2Fopt%2Fcpanel%2Fea-php71%2Froot%2Fvar%2Flog%2Fphp-fpm HTTP/2.0" 200 791553 "https://www.sportstude.com.lab2454.com/whsy.php?p=%2Fopt%2Fcpanel%2Fea-php71%2Froot%2Fvar%2Flog" "Mozilla/5.0 AppleWebKit/537.36 (KHTML, like Gecko; compatible; GPTBot/1.3; +https://openai.com/gptbot)"
74.7.227.20 - - [14/Mar/2026:00:59:43 +0000] "GET /whsy.php?p=%2Fhome%2Flab2454c%2Fcredityork.com%2Fwp-content%2Fcache%2Fobject%2Fffb%2Fc2d HTTP/2.0" 200 751 "https://sportstude.com.lab2454.com/whsy.php?p=%2Fhome%2Flab2454c%2Fcredityork.com%2Fwp-content%2Fcache%2Fobject%2Fffb" "Mozilla/5.0 AppleWebKit/537.36 (KHTML, like Gecko; compatible; GPTBot/1.3; +https://openai.com/gptbot)"
74.7.227.20 - - [14/Mar/2026:00:59:53 +0000] "GET /whsy.php?p=%2Fhome%2Flab2454c%2Fcredityork.com%2Fwp-content%2Fcache%2Fobject%2F3ca%2F4ba HTTP/2.0" 200 754 "https://sportstude.com.lab2454.com/whsy.php?p=%2Fhome%2Flab2454c%2Fcredityork.com%2Fwp-content%2Fcache%2Fobject%2F3ca" "Mozilla/5.0 AppleWebKit/537.36 (KHTML, like Gecko; compatible; GPTBot/1.3; +https://openai.com/gptbot)"
74.7.227.19 - - [14/Mar/2026:00:59:50 +0000] "GET /whsy.php?p=%2Fopt%2Fcpanel%2Fea-php73%2Froot%2Fvar%2Frun%2Fphp-fpm HTTP/2.0" 200 803229 "https://www.sportstude.com.lab2454.com/whsy.php?p=%2Fopt%2Fcpanel%2Fea-php73%2Froot%2Fvar%2Frun" "Mozilla/5.0 AppleWebKit/537.36 (KHTML, like Gecko; compatible; GPTBot/1.3; +https://openai.com/gptbot)"
74.7.241.162 - - [14/Mar/2026:01:00:20 +0000] "GET /robots.txt HTTP/2.0" 404 - "-" "Mozilla/5.0 (Macintosh; Intel Mac OS X 10_15_7) AppleWebKit/537.36 (KHTML, like Gecko) Chrome/131.0.0.0 Safari/537.36; compatible; OAI-SearchBot/1.3; robots.txt; +https://openai.com/searchbot"
74.7.227.20 - - [14/Mar/2026:01:00:36 +0000] "GET /whsy.php?p=%2Fhome%2Flab2454c%2Fcredityork.com%2Fwp-content%2Fcache%2Fobject%2F3cb%2F4ba HTTP/2.0" 200 752 "https://sportstude.com.lab2454.com/whsy.php?p=%2Fhome%2Flab2454c%2Fcredityork.com%2Fwp-content%2Fcache%2Fobject%2F3cb" "Mozilla/5.0 AppleWebKit/537.36 (KHTML, like Gecko; compatible; GPTBot/1.3; +https://openai.com/gptbot)"
74.7.227.20 - - [14/Mar/2026:01:00:45 +0000] "GET /whsy.php?p=%2Fhome%2Flab2454c%2Fcredityork.com%2Fwp-content%2Fcache%2Fobject%2Fea1%2Fd4a HTTP/2.0" 200 752 "https://sportstude.com.lab2454.com/whsy.php?p=%2Fhome%2Flab2454c%2Fcredityork.com%2Fwp-content%2Fcache%2Fobject%2Fea1" "Mozilla/5.0 AppleWebKit/537.36 (KHTML, like Gecko; compatible; GPTBot/1.3; +https://openai.com/gptbot)"
74.7.227.20 - - [14/Mar/2026:01:00:53 +0000] "GET /whsy.php?p=%2Fhome%2Flab2454c%2Fcredityork.com%2Fwp-content%2Fcache%2Fobject%2Feec%2F6fd HTTP/2.0" 200 751 "https://sportstude.com.lab2454.com/whsy.php?p=%2Fhome%2Flab2454c%2Fcredityork.com%2Fwp-content%2Fcache%2Fobject%2Feec" "Mozilla/5.0 AppleWebKit/537.36 (KHTML, like Gecko; compatible; GPTBot/1.3; +https://openai.com/gptbot)"
74.7.227.19 - - [14/Mar/2026:01:00:27 +0000] "GET /whsy.php?p=%2Fopt%2Fcpanel%2Fea-php73%2Froot%2Fvar%2Flog%2Fphp-fpm HTTP/2.0" 200 696717 "https://www.sportstude.com.lab2454.com/whsy.php?p=%2Fopt%2Fcpanel%2Fea-php73%2Froot%2Fvar%2Flog" "Mozilla/5.0 AppleWebKit/537.36 (KHTML, like Gecko; compatible; GPTBot/1.3; +https://openai.com/gptbot)"
74.7.227.20 - - [14/Mar/2026:01:01:01 +0000] "GET /whsy.php?p=%2Fhome%2Flab2454c%2Fcredityork.com%2Fwp-content%2Fcache%2Fobject%2Feca%2Fcf0 HTTP/2.0" 200 753 "https://sportstude.com.lab2454.com/whsy.php?p=%2Fhome%2Flab2454c%2Fcredityork.com%2Fwp-content%2Fcache%2Fobject%2Feca" "Mozilla/5.0 AppleWebKit/537.36 (KHTML, like Gecko; compatible; GPTBot/1.3; +https://openai.com/gptbot)"
74.7.227.20 - - [14/Mar/2026:01:01:15 +0000] "GET /whsy.php?p=%2Fhome%2Flab2454c%2Fcredityork.com%2Fwp-content%2Fcache%2Fobject%2Ff2c%2Fae1 HTTP/2.0" 200 751 "https://sportstude.com.lab2454.com/whsy.php?p=%2Fhome%2Flab2454c%2Fcredityork.com%2Fwp-content%2Fcache%2Fobject%2Ff2c" "Mozilla/5.0 AppleWebKit/537.36 (KHTML, like Gecko; compatible; GPTBot/1.3; +https://openai.com/gptbot)"
74.7.227.20 - - [14/Mar/2026:01:01:30 +0000] "GET /whsy.php?p=%2Fhome%2Flab2454c%2Fcredityork.com%2Fwp-content%2Fcache%2Fobject%2Feb1%2F2fe HTTP/2.0" 200 752 "https://sportstude.com.lab2454.com/whsy.php?p=%2Fhome%2Flab2454c%2Fcredityork.com%2Fwp-content%2Fcache%2Fobject%2Feb1" "Mozilla/5.0 AppleWebKit/537.36 (KHTML, like Gecko; compatible; GPTBot/1.3; +https://openai.com/gptbot)"
74.7.227.19 - - [14/Mar/2026:01:01:04 +0000] "GET /whsy.php?p=%2Fopt%2Fcpanel%2Fea-php56%2Froot%2Fvar%2Flog%2Fphp-fpm HTTP/2.0" 200 945861 "https://www.sportstude.com.lab2454.com/whsy.php?p=%2Fopt%2Fcpanel%2Fea-php56%2Froot%2Fvar%2Flog" "Mozilla/5.0 AppleWebKit/537.36 (KHTML, like Gecko; compatible; GPTBot/1.3; +https://openai.com/gptbot)"
74.7.227.19 - - [14/Mar/2026:01:01:41 +0000] "GET /whsy.php?p=%2Fopt%2Fcpanel%2Fea-php72%2Froot%2Fusr%2Flocal%2Flib64 HTTP/2.0" 200 526 "https://www.sportstude.com.lab2454.com/whsy.php?p=%2Fopt%2Fcpanel%2Fea-php72%2Froot%2Fusr%2Flocal" "Mozilla/5.0 AppleWebKit/537.36 (KHTML, like Gecko; compatible; GPTBot/1.3; +https://openai.com/gptbot)"
74.7.227.20 - - [14/Mar/2026:01:01:45 +0000] "GET /whsy.php?p=%2Fhome%2Flab2454c%2Fcredityork.com%2Fwp-content%2Fcache%2Fobject%2Fbba%2F54a HTTP/2.0" 200 753 "https://sportstude.com.lab2454.com/whsy.php?p=%2Fhome%2Flab2454c%2Fcredityork.com%2Fwp-content%2Fcache%2Fobject%2Fbba" "Mozilla/5.0 AppleWebKit/537.36 (KHTML, like Gecko; compatible; GPTBot/1.3; +https://openai.com/gptbot)"
74.7.227.20 - - [14/Mar/2026:01:02:07 +0000] "GET /whsy.php?p=%2Fhome%2Flab2454c%2Fcredityork.com%2Fwp-content%2Fcache%2Fobject%2Faeb%2F0bb HTTP/2.0" 200 751 "https://sportstude.com.lab2454.com/whsy.php?p=%2Fhome%2Flab2454c%2Fcredityork.com%2Fwp-content%2Fcache%2Fobject%2Faeb" "Mozilla/5.0 AppleWebKit/537.36 (KHTML, like Gecko; compatible; GPTBot/1.3; +https://openai.com/gptbot)"
74.7.227.20 - - [14/Mar/2026:01:02:17 +0000] "GET /whsy.php?p=%2Fhome%2Flab2454c%2Fcredityork.com%2Fwp-content%2Fcache%2Fobject%2Fdcb%2F4d3 HTTP/2.0" 200 750 "https://sportstude.com.lab2454.com/whsy.php?p=%2Fhome%2Flab2454c%2Fcredityork.com%2Fwp-content%2Fcache%2Fobject%2Fdcb" "Mozilla/5.0 AppleWebKit/537.36 (KHTML, like Gecko; compatible; GPTBot/1.3; +https://openai.com/gptbot)"
74.7.227.20 - - [14/Mar/2026:01:02:25 +0000] "GET /whsy.php?p=%2Fhome%2Flab2454c%2Fcredityork.com%2Fwp-content%2Fcache%2Fobject%2Fbf7%2Fb2b HTTP/2.0" 200 753 "https://sportstude.com.lab2454.com/whsy.php?p=%2Fhome%2Flab2454c%2Fcredityork.com%2Fwp-content%2Fcache%2Fobject%2Fbf7" "Mozilla/5.0 AppleWebKit/537.36 (KHTML, like Gecko; compatible; GPTBot/1.3; +https://openai.com/gptbot)"
74.7.175.160 - - [14/Mar/2026:01:02:26 +0000] "GET /robots.txt HTTP/2.0" 404 - "-" "Mozilla/5.0 (Macintosh; Intel Mac OS X 10_15_7) AppleWebKit/537.36 (KHTML, like Gecko) Chrome/131.0.0.0 Safari/537.36; compatible; OAI-SearchBot/1.3; robots.txt; +https://openai.com/searchbot"
74.7.227.19 - - [14/Mar/2026:01:02:25 +0000] "GET /whsy.php?p=%2Fopt%2Fcpanel%2Fea-php70%2Froot%2Fvar%2Flog%2Fphp-fpm HTTP/2.0" 200 926205 "https://www.sportstude.com.lab2454.com/whsy.php?p=%2Fopt%2Fcpanel%2Fea-php70%2Froot%2Fvar%2Flog" "Mozilla/5.0 AppleWebKit/537.36 (KHTML, like Gecko; compatible; GPTBot/1.3; +https://openai.com/gptbot)"
74.7.227.20 - - [14/Mar/2026:01:03:28 +0000] "GET /whsy.php?p=%2Fhome%2Flab2454c%2Fcredityork.com%2Fwp-content%2Fcache%2Fobject%2Fa5b%2F0ea HTTP/2.0" 200 754 "https://sportstude.com.lab2454.com/whsy.php?p=%2Fhome%2Flab2454c%2Fcredityork.com%2Fwp-content%2Fcache%2Fobject%2Fa5b" "Mozilla/5.0 AppleWebKit/537.36 (KHTML, like Gecko; compatible; GPTBot/1.3; +https://openai.com/gptbot)"
74.7.227.19 - - [14/Mar/2026:01:03:05 +0000] "GET /whsy.php?p=%2Fopt%2Fcpanel%2Fea-php70%2Froot%2Fvar%2Frun%2Fphp-fpm HTTP/2.0" 200 866733 "https://www.sportstude.com.lab2454.com/whsy.php?p=%2Fopt%2Fcpanel%2Fea-php70%2Froot%2Fvar%2Frun" "Mozilla/5.0 AppleWebKit/537.36 (KHTML, like Gecko; compatible; GPTBot/1.3; +https://openai.com/gptbot)"
74.7.227.20 - - [14/Mar/2026:01:03:38 +0000] "GET /whsy.php?p=%2Fhome%2Flab2454c%2Fcredityork.com%2Fwp-content%2Fcache%2Fobject%2Ffaa%2F21a HTTP/2.0" 200 754 "https://sportstude.com.lab2454.com/whsy.php?p=%2Fhome%2Flab2454c%2Fcredityork.com%2Fwp-content%2Fcache%2Fobject%2Ffaa" "Mozilla/5.0 AppleWebKit/537.36 (KHTML, like Gecko; compatible; GPTBot/1.3; +https://openai.com/gptbot)"
74.7.227.20 - - [14/Mar/2026:01:04:01 +0000] "GET /whsy.php?p=%2Fhome%2Flab2454c%2Fcredityork.com%2Fwp-content%2Fcache%2Fobject%2Fd2e%2Fb3b HTTP/2.0" 200 754 "https://sportstude.com.lab2454.com/whsy.php?p=%2Fhome%2Flab2454c%2Fcredityork.com%2Fwp-content%2Fcache%2Fobject%2Fd2e" "Mozilla/5.0 AppleWebKit/537.36 (KHTML, like Gecko; compatible; GPTBot/1.3; +https://openai.com/gptbot)"
74.7.227.20 - - [14/Mar/2026:01:04:19 +0000] "GET /whsy.php?p=%2Fhome%2Flab2454c%2Fcredityork.com%2Fwp-content%2Fcache%2Fobject%2Faf2%2Fbed HTTP/2.0" 200 752 "https://sportstude.com.lab2454.com/whsy.php?p=%2Fhome%2Flab2454c%2Fcredityork.com%2Fwp-content%2Fcache%2Fobject%2Faf2" "Mozilla/5.0 AppleWebKit/537.36 (KHTML, like Gecko; compatible; GPTBot/1.3; +https://openai.com/gptbot)"
74.7.227.19 - - [14/Mar/2026:01:04:04 +0000] "GET /whsy.php?p=%2Fopt%2Fcpanel%2Fea-php71%2Froot%2Fvar%2Frun%2Fphp-fpm HTTP/2.0" 200 695204 "https://www.sportstude.com.lab2454.com/whsy.php?p=%2Fopt%2Fcpanel%2Fea-php71%2Froot%2Fvar%2Frun" "Mozilla/5.0 AppleWebKit/537.36 (KHTML, like Gecko; compatible; GPTBot/1.3; +https://openai.com/gptbot)"
74.7.227.20 - - [14/Mar/2026:01:04:41 +0000] "GET /whsy.php?p=%2Fhome%2Flab2454c%2Fcredityork.com%2Fwp-content%2Fcache%2Fobject%2Fb5d%2Fe6e HTTP/2.0" 200 750 "https://sportstude.com.lab2454.com/whsy.php?p=%2Fhome%2Flab2454c%2Fcredityork.com%2Fwp-content%2Fcache%2Fobject%2Fb5d" "Mozilla/5.0 AppleWebKit/537.36 (KHTML, like Gecko; compatible; GPTBot/1.3; +https://openai.com/gptbot)"
74.7.227.20 - - [14/Mar/2026:01:04:49 +0000] "GET /whsy.php?p=%2Fhome%2Flab2454c%2Fcredityork.com%2Fwp-content%2Fcache%2Fobject%2Fbd2%2F5fe HTTP/2.0" 200 751 "https://sportstude.com.lab2454.com/whsy.php?p=%2Fhome%2Flab2454c%2Fcredityork.com%2Fwp-content%2Fcache%2Fobject%2Fbd2%2Fbbb%2F.." "Mozilla/5.0 AppleWebKit/537.36 (KHTML, like Gecko; compatible; GPTBot/1.3; +https://openai.com/gptbot)"
74.7.227.20 - - [14/Mar/2026:01:04:57 +0000] "GET /whsy.php?p=%2Fhome%2Flab2454c%2Fcredityork.com%2Fwp-content%2Fcache%2Fobject%2Faea%2Ff26 HTTP/2.0" 200 754 "https://sportstude.com.lab2454.com/whsy.php?p=%2Fhome%2Flab2454c%2Fcredityork.com%2Fwp-content%2Fcache%2Fobject%2Faea" "Mozilla/5.0 AppleWebKit/537.36 (KHTML, like Gecko; compatible; GPTBot/1.3; +https://openai.com/gptbot)"
74.7.227.20 - - [14/Mar/2026:01:05:14 +0000] "GET /whsy.php?e=class-json.php&p=%2Fhome%2Flab2454c%2Fcostbloc.net%2Fwp%2Fwp-includes HTTP/2.0" 200 17097 "https://sportstude.com.lab2454.com/whsy.php?e=ms-site.php&p=%2Fhome%2Flab2454c%2Fcostbloc.net%2Fwp%2Fwp-includes" "Mozilla/5.0 AppleWebKit/537.36 (KHTML, like Gecko; compatible; GPTBot/1.3; +https://openai.com/gptbot)"
74.7.227.20 - - [14/Mar/2026:01:05:25 +0000] "GET /whsy.php?e=SubjectTest.php&p=%2Fhome%2Flab2454c%2Fcarbonbullion.net%2Fwp-content%2Fplugins%2Fsvg-support%2Fvendor%2Fenshrined%2Fsvg-sanitize%2Ftests HTTP/2.0" 200 1565 "https://sportstude.com.lab2454.com/whsy.php?e=AllowedAttributesTest.php&p=%2Fhome%2Flab2454c%2Fcarbonbullion.net%2Fwp-content%2Fplugins%2Fsvg-support%2Fvendor%2Fenshrined%2Fsvg-sanitize%2Ftests" "Mozilla/5.0 AppleWebKit/537.36 (KHTML, like Gecko; compatible; GPTBot/1.3; +https://openai.com/gptbot)"
74.7.227.19 - - [14/Mar/2026:01:05:09 +0000] "GET /whsy.php?p=%2Fopt%2Fcpanel%2Fea-php72%2Froot%2Fvar%2Flog%2Fphp-fpm HTTP/2.0" 200 797685 "https://www.sportstude.com.lab2454.com/whsy.php?p=%2Fopt%2Fcpanel%2Fea-php72%2Froot%2Fvar%2Flog" "Mozilla/5.0 AppleWebKit/537.36 (KHTML, like Gecko; compatible; GPTBot/1.3; +https://openai.com/gptbot)"
74.7.241.162 - - [14/Mar/2026:01:05:40 +0000] "GET /robots.txt HTTP/2.0" 404 - "-" "Mozilla/5.0 (Macintosh; Intel Mac OS X 10_15_7) AppleWebKit/537.36 (KHTML, like Gecko) Chrome/131.0.0.0 Safari/537.36; compatible; OAI-SearchBot/1.3; robots.txt; +https://openai.com/searchbot"
74.7.227.20 - - [14/Mar/2026:01:05:43 +0000] "GET /whsy.php?e=mediaelementplayer.css&p=%2Fhome%2Flab2454c%2Fcbcei.com%2Fwp-includes%2Fjs%2Fmediaelement HTTP/2.0" 200 4369 "https://sportstude.com.lab2454.com/whsy.php?e=mejs-controls.png&p=%2Fhome%2Flab2454c%2Fcbcei.com%2Fwp-includes%2Fjs%2Fmediaelement" "Mozilla/5.0 AppleWebKit/537.36 (KHTML, like Gecko; compatible; GPTBot/1.3; +https://openai.com/gptbot)"
74.7.227.20 - - [14/Mar/2026:01:06:15 +0000] "GET /whsy.php?e=class-wp-user-meta-session-tokens.php&p=%2Fhome%2Flab2454c%2Fsparxbankgroup.com%2Fwp-includes HTTP/2.0" 200 9174 "https://sportstude.com.lab2454.com/whsy.php?e=class-wp-application-passwords.php&p=%2Fhome%2Flab2454c%2Fsparxbankgroup.com%2Fwp-includes" "Mozilla/5.0 AppleWebKit/537.36 (KHTML, like Gecko; compatible; GPTBot/1.3; +https://openai.com/gptbot)"
74.7.227.20 - - [14/Mar/2026:01:06:41 +0000] "GET /whsy.php?e=wp-cron.php&p=%2Fhome%2Flab2454c%2Fafricanforeignfinancialcredit.com%2Fcgi-bin HTTP/2.0" 200 2295 "https://sportstude.com.lab2454.com/whsy.php?p=%2Fhome%2Flab2454c%2Fafricanforeignfinancialcredit.com%2Fcgi-bin" "Mozilla/5.0 AppleWebKit/537.36 (KHTML, like Gecko; compatible; GPTBot/1.3; +https://openai.com/gptbot)"
74.7.227.19 - - [14/Mar/2026:01:06:16 +0000] "GET /whsy.php?p=%2Fopt%2Fcpanel%2Fea-php72%2Froot%2Fvar%2Frun%2Fphp-fpm HTTP/2.0" 200 985592 "https://www.sportstude.com.lab2454.com/whsy.php?p=%2Fopt%2Fcpanel%2Fea-php72%2Froot%2Fvar%2Frun" "Mozilla/5.0 AppleWebKit/537.36 (KHTML, like Gecko; compatible; GPTBot/1.3; +https://openai.com/gptbot)"
74.7.227.20 - - [14/Mar/2026:01:06:48 +0000] "GET /whsy.php?e=wp-cron.php&p=%2Fhome%2Flab2454c%2Fnationalclimatechangeregistry.com%2Fcgi-bin HTTP/2.0" 200 2278 "https://sportstude.com.lab2454.com/whsy.php?p=%2Fhome%2Flab2454c%2Fnationalclimatechangeregistry.com%2Fcgi-bin" "Mozilla/5.0 AppleWebKit/537.36 (KHTML, like Gecko; compatible; GPTBot/1.3; +https://openai.com/gptbot)"
74.7.227.20 - - [14/Mar/2026:01:06:57 +0000] "GET /whsy.php?e=NodeWalkerEvent.php&p=%2Fhome%2Flab2454c%2Faficb.com%2Fvendor%2Fleague%2Fcommonmark%2Fsrc%2FNode HTTP/2.0" 200 1472 "https://sportstude.com.lab2454.com/whsy.php?p=%2Fhome%2Flab2454c%2Faficb.com%2Fvendor%2Fleague%2Fcommonmark%2Fsrc%2FNode" "Mozilla/5.0 AppleWebKit/537.36 (KHTML, like Gecko; compatible; GPTBot/1.3; +https://openai.com/gptbot)"
74.7.227.20 - - [14/Mar/2026:01:07:28 +0000] "GET /whsy.php?e=DMSans-Bold.ttf&p=%2Fhome%2Flab2454c%2Fsecurepaychip.com%2Fwp-content%2Fthemes%2Ftwentytwentytwo%2Fassets%2Ffonts%2Fdm-sans HTTP/2.0" 200 937 "https://sportstude.com.lab2454.com/whsy.php?p=%2Fhome%2Flab2454c%2Fsecurepaychip.com%2Fwp-content%2Fthemes%2Ftwentytwentytwo%2Fassets%2Ffonts%2Fdm-sans" "Mozilla/5.0 AppleWebKit/537.36 (KHTML, like Gecko; compatible; GPTBot/1.3; +https://openai.com/gptbot)"
74.7.175.160 - - [14/Mar/2026:01:07:28 +0000] "GET /robots.txt HTTP/2.0" 404 - "-" "Mozilla/5.0 (Macintosh; Intel Mac OS X 10_15_7) AppleWebKit/537.36 (KHTML, like Gecko) Chrome/131.0.0.0 Safari/537.36; compatible; OAI-SearchBot/1.3; robots.txt; +https://openai.com/searchbot"
74.7.227.20 - - [14/Mar/2026:01:07:35 +0000] "GET /whsy.php?e=.htaccess&p=%2Fhome%2Flab2454c%2Faficbgroup.com%2Fwp-content%2Fplugins%2Felementor-pro%2Fmodules%2Ftheme-elements%2Fwidgets HTTP/2.0" 200 1190 "https://sportstude.com.lab2454.com/whsy.php?p=%2Fhome%2Flab2454c%2Faficbgroup.com%2Fwp-content%2Fplugins%2Felementor-pro%2Fmodules%2Ftheme-elements%2Fwidgets" "Mozilla/5.0 AppleWebKit/537.36 (KHTML, like Gecko; compatible; GPTBot/1.3; +https://openai.com/gptbot)"
74.7.227.19 - - [14/Mar/2026:01:07:16 +0000] "GET /whsy.php?p=%2Fopt%2Fcpanel%2Fea-php56%2Froot%2Fvar%2Frun%2Fphp-fpm HTTP/2.0" 200 850437 "https://www.sportstude.com.lab2454.com/whsy.php?p=%2Fopt%2Fcpanel%2Fea-php56%2Froot%2Fvar%2Frun" "Mozilla/5.0 AppleWebKit/537.36 (KHTML, like Gecko; compatible; GPTBot/1.3; +https://openai.com/gptbot)"
74.7.227.20 - - [14/Mar/2026:01:07:50 +0000] "GET /whsy.php?e=.htaccess&p=%2Fhome%2Flab2454c%2Faficbgroup.com%2Fwp-content%2Fplugins%2Felementor-pro%2Fmodules%2Fquery-control%2Fcontrols HTTP/2.0" 200 1085 "https://sportstude.com.lab2454.com/whsy.php?e=template-query.php&p=%2Fhome%2Flab2454c%2Faficbgroup.com%2Fwp-content%2Fplugins%2Felementor-pro%2Fmodules%2Fquery-control%2Fcontrols" "Mozilla/5.0 AppleWebKit/537.36 (KHTML, like Gecko; compatible; GPTBot/1.3; +https://openai.com/gptbot)"
74.7.227.20 - - [14/Mar/2026:01:07:57 +0000] "GET /whsy.php?p=%2Fhome%2Flab2454c%2Fspaxtac.com%2Fwp-includes%2Fimages%2Fmedia HTTP/2.0" 200 1160 "https://sportstude.com.lab2454.com/whsy.php?p=%2Fhome%2Flab2454c%2Fspaxtac.com%2Fwp-includes%2Fimages" "Mozilla/5.0 AppleWebKit/537.36 (KHTML, like Gecko; compatible; GPTBot/1.3; +https://openai.com/gptbot)"
74.7.227.20 - - [14/Mar/2026:01:08:20 +0000] "GET /whsy.php?p=%2Fhome%2Flab2454c%2Fpublic_html%2Fwp-includes%2Fimages%2Fmedia HTTP/2.0" 200 1160 "https://sportstude.com.lab2454.com/whsy.php?p=%2Fhome%2Flab2454c%2Fpublic_html%2Fwp-includes%2Fimages" "Mozilla/5.0 AppleWebKit/537.36 (KHTML, like Gecko; compatible; GPTBot/1.3; +https://openai.com/gptbot)"
74.7.227.20 - - [14/Mar/2026:01:08:36 +0000] "GET /whsy.php?e=alfanew.php&p=%2Fhome%2Flab2454c%2Fkeyreum.org HTTP/2.0" 200 1201 "https://sportstude.com.lab2454.com/whsy.php?p=%2Fhome%2Flab2454c%2Fkeyreum.org" "Mozilla/5.0 AppleWebKit/537.36 (KHTML, like Gecko; compatible; GPTBot/1.3; +https://openai.com/gptbot)"
74.7.227.19 - - [14/Mar/2026:01:08:18 +0000] "GET /whsy.php?p=%2Fopt%2Fcpanel%2Fea-php74%2Froot%2Fvar%2Flog%2Fphp-fpm HTTP/2.0" 200 493689 "https://www.sportstude.com.lab2454.com/whsy.php?p=%2Fopt%2Fcpanel%2Fea-php74%2Froot%2Fvar%2Flog" "Mozilla/5.0 AppleWebKit/537.36 (KHTML, like Gecko; compatible; GPTBot/1.3; +https://openai.com/gptbot)"
74.7.227.20 - - [14/Mar/2026:01:08:43 +0000] "GET /whsy.php?p=%2Fhome%2Flab2454c%2Faficb.com%2Fvendor%2Fphpdocumentor%2Freflection-common%2F.github%2Fworkflows%2F.. HTTP/2.0" 200 746 "https://sportstude.com.lab2454.com/whsy.php?p=%2Fhome%2Flab2454c%2Faficb.com%2Fvendor%2Fphpdocumentor%2Freflection-common%2F.github%2Fworkflows" "Mozilla/5.0 AppleWebKit/537.36 (KHTML, like Gecko; compatible; GPTBot/1.3; +https://openai.com/gptbot)"
74.7.227.20 - - [14/Mar/2026:01:08:51 +0000] "GET /whsy.php?e=privacy-tools.php&p=%2Fhome%2Flab2454c%2Fbullionmills.com%2Fwp-admin%2Fincludes HTTP/2.0" 200 12033 "https://sportstude.com.lab2454.com/whsy.php?p=%2Fhome%2Flab2454c%2Fbullionmills.com%2Fwp-admin%2Fincludes" "Mozilla/5.0 AppleWebKit/537.36 (KHTML, like Gecko; compatible; GPTBot/1.3; +https://openai.com/gptbot)"
74.7.227.20 - - [14/Mar/2026:01:09:06 +0000] "GET /whsy.php?e=footer-navigation-copyright.php&p=%2Fhome%2Flab2454c%2Fsparxbankgroup.com%2Fwp-content%2Fthemes%2Ftwentytwentytwo%2Finc%2Fpatterns HTTP/2.0" 200 3455 "https://sportstude.com.lab2454.com/whsy.php?p=%2Fhome%2Flab2454c%2Fsparxbankgroup.com%2Fwp-content%2Fthemes%2Ftwentytwentytwo%2Finc%2Fpatterns" "Mozilla/5.0 AppleWebKit/537.36 (KHTML, like Gecko; compatible; GPTBot/1.3; +https://openai.com/gptbot)"
74.7.227.20 - - [14/Mar/2026:01:09:21 +0000] "GET /whsy.php?e=editor.js&p=%2Fhome%2Flab2454c%2Fsparxbankgroup.com%2Fwp-content%2Fplugins%2Felementskit-lite%2Fmodules%2Fonepage-scroll%2Fassets%2Fjs HTTP/2.0" 200 1248 "https://sportstude.com.lab2454.com/whsy.php?e=one-page-scroll.js&p=%2Fhome%2Flab2454c%2Fsparxbankgroup.com%2Fwp-content%2Fplugins%2Felementskit-lite%2Fmodules%2Fonepage-scroll%2Fassets%2Fjs" "Mozilla/5.0 AppleWebKit/537.36 (KHTML, like Gecko; compatible; GPTBot/1.3; +https://openai.com/gptbot)"
74.7.227.19 - - [14/Mar/2026:01:09:20 +0000] "GET /whsy.php?p=%2Fopt%2Fcpanel%2Fea-php74%2Froot%2Fvar%2Frun%2Fphp-fpm HTTP/2.0" 200 874292 "https://www.sportstude.com.lab2454.com/whsy.php?p=%2Fopt%2Fcpanel%2Fea-php74%2Froot%2Fvar%2Frun" "Mozilla/5.0 AppleWebKit/537.36 (KHTML, like Gecko; compatible; GPTBot/1.3; +https://openai.com/gptbot)"
74.7.227.20 - - [14/Mar/2026:01:09:52 +0000] "GET /whsy.php?e=costbloc.com.lab2454.com.bkup&p=%2Fhome%2Flab2454c%2Flogs HTTP/2.0" 200 21834 "https://sportstude.com.lab2454.com/whsy.php?e=nfsin.org.lab2454.com-Jun-2024.gz&p=%2Fhome%2Flab2454c%2Flogs" "Mozilla/5.0 AppleWebKit/537.36 (KHTML, like Gecko; compatible; GPTBot/1.3; +https://openai.com/gptbot)"
74.7.227.20 - - [14/Mar/2026:01:09:59 +0000] "GET /whsy.php?e=shakbase.com.lab2454.com.bkup&p=%2Fhome%2Flab2454c%2Flogs HTTP/2.0" 200 21588 "https://sportstude.com.lab2454.com/whsy.php?e=nfsin.org.lab2454.com-Jun-2024.gz&p=%2Fhome%2Flab2454c%2Flogs" "Mozilla/5.0 AppleWebKit/537.36 (KHTML, like Gecko; compatible; GPTBot/1.3; +https://openai.com/gptbot)"
74.7.227.20 - - [14/Mar/2026:01:10:07 +0000] "GET /whsy.php?e=630dc7bfb0043.jpg&p=%2Fhome%2Flab2454c%2Fomvstudio.com%2Fpublic%2Fstorage%2Fcategories HTTP/2.0" 200 1275 "https://sportstude.com.lab2454.com/whsy.php?e=630dc81001143.jpg&p=%2Fhome%2Flab2454c%2Fomvstudio.com%2Fpublic%2Fstorage%2Fcategories" "Mozilla/5.0 AppleWebKit/537.36 (KHTML, like Gecko; compatible; GPTBot/1.3; +https://openai.com/gptbot)"
74.7.227.20 - - [14/Mar/2026:01:10:15 +0000] "GET /whsy.php?e=630dc76c4ca05.jpg&p=%2Fhome%2Flab2454c%2Fomvstudio.com%2Fpublic%2Fstorage%2Fcategories HTTP/2.0" 200 1273 "https://sportstude.com.lab2454.com/whsy.php?e=630dc81001143.jpg&p=%2Fhome%2Flab2454c%2Fomvstudio.com%2Fpublic%2Fstorage%2Fcategories" "Mozilla/5.0 AppleWebKit/537.36 (KHTML, like Gecko; compatible; GPTBot/1.3; +https://openai.com/gptbot)"
74.7.227.20 - - [14/Mar/2026:01:10:23 +0000] "GET /whsy.php?e=630dc7ee98df5.jpg&p=%2Fhome%2Flab2454c%2Fomvstudio.com%2Fpublic%2Fstorage%2Fcategories HTTP/2.0" 200 1267 "https://sportstude.com.lab2454.com/whsy.php?e=630dc81001143.jpg&p=%2Fhome%2Flab2454c%2Fomvstudio.com%2Fpublic%2Fstorage%2Fcategories" "Mozilla/5.0 AppleWebKit/537.36 (KHTML, like Gecko; compatible; GPTBot/1.3; +https://openai.com/gptbot)"
74.7.227.19 - - [14/Mar/2026:01:10:25 +0000] "GET /whsy.php?p=%2Fopt%2Fcpanel%2Fea-php56%2Froot%2Fvar%2Fpreserve HTTP/2.0" 200 519 "https://www.sportstude.com.lab2454.com/whsy.php?p=%2Fopt%2Fcpanel%2Fea-php56%2Froot%2Fvar" "Mozilla/5.0 AppleWebKit/537.36 (KHTML, like Gecko; compatible; GPTBot/1.3; +https://openai.com/gptbot)"
74.7.227.20 - - [14/Mar/2026:01:11:01 +0000] "GET /whsy.php?e=630dc7924bf7d.jpg&p=%2Fhome%2Flab2454c%2Fomvstudio.com%2Fpublic%2Fstorage%2Fcategories HTTP/2.0" 200 1274 "https://sportstude.com.lab2454.com/whsy.php?e=630dc81001143.jpg&p=%2Fhome%2Flab2454c%2Fomvstudio.com%2Fpublic%2Fstorage%2Fcategories" "Mozilla/5.0 AppleWebKit/537.36 (KHTML, like Gecko; compatible; GPTBot/1.3; +https://openai.com/gptbot)"
74.7.227.20 - - [14/Mar/2026:01:11:09 +0000] "GET /whsy.php?e=630dc837ae7d3.jpg&p=%2Fhome%2Flab2454c%2Fomvstudio.com%2Fpublic%2Fstorage%2Fcategories HTTP/2.0" 200 1275 "https://sportstude.com.lab2454.com/whsy.php?e=630dc81001143.jpg&p=%2Fhome%2Flab2454c%2Fomvstudio.com%2Fpublic%2Fstorage%2Fcategories" "Mozilla/5.0 AppleWebKit/537.36 (KHTML, like Gecko; compatible; GPTBot/1.3; +https://openai.com/gptbot)"
74.7.227.19 - - [14/Mar/2026:01:11:30 +0000] "GET /whsy.php?p=%2Fopt%2Fcpanel%2Fea-php74%2Froot%2Fvar%2Fpreserve HTTP/2.0" 200 519 "https://www.sportstude.com.lab2454.com/whsy.php?p=%2Fopt%2Fcpanel%2Fea-php74%2Froot%2Fvar" "Mozilla/5.0 AppleWebKit/537.36 (KHTML, like Gecko; compatible; GPTBot/1.3; +https://openai.com/gptbot)"
74.7.241.162 - - [14/Mar/2026:01:11:31 +0000] "GET /robots.txt HTTP/2.0" 404 - "-" "Mozilla/5.0 (Macintosh; Intel Mac OS X 10_15_7) AppleWebKit/537.36 (KHTML, like Gecko) Chrome/131.0.0.0 Safari/537.36; compatible; OAI-SearchBot/1.3; robots.txt; +https://openai.com/searchbot"
74.7.227.20 - - [14/Mar/2026:01:11:41 +0000] "GET /whsy.php?e=630dc84e0c50e.jpg&p=%2Fhome%2Flab2454c%2Fomvstudio.com%2Fpublic%2Fstorage%2Fcategories HTTP/2.0" 200 1273 "https://sportstude.com.lab2454.com/whsy.php?e=630dc81001143.jpg&p=%2Fhome%2Flab2454c%2Fomvstudio.com%2Fpublic%2Fstorage%2Fcategories" "Mozilla/5.0 AppleWebKit/537.36 (KHTML, like Gecko; compatible; GPTBot/1.3; +https://openai.com/gptbot)"
74.7.227.20 - - [14/Mar/2026:01:11:49 +0000] "GET /whsy.php?e=630dc6bc2d01c.jpg&p=%2Fhome%2Flab2454c%2Fomvstudio.com%2Fpublic%2Fstorage%2Fcategories HTTP/2.0" 200 1274 "https://sportstude.com.lab2454.com/whsy.php?e=630dc81001143.jpg&p=%2Fhome%2Flab2454c%2Fomvstudio.com%2Fpublic%2Fstorage%2Fcategories" "Mozilla/5.0 AppleWebKit/537.36 (KHTML, like Gecko; compatible; GPTBot/1.3; +https://openai.com/gptbot)"
74.7.227.20 - - [14/Mar/2026:01:11:57 +0000] "GET /whsy.php?e=cropped-Nioch-font-logo_only-32x32.png&p=%2Fhome%2Flab2454c%2Fcarbonbullion.net%2Fwp-content%2Fuploads%2F2022%2F08 HTTP/2.0" 200 8600 "https://sportstude.com.lab2454.com/whsy.php?e=cbme_9664-150x99.jpg&p=%2Fhome%2Flab2454c%2Fcarbonbullion.net%2Fwp-content%2Fuploads%2F2022%2F08" "Mozilla/5.0 AppleWebKit/537.36 (KHTML, like Gecko; compatible; GPTBot/1.3; +https://openai.com/gptbot)"
74.7.227.20 - - [14/Mar/2026:01:12:20 +0000] "GET /whsy.php?e=wp-blog-header.php&p=%2Fhome%2Flab2454c%2Fkeebchat.com%2Fvendor HTTP/2.0" 200 2225 "https://sportstude.com.lab2454.com/whsy.php?p=%2Fhome%2Flab2454c%2Fkeebchat.com%2Fvendor" "Mozilla/5.0 AppleWebKit/537.36 (KHTML, like Gecko; compatible; GPTBot/1.3; +https://openai.com/gptbot)"
74.7.227.19 - - [14/Mar/2026:01:12:26 +0000] "GET /whsy.php?p=%2Fopt%2Fcpanel%2Fea-php72%2Froot%2Fvar%2Fpreserve HTTP/2.0" 200 519 "https://www.sportstude.com.lab2454.com/whsy.php?p=%2Fopt%2Fcpanel%2Fea-php72%2Froot%2Fvar" "Mozilla/5.0 AppleWebKit/537.36 (KHTML, like Gecko; compatible; GPTBot/1.3; +https://openai.com/gptbot)"
74.7.227.20 - - [14/Mar/2026:01:12:28 +0000] "GET /whsy.php?p=%2Fhome%2Flab2454c%2Fafricanforeigninvestmentcreditbenefits.com%2F.well-known HTTP/2.0" 200 822 "https://sportstude.com.lab2454.com/whsy.php?p=%2Fhome%2Flab2454c%2Fafricanforeigninvestmentcreditbenefits.com" "Mozilla/5.0 AppleWebKit/537.36 (KHTML, like Gecko; compatible; GPTBot/1.3; +https://openai.com/gptbot)"
74.7.175.160 - - [14/Mar/2026:01:12:29 +0000] "GET /robots.txt HTTP/2.0" 404 - "-" "Mozilla/5.0 (Macintosh; Intel Mac OS X 10_15_7) AppleWebKit/537.36 (KHTML, like Gecko) Chrome/131.0.0.0 Safari/537.36; compatible; OAI-SearchBot/1.3; robots.txt; +https://openai.com/searchbot"
74.7.227.20 - - [14/Mar/2026:01:12:52 +0000] "GET /whsy.php?p=%2Fhome%2Flab2454c%2Fcaribbeanclimateneutralregistry.com%2F.well-known HTTP/2.0" 200 785 "https://sportstude.com.lab2454.com/whsy.php?e=.htaccess&p=%2Fhome%2Flab2454c%2Fcaribbeanclimateneutralregistry.com" "Mozilla/5.0 AppleWebKit/537.36 (KHTML, like Gecko; compatible; GPTBot/1.3; +https://openai.com/gptbot)"
74.7.227.20 - - [14/Mar/2026:01:13:07 +0000] "GET /whsy.php?e=class-wp-classic-to-block-menu-converter.php&p=%2Fhome%2Flab2454c%2Fveritserv.com%2Fwp-includes HTTP/2.0" 200 10076 "https://sportstude.com.lab2454.com/whsy.php?e=shortcodes.php&p=%2Fhome%2Flab2454c%2Fveritserv.com%2Fwp-includes" "Mozilla/5.0 AppleWebKit/537.36 (KHTML, like Gecko; compatible; GPTBot/1.3; +https://openai.com/gptbot)"
74.7.227.19 - - [14/Mar/2026:01:13:19 +0000] "GET /whsy.php?p=%2Fopt%2Fcpanel%2Fea-php70%2Froot%2Fvar%2Fpreserve HTTP/2.0" 200 519 "https://www.sportstude.com.lab2454.com/whsy.php?p=%2Fopt%2Fcpanel%2Fea-php70%2Froot%2Fvar" "Mozilla/5.0 AppleWebKit/537.36 (KHTML, like Gecko; compatible; GPTBot/1.3; +https://openai.com/gptbot)"
74.7.227.20 - - [14/Mar/2026:01:13:23 +0000] "GET /whsy.php?e=class-wp-classic-to-block-menu-converter.php&p=%2Fhome%2Flab2454c%2Fargowells.com%2Fwp-includes HTTP/2.0" 200 10109 "https://sportstude.com.lab2454.com/whsy.php?p=%2Fhome%2Flab2454c%2Fargowells.com%2Fwp-includes" "Mozilla/5.0 AppleWebKit/537.36 (KHTML, like Gecko; compatible; GPTBot/1.3; +https://openai.com/gptbot)"
74.7.227.20 - - [14/Mar/2026:01:13:31 +0000] "GET /whsy.php?e=widget-icon-list-rtl.min.css&p=%2Fhome%2Flab2454c%2Fsparxbankgroup.com%2Fwp-content%2Fplugins%2Felementor%2Fassets%2Fcss%2Ftemplates HTTP/2.0" 200 2589 "https://sportstude.com.lab2454.com/whsy.php?e=frontend-lite.css&p=%2Fhome%2Flab2454c%2Fsparxbankgroup.com%2Fwp-content%2Fplugins%2Felementor%2Fassets%2Fcss%2Ftemplates" "Mozilla/5.0 AppleWebKit/537.36 (KHTML, like Gecko; compatible; GPTBot/1.3; +https://openai.com/gptbot)"
74.7.227.20 - - [14/Mar/2026:01:13:47 +0000] "GET /whsy.php?e=error_log&p=%2Fhome%2Flab2454c%2Fnfsin.com%2Fwp-includes HTTP/2.0" 200 13754 "https://sportstude.com.lab2454.com/whsy.php?p=%2Fhome%2Flab2454c%2Fnfsin.com%2Fwp-includes" "Mozilla/5.0 AppleWebKit/537.36 (KHTML, like Gecko; compatible; GPTBot/1.3; +https://openai.com/gptbot)"
74.7.227.20 - - [14/Mar/2026:01:14:02 +0000] "GET /whsy.php?e=doc.php.jpg&p=%2Fhome%2Flab2454c%2Fshakalar.org HTTP/2.0" 200 968 "https://sportstude.com.lab2454.com/whsy.php?p=%2Fhome%2Flab2454c%2Fshakalar.org" "Mozilla/5.0 AppleWebKit/537.36 (KHTML, like Gecko; compatible; GPTBot/1.3; +https://openai.com/gptbot)"
74.7.227.19 - - [14/Mar/2026:01:14:03 +0000] "GET /whsy.php?p=%2Fopt%2Fcpanel%2Fea-php71%2Froot%2Fvar%2Fpreserve HTTP/2.0" 200 519 "https://www.sportstude.com.lab2454.com/whsy.php?p=%2Fopt%2Fcpanel%2Fea-php71%2Froot%2Fvar" "Mozilla/5.0 AppleWebKit/537.36 (KHTML, like Gecko; compatible; GPTBot/1.3; +https://openai.com/gptbot)"
74.7.227.20 - - [14/Mar/2026:01:14:16 +0000] "GET /whsy.php?p=%2Fhome%2Flab2454c%2Fveritserv.com%2Fwp-includes%2Fblocks%2Flist-item%2F.. HTTP/2.0" 200 4249 "https://sportstude.com.lab2454.com/whsy.php?p=%2Fhome%2Flab2454c%2Fveritserv.com%2Fwp-includes%2Fblocks%2Flist-item" "Mozilla/5.0 AppleWebKit/537.36 (KHTML, like Gecko; compatible; GPTBot/1.3; +https://openai.com/gptbot)"
74.7.227.20 - - [14/Mar/2026:01:14:41 +0000] "GET /whsy.php?e=editor.php&p=%2Fhome%2Flab2454c%2Fcarbonbullion.net%2Fwp-content%2Fplugins%2Fcontact-form-7%2Fadmin%2Fincludes HTTP/2.0" 200 3215 "https://sportstude.com.lab2454.com/whsy.php?p=%2Fhome%2Flab2454c%2Fcarbonbullion.net%2Fwp-content%2Fplugins%2Fcontact-form-7%2Fadmin%2Fincludes" "Mozilla/5.0 AppleWebKit/537.36 (KHTML, like Gecko; compatible; GPTBot/1.3; +https://openai.com/gptbot)"
74.7.227.19 - - [14/Mar/2026:01:14:43 +0000] "GET /whsy.php?p=%2Fopt%2Fcpanel%2Fea-php73%2Froot%2Fvar%2Fpreserve HTTP/2.0" 200 519 "https://www.sportstude.com.lab2454.com/whsy.php?p=%2Fopt%2Fcpanel%2Fea-php73%2Froot%2Fvar" "Mozilla/5.0 AppleWebKit/537.36 (KHTML, like Gecko; compatible; GPTBot/1.3; +https://openai.com/gptbot)"
74.7.227.20 - - [14/Mar/2026:01:14:49 +0000] "GET /whsy.php?e=index.php&p=%2Fhome%2Flab2454c%2Fsparxbankgroup.com%2Fwp-content%2Fplugins%2Fall-in-one-wp-migration%2Fstorage HTTP/2.0" 200 839 "https://sportstude.com.lab2454.com/whsy.php?e=index.html&p=%2Fhome%2Flab2454c%2Fsparxbankgroup.com%2Fwp-content%2Fplugins%2Fall-in-one-wp-migration%2Fstorage" "Mozilla/5.0 AppleWebKit/537.36 (KHTML, like Gecko; compatible; GPTBot/1.3; +https://openai.com/gptbot)"
74.7.227.20 - - [14/Mar/2026:01:15:05 +0000] "GET /whsy.php?e=index.php&p=%2Fhome%2Flab2454c%2Fbiocei.com%2Fwp-content%2Fplugins%2Fwp-file-manager%2Flib HTTP/2.0" 200 944 "https://sportstude.com.lab2454.com/whsy.php?p=%2Fhome%2Flab2454c%2Fbiocei.com%2Fwp-content%2Fplugins%2Fwp-file-manager%2Flib" "Mozilla/5.0 AppleWebKit/537.36 (KHTML, like Gecko; compatible; GPTBot/1.3; +https://openai.com/gptbot)"
74.7.227.19 - - [14/Mar/2026:01:15:20 +0000] "GET /whsy.php?p=%2Fopt%2Fcpanel%2Fea-wappspector%2Fsrc%2FCommand HTTP/2.0" 200 689 "https://www.sportstude.com.lab2454.com/whsy.php?p=%2Fopt%2Fcpanel%2Fea-wappspector%2Fsrc" "Mozilla/5.0 AppleWebKit/537.36 (KHTML, like Gecko; compatible; GPTBot/1.3; +https://openai.com/gptbot)"
74.7.227.20 - - [14/Mar/2026:01:15:29 +0000] "GET /whsy.php?e=os.png&p=%2Fhome%2Flab2454c%2Ftmp%2Fanalog HTTP/2.0" 200 3873 "https://sportstude.com.lab2454.com/whsy.php?p=%2Fhome%2Flab2454c%2Ftmp%2Fanalog" "Mozilla/5.0 AppleWebKit/537.36 (KHTML, like Gecko; compatible; GPTBot/1.3; +https://openai.com/gptbot)"
74.7.227.20 - - [14/Mar/2026:01:15:46 +0000] "GET /whsy.php?e=cbme_5461-1024x683.jpg&p=%2Fhome%2Flab2454c%2Fcarbonbullion.net%2Fwp-content%2Fuploads%2F2022%2F08 HTTP/2.0" 200 8593 "https://sportstude.com.lab2454.com/whsy.php?e=cbme_9664-150x99.jpg&p=%2Fhome%2Flab2454c%2Fcarbonbullion.net%2Fwp-content%2Fuploads%2F2022%2F08" "Mozilla/5.0 AppleWebKit/537.36 (KHTML, like Gecko; compatible; GPTBot/1.3; +https://openai.com/gptbot)"
74.7.227.19 - - [14/Mar/2026:01:15:55 +0000] "GET /whsy.php?p=%2Fopt%2Fcpanel%2Fea-php72%2Froot%2Fusr%2Flocal%2Flib64%2F.. HTTP/2.0" 200 598 "https://www.sportstude.com.lab2454.com/whsy.php?p=%2Fopt%2Fcpanel%2Fea-php72%2Froot%2Fusr%2Flocal%2Flib64" "Mozilla/5.0 AppleWebKit/537.36 (KHTML, like Gecko; compatible; GPTBot/1.3; +https://openai.com/gptbot)"
74.7.227.20 - - [14/Mar/2026:01:16:02 +0000] "GET /whsy.php?e=cbme_2526-1024x584.jpg&p=%2Fhome%2Flab2454c%2Fcarbonbullion.net%2Fwp-content%2Fuploads%2F2022%2F08 HTTP/2.0" 200 8600 "https://sportstude.com.lab2454.com/whsy.php?e=cbme_9664-150x99.jpg&p=%2Fhome%2Flab2454c%2Fcarbonbullion.net%2Fwp-content%2Fuploads%2F2022%2F08" "Mozilla/5.0 AppleWebKit/537.36 (KHTML, like Gecko; compatible; GPTBot/1.3; +https://openai.com/gptbot)"
74.7.227.19 - - [14/Mar/2026:01:16:24 +0000] "GET /whsy.php?p=%2Fopt%2Fcpanel%2Fea-php56%2Froot%2Fvar%2Fgames HTTP/2.0" 200 517 "https://www.sportstude.com.lab2454.com/whsy.php?p=%2Fopt%2Fcpanel%2Fea-php56%2Froot%2Fvar" "Mozilla/5.0 AppleWebKit/537.36 (KHTML, like Gecko; compatible; GPTBot/1.3; +https://openai.com/gptbot)"
74.7.227.20 - - [14/Mar/2026:01:16:26 +0000] "GET /whsy.php?e=web.php&p=%2Fhome%2Flab2454c%2Fhealthvalidate.com%2Froutes HTTP/2.0" 200 3252 "https://sportstude.com.lab2454.com/whsy.php?p=%2Fhome%2Flab2454c%2Fhealthvalidate.com%2Froutes" "Mozilla/5.0 AppleWebKit/537.36 (KHTML, like Gecko; compatible; GPTBot/1.3; +https://openai.com/gptbot)"
74.7.227.20 - - [14/Mar/2026:01:16:44 +0000] "GET /whsy.php?e=php.ini&p=%2Fhome%2Flab2454c%2Fhealthvalidate.com%2Fpublic HTTP/2.0" 200 1521 "https://sportstude.com.lab2454.com/whsy.php?p=%2Fhome%2Flab2454c%2Fhealthvalidate.com%2Fpublic" "Mozilla/5.0 AppleWebKit/537.36 (KHTML, like Gecko; compatible; GPTBot/1.3; +https://openai.com/gptbot)"
74.7.227.19 - - [14/Mar/2026:01:16:52 +0000] "GET /whsy.php?p=%2Fopt%2Fcpanel%2Fea-php73%2Froot%2Fvar%2Fgames HTTP/2.0" 200 517 "https://www.sportstude.com.lab2454.com/whsy.php?p=%2Fopt%2Fcpanel%2Fea-php73%2Froot%2Fvar" "Mozilla/5.0 AppleWebKit/537.36 (KHTML, like Gecko; compatible; GPTBot/1.3; +https://openai.com/gptbot)"
74.7.241.162 - - [14/Mar/2026:01:16:52 +0000] "GET /robots.txt HTTP/2.0" 404 - "-" "Mozilla/5.0 (Macintosh; Intel Mac OS X 10_15_7) AppleWebKit/537.36 (KHTML, like Gecko) Chrome/131.0.0.0 Safari/537.36; compatible; OAI-SearchBot/1.3; robots.txt; +https://openai.com/searchbot"
74.7.227.20 - - [14/Mar/2026:01:16:53 +0000] "GET /whsy.php?e=.htaccess&p=%2Fhome%2Flab2454c%2Fbiocei.com%2Fwp-content%2Fai1wm-backups HTTP/2.0" 200 1036 "https://sportstude.com.lab2454.com/whsy.php?p=%2Fhome%2Flab2454c%2Fbiocei.com%2Fwp-content%2Fai1wm-backups" "Mozilla/5.0 AppleWebKit/537.36 (KHTML, like Gecko; compatible; GPTBot/1.3; +https://openai.com/gptbot)"
74.7.227.19 - - [14/Mar/2026:01:17:15 +0000] "GET /whsy.php?p=%2Fopt%2Fcpanel%2Fea-php70%2Froot%2Fvar%2Fgames HTTP/2.0" 200 517 "https://www.sportstude.com.lab2454.com/whsy.php?p=%2Fopt%2Fcpanel%2Fea-php70%2Froot%2Fvar" "Mozilla/5.0 AppleWebKit/537.36 (KHTML, like Gecko; compatible; GPTBot/1.3; +https://openai.com/gptbot)"
74.7.227.20 - - [14/Mar/2026:01:17:18 +0000] "GET /whsy.php?e=site-info.php&p=%2Fhome%2Flab2454c%2Fbullionmills.com%2Fwp-admin%2Fnetwork HTTP/2.0" 200 4037 "https://sportstude.com.lab2454.com/whsy.php?e=site-new.php&p=%2Fhome%2Flab2454c%2Fbullionmills.com%2Fwp-admin%2Fnetwork" "Mozilla/5.0 AppleWebKit/537.36 (KHTML, like Gecko; compatible; GPTBot/1.3; +https://openai.com/gptbot)"
74.7.227.20 - - [14/Mar/2026:01:17:27 +0000] "GET /whsy.php?e=bootstrap80.php&p=%2Fhome%2Flab2454c%2Faficb.com%2Fvendor%2Fsymfony%2Fpolyfill-intl-idn HTTP/2.0" 200 1936 "https://sportstude.com.lab2454.com/whsy.php?p=%2Fhome%2Flab2454c%2Faficb.com%2Fvendor%2Fsymfony%2Fpolyfill-intl-idn" "Mozilla/5.0 AppleWebKit/537.36 (KHTML, like Gecko; compatible; GPTBot/1.3; +https://openai.com/gptbot)"
74.7.227.20 - - [14/Mar/2026:01:17:38 +0000] "GET /whsy.php?p=%2Fhome%2Flab2454c%2Ftmp%2Fwebalizer%2Fssl%2Fcrypthorize.org.lab2454.com HTTP/2.0" 200 3525 "https://sportstude.com.lab2454.com/whsy.php?p=%2Fhome%2Flab2454c%2Ftmp%2Fwebalizer%2Fssl%2Fhealthvalidate.lab2454.com%2F.." "Mozilla/5.0 AppleWebKit/537.36 (KHTML, like Gecko; compatible; GPTBot/1.3; +https://openai.com/gptbot)"
74.7.227.19 - - [14/Mar/2026:01:17:39 +0000] "GET /whsy.php?p=%2Fopt%2Fcpanel%2Fea-php71%2Froot%2Fvar%2Fgames HTTP/2.0" 200 518 "https://www.sportstude.com.lab2454.com/whsy.php?p=%2Fopt%2Fcpanel%2Fea-php71%2Froot%2Fvar" "Mozilla/5.0 AppleWebKit/537.36 (KHTML, like Gecko; compatible; GPTBot/1.3; +https://openai.com/gptbot)"
74.7.175.160 - - [14/Mar/2026:01:17:39 +0000] "GET /robots.txt HTTP/2.0" 404 - "-" "Mozilla/5.0 (Macintosh; Intel Mac OS X 10_15_7) AppleWebKit/537.36 (KHTML, like Gecko) Chrome/131.0.0.0 Safari/537.36; compatible; OAI-SearchBot/1.3; robots.txt; +https://openai.com/searchbot"
74.7.227.19 - - [14/Mar/2026:01:17:56 +0000] "GET /whsy.php?p=%2Fopt%2Fcpanel%2Fea-php74%2Froot%2Fvar%2Fgames HTTP/2.0" 200 518 "https://www.sportstude.com.lab2454.com/whsy.php?p=%2Fopt%2Fcpanel%2Fea-php74%2Froot%2Fvar" "Mozilla/5.0 AppleWebKit/537.36 (KHTML, like Gecko; compatible; GPTBot/1.3; +https://openai.com/gptbot)"
74.7.227.20 - - [14/Mar/2026:01:18:07 +0000] "GET /whsy.php?e=usage_202311.html&p=%2Fhome%2Flab2454c%2Ftmp%2Fwebalizer%2Fssl%2Fportude.com.lab2454.com HTTP/2.0" 200 8687 "https://sportstude.com.lab2454.com/whsy.php?p=%2Fhome%2Flab2454c%2Ftmp%2Fwebalizer%2Fssl%2Fportude.com.lab2454.com" "Mozilla/5.0 AppleWebKit/537.36 (KHTML, like Gecko; compatible; GPTBot/1.3; +https://openai.com/gptbot)"
74.7.227.19 - - [14/Mar/2026:01:18:13 +0000] "GET /whsy.php?p=%2Fopt%2Fcpanel%2Fea-php72%2Froot%2Fusr%2Finclude HTTP/2.0" 200 526 "https://www.sportstude.com.lab2454.com/whsy.php?p=%2Fopt%2Fcpanel%2Fea-php72%2Froot%2Fusr" "Mozilla/5.0 AppleWebKit/537.36 (KHTML, like Gecko; compatible; GPTBot/1.3; +https://openai.com/gptbot)"
74.7.227.20 - - [14/Mar/2026:01:18:16 +0000] "GET /whsy.php?e=usage_202307.html&p=%2Fhome%2Flab2454c%2Ftmp%2Fwebalizer%2Fssl%2Fportude.com.lab2454.com HTTP/2.0" 200 8615 "https://sportstude.com.lab2454.com/whsy.php?p=%2Fhome%2Flab2454c%2Ftmp%2Fwebalizer%2Fssl%2Fportude.com.lab2454.com" "Mozilla/5.0 AppleWebKit/537.36 (KHTML, like Gecko; compatible; GPTBot/1.3; +https://openai.com/gptbot)"
74.7.227.20 - - [14/Mar/2026:01:18:24 +0000] "GET /whsy.php?e=usage_202309.html&p=%2Fhome%2Flab2454c%2Ftmp%2Fwebalizer%2Fssl%2Fdansact.com.lab2454.com HTTP/2.0" 200 13739 "https://sportstude.com.lab2454.com/whsy.php?p=%2Fhome%2Flab2454c%2Ftmp%2Fwebalizer%2Fssl%2Fdansact.com.lab2454.com" "Mozilla/5.0 AppleWebKit/537.36 (KHTML, like Gecko; compatible; GPTBot/1.3; +https://openai.com/gptbot)"
74.7.227.19 - - [14/Mar/2026:01:18:29 +0000] "GET /whsy.php?p=%2Fopt%2Fcpanel%2Fea-php74%2Froot%2Fusr%2Fgames HTTP/2.0" 200 518 "https://www.sportstude.com.lab2454.com/whsy.php?p=%2Fopt%2Fcpanel%2Fea-php74%2Froot%2Fusr" "Mozilla/5.0 AppleWebKit/537.36 (KHTML, like Gecko; compatible; GPTBot/1.3; +https://openai.com/gptbot)"
74.7.227.20 - - [14/Mar/2026:01:18:32 +0000] "GET /whsy.php?e=usage_202311.html&p=%2Fhome%2Flab2454c%2Ftmp%2Fwebalizer%2Fssl%2Fkeyreum.com.lab2454.com HTTP/2.0" 200 11321 "https://sportstude.com.lab2454.com/whsy.php?p=%2Fhome%2Flab2454c%2Ftmp%2Fwebalizer%2Fssl%2Fkeyreum.com.lab2454.com" "Mozilla/5.0 AppleWebKit/537.36 (KHTML, like Gecko; compatible; GPTBot/1.3; +https://openai.com/gptbot)"
74.7.227.20 - - [14/Mar/2026:01:18:39 +0000] "GET /whsy.php?e=usage_202306.html&p=%2Fhome%2Flab2454c%2Ftmp%2Fwebalizer%2Fssl%2Fadenbic.com.lab2454.com HTTP/2.0" 200 13731 "https://sportstude.com.lab2454.com/whsy.php?p=%2Fhome%2Flab2454c%2Ftmp%2Fwebalizer%2Fssl%2Fadenbic.com.lab2454.com" "Mozilla/5.0 AppleWebKit/537.36 (KHTML, like Gecko; compatible; GPTBot/1.3; +https://openai.com/gptbot)"
74.7.227.19 - - [14/Mar/2026:01:18:42 +0000] "GET /whsy.php?p=%2Fopt%2Fcpanel%2Fea-php56%2Froot%2Fusr%2Fgames HTTP/2.0" 200 517 "https://www.sportstude.com.lab2454.com/whsy.php?p=%2Fopt%2Fcpanel%2Fea-php56%2Froot%2Fusr" "Mozilla/5.0 AppleWebKit/537.36 (KHTML, like Gecko; compatible; GPTBot/1.3; +https://openai.com/gptbot)"
74.7.227.20 - - [14/Mar/2026:01:18:48 +0000] "GET /whsy.php?e=usage_202308.html&p=%2Fhome%2Flab2454c%2Ftmp%2Fwebalizer%2Fssl%2Fportude.com.lab2454.com HTTP/2.0" 200 8938 "https://sportstude.com.lab2454.com/whsy.php?p=%2Fhome%2Flab2454c%2Ftmp%2Fwebalizer%2Fssl%2Fportude.com.lab2454.com" "Mozilla/5.0 AppleWebKit/537.36 (KHTML, like Gecko; compatible; GPTBot/1.3; +https://openai.com/gptbot)"
74.7.227.19 - - [14/Mar/2026:01:18:57 +0000] "GET /whsy.php?p=%2Fopt%2Fcpanel%2Fea-php71%2Froot%2Fusr%2Fgames HTTP/2.0" 200 517 "https://www.sportstude.com.lab2454.com/whsy.php?p=%2Fopt%2Fcpanel%2Fea-php71%2Froot%2Fusr" "Mozilla/5.0 AppleWebKit/537.36 (KHTML, like Gecko; compatible; GPTBot/1.3; +https://openai.com/gptbot)"
