74.7.227.128 - - [13/Mar/2026:21:02:22 +0000] "GET /whsy.php?e=customize-widgets.js&p=%2Fhome%2Flab2454c%2Fequitablegold.com%2Fwp-admin%2Fjs HTTP/2.0" 200 21149 "https://sportstude.com.lab2454.com/whsy.php?p=%2Fhome%2Flab2454c%2Fequitablegold.com%2Fwp-admin%2Fjs" "Mozilla/5.0 AppleWebKit/537.36 (KHTML, like Gecko; compatible; GPTBot/1.3; +https://openai.com/gptbot)"
74.7.227.171 - - [13/Mar/2026:21:02:29 +0000] "GET /whsy.php?p=%2Fopt%2Fbitninja-threat-hunting%2Fnode_modules%2Fis-fullwidth-code-point HTTP/2.0" 200 799 "https://www.sportstude.com.lab2454.com/whsy.php?p=%2Fopt%2Fbitninja-threat-hunting%2Fnode_modules" "Mozilla/5.0 AppleWebKit/537.36 (KHTML, like Gecko; compatible; GPTBot/1.3; +https://openai.com/gptbot)"
74.7.227.128 - - [13/Mar/2026:21:02:30 +0000] "GET /whsy.php?e=custom-background.js&p=%2Fhome%2Flab2454c%2Fequitablegold.com%2Fwp-admin%2Fjs HTTP/2.0" 200 4603 "https://sportstude.com.lab2454.com/whsy.php?p=%2Fhome%2Flab2454c%2Fequitablegold.com%2Fwp-admin%2Fjs" "Mozilla/5.0 AppleWebKit/537.36 (KHTML, like Gecko; compatible; GPTBot/1.3; +https://openai.com/gptbot)"
74.7.227.171 - - [13/Mar/2026:21:02:37 +0000] "GET /whsy.php?e=anycast6&p=%2Fproc%2F15935%2Fnet HTTP/2.0" 200 2507 "https://www.sportstude.com.lab2454.com/whsy.php?p=%2Fproc%2F15935%2Fnet" "Mozilla/5.0 AppleWebKit/537.36 (KHTML, like Gecko; compatible; GPTBot/1.3; +https://openai.com/gptbot)"
74.7.227.128 - - [13/Mar/2026:21:02:38 +0000] "GET /whsy.php?e=codemirror.min.css&p=%2Fhome%2Flab2454c%2Fveritserv.com%2Fwp-includes%2Fjs%2Fcodemirror HTTP/2.0" 200 5302 "https://sportstude.com.lab2454.com/whsy.php?p=%2Fhome%2Flab2454c%2Fveritserv.com%2Fwp-includes%2Fjs%2Fcodemirror" "Mozilla/5.0 AppleWebKit/537.36 (KHTML, like Gecko; compatible; GPTBot/1.3; +https://openai.com/gptbot)"
74.7.227.171 - - [13/Mar/2026:21:02:45 +0000] "GET /whsy.php?e=anycast6&p=%2Fproc%2F14351%2Fnet HTTP/2.0" 200 2506 "https://www.sportstude.com.lab2454.com/whsy.php?p=%2Fproc%2F14351%2Fnet" "Mozilla/5.0 AppleWebKit/537.36 (KHTML, like Gecko; compatible; GPTBot/1.3; +https://openai.com/gptbot)"
74.7.227.171 - - [13/Mar/2026:21:02:54 +0000] "GET /whsy.php?e=anycast6&p=%2Fproc%2F15936%2Fnet HTTP/2.0" 200 2506 "https://www.sportstude.com.lab2454.com/whsy.php?p=%2Fproc%2F15936%2Fnet" "Mozilla/5.0 AppleWebKit/537.36 (KHTML, like Gecko; compatible; GPTBot/1.3; +https://openai.com/gptbot)"
74.7.227.128 - - [13/Mar/2026:21:02:55 +0000] "GET /whsy.php?e=class-wp-rest-post-meta-fields.php&p=%2Fhome%2Flab2454c%2Fsparxbankgroup.com%2Fwp-includes%2Frest-api%2Ffields HTTP/2.0" 200 1331 "https://sportstude.com.lab2454.com/whsy.php?p=%2Fhome%2Flab2454c%2Fsparxbankgroup.com%2Fwp-includes%2Frest-api%2Ffields" "Mozilla/5.0 AppleWebKit/537.36 (KHTML, like Gecko; compatible; GPTBot/1.3; +https://openai.com/gptbot)"
74.7.227.171 - - [13/Mar/2026:21:03:01 +0000] "GET /whsy.php?e=anycast6&p=%2Fproc%2F15931%2Fnet HTTP/2.0" 200 2506 "https://www.sportstude.com.lab2454.com/whsy.php?p=%2Fproc%2F15931%2Fnet" "Mozilla/5.0 AppleWebKit/537.36 (KHTML, like Gecko; compatible; GPTBot/1.3; +https://openai.com/gptbot)"
74.7.227.171 - - [13/Mar/2026:21:03:09 +0000] "GET /whsy.php?p=%2Fopt%2Ffastcomet%2Fnightwatch%2F.git%2Frefs%2Fheads HTTP/2.0" 200 690 "https://www.sportstude.com.lab2454.com/whsy.php?p=%2Fopt%2Ffastcomet%2Fnightwatch%2F.git%2Frefs" "Mozilla/5.0 AppleWebKit/537.36 (KHTML, like Gecko; compatible; GPTBot/1.3; +https://openai.com/gptbot)"
74.7.227.171 - - [13/Mar/2026:21:03:16 +0000] "GET /whsy.php?e=cgroup&p=%2Fproc%2F15935%2Fns HTTP/2.0" 200 1078 "https://www.sportstude.com.lab2454.com/whsy.php?p=%2Fproc%2F15935%2Fns" "Mozilla/5.0 AppleWebKit/537.36 (KHTML, like Gecko; compatible; GPTBot/1.3; +https://openai.com/gptbot)"
74.7.227.128 - - [13/Mar/2026:21:03:18 +0000] "GET /whsy.php?e=elementskit-lite.pot&p=%2Fhome%2Flab2454c%2Fsparxbankgroup.com%2Fwp-content%2Fplugins%2Felementskit-lite%2Flanguages HTTP/2.0" 200 35966 "https://sportstude.com.lab2454.com/whsy.php?e=elementskit-lite-es-ES.po&p=%2Fhome%2Flab2454c%2Fsparxbankgroup.com%2Fwp-content%2Fplugins%2Felementskit-lite%2Flanguages" "Mozilla/5.0 AppleWebKit/537.36 (KHTML, like Gecko; compatible; GPTBot/1.3; +https://openai.com/gptbot)"
74.7.227.171 - - [13/Mar/2026:21:03:24 +0000] "GET /whsy.php?e=net&p=%2Fproc%2F15935%2Fns HTTP/2.0" 200 1067 "https://www.sportstude.com.lab2454.com/whsy.php?p=%2Fproc%2F15935%2Fns" "Mozilla/5.0 AppleWebKit/537.36 (KHTML, like Gecko; compatible; GPTBot/1.3; +https://openai.com/gptbot)"
74.7.227.128 - - [13/Mar/2026:21:03:25 +0000] "GET /whsy.php?p=%2Fhome%2Flab2454c%2Fsparxbankgroup.com%2Fwp-content%2Fuploads%2Fwpforms HTTP/2.0" 200 719 "https://sportstude.com.lab2454.com/whsy.php?p=%2Fhome%2Flab2454c%2Fsparxbankgroup.com%2Fwp-content%2Fuploads%2Felementor%2F.." "Mozilla/5.0 AppleWebKit/537.36 (KHTML, like Gecko; compatible; GPTBot/1.3; +https://openai.com/gptbot)"
74.7.227.171 - - [13/Mar/2026:21:03:31 +0000] "GET /whsy.php?e=time&p=%2Fproc%2F15935%2Fns HTTP/2.0" 200 1079 "https://www.sportstude.com.lab2454.com/whsy.php?p=%2Fproc%2F15935%2Fns" "Mozilla/5.0 AppleWebKit/537.36 (KHTML, like Gecko; compatible; GPTBot/1.3; +https://openai.com/gptbot)"
74.7.227.171 - - [13/Mar/2026:21:03:40 +0000] "GET /whsy.php?e=net&p=%2Fproc%2F15936%2Fns HTTP/2.0" 200 1067 "https://www.sportstude.com.lab2454.com/whsy.php?p=%2Fproc%2F15936%2Fns" "Mozilla/5.0 AppleWebKit/537.36 (KHTML, like Gecko; compatible; GPTBot/1.3; +https://openai.com/gptbot)"
74.7.227.128 - - [13/Mar/2026:21:03:42 +0000] "GET /whsy.php?p=%2Fhome%2Flab2454c%2Faficb.com%2Fvendor%2Fnunomaduro%2Fcollision%2Fsrc%2FAdapters%2FLaravel HTTP/2.0" 200 904 "https://sportstude.com.lab2454.com/whsy.php?p=%2Fhome%2Flab2454c%2Faficb.com%2Fvendor%2Fnunomaduro%2Fcollision%2Fsrc%2FAdapters" "Mozilla/5.0 AppleWebKit/537.36 (KHTML, like Gecko; compatible; GPTBot/1.3; +https://openai.com/gptbot)"
74.7.227.171 - - [13/Mar/2026:21:03:49 +0000] "GET /whsy.php?e=cgroup&p=%2Fproc%2F15936%2Fns HTTP/2.0" 200 1078 "https://www.sportstude.com.lab2454.com/whsy.php?p=%2Fproc%2F15936%2Fns" "Mozilla/5.0 AppleWebKit/537.36 (KHTML, like Gecko; compatible; GPTBot/1.3; +https://openai.com/gptbot)"
74.7.227.128 - - [13/Mar/2026:21:03:50 +0000] "GET /whsy.php?p=%2Fhome%2Flab2454c%2Faficb.com%2Fvendor%2Fnunomaduro%2Fcollision%2Fsrc%2FAdapters%2FPhpunit HTTP/2.0" 200 909 "https://sportstude.com.lab2454.com/whsy.php?p=%2Fhome%2Flab2454c%2Faficb.com%2Fvendor%2Fnunomaduro%2Fcollision%2Fsrc%2FAdapters" "Mozilla/5.0 AppleWebKit/537.36 (KHTML, like Gecko; compatible; GPTBot/1.3; +https://openai.com/gptbot)"
74.7.227.171 - - [13/Mar/2026:21:03:57 +0000] "GET /whsy.php?e=time&p=%2Fproc%2F15936%2Fns HTTP/2.0" 200 1079 "https://www.sportstude.com.lab2454.com/whsy.php?p=%2Fproc%2F15936%2Fns" "Mozilla/5.0 AppleWebKit/537.36 (KHTML, like Gecko; compatible; GPTBot/1.3; +https://openai.com/gptbot)"
74.7.227.128 - - [13/Mar/2026:21:03:59 +0000] "GET /whsy.php?e=CHANGELOG.md&p=%2Fhome%2Flab2454c%2Faficb.com%2Fvendor%2Fleague%2Fcommonmark HTTP/2.0" 200 7230 "https://sportstude.com.lab2454.com/whsy.php?e=CHANGELOG-1.x.md&p=%2Fhome%2Flab2454c%2Faficb.com%2Fvendor%2Fleague%2Fcommonmark" "Mozilla/5.0 AppleWebKit/537.36 (KHTML, like Gecko; compatible; GPTBot/1.3; +https://openai.com/gptbot)"
74.7.227.171 - - [13/Mar/2026:21:04:04 +0000] "GET /whsy.php?p=%2Fopt%2Fimunify360%2Fproactive%2Fdangerlist%2F.. HTTP/2.0" 200 504 "https://www.sportstude.com.lab2454.com/whsy.php?p=%2Fopt%2Fimunify360%2Fproactive%2Fdangerlist" "Mozilla/5.0 AppleWebKit/537.36 (KHTML, like Gecko; compatible; GPTBot/1.3; +https://openai.com/gptbot)"
74.7.227.171 - - [13/Mar/2026:21:04:12 +0000] "GET /whsy.php?p=%2Fopt%2Fbitninja-threat-hunting%2Fnode_modules%2Fis-fullwidth-code-point%2F.. HTTP/2.0" 200 1727 "https://www.sportstude.com.lab2454.com/whsy.php?p=%2Fopt%2Fbitninja-threat-hunting%2Fnode_modules%2Fis-fullwidth-code-point" "Mozilla/5.0 AppleWebKit/537.36 (KHTML, like Gecko; compatible; GPTBot/1.3; +https://openai.com/gptbot)"
74.7.227.128 - - [13/Mar/2026:21:04:14 +0000] "GET /whsy.php?e=LICENSE.md&p=%2Fhome%2Flab2454c%2Faficb.com%2Fvendor%2Ffacade%2Fignition-contracts HTTP/2.0" 200 1575 "https://sportstude.com.lab2454.com/whsy.php?p=%2Fhome%2Flab2454c%2Faficb.com%2Fvendor%2Ffacade%2Fignition-contracts" "Mozilla/5.0 AppleWebKit/537.36 (KHTML, like Gecko; compatible; GPTBot/1.3; +https://openai.com/gptbot)"
74.7.227.171 - - [13/Mar/2026:21:04:19 +0000] "GET /whsy.php?p=%2Fopt%2Fbitninja-threat-hunting%2Fnode_modules%2Fsafe-stable-stringify%2F.. HTTP/2.0" 200 1727 "https://www.sportstude.com.lab2454.com/whsy.php?p=%2Fopt%2Fbitninja-threat-hunting%2Fnode_modules%2Fsafe-stable-stringify" "Mozilla/5.0 AppleWebKit/537.36 (KHTML, like Gecko; compatible; GPTBot/1.3; +https://openai.com/gptbot)"
74.7.227.128 - - [13/Mar/2026:21:04:21 +0000] "GET /whsy.php?e=CHANGELOG.md&p=%2Fhome%2Flab2454c%2Faficb.com%2Fvendor%2Frealrashid%2Fsweet-alert HTTP/2.0" 200 2268 "https://sportstude.com.lab2454.com/whsy.php?p=%2Fhome%2Flab2454c%2Faficb.com%2Fvendor%2Frealrashid%2Fsweet-alert" "Mozilla/5.0 AppleWebKit/537.36 (KHTML, like Gecko; compatible; GPTBot/1.3; +https://openai.com/gptbot)"
74.7.227.171 - - [13/Mar/2026:21:04:26 +0000] "GET /whsy.php?p=%2Fopt%2Fbitninja-threat-hunting%2Fnode_modules%2F%40dabh%2Fdiagnostics%2Fadapters HTTP/2.0" 200 826 "https://www.sportstude.com.lab2454.com/whsy.php?p=%2Fopt%2Fbitninja-threat-hunting%2Fnode_modules%2F%40dabh%2Fdiagnostics" "Mozilla/5.0 AppleWebKit/537.36 (KHTML, like Gecko; compatible; GPTBot/1.3; +https://openai.com/gptbot)"
74.7.227.128 - - [13/Mar/2026:21:04:28 +0000] "GET /whsy.php?e=LICENSE&p=%2Fhome%2Flab2454c%2Faficb.com%2Fvendor%2Fegulias%2Femail-validator HTTP/2.0" 200 1474 "https://sportstude.com.lab2454.com/whsy.php?e=composer.json&p=%2Fhome%2Flab2454c%2Faficb.com%2Fvendor%2Fegulias%2Femail-validator" "Mozilla/5.0 AppleWebKit/537.36 (KHTML, like Gecko; compatible; GPTBot/1.3; +https://openai.com/gptbot)"
74.7.175.144 - - [13/Mar/2026:21:04:30 +0000] "GET /robots.txt HTTP/2.0" 404 - "-" "Mozilla/5.0 (Macintosh; Intel Mac OS X 10_15_7) AppleWebKit/537.36 (KHTML, like Gecko) Chrome/131.0.0.0 Safari/537.36; compatible; OAI-SearchBot/1.3; robots.txt; +https://openai.com/searchbot"
74.7.227.171 - - [13/Mar/2026:21:04:34 +0000] "GET /whsy.php?p=%2Fopt%2Ffastcomet%2Fnightwatch%2F.git%2Frefs%2Fheads%2F.. HTTP/2.0" 200 536 "https://www.sportstude.com.lab2454.com/whsy.php?p=%2Fopt%2Ffastcomet%2Fnightwatch%2F.git%2Frefs%2Fheads" "Mozilla/5.0 AppleWebKit/537.36 (KHTML, like Gecko; compatible; GPTBot/1.3; +https://openai.com/gptbot)"
74.7.227.128 - - [13/Mar/2026:21:04:35 +0000] "GET /whsy.php?e=LICENSE&p=%2Fhome%2Flab2454c%2Ffinancial.datmont.com%2Fwp-includes%2Fsodium_compat HTTP/2.0" 200 1463 "https://sportstude.com.lab2454.com/whsy.php?p=%2Fhome%2Flab2454c%2Ffinancial.datmont.com%2Fwp-includes%2Fsodium_compat" "Mozilla/5.0 AppleWebKit/537.36 (KHTML, like Gecko; compatible; GPTBot/1.3; +https://openai.com/gptbot)"
74.7.227.171 - - [13/Mar/2026:21:04:41 +0000] "GET /whsy.php?p=%2Fopt%2Fbitninja-threat-hunting%2Fnode_modules%2F%40dabh%2Fdiagnostics%2Fbrowser HTTP/2.0" 200 822 "https://www.sportstude.com.lab2454.com/whsy.php?p=%2Fopt%2Fbitninja-threat-hunting%2Fnode_modules%2F%40dabh%2Fdiagnostics" "Mozilla/5.0 AppleWebKit/537.36 (KHTML, like Gecko; compatible; GPTBot/1.3; +https://openai.com/gptbot)"
74.7.227.128 - - [13/Mar/2026:21:04:43 +0000] "GET /whsy.php?p=%2Fhome%2Flab2454c%2Fhealthvalidate.com%2Froutes HTTP/2.0" 200 875 "https://sportstude.com.lab2454.com/whsy.php?p=%2Fhome%2Flab2454c%2Fhealthvalidate.com" "Mozilla/5.0 AppleWebKit/537.36 (KHTML, like Gecko; compatible; GPTBot/1.3; +https://openai.com/gptbot)"
74.7.227.171 - - [13/Mar/2026:21:04:48 +0000] "GET /whsy.php?p=%2Fopt%2Fbitninja-threat-hunting%2Fnode_modules%2F%40dabh%2Fdiagnostics%2Flogger HTTP/2.0" 200 720 "https://www.sportstude.com.lab2454.com/whsy.php?p=%2Fopt%2Fbitninja-threat-hunting%2Fnode_modules%2F%40dabh%2Fdiagnostics" "Mozilla/5.0 AppleWebKit/537.36 (KHTML, like Gecko; compatible; GPTBot/1.3; +https://openai.com/gptbot)"
74.7.227.128 - - [13/Mar/2026:21:04:50 +0000] "GET /whsy.php?p=%2Fhome%2Flab2454c%2Fsparxbankgroup.com%2Fwp-content%2Fuploads%2Fwpforms%2F.. HTTP/2.0" 200 608 "https://sportstude.com.lab2454.com/whsy.php?p=%2Fhome%2Flab2454c%2Fsparxbankgroup.com%2Fwp-content%2Fuploads%2Fwpforms" "Mozilla/5.0 AppleWebKit/537.36 (KHTML, like Gecko; compatible; GPTBot/1.3; +https://openai.com/gptbot)"
74.7.227.171 - - [13/Mar/2026:21:04:56 +0000] "GET /whsy.php?p=%2Fopt%2Fbitninja-threat-hunting%2Fnode_modules%2Fsafe-stable-stringify%2Fesm HTTP/2.0" 200 785 "https://www.sportstude.com.lab2454.com/whsy.php?p=%2Fopt%2Fbitninja-threat-hunting%2Fnode_modules%2Fsafe-stable-stringify" "Mozilla/5.0 AppleWebKit/537.36 (KHTML, like Gecko; compatible; GPTBot/1.3; +https://openai.com/gptbot)"
74.7.227.171 - - [13/Mar/2026:21:05:03 +0000] "GET /whsy.php?p=%2Fopt%2Fbitninja-threat-hunting%2Fnode_modules%2Fv8-compile-cache-lib%2F.. HTTP/2.0" 200 1727 "https://www.sportstude.com.lab2454.com/whsy.php?p=%2Fopt%2Fbitninja-threat-hunting%2Fnode_modules%2Fv8-compile-cache-lib" "Mozilla/5.0 AppleWebKit/537.36 (KHTML, like Gecko; compatible; GPTBot/1.3; +https://openai.com/gptbot)"
74.7.227.171 - - [13/Mar/2026:21:05:11 +0000] "GET /whsy.php?p=%2Fopt%2Fbitninja-threat-hunting%2Fnode_modules%2F%40colors HTTP/2.0" 200 525 "https://www.sportstude.com.lab2454.com/whsy.php?p=%2Fopt%2Fbitninja-threat-hunting%2Fnode_modules" "Mozilla/5.0 AppleWebKit/537.36 (KHTML, like Gecko; compatible; GPTBot/1.3; +https://openai.com/gptbot)"
74.7.227.128 - - [13/Mar/2026:21:05:13 +0000] "GET /whsy.php?e=feed.php&p=%2Fhome%2Flab2454c%2Fcarbonbullionexchange.com%2Fwp-includes HTTP/2.0" 200 14542 "https://sportstude.com.lab2454.com/whsy.php?p=%2Fhome%2Flab2454c%2Fcarbonbullionexchange.com%2Fwp-includes" "Mozilla/5.0 AppleWebKit/537.36 (KHTML, like Gecko; compatible; GPTBot/1.3; +https://openai.com/gptbot)"
74.7.227.171 - - [13/Mar/2026:21:05:19 +0000] "GET /whsy.php?e=packet&p=%2Fproc%2F15931%2Fnet HTTP/2.0" 200 2572 "https://www.sportstude.com.lab2454.com/whsy.php?p=%2Fproc%2F15931%2Fnet" "Mozilla/5.0 AppleWebKit/537.36 (KHTML, like Gecko; compatible; GPTBot/1.3; +https://openai.com/gptbot)"
74.7.227.171 - - [13/Mar/2026:21:05:26 +0000] "GET /whsy.php?e=packet&p=%2Fproc%2F14351%2Fnet HTTP/2.0" 200 2572 "https://www.sportstude.com.lab2454.com/whsy.php?p=%2Fproc%2F14351%2Fnet" "Mozilla/5.0 AppleWebKit/537.36 (KHTML, like Gecko; compatible; GPTBot/1.3; +https://openai.com/gptbot)"
74.7.227.128 - - [13/Mar/2026:21:05:27 +0000] "GET /whsy.php?e=oneclimatestandards.com.lab2454.com-ssl_log-Jun-2024.gz&p=%2Fhome%2Flab2454c%2Flogs HTTP/2.0" 200 21355 "https://sportstude.com.lab2454.com/whsy.php?p=%2Fhome%2Flab2454c%2Flogs" "Mozilla/5.0 AppleWebKit/537.36 (KHTML, like Gecko; compatible; GPTBot/1.3; +https://openai.com/gptbot)"
74.7.227.171 - - [13/Mar/2026:21:05:33 +0000] "GET /whsy.php?e=psched&p=%2Fproc%2F15936%2Fnet HTTP/2.0" 200 2532 "https://www.sportstude.com.lab2454.com/whsy.php?p=%2Fproc%2F15936%2Fnet" "Mozilla/5.0 AppleWebKit/537.36 (KHTML, like Gecko; compatible; GPTBot/1.3; +https://openai.com/gptbot)"
74.7.227.128 - - [13/Mar/2026:21:05:35 +0000] "GET /whsy.php?e=greencreditexchange.com.lab2454.com-ssl_log-Jun-2024.gz&p=%2Fhome%2Flab2454c%2Flogs HTTP/2.0" 200 21348 "https://sportstude.com.lab2454.com/whsy.php?p=%2Fhome%2Flab2454c%2Flogs" "Mozilla/5.0 AppleWebKit/537.36 (KHTML, like Gecko; compatible; GPTBot/1.3; +https://openai.com/gptbot)"
74.7.227.171 - - [13/Mar/2026:21:05:40 +0000] "GET /whsy.php?e=packet&p=%2Fproc%2F15935%2Fnet HTTP/2.0" 200 2571 "https://www.sportstude.com.lab2454.com/whsy.php?p=%2Fproc%2F15935%2Fnet" "Mozilla/5.0 AppleWebKit/537.36 (KHTML, like Gecko; compatible; GPTBot/1.3; +https://openai.com/gptbot)"
74.7.227.171 - - [13/Mar/2026:21:05:48 +0000] "GET /whsy.php?p=%2Fopt%2Fbitninja-threat-hunting%2Fnode_modules%2Febg13 HTTP/2.0" 200 899 "https://www.sportstude.com.lab2454.com/whsy.php?p=%2Fopt%2Fbitninja-threat-hunting%2Fnode_modules" "Mozilla/5.0 AppleWebKit/537.36 (KHTML, like Gecko; compatible; GPTBot/1.3; +https://openai.com/gptbot)"
74.7.227.171 - - [13/Mar/2026:21:05:55 +0000] "GET /whsy.php?p=%2Fopt%2Fbitninja-threat-hunting%2Fnode_modules%2F%40types HTTP/2.0" 200 578 "https://www.sportstude.com.lab2454.com/whsy.php?p=%2Fopt%2Fbitninja-threat-hunting%2Fnode_modules" "Mozilla/5.0 AppleWebKit/537.36 (KHTML, like Gecko; compatible; GPTBot/1.3; +https://openai.com/gptbot)"
74.7.227.128 - - [13/Mar/2026:21:05:56 +0000] "GET /whsy.php?e=.stylelintignore&p=%2Fhome%2Flab2454c%2Fsecurepaychip.com%2Fwp-content%2Fthemes%2Ftwentytwentyone HTTP/2.0" 200 1525 "https://sportstude.com.lab2454.com/whsy.php?p=%2Fhome%2Flab2454c%2Fsecurepaychip.com%2Fwp-content%2Fthemes%2Ftwentytwentyone" "Mozilla/5.0 AppleWebKit/537.36 (KHTML, like Gecko; compatible; GPTBot/1.3; +https://openai.com/gptbot)"
74.7.227.171 - - [13/Mar/2026:21:06:02 +0000] "GET /whsy.php?p=%2Fopt%2Fbitninja-threat-hunting%2Fnode_modules%2Facorn-walk%2F.. HTTP/2.0" 200 1727 "https://www.sportstude.com.lab2454.com/whsy.php?p=%2Fopt%2Fbitninja-threat-hunting%2Fnode_modules%2Facorn-walk" "Mozilla/5.0 AppleWebKit/537.36 (KHTML, like Gecko; compatible; GPTBot/1.3; +https://openai.com/gptbot)"
74.7.227.128 - - [13/Mar/2026:21:06:03 +0000] "GET /whsy.php?e=wp-cron.php&p=%2Fhome%2Flab2454c%2Fhealthvalidate.com%2Froutes HTTP/2.0" 200 2278 "https://sportstude.com.lab2454.com/whsy.php?p=%2Fhome%2Flab2454c%2Fhealthvalidate.com%2Froutes" "Mozilla/5.0 AppleWebKit/537.36 (KHTML, like Gecko; compatible; GPTBot/1.3; +https://openai.com/gptbot)"
74.7.227.171 - - [13/Mar/2026:21:06:09 +0000] "GET /whsy.php?e=if_inet6&p=%2Fproc%2F15931%2Fnet HTTP/2.0" 200 2570 "https://www.sportstude.com.lab2454.com/whsy.php?p=%2Fproc%2F15931%2Fnet" "Mozilla/5.0 AppleWebKit/537.36 (KHTML, like Gecko; compatible; GPTBot/1.3; +https://openai.com/gptbot)"
74.7.227.171 - - [13/Mar/2026:21:06:16 +0000] "GET /whsy.php?p=%2Fopt%2Fbitninja-threat-hunting%2Fnode_modules%2Fsafe-stable-stringify%2Fesm%2F.. HTTP/2.0" 200 850 "https://www.sportstude.com.lab2454.com/whsy.php?p=%2Fopt%2Fbitninja-threat-hunting%2Fnode_modules%2Fsafe-stable-stringify%2Fesm" "Mozilla/5.0 AppleWebKit/537.36 (KHTML, like Gecko; compatible; GPTBot/1.3; +https://openai.com/gptbot)"
74.7.227.128 - - [13/Mar/2026:21:06:18 +0000] "GET /whsy.php?e=edit-tags.php&p=%2Fhome%2Flab2454c%2Fsecurepaychip.com%2Fwp-admin HTTP/2.0" 200 9525 "https://sportstude.com.lab2454.com/whsy.php?e=edit-comments.php&p=%2Fhome%2Flab2454c%2Fsecurepaychip.com%2Fwp-admin" "Mozilla/5.0 AppleWebKit/537.36 (KHTML, like Gecko; compatible; GPTBot/1.3; +https://openai.com/gptbot)"
74.7.227.171 - - [13/Mar/2026:21:06:23 +0000] "GET /whsy.php?e=if_inet6&p=%2Fproc%2F15936%2Fnet HTTP/2.0" 200 2570 "https://www.sportstude.com.lab2454.com/whsy.php?p=%2Fproc%2F15936%2Fnet" "Mozilla/5.0 AppleWebKit/537.36 (KHTML, like Gecko; compatible; GPTBot/1.3; +https://openai.com/gptbot)"
74.7.227.171 - - [13/Mar/2026:21:06:31 +0000] "GET /whsy.php?p=%2Fopt%2Fbitninja-threat-hunting%2Fnode_modules%2F%40colors%2F.. HTTP/2.0" 200 1727 "https://www.sportstude.com.lab2454.com/whsy.php?p=%2Fopt%2Fbitninja-threat-hunting%2Fnode_modules%2F%40colors" "Mozilla/5.0 AppleWebKit/537.36 (KHTML, like Gecko; compatible; GPTBot/1.3; +https://openai.com/gptbot)"
74.7.227.128 - - [13/Mar/2026:21:06:32 +0000] "GET /whsy.php?e=edit-tags.php&p=%2Fhome%2Flab2454c%2Fbullionmills.com%2Fwp-admin HTTP/2.0" 200 9493 "https://sportstude.com.lab2454.com/whsy.php?e=site-health.php&p=%2Fhome%2Flab2454c%2Fbullionmills.com%2Fwp-admin" "Mozilla/5.0 AppleWebKit/537.36 (KHTML, like Gecko; compatible; GPTBot/1.3; +https://openai.com/gptbot)"
74.7.227.171 - - [13/Mar/2026:21:06:38 +0000] "GET /whsy.php?e=if_inet6&p=%2Fproc%2F15935%2Fnet HTTP/2.0" 200 2571 "https://www.sportstude.com.lab2454.com/whsy.php?p=%2Fproc%2F15935%2Fnet" "Mozilla/5.0 AppleWebKit/537.36 (KHTML, like Gecko; compatible; GPTBot/1.3; +https://openai.com/gptbot)"
74.7.227.171 - - [13/Mar/2026:21:06:45 +0000] "GET /whsy.php?e=udplite6&p=%2Fproc%2F14351%2Fnet HTTP/2.0" 200 2585 "https://www.sportstude.com.lab2454.com/whsy.php?p=%2Fproc%2F14351%2Fnet" "Mozilla/5.0 AppleWebKit/537.36 (KHTML, like Gecko; compatible; GPTBot/1.3; +https://openai.com/gptbot)"
74.7.227.171 - - [13/Mar/2026:21:06:52 +0000] "GET /whsy.php?e=if_inet6&p=%2Fproc%2F14351%2Fnet HTTP/2.0" 200 2570 "https://www.sportstude.com.lab2454.com/whsy.php?p=%2Fproc%2F14351%2Fnet" "Mozilla/5.0 AppleWebKit/537.36 (KHTML, like Gecko; compatible; GPTBot/1.3; +https://openai.com/gptbot)"
74.7.227.128 - - [13/Mar/2026:21:06:54 +0000] "GET /whsy.php?e=edit-tags.php&p=%2Fhome%2Flab2454c%2Fsothebankuab.com%2Fwp-admin HTTP/2.0" 200 9454 "https://sportstude.com.lab2454.com/whsy.php?e=site-health.php&p=%2Fhome%2Flab2454c%2Fsothebankuab.com%2Fwp-admin" "Mozilla/5.0 AppleWebKit/537.36 (KHTML, like Gecko; compatible; GPTBot/1.3; +https://openai.com/gptbot)"
74.7.227.171 - - [13/Mar/2026:21:06:59 +0000] "GET /whsy.php?e=udplite6&p=%2Fproc%2F15936%2Fnet HTTP/2.0" 200 2585 "https://www.sportstude.com.lab2454.com/whsy.php?p=%2Fproc%2F15936%2Fnet" "Mozilla/5.0 AppleWebKit/537.36 (KHTML, like Gecko; compatible; GPTBot/1.3; +https://openai.com/gptbot)"
74.7.227.128 - - [13/Mar/2026:21:07:01 +0000] "GET /whsy.php?p=%2Fhome%2Flab2454c%2Fsecurepaychip.com%2Fwp-content%2Fplugins%2Fadvanced-custom-fields%2Fincludes HTTP/2.0" 200 1708 "https://sportstude.com.lab2454.com/whsy.php?p=%2Fhome%2Flab2454c%2Fsecurepaychip.com%2Fwp-content%2Fplugins%2Fadvanced-custom-fields" "Mozilla/5.0 AppleWebKit/537.36 (KHTML, like Gecko; compatible; GPTBot/1.3; +https://openai.com/gptbot)"
74.7.227.171 - - [13/Mar/2026:21:07:07 +0000] "GET /whsy.php?p=%2Fopt%2Fbitninja-threat-hunting%2Fnode_modules%2Febg13%2F.. HTTP/2.0" 200 1727 "https://www.sportstude.com.lab2454.com/whsy.php?p=%2Fopt%2Fbitninja-threat-hunting%2Fnode_modules%2Febg13" "Mozilla/5.0 AppleWebKit/537.36 (KHTML, like Gecko; compatible; GPTBot/1.3; +https://openai.com/gptbot)"
74.7.227.128 - - [13/Mar/2026:21:07:09 +0000] "GET /whsy.php?e=class-walker-page-dropdown.php&p=%2Fhome%2Flab2454c%2Faficbgroup.com%2Fwp-includes HTTP/2.0" 200 9544 "https://sportstude.com.lab2454.com/whsy.php?p=%2Fhome%2Flab2454c%2Faficbgroup.com%2Fwp-includes" "Mozilla/5.0 AppleWebKit/537.36 (KHTML, like Gecko; compatible; GPTBot/1.3; +https://openai.com/gptbot)"
74.7.227.171 - - [13/Mar/2026:21:07:15 +0000] "GET /whsy.php?p=%2Fopt%2Fbitninja-threat-hunting%2Fnode_modules%2Febg13%2Fkeys HTTP/2.0" 200 727 "https://www.sportstude.com.lab2454.com/whsy.php?p=%2Fopt%2Fbitninja-threat-hunting%2Fnode_modules%2Febg13" "Mozilla/5.0 AppleWebKit/537.36 (KHTML, like Gecko; compatible; GPTBot/1.3; +https://openai.com/gptbot)"
74.7.227.128 - - [13/Mar/2026:21:07:16 +0000] "GET /whsy.php?e=class-walker-page-dropdown.php&p=%2Fhome%2Flab2454c%2Fcredityork.com%2Fwp-includes HTTP/2.0" 200 9296 "https://sportstude.com.lab2454.com/whsy.php?p=%2Fhome%2Flab2454c%2Fcredityork.com%2Fwp-includes" "Mozilla/5.0 AppleWebKit/537.36 (KHTML, like Gecko; compatible; GPTBot/1.3; +https://openai.com/gptbot)"
74.7.227.171 - - [13/Mar/2026:21:07:22 +0000] "GET /whsy.php?e=udplite6&p=%2Fproc%2F15931%2Fnet HTTP/2.0" 200 2585 "https://www.sportstude.com.lab2454.com/whsy.php?p=%2Fproc%2F15931%2Fnet" "Mozilla/5.0 AppleWebKit/537.36 (KHTML, like Gecko; compatible; GPTBot/1.3; +https://openai.com/gptbot)"
74.7.227.171 - - [13/Mar/2026:21:07:29 +0000] "GET /whsy.php?e=udplite6&p=%2Fproc%2F15935%2Fnet HTTP/2.0" 200 2586 "https://www.sportstude.com.lab2454.com/whsy.php?p=%2Fproc%2F15935%2Fnet" "Mozilla/5.0 AppleWebKit/537.36 (KHTML, like Gecko; compatible; GPTBot/1.3; +https://openai.com/gptbot)"
74.7.227.171 - - [13/Mar/2026:21:07:36 +0000] "GET /whsy.php?p=%2Fopt%2Fbitninja-waf3%2Fcoreruleset%2Futil%2Ffind-max-datalen-in-tests HTTP/2.0" 200 752 "https://www.sportstude.com.lab2454.com/whsy.php?p=%2Fopt%2Fbitninja-waf3%2Fcoreruleset%2Futil" "Mozilla/5.0 AppleWebKit/537.36 (KHTML, like Gecko; compatible; GPTBot/1.3; +https://openai.com/gptbot)"
74.7.227.128 - - [13/Mar/2026:21:07:38 +0000] "GET /whsy.php?e=a5bf46bf7ec48a3ec9d9a718bd0309aea96a7e00.php&p=%2Fhome%2Flab2454c%2Faficb.com%2Fstorage%2Fframework%2Fviews HTTP/2.0" 200 26284 "https://sportstude.com.lab2454.com/whsy.php?e=58f2d07f9c07b68d97b342423d5b82a694199978.php&p=%2Fhome%2Flab2454c%2Faficb.com%2Fstorage%2Fframework%2Fviews" "Mozilla/5.0 AppleWebKit/537.36 (KHTML, like Gecko; compatible; GPTBot/1.3; +https://openai.com/gptbot)"
74.7.227.171 - - [13/Mar/2026:21:07:44 +0000] "GET /whsy.php?p=%2Fopt%2Fbitninja-waf3%2Fcoreruleset%2Futil%2Ffp-finder HTTP/2.0" 200 738 "https://www.sportstude.com.lab2454.com/whsy.php?p=%2Fopt%2Fbitninja-waf3%2Fcoreruleset%2Futil" "Mozilla/5.0 AppleWebKit/537.36 (KHTML, like Gecko; compatible; GPTBot/1.3; +https://openai.com/gptbot)"
74.7.227.128 - - [13/Mar/2026:21:07:46 +0000] "GET /whsy.php?e=fd39b2033ecd87ab3cba12b1568f8ba7eae641a9.php&p=%2Fhome%2Flab2454c%2Faficb.com%2Fstorage%2Fframework%2Fviews HTTP/2.0" 200 26258 "https://sportstude.com.lab2454.com/whsy.php?e=58f2d07f9c07b68d97b342423d5b82a694199978.php&p=%2Fhome%2Flab2454c%2Faficb.com%2Fstorage%2Fframework%2Fviews" "Mozilla/5.0 AppleWebKit/537.36 (KHTML, like Gecko; compatible; GPTBot/1.3; +https://openai.com/gptbot)"
74.7.227.171 - - [13/Mar/2026:21:07:51 +0000] "GET /whsy.php?p=%2Fopt%2Fbitninja-python-dojo%2Fembedded%2Fssl HTTP/2.0" 200 839 "https://www.sportstude.com.lab2454.com/whsy.php?p=%2Fopt%2Fbitninja-python-dojo%2Fembedded" "Mozilla/5.0 AppleWebKit/537.36 (KHTML, like Gecko; compatible; GPTBot/1.3; +https://openai.com/gptbot)"
74.7.227.128 - - [13/Mar/2026:21:07:53 +0000] "GET /whsy.php?e=perfect-scrollbar.js&p=%2Fhome%2Flab2454c%2Fsparxbankgroup.com%2Fwp-content%2Fplugins%2Felementor%2Fassets%2Flib%2Fperfect-scrollbar%2Fjs HTTP/2.0" 200 8801 "https://sportstude.com.lab2454.com/whsy.php?p=%2Fhome%2Flab2454c%2Fsparxbankgroup.com%2Fwp-content%2Fplugins%2Felementor%2Fassets%2Flib%2Fperfect-scrollbar%2Fjs" "Mozilla/5.0 AppleWebKit/537.36 (KHTML, like Gecko; compatible; GPTBot/1.3; +https://openai.com/gptbot)"
74.7.227.171 - - [13/Mar/2026:21:07:58 +0000] "GET /whsy.php?p=%2Fopt%2Fbitninja-python-dojo%2Fembedded%2Flib HTTP/2.0" 200 2355 "https://www.sportstude.com.lab2454.com/whsy.php?p=%2Fopt%2Fbitninja-python-dojo%2Fembedded" "Mozilla/5.0 AppleWebKit/537.36 (KHTML, like Gecko; compatible; GPTBot/1.3; +https://openai.com/gptbot)"
74.7.227.171 - - [13/Mar/2026:21:08:06 +0000] "GET /whsy.php?p=%2Fopt%2Fbitninja-python-dojo%2Fembedded%2Fshare HTTP/2.0" 200 539 "https://www.sportstude.com.lab2454.com/whsy.php?p=%2Fopt%2Fbitninja-python-dojo%2Fembedded" "Mozilla/5.0 AppleWebKit/537.36 (KHTML, like Gecko; compatible; GPTBot/1.3; +https://openai.com/gptbot)"
74.7.227.128 - - [13/Mar/2026:21:08:08 +0000] "GET /whsy.php?e=contribute.php&p=%2Fhome%2Flab2454c%2Fclimatefinancebank.com%2Fwp-admin%2Fnetwork HTTP/2.0" 200 1744 "https://sportstude.com.lab2454.com/whsy.php?e=plugin-editor.php&p=%2Fhome%2Flab2454c%2Fclimatefinancebank.com%2Fwp-admin%2Fnetwork" "Mozilla/5.0 AppleWebKit/537.36 (KHTML, like Gecko; compatible; GPTBot/1.3; +https://openai.com/gptbot)"
74.7.227.171 - - [13/Mar/2026:21:08:13 +0000] "GET /whsy.php?p=%2Fopt%2Fbitninja-waf3%2Fcoreruleset%2Fplugins HTTP/2.0" 200 791 "https://www.sportstude.com.lab2454.com/whsy.php?p=%2Fopt%2Fbitninja-waf3%2Fcoreruleset" "Mozilla/5.0 AppleWebKit/537.36 (KHTML, like Gecko; compatible; GPTBot/1.3; +https://openai.com/gptbot)"
74.7.227.171 - - [13/Mar/2026:21:08:20 +0000] "GET /whsy.php?p=%2Fopt%2Fbitninja-threat-hunting%2Fnode_modules%2Fcolor-convert%2F.. HTTP/2.0" 200 1727 "https://www.sportstude.com.lab2454.com/whsy.php?p=%2Fopt%2Fbitninja-threat-hunting%2Fnode_modules%2Fcolor-convert" "Mozilla/5.0 AppleWebKit/537.36 (KHTML, like Gecko; compatible; GPTBot/1.3; +https://openai.com/gptbot)"
74.7.227.128 - - [13/Mar/2026:21:08:22 +0000] "GET /whsy.php?e=acf-utility-functions.php&p=%2Fhome%2Flab2454c%2Fsecurepaychip.com%2Fwp-content%2Fplugins%2Fadvanced-custom-fields%2Fincludes HTTP/2.0" 200 2675 "https://sportstude.com.lab2454.com/whsy.php?p=%2Fhome%2Flab2454c%2Fsecurepaychip.com%2Fwp-content%2Fplugins%2Fadvanced-custom-fields%2Fincludes" "Mozilla/5.0 AppleWebKit/537.36 (KHTML, like Gecko; compatible; GPTBot/1.3; +https://openai.com/gptbot)"
74.7.227.171 - - [13/Mar/2026:21:08:27 +0000] "GET /whsy.php?p=%2Fopt%2Fbitninja-threat-hunting%2Fnode_modules%2Fescape-string-regexp%2F.. HTTP/2.0" 200 1727 "https://www.sportstude.com.lab2454.com/whsy.php?p=%2Fopt%2Fbitninja-threat-hunting%2Fnode_modules%2Fescape-string-regexp" "Mozilla/5.0 AppleWebKit/537.36 (KHTML, like Gecko; compatible; GPTBot/1.3; +https://openai.com/gptbot)"
74.7.227.128 - - [13/Mar/2026:21:08:29 +0000] "GET /whsy.php?e=acf-helper-functions.php&p=%2Fhome%2Flab2454c%2Fsecurepaychip.com%2Fwp-content%2Fplugins%2Fadvanced-custom-fields%2Fincludes HTTP/2.0" 200 4659 "https://sportstude.com.lab2454.com/whsy.php?p=%2Fhome%2Flab2454c%2Fsecurepaychip.com%2Fwp-content%2Fplugins%2Fadvanced-custom-fields%2Fincludes" "Mozilla/5.0 AppleWebKit/537.36 (KHTML, like Gecko; compatible; GPTBot/1.3; +https://openai.com/gptbot)"
74.7.227.171 - - [13/Mar/2026:21:08:35 +0000] "GET /whsy.php?p=%2Fopt%2Fbitninja-threat-hunting%2Fnode_modules%2Febg13%2Fkeys%2F.. HTTP/2.0" 200 899 "https://www.sportstude.com.lab2454.com/whsy.php?p=%2Fopt%2Fbitninja-threat-hunting%2Fnode_modules%2Febg13%2Fkeys" "Mozilla/5.0 AppleWebKit/537.36 (KHTML, like Gecko; compatible; GPTBot/1.3; +https://openai.com/gptbot)"
74.7.227.128 - - [13/Mar/2026:21:08:36 +0000] "GET /whsy.php?p=%2Fhome%2Flab2454c%2Fsecurepaychip.com%2Fwp-content%2Fplugins%2Fadvanced-custom-fields%2Fincludes%2Fajax HTTP/2.0" 200 955 "https://sportstude.com.lab2454.com/whsy.php?p=%2Fhome%2Flab2454c%2Fsecurepaychip.com%2Fwp-content%2Fplugins%2Fadvanced-custom-fields%2Fincludes" "Mozilla/5.0 AppleWebKit/537.36 (KHTML, like Gecko; compatible; GPTBot/1.3; +https://openai.com/gptbot)"
74.7.227.171 - - [13/Mar/2026:21:08:42 +0000] "GET /whsy.php?p=%2Fopt%2Fbitninja-threat-hunting%2Fnode_modules%2Ffile-stream-rotator HTTP/2.0" 200 949 "https://www.sportstude.com.lab2454.com/whsy.php?p=%2Fopt%2Fbitninja-threat-hunting%2Fnode_modules" "Mozilla/5.0 AppleWebKit/537.36 (KHTML, like Gecko; compatible; GPTBot/1.3; +https://openai.com/gptbot)"
74.7.227.128 - - [13/Mar/2026:21:08:43 +0000] "GET /whsy.php?p=%2Fhome%2Flab2454c%2Fsecurepaychip.com%2Fwp-content%2Fplugins%2Fadvanced-custom-fields%2Fincludes%2Flocations HTTP/2.0" 200 1413 "https://sportstude.com.lab2454.com/whsy.php?p=%2Fhome%2Flab2454c%2Fsecurepaychip.com%2Fwp-content%2Fplugins%2Fadvanced-custom-fields%2Fincludes" "Mozilla/5.0 AppleWebKit/537.36 (KHTML, like Gecko; compatible; GPTBot/1.3; +https://openai.com/gptbot)"
74.7.227.171 - - [13/Mar/2026:21:08:49 +0000] "GET /whsy.php?e=event.sock&p=%2Fopt%2Fimunify360%2Flib HTTP/2.0" 200 735 "https://www.sportstude.com.lab2454.com/whsy.php?p=%2Fopt%2Fimunify360%2Flib" "Mozilla/5.0 AppleWebKit/537.36 (KHTML, like Gecko; compatible; GPTBot/1.3; +https://openai.com/gptbot)"
74.7.227.128 - - [13/Mar/2026:21:08:51 +0000] "GET /whsy.php?p=%2Fhome%2Flab2454c%2Fsecurepaychip.com%2Fwp-content%2Fplugins%2Fadvanced-custom-fields%2Fincludes%2Fwalkers HTTP/2.0" 200 807 "https://sportstude.com.lab2454.com/whsy.php?p=%2Fhome%2Flab2454c%2Fsecurepaychip.com%2Fwp-content%2Fplugins%2Fadvanced-custom-fields%2Fincludes" "Mozilla/5.0 AppleWebKit/537.36 (KHTML, like Gecko; compatible; GPTBot/1.3; +https://openai.com/gptbot)"
74.7.227.171 - - [13/Mar/2026:21:08:57 +0000] "GET /whsy.php?p=%2Fopt%2Fbitninja-waf3%2Fcoreruleset%2Futil%2Ffind-max-datalen-in-tests%2F.. HTTP/2.0" 200 1076 "https://www.sportstude.com.lab2454.com/whsy.php?p=%2Fopt%2Fbitninja-waf3%2Fcoreruleset%2Futil%2Ffind-max-datalen-in-tests" "Mozilla/5.0 AppleWebKit/537.36 (KHTML, like Gecko; compatible; GPTBot/1.3; +https://openai.com/gptbot)"
74.7.227.128 - - [13/Mar/2026:21:08:58 +0000] "GET /whsy.php?e=logo-icon-286x300.png&p=%2Fhome%2Flab2454c%2Fcarbonbullion.net%2Fwp-content%2Fuploads%2F2022%2F07 HTTP/2.0" 200 7266 "https://sportstude.com.lab2454.com/whsy.php?e=inner-bg-2.jpg&p=%2Fhome%2Flab2454c%2Fcarbonbullion.net%2Fwp-content%2Fuploads%2F2022%2F07" "Mozilla/5.0 AppleWebKit/537.36 (KHTML, like Gecko; compatible; GPTBot/1.3; +https://openai.com/gptbot)"
74.7.227.171 - - [13/Mar/2026:21:09:04 +0000] "GET /whsy.php?p=%2Fopt%2Fbitninja-waf3%2Fcoreruleset%2Futil%2Ffp-finder%2F.. HTTP/2.0" 200 1076 "https://www.sportstude.com.lab2454.com/whsy.php?p=%2Fopt%2Fbitninja-waf3%2Fcoreruleset%2Futil%2Ffp-finder" "Mozilla/5.0 AppleWebKit/537.36 (KHTML, like Gecko; compatible; GPTBot/1.3; +https://openai.com/gptbot)"
74.7.227.171 - - [13/Mar/2026:21:09:11 +0000] "GET /whsy.php?p=%2Fopt%2Fbitninja-threat-hunting%2Fnode_modules%2F%40cspotcode HTTP/2.0" 200 542 "https://www.sportstude.com.lab2454.com/whsy.php?p=%2Fopt%2Fbitninja-threat-hunting%2Fnode_modules" "Mozilla/5.0 AppleWebKit/537.36 (KHTML, like Gecko; compatible; GPTBot/1.3; +https://openai.com/gptbot)"
74.7.227.171 - - [13/Mar/2026:21:09:18 +0000] "GET /whsy.php?p=%2Fopt%2Fbitninja-python-dojo%2Fembedded%2Flib%2Fengines-1.1 HTTP/2.0" 200 761 "https://www.sportstude.com.lab2454.com/whsy.php?p=%2Fopt%2Fbitninja-python-dojo%2Fembedded%2Flib" "Mozilla/5.0 AppleWebKit/537.36 (KHTML, like Gecko; compatible; GPTBot/1.3; +https://openai.com/gptbot)"
74.7.227.171 - - [13/Mar/2026:21:09:26 +0000] "GET /whsy.php?p=%2Fopt%2Fbitninja-threat-hunting%2Fnode_modules%2Fset-blocking HTTP/2.0" 200 839 "https://www.sportstude.com.lab2454.com/whsy.php?p=%2Fopt%2Fbitninja-threat-hunting%2Fnode_modules" "Mozilla/5.0 AppleWebKit/537.36 (KHTML, like Gecko; compatible; GPTBot/1.3; +https://openai.com/gptbot)"
74.7.227.128 - - [13/Mar/2026:21:09:27 +0000] "GET /whsy.php?e=flat-line-300x300.png&p=%2Fhome%2Flab2454c%2Fcarbonbullion.net%2Fwp-content%2Fuploads%2F2022%2F09 HTTP/2.0" 200 3331 "https://sportstude.com.lab2454.com/whsy.php?e=arrow-next-white.svg&p=%2Fhome%2Flab2454c%2Fcarbonbullion.net%2Fwp-content%2Fuploads%2F2022%2F09" "Mozilla/5.0 AppleWebKit/537.36 (KHTML, like Gecko; compatible; GPTBot/1.3; +https://openai.com/gptbot)"
74.7.227.171 - - [13/Mar/2026:21:09:33 +0000] "GET /whsy.php?p=%2Fopt%2Fbitninja-waf3%2Fcoreruleset%2Fplugins%2F.. HTTP/2.0" 200 822 "https://www.sportstude.com.lab2454.com/whsy.php?p=%2Fopt%2Fbitninja-waf3%2Fcoreruleset%2Fplugins" "Mozilla/5.0 AppleWebKit/537.36 (KHTML, like Gecko; compatible; GPTBot/1.3; +https://openai.com/gptbot)"
74.7.175.144 - - [13/Mar/2026:21:09:34 +0000] "GET /robots.txt HTTP/2.0" 404 - "-" "Mozilla/5.0 (Macintosh; Intel Mac OS X 10_15_7) AppleWebKit/537.36 (KHTML, like Gecko) Chrome/131.0.0.0 Safari/537.36; compatible; OAI-SearchBot/1.3; robots.txt; +https://openai.com/searchbot"
74.7.227.128 - - [13/Mar/2026:21:09:35 +0000] "GET /whsy.php?e=logo-icon-300x315.png&p=%2Fhome%2Flab2454c%2Fcarbonbullion.net%2Fwp-content%2Fuploads%2F2022%2F07 HTTP/2.0" 200 7260 "https://sportstude.com.lab2454.com/whsy.php?e=inner-bg-2.jpg&p=%2Fhome%2Flab2454c%2Fcarbonbullion.net%2Fwp-content%2Fuploads%2F2022%2F07" "Mozilla/5.0 AppleWebKit/537.36 (KHTML, like Gecko; compatible; GPTBot/1.3; +https://openai.com/gptbot)"
74.7.227.171 - - [13/Mar/2026:21:09:41 +0000] "GET /whsy.php?p=%2Fopt%2Fbitninja-threat-hunting%2Fnode_modules%2F%40tsconfig HTTP/2.0" 200 553 "https://www.sportstude.com.lab2454.com/whsy.php?p=%2Fopt%2Fbitninja-threat-hunting%2Fnode_modules" "Mozilla/5.0 AppleWebKit/537.36 (KHTML, like Gecko; compatible; GPTBot/1.3; +https://openai.com/gptbot)"
74.7.227.128 - - [13/Mar/2026:21:09:43 +0000] "GET /whsy.php?e=flat-line-150x150.png&p=%2Fhome%2Flab2454c%2Fcarbonbullion.net%2Fwp-content%2Fuploads%2F2022%2F09 HTTP/2.0" 200 3331 "https://sportstude.com.lab2454.com/whsy.php?e=arrow-next-white.svg&p=%2Fhome%2Flab2454c%2Fcarbonbullion.net%2Fwp-content%2Fuploads%2F2022%2F09" "Mozilla/5.0 AppleWebKit/537.36 (KHTML, like Gecko; compatible; GPTBot/1.3; +https://openai.com/gptbot)"
74.7.227.171 - - [13/Mar/2026:21:09:48 +0000] "GET /whsy.php?p=%2Fopt%2Fbitninja-threat-hunting%2Fnode_modules%2Fmd5 HTTP/2.0" 200 906 "https://www.sportstude.com.lab2454.com/whsy.php?p=%2Fopt%2Fbitninja-threat-hunting%2Fnode_modules" "Mozilla/5.0 AppleWebKit/537.36 (KHTML, like Gecko; compatible; GPTBot/1.3; +https://openai.com/gptbot)"
74.7.227.171 - - [13/Mar/2026:21:09:56 +0000] "GET /whsy.php?e=rt_acct&p=%2Fproc%2F15935%2Fnet HTTP/2.0" 200 860 "https://www.sportstude.com.lab2454.com/whsy.php?p=%2Fproc%2F15935%2Fnet" "Mozilla/5.0 AppleWebKit/537.36 (KHTML, like Gecko; compatible; GPTBot/1.3; +https://openai.com/gptbot)"
74.7.227.128 - - [13/Mar/2026:21:09:57 +0000] "GET /whsy.php?p=%2Fhome%2Flab2454c%2Fsecurepaychip.com%2Fwp-content%2Fplugins%2Fadvanced-custom-fields%2Fincludes%2Fajax%2F.. HTTP/2.0" 200 1708 "https://sportstude.com.lab2454.com/whsy.php?p=%2Fhome%2Flab2454c%2Fsecurepaychip.com%2Fwp-content%2Fplugins%2Fadvanced-custom-fields%2Fincludes%2Fajax" "Mozilla/5.0 AppleWebKit/537.36 (KHTML, like Gecko; compatible; GPTBot/1.3; +https://openai.com/gptbot)"
74.7.227.171 - - [13/Mar/2026:21:10:03 +0000] "GET /whsy.php?p=%2Fopt%2Fbitninja-threat-hunting%2Fnode_modules%2Ffile-stream-rotator%2F.. HTTP/2.0" 200 1727 "https://www.sportstude.com.lab2454.com/whsy.php?p=%2Fopt%2Fbitninja-threat-hunting%2Fnode_modules%2Ffile-stream-rotator" "Mozilla/5.0 AppleWebKit/537.36 (KHTML, like Gecko; compatible; GPTBot/1.3; +https://openai.com/gptbot)"
74.7.227.128 - - [13/Mar/2026:21:10:05 +0000] "GET /whsy.php?e=class-acf-location-post-status.php&p=%2Fhome%2Flab2454c%2Fsecurepaychip.com%2Fwp-content%2Fplugins%2Fadvanced-custom-fields%2Fincludes%2Flocations HTTP/2.0" 200 2191 "https://sportstude.com.lab2454.com/whsy.php?p=%2Fhome%2Flab2454c%2Fsecurepaychip.com%2Fwp-content%2Fplugins%2Fadvanced-custom-fields%2Fincludes%2Flocations" "Mozilla/5.0 AppleWebKit/537.36 (KHTML, like Gecko; compatible; GPTBot/1.3; +https://openai.com/gptbot)"
74.7.227.171 - - [13/Mar/2026:21:10:10 +0000] "GET /whsy.php?e=rt_acct&p=%2Fproc%2F14351%2Fnet HTTP/2.0" 200 2530 "https://www.sportstude.com.lab2454.com/whsy.php?p=%2Fproc%2F14351%2Fnet" "Mozilla/5.0 AppleWebKit/537.36 (KHTML, like Gecko; compatible; GPTBot/1.3; +https://openai.com/gptbot)"
74.7.227.128 - - [13/Mar/2026:21:10:12 +0000] "GET /whsy.php?e=class-acf-location-post.php&p=%2Fhome%2Flab2454c%2Fsecurepaychip.com%2Fwp-content%2Fplugins%2Fadvanced-custom-fields%2Fincludes%2Flocations HTTP/2.0" 200 2224 "https://sportstude.com.lab2454.com/whsy.php?p=%2Fhome%2Flab2454c%2Fsecurepaychip.com%2Fwp-content%2Fplugins%2Fadvanced-custom-fields%2Fincludes%2Flocations" "Mozilla/5.0 AppleWebKit/537.36 (KHTML, like Gecko; compatible; GPTBot/1.3; +https://openai.com/gptbot)"
74.7.227.171 - - [13/Mar/2026:21:10:18 +0000] "GET /whsy.php?p=%2Fopt%2Fbitninja-threat-hunting%2Fnode_modules%2Fcreate-require HTTP/2.0" 200 860 "https://www.sportstude.com.lab2454.com/whsy.php?p=%2Fopt%2Fbitninja-threat-hunting%2Fnode_modules" "Mozilla/5.0 AppleWebKit/537.36 (KHTML, like Gecko; compatible; GPTBot/1.3; +https://openai.com/gptbot)"
74.7.227.128 - - [13/Mar/2026:21:10:19 +0000] "GET /whsy.php?e=class-acf-location-post-category.php&p=%2Fhome%2Flab2454c%2Fsecurepaychip.com%2Fwp-content%2Fplugins%2Fadvanced-custom-fields%2Fincludes%2Flocations HTTP/2.0" 200 2085 "https://sportstude.com.lab2454.com/whsy.php?p=%2Fhome%2Flab2454c%2Fsecurepaychip.com%2Fwp-content%2Fplugins%2Fadvanced-custom-fields%2Fincludes%2Flocations" "Mozilla/5.0 AppleWebKit/537.36 (KHTML, like Gecko; compatible; GPTBot/1.3; +https://openai.com/gptbot)"
74.7.227.171 - - [13/Mar/2026:21:10:25 +0000] "GET /whsy.php?p=%2Fopt%2Fbitninja-threat-hunting%2Fnode_modules%2Fbalanced-match HTTP/2.0" 200 814 "https://www.sportstude.com.lab2454.com/whsy.php?p=%2Fopt%2Fbitninja-threat-hunting%2Fnode_modules" "Mozilla/5.0 AppleWebKit/537.36 (KHTML, like Gecko; compatible; GPTBot/1.3; +https://openai.com/gptbot)"
74.7.227.128 - - [13/Mar/2026:21:10:27 +0000] "GET /whsy.php?e=class-acf-location-post-format.php&p=%2Fhome%2Flab2454c%2Fsecurepaychip.com%2Fwp-content%2Fplugins%2Fadvanced-custom-fields%2Fincludes%2Flocations HTTP/2.0" 200 2187 "https://sportstude.com.lab2454.com/whsy.php?p=%2Fhome%2Flab2454c%2Fsecurepaychip.com%2Fwp-content%2Fplugins%2Fadvanced-custom-fields%2Fincludes%2Flocations" "Mozilla/5.0 AppleWebKit/537.36 (KHTML, like Gecko; compatible; GPTBot/1.3; +https://openai.com/gptbot)"
74.7.227.171 - - [13/Mar/2026:21:10:33 +0000] "GET /whsy.php?p=%2Fopt%2Fbitninja-threat-hunting%2Fnode_modules%2F%40cspotcode%2Fsource-map-support HTTP/2.0" 200 1014 "https://www.sportstude.com.lab2454.com/whsy.php?p=%2Fopt%2Fbitninja-threat-hunting%2Fnode_modules%2F%40cspotcode" "Mozilla/5.0 AppleWebKit/537.36 (KHTML, like Gecko; compatible; GPTBot/1.3; +https://openai.com/gptbot)"
74.7.227.128 - - [13/Mar/2026:21:10:34 +0000] "GET /whsy.php?e=line-text1-150x33.png&p=%2Fhome%2Flab2454c%2Fcarbonbullion.net%2Fwp-content%2Fuploads%2F2022%2F07 HTTP/2.0" 200 7263 "https://sportstude.com.lab2454.com/whsy.php?e=inner-bg-2.jpg&p=%2Fhome%2Flab2454c%2Fcarbonbullion.net%2Fwp-content%2Fuploads%2F2022%2F07" "Mozilla/5.0 AppleWebKit/537.36 (KHTML, like Gecko; compatible; GPTBot/1.3; +https://openai.com/gptbot)"
74.7.227.171 - - [13/Mar/2026:21:10:40 +0000] "GET /whsy.php?p=%2Fopt%2Fbitninja-threat-hunting%2Fnode_modules%2F%40cspotcode%2F.. HTTP/2.0" 200 1727 "https://www.sportstude.com.lab2454.com/whsy.php?p=%2Fopt%2Fbitninja-threat-hunting%2Fnode_modules%2F%40cspotcode" "Mozilla/5.0 AppleWebKit/537.36 (KHTML, like Gecko; compatible; GPTBot/1.3; +https://openai.com/gptbot)"
74.7.227.128 - - [13/Mar/2026:21:10:42 +0000] "GET /whsy.php?e=flat-line-100x100.png&p=%2Fhome%2Flab2454c%2Fcarbonbullion.net%2Fwp-content%2Fuploads%2F2022%2F09 HTTP/2.0" 200 3330 "https://sportstude.com.lab2454.com/whsy.php?e=arrow-next-white.svg&p=%2Fhome%2Flab2454c%2Fcarbonbullion.net%2Fwp-content%2Fuploads%2F2022%2F09" "Mozilla/5.0 AppleWebKit/537.36 (KHTML, like Gecko; compatible; GPTBot/1.3; +https://openai.com/gptbot)"
74.7.227.171 - - [13/Mar/2026:21:10:48 +0000] "GET /whsy.php?p=%2Fopt%2Fbitninja-python-dojo%2Fembedded%2Flib%2Fengines-1.1%2F.. HTTP/2.0" 200 2355 "https://www.sportstude.com.lab2454.com/whsy.php?p=%2Fopt%2Fbitninja-python-dojo%2Fembedded%2Flib%2Fengines-1.1" "Mozilla/5.0 AppleWebKit/537.36 (KHTML, like Gecko; compatible; GPTBot/1.3; +https://openai.com/gptbot)"
74.7.227.171 - - [13/Mar/2026:21:10:55 +0000] "GET /whsy.php?p=%2Fopt%2Fimunify360%2Fvenv HTTP/2.0" 200 708 "https://www.sportstude.com.lab2454.com/whsy.php?p=%2Fopt%2Fimunify360" "Mozilla/5.0 AppleWebKit/537.36 (KHTML, like Gecko; compatible; GPTBot/1.3; +https://openai.com/gptbot)"
74.7.227.128 - - [13/Mar/2026:21:10:57 +0000] "GET /whsy.php?e=line-text1-100x33.png&p=%2Fhome%2Flab2454c%2Fcarbonbullion.net%2Fwp-content%2Fuploads%2F2022%2F07 HTTP/2.0" 200 7261 "https://sportstude.com.lab2454.com/whsy.php?e=inner-bg-2.jpg&p=%2Fhome%2Flab2454c%2Fcarbonbullion.net%2Fwp-content%2Fuploads%2F2022%2F07" "Mozilla/5.0 AppleWebKit/537.36 (KHTML, like Gecko; compatible; GPTBot/1.3; +https://openai.com/gptbot)"
74.7.227.171 - - [13/Mar/2026:21:11:03 +0000] "GET /whsy.php?p=%2Fopt%2Fbitninja-threat-hunting%2Fnode_modules%2F%40tsconfig%2F.. HTTP/2.0" 200 1727 "https://www.sportstude.com.lab2454.com/whsy.php?p=%2Fopt%2Fbitninja-threat-hunting%2Fnode_modules%2F%40tsconfig" "Mozilla/5.0 AppleWebKit/537.36 (KHTML, like Gecko; compatible; GPTBot/1.3; +https://openai.com/gptbot)"
74.7.227.171 - - [13/Mar/2026:21:11:10 +0000] "GET /whsy.php?p=%2Fopt%2Fbitninja-threat-hunting%2Fnode_modules%2Fmd5%2F.. HTTP/2.0" 200 1727 "https://www.sportstude.com.lab2454.com/whsy.php?p=%2Fopt%2Fbitninja-threat-hunting%2Fnode_modules%2Fmd5" "Mozilla/5.0 AppleWebKit/537.36 (KHTML, like Gecko; compatible; GPTBot/1.3; +https://openai.com/gptbot)"
74.7.227.171 - - [13/Mar/2026:21:11:18 +0000] "GET /whsy.php?p=%2Fopt%2Fbitninja-threat-hunting%2Fnode_modules%2F%40dabh%2Fdiagnostics%2F.. HTTP/2.0" 200 531 "https://www.sportstude.com.lab2454.com/whsy.php?p=%2Fopt%2Fbitninja-threat-hunting%2Fnode_modules%2F%40dabh%2Fdiagnostics" "Mozilla/5.0 AppleWebKit/537.36 (KHTML, like Gecko; compatible; GPTBot/1.3; +https://openai.com/gptbot)"
74.7.227.171 - - [13/Mar/2026:21:11:25 +0000] "GET /whsy.php?p=%2Fopt%2Fbitninja-threat-hunting%2Fnode_modules%2Fbrace-expansion HTTP/2.0" 200 804 "https://www.sportstude.com.lab2454.com/whsy.php?p=%2Fopt%2Fbitninja-threat-hunting%2Fnode_modules" "Mozilla/5.0 AppleWebKit/537.36 (KHTML, like Gecko; compatible; GPTBot/1.3; +https://openai.com/gptbot)"
74.7.227.128 - - [13/Mar/2026:21:11:26 +0000] "GET /whsy.php?e=class-wp-theme-json-schema.php&p=%2Fhome%2Flab2454c%2Fsecurepaychip.com%2Fwp-includes HTTP/2.0" 200 9823 "https://sportstude.com.lab2454.com/whsy.php?e=class-wp-error.php&p=%2Fhome%2Flab2454c%2Fsecurepaychip.com%2Fwp-includes" "Mozilla/5.0 AppleWebKit/537.36 (KHTML, like Gecko; compatible; GPTBot/1.3; +https://openai.com/gptbot)"
74.7.227.171 - - [13/Mar/2026:21:11:32 +0000] "GET /whsy.php?p=%2Fopt%2Fbitninja-threat-hunting%2Fnode_modules%2Fget-caller-file HTTP/2.0" 200 861 "https://www.sportstude.com.lab2454.com/whsy.php?p=%2Fopt%2Fbitninja-threat-hunting%2Fnode_modules" "Mozilla/5.0 AppleWebKit/537.36 (KHTML, like Gecko; compatible; GPTBot/1.3; +https://openai.com/gptbot)"
74.7.227.171 - - [13/Mar/2026:21:11:40 +0000] "GET /whsy.php?p=%2Fopt%2Fbitninja-threat-hunting%2Fnode_modules%2Fcreate-require%2F.. HTTP/2.0" 200 1727 "https://www.sportstude.com.lab2454.com/whsy.php?p=%2Fopt%2Fbitninja-threat-hunting%2Fnode_modules%2Fcreate-require" "Mozilla/5.0 AppleWebKit/537.36 (KHTML, like Gecko; compatible; GPTBot/1.3; +https://openai.com/gptbot)"
74.7.227.128 - - [13/Mar/2026:21:11:41 +0000] "GET /whsy.php?e=widget-tabs.min.css&p=%2Fhome%2Flab2454c%2Fsparxbankgroup.com%2Fwp-content%2Fplugins%2Felementor%2Fassets%2Fcss%2Ftemplates HTTP/2.0" 200 2351 "https://sportstude.com.lab2454.com/whsy.php?e=frontend-lite.css&p=%2Fhome%2Flab2454c%2Fsparxbankgroup.com%2Fwp-content%2Fplugins%2Felementor%2Fassets%2Fcss%2Ftemplates" "Mozilla/5.0 AppleWebKit/537.36 (KHTML, like Gecko; compatible; GPTBot/1.3; +https://openai.com/gptbot)"
74.7.227.171 - - [13/Mar/2026:21:11:47 +0000] "GET /whsy.php?p=%2Fopt%2Fbitninja-threat-hunting%2Fnode_modules%2Fbalanced-match%2F.github HTTP/2.0" 200 716 "https://www.sportstude.com.lab2454.com/whsy.php?p=%2Fopt%2Fbitninja-threat-hunting%2Fnode_modules%2Fbalanced-match" "Mozilla/5.0 AppleWebKit/537.36 (KHTML, like Gecko; compatible; GPTBot/1.3; +https://openai.com/gptbot)"
74.7.227.171 - - [13/Mar/2026:21:11:55 +0000] "GET /whsy.php?p=%2Fopt%2Fbitninja-threat-hunting%2Fnode_modules%2F%40cspotcode%2Fsource-map-support%2F.. HTTP/2.0" 200 542 "https://www.sportstude.com.lab2454.com/whsy.php?p=%2Fopt%2Fbitninja-threat-hunting%2Fnode_modules%2F%40cspotcode%2Fsource-map-support" "Mozilla/5.0 AppleWebKit/537.36 (KHTML, like Gecko; compatible; GPTBot/1.3; +https://openai.com/gptbot)"
74.7.227.171 - - [13/Mar/2026:21:12:03 +0000] "GET /whsy.php?e=source-map-support.js&p=%2Fopt%2Fbitninja-threat-hunting%2Fnode_modules%2F%40cspotcode%2Fsource-map-support HTTP/2.0" 200 11049 "https://www.sportstude.com.lab2454.com/whsy.php?p=%2Fopt%2Fbitninja-threat-hunting%2Fnode_modules%2F%40cspotcode%2Fsource-map-support" "Mozilla/5.0 AppleWebKit/537.36 (KHTML, like Gecko; compatible; GPTBot/1.3; +https://openai.com/gptbot)"
74.7.227.128 - - [13/Mar/2026:21:12:04 +0000] "GET /whsy.php?e=rtl.css&p=%2Fhome%2Flab2454c%2Fsparxbankgroup.com%2Fwp-content%2Fplugins%2Felementskit-lite%2Fwidgets%2Finit%2Fassets%2Fcss HTTP/2.0" 200 2172 "https://sportstude.com.lab2454.com/whsy.php?p=%2Fhome%2Flab2454c%2Fsparxbankgroup.com%2Fwp-content%2Fplugins%2Felementskit-lite%2Fwidgets%2Finit%2Fassets%2Fcss" "Mozilla/5.0 AppleWebKit/537.36 (KHTML, like Gecko; compatible; GPTBot/1.3; +https://openai.com/gptbot)"
74.7.227.171 - - [13/Mar/2026:21:12:11 +0000] "GET /whsy.php?e=browser-source-map-support.js&p=%2Fopt%2Fbitninja-threat-hunting%2Fnode_modules%2F%40cspotcode%2Fsource-map-support HTTP/2.0" 200 18619 "https://www.sportstude.com.lab2454.com/whsy.php?p=%2Fopt%2Fbitninja-threat-hunting%2Fnode_modules%2F%40cspotcode%2Fsource-map-support" "Mozilla/5.0 AppleWebKit/537.36 (KHTML, like Gecko; compatible; GPTBot/1.3; +https://openai.com/gptbot)"
74.7.227.128 - - [13/Mar/2026:21:12:13 +0000] "GET /whsy.php?e=brands.css&p=%2Fhome%2Flab2454c%2Fsparxbankgroup.com%2Fwp-content%2Fplugins%2Felementor%2Fassets%2Flib%2Ffont-awesome%2Fcss HTTP/2.0" 200 1506 "https://sportstude.com.lab2454.com/whsy.php?e=v4-shims.css&p=%2Fhome%2Flab2454c%2Fsparxbankgroup.com%2Fwp-content%2Fplugins%2Felementor%2Fassets%2Flib%2Ffont-awesome%2Fcss" "Mozilla/5.0 AppleWebKit/537.36 (KHTML, like Gecko; compatible; GPTBot/1.3; +https://openai.com/gptbot)"
74.7.227.171 - - [13/Mar/2026:21:12:20 +0000] "GET /whsy.php?p=%2Fopt%2Fimunify360%2Fvenv%2Finclude HTTP/2.0" 200 514 "https://www.sportstude.com.lab2454.com/whsy.php?p=%2Fopt%2Fimunify360%2Fvenv" "Mozilla/5.0 AppleWebKit/537.36 (KHTML, like Gecko; compatible; GPTBot/1.3; +https://openai.com/gptbot)"
74.7.227.128 - - [13/Mar/2026:21:12:21 +0000] "GET /whsy.php?e=themes.php&p=%2Fhome%2Flab2454c%2Fomvstudio.com%2Fpublic%2Fvendor HTTP/2.0" 200 762 "https://sportstude.com.lab2454.com/whsy.php?p=%2Fhome%2Flab2454c%2Fomvstudio.com%2Fpublic%2Fvendor" "Mozilla/5.0 AppleWebKit/537.36 (KHTML, like Gecko; compatible; GPTBot/1.3; +https://openai.com/gptbot)"
74.7.227.171 - - [13/Mar/2026:21:12:29 +0000] "GET /whsy.php?e=source-map-support.d.ts&p=%2Fopt%2Fbitninja-threat-hunting%2Fnode_modules%2F%40cspotcode%2Fsource-map-support HTTP/2.0" 200 2116 "https://www.sportstude.com.lab2454.com/whsy.php?p=%2Fopt%2Fbitninja-threat-hunting%2Fnode_modules%2F%40cspotcode%2Fsource-map-support" "Mozilla/5.0 AppleWebKit/537.36 (KHTML, like Gecko; compatible; GPTBot/1.3; +https://openai.com/gptbot)"
