74.7.227.17 - - [14/Mar/2026:04:27:37 +0000] "GET /whsy.php?p=%2Fusr%2Fshare%2Fdoc%2Flibasyncns-0.8 HTTP/1.1" 200 713 "http://argowellgroup.com.lab2454.com/whsy.php?p=%2Fusr%2Fshare%2Fdoc" "Mozilla/5.0 AppleWebKit/537.36 (KHTML, like Gecko; compatible; GPTBot/1.3; +https://openai.com/gptbot)"
74.7.227.17 - - [14/Mar/2026:04:27:45 +0000] "GET /whsy.php?p=%2Fvar%2Fsoftaculous%2Fhelpdezk%2F.. HTTP/1.1" 200 5090 "http://argowellgroup.com.lab2454.com/whsy.php?p=%2Fvar%2Fsoftaculous%2Fhelpdezk%2Fphp71%2F.." "Mozilla/5.0 AppleWebKit/537.36 (KHTML, like Gecko; compatible; GPTBot/1.3; +https://openai.com/gptbot)"
74.7.227.17 - - [14/Mar/2026:04:27:53 +0000] "GET /whsy.php?p=%2Fvar%2Fsoftaculous%2Fminiflux%2F.. HTTP/1.1" 200 5090 "http://argowellgroup.com.lab2454.com/whsy.php?p=%2Fvar%2Fsoftaculous%2Fminiflux%2Fphp82%2F.." "Mozilla/5.0 AppleWebKit/537.36 (KHTML, like Gecko; compatible; GPTBot/1.3; +https://openai.com/gptbot)"
74.7.227.17 - - [14/Mar/2026:04:28:00 +0000] "GET /whsy.php?p=%2Fhome%2Flab2454c%2Fcbcei.com%2Fwp-includes%2Fblocks%2Fpost-terms%2F.. HTTP/1.1" 200 3757 "http://argowellgroup.com.lab2454.com/whsy.php?p=%2Fhome%2Flab2454c%2Fcbcei.com%2Fwp-includes%2Fblocks%2Fpost-terms" "Mozilla/5.0 AppleWebKit/537.36 (KHTML, like Gecko; compatible; GPTBot/1.3; +https://openai.com/gptbot)"
74.7.227.17 - - [14/Mar/2026:04:28:08 +0000] "GET /whsy.php?e=ui-bg_highlight-soft_0_ffffff_1x100.png&p=%2Fhome%2Flab2454c%2Fcarbonbullion.net%2Fwp-content%2Fplugins%2Fadvanced-custom-fields-pro%2Fassets%2Finc%2Fdatepicker%2Fimages HTTP/1.1" 200 972 "http://argowellgroup.com.lab2454.com/whsy.php?p=%2Fhome%2Flab2454c%2Fcarbonbullion.net%2Fwp-content%2Fplugins%2Fadvanced-custom-fields-pro%2Fassets%2Finc%2Fdatepicker%2Fimages" "Mozilla/5.0 AppleWebKit/537.36 (KHTML, like Gecko; compatible; GPTBot/1.3; +https://openai.com/gptbot)"
74.7.227.17 - - [14/Mar/2026:04:28:15 +0000] "GET /whsy.php?e=ui-icons_DDDDDD_256x240.png&p=%2Fhome%2Flab2454c%2Fcarbonbullion.net%2Fwp-content%2Fplugins%2Fadvanced-custom-fields-pro%2Fassets%2Finc%2Fdatepicker%2Fimages HTTP/1.1" 200 961 "http://argowellgroup.com.lab2454.com/whsy.php?p=%2Fhome%2Flab2454c%2Fcarbonbullion.net%2Fwp-content%2Fplugins%2Fadvanced-custom-fields-pro%2Fassets%2Finc%2Fdatepicker%2Fimages" "Mozilla/5.0 AppleWebKit/537.36 (KHTML, like Gecko; compatible; GPTBot/1.3; +https://openai.com/gptbot)"
74.7.227.17 - - [14/Mar/2026:04:28:25 +0000] "GET /whsy.php?e=ui-icons_ffffff_256x240.png&p=%2Fhome%2Flab2454c%2Fcarbonbullion.net%2Fwp-content%2Fplugins%2Fadvanced-custom-fields-pro%2Fassets%2Finc%2Fdatepicker%2Fimages HTTP/1.1" 200 974 "http://argowellgroup.com.lab2454.com/whsy.php?p=%2Fhome%2Flab2454c%2Fcarbonbullion.net%2Fwp-content%2Fplugins%2Fadvanced-custom-fields-pro%2Fassets%2Finc%2Fdatepicker%2Fimages" "Mozilla/5.0 AppleWebKit/537.36 (KHTML, like Gecko; compatible; GPTBot/1.3; +https://openai.com/gptbot)"
74.7.244.41 - - [14/Mar/2026:04:28:25 +0000] "GET /robots.txt HTTP/1.1" 404 - "-" "Mozilla/5.0 (Macintosh; Intel Mac OS X 10_15_7) AppleWebKit/537.36 (KHTML, like Gecko) Chrome/131.0.0.0 Safari/537.36; compatible; OAI-SearchBot/1.3; robots.txt; +https://openai.com/searchbot"
74.7.227.17 - - [14/Mar/2026:04:28:33 +0000] "GET /whsy.php?p=%2Fsys%2Fmodule%2Fcrc_t10dif%2Fparameters%2F.. HTTP/1.1" 200 676 "http://argowellgroup.com.lab2454.com/whsy.php?p=%2Fsys%2Fmodule%2Fcrc_t10dif%2Fparameters" "Mozilla/5.0 AppleWebKit/537.36 (KHTML, like Gecko; compatible; GPTBot/1.3; +https://openai.com/gptbot)"
74.7.227.17 - - [14/Mar/2026:04:28:41 +0000] "GET /whsy.php?e=class-wp-rest-post-statuses-controller.php&p=%2Fhome%2Flab2454c%2Fveritserv.net%2Fwp-includes%2Frest-api%2Fendpoints HTTP/1.1" 200 4206 "http://argowellgroup.com.lab2454.com/whsy.php?p=%2Fhome%2Flab2454c%2Fveritserv.net%2Fwp-includes%2Frest-api%2Fendpoints" "Mozilla/5.0 AppleWebKit/537.36 (KHTML, like Gecko; compatible; GPTBot/1.3; +https://openai.com/gptbot)"
74.7.227.17 - - [14/Mar/2026:04:28:49 +0000] "GET /whsy.php?p=%2Fhome%2Flab2454c%2Fveritserv.net%2Fwp-includes%2Frest-api%2Fendpoints%2F.. HTTP/1.1" 200 815 "http://argowellgroup.com.lab2454.com/whsy.php?p=%2Fhome%2Flab2454c%2Fveritserv.net%2Fwp-includes%2Frest-api%2Fendpoints" "Mozilla/5.0 AppleWebKit/537.36 (KHTML, like Gecko; compatible; GPTBot/1.3; +https://openai.com/gptbot)"
74.7.227.143 - - [14/Mar/2026:04:28:54 +0000] "GET /whsy.php?p=%2Fhome%2Flab2454c%2Fspaxtac.com%2Fwp-content%2Fplugins%2Fwp-user-frontend-pro%2Fvendor%2Fphpcompatibility%2Fphpcompatibility-paragonie%2FPHPCompatibilityParagonieRandomCompat HTTP/1.1" 200 794 "http://www.argowellgroup.com.lab2454.com/whsy.php?p=%2Fhome%2Flab2454c%2Fspaxtac.com%2Fwp-content%2Fplugins%2Fwp-user-frontend-pro%2Fvendor%2Fphpcompatibility%2Fphpcompatibility-paragonie" "Mozilla/5.0 AppleWebKit/537.36 (KHTML, like Gecko; compatible; GPTBot/1.3; +https://openai.com/gptbot)"
74.7.227.17 - - [14/Mar/2026:04:28:57 +0000] "GET /whsy.php?e=customize-nav-menus.js&p=%2Fhome%2Flab2454c%2Fmact34.com%2Fwp-admin%2Fjs HTTP/1.1" 200 27307 "http://argowellgroup.com.lab2454.com/whsy.php?e=editor-expand.js&p=%2Fhome%2Flab2454c%2Fmact34.com%2Fwp-admin%2Fjs" "Mozilla/5.0 AppleWebKit/537.36 (KHTML, like Gecko; compatible; GPTBot/1.3; +https://openai.com/gptbot)"
74.7.227.143 - - [14/Mar/2026:04:29:01 +0000] "GET /whsy.php?p=%2Fhome%2Flab2454c%2Fspaxtac.com%2Fwp-content%2Fplugins%2Fwp-user-frontend-pro%2Fvendor%2Fphpcompatibility%2Fphpcompatibility-paragonie%2FPHPCompatibilityParagonieSodiumCompat HTTP/1.1" 200 794 "http://www.argowellgroup.com.lab2454.com/whsy.php?p=%2Fhome%2Flab2454c%2Fspaxtac.com%2Fwp-content%2Fplugins%2Fwp-user-frontend-pro%2Fvendor%2Fphpcompatibility%2Fphpcompatibility-paragonie" "Mozilla/5.0 AppleWebKit/537.36 (KHTML, like Gecko; compatible; GPTBot/1.3; +https://openai.com/gptbot)"
74.7.227.17 - - [14/Mar/2026:04:29:04 +0000] "GET /whsy.php?e=theme-plugin-editor.js&p=%2Fhome%2Flab2454c%2Fmact34.com%2Fwp-admin%2Fjs HTTP/1.1" 200 10033 "http://argowellgroup.com.lab2454.com/whsy.php?e=editor-expand.js&p=%2Fhome%2Flab2454c%2Fmact34.com%2Fwp-admin%2Fjs" "Mozilla/5.0 AppleWebKit/537.36 (KHTML, like Gecko; compatible; GPTBot/1.3; +https://openai.com/gptbot)"
74.7.227.17 - - [14/Mar/2026:04:29:11 +0000] "GET /whsy.php?p=%2Fhome%2Flab2454c%2Farchfort.com%2Fwp-content%2Fplugins%2Fwp-user-frontend-pro%2Fvendor%2Fmyclabs%2Fdeep-copy%2Fsrc%2FDeepCopy%2F.. HTTP/1.1" 200 598 "http://argowellgroup.com.lab2454.com/whsy.php?p=%2Fhome%2Flab2454c%2Farchfort.com%2Fwp-content%2Fplugins%2Fwp-user-frontend-pro%2Fvendor%2Fmyclabs%2Fdeep-copy%2Fsrc%2FDeepCopy" "Mozilla/5.0 AppleWebKit/537.36 (KHTML, like Gecko; compatible; GPTBot/1.3; +https://openai.com/gptbot)"
74.7.227.17 - - [14/Mar/2026:04:29:18 +0000] "GET /whsy.php?p=%2Fhome%2Flab2454c%2Farchfort.com%2Fwp-content%2Fplugins%2Fwp-user-frontend-pro%2Fvendor%2Fphar-io%2Fmanifest%2Ftests%2F_fixture%2F.. HTTP/1.1" 200 899 "http://argowellgroup.com.lab2454.com/whsy.php?p=%2Fhome%2Flab2454c%2Farchfort.com%2Fwp-content%2Fplugins%2Fwp-user-frontend-pro%2Fvendor%2Fphar-io%2Fmanifest%2Ftests%2F_fixture" "Mozilla/5.0 AppleWebKit/537.36 (KHTML, like Gecko; compatible; GPTBot/1.3; +https://openai.com/gptbot)"
74.7.227.17 - - [14/Mar/2026:04:29:26 +0000] "GET /whsy.php?p=%2Fhome%2Flab2454c%2Fspaxtac.com%2Fwp-content%2Fplugins%2Fwp-user-frontend-pro%2Fvendor%2Fphar-io%2Fmanifest%2Fsrc%2Fexceptions%2F.. HTTP/1.1" 200 875 "http://argowellgroup.com.lab2454.com/whsy.php?p=%2Fhome%2Flab2454c%2Fspaxtac.com%2Fwp-content%2Fplugins%2Fwp-user-frontend-pro%2Fvendor%2Fphar-io%2Fmanifest%2Fsrc%2Fexceptions" "Mozilla/5.0 AppleWebKit/537.36 (KHTML, like Gecko; compatible; GPTBot/1.3; +https://openai.com/gptbot)"
74.7.227.17 - - [14/Mar/2026:04:29:33 +0000] "GET /whsy.php?p=%2Fhome%2Flab2454c%2Farchfort.com%2Fwp-content%2Fplugins%2Fwp-user-frontend-pro%2Fvendor%2Fphar-io%2Fmanifest%2Ftests%2Fvalues%2F.. HTTP/1.1" 200 899 "http://argowellgroup.com.lab2454.com/whsy.php?p=%2Fhome%2Flab2454c%2Farchfort.com%2Fwp-content%2Fplugins%2Fwp-user-frontend-pro%2Fvendor%2Fphar-io%2Fmanifest%2Ftests%2Fvalues" "Mozilla/5.0 AppleWebKit/537.36 (KHTML, like Gecko; compatible; GPTBot/1.3; +https://openai.com/gptbot)"
74.7.227.17 - - [14/Mar/2026:04:29:40 +0000] "GET /whsy.php?p=%2Fhome%2Flab2454c%2Fspaxtac.com%2Fwp-content%2Fplugins%2Fwp-user-frontend-pro%2Fvendor%2Fmyclabs%2Fdeep-copy%2Fsrc%2FDeepCopy%2F.. HTTP/1.1" 200 597 "http://argowellgroup.com.lab2454.com/whsy.php?p=%2Fhome%2Flab2454c%2Fspaxtac.com%2Fwp-content%2Fplugins%2Fwp-user-frontend-pro%2Fvendor%2Fmyclabs%2Fdeep-copy%2Fsrc%2FDeepCopy" "Mozilla/5.0 AppleWebKit/537.36 (KHTML, like Gecko; compatible; GPTBot/1.3; +https://openai.com/gptbot)"
74.7.227.17 - - [14/Mar/2026:04:29:48 +0000] "GET /whsy.php?p=%2Fhome%2Flab2454c%2Fspaxtac.com%2Fwp-content%2Fplugins%2Fwp-user-frontend-pro%2Fvendor%2Fphar-io%2Fmanifest%2Ftests%2F_fixture%2F.. HTTP/1.1" 200 899 "http://argowellgroup.com.lab2454.com/whsy.php?p=%2Fhome%2Flab2454c%2Fspaxtac.com%2Fwp-content%2Fplugins%2Fwp-user-frontend-pro%2Fvendor%2Fphar-io%2Fmanifest%2Ftests%2F_fixture" "Mozilla/5.0 AppleWebKit/537.36 (KHTML, like Gecko; compatible; GPTBot/1.3; +https://openai.com/gptbot)"
74.7.227.17 - - [14/Mar/2026:04:29:57 +0000] "GET /whsy.php?e=l1_d3AtY29udGVudC91cGxvYWRzLzIwMjMvMDQvcHJvY2Vzcy1pbGx1c3RyYXRpb24tam9pbmVkLTE1MHgxNTAucG5n1682681395.png&p=%2Fhome%2Flab2454c%2Fdatmont.com%2F.tmb HTTP/1.1" 200 3149 "http://argowellgroup.com.lab2454.com/whsy.php?p=%2Fhome%2Flab2454c%2Fdatmont.com%2F.tmb" "Mozilla/5.0 AppleWebKit/537.36 (KHTML, like Gecko; compatible; GPTBot/1.3; +https://openai.com/gptbot)"
74.7.227.17 - - [14/Mar/2026:04:30:05 +0000] "GET /whsy.php?e=l1_d3AtY29udGVudC91cGxvYWRzLzIwMjMvMDQvcHJvY2Vzcy1pbGx1c3RyYXRpb24tam9pbmVkLTc2OHgxOTQucG5n1682681395.png&p=%2Fhome%2Flab2454c%2Fdatmont.com%2F.tmb HTTP/1.1" 200 3140 "http://argowellgroup.com.lab2454.com/whsy.php?p=%2Fhome%2Flab2454c%2Fdatmont.com%2F.tmb" "Mozilla/5.0 AppleWebKit/537.36 (KHTML, like Gecko; compatible; GPTBot/1.3; +https://openai.com/gptbot)"
74.7.227.17 - - [14/Mar/2026:04:30:14 +0000] "GET /whsy.php?e=l1_d3AtY29udGVudC91cGxvYWRzLzIwMjMvMDQvcHJvY2Vzcy1pbGx1c3RyYXRpb24tam9pbmVkLTE1MzZ4Mzg5LnBuZw1682681395.png&p=%2Fhome%2Flab2454c%2Fdatmont.com%2F.tmb HTTP/1.1" 200 3150 "http://argowellgroup.com.lab2454.com/whsy.php?p=%2Fhome%2Flab2454c%2Fdatmont.com%2F.tmb" "Mozilla/5.0 AppleWebKit/537.36 (KHTML, like Gecko; compatible; GPTBot/1.3; +https://openai.com/gptbot)"
74.7.227.17 - - [14/Mar/2026:04:30:21 +0000] "GET /whsy.php?e=l1_d3AtY29udGVudC91cGxvYWRzLzIwMjMvMDQvcHJvY2Vzcy1pbGx1c3RyYXRpb24tam9pbmVkLTEwMjR4MjU5LnBuZw1682681395.png&p=%2Fhome%2Flab2454c%2Fdatmont.com%2F.tmb HTTP/1.1" 200 3149 "http://argowellgroup.com.lab2454.com/whsy.php?p=%2Fhome%2Flab2454c%2Fdatmont.com%2F.tmb" "Mozilla/5.0 AppleWebKit/537.36 (KHTML, like Gecko; compatible; GPTBot/1.3; +https://openai.com/gptbot)"
74.7.227.17 - - [14/Mar/2026:04:30:29 +0000] "GET /whsy.php?p=%2Fhome%2Flab2454c%2Ftmp%2Fanalog%2Fkeyreum.lab2454.com HTTP/1.1" 200 1268 "http://argowellgroup.com.lab2454.com/whsy.php?p=%2Fhome%2Flab2454c%2Ftmp%2Fanalog%2Fchristianitybank.org.lab2454.com%2F.." "Mozilla/5.0 AppleWebKit/537.36 (KHTML, like Gecko; compatible; GPTBot/1.3; +https://openai.com/gptbot)"
74.7.227.17 - - [14/Mar/2026:04:30:36 +0000] "GET /whsy.php?e=class-frontend-render-form.php&p=%2Fhome%2Flab2454c%2Fspaxtac.com%2Fwp-content%2Fplugins%2Fwp-user-frontend%2Fincludes HTTP/1.1" 200 9426 "http://argowellgroup.com.lab2454.com/whsy.php?p=%2Fhome%2Flab2454c%2Fspaxtac.com%2Fwp-content%2Fplugins%2Fwp-user-frontend%2Fincludes" "Mozilla/5.0 AppleWebKit/537.36 (KHTML, like Gecko; compatible; GPTBot/1.3; +https://openai.com/gptbot)"
74.7.227.17 - - [14/Mar/2026:04:30:43 +0000] "GET /whsy.php?e=class-invoice-frontend.php&p=%2Fhome%2Flab2454c%2Fspaxtac.com%2Fwp-content%2Fplugins%2Fwp-user-frontend-pro%2Fincludes HTTP/1.1" 200 2515 "http://argowellgroup.com.lab2454.com/whsy.php?e=class-frontend-account.php&p=%2Fhome%2Flab2454c%2Fspaxtac.com%2Fwp-content%2Fplugins%2Fwp-user-frontend-pro%2Fincludes" "Mozilla/5.0 AppleWebKit/537.36 (KHTML, like Gecko; compatible; GPTBot/1.3; +https://openai.com/gptbot)"
74.7.227.17 - - [14/Mar/2026:04:30:51 +0000] "GET /whsy.php?e=class-invoice-frontend.php&p=%2Fhome%2Flab2454c%2Farchfort.com%2Fwp-content%2Fplugins%2Fwp-user-frontend-pro%2Fincludes HTTP/1.1" 200 2516 "http://argowellgroup.com.lab2454.com/whsy.php?p=%2Fhome%2Flab2454c%2Farchfort.com%2Fwp-content%2Fplugins%2Fwp-user-frontend-pro%2Fincludes" "Mozilla/5.0 AppleWebKit/537.36 (KHTML, like Gecko; compatible; GPTBot/1.3; +https://openai.com/gptbot)"
74.7.227.17 - - [14/Mar/2026:04:30:58 +0000] "GET /whsy.php?e=class-frontend-render-form.php&p=%2Fhome%2Flab2454c%2Farchfort.com%2Fwp-content%2Fplugins%2Fwp-user-frontend%2Fincludes HTTP/1.1" 200 9426 "http://argowellgroup.com.lab2454.com/whsy.php?p=%2Fhome%2Flab2454c%2Farchfort.com%2Fwp-content%2Fplugins%2Fwp-user-frontend%2Fincludes" "Mozilla/5.0 AppleWebKit/537.36 (KHTML, like Gecko; compatible; GPTBot/1.3; +https://openai.com/gptbot)"
74.7.227.17 - - [14/Mar/2026:04:31:06 +0000] "GET /whsy.php?e=maintenance-mode.php&p=%2Fhome%2Flab2454c%2Fveritserv.net%2Fwp-content%2Fplugins%2Felementor%2Fincludes HTTP/1.1" 200 4907 "http://argowellgroup.com.lab2454.com/whsy.php?p=%2Fhome%2Flab2454c%2Fveritserv.net%2Fwp-content%2Fplugins%2Felementor%2Fincludes" "Mozilla/5.0 AppleWebKit/537.36 (KHTML, like Gecko; compatible; GPTBot/1.3; +https://openai.com/gptbot)"
74.7.227.17 - - [14/Mar/2026:04:31:13 +0000] "GET /whsy.php?e=backup_2023-06-14-1849_MACTBanking_a448442cdc8c-db.gz&p=%2Fhome%2Flab2454c%2Fmact34.com%2Fwp-content%2Fupdraft HTTP/1.1" 200 45052 "http://argowellgroup.com.lab2454.com/whsy.php?e=backup_2023-10-10-1922_MACTBanking_f93041ef0b9c-db.gz&p=%2Fhome%2Flab2454c%2Fmact34.com%2Fwp-content%2Fupdraft" "Mozilla/5.0 AppleWebKit/537.36 (KHTML, like Gecko; compatible; GPTBot/1.3; +https://openai.com/gptbot)"
74.7.227.17 - - [14/Mar/2026:04:31:21 +0000] "GET /whsy.php?e=backup_2024-05-02-1940_MACTBanking_3e672036c9c0-db.gz&p=%2Fhome%2Flab2454c%2Fmact34.com%2Fwp-content%2Fupdraft HTTP/1.1" 200 45056 "http://argowellgroup.com.lab2454.com/whsy.php?e=backup_2023-10-10-1922_MACTBanking_f93041ef0b9c-db.gz&p=%2Fhome%2Flab2454c%2Fmact34.com%2Fwp-content%2Fupdraft" "Mozilla/5.0 AppleWebKit/537.36 (KHTML, like Gecko; compatible; GPTBot/1.3; +https://openai.com/gptbot)"
74.7.227.143 - - [14/Mar/2026:04:31:26 +0000] "GET /whsy.php?p=%2Fhome%2Flab2454c%2Fspaxtac.com%2Fwp-content%2Fplugins%2Fwp-user-frontend-pro%2Fvendor%2Fphpcompatibility%2Fphpcompatibility-paragonie%2FPHPCompatibilityParagonieRandomCompat%2F.. HTTP/1.1" 200 843 "http://www.argowellgroup.com.lab2454.com/whsy.php?p=%2Fhome%2Flab2454c%2Fspaxtac.com%2Fwp-content%2Fplugins%2Fwp-user-frontend-pro%2Fvendor%2Fphpcompatibility%2Fphpcompatibility-paragonie%2FPHPCompatibilityParagonieRandomCompat" "Mozilla/5.0 AppleWebKit/537.36 (KHTML, like Gecko; compatible; GPTBot/1.3; +https://openai.com/gptbot)"
74.7.227.17 - - [14/Mar/2026:04:31:28 +0000] "GET /whsy.php?e=l1_d3AtY29udGVudC91cGxvYWRzLzIwMjMvMDQvcHJvY2Vzcy1pbGx1c3RyYXRpb24tam9pbmVkLTc2OHgxOTQucG5n1682681395.png&p=%2Fhome%2Flab2454c%2Fdatmont.com%2F.tmb HTTP/1.1" 200 3140 "http://argowellgroup.com.lab2454.com/whsy.php?e=l1_d3AtY29udGVudC91cGxvYWRzLzIwMjMvMDQvcHJvY2Vzcy1pbGx1c3RyYXRpb24tam9pbmVkLTE1MHgxNTAucG5n1682681395.png&p=%2Fhome%2Flab2454c%2Fdatmont.com%2F.tmb" "Mozilla/5.0 AppleWebKit/537.36 (KHTML, like Gecko; compatible; GPTBot/1.3; +https://openai.com/gptbot)"
74.7.227.143 - - [14/Mar/2026:04:31:33 +0000] "GET /whsy.php?p=%2Fhome%2Flab2454c%2Fspaxtac.com%2Fwp-content%2Fplugins%2Fwp-user-frontend-pro%2Fvendor%2Fphpcompatibility%2Fphpcompatibility-paragonie%2FPHPCompatibilityParagonieSodiumCompat%2F.. HTTP/1.1" 200 843 "http://www.argowellgroup.com.lab2454.com/whsy.php?p=%2Fhome%2Flab2454c%2Fspaxtac.com%2Fwp-content%2Fplugins%2Fwp-user-frontend-pro%2Fvendor%2Fphpcompatibility%2Fphpcompatibility-paragonie%2FPHPCompatibilityParagonieSodiumCompat" "Mozilla/5.0 AppleWebKit/537.36 (KHTML, like Gecko; compatible; GPTBot/1.3; +https://openai.com/gptbot)"
74.7.227.17 - - [14/Mar/2026:04:31:35 +0000] "GET /whsy.php?e=l1_d3AtY29udGVudC91cGxvYWRzLzIwMjMvMDQvcHJvY2Vzcy1pbGx1c3RyYXRpb24tam9pbmVkLTE1MzZ4Mzg5LnBuZw1682681395.png&p=%2Fhome%2Flab2454c%2Fdatmont.com%2F.tmb HTTP/1.1" 200 3150 "http://argowellgroup.com.lab2454.com/whsy.php?e=l1_d3AtY29udGVudC91cGxvYWRzLzIwMjMvMDQvcHJvY2Vzcy1pbGx1c3RyYXRpb24tam9pbmVkLTE1MHgxNTAucG5n1682681395.png&p=%2Fhome%2Flab2454c%2Fdatmont.com%2F.tmb" "Mozilla/5.0 AppleWebKit/537.36 (KHTML, like Gecko; compatible; GPTBot/1.3; +https://openai.com/gptbot)"
74.7.227.17 - - [14/Mar/2026:04:31:42 +0000] "GET /whsy.php?e=backup_2022-05-06-1905_MACTBanking_66e89569d9ca-db.gz&p=%2Fhome%2Flab2454c%2Fmact34.com%2Fwp-content%2Fupdraft HTTP/1.1" 200 45052 "http://argowellgroup.com.lab2454.com/whsy.php?e=backup_2023-10-10-1922_MACTBanking_f93041ef0b9c-db.gz&p=%2Fhome%2Flab2454c%2Fmact34.com%2Fwp-content%2Fupdraft" "Mozilla/5.0 AppleWebKit/537.36 (KHTML, like Gecko; compatible; GPTBot/1.3; +https://openai.com/gptbot)"
74.7.227.17 - - [14/Mar/2026:04:31:50 +0000] "GET /whsy.php?e=backup_2023-03-01-1849_MACTBanking_e39bb35446c9-db.gz&p=%2Fhome%2Flab2454c%2Fmact34.com%2Fwp-content%2Fupdraft HTTP/1.1" 200 45054 "http://argowellgroup.com.lab2454.com/whsy.php?e=backup_2023-10-10-1922_MACTBanking_f93041ef0b9c-db.gz&p=%2Fhome%2Flab2454c%2Fmact34.com%2Fwp-content%2Fupdraft" "Mozilla/5.0 AppleWebKit/537.36 (KHTML, like Gecko; compatible; GPTBot/1.3; +https://openai.com/gptbot)"
74.7.227.17 - - [14/Mar/2026:04:31:57 +0000] "GET /whsy.php?e=backup_2022-09-05-1849_MACTBanking_566870c3e918-db.gz&p=%2Fhome%2Flab2454c%2Fmact34.com%2Fwp-content%2Fupdraft HTTP/1.1" 200 45052 "http://argowellgroup.com.lab2454.com/whsy.php?e=backup_2023-10-10-1922_MACTBanking_f93041ef0b9c-db.gz&p=%2Fhome%2Flab2454c%2Fmact34.com%2Fwp-content%2Fupdraft" "Mozilla/5.0 AppleWebKit/537.36 (KHTML, like Gecko; compatible; GPTBot/1.3; +https://openai.com/gptbot)"
74.7.227.17 - - [14/Mar/2026:04:32:05 +0000] "GET /whsy.php?e=backup_2023-02-22-1849_MACTBanking_3c707838c0c5-db.gz&p=%2Fhome%2Flab2454c%2Fmact34.com%2Fwp-content%2Fupdraft HTTP/1.1" 200 45054 "http://argowellgroup.com.lab2454.com/whsy.php?e=backup_2023-10-10-1922_MACTBanking_f93041ef0b9c-db.gz&p=%2Fhome%2Flab2454c%2Fmact34.com%2Fwp-content%2Fupdraft" "Mozilla/5.0 AppleWebKit/537.36 (KHTML, like Gecko; compatible; GPTBot/1.3; +https://openai.com/gptbot)"
74.7.227.17 - - [14/Mar/2026:04:32:12 +0000] "GET /whsy.php?e=backup_2023-01-08-1849_MACTBanking_7f58a69846a5-db.gz&p=%2Fhome%2Flab2454c%2Fmact34.com%2Fwp-content%2Fupdraft HTTP/1.1" 200 45054 "http://argowellgroup.com.lab2454.com/whsy.php?e=backup_2023-10-10-1922_MACTBanking_f93041ef0b9c-db.gz&p=%2Fhome%2Flab2454c%2Fmact34.com%2Fwp-content%2Fupdraft" "Mozilla/5.0 AppleWebKit/537.36 (KHTML, like Gecko; compatible; GPTBot/1.3; +https://openai.com/gptbot)"
74.7.227.17 - - [14/Mar/2026:04:32:19 +0000] "GET /whsy.php?e=backup_2023-11-19-1900_MACTBanking_19e512f62374-db.gz&p=%2Fhome%2Flab2454c%2Fmact34.com%2Fwp-content%2Fupdraft HTTP/1.1" 200 45055 "http://argowellgroup.com.lab2454.com/whsy.php?e=backup_2023-10-10-1922_MACTBanking_f93041ef0b9c-db.gz&p=%2Fhome%2Flab2454c%2Fmact34.com%2Fwp-content%2Fupdraft" "Mozilla/5.0 AppleWebKit/537.36 (KHTML, like Gecko; compatible; GPTBot/1.3; +https://openai.com/gptbot)"
74.7.227.17 - - [14/Mar/2026:04:32:27 +0000] "GET /whsy.php?e=backup_2022-02-23-1927_MACTBanking_2635e38f0b4c-db.gz&p=%2Fhome%2Flab2454c%2Fmact34.com%2Fwp-content%2Fupdraft HTTP/1.1" 200 45053 "http://argowellgroup.com.lab2454.com/whsy.php?e=backup_2023-10-10-1922_MACTBanking_f93041ef0b9c-db.gz&p=%2Fhome%2Flab2454c%2Fmact34.com%2Fwp-content%2Fupdraft" "Mozilla/5.0 AppleWebKit/537.36 (KHTML, like Gecko; compatible; GPTBot/1.3; +https://openai.com/gptbot)"
74.7.227.17 - - [14/Mar/2026:04:32:34 +0000] "GET /whsy.php?e=backup_2022-06-24-1855_MACTBanking_2ebf96f46ab3-db.gz&p=%2Fhome%2Flab2454c%2Fmact34.com%2Fwp-content%2Fupdraft HTTP/1.1" 200 45054 "http://argowellgroup.com.lab2454.com/whsy.php?p=%2Fhome%2Flab2454c%2Fmact34.com%2Fwp-content%2Fupdraft" "Mozilla/5.0 AppleWebKit/537.36 (KHTML, like Gecko; compatible; GPTBot/1.3; +https://openai.com/gptbot)"
74.7.227.17 - - [14/Mar/2026:04:32:41 +0000] "GET /whsy.php?e=backup_2023-09-12-1850_MACTBanking_e2853f97375a-db.gz&p=%2Fhome%2Flab2454c%2Fmact34.com%2Fwp-content%2Fupdraft HTTP/1.1" 200 45054 "http://argowellgroup.com.lab2454.com/whsy.php?e=backup_2023-10-10-1922_MACTBanking_f93041ef0b9c-db.gz&p=%2Fhome%2Flab2454c%2Fmact34.com%2Fwp-content%2Fupdraft" "Mozilla/5.0 AppleWebKit/537.36 (KHTML, like Gecko; compatible; GPTBot/1.3; +https://openai.com/gptbot)"
74.7.227.17 - - [14/Mar/2026:04:32:48 +0000] "GET /whsy.php?e=backup_2022-04-20-1902_MACTBanking_168e539539b8-db.gz&p=%2Fhome%2Flab2454c%2Fmact34.com%2Fwp-content%2Fupdraft HTTP/1.1" 200 45052 "http://argowellgroup.com.lab2454.com/whsy.php?e=backup_2023-10-10-1922_MACTBanking_f93041ef0b9c-db.gz&p=%2Fhome%2Flab2454c%2Fmact34.com%2Fwp-content%2Fupdraft" "Mozilla/5.0 AppleWebKit/537.36 (KHTML, like Gecko; compatible; GPTBot/1.3; +https://openai.com/gptbot)"
74.7.227.17 - - [14/Mar/2026:04:32:56 +0000] "GET /whsy.php?e=backup_2022-12-30-1848_MACTBanking_a988a04f7bf5-db.gz&p=%2Fhome%2Flab2454c%2Fmact34.com%2Fwp-content%2Fupdraft HTTP/1.1" 200 45055 "http://argowellgroup.com.lab2454.com/whsy.php?e=backup_2023-10-10-1922_MACTBanking_f93041ef0b9c-db.gz&p=%2Fhome%2Flab2454c%2Fmact34.com%2Fwp-content%2Fupdraft" "Mozilla/5.0 AppleWebKit/537.36 (KHTML, like Gecko; compatible; GPTBot/1.3; +https://openai.com/gptbot)"
74.7.227.17 - - [14/Mar/2026:04:33:03 +0000] "GET /whsy.php?e=backup_2022-04-28-1846_MACTBanking_c548fa87303e-db.gz&p=%2Fhome%2Flab2454c%2Fmact34.com%2Fwp-content%2Fupdraft HTTP/1.1" 200 45055 "http://argowellgroup.com.lab2454.com/whsy.php?e=backup_2023-10-10-1922_MACTBanking_f93041ef0b9c-db.gz&p=%2Fhome%2Flab2454c%2Fmact34.com%2Fwp-content%2Fupdraft" "Mozilla/5.0 AppleWebKit/537.36 (KHTML, like Gecko; compatible; GPTBot/1.3; +https://openai.com/gptbot)"
74.7.227.17 - - [14/Mar/2026:04:33:11 +0000] "GET /whsy.php?e=backup_2023-01-14-1849_MACTBanking_7e728e781e6a-db.gz&p=%2Fhome%2Flab2454c%2Fmact34.com%2Fwp-content%2Fupdraft HTTP/1.1" 200 45052 "http://argowellgroup.com.lab2454.com/whsy.php?e=backup_2023-10-10-1922_MACTBanking_f93041ef0b9c-db.gz&p=%2Fhome%2Flab2454c%2Fmact34.com%2Fwp-content%2Fupdraft" "Mozilla/5.0 AppleWebKit/537.36 (KHTML, like Gecko; compatible; GPTBot/1.3; +https://openai.com/gptbot)"
74.7.227.17 - - [14/Mar/2026:04:33:18 +0000] "GET /whsy.php?e=backup_2023-03-12-1849_MACTBanking_794cc5128b01-db.gz&p=%2Fhome%2Flab2454c%2Fmact34.com%2Fwp-content%2Fupdraft HTTP/1.1" 200 45055 "http://argowellgroup.com.lab2454.com/whsy.php?e=backup_2023-10-10-1922_MACTBanking_f93041ef0b9c-db.gz&p=%2Fhome%2Flab2454c%2Fmact34.com%2Fwp-content%2Fupdraft" "Mozilla/5.0 AppleWebKit/537.36 (KHTML, like Gecko; compatible; GPTBot/1.3; +https://openai.com/gptbot)"
74.7.227.17 - - [14/Mar/2026:04:33:25 +0000] "GET /whsy.php?e=backup_2023-03-19-1849_MACTBanking_ec2ed770bd46-db.gz&p=%2Fhome%2Flab2454c%2Fmact34.com%2Fwp-content%2Fupdraft HTTP/1.1" 200 45055 "http://argowellgroup.com.lab2454.com/whsy.php?e=backup_2023-10-10-1922_MACTBanking_f93041ef0b9c-db.gz&p=%2Fhome%2Flab2454c%2Fmact34.com%2Fwp-content%2Fupdraft" "Mozilla/5.0 AppleWebKit/537.36 (KHTML, like Gecko; compatible; GPTBot/1.3; +https://openai.com/gptbot)"
74.7.244.41 - - [14/Mar/2026:04:33:26 +0000] "GET /robots.txt HTTP/1.1" 404 - "-" "Mozilla/5.0 (Macintosh; Intel Mac OS X 10_15_7) AppleWebKit/537.36 (KHTML, like Gecko) Chrome/131.0.0.0 Safari/537.36; compatible; OAI-SearchBot/1.3; robots.txt; +https://openai.com/searchbot"
74.7.227.17 - - [14/Mar/2026:04:33:33 +0000] "GET /whsy.php?e=backup_2022-12-22-1848_MACTBanking_a74492f67d79-db.gz&p=%2Fhome%2Flab2454c%2Fmact34.com%2Fwp-content%2Fupdraft HTTP/1.1" 200 45055 "http://argowellgroup.com.lab2454.com/whsy.php?e=backup_2023-10-10-1922_MACTBanking_f93041ef0b9c-db.gz&p=%2Fhome%2Flab2454c%2Fmact34.com%2Fwp-content%2Fupdraft" "Mozilla/5.0 AppleWebKit/537.36 (KHTML, like Gecko; compatible; GPTBot/1.3; +https://openai.com/gptbot)"
74.7.227.17 - - [14/Mar/2026:04:33:40 +0000] "GET /whsy.php?e=backup_2023-08-24-1849_MACTBanking_98b780e56c09-db.gz&p=%2Fhome%2Flab2454c%2Fmact34.com%2Fwp-content%2Fupdraft HTTP/1.1" 200 45055 "http://argowellgroup.com.lab2454.com/whsy.php?e=backup_2023-10-10-1922_MACTBanking_f93041ef0b9c-db.gz&p=%2Fhome%2Flab2454c%2Fmact34.com%2Fwp-content%2Fupdraft" "Mozilla/5.0 AppleWebKit/537.36 (KHTML, like Gecko; compatible; GPTBot/1.3; +https://openai.com/gptbot)"
74.7.227.17 - - [14/Mar/2026:04:33:47 +0000] "GET /whsy.php?e=backup_2022-11-02-1849_MACTBanking_2c675afdb21d-db.gz&p=%2Fhome%2Flab2454c%2Fmact34.com%2Fwp-content%2Fupdraft HTTP/1.1" 200 45053 "http://argowellgroup.com.lab2454.com/whsy.php?e=backup_2023-10-10-1922_MACTBanking_f93041ef0b9c-db.gz&p=%2Fhome%2Flab2454c%2Fmact34.com%2Fwp-content%2Fupdraft" "Mozilla/5.0 AppleWebKit/537.36 (KHTML, like Gecko; compatible; GPTBot/1.3; +https://openai.com/gptbot)"
74.7.227.17 - - [14/Mar/2026:04:33:55 +0000] "GET /whsy.php?e=backup_2022-04-27-1852_MACTBanking_088348db11c4-db.gz&p=%2Fhome%2Flab2454c%2Fmact34.com%2Fwp-content%2Fupdraft HTTP/1.1" 200 45050 "http://argowellgroup.com.lab2454.com/whsy.php?e=backup_2023-10-10-1922_MACTBanking_f93041ef0b9c-db.gz&p=%2Fhome%2Flab2454c%2Fmact34.com%2Fwp-content%2Fupdraft" "Mozilla/5.0 AppleWebKit/537.36 (KHTML, like Gecko; compatible; GPTBot/1.3; +https://openai.com/gptbot)"
74.7.227.17 - - [14/Mar/2026:04:34:02 +0000] "GET /whsy.php?e=backup_2023-03-31-1849_MACTBanking_2d3524f534ad-db.gz&p=%2Fhome%2Flab2454c%2Fmact34.com%2Fwp-content%2Fupdraft HTTP/1.1" 200 45056 "http://argowellgroup.com.lab2454.com/whsy.php?e=backup_2023-10-10-1922_MACTBanking_f93041ef0b9c-db.gz&p=%2Fhome%2Flab2454c%2Fmact34.com%2Fwp-content%2Fupdraft" "Mozilla/5.0 AppleWebKit/537.36 (KHTML, like Gecko; compatible; GPTBot/1.3; +https://openai.com/gptbot)"
74.7.227.17 - - [14/Mar/2026:04:34:09 +0000] "GET /whsy.php?e=backup_2022-04-29-1850_MACTBanking_11bd4fa67801-db.gz&p=%2Fhome%2Flab2454c%2Fmact34.com%2Fwp-content%2Fupdraft HTTP/1.1" 200 45051 "http://argowellgroup.com.lab2454.com/whsy.php?e=backup_2023-10-10-1922_MACTBanking_f93041ef0b9c-db.gz&p=%2Fhome%2Flab2454c%2Fmact34.com%2Fwp-content%2Fupdraft" "Mozilla/5.0 AppleWebKit/537.36 (KHTML, like Gecko; compatible; GPTBot/1.3; +https://openai.com/gptbot)"
74.7.227.17 - - [14/Mar/2026:04:34:17 +0000] "GET /whsy.php?e=backup_2024-01-20-1924_MACTBanking_fc6796aa8855-db.gz&p=%2Fhome%2Flab2454c%2Fmact34.com%2Fwp-content%2Fupdraft HTTP/1.1" 200 45056 "http://argowellgroup.com.lab2454.com/whsy.php?e=backup_2023-10-10-1922_MACTBanking_f93041ef0b9c-db.gz&p=%2Fhome%2Flab2454c%2Fmact34.com%2Fwp-content%2Fupdraft" "Mozilla/5.0 AppleWebKit/537.36 (KHTML, like Gecko; compatible; GPTBot/1.3; +https://openai.com/gptbot)"
74.7.227.17 - - [14/Mar/2026:04:34:24 +0000] "GET /whsy.php?e=backup_2022-08-20-1909_MACTBanking_c524e565afd0-db.gz&p=%2Fhome%2Flab2454c%2Fmact34.com%2Fwp-content%2Fupdraft HTTP/1.1" 200 45053 "http://argowellgroup.com.lab2454.com/whsy.php?e=backup_2023-10-10-1922_MACTBanking_f93041ef0b9c-db.gz&p=%2Fhome%2Flab2454c%2Fmact34.com%2Fwp-content%2Fupdraft" "Mozilla/5.0 AppleWebKit/537.36 (KHTML, like Gecko; compatible; GPTBot/1.3; +https://openai.com/gptbot)"
74.7.227.17 - - [14/Mar/2026:04:34:32 +0000] "GET /whsy.php?e=backup_2023-12-02-1906_MACTBanking_3217ac9286e8-db.gz&p=%2Fhome%2Flab2454c%2Fmact34.com%2Fwp-content%2Fupdraft HTTP/1.1" 200 45055 "http://argowellgroup.com.lab2454.com/whsy.php?e=backup_2023-10-10-1922_MACTBanking_f93041ef0b9c-db.gz&p=%2Fhome%2Flab2454c%2Fmact34.com%2Fwp-content%2Fupdraft" "Mozilla/5.0 AppleWebKit/537.36 (KHTML, like Gecko; compatible; GPTBot/1.3; +https://openai.com/gptbot)"
74.7.227.17 - - [14/Mar/2026:04:34:39 +0000] "GET /whsy.php?e=backup_2023-09-26-1911_MACTBanking_a2b379d8d2b3-db.gz&p=%2Fhome%2Flab2454c%2Fmact34.com%2Fwp-content%2Fupdraft HTTP/1.1" 200 45046 "http://argowellgroup.com.lab2454.com/whsy.php?e=backup_2023-10-10-1922_MACTBanking_f93041ef0b9c-db.gz&p=%2Fhome%2Flab2454c%2Fmact34.com%2Fwp-content%2Fupdraft" "Mozilla/5.0 AppleWebKit/537.36 (KHTML, like Gecko; compatible; GPTBot/1.3; +https://openai.com/gptbot)"
74.7.227.17 - - [14/Mar/2026:04:34:47 +0000] "GET /whsy.php?e=backup_2023-06-11-1850_MACTBanking_25489614feae-db.gz&p=%2Fhome%2Flab2454c%2Fmact34.com%2Fwp-content%2Fupdraft HTTP/1.1" 200 45054 "http://argowellgroup.com.lab2454.com/whsy.php?e=backup_2023-10-10-1922_MACTBanking_f93041ef0b9c-db.gz&p=%2Fhome%2Flab2454c%2Fmact34.com%2Fwp-content%2Fupdraft" "Mozilla/5.0 AppleWebKit/537.36 (KHTML, like Gecko; compatible; GPTBot/1.3; +https://openai.com/gptbot)"
74.7.227.143 - - [14/Mar/2026:04:34:51 +0000] "GET /whsy.php?p=%2Fhome%2Flab2454c%2Fdansact.com%2Fwp-content%2Fthemes%2Figpma%2Finc%2Fassets HTTP/1.1" 200 810 "http://www.argowellgroup.com.lab2454.com/whsy.php?p=%2Fhome%2Flab2454c%2Fdansact.com%2Fwp-content%2Fthemes%2Figpma%2Finc" "Mozilla/5.0 AppleWebKit/537.36 (KHTML, like Gecko; compatible; GPTBot/1.3; +https://openai.com/gptbot)"
74.7.227.17 - - [14/Mar/2026:04:34:54 +0000] "GET /whsy.php?e=backup_2022-10-13-1851_MACTBanking_46f9f0b958c0-db.gz&p=%2Fhome%2Flab2454c%2Fmact34.com%2Fwp-content%2Fupdraft HTTP/1.1" 200 45058 "http://argowellgroup.com.lab2454.com/whsy.php?e=backup_2023-10-10-1922_MACTBanking_f93041ef0b9c-db.gz&p=%2Fhome%2Flab2454c%2Fmact34.com%2Fwp-content%2Fupdraft" "Mozilla/5.0 AppleWebKit/537.36 (KHTML, like Gecko; compatible; GPTBot/1.3; +https://openai.com/gptbot)"
74.7.227.17 - - [14/Mar/2026:04:35:02 +0000] "GET /whsy.php?e=backup_2022-06-30-2140_MACTBanking_13e4d2643cb9-db.gz&p=%2Fhome%2Flab2454c%2Fmact34.com%2Fwp-content%2Fupdraft HTTP/1.1" 200 45053 "http://argowellgroup.com.lab2454.com/whsy.php?e=backup_2023-10-10-1922_MACTBanking_f93041ef0b9c-db.gz&p=%2Fhome%2Flab2454c%2Fmact34.com%2Fwp-content%2Fupdraft" "Mozilla/5.0 AppleWebKit/537.36 (KHTML, like Gecko; compatible; GPTBot/1.3; +https://openai.com/gptbot)"
74.7.227.17 - - [14/Mar/2026:04:35:10 +0000] "GET /whsy.php?e=backup_2022-05-25-1928_MACTBanking_a1122574b1f2-db.gz&p=%2Fhome%2Flab2454c%2Fmact34.com%2Fwp-content%2Fupdraft HTTP/1.1" 200 45054 "http://argowellgroup.com.lab2454.com/whsy.php?e=backup_2023-10-10-1922_MACTBanking_f93041ef0b9c-db.gz&p=%2Fhome%2Flab2454c%2Fmact34.com%2Fwp-content%2Fupdraft" "Mozilla/5.0 AppleWebKit/537.36 (KHTML, like Gecko; compatible; GPTBot/1.3; +https://openai.com/gptbot)"
74.7.227.17 - - [14/Mar/2026:04:35:19 +0000] "GET /whsy.php?e=backup_2022-08-15-1930_MACTBanking_b7d21359f67b-db.gz&p=%2Fhome%2Flab2454c%2Fmact34.com%2Fwp-content%2Fupdraft HTTP/1.1" 200 45055 "http://argowellgroup.com.lab2454.com/whsy.php?e=backup_2023-10-10-1922_MACTBanking_f93041ef0b9c-db.gz&p=%2Fhome%2Flab2454c%2Fmact34.com%2Fwp-content%2Fupdraft" "Mozilla/5.0 AppleWebKit/537.36 (KHTML, like Gecko; compatible; GPTBot/1.3; +https://openai.com/gptbot)"
74.7.227.17 - - [14/Mar/2026:04:35:27 +0000] "GET /whsy.php?e=backup_2024-01-05-2147_MACTBanking_79f9453e861e-db.gz&p=%2Fhome%2Flab2454c%2Fmact34.com%2Fwp-content%2Fupdraft HTTP/1.1" 200 45054 "http://argowellgroup.com.lab2454.com/whsy.php?e=backup_2023-10-10-1922_MACTBanking_f93041ef0b9c-db.gz&p=%2Fhome%2Flab2454c%2Fmact34.com%2Fwp-content%2Fupdraft" "Mozilla/5.0 AppleWebKit/537.36 (KHTML, like Gecko; compatible; GPTBot/1.3; +https://openai.com/gptbot)"
74.7.227.17 - - [14/Mar/2026:04:35:34 +0000] "GET /whsy.php?e=backup_2022-03-10-0030_MACTBanking_1f8fd7c22de7-db.gz&p=%2Fhome%2Flab2454c%2Fmact34.com%2Fwp-content%2Fupdraft HTTP/1.1" 200 45053 "http://argowellgroup.com.lab2454.com/whsy.php?e=backup_2023-10-10-1922_MACTBanking_f93041ef0b9c-db.gz&p=%2Fhome%2Flab2454c%2Fmact34.com%2Fwp-content%2Fupdraft" "Mozilla/5.0 AppleWebKit/537.36 (KHTML, like Gecko; compatible; GPTBot/1.3; +https://openai.com/gptbot)"
74.7.227.17 - - [14/Mar/2026:04:35:42 +0000] "GET /whsy.php?e=backup_2022-03-11-2030_MACTBanking_9a6ee857760d-db.gz&p=%2Fhome%2Flab2454c%2Fmact34.com%2Fwp-content%2Fupdraft HTTP/1.1" 200 45054 "http://argowellgroup.com.lab2454.com/whsy.php?e=backup_2023-10-10-1922_MACTBanking_f93041ef0b9c-db.gz&p=%2Fhome%2Flab2454c%2Fmact34.com%2Fwp-content%2Fupdraft" "Mozilla/5.0 AppleWebKit/537.36 (KHTML, like Gecko; compatible; GPTBot/1.3; +https://openai.com/gptbot)"
74.7.227.17 - - [14/Mar/2026:04:35:49 +0000] "GET /whsy.php?e=backup_2023-07-07-1849_MACTBanking_38e58e0f6263-db.gz&p=%2Fhome%2Flab2454c%2Fmact34.com%2Fwp-content%2Fupdraft HTTP/1.1" 200 45051 "http://argowellgroup.com.lab2454.com/whsy.php?e=backup_2023-10-10-1922_MACTBanking_f93041ef0b9c-db.gz&p=%2Fhome%2Flab2454c%2Fmact34.com%2Fwp-content%2Fupdraft" "Mozilla/5.0 AppleWebKit/537.36 (KHTML, like Gecko; compatible; GPTBot/1.3; +https://openai.com/gptbot)"
74.7.227.17 - - [14/Mar/2026:04:35:57 +0000] "GET /whsy.php?e=backup_2022-03-04-1928_MACTBanking_9f7c6ce5ce73-db.gz&p=%2Fhome%2Flab2454c%2Fmact34.com%2Fwp-content%2Fupdraft HTTP/1.1" 200 45054 "http://argowellgroup.com.lab2454.com/whsy.php?e=backup_2023-10-10-1922_MACTBanking_f93041ef0b9c-db.gz&p=%2Fhome%2Flab2454c%2Fmact34.com%2Fwp-content%2Fupdraft" "Mozilla/5.0 AppleWebKit/537.36 (KHTML, like Gecko; compatible; GPTBot/1.3; +https://openai.com/gptbot)"
74.7.227.17 - - [14/Mar/2026:04:36:05 +0000] "GET /whsy.php?e=backup_2024-04-13-1847_MACTBanking_47179b4fa032-db.gz&p=%2Fhome%2Flab2454c%2Fmact34.com%2Fwp-content%2Fupdraft HTTP/1.1" 200 45054 "http://argowellgroup.com.lab2454.com/whsy.php?e=backup_2023-10-10-1922_MACTBanking_f93041ef0b9c-db.gz&p=%2Fhome%2Flab2454c%2Fmact34.com%2Fwp-content%2Fupdraft" "Mozilla/5.0 AppleWebKit/537.36 (KHTML, like Gecko; compatible; GPTBot/1.3; +https://openai.com/gptbot)"
74.7.227.17 - - [14/Mar/2026:04:36:16 +0000] "GET /whsy.php?e=backup_2024-03-08-2208_MACTBanking_5e1c3074640b-db.gz&p=%2Fhome%2Flab2454c%2Fmact34.com%2Fwp-content%2Fupdraft HTTP/1.1" 200 45057 "http://argowellgroup.com.lab2454.com/whsy.php?e=backup_2023-10-10-1922_MACTBanking_f93041ef0b9c-db.gz&p=%2Fhome%2Flab2454c%2Fmact34.com%2Fwp-content%2Fupdraft" "Mozilla/5.0 AppleWebKit/537.36 (KHTML, like Gecko; compatible; GPTBot/1.3; +https://openai.com/gptbot)"
74.7.227.143 - - [14/Mar/2026:04:36:20 +0000] "GET /whsy.php?p=%2Fhome%2Flab2454c%2Fdansact.com%2Fwp-content%2Fthemes%2Figpma%2Finc%2Fassets%2Fcss HTTP/1.1" 200 927 "http://www.argowellgroup.com.lab2454.com/whsy.php?p=%2Fhome%2Flab2454c%2Fdansact.com%2Fwp-content%2Fthemes%2Figpma%2Finc%2Fassets" "Mozilla/5.0 AppleWebKit/537.36 (KHTML, like Gecko; compatible; GPTBot/1.3; +https://openai.com/gptbot)"
74.7.227.17 - - [14/Mar/2026:04:36:25 +0000] "GET /whsy.php?e=backup_2022-12-16-1849_MACTBanking_5fdd81911919-db.gz&p=%2Fhome%2Flab2454c%2Fmact34.com%2Fwp-content%2Fupdraft HTTP/1.1" 200 45052 "http://argowellgroup.com.lab2454.com/whsy.php?e=backup_2023-10-10-1922_MACTBanking_f93041ef0b9c-db.gz&p=%2Fhome%2Flab2454c%2Fmact34.com%2Fwp-content%2Fupdraft" "Mozilla/5.0 AppleWebKit/537.36 (KHTML, like Gecko; compatible; GPTBot/1.3; +https://openai.com/gptbot)"
74.7.227.143 - - [14/Mar/2026:04:36:29 +0000] "GET /whsy.php?p=%2Fhome%2Flab2454c%2Fdansact.com%2Fwp-content%2Fthemes%2Figpma%2Finc%2Fassets%2Fjs HTTP/1.1" 200 825 "http://www.argowellgroup.com.lab2454.com/whsy.php?p=%2Fhome%2Flab2454c%2Fdansact.com%2Fwp-content%2Fthemes%2Figpma%2Finc%2Fassets" "Mozilla/5.0 AppleWebKit/537.36 (KHTML, like Gecko; compatible; GPTBot/1.3; +https://openai.com/gptbot)"
74.7.227.17 - - [14/Mar/2026:04:36:33 +0000] "GET /whsy.php?e=backup_2023-01-07-1849_MACTBanking_fa7d6a843856-db.gz&p=%2Fhome%2Flab2454c%2Fmact34.com%2Fwp-content%2Fupdraft HTTP/1.1" 200 45054 "http://argowellgroup.com.lab2454.com/whsy.php?e=backup_2023-10-10-1922_MACTBanking_f93041ef0b9c-db.gz&p=%2Fhome%2Flab2454c%2Fmact34.com%2Fwp-content%2Fupdraft" "Mozilla/5.0 AppleWebKit/537.36 (KHTML, like Gecko; compatible; GPTBot/1.3; +https://openai.com/gptbot)"
74.7.227.17 - - [14/Mar/2026:04:36:41 +0000] "GET /whsy.php?e=backup_2023-04-18-1849_MACTBanking_abf5498e7504-db.gz&p=%2Fhome%2Flab2454c%2Fmact34.com%2Fwp-content%2Fupdraft HTTP/1.1" 200 45055 "http://argowellgroup.com.lab2454.com/whsy.php?e=backup_2023-10-10-1922_MACTBanking_f93041ef0b9c-db.gz&p=%2Fhome%2Flab2454c%2Fmact34.com%2Fwp-content%2Fupdraft" "Mozilla/5.0 AppleWebKit/537.36 (KHTML, like Gecko; compatible; GPTBot/1.3; +https://openai.com/gptbot)"
74.7.227.17 - - [14/Mar/2026:04:36:48 +0000] "GET /whsy.php?e=backup_2024-01-07-2200_MACTBanking_098a2165d91d-db.gz&p=%2Fhome%2Flab2454c%2Fmact34.com%2Fwp-content%2Fupdraft HTTP/1.1" 200 45057 "http://argowellgroup.com.lab2454.com/whsy.php?e=backup_2023-10-10-1922_MACTBanking_f93041ef0b9c-db.gz&p=%2Fhome%2Flab2454c%2Fmact34.com%2Fwp-content%2Fupdraft" "Mozilla/5.0 AppleWebKit/537.36 (KHTML, like Gecko; compatible; GPTBot/1.3; +https://openai.com/gptbot)"
74.7.227.17 - - [14/Mar/2026:04:36:57 +0000] "GET /whsy.php?e=backup_2022-09-25-1850_MACTBanking_96b1927a9dcb-db.gz&p=%2Fhome%2Flab2454c%2Fmact34.com%2Fwp-content%2Fupdraft HTTP/1.1" 200 45051 "http://argowellgroup.com.lab2454.com/whsy.php?e=backup_2023-10-10-1922_MACTBanking_f93041ef0b9c-db.gz&p=%2Fhome%2Flab2454c%2Fmact34.com%2Fwp-content%2Fupdraft" "Mozilla/5.0 AppleWebKit/537.36 (KHTML, like Gecko; compatible; GPTBot/1.3; +https://openai.com/gptbot)"
74.7.227.17 - - [14/Mar/2026:04:37:07 +0000] "GET /whsy.php?e=backup_2022-04-11-2122_MACTBanking_824cd8f8367d-db.gz&p=%2Fhome%2Flab2454c%2Fmact34.com%2Fwp-content%2Fupdraft HTTP/1.1" 200 45055 "http://argowellgroup.com.lab2454.com/whsy.php?e=backup_2023-10-10-1922_MACTBanking_f93041ef0b9c-db.gz&p=%2Fhome%2Flab2454c%2Fmact34.com%2Fwp-content%2Fupdraft" "Mozilla/5.0 AppleWebKit/537.36 (KHTML, like Gecko; compatible; GPTBot/1.3; +https://openai.com/gptbot)"
74.7.227.17 - - [14/Mar/2026:04:37:17 +0000] "GET /whsy.php?e=backup_2024-04-01-2007_MACTBanking_42b8f3c36533-db.gz&p=%2Fhome%2Flab2454c%2Fmact34.com%2Fwp-content%2Fupdraft HTTP/1.1" 200 45053 "http://argowellgroup.com.lab2454.com/whsy.php?e=backup_2023-10-10-1922_MACTBanking_f93041ef0b9c-db.gz&p=%2Fhome%2Flab2454c%2Fmact34.com%2Fwp-content%2Fupdraft" "Mozilla/5.0 AppleWebKit/537.36 (KHTML, like Gecko; compatible; GPTBot/1.3; +https://openai.com/gptbot)"
74.7.227.17 - - [14/Mar/2026:04:37:25 +0000] "GET /whsy.php?e=backup_2022-11-21-1849_MACTBanking_3c51c16cf1fe-db.gz&p=%2Fhome%2Flab2454c%2Fmact34.com%2Fwp-content%2Fupdraft HTTP/1.1" 200 45055 "http://argowellgroup.com.lab2454.com/whsy.php?e=backup_2023-10-10-1922_MACTBanking_f93041ef0b9c-db.gz&p=%2Fhome%2Flab2454c%2Fmact34.com%2Fwp-content%2Fupdraft" "Mozilla/5.0 AppleWebKit/537.36 (KHTML, like Gecko; compatible; GPTBot/1.3; +https://openai.com/gptbot)"
74.7.227.17 - - [14/Mar/2026:04:37:32 +0000] "GET /whsy.php?e=backup_2022-08-19-1857_MACTBanking_15d464e3f357-db.gz&p=%2Fhome%2Flab2454c%2Fmact34.com%2Fwp-content%2Fupdraft HTTP/1.1" 200 45056 "http://argowellgroup.com.lab2454.com/whsy.php?e=backup_2023-10-10-1922_MACTBanking_f93041ef0b9c-db.gz&p=%2Fhome%2Flab2454c%2Fmact34.com%2Fwp-content%2Fupdraft" "Mozilla/5.0 AppleWebKit/537.36 (KHTML, like Gecko; compatible; GPTBot/1.3; +https://openai.com/gptbot)"
74.7.227.17 - - [14/Mar/2026:04:37:40 +0000] "GET /whsy.php?e=backup_2022-09-30-1850_MACTBanking_ddf8ac47a319-db.gz&p=%2Fhome%2Flab2454c%2Fmact34.com%2Fwp-content%2Fupdraft HTTP/1.1" 200 45051 "http://argowellgroup.com.lab2454.com/whsy.php?e=backup_2023-10-10-1922_MACTBanking_f93041ef0b9c-db.gz&p=%2Fhome%2Flab2454c%2Fmact34.com%2Fwp-content%2Fupdraft" "Mozilla/5.0 AppleWebKit/537.36 (KHTML, like Gecko; compatible; GPTBot/1.3; +https://openai.com/gptbot)"
74.7.227.17 - - [14/Mar/2026:04:37:48 +0000] "GET /whsy.php?e=backup_2022-02-10-1924_MACTBanking_149d1b6409dc-db.gz&p=%2Fhome%2Flab2454c%2Fmact34.com%2Fwp-content%2Fupdraft HTTP/1.1" 200 45052 "http://argowellgroup.com.lab2454.com/whsy.php?e=backup_2023-10-10-1922_MACTBanking_f93041ef0b9c-db.gz&p=%2Fhome%2Flab2454c%2Fmact34.com%2Fwp-content%2Fupdraft" "Mozilla/5.0 AppleWebKit/537.36 (KHTML, like Gecko; compatible; GPTBot/1.3; +https://openai.com/gptbot)"
74.7.227.143 - - [14/Mar/2026:04:37:51 +0000] "GET /whsy.php?p=%2Fhome%2Flab2454c%2Fdansact.com%2Fwp-content%2Fthemes%2Figpma%2Finc%2Fassets%2Fcss%2F.. HTTP/1.1" 200 810 "http://www.argowellgroup.com.lab2454.com/whsy.php?p=%2Fhome%2Flab2454c%2Fdansact.com%2Fwp-content%2Fthemes%2Figpma%2Finc%2Fassets%2Fcss" "Mozilla/5.0 AppleWebKit/537.36 (KHTML, like Gecko; compatible; GPTBot/1.3; +https://openai.com/gptbot)"
74.7.227.17 - - [14/Mar/2026:04:37:56 +0000] "GET /whsy.php?e=backup_2024-02-06-0144_MACTBanking_592d9d3415ae-db.gz&p=%2Fhome%2Flab2454c%2Fmact34.com%2Fwp-content%2Fupdraft HTTP/1.1" 200 45054 "http://argowellgroup.com.lab2454.com/whsy.php?e=backup_2023-10-10-1922_MACTBanking_f93041ef0b9c-db.gz&p=%2Fhome%2Flab2454c%2Fmact34.com%2Fwp-content%2Fupdraft" "Mozilla/5.0 AppleWebKit/537.36 (KHTML, like Gecko; compatible; GPTBot/1.3; +https://openai.com/gptbot)"
74.7.227.143 - - [14/Mar/2026:04:37:58 +0000] "GET /whsy.php?p=%2Fhome%2Flab2454c%2Fdansact.com%2Fwp-content%2Fthemes%2Figpma%2Finc%2Fassets%2Fjs%2F.. HTTP/1.1" 200 810 "http://www.argowellgroup.com.lab2454.com/whsy.php?p=%2Fhome%2Flab2454c%2Fdansact.com%2Fwp-content%2Fthemes%2Figpma%2Finc%2Fassets%2Fjs" "Mozilla/5.0 AppleWebKit/537.36 (KHTML, like Gecko; compatible; GPTBot/1.3; +https://openai.com/gptbot)"
74.7.227.17 - - [14/Mar/2026:04:38:03 +0000] "GET /whsy.php?e=backup_2023-01-27-1849_MACTBanking_b27a51677dff-db.gz&p=%2Fhome%2Flab2454c%2Fmact34.com%2Fwp-content%2Fupdraft HTTP/1.1" 200 45052 "http://argowellgroup.com.lab2454.com/whsy.php?e=backup_2023-10-10-1922_MACTBanking_f93041ef0b9c-db.gz&p=%2Fhome%2Flab2454c%2Fmact34.com%2Fwp-content%2Fupdraft" "Mozilla/5.0 AppleWebKit/537.36 (KHTML, like Gecko; compatible; GPTBot/1.3; +https://openai.com/gptbot)"
74.7.227.17 - - [14/Mar/2026:04:38:11 +0000] "GET /whsy.php?e=backup_2024-01-28-1914_MACTBanking_3f6a58833293-db.gz&p=%2Fhome%2Flab2454c%2Fmact34.com%2Fwp-content%2Fupdraft HTTP/1.1" 200 45054 "http://argowellgroup.com.lab2454.com/whsy.php?e=backup_2023-10-10-1922_MACTBanking_f93041ef0b9c-db.gz&p=%2Fhome%2Flab2454c%2Fmact34.com%2Fwp-content%2Fupdraft" "Mozilla/5.0 AppleWebKit/537.36 (KHTML, like Gecko; compatible; GPTBot/1.3; +https://openai.com/gptbot)"
74.7.227.17 - - [14/Mar/2026:04:38:18 +0000] "GET /whsy.php?e=backup_2023-02-01-1849_MACTBanking_aff716405c36-db.gz&p=%2Fhome%2Flab2454c%2Fmact34.com%2Fwp-content%2Fupdraft HTTP/1.1" 200 45054 "http://argowellgroup.com.lab2454.com/whsy.php?e=backup_2023-10-10-1922_MACTBanking_f93041ef0b9c-db.gz&p=%2Fhome%2Flab2454c%2Fmact34.com%2Fwp-content%2Fupdraft" "Mozilla/5.0 AppleWebKit/537.36 (KHTML, like Gecko; compatible; GPTBot/1.3; +https://openai.com/gptbot)"
74.7.227.17 - - [14/Mar/2026:04:38:26 +0000] "GET /whsy.php?e=backup_2022-05-14-1939_MACTBanking_4943103d409a-db.gz&p=%2Fhome%2Flab2454c%2Fmact34.com%2Fwp-content%2Fupdraft HTTP/1.1" 200 45053 "http://argowellgroup.com.lab2454.com/whsy.php?e=backup_2023-10-10-1922_MACTBanking_f93041ef0b9c-db.gz&p=%2Fhome%2Flab2454c%2Fmact34.com%2Fwp-content%2Fupdraft" "Mozilla/5.0 AppleWebKit/537.36 (KHTML, like Gecko; compatible; GPTBot/1.3; +https://openai.com/gptbot)"
74.7.244.41 - - [14/Mar/2026:04:38:27 +0000] "GET /robots.txt HTTP/1.1" 404 - "-" "Mozilla/5.0 (Macintosh; Intel Mac OS X 10_15_7) AppleWebKit/537.36 (KHTML, like Gecko) Chrome/131.0.0.0 Safari/537.36; compatible; OAI-SearchBot/1.3; robots.txt; +https://openai.com/searchbot"
74.7.227.17 - - [14/Mar/2026:04:38:35 +0000] "GET /whsy.php?e=backup_2022-06-13-1859_MACTBanking_e6a4dd5ff383-db.gz&p=%2Fhome%2Flab2454c%2Fmact34.com%2Fwp-content%2Fupdraft HTTP/1.1" 200 45056 "http://argowellgroup.com.lab2454.com/whsy.php?e=backup_2023-10-10-1922_MACTBanking_f93041ef0b9c-db.gz&p=%2Fhome%2Flab2454c%2Fmact34.com%2Fwp-content%2Fupdraft" "Mozilla/5.0 AppleWebKit/537.36 (KHTML, like Gecko; compatible; GPTBot/1.3; +https://openai.com/gptbot)"
74.7.227.17 - - [14/Mar/2026:04:38:44 +0000] "GET /whsy.php?e=backup_2023-09-20-1954_MACTBanking_4683e228fdb7-db.gz&p=%2Fhome%2Flab2454c%2Fmact34.com%2Fwp-content%2Fupdraft HTTP/1.1" 200 45055 "http://argowellgroup.com.lab2454.com/whsy.php?e=backup_2023-10-10-1922_MACTBanking_f93041ef0b9c-db.gz&p=%2Fhome%2Flab2454c%2Fmact34.com%2Fwp-content%2Fupdraft" "Mozilla/5.0 AppleWebKit/537.36 (KHTML, like Gecko; compatible; GPTBot/1.3; +https://openai.com/gptbot)"
74.7.227.17 - - [14/Mar/2026:04:38:51 +0000] "GET /whsy.php?e=backup_2024-01-26-0304_MACTBanking_c67471653d7b-db.gz&p=%2Fhome%2Flab2454c%2Fmact34.com%2Fwp-content%2Fupdraft HTTP/1.1" 200 45055 "http://argowellgroup.com.lab2454.com/whsy.php?e=backup_2023-10-10-1922_MACTBanking_f93041ef0b9c-db.gz&p=%2Fhome%2Flab2454c%2Fmact34.com%2Fwp-content%2Fupdraft" "Mozilla/5.0 AppleWebKit/537.36 (KHTML, like Gecko; compatible; GPTBot/1.3; +https://openai.com/gptbot)"
74.7.227.17 - - [14/Mar/2026:04:38:59 +0000] "GET /whsy.php?e=backup_2022-08-21-1917_MACTBanking_c262c1b4a57c-db.gz&p=%2Fhome%2Flab2454c%2Fmact34.com%2Fwp-content%2Fupdraft HTTP/1.1" 200 45051 "http://argowellgroup.com.lab2454.com/whsy.php?e=backup_2023-10-10-1922_MACTBanking_f93041ef0b9c-db.gz&p=%2Fhome%2Flab2454c%2Fmact34.com%2Fwp-content%2Fupdraft" "Mozilla/5.0 AppleWebKit/537.36 (KHTML, like Gecko; compatible; GPTBot/1.3; +https://openai.com/gptbot)"
74.7.227.17 - - [14/Mar/2026:04:39:07 +0000] "GET /whsy.php?e=backup_2024-02-11-2106_MACTBanking_b85dd45f73cb-db.gz&p=%2Fhome%2Flab2454c%2Fmact34.com%2Fwp-content%2Fupdraft HTTP/1.1" 200 45059 "http://argowellgroup.com.lab2454.com/whsy.php?e=backup_2023-10-10-1922_MACTBanking_f93041ef0b9c-db.gz&p=%2Fhome%2Flab2454c%2Fmact34.com%2Fwp-content%2Fupdraft" "Mozilla/5.0 AppleWebKit/537.36 (KHTML, like Gecko; compatible; GPTBot/1.3; +https://openai.com/gptbot)"
74.7.227.17 - - [14/Mar/2026:04:39:14 +0000] "GET /whsy.php?e=backup_2022-10-23-1850_MACTBanking_15be40af501e-db.gz&p=%2Fhome%2Flab2454c%2Fmact34.com%2Fwp-content%2Fupdraft HTTP/1.1" 200 45052 "http://argowellgroup.com.lab2454.com/whsy.php?e=backup_2023-10-10-1922_MACTBanking_f93041ef0b9c-db.gz&p=%2Fhome%2Flab2454c%2Fmact34.com%2Fwp-content%2Fupdraft" "Mozilla/5.0 AppleWebKit/537.36 (KHTML, like Gecko; compatible; GPTBot/1.3; +https://openai.com/gptbot)"
74.7.227.17 - - [14/Mar/2026:04:39:21 +0000] "GET /whsy.php?e=backup_2022-07-06-1958_MACTBanking_6949affc9d0b-db.gz&p=%2Fhome%2Flab2454c%2Fmact34.com%2Fwp-content%2Fupdraft HTTP/1.1" 200 45054 "http://argowellgroup.com.lab2454.com/whsy.php?e=backup_2023-10-10-1922_MACTBanking_f93041ef0b9c-db.gz&p=%2Fhome%2Flab2454c%2Fmact34.com%2Fwp-content%2Fupdraft" "Mozilla/5.0 AppleWebKit/537.36 (KHTML, like Gecko; compatible; GPTBot/1.3; +https://openai.com/gptbot)"
74.7.227.17 - - [14/Mar/2026:04:39:29 +0000] "GET /whsy.php?e=backup_2022-02-11-1932_MACTBanking_791229dd983e-db.gz&p=%2Fhome%2Flab2454c%2Fmact34.com%2Fwp-content%2Fupdraft HTTP/1.1" 200 45042 "http://argowellgroup.com.lab2454.com/whsy.php?e=backup_2023-10-10-1922_MACTBanking_f93041ef0b9c-db.gz&p=%2Fhome%2Flab2454c%2Fmact34.com%2Fwp-content%2Fupdraft" "Mozilla/5.0 AppleWebKit/537.36 (KHTML, like Gecko; compatible; GPTBot/1.3; +https://openai.com/gptbot)"
74.7.227.17 - - [14/Mar/2026:04:39:36 +0000] "GET /whsy.php?e=backup_2022-03-08-2305_MACTBanking_63a26dc889b1-db.gz&p=%2Fhome%2Flab2454c%2Fmact34.com%2Fwp-content%2Fupdraft HTTP/1.1" 200 45053 "http://argowellgroup.com.lab2454.com/whsy.php?e=backup_2023-10-10-1922_MACTBanking_f93041ef0b9c-db.gz&p=%2Fhome%2Flab2454c%2Fmact34.com%2Fwp-content%2Fupdraft" "Mozilla/5.0 AppleWebKit/537.36 (KHTML, like Gecko; compatible; GPTBot/1.3; +https://openai.com/gptbot)"
74.7.227.17 - - [14/Mar/2026:04:39:45 +0000] "GET /whsy.php?e=backup_2022-05-07-2006_MACTBanking_eaa3f53a2752-db.gz&p=%2Fhome%2Flab2454c%2Fmact34.com%2Fwp-content%2Fupdraft HTTP/1.1" 200 45055 "http://argowellgroup.com.lab2454.com/whsy.php?e=backup_2023-10-10-1922_MACTBanking_f93041ef0b9c-db.gz&p=%2Fhome%2Flab2454c%2Fmact34.com%2Fwp-content%2Fupdraft" "Mozilla/5.0 AppleWebKit/537.36 (KHTML, like Gecko; compatible; GPTBot/1.3; +https://openai.com/gptbot)"
74.7.227.17 - - [14/Mar/2026:04:39:54 +0000] "GET /whsy.php?e=backup_2023-10-22-1847_MACTBanking_855b974ce814-db.gz&p=%2Fhome%2Flab2454c%2Fmact34.com%2Fwp-content%2Fupdraft HTTP/1.1" 200 45057 "http://argowellgroup.com.lab2454.com/whsy.php?e=backup_2023-10-10-1922_MACTBanking_f93041ef0b9c-db.gz&p=%2Fhome%2Flab2454c%2Fmact34.com%2Fwp-content%2Fupdraft" "Mozilla/5.0 AppleWebKit/537.36 (KHTML, like Gecko; compatible; GPTBot/1.3; +https://openai.com/gptbot)"
74.7.227.17 - - [14/Mar/2026:04:40:02 +0000] "GET /whsy.php?e=backup_2023-02-04-1849_MACTBanking_4ef28eb54520-db.gz&p=%2Fhome%2Flab2454c%2Fmact34.com%2Fwp-content%2Fupdraft HTTP/1.1" 200 45051 "http://argowellgroup.com.lab2454.com/whsy.php?e=backup_2023-10-10-1922_MACTBanking_f93041ef0b9c-db.gz&p=%2Fhome%2Flab2454c%2Fmact34.com%2Fwp-content%2Fupdraft" "Mozilla/5.0 AppleWebKit/537.36 (KHTML, like Gecko; compatible; GPTBot/1.3; +https://openai.com/gptbot)"
74.7.227.17 - - [14/Mar/2026:04:40:10 +0000] "GET /whsy.php?e=backup_2023-02-09-1849_MACTBanking_3cb06dbc256d-db.gz&p=%2Fhome%2Flab2454c%2Fmact34.com%2Fwp-content%2Fupdraft HTTP/1.1" 200 45053 "http://argowellgroup.com.lab2454.com/whsy.php?e=backup_2023-10-10-1922_MACTBanking_f93041ef0b9c-db.gz&p=%2Fhome%2Flab2454c%2Fmact34.com%2Fwp-content%2Fupdraft" "Mozilla/5.0 AppleWebKit/537.36 (KHTML, like Gecko; compatible; GPTBot/1.3; +https://openai.com/gptbot)"
74.7.227.17 - - [14/Mar/2026:04:40:17 +0000] "GET /whsy.php?e=backup_2023-08-22-1849_MACTBanking_b66ee233a911-db.gz&p=%2Fhome%2Flab2454c%2Fmact34.com%2Fwp-content%2Fupdraft HTTP/1.1" 200 45053 "http://argowellgroup.com.lab2454.com/whsy.php?e=backup_2023-10-10-1922_MACTBanking_f93041ef0b9c-db.gz&p=%2Fhome%2Flab2454c%2Fmact34.com%2Fwp-content%2Fupdraft" "Mozilla/5.0 AppleWebKit/537.36 (KHTML, like Gecko; compatible; GPTBot/1.3; +https://openai.com/gptbot)"
