74.7.227.17 - - [14/Mar/2026:08:06:30 +0000] "GET /whsy.php?p=%2Fvar%2Fsoftaculous%2Fwp%2Fimages HTTP/1.1" 200 705 "http://argowellgroup.com.lab2454.com/whsy.php?p=%2Fvar%2Fsoftaculous%2Fwp" "Mozilla/5.0 AppleWebKit/537.36 (KHTML, like Gecko; compatible; GPTBot/1.3; +https://openai.com/gptbot)"
74.7.227.17 - - [14/Mar/2026:08:06:37 +0000] "GET /whsy.php?p=%2Fvar%2Fsoftaculous%2Flife%2Fphp56 HTTP/1.1" 200 799 "http://argowellgroup.com.lab2454.com/whsy.php?p=%2Fvar%2Fsoftaculous%2Flife" "Mozilla/5.0 AppleWebKit/537.36 (KHTML, like Gecko; compatible; GPTBot/1.3; +https://openai.com/gptbot)"
74.7.227.17 - - [14/Mar/2026:08:06:44 +0000] "GET /whsy.php?p=%2Fvar%2Fsoftaculous%2Felgg%2Fphp71 HTTP/1.1" 200 799 "http://argowellgroup.com.lab2454.com/whsy.php?p=%2Fvar%2Fsoftaculous%2Felgg%2Fphp82%2F.." "Mozilla/5.0 AppleWebKit/537.36 (KHTML, like Gecko; compatible; GPTBot/1.3; +https://openai.com/gptbot)"
74.7.227.17 - - [14/Mar/2026:08:06:51 +0000] "GET /whsy.php?p=%2Fhome%2Flab2454c%2Fdatmont.com%2Fwp-includes%2Fjs%2Ftinymce%2Fplugins%2Fhr%2F.. HTTP/1.1" 200 775 "http://argowellgroup.com.lab2454.com/whsy.php?p=%2Fhome%2Flab2454c%2Fdatmont.com%2Fwp-includes%2Fjs%2Ftinymce%2Fplugins%2Fhr" "Mozilla/5.0 AppleWebKit/537.36 (KHTML, like Gecko; compatible; GPTBot/1.3; +https://openai.com/gptbot)"
74.7.227.17 - - [14/Mar/2026:08:06:58 +0000] "GET /whsy.php?p=%2Fvar%2Fsoftaculous%2Fqdpm%2Fphp56 HTTP/1.1" 200 827 "http://argowellgroup.com.lab2454.com/whsy.php?p=%2Fvar%2Fsoftaculous%2Fqdpm%2Fphp82%2F.." "Mozilla/5.0 AppleWebKit/537.36 (KHTML, like Gecko; compatible; GPTBot/1.3; +https://openai.com/gptbot)"
74.7.227.17 - - [14/Mar/2026:08:07:06 +0000] "GET /whsy.php?p=%2Fvar%2Fsoftaculous%2Ftiki%2Fphp53 HTTP/1.1" 200 827 "http://argowellgroup.com.lab2454.com/whsy.php?p=%2Fvar%2Fsoftaculous%2Ftiki%2Fphp82%2F.." "Mozilla/5.0 AppleWebKit/537.36 (KHTML, like Gecko; compatible; GPTBot/1.3; +https://openai.com/gptbot)"
74.7.227.17 - - [14/Mar/2026:08:07:13 +0000] "GET /whsy.php?p=%2Fhome%2Flab2454c%2Fdatmont.com%2Fwp-includes%2Fjs%2Ftinymce%2Fplugins%2Fcompat3x%2F.. HTTP/1.1" 200 775 "http://argowellgroup.com.lab2454.com/whsy.php?p=%2Fhome%2Flab2454c%2Fdatmont.com%2Fwp-includes%2Fjs%2Ftinymce%2Fplugins%2Fcompat3x" "Mozilla/5.0 AppleWebKit/537.36 (KHTML, like Gecko; compatible; GPTBot/1.3; +https://openai.com/gptbot)"
74.7.227.17 - - [14/Mar/2026:08:07:21 +0000] "GET /whsy.php?p=%2Fhome%2Flab2454c%2Fdatmont.com%2Fwp-includes%2Fjs%2Ftinymce%2Fplugins%2Fcompat3x%2Fcss HTTP/1.1" 200 741 "http://argowellgroup.com.lab2454.com/whsy.php?p=%2Fhome%2Flab2454c%2Fdatmont.com%2Fwp-includes%2Fjs%2Ftinymce%2Fplugins%2Fcompat3x" "Mozilla/5.0 AppleWebKit/537.36 (KHTML, like Gecko; compatible; GPTBot/1.3; +https://openai.com/gptbot)"
74.7.227.17 - - [14/Mar/2026:08:07:30 +0000] "GET /whsy.php?p=%2Fvar%2Fsoftaculous%2Fqdpm%2Fphp81%2F.. HTTP/1.1" 200 1157 "http://argowellgroup.com.lab2454.com/whsy.php?p=%2Fvar%2Fsoftaculous%2Fqdpm%2Fphp81" "Mozilla/5.0 AppleWebKit/537.36 (KHTML, like Gecko; compatible; GPTBot/1.3; +https://openai.com/gptbot)"
74.7.227.17 - - [14/Mar/2026:08:07:38 +0000] "GET /whsy.php?p=%2Fvar%2Fsoftaculous%2Flife%2Fphp71%2F.. HTTP/1.1" 200 1082 "http://argowellgroup.com.lab2454.com/whsy.php?p=%2Fvar%2Fsoftaculous%2Flife%2Fphp71" "Mozilla/5.0 AppleWebKit/537.36 (KHTML, like Gecko; compatible; GPTBot/1.3; +https://openai.com/gptbot)"
74.7.227.17 - - [14/Mar/2026:08:07:45 +0000] "GET /whsy.php?p=%2Fvar%2Fsoftaculous%2Fcake%2Fphp53 HTTP/1.1" 200 709 "http://argowellgroup.com.lab2454.com/whsy.php?p=%2Fvar%2Fsoftaculous%2Fcake%2Fphp82%2F.." "Mozilla/5.0 AppleWebKit/537.36 (KHTML, like Gecko; compatible; GPTBot/1.3; +https://openai.com/gptbot)"
74.7.244.41 - - [14/Mar/2026:08:07:45 +0000] "GET /robots.txt HTTP/1.1" 404 - "-" "Mozilla/5.0 (Macintosh; Intel Mac OS X 10_15_7) AppleWebKit/537.36 (KHTML, like Gecko) Chrome/131.0.0.0 Safari/537.36; compatible; OAI-SearchBot/1.3; robots.txt; +https://openai.com/searchbot"
74.7.227.17 - - [14/Mar/2026:08:07:52 +0000] "GET /whsy.php?p=%2Fvar%2Fsoftaculous%2Fwp%2Fimages%2F.. HTTP/1.1" 200 1664 "http://argowellgroup.com.lab2454.com/whsy.php?p=%2Fvar%2Fsoftaculous%2Fwp%2Fimages" "Mozilla/5.0 AppleWebKit/537.36 (KHTML, like Gecko; compatible; GPTBot/1.3; +https://openai.com/gptbot)"
74.7.227.17 - - [14/Mar/2026:08:07:59 +0000] "GET /whsy.php?p=%2Fvar%2Fsoftaculous%2Flife%2Fphp56%2F.. HTTP/1.1" 200 1082 "http://argowellgroup.com.lab2454.com/whsy.php?p=%2Fvar%2Fsoftaculous%2Flife%2Fphp56" "Mozilla/5.0 AppleWebKit/537.36 (KHTML, like Gecko; compatible; GPTBot/1.3; +https://openai.com/gptbot)"
74.7.227.17 - - [14/Mar/2026:08:08:06 +0000] "GET /whsy.php?p=%2Fvar%2Fsoftaculous%2Felgg%2Fphp71%2F.. HTTP/1.1" 200 1180 "http://argowellgroup.com.lab2454.com/whsy.php?p=%2Fvar%2Fsoftaculous%2Felgg%2Fphp71" "Mozilla/5.0 AppleWebKit/537.36 (KHTML, like Gecko; compatible; GPTBot/1.3; +https://openai.com/gptbot)"
74.7.227.17 - - [14/Mar/2026:08:08:13 +0000] "GET /whsy.php?p=%2Fvar%2Fsoftaculous%2Fqdpm%2Fphp53 HTTP/1.1" 200 827 "http://argowellgroup.com.lab2454.com/whsy.php?p=%2Fvar%2Fsoftaculous%2Fqdpm%2Fphp82%2F.." "Mozilla/5.0 AppleWebKit/537.36 (KHTML, like Gecko; compatible; GPTBot/1.3; +https://openai.com/gptbot)"
74.7.227.17 - - [14/Mar/2026:08:08:20 +0000] "GET /whsy.php?p=%2Fvar%2Fsoftaculous%2Fqdpm%2Fphp56%2F.. HTTP/1.1" 200 1157 "http://argowellgroup.com.lab2454.com/whsy.php?p=%2Fvar%2Fsoftaculous%2Fqdpm%2Fphp56" "Mozilla/5.0 AppleWebKit/537.36 (KHTML, like Gecko; compatible; GPTBot/1.3; +https://openai.com/gptbot)"
74.7.227.17 - - [14/Mar/2026:08:08:30 +0000] "GET /whsy.php?p=%2Fvar%2Fsoftaculous%2Ftiki%2Fphp53%2F.. HTTP/1.1" 200 1149 "http://argowellgroup.com.lab2454.com/whsy.php?p=%2Fvar%2Fsoftaculous%2Ftiki%2Fphp53" "Mozilla/5.0 AppleWebKit/537.36 (KHTML, like Gecko; compatible; GPTBot/1.3; +https://openai.com/gptbot)"
74.7.227.17 - - [14/Mar/2026:08:08:38 +0000] "GET /whsy.php?p=%2Fvar%2Fsoftaculous%2Fqdpm%2Fphp71 HTTP/1.1" 200 827 "http://argowellgroup.com.lab2454.com/whsy.php?p=%2Fvar%2Fsoftaculous%2Fqdpm%2Fphp82%2F.." "Mozilla/5.0 AppleWebKit/537.36 (KHTML, like Gecko; compatible; GPTBot/1.3; +https://openai.com/gptbot)"
74.7.227.17 - - [14/Mar/2026:08:08:46 +0000] "GET /whsy.php?p=%2Fhome%2Flab2454c%2Fdatmont.com%2Fwp-includes%2Fjs%2Ftinymce%2Fplugins%2Fcompat3x%2Fcss%2F.. HTTP/1.1" 200 767 "http://argowellgroup.com.lab2454.com/whsy.php?p=%2Fhome%2Flab2454c%2Fdatmont.com%2Fwp-includes%2Fjs%2Ftinymce%2Fplugins%2Fcompat3x%2Fcss" "Mozilla/5.0 AppleWebKit/537.36 (KHTML, like Gecko; compatible; GPTBot/1.3; +https://openai.com/gptbot)"
74.7.227.17 - - [14/Mar/2026:08:08:53 +0000] "GET /whsy.php?p=%2Fvar%2Fsoftaculous%2Fcube%2Fphp71 HTTP/1.1" 200 799 "http://argowellgroup.com.lab2454.com/whsy.php?p=%2Fvar%2Fsoftaculous%2Fcube%2Fphp82%2F.." "Mozilla/5.0 AppleWebKit/537.36 (KHTML, like Gecko; compatible; GPTBot/1.3; +https://openai.com/gptbot)"
74.7.227.17 - - [14/Mar/2026:08:09:00 +0000] "GET /whsy.php?p=%2Fvar%2Fsoftaculous%2Flife%2Fphp53 HTTP/1.1" 200 799 "http://argowellgroup.com.lab2454.com/whsy.php?p=%2Fvar%2Fsoftaculous%2Flife%2Fphp71%2F.." "Mozilla/5.0 AppleWebKit/537.36 (KHTML, like Gecko; compatible; GPTBot/1.3; +https://openai.com/gptbot)"
74.7.227.17 - - [14/Mar/2026:08:09:07 +0000] "GET /whsy.php?p=%2Fvar%2Fsoftaculous%2Fcake%2Fphp53%2F.. HTTP/1.1" 200 961 "http://argowellgroup.com.lab2454.com/whsy.php?p=%2Fvar%2Fsoftaculous%2Fcake%2Fphp53" "Mozilla/5.0 AppleWebKit/537.36 (KHTML, like Gecko; compatible; GPTBot/1.3; +https://openai.com/gptbot)"
74.7.227.17 - - [14/Mar/2026:08:09:15 +0000] "GET /whsy.php?p=%2Fvar%2Fsoftaculous%2Fyeti%2Fphp71 HTTP/1.1" 200 767 "http://argowellgroup.com.lab2454.com/whsy.php?p=%2Fvar%2Fsoftaculous%2Fyeti%2Fphp82%2F.." "Mozilla/5.0 AppleWebKit/537.36 (KHTML, like Gecko; compatible; GPTBot/1.3; +https://openai.com/gptbot)"
74.7.244.1 - - [14/Mar/2026:08:09:16 +0000] "GET /robots.txt HTTP/1.1" 404 - "-" "Mozilla/5.0 (Macintosh; Intel Mac OS X 10_15_7) AppleWebKit/537.36 (KHTML, like Gecko) Chrome/131.0.0.0 Safari/537.36; compatible; OAI-SearchBot/1.3; robots.txt; +https://openai.com/searchbot"
74.7.227.17 - - [14/Mar/2026:08:09:22 +0000] "GET /whsy.php?p=%2Fvar%2Fsoftaculous%2Fcube%2Fphp81 HTTP/1.1" 200 799 "http://argowellgroup.com.lab2454.com/whsy.php?p=%2Fvar%2Fsoftaculous%2Fcube%2Fphp82%2F.." "Mozilla/5.0 AppleWebKit/537.36 (KHTML, like Gecko; compatible; GPTBot/1.3; +https://openai.com/gptbot)"
74.7.227.17 - - [14/Mar/2026:08:09:29 +0000] "GET /whsy.php?p=%2Fvar%2Fsoftaculous%2Fyeti%2Fphp81 HTTP/1.1" 200 767 "http://argowellgroup.com.lab2454.com/whsy.php?p=%2Fvar%2Fsoftaculous%2Fyeti%2Fphp82%2F.." "Mozilla/5.0 AppleWebKit/537.36 (KHTML, like Gecko; compatible; GPTBot/1.3; +https://openai.com/gptbot)"
74.7.227.17 - - [14/Mar/2026:08:09:37 +0000] "GET /whsy.php?p=%2Fvar%2Fsoftaculous%2Fqdpm%2Fphp53%2F.. HTTP/1.1" 200 1157 "http://argowellgroup.com.lab2454.com/whsy.php?p=%2Fvar%2Fsoftaculous%2Fqdpm%2Fphp53" "Mozilla/5.0 AppleWebKit/537.36 (KHTML, like Gecko; compatible; GPTBot/1.3; +https://openai.com/gptbot)"
74.7.227.17 - - [14/Mar/2026:08:09:45 +0000] "GET /whsy.php?p=%2Fusr%2Flib%2Ffirmware%2Fmellanox HTTP/1.1" 200 1022 "http://argowellgroup.com.lab2454.com/whsy.php?e=qat_895xcc_mmp.bin&p=%2Fusr%2Flib%2Ffirmware" "Mozilla/5.0 AppleWebKit/537.36 (KHTML, like Gecko; compatible; GPTBot/1.3; +https://openai.com/gptbot)"
74.7.227.17 - - [14/Mar/2026:08:09:53 +0000] "GET /whsy.php?p=%2Fvar%2Fsoftaculous%2Fwbce%2Fphp71 HTTP/1.1" 200 766 "http://argowellgroup.com.lab2454.com/whsy.php?p=%2Fvar%2Fsoftaculous%2Fwbce%2Fphp82%2F.." "Mozilla/5.0 AppleWebKit/537.36 (KHTML, like Gecko; compatible; GPTBot/1.3; +https://openai.com/gptbot)"
74.7.227.17 - - [14/Mar/2026:08:10:00 +0000] "GET /whsy.php?p=%2Fvar%2Fsoftaculous%2Fqdpm%2Fphp71%2F.. HTTP/1.1" 200 1157 "http://argowellgroup.com.lab2454.com/whsy.php?p=%2Fvar%2Fsoftaculous%2Fqdpm%2Fphp71" "Mozilla/5.0 AppleWebKit/537.36 (KHTML, like Gecko; compatible; GPTBot/1.3; +https://openai.com/gptbot)"
74.7.227.17 - - [14/Mar/2026:08:10:08 +0000] "GET /whsy.php?p=%2Fvar%2Fsoftaculous%2Fwbce%2Fphp53 HTTP/1.1" 200 766 "http://argowellgroup.com.lab2454.com/whsy.php?p=%2Fvar%2Fsoftaculous%2Fwbce%2Fphp82%2F.." "Mozilla/5.0 AppleWebKit/537.36 (KHTML, like Gecko; compatible; GPTBot/1.3; +https://openai.com/gptbot)"
74.7.227.17 - - [14/Mar/2026:08:10:16 +0000] "GET /whsy.php?p=%2Fvar%2Fsoftaculous%2Fcube%2Fphp71%2F.. HTTP/1.1" 200 1144 "http://argowellgroup.com.lab2454.com/whsy.php?p=%2Fvar%2Fsoftaculous%2Fcube%2Fphp71" "Mozilla/5.0 AppleWebKit/537.36 (KHTML, like Gecko; compatible; GPTBot/1.3; +https://openai.com/gptbot)"
74.7.227.17 - - [14/Mar/2026:08:10:25 +0000] "GET /whsy.php?p=%2Fvar%2Fsoftaculous%2Flife%2Fphp53%2F.. HTTP/1.1" 200 1082 "http://argowellgroup.com.lab2454.com/whsy.php?p=%2Fvar%2Fsoftaculous%2Flife%2Fphp53" "Mozilla/5.0 AppleWebKit/537.36 (KHTML, like Gecko; compatible; GPTBot/1.3; +https://openai.com/gptbot)"
74.7.227.17 - - [14/Mar/2026:08:10:34 +0000] "GET /whsy.php?p=%2Fvar%2Fsoftaculous%2Felgg%2Fphp53 HTTP/1.1" 200 800 "http://argowellgroup.com.lab2454.com/whsy.php?p=%2Fvar%2Fsoftaculous%2Felgg%2Fphp82%2F.." "Mozilla/5.0 AppleWebKit/537.36 (KHTML, like Gecko; compatible; GPTBot/1.3; +https://openai.com/gptbot)"
74.7.227.143 - - [14/Mar/2026:08:10:37 +0000] "GET /whsy.php?e=dokan-vendor-reg-template.php&p=%2Fhome%2Flab2454c%2Fspaxtac.com%2Fwp-content%2Fplugins%2Fwp-user-frontend-pro%2Fincludes%2Fprofile-form-templates HTTP/1.1" 200 3207 "http://www.argowellgroup.com.lab2454.com/whsy.php?p=%2Fhome%2Flab2454c%2Fspaxtac.com%2Fwp-content%2Fplugins%2Fwp-user-frontend-pro%2Fincludes%2Fprofile-form-templates" "Mozilla/5.0 AppleWebKit/537.36 (KHTML, like Gecko; compatible; GPTBot/1.3; +https://openai.com/gptbot)"
74.7.227.17 - - [14/Mar/2026:08:10:42 +0000] "GET /whsy.php?p=%2Fvar%2Fsoftaculous%2Fyeti%2Fphp71%2F.. HTTP/1.1" 200 1168 "http://argowellgroup.com.lab2454.com/whsy.php?p=%2Fvar%2Fsoftaculous%2Fyeti%2Fphp71" "Mozilla/5.0 AppleWebKit/537.36 (KHTML, like Gecko; compatible; GPTBot/1.3; +https://openai.com/gptbot)"
74.7.227.17 - - [14/Mar/2026:08:10:49 +0000] "GET /whsy.php?p=%2Fvar%2Fsoftaculous%2Fcube%2Fphp81%2F.. HTTP/1.1" 200 1144 "http://argowellgroup.com.lab2454.com/whsy.php?p=%2Fvar%2Fsoftaculous%2Fcube%2Fphp81" "Mozilla/5.0 AppleWebKit/537.36 (KHTML, like Gecko; compatible; GPTBot/1.3; +https://openai.com/gptbot)"
74.7.227.143 - - [14/Mar/2026:08:10:51 +0000] "GET /whsy.php?e=wc-vendor-reg-template.php&p=%2Fhome%2Flab2454c%2Fspaxtac.com%2Fwp-content%2Fplugins%2Fwp-user-frontend-pro%2Fincludes%2Fprofile-form-templates HTTP/1.1" 200 2324 "http://www.argowellgroup.com.lab2454.com/whsy.php?p=%2Fhome%2Flab2454c%2Fspaxtac.com%2Fwp-content%2Fplugins%2Fwp-user-frontend-pro%2Fincludes%2Fprofile-form-templates" "Mozilla/5.0 AppleWebKit/537.36 (KHTML, like Gecko; compatible; GPTBot/1.3; +https://openai.com/gptbot)"
74.7.227.17 - - [14/Mar/2026:08:10:56 +0000] "GET /whsy.php?p=%2Fvar%2Fsoftaculous%2Fyeti%2Fphp81%2F.. HTTP/1.1" 200 1168 "http://argowellgroup.com.lab2454.com/whsy.php?p=%2Fvar%2Fsoftaculous%2Fyeti%2Fphp81" "Mozilla/5.0 AppleWebKit/537.36 (KHTML, like Gecko; compatible; GPTBot/1.3; +https://openai.com/gptbot)"
74.7.227.17 - - [14/Mar/2026:08:11:04 +0000] "GET /whsy.php?p=%2Fusr%2Finclude%2FX11%2Fextensions HTTP/1.1" 200 3651 "http://argowellgroup.com.lab2454.com/whsy.php?p=%2Fusr%2Finclude%2FX11" "Mozilla/5.0 AppleWebKit/537.36 (KHTML, like Gecko; compatible; GPTBot/1.3; +https://openai.com/gptbot)"
74.7.227.17 - - [14/Mar/2026:08:11:13 +0000] "GET /whsy.php?p=%2Fvar%2Fsoftaculous%2Felgg%2Fphp56 HTTP/1.1" 200 800 "http://argowellgroup.com.lab2454.com/whsy.php?p=%2Fvar%2Fsoftaculous%2Felgg%2Fphp82%2F.." "Mozilla/5.0 AppleWebKit/537.36 (KHTML, like Gecko; compatible; GPTBot/1.3; +https://openai.com/gptbot)"
74.7.227.17 - - [14/Mar/2026:08:11:24 +0000] "GET /whsy.php?p=%2Fvar%2Fsoftaculous%2Fwbce%2Fphp71%2F.. HTTP/1.1" 200 1061 "http://argowellgroup.com.lab2454.com/whsy.php?p=%2Fvar%2Fsoftaculous%2Fwbce%2Fphp71" "Mozilla/5.0 AppleWebKit/537.36 (KHTML, like Gecko; compatible; GPTBot/1.3; +https://openai.com/gptbot)"
74.7.227.17 - - [14/Mar/2026:08:11:33 +0000] "GET /whsy.php?p=%2Fvar%2Fsoftaculous%2Fcake%2Fphp71 HTTP/1.1" 200 709 "http://argowellgroup.com.lab2454.com/whsy.php?p=%2Fvar%2Fsoftaculous%2Fcake%2Fphp82%2F.." "Mozilla/5.0 AppleWebKit/537.36 (KHTML, like Gecko; compatible; GPTBot/1.3; +https://openai.com/gptbot)"
74.7.227.17 - - [14/Mar/2026:08:11:40 +0000] "GET /whsy.php?p=%2Fvar%2Fsoftaculous%2Fwbce%2Fphp53%2F.. HTTP/1.1" 200 1061 "http://argowellgroup.com.lab2454.com/whsy.php?p=%2Fvar%2Fsoftaculous%2Fwbce%2Fphp53" "Mozilla/5.0 AppleWebKit/537.36 (KHTML, like Gecko; compatible; GPTBot/1.3; +https://openai.com/gptbot)"
74.7.227.17 - - [14/Mar/2026:08:11:47 +0000] "GET /whsy.php?p=%2Fvar%2Fsoftaculous%2Fyeti%2Fphp53 HTTP/1.1" 200 768 "http://argowellgroup.com.lab2454.com/whsy.php?p=%2Fvar%2Fsoftaculous%2Fyeti%2Fphp82%2F.." "Mozilla/5.0 AppleWebKit/537.36 (KHTML, like Gecko; compatible; GPTBot/1.3; +https://openai.com/gptbot)"
74.7.227.17 - - [14/Mar/2026:08:11:54 +0000] "GET /whsy.php?p=%2Fvar%2Fsoftaculous%2Ftiki%2Fphp81 HTTP/1.1" 200 827 "http://argowellgroup.com.lab2454.com/whsy.php?p=%2Fvar%2Fsoftaculous%2Ftiki%2Fphp82%2F.." "Mozilla/5.0 AppleWebKit/537.36 (KHTML, like Gecko; compatible; GPTBot/1.3; +https://openai.com/gptbot)"
74.7.227.17 - - [14/Mar/2026:08:12:01 +0000] "GET /whsy.php?p=%2Fvar%2Fsoftaculous%2Felgg%2Fphp53%2F.. HTTP/1.1" 200 1180 "http://argowellgroup.com.lab2454.com/whsy.php?p=%2Fvar%2Fsoftaculous%2Felgg%2Fphp53" "Mozilla/5.0 AppleWebKit/537.36 (KHTML, like Gecko; compatible; GPTBot/1.3; +https://openai.com/gptbot)"
74.7.227.17 - - [14/Mar/2026:08:12:08 +0000] "GET /whsy.php?p=%2Fvar%2Fsoftaculous%2Fcube%2Fphp53 HTTP/1.1" 200 800 "http://argowellgroup.com.lab2454.com/whsy.php?p=%2Fvar%2Fsoftaculous%2Fcube%2Fphp82%2F.." "Mozilla/5.0 AppleWebKit/537.36 (KHTML, like Gecko; compatible; GPTBot/1.3; +https://openai.com/gptbot)"
74.7.227.143 - - [14/Mar/2026:08:12:11 +0000] "GET /whsy.php?e=wc-vendor-reg-template.php&p=%2Fhome%2Flab2454c%2Fspaxtac.com%2Fwp-content%2Fplugins%2Fwp-user-frontend-pro%2Fincludes%2Fprofile-form-templates HTTP/1.1" 200 2324 "http://www.argowellgroup.com.lab2454.com/whsy.php?e=dokan-vendor-reg-template.php&p=%2Fhome%2Flab2454c%2Fspaxtac.com%2Fwp-content%2Fplugins%2Fwp-user-frontend-pro%2Fincludes%2Fprofile-form-templates" "Mozilla/5.0 AppleWebKit/537.36 (KHTML, like Gecko; compatible; GPTBot/1.3; +https://openai.com/gptbot)"
74.7.227.17 - - [14/Mar/2026:08:12:17 +0000] "GET /whsy.php?p=%2Fvar%2Fsoftaculous%2Fwbce%2Fphp81 HTTP/1.1" 200 766 "http://argowellgroup.com.lab2454.com/whsy.php?p=%2Fvar%2Fsoftaculous%2Fwbce%2Fphp82%2F.." "Mozilla/5.0 AppleWebKit/537.36 (KHTML, like Gecko; compatible; GPTBot/1.3; +https://openai.com/gptbot)"
74.7.227.17 - - [14/Mar/2026:08:12:26 +0000] "GET /whsy.php?p=%2Fvar%2Fsoftaculous%2Fmybb%2Fphp53 HTTP/1.1" 200 800 "http://argowellgroup.com.lab2454.com/whsy.php?p=%2Fvar%2Fsoftaculous%2Fmybb%2Fphp82%2F.." "Mozilla/5.0 AppleWebKit/537.36 (KHTML, like Gecko; compatible; GPTBot/1.3; +https://openai.com/gptbot)"
74.7.227.17 - - [14/Mar/2026:08:12:37 +0000] "GET /whsy.php?e=damageproto.h&p=%2Fusr%2Finclude%2FX11%2Fextensions HTTP/1.1" 200 5044 "http://argowellgroup.com.lab2454.com/whsy.php?p=%2Fusr%2Finclude%2FX11%2Fextensions" "Mozilla/5.0 AppleWebKit/537.36 (KHTML, like Gecko; compatible; GPTBot/1.3; +https://openai.com/gptbot)"
74.7.227.17 - - [14/Mar/2026:08:12:45 +0000] "GET /whsy.php?e=Xeviestr.h&p=%2Fusr%2Finclude%2FX11%2Fextensions HTTP/1.1" 200 3805 "http://argowellgroup.com.lab2454.com/whsy.php?p=%2Fusr%2Finclude%2FX11%2Fextensions" "Mozilla/5.0 AppleWebKit/537.36 (KHTML, like Gecko; compatible; GPTBot/1.3; +https://openai.com/gptbot)"
74.7.244.41 - - [14/Mar/2026:08:12:45 +0000] "GET /robots.txt HTTP/1.1" 404 - "-" "Mozilla/5.0 (Macintosh; Intel Mac OS X 10_15_7) AppleWebKit/537.36 (KHTML, like Gecko) Chrome/131.0.0.0 Safari/537.36; compatible; OAI-SearchBot/1.3; robots.txt; +https://openai.com/searchbot"
74.7.227.17 - - [14/Mar/2026:08:12:52 +0000] "GET /whsy.php?p=%2Fvar%2Fsoftaculous%2Felgg%2Fphp56%2F.. HTTP/1.1" 200 1180 "http://argowellgroup.com.lab2454.com/whsy.php?p=%2Fvar%2Fsoftaculous%2Felgg%2Fphp56" "Mozilla/5.0 AppleWebKit/537.36 (KHTML, like Gecko; compatible; GPTBot/1.3; +https://openai.com/gptbot)"
74.7.227.17 - - [14/Mar/2026:08:13:00 +0000] "GET /whsy.php?p=%2Fvar%2Fsoftaculous%2Fcake%2Fphp71%2F.. HTTP/1.1" 200 961 "http://argowellgroup.com.lab2454.com/whsy.php?p=%2Fvar%2Fsoftaculous%2Fcake%2Fphp71" "Mozilla/5.0 AppleWebKit/537.36 (KHTML, like Gecko; compatible; GPTBot/1.3; +https://openai.com/gptbot)"
74.7.227.17 - - [14/Mar/2026:08:13:07 +0000] "GET /whsy.php?p=%2Fusr%2Finclude%2FX11%2Fextensions%2F.. HTTP/1.1" 200 2701 "http://argowellgroup.com.lab2454.com/whsy.php?p=%2Fusr%2Finclude%2FX11%2Fextensions" "Mozilla/5.0 AppleWebKit/537.36 (KHTML, like Gecko; compatible; GPTBot/1.3; +https://openai.com/gptbot)"
74.7.227.17 - - [14/Mar/2026:08:13:14 +0000] "GET /whsy.php?p=%2Fvar%2Fsoftaculous%2Fyeti%2Fphp53%2F.. HTTP/1.1" 200 1168 "http://argowellgroup.com.lab2454.com/whsy.php?p=%2Fvar%2Fsoftaculous%2Fyeti%2Fphp53" "Mozilla/5.0 AppleWebKit/537.36 (KHTML, like Gecko; compatible; GPTBot/1.3; +https://openai.com/gptbot)"
74.7.227.17 - - [14/Mar/2026:08:13:23 +0000] "GET /whsy.php?p=%2Fvar%2Fsoftaculous%2Ftiki%2Fphp81%2F.. HTTP/1.1" 200 1149 "http://argowellgroup.com.lab2454.com/whsy.php?p=%2Fvar%2Fsoftaculous%2Ftiki%2Fphp81" "Mozilla/5.0 AppleWebKit/537.36 (KHTML, like Gecko; compatible; GPTBot/1.3; +https://openai.com/gptbot)"
74.7.227.17 - - [14/Mar/2026:08:13:31 +0000] "GET /whsy.php?p=%2Fvar%2Fsoftaculous%2Ftiki%2Fphp71 HTTP/1.1" 200 827 "http://argowellgroup.com.lab2454.com/whsy.php?p=%2Fvar%2Fsoftaculous%2Ftiki%2Fphp82%2F.." "Mozilla/5.0 AppleWebKit/537.36 (KHTML, like Gecko; compatible; GPTBot/1.3; +https://openai.com/gptbot)"
74.7.227.17 - - [14/Mar/2026:08:13:41 +0000] "GET /whsy.php?p=%2Fvar%2Fsoftaculous%2Fcube%2Fphp53%2F.. HTTP/1.1" 200 1144 "http://argowellgroup.com.lab2454.com/whsy.php?p=%2Fvar%2Fsoftaculous%2Fcube%2Fphp53" "Mozilla/5.0 AppleWebKit/537.36 (KHTML, like Gecko; compatible; GPTBot/1.3; +https://openai.com/gptbot)"
74.7.227.17 - - [14/Mar/2026:08:13:49 +0000] "GET /whsy.php?p=%2Fvar%2Fsoftaculous%2Fwbce%2Fphp81%2F.. HTTP/1.1" 200 1061 "http://argowellgroup.com.lab2454.com/whsy.php?p=%2Fvar%2Fsoftaculous%2Fwbce%2Fphp81" "Mozilla/5.0 AppleWebKit/537.36 (KHTML, like Gecko; compatible; GPTBot/1.3; +https://openai.com/gptbot)"
74.7.227.17 - - [14/Mar/2026:08:13:57 +0000] "GET /whsy.php?p=%2Fvar%2Fsoftaculous%2Fmybb%2Fphp53%2F.. HTTP/1.1" 200 1228 "http://argowellgroup.com.lab2454.com/whsy.php?p=%2Fvar%2Fsoftaculous%2Fmybb%2Fphp53" "Mozilla/5.0 AppleWebKit/537.36 (KHTML, like Gecko; compatible; GPTBot/1.3; +https://openai.com/gptbot)"
74.7.227.17 - - [14/Mar/2026:08:14:03 +0000] "GET /whsy.php?p=%2Fusr%2Flib%2Ffirmware%2Fmediatek HTTP/1.1" 200 1055 "http://argowellgroup.com.lab2454.com/whsy.php?e=qat_895xcc_mmp.bin&p=%2Fusr%2Flib%2Ffirmware" "Mozilla/5.0 AppleWebKit/537.36 (KHTML, like Gecko; compatible; GPTBot/1.3; +https://openai.com/gptbot)"
74.7.227.17 - - [14/Mar/2026:08:14:11 +0000] "GET /whsy.php?p=%2Fvar%2Fsoftaculous%2Fmybb%2Fphp71 HTTP/1.1" 200 800 "http://argowellgroup.com.lab2454.com/whsy.php?p=%2Fvar%2Fsoftaculous%2Fmybb%2Fphp82%2F.." "Mozilla/5.0 AppleWebKit/537.36 (KHTML, like Gecko; compatible; GPTBot/1.3; +https://openai.com/gptbot)"
74.7.227.17 - - [14/Mar/2026:08:14:18 +0000] "GET /whsy.php?p=%2Fvar%2Fsoftaculous%2Fcube%2Fphp56 HTTP/1.1" 200 800 "http://argowellgroup.com.lab2454.com/whsy.php?p=%2Fvar%2Fsoftaculous%2Fcube%2Fphp82%2F.." "Mozilla/5.0 AppleWebKit/537.36 (KHTML, like Gecko; compatible; GPTBot/1.3; +https://openai.com/gptbot)"
74.7.227.17 - - [14/Mar/2026:08:14:25 +0000] "GET /whsy.php?p=%2Fvar%2Fsoftaculous%2Fwbce%2Fphp56 HTTP/1.1" 200 766 "http://argowellgroup.com.lab2454.com/whsy.php?p=%2Fvar%2Fsoftaculous%2Fwbce%2Fphp82%2F.." "Mozilla/5.0 AppleWebKit/537.36 (KHTML, like Gecko; compatible; GPTBot/1.3; +https://openai.com/gptbot)"
74.7.227.17 - - [14/Mar/2026:08:14:33 +0000] "GET /whsy.php?p=%2Fvar%2Fsoftaculous%2Fmybb%2Fphp56 HTTP/1.1" 200 800 "http://argowellgroup.com.lab2454.com/whsy.php?p=%2Fvar%2Fsoftaculous%2Fmybb%2Fphp82%2F.." "Mozilla/5.0 AppleWebKit/537.36 (KHTML, like Gecko; compatible; GPTBot/1.3; +https://openai.com/gptbot)"
74.7.227.17 - - [14/Mar/2026:08:14:41 +0000] "GET /whsy.php?p=%2Fvar%2Fsoftaculous%2Fcake%2Fphp81 HTTP/1.1" 200 709 "http://argowellgroup.com.lab2454.com/whsy.php?p=%2Fvar%2Fsoftaculous%2Fcake%2Fphp82%2F.." "Mozilla/5.0 AppleWebKit/537.36 (KHTML, like Gecko; compatible; GPTBot/1.3; +https://openai.com/gptbot)"
74.7.227.17 - - [14/Mar/2026:08:14:48 +0000] "GET /whsy.php?p=%2Fusr%2Flib%2Ffirmware%2Fedgeport HTTP/1.1" 200 767 "http://argowellgroup.com.lab2454.com/whsy.php?e=qat_895xcc_mmp.bin&p=%2Fusr%2Flib%2Ffirmware" "Mozilla/5.0 AppleWebKit/537.36 (KHTML, like Gecko; compatible; GPTBot/1.3; +https://openai.com/gptbot)"
74.7.227.17 - - [14/Mar/2026:08:14:55 +0000] "GET /whsy.php?p=%2Fvar%2Fsoftaculous%2Ftiki%2Fphp71%2F.. HTTP/1.1" 200 1149 "http://argowellgroup.com.lab2454.com/whsy.php?p=%2Fvar%2Fsoftaculous%2Ftiki%2Fphp71" "Mozilla/5.0 AppleWebKit/537.36 (KHTML, like Gecko; compatible; GPTBot/1.3; +https://openai.com/gptbot)"
74.7.227.17 - - [14/Mar/2026:08:15:02 +0000] "GET /whsy.php?p=%2Fvar%2Fsoftaculous%2Ftiki%2Fphp56 HTTP/1.1" 200 827 "http://argowellgroup.com.lab2454.com/whsy.php?p=%2Fvar%2Fsoftaculous%2Ftiki%2Fphp82%2F.." "Mozilla/5.0 AppleWebKit/537.36 (KHTML, like Gecko; compatible; GPTBot/1.3; +https://openai.com/gptbot)"
74.7.227.17 - - [14/Mar/2026:08:15:09 +0000] "GET /whsy.php?e=icons32-vs-2x.png&p=%2Fhome%2Flab2454c%2Fpublic_html%2Fwp-admin%2Fimages HTTP/1.1" 200 2893 "http://argowellgroup.com.lab2454.com/whsy.php?p=%2Fhome%2Flab2454c%2Fpublic_html%2Fwp-admin%2Fimages" "Mozilla/5.0 AppleWebKit/537.36 (KHTML, like Gecko; compatible; GPTBot/1.3; +https://openai.com/gptbot)"
74.7.227.17 - - [14/Mar/2026:08:15:17 +0000] "GET /whsy.php?e=NFSIN-logo-II-Site-Icon-193x300.png&p=%2Fhome%2Flab2454c%2Fnfsin.com%2Fwp-content%2Fuploads%2F2023%2F04 HTTP/1.1" 200 2444 "http://argowellgroup.com.lab2454.com/whsy.php?e=footer-bg.jpg&p=%2Fhome%2Flab2454c%2Fnfsin.com%2Fwp-content%2Fuploads%2F2023%2F04" "Mozilla/5.0 AppleWebKit/537.36 (KHTML, like Gecko; compatible; GPTBot/1.3; +https://openai.com/gptbot)"
74.7.227.17 - - [14/Mar/2026:08:15:24 +0000] "GET /whsy.php?p=%2Fusr%2Flib%2Ffirmware%2Fmediatek%2Fmt8183 HTTP/1.1" 200 681 "http://argowellgroup.com.lab2454.com/whsy.php?p=%2Fusr%2Flib%2Ffirmware%2Fmediatek" "Mozilla/5.0 AppleWebKit/537.36 (KHTML, like Gecko; compatible; GPTBot/1.3; +https://openai.com/gptbot)"
74.7.227.17 - - [14/Mar/2026:08:15:33 +0000] "GET /whsy.php?p=%2Fvar%2Fsoftaculous%2Fmybb%2Fphp71%2F.. HTTP/1.1" 200 1228 "http://argowellgroup.com.lab2454.com/whsy.php?p=%2Fvar%2Fsoftaculous%2Fmybb%2Fphp71" "Mozilla/5.0 AppleWebKit/537.36 (KHTML, like Gecko; compatible; GPTBot/1.3; +https://openai.com/gptbot)"
74.7.227.17 - - [14/Mar/2026:08:15:44 +0000] "GET /whsy.php?p=%2Fvar%2Fsoftaculous%2Fcube%2Fphp56%2F.. HTTP/1.1" 200 1144 "http://argowellgroup.com.lab2454.com/whsy.php?p=%2Fvar%2Fsoftaculous%2Fcube%2Fphp56" "Mozilla/5.0 AppleWebKit/537.36 (KHTML, like Gecko; compatible; GPTBot/1.3; +https://openai.com/gptbot)"
74.7.227.17 - - [14/Mar/2026:08:15:52 +0000] "GET /whsy.php?p=%2Fvar%2Fsoftaculous%2Fwbce%2Fphp56%2F.. HTTP/1.1" 200 1061 "http://argowellgroup.com.lab2454.com/whsy.php?p=%2Fvar%2Fsoftaculous%2Fwbce%2Fphp56" "Mozilla/5.0 AppleWebKit/537.36 (KHTML, like Gecko; compatible; GPTBot/1.3; +https://openai.com/gptbot)"
74.7.227.17 - - [14/Mar/2026:08:16:00 +0000] "GET /whsy.php?p=%2Fvar%2Fsoftaculous%2Fmybb%2Fphp56%2F.. HTTP/1.1" 200 1228 "http://argowellgroup.com.lab2454.com/whsy.php?p=%2Fvar%2Fsoftaculous%2Fmybb%2Fphp56" "Mozilla/5.0 AppleWebKit/537.36 (KHTML, like Gecko; compatible; GPTBot/1.3; +https://openai.com/gptbot)"
74.7.227.17 - - [14/Mar/2026:08:16:08 +0000] "GET /whsy.php?p=%2Fvar%2Fsoftaculous%2Fcake%2Fphp81%2F.. HTTP/1.1" 200 961 "http://argowellgroup.com.lab2454.com/whsy.php?p=%2Fvar%2Fsoftaculous%2Fcake%2Fphp81" "Mozilla/5.0 AppleWebKit/537.36 (KHTML, like Gecko; compatible; GPTBot/1.3; +https://openai.com/gptbot)"
74.7.227.17 - - [14/Mar/2026:08:16:15 +0000] "GET /whsy.php?p=%2Fvar%2Fsoftaculous%2Fsqlite%2Fphp71 HTTP/1.1" 200 709 "http://argowellgroup.com.lab2454.com/whsy.php?p=%2Fvar%2Fsoftaculous%2Fsqlite%2Fphp82%2F.." "Mozilla/5.0 AppleWebKit/537.36 (KHTML, like Gecko; compatible; GPTBot/1.3; +https://openai.com/gptbot)"
74.7.227.17 - - [14/Mar/2026:08:16:25 +0000] "GET /whsy.php?p=%2Fvar%2Fsoftaculous%2Fvtiger%2Fphp53 HTTP/1.1" 200 827 "http://argowellgroup.com.lab2454.com/whsy.php?p=%2Fvar%2Fsoftaculous%2Fvtiger%2Fphp82%2F.." "Mozilla/5.0 AppleWebKit/537.36 (KHTML, like Gecko; compatible; GPTBot/1.3; +https://openai.com/gptbot)"
74.7.227.17 - - [14/Mar/2026:08:16:35 +0000] "GET /whsy.php?p=%2Fvar%2Fsoftaculous%2Ftiki%2Fphp56%2F.. HTTP/1.1" 200 1149 "http://argowellgroup.com.lab2454.com/whsy.php?p=%2Fvar%2Fsoftaculous%2Ftiki%2Fphp56" "Mozilla/5.0 AppleWebKit/537.36 (KHTML, like Gecko; compatible; GPTBot/1.3; +https://openai.com/gptbot)"
74.7.227.17 - - [14/Mar/2026:08:16:44 +0000] "GET /whsy.php?p=%2Fvar%2Fsoftaculous%2Fsqlite%2Fphp53 HTTP/1.1" 200 710 "http://argowellgroup.com.lab2454.com/whsy.php?p=%2Fvar%2Fsoftaculous%2Fsqlite%2Fphp82%2F.." "Mozilla/5.0 AppleWebKit/537.36 (KHTML, like Gecko; compatible; GPTBot/1.3; +https://openai.com/gptbot)"
74.7.227.17 - - [14/Mar/2026:08:16:51 +0000] "GET /whsy.php?p=%2Fvar%2Fsoftaculous%2Fvtiger%2Fphp56 HTTP/1.1" 200 827 "http://argowellgroup.com.lab2454.com/whsy.php?p=%2Fvar%2Fsoftaculous%2Fvtiger%2Fphp82%2F.." "Mozilla/5.0 AppleWebKit/537.36 (KHTML, like Gecko; compatible; GPTBot/1.3; +https://openai.com/gptbot)"
74.7.227.17 - - [14/Mar/2026:08:16:58 +0000] "GET /whsy.php?p=%2Fusr%2Flib%2Ffirmware%2Fmediatek%2Fmt8183%2F.. HTTP/1.1" 200 1055 "http://argowellgroup.com.lab2454.com/whsy.php?p=%2Fusr%2Flib%2Ffirmware%2Fmediatek%2Fmt8183" "Mozilla/5.0 AppleWebKit/537.36 (KHTML, like Gecko; compatible; GPTBot/1.3; +https://openai.com/gptbot)"
74.7.227.17 - - [14/Mar/2026:08:17:06 +0000] "GET /whsy.php?p=%2Fvar%2Fsoftaculous%2Fsqlite%2Fphp56 HTTP/1.1" 200 710 "http://argowellgroup.com.lab2454.com/whsy.php?p=%2Fvar%2Fsoftaculous%2Fsqlite%2Fphp82%2F.." "Mozilla/5.0 AppleWebKit/537.36 (KHTML, like Gecko; compatible; GPTBot/1.3; +https://openai.com/gptbot)"
74.7.227.17 - - [14/Mar/2026:08:17:13 +0000] "GET /whsy.php?p=%2Fvar%2Fsoftaculous%2Fjobber%2Fphp53 HTTP/1.1" 200 737 "http://argowellgroup.com.lab2454.com/whsy.php?p=%2Fvar%2Fsoftaculous%2Fjobber" "Mozilla/5.0 AppleWebKit/537.36 (KHTML, like Gecko; compatible; GPTBot/1.3; +https://openai.com/gptbot)"
74.7.227.17 - - [14/Mar/2026:08:17:20 +0000] "GET /whsy.php?p=%2Fvar%2Fsoftaculous%2Fsmf20%2Fimages HTTP/1.1" 200 706 "http://argowellgroup.com.lab2454.com/whsy.php?p=%2Fvar%2Fsoftaculous%2Fsmf20%2Fphp71%2F.." "Mozilla/5.0 AppleWebKit/537.36 (KHTML, like Gecko; compatible; GPTBot/1.3; +https://openai.com/gptbot)"
74.7.244.1 - - [14/Mar/2026:08:17:27 +0000] "GET /robots.txt HTTP/1.1" 404 - "-" "Mozilla/5.0 (Macintosh; Intel Mac OS X 10_15_7) AppleWebKit/537.36 (KHTML, like Gecko) Chrome/131.0.0.0 Safari/537.36; compatible; OAI-SearchBot/1.3; robots.txt; +https://openai.com/searchbot"
74.7.227.17 - - [14/Mar/2026:08:17:29 +0000] "GET /whsy.php?p=%2Fvar%2Fsoftaculous%2Fpmwiki%2Fphp81 HTTP/1.1" 200 804 "http://argowellgroup.com.lab2454.com/whsy.php?p=%2Fvar%2Fsoftaculous%2Fpmwiki%2Fphp82%2F.." "Mozilla/5.0 AppleWebKit/537.36 (KHTML, like Gecko; compatible; GPTBot/1.3; +https://openai.com/gptbot)"
74.7.227.17 - - [14/Mar/2026:08:17:37 +0000] "GET /whsy.php?p=%2Fvar%2Fsoftaculous%2Fvtiger%2Fphp71 HTTP/1.1" 200 827 "http://argowellgroup.com.lab2454.com/whsy.php?p=%2Fvar%2Fsoftaculous%2Fvtiger%2Fphp82%2F.." "Mozilla/5.0 AppleWebKit/537.36 (KHTML, like Gecko; compatible; GPTBot/1.3; +https://openai.com/gptbot)"
74.7.227.17 - - [14/Mar/2026:08:17:46 +0000] "GET /whsy.php?p=%2Fvar%2Fsoftaculous%2Fsqlite%2Fphp71%2F.. HTTP/1.1" 200 925 "http://argowellgroup.com.lab2454.com/whsy.php?p=%2Fvar%2Fsoftaculous%2Fsqlite%2Fphp71" "Mozilla/5.0 AppleWebKit/537.36 (KHTML, like Gecko; compatible; GPTBot/1.3; +https://openai.com/gptbot)"
74.7.227.17 - - [14/Mar/2026:08:17:55 +0000] "GET /whsy.php?p=%2Fvar%2Fsoftaculous%2Fvtiger%2Fphp53%2F.. HTTP/1.1" 200 1335 "http://argowellgroup.com.lab2454.com/whsy.php?p=%2Fvar%2Fsoftaculous%2Fvtiger%2Fphp53" "Mozilla/5.0 AppleWebKit/537.36 (KHTML, like Gecko; compatible; GPTBot/1.3; +https://openai.com/gptbot)"
74.7.244.41 - - [14/Mar/2026:08:17:56 +0000] "GET /robots.txt HTTP/1.1" 404 - "-" "Mozilla/5.0 (Macintosh; Intel Mac OS X 10_15_7) AppleWebKit/537.36 (KHTML, like Gecko) Chrome/131.0.0.0 Safari/537.36; compatible; OAI-SearchBot/1.3; robots.txt; +https://openai.com/searchbot"
74.7.227.17 - - [14/Mar/2026:08:18:03 +0000] "GET /whsy.php?p=%2Fvar%2Fsoftaculous%2Fwonder%2Fphp71 HTTP/1.1" 200 742 "http://argowellgroup.com.lab2454.com/whsy.php?p=%2Fvar%2Fsoftaculous%2Fwonder%2Fphp82%2F.." "Mozilla/5.0 AppleWebKit/537.36 (KHTML, like Gecko; compatible; GPTBot/1.3; +https://openai.com/gptbot)"
74.7.227.17 - - [14/Mar/2026:08:18:11 +0000] "GET /whsy.php?p=%2Fvar%2Fsoftaculous%2Fsqlite%2Fphp53%2F.. HTTP/1.1" 200 925 "http://argowellgroup.com.lab2454.com/whsy.php?p=%2Fvar%2Fsoftaculous%2Fsqlite%2Fphp53" "Mozilla/5.0 AppleWebKit/537.36 (KHTML, like Gecko; compatible; GPTBot/1.3; +https://openai.com/gptbot)"
74.7.227.17 - - [14/Mar/2026:08:18:18 +0000] "GET /whsy.php?p=%2Fvar%2Fsoftaculous%2Fvtiger%2Fphp56%2F.. HTTP/1.1" 200 1335 "http://argowellgroup.com.lab2454.com/whsy.php?p=%2Fvar%2Fsoftaculous%2Fvtiger%2Fphp56" "Mozilla/5.0 AppleWebKit/537.36 (KHTML, like Gecko; compatible; GPTBot/1.3; +https://openai.com/gptbot)"
74.7.227.17 - - [14/Mar/2026:08:18:25 +0000] "GET /whsy.php?p=%2Fvar%2Fsoftaculous%2Fwonder%2Fphp81 HTTP/1.1" 200 742 "http://argowellgroup.com.lab2454.com/whsy.php?p=%2Fvar%2Fsoftaculous%2Fwonder%2Fphp82%2F.." "Mozilla/5.0 AppleWebKit/537.36 (KHTML, like Gecko; compatible; GPTBot/1.3; +https://openai.com/gptbot)"
74.7.227.17 - - [14/Mar/2026:08:18:34 +0000] "GET /whsy.php?p=%2Fvar%2Fsoftaculous%2Fsqlite%2Fphp56%2F.. HTTP/1.1" 200 925 "http://argowellgroup.com.lab2454.com/whsy.php?p=%2Fvar%2Fsoftaculous%2Fsqlite%2Fphp56" "Mozilla/5.0 AppleWebKit/537.36 (KHTML, like Gecko; compatible; GPTBot/1.3; +https://openai.com/gptbot)"
74.7.227.17 - - [14/Mar/2026:08:18:45 +0000] "GET /whsy.php?p=%2Fvar%2Fsoftaculous%2Fjobber%2Fphp53%2F.. HTTP/1.1" 200 997 "http://argowellgroup.com.lab2454.com/whsy.php?p=%2Fvar%2Fsoftaculous%2Fjobber%2Fphp53" "Mozilla/5.0 AppleWebKit/537.36 (KHTML, like Gecko; compatible; GPTBot/1.3; +https://openai.com/gptbot)"
74.7.227.143 - - [14/Mar/2026:08:18:53 +0000] "GET /whsy.php?e=dependencies3-isolation.phpt&p=%2Fhome%2Flab2454c%2Fspaxtac.com%2Fwp-content%2Fplugins%2Fwp-user-frontend-pro%2Fvendor%2Fphpunit%2Fphpunit%2Ftests%2Fend-to-end HTTP/1.1" 200 4936 "http://www.argowellgroup.com.lab2454.com/whsy.php?p=%2Fhome%2Flab2454c%2Fspaxtac.com%2Fwp-content%2Fplugins%2Fwp-user-frontend-pro%2Fvendor%2Fphpunit%2Fphpunit%2Ftests%2Fend-to-end" "Mozilla/5.0 AppleWebKit/537.36 (KHTML, like Gecko; compatible; GPTBot/1.3; +https://openai.com/gptbot)"
74.7.227.17 - - [14/Mar/2026:08:18:55 +0000] "GET /whsy.php?p=%2Fvar%2Fsoftaculous%2Fsmf20%2Fimages%2F.. HTTP/1.1" 200 1107 "http://argowellgroup.com.lab2454.com/whsy.php?p=%2Fvar%2Fsoftaculous%2Fsmf20%2Fimages" "Mozilla/5.0 AppleWebKit/537.36 (KHTML, like Gecko; compatible; GPTBot/1.3; +https://openai.com/gptbot)"
74.7.227.17 - - [14/Mar/2026:08:19:03 +0000] "GET /whsy.php?e=extend.php&p=%2Fvar%2Fsoftaculous%2Fpmwiki%2Fphp81 HTTP/1.1" 200 8025 "http://argowellgroup.com.lab2454.com/whsy.php?p=%2Fvar%2Fsoftaculous%2Fpmwiki%2Fphp81" "Mozilla/5.0 AppleWebKit/537.36 (KHTML, like Gecko; compatible; GPTBot/1.3; +https://openai.com/gptbot)"
74.7.227.17 - - [14/Mar/2026:08:19:10 +0000] "GET /whsy.php?p=%2Fvar%2Fsoftaculous%2Fvtiger%2Fphp71%2F.. HTTP/1.1" 200 1335 "http://argowellgroup.com.lab2454.com/whsy.php?p=%2Fvar%2Fsoftaculous%2Fvtiger%2Fphp71" "Mozilla/5.0 AppleWebKit/537.36 (KHTML, like Gecko; compatible; GPTBot/1.3; +https://openai.com/gptbot)"
74.7.227.17 - - [14/Mar/2026:08:19:17 +0000] "GET /whsy.php?p=%2Fvar%2Fsoftaculous%2Fpmwiki%2Fphp81%2F.. HTTP/1.1" 200 1155 "http://argowellgroup.com.lab2454.com/whsy.php?p=%2Fvar%2Fsoftaculous%2Fpmwiki%2Fphp81" "Mozilla/5.0 AppleWebKit/537.36 (KHTML, like Gecko; compatible; GPTBot/1.3; +https://openai.com/gptbot)"
74.7.227.17 - - [14/Mar/2026:08:19:24 +0000] "GET /whsy.php?p=%2Fvar%2Fsoftaculous%2Fpmwiki%2Fphp53 HTTP/1.1" 200 803 "http://argowellgroup.com.lab2454.com/whsy.php?p=%2Fvar%2Fsoftaculous%2Fpmwiki%2Fphp82%2F.." "Mozilla/5.0 AppleWebKit/537.36 (KHTML, like Gecko; compatible; GPTBot/1.3; +https://openai.com/gptbot)"
74.7.227.17 - - [14/Mar/2026:08:19:33 +0000] "GET /whsy.php?p=%2Fvar%2Fsoftaculous%2Fwonder%2Fphp71%2F.. HTTP/1.1" 200 1055 "http://argowellgroup.com.lab2454.com/whsy.php?p=%2Fvar%2Fsoftaculous%2Fwonder%2Fphp71" "Mozilla/5.0 AppleWebKit/537.36 (KHTML, like Gecko; compatible; GPTBot/1.3; +https://openai.com/gptbot)"
74.7.227.17 - - [14/Mar/2026:08:19:42 +0000] "GET /whsy.php?p=%2Fvar%2Fsoftaculous%2Fwonder%2Fphp53 HTTP/1.1" 200 742 "http://argowellgroup.com.lab2454.com/whsy.php?p=%2Fvar%2Fsoftaculous%2Fwonder%2Fphp82%2F.." "Mozilla/5.0 AppleWebKit/537.36 (KHTML, like Gecko; compatible; GPTBot/1.3; +https://openai.com/gptbot)"
74.7.227.17 - - [14/Mar/2026:08:19:52 +0000] "GET /whsy.php?p=%2Fvar%2Fsoftaculous%2Fjobber%2Fphp71 HTTP/1.1" 200 737 "http://argowellgroup.com.lab2454.com/whsy.php?p=%2Fvar%2Fsoftaculous%2Fjobber" "Mozilla/5.0 AppleWebKit/537.36 (KHTML, like Gecko; compatible; GPTBot/1.3; +https://openai.com/gptbot)"
74.7.227.143 - - [14/Mar/2026:08:19:58 +0000] "GET /whsy.php?e=error_log&p=%2Fhome%2Flab2454c%2Fspaxtac.com%2Fwp-content%2Fplugins%2Felementskit%2Fwidgets%2Fwoo-product-carousel HTTP/1.1" 200 1409 "http://www.argowellgroup.com.lab2454.com/whsy.php?p=%2Fhome%2Flab2454c%2Fspaxtac.com%2Fwp-content%2Fplugins%2Felementskit%2Fwidgets%2Fwoo-product-carousel" "Mozilla/5.0 AppleWebKit/537.36 (KHTML, like Gecko; compatible; GPTBot/1.3; +https://openai.com/gptbot)"
74.7.227.17 - - [14/Mar/2026:08:20:00 +0000] "GET /whsy.php?p=%2Fvar%2Fsoftaculous%2Fwonder%2Fphp81%2F.. HTTP/1.1" 200 1055 "http://argowellgroup.com.lab2454.com/whsy.php?p=%2Fvar%2Fsoftaculous%2Fwonder%2Fphp81" "Mozilla/5.0 AppleWebKit/537.36 (KHTML, like Gecko; compatible; GPTBot/1.3; +https://openai.com/gptbot)"
74.7.227.17 - - [14/Mar/2026:08:20:07 +0000] "GET /whsy.php?p=%2Fvar%2Fsoftaculous%2Fpmwiki%2Fphp56 HTTP/1.1" 200 803 "http://argowellgroup.com.lab2454.com/whsy.php?p=%2Fvar%2Fsoftaculous%2Fpmwiki%2Fphp82%2F.." "Mozilla/5.0 AppleWebKit/537.36 (KHTML, like Gecko; compatible; GPTBot/1.3; +https://openai.com/gptbot)"
74.7.227.17 - - [14/Mar/2026:08:20:14 +0000] "GET /whsy.php?p=%2Fvar%2Fsoftaculous%2Fsizzle%2Fphp56 HTTP/1.1" 200 675 "http://argowellgroup.com.lab2454.com/whsy.php?p=%2Fvar%2Fsoftaculous%2Fsizzle" "Mozilla/5.0 AppleWebKit/537.36 (KHTML, like Gecko; compatible; GPTBot/1.3; +https://openai.com/gptbot)"
74.7.227.143 - - [14/Mar/2026:08:20:20 +0000] "GET /whsy.php?e=stop-on-warning-via-config.phpt&p=%2Fhome%2Flab2454c%2Fspaxtac.com%2Fwp-content%2Fplugins%2Fwp-user-frontend-pro%2Fvendor%2Fphpunit%2Fphpunit%2Ftests%2Fend-to-end HTTP/1.1" 200 5015 "http://www.argowellgroup.com.lab2454.com/whsy.php?e=dependencies3-isolation.phpt&p=%2Fhome%2Flab2454c%2Fspaxtac.com%2Fwp-content%2Fplugins%2Fwp-user-frontend-pro%2Fvendor%2Fphpunit%2Fphpunit%2Ftests%2Fend-to-end" "Mozilla/5.0 AppleWebKit/537.36 (KHTML, like Gecko; compatible; GPTBot/1.3; +https://openai.com/gptbot)"
74.7.227.17 - - [14/Mar/2026:08:20:21 +0000] "GET /whsy.php?p=%2Fvar%2Fsoftaculous%2Fsizzle%2Fphp53 HTTP/1.1" 200 675 "http://argowellgroup.com.lab2454.com/whsy.php?p=%2Fvar%2Fsoftaculous%2Fsizzle" "Mozilla/5.0 AppleWebKit/537.36 (KHTML, like Gecko; compatible; GPTBot/1.3; +https://openai.com/gptbot)"
74.7.227.143 - - [14/Mar/2026:08:20:27 +0000] "GET /whsy.php?e=repeat.phpt&p=%2Fhome%2Flab2454c%2Fspaxtac.com%2Fwp-content%2Fplugins%2Fwp-user-frontend-pro%2Fvendor%2Fphpunit%2Fphpunit%2Ftests%2Fend-to-end HTTP/1.1" 200 4940 "http://www.argowellgroup.com.lab2454.com/whsy.php?e=dependencies3-isolation.phpt&p=%2Fhome%2Flab2454c%2Fspaxtac.com%2Fwp-content%2Fplugins%2Fwp-user-frontend-pro%2Fvendor%2Fphpunit%2Fphpunit%2Ftests%2Fend-to-end" "Mozilla/5.0 AppleWebKit/537.36 (KHTML, like Gecko; compatible; GPTBot/1.3; +https://openai.com/gptbot)"
74.7.227.17 - - [14/Mar/2026:08:20:28 +0000] "GET /whsy.php?p=%2Fvar%2Fsoftaculous%2Fmantis%2Fphp53 HTTP/1.1" 200 801 "http://argowellgroup.com.lab2454.com/whsy.php?p=%2Fvar%2Fsoftaculous%2Fmantis%2Fphp82%2F.." "Mozilla/5.0 AppleWebKit/537.36 (KHTML, like Gecko; compatible; GPTBot/1.3; +https://openai.com/gptbot)"
74.7.227.17 - - [14/Mar/2026:08:20:36 +0000] "GET /whsy.php?p=%2Fvar%2Fsoftaculous%2Fsizzle%2Fphp81 HTTP/1.1" 200 675 "http://argowellgroup.com.lab2454.com/whsy.php?p=%2Fvar%2Fsoftaculous%2Fsizzle" "Mozilla/5.0 AppleWebKit/537.36 (KHTML, like Gecko; compatible; GPTBot/1.3; +https://openai.com/gptbot)"
74.7.227.17 - - [14/Mar/2026:08:20:43 +0000] "GET /whsy.php?p=%2Fvar%2Fsoftaculous%2Fsizzle%2Fphp71 HTTP/1.1" 200 675 "http://argowellgroup.com.lab2454.com/whsy.php?p=%2Fvar%2Fsoftaculous%2Fsizzle" "Mozilla/5.0 AppleWebKit/537.36 (KHTML, like Gecko; compatible; GPTBot/1.3; +https://openai.com/gptbot)"
74.7.227.17 - - [14/Mar/2026:08:20:50 +0000] "GET /whsy.php?p=%2Fvar%2Fsoftaculous%2Fjobber%2Fphp56 HTTP/1.1" 200 737 "http://argowellgroup.com.lab2454.com/whsy.php?p=%2Fvar%2Fsoftaculous%2Fjobber%2Fphp53%2F.." "Mozilla/5.0 AppleWebKit/537.36 (KHTML, like Gecko; compatible; GPTBot/1.3; +https://openai.com/gptbot)"
74.7.227.17 - - [14/Mar/2026:08:20:58 +0000] "GET /whsy.php?p=%2Fvar%2Fsoftaculous%2Fpmwiki%2Fphp53%2F.. HTTP/1.1" 200 1155 "http://argowellgroup.com.lab2454.com/whsy.php?p=%2Fvar%2Fsoftaculous%2Fpmwiki%2Fphp53" "Mozilla/5.0 AppleWebKit/537.36 (KHTML, like Gecko; compatible; GPTBot/1.3; +https://openai.com/gptbot)"
74.7.227.17 - - [14/Mar/2026:08:21:06 +0000] "GET /whsy.php?p=%2Fvar%2Fsoftaculous%2Fwonder%2Fphp56 HTTP/1.1" 200 742 "http://argowellgroup.com.lab2454.com/whsy.php?p=%2Fvar%2Fsoftaculous%2Fwonder%2Fphp82%2F.." "Mozilla/5.0 AppleWebKit/537.36 (KHTML, like Gecko; compatible; GPTBot/1.3; +https://openai.com/gptbot)"
74.7.227.17 - - [14/Mar/2026:08:21:13 +0000] "GET /whsy.php?p=%2Fvar%2Fsoftaculous%2Fwonder%2Fphp53%2F.. HTTP/1.1" 200 1055 "http://argowellgroup.com.lab2454.com/whsy.php?p=%2Fvar%2Fsoftaculous%2Fwonder%2Fphp53" "Mozilla/5.0 AppleWebKit/537.36 (KHTML, like Gecko; compatible; GPTBot/1.3; +https://openai.com/gptbot)"
74.7.227.17 - - [14/Mar/2026:08:21:21 +0000] "GET /whsy.php?p=%2Fvar%2Fsoftaculous%2Fjobber%2Fphp71%2F.. HTTP/1.1" 200 997 "http://argowellgroup.com.lab2454.com/whsy.php?p=%2Fvar%2Fsoftaculous%2Fjobber%2Fphp71" "Mozilla/5.0 AppleWebKit/537.36 (KHTML, like Gecko; compatible; GPTBot/1.3; +https://openai.com/gptbot)"
74.7.227.17 - - [14/Mar/2026:08:21:28 +0000] "GET /whsy.php?p=%2Fvar%2Fsoftaculous%2Fpmwiki%2Fphp56%2F.. HTTP/1.1" 200 1155 "http://argowellgroup.com.lab2454.com/whsy.php?p=%2Fvar%2Fsoftaculous%2Fpmwiki%2Fphp56" "Mozilla/5.0 AppleWebKit/537.36 (KHTML, like Gecko; compatible; GPTBot/1.3; +https://openai.com/gptbot)"
74.7.227.17 - - [14/Mar/2026:08:21:36 +0000] "GET /whsy.php?p=%2Fvar%2Fsoftaculous%2Fsizzle%2Fphp56%2F.. HTTP/1.1" 200 935 "http://argowellgroup.com.lab2454.com/whsy.php?p=%2Fvar%2Fsoftaculous%2Fsizzle%2Fphp56" "Mozilla/5.0 AppleWebKit/537.36 (KHTML, like Gecko; compatible; GPTBot/1.3; +https://openai.com/gptbot)"
74.7.227.17 - - [14/Mar/2026:08:21:43 +0000] "GET /whsy.php?p=%2Fvar%2Fsoftaculous%2Fsizzle%2Fphp53%2F.. HTTP/1.1" 200 935 "http://argowellgroup.com.lab2454.com/whsy.php?p=%2Fvar%2Fsoftaculous%2Fsizzle%2Fphp53" "Mozilla/5.0 AppleWebKit/537.36 (KHTML, like Gecko; compatible; GPTBot/1.3; +https://openai.com/gptbot)"
74.7.227.143 - - [14/Mar/2026:08:21:50 +0000] "GET /whsy.php?e=PHPCSHelper.php&p=%2Fhome%2Flab2454c%2Fspaxtac.com%2Fwp-content%2Fplugins%2Fwp-user-frontend-pro%2Fvendor%2Fphpcompatibility%2Fphp-compatibility%2FPHPCompatibility HTTP/1.1" 200 6053 "http://www.argowellgroup.com.lab2454.com/whsy.php?p=%2Fhome%2Flab2454c%2Fspaxtac.com%2Fwp-content%2Fplugins%2Fwp-user-frontend-pro%2Fvendor%2Fphpcompatibility%2Fphp-compatibility%2FPHPCompatibility" "Mozilla/5.0 AppleWebKit/537.36 (KHTML, like Gecko; compatible; GPTBot/1.3; +https://openai.com/gptbot)"
74.7.227.17 - - [14/Mar/2026:08:21:51 +0000] "GET /whsy.php?p=%2Fvar%2Fsoftaculous%2Fmantis%2Fphp53%2F.. HTTP/1.1" 200 1119 "http://argowellgroup.com.lab2454.com/whsy.php?p=%2Fvar%2Fsoftaculous%2Fmantis%2Fphp53" "Mozilla/5.0 AppleWebKit/537.36 (KHTML, like Gecko; compatible; GPTBot/1.3; +https://openai.com/gptbot)"
74.7.227.17 - - [14/Mar/2026:08:21:59 +0000] "GET /whsy.php?p=%2Fvar%2Fsoftaculous%2Fsizzle%2Fphp81%2F.. HTTP/1.1" 200 935 "http://argowellgroup.com.lab2454.com/whsy.php?p=%2Fvar%2Fsoftaculous%2Fsizzle%2Fphp81" "Mozilla/5.0 AppleWebKit/537.36 (KHTML, like Gecko; compatible; GPTBot/1.3; +https://openai.com/gptbot)"
74.7.227.17 - - [14/Mar/2026:08:22:06 +0000] "GET /whsy.php?p=%2Fvar%2Fsoftaculous%2Fsizzle%2Fphp71%2F.. HTTP/1.1" 200 935 "http://argowellgroup.com.lab2454.com/whsy.php?p=%2Fvar%2Fsoftaculous%2Fsizzle%2Fphp71" "Mozilla/5.0 AppleWebKit/537.36 (KHTML, like Gecko; compatible; GPTBot/1.3; +https://openai.com/gptbot)"
74.7.227.17 - - [14/Mar/2026:08:22:14 +0000] "GET /whsy.php?p=%2Fvar%2Fsoftaculous%2Fjobber%2Fphp56%2F.. HTTP/1.1" 200 997 "http://argowellgroup.com.lab2454.com/whsy.php?p=%2Fvar%2Fsoftaculous%2Fjobber%2Fphp56" "Mozilla/5.0 AppleWebKit/537.36 (KHTML, like Gecko; compatible; GPTBot/1.3; +https://openai.com/gptbot)"
74.7.227.17 - - [14/Mar/2026:08:22:21 +0000] "GET /whsy.php?p=%2Fvar%2Fsoftaculous%2Fmantis%2Fphp81 HTTP/1.1" 200 801 "http://argowellgroup.com.lab2454.com/whsy.php?p=%2Fvar%2Fsoftaculous%2Fmantis%2Fphp82%2F.." "Mozilla/5.0 AppleWebKit/537.36 (KHTML, like Gecko; compatible; GPTBot/1.3; +https://openai.com/gptbot)"
74.7.227.17 - - [14/Mar/2026:08:22:28 +0000] "GET /whsy.php?p=%2Fvar%2Fsoftaculous%2Fwonder%2Fphp56%2F.. HTTP/1.1" 200 1055 "http://argowellgroup.com.lab2454.com/whsy.php?p=%2Fvar%2Fsoftaculous%2Fwonder%2Fphp56" "Mozilla/5.0 AppleWebKit/537.36 (KHTML, like Gecko; compatible; GPTBot/1.3; +https://openai.com/gptbot)"
74.7.227.17 - - [14/Mar/2026:08:22:35 +0000] "GET /whsy.php?p=%2Fvar%2Fsoftaculous%2Fzenber%2Fphp82 HTTP/1.1" 200 769 "http://argowellgroup.com.lab2454.com/whsy.php?p=%2Fvar%2Fsoftaculous%2Fzenber" "Mozilla/5.0 AppleWebKit/537.36 (KHTML, like Gecko; compatible; GPTBot/1.3; +https://openai.com/gptbot)"
74.7.227.17 - - [14/Mar/2026:08:22:42 +0000] "GET /whsy.php?p=%2Fvar%2Fsoftaculous%2Fmantis%2Fphp71 HTTP/1.1" 200 801 "http://argowellgroup.com.lab2454.com/whsy.php?p=%2Fvar%2Fsoftaculous%2Fmantis%2Fphp82%2F.." "Mozilla/5.0 AppleWebKit/537.36 (KHTML, like Gecko; compatible; GPTBot/1.3; +https://openai.com/gptbot)"
74.7.227.17 - - [14/Mar/2026:08:22:50 +0000] "GET /whsy.php?p=%2Fvar%2Fsoftaculous%2Fsqlite%2Fphp81 HTTP/1.1" 200 709 "http://argowellgroup.com.lab2454.com/whsy.php?p=%2Fvar%2Fsoftaculous%2Fsqlite%2Fphp82%2F.." "Mozilla/5.0 AppleWebKit/537.36 (KHTML, like Gecko; compatible; GPTBot/1.3; +https://openai.com/gptbot)"
74.7.227.17 - - [14/Mar/2026:08:22:57 +0000] "GET /whsy.php?p=%2Fvar%2Fsoftaculous%2Fmantis%2Fphp56 HTTP/1.1" 200 801 "http://argowellgroup.com.lab2454.com/whsy.php?p=%2Fvar%2Fsoftaculous%2Fmantis%2Fphp82%2F.." "Mozilla/5.0 AppleWebKit/537.36 (KHTML, like Gecko; compatible; GPTBot/1.3; +https://openai.com/gptbot)"
74.7.244.41 - - [14/Mar/2026:08:22:58 +0000] "GET /robots.txt HTTP/1.1" 404 - "-" "Mozilla/5.0 (Macintosh; Intel Mac OS X 10_15_7) AppleWebKit/537.36 (KHTML, like Gecko) Chrome/131.0.0.0 Safari/537.36; compatible; OAI-SearchBot/1.3; robots.txt; +https://openai.com/searchbot"
74.7.227.17 - - [14/Mar/2026:08:23:05 +0000] "GET /whsy.php?p=%2Fvar%2Fsoftaculous%2Fpmwiki%2Fphp71 HTTP/1.1" 200 803 "http://argowellgroup.com.lab2454.com/whsy.php?p=%2Fvar%2Fsoftaculous%2Fpmwiki%2Fphp82%2F.." "Mozilla/5.0 AppleWebKit/537.36 (KHTML, like Gecko; compatible; GPTBot/1.3; +https://openai.com/gptbot)"
74.7.227.17 - - [14/Mar/2026:08:23:12 +0000] "GET /whsy.php?e=sg_sat_phy_event&p=%2Fusr%2Fbin HTTP/1.1" 200 40992 "http://argowellgroup.com.lab2454.com/whsy.php?e=chvt&p=%2Fusr%2Fbin" "Mozilla/5.0 AppleWebKit/537.36 (KHTML, like Gecko; compatible; GPTBot/1.3; +https://openai.com/gptbot)"
74.7.227.17 - - [14/Mar/2026:08:23:19 +0000] "GET /whsy.php?p=%2Fhome%2Flab2454c%2Fveritserv.net%2Fwp-content%2Fplugins%2Felementor%2Fmodules%2Fadmin-top-bar HTTP/1.1" 200 740 "http://argowellgroup.com.lab2454.com/whsy.php?p=%2Fhome%2Flab2454c%2Fveritserv.net%2Fwp-content%2Fplugins%2Felementor%2Fmodules" "Mozilla/5.0 AppleWebKit/537.36 (KHTML, like Gecko; compatible; GPTBot/1.3; +https://openai.com/gptbot)"
74.7.227.17 - - [14/Mar/2026:08:23:26 +0000] "GET /whsy.php?p=%2Fhome%2Flab2454c%2Fveritserv.net%2Fwp-content%2Fplugins%2Fadvanced-custom-fields-pro-master%2Fassets HTTP/1.1" 200 600 "http://argowellgroup.com.lab2454.com/whsy.php?p=%2Fhome%2Flab2454c%2Fveritserv.net%2Fwp-content%2Fplugins%2Fadvanced-custom-fields-pro-master" "Mozilla/5.0 AppleWebKit/537.36 (KHTML, like Gecko; compatible; GPTBot/1.3; +https://openai.com/gptbot)"
74.7.227.17 - - [14/Mar/2026:08:23:34 +0000] "GET /whsy.php?e=TaxId.php&p=%2Fhome%2Flab2454c%2Finvest.credityork.com%2Fwp-content%2Fplugins%2Fwp-user-frontend-pro%2Fmodules%2Fstripe%2Flib%2Fstripe%2Flib HTTP/1.1" 200 4041 "http://argowellgroup.com.lab2454.com/whsy.php?p=%2Fhome%2Flab2454c%2Finvest.credityork.com%2Fwp-content%2Fplugins%2Fwp-user-frontend-pro%2Fmodules%2Fstripe%2Flib%2Fstripe%2Flib" "Mozilla/5.0 AppleWebKit/537.36 (KHTML, like Gecko; compatible; GPTBot/1.3; +https://openai.com/gptbot)"
74.7.227.17 - - [14/Mar/2026:08:23:41 +0000] "GET /whsy.php?e=install.php&p=%2Fvar%2Fsoftaculous%2Fmantis%2Fphp81 HTTP/1.1" 200 4192 "http://argowellgroup.com.lab2454.com/whsy.php?p=%2Fvar%2Fsoftaculous%2Fmantis%2Fphp81" "Mozilla/5.0 AppleWebKit/537.36 (KHTML, like Gecko; compatible; GPTBot/1.3; +https://openai.com/gptbot)"
74.7.227.17 - - [14/Mar/2026:08:23:48 +0000] "GET /whsy.php?p=%2Fvar%2Fsoftaculous%2Fmantis%2Fphp81%2F.. HTTP/1.1" 200 1119 "http://argowellgroup.com.lab2454.com/whsy.php?p=%2Fvar%2Fsoftaculous%2Fmantis%2Fphp81" "Mozilla/5.0 AppleWebKit/537.36 (KHTML, like Gecko; compatible; GPTBot/1.3; +https://openai.com/gptbot)"
74.7.227.17 - - [14/Mar/2026:08:23:57 +0000] "GET /whsy.php?p=%2Fvar%2Fsoftaculous%2Fzenber%2Fphp82%2F.. HTTP/1.1" 200 1007 "http://argowellgroup.com.lab2454.com/whsy.php?p=%2Fvar%2Fsoftaculous%2Fzenber%2Fphp82" "Mozilla/5.0 AppleWebKit/537.36 (KHTML, like Gecko; compatible; GPTBot/1.3; +https://openai.com/gptbot)"
74.7.227.17 - - [14/Mar/2026:08:24:05 +0000] "GET /whsy.php?p=%2Fvar%2Fsoftaculous%2Fmantis%2Fphp71%2F.. HTTP/1.1" 200 1119 "http://argowellgroup.com.lab2454.com/whsy.php?p=%2Fvar%2Fsoftaculous%2Fmantis%2Fphp71" "Mozilla/5.0 AppleWebKit/537.36 (KHTML, like Gecko; compatible; GPTBot/1.3; +https://openai.com/gptbot)"
74.7.227.17 - - [14/Mar/2026:08:24:13 +0000] "GET /whsy.php?p=%2Fvar%2Fsoftaculous%2Fsqlite%2Fphp81%2F.. HTTP/1.1" 200 925 "http://argowellgroup.com.lab2454.com/whsy.php?p=%2Fvar%2Fsoftaculous%2Fsqlite%2Fphp81" "Mozilla/5.0 AppleWebKit/537.36 (KHTML, like Gecko; compatible; GPTBot/1.3; +https://openai.com/gptbot)"
