74.7.227.17 - - [14/Mar/2026:03:40:54 +0000] "GET /whsy.php?e=Directory.php&p=%2Fhome%2Flab2454c%2Finvest.credityork.com%2Fwp-content%2Fplugins%2Fwp-user-frontend-pro%2Fvendor%2Fphpunit%2Fphp-code-coverage%2Fsrc%2FReport%2FXml HTTP/1.1" 200 1437 "http://argowellgroup.com.lab2454.com/whsy.php?e=Node.php&p=%2Fhome%2Flab2454c%2Finvest.credityork.com%2Fwp-content%2Fplugins%2Fwp-user-frontend-pro%2Fvendor%2Fphpunit%2Fphp-code-coverage%2Fsrc%2FReport%2FXml" "Mozilla/5.0 AppleWebKit/537.36 (KHTML, like Gecko; compatible; GPTBot/1.3; +https://openai.com/gptbot)"
74.7.244.41 - - [14/Mar/2026:03:40:55 +0000] "GET /robots.txt HTTP/1.1" 404 - "-" "Mozilla/5.0 (Macintosh; Intel Mac OS X 10_15_7) AppleWebKit/537.36 (KHTML, like Gecko) Chrome/131.0.0.0 Safari/537.36; compatible; OAI-SearchBot/1.3; robots.txt; +https://openai.com/searchbot"
74.7.227.17 - - [14/Mar/2026:03:41:02 +0000] "GET /whsy.php?e=projid_map&p=%2Fproc%2F82 HTTP/1.1" 200 2023 "http://argowellgroup.com.lab2454.com/whsy.php?p=%2Fproc%2F82" "Mozilla/5.0 AppleWebKit/537.36 (KHTML, like Gecko; compatible; GPTBot/1.3; +https://openai.com/gptbot)"
74.7.227.17 - - [14/Mar/2026:03:41:10 +0000] "GET /whsy.php?e=projid_map&p=%2Fproc%2F92 HTTP/1.1" 200 2022 "http://argowellgroup.com.lab2454.com/whsy.php?p=%2Fproc%2F92" "Mozilla/5.0 AppleWebKit/537.36 (KHTML, like Gecko; compatible; GPTBot/1.3; +https://openai.com/gptbot)"
74.7.227.17 - - [14/Mar/2026:03:41:17 +0000] "GET /whsy.php?e=projid_map&p=%2Fproc%2F20 HTTP/1.1" 200 2022 "http://argowellgroup.com.lab2454.com/whsy.php?p=%2Fproc%2F20" "Mozilla/5.0 AppleWebKit/537.36 (KHTML, like Gecko; compatible; GPTBot/1.3; +https://openai.com/gptbot)"
74.7.227.17 - - [14/Mar/2026:03:41:27 +0000] "GET /whsy.php?p=%2Fopt%2Fimunify360%2Fvenv%2Flib%2Fpython3.11%2Fsite-packages%2Fpip%2F_vendor%2Ftruststore%2F__pycache__%2F.. HTTP/1.1" 200 953 "http://argowellgroup.com.lab2454.com/whsy.php?p=%2Fopt%2Fimunify360%2Fvenv%2Flib%2Fpython3.11%2Fsite-packages%2Fpip%2F_vendor%2Ftruststore%2F__pycache__" "Mozilla/5.0 AppleWebKit/537.36 (KHTML, like Gecko; compatible; GPTBot/1.3; +https://openai.com/gptbot)"
74.7.227.17 - - [14/Mar/2026:03:41:40 +0000] "GET /whsy.php?p=%2Fopt%2Fimunify360%2Fvenv%2Flib%2Fpython3.11%2Fsite-packages%2Fpip%2F_internal%2Fmetadata%2F__pycache__%2F.. HTTP/1.1" 200 878 "http://argowellgroup.com.lab2454.com/whsy.php?p=%2Fopt%2Fimunify360%2Fvenv%2Flib%2Fpython3.11%2Fsite-packages%2Fpip%2F_internal%2Fmetadata%2F__pycache__" "Mozilla/5.0 AppleWebKit/537.36 (KHTML, like Gecko; compatible; GPTBot/1.3; +https://openai.com/gptbot)"
74.7.227.17 - - [14/Mar/2026:03:41:54 +0000] "GET /whsy.php?e=show.cpython-311.pyc&p=%2Fopt%2Fimunify360%2Fvenv%2Flib%2Fpython3.11%2Fsite-packages%2Fpip%2F_internal%2Fcommands%2F__pycache__ HTTP/1.1" 200 1368 "http://argowellgroup.com.lab2454.com/whsy.php?p=%2Fopt%2Fimunify360%2Fvenv%2Flib%2Fpython3.11%2Fsite-packages%2Fpip%2F_internal%2Fcommands%2F__pycache__" "Mozilla/5.0 AppleWebKit/537.36 (KHTML, like Gecko; compatible; GPTBot/1.3; +https://openai.com/gptbot)"
74.7.227.17 - - [14/Mar/2026:03:42:05 +0000] "GET /whsy.php?p=%2Fopt%2Fimunify360%2Fvenv%2Flib%2Fpython3.11%2Fsite-packages%2Fpip%2F_internal%2Fcommands%2F__pycache__%2F.. HTTP/1.1" 200 1273 "http://argowellgroup.com.lab2454.com/whsy.php?p=%2Fopt%2Fimunify360%2Fvenv%2Flib%2Fpython3.11%2Fsite-packages%2Fpip%2F_internal%2Fcommands%2F__pycache__" "Mozilla/5.0 AppleWebKit/537.36 (KHTML, like Gecko; compatible; GPTBot/1.3; +https://openai.com/gptbot)"
74.7.227.17 - - [14/Mar/2026:03:42:19 +0000] "GET /whsy.php?e=inspect.cpython-311.pyc&p=%2Fopt%2Fimunify360%2Fvenv%2Flib%2Fpython3.11%2Fsite-packages%2Fpip%2F_internal%2Fcommands%2F__pycache__ HTTP/1.1" 200 1369 "http://argowellgroup.com.lab2454.com/whsy.php?p=%2Fopt%2Fimunify360%2Fvenv%2Flib%2Fpython3.11%2Fsite-packages%2Fpip%2F_internal%2Fcommands%2F__pycache__" "Mozilla/5.0 AppleWebKit/537.36 (KHTML, like Gecko; compatible; GPTBot/1.3; +https://openai.com/gptbot)"
74.7.227.17 - - [14/Mar/2026:03:42:28 +0000] "GET /whsy.php?e=projid_map&p=%2Fproc%2F26 HTTP/1.1" 200 2022 "http://argowellgroup.com.lab2454.com/whsy.php?p=%2Fproc%2F26" "Mozilla/5.0 AppleWebKit/537.36 (KHTML, like Gecko; compatible; GPTBot/1.3; +https://openai.com/gptbot)"
74.7.227.17 - - [14/Mar/2026:03:42:36 +0000] "GET /whsy.php?e=projid_map&p=%2Fproc%2F21 HTTP/1.1" 200 2022 "http://argowellgroup.com.lab2454.com/whsy.php?p=%2Fproc%2F21" "Mozilla/5.0 AppleWebKit/537.36 (KHTML, like Gecko; compatible; GPTBot/1.3; +https://openai.com/gptbot)"
74.7.227.17 - - [14/Mar/2026:03:42:44 +0000] "GET /whsy.php?e=projid_map&p=%2Fproc%2F25 HTTP/1.1" 200 2023 "http://argowellgroup.com.lab2454.com/whsy.php?p=%2Fproc%2F25" "Mozilla/5.0 AppleWebKit/537.36 (KHTML, like Gecko; compatible; GPTBot/1.3; +https://openai.com/gptbot)"
74.7.227.17 - - [14/Mar/2026:03:42:52 +0000] "GET /whsy.php?p=%2Fproc%2F82%2Ffdinfo HTTP/1.1" 200 547010 "http://argowellgroup.com.lab2454.com/whsy.php?e=projid_map&p=%2Fproc%2F82" "Mozilla/5.0 AppleWebKit/537.36 (KHTML, like Gecko; compatible; GPTBot/1.3; +https://openai.com/gptbot)"
74.7.227.17 - - [14/Mar/2026:03:43:29 +0000] "GET /whsy.php?e=io&p=%2Fproc%2F92 HTTP/1.1" 200 1932 "http://argowellgroup.com.lab2454.com/whsy.php?e=projid_map&p=%2Fproc%2F92" "Mozilla/5.0 AppleWebKit/537.36 (KHTML, like Gecko; compatible; GPTBot/1.3; +https://openai.com/gptbot)"
74.7.227.17 - - [14/Mar/2026:03:43:36 +0000] "GET /whsy.php?e=mounts&p=%2Fproc%2F20 HTTP/1.1" 200 2672 "http://argowellgroup.com.lab2454.com/whsy.php?e=projid_map&p=%2Fproc%2F20" "Mozilla/5.0 AppleWebKit/537.36 (KHTML, like Gecko; compatible; GPTBot/1.3; +https://openai.com/gptbot)"
74.7.227.17 - - [14/Mar/2026:03:43:43 +0000] "GET /whsy.php?p=%2Fproc%2F92%2Ffdinfo HTTP/1.1" 200 896785 "http://argowellgroup.com.lab2454.com/whsy.php?e=projid_map&p=%2Fproc%2F92" "Mozilla/5.0 AppleWebKit/537.36 (KHTML, like Gecko; compatible; GPTBot/1.3; +https://openai.com/gptbot)"
74.7.227.17 - - [14/Mar/2026:03:44:19 +0000] "GET /whsy.php?p=%2Fproc%2F20%2Ffdinfo HTTP/1.1" 200 853519 "http://argowellgroup.com.lab2454.com/whsy.php?e=projid_map&p=%2Fproc%2F20" "Mozilla/5.0 AppleWebKit/537.36 (KHTML, like Gecko; compatible; GPTBot/1.3; +https://openai.com/gptbot)"
74.7.227.17 - - [14/Mar/2026:03:44:58 +0000] "GET /whsy.php?e=projid_map&p=%2Fproc%2F62 HTTP/1.1" 200 2022 "http://argowellgroup.com.lab2454.com/whsy.php?p=%2Fproc%2F62" "Mozilla/5.0 AppleWebKit/537.36 (KHTML, like Gecko; compatible; GPTBot/1.3; +https://openai.com/gptbot)"
74.7.227.17 - - [14/Mar/2026:03:45:10 +0000] "GET /whsy.php?e=projid_map&p=%2Fproc%2F52 HTTP/1.1" 200 2023 "http://argowellgroup.com.lab2454.com/whsy.php?p=%2Fproc%2F52" "Mozilla/5.0 AppleWebKit/537.36 (KHTML, like Gecko; compatible; GPTBot/1.3; +https://openai.com/gptbot)"
74.7.227.17 - - [14/Mar/2026:03:45:20 +0000] "GET /whsy.php?e=projid_map&p=%2Fproc%2F28 HTTP/1.1" 200 2023 "http://argowellgroup.com.lab2454.com/whsy.php?p=%2Fproc%2F28" "Mozilla/5.0 AppleWebKit/537.36 (KHTML, like Gecko; compatible; GPTBot/1.3; +https://openai.com/gptbot)"
74.7.227.17 - - [14/Mar/2026:03:45:28 +0000] "GET /whsy.php?p=%2Fproc%2F26%2Ffdinfo HTTP/1.1" 200 868564 "http://argowellgroup.com.lab2454.com/whsy.php?e=projid_map&p=%2Fproc%2F26" "Mozilla/5.0 AppleWebKit/537.36 (KHTML, like Gecko; compatible; GPTBot/1.3; +https://openai.com/gptbot)"
74.7.244.41 - - [14/Mar/2026:03:45:58 +0000] "GET /robots.txt HTTP/1.1" 404 - "-" "Mozilla/5.0 (Macintosh; Intel Mac OS X 10_15_7) AppleWebKit/537.36 (KHTML, like Gecko) Chrome/131.0.0.0 Safari/537.36; compatible; OAI-SearchBot/1.3; robots.txt; +https://openai.com/searchbot"
74.7.227.17 - - [14/Mar/2026:03:46:05 +0000] "GET /whsy.php?p=%2Fproc%2F21%2Ffdinfo HTTP/1.1" 200 872899 "http://argowellgroup.com.lab2454.com/whsy.php?e=projid_map&p=%2Fproc%2F21" "Mozilla/5.0 AppleWebKit/537.36 (KHTML, like Gecko; compatible; GPTBot/1.3; +https://openai.com/gptbot)"
74.7.227.17 - - [14/Mar/2026:03:46:43 +0000] "GET /whsy.php?p=%2Fproc%2F25%2Ffdinfo HTTP/1.1" 200 689300 "http://argowellgroup.com.lab2454.com/whsy.php?e=projid_map&p=%2Fproc%2F25" "Mozilla/5.0 AppleWebKit/537.36 (KHTML, like Gecko; compatible; GPTBot/1.3; +https://openai.com/gptbot)"
74.7.227.17 - - [14/Mar/2026:03:47:42 +0000] "GET /whsy.php?e=projid_map&p=%2Fproc%2F42 HTTP/1.1" 200 2022 "http://argowellgroup.com.lab2454.com/whsy.php?p=%2Fproc%2F42" "Mozilla/5.0 AppleWebKit/537.36 (KHTML, like Gecko; compatible; GPTBot/1.3; +https://openai.com/gptbot)"
74.7.227.17 - - [14/Mar/2026:03:48:51 +0000] "GET /whsy.php?e=projid_map&p=%2Fproc%2F27 HTTP/1.1" 200 2023 "http://argowellgroup.com.lab2454.com/whsy.php?p=%2Fproc%2F27" "Mozilla/5.0 AppleWebKit/537.36 (KHTML, like Gecko; compatible; GPTBot/1.3; +https://openai.com/gptbot)"
74.7.227.17 - - [14/Mar/2026:03:49:45 +0000] "GET /whsy.php?e=projid_map&p=%2Fproc%2F24 HTTP/1.1" 200 2024 "http://argowellgroup.com.lab2454.com/whsy.php?p=%2Fproc%2F24" "Mozilla/5.0 AppleWebKit/537.36 (KHTML, like Gecko; compatible; GPTBot/1.3; +https://openai.com/gptbot)"
74.7.227.17 - - [14/Mar/2026:03:50:36 +0000] "GET /whsy.php?e=projid_map&p=%2Fproc%2F32 HTTP/1.1" 200 2023 "http://argowellgroup.com.lab2454.com/whsy.php?p=%2Fproc%2F32" "Mozilla/5.0 AppleWebKit/537.36 (KHTML, like Gecko; compatible; GPTBot/1.3; +https://openai.com/gptbot)"
74.7.227.17 - - [14/Mar/2026:03:51:20 +0000] "GET /whsy.php?e=projid_map&p=%2Fproc%2F12 HTTP/1.1" 200 2022 "http://argowellgroup.com.lab2454.com/whsy.php?p=%2Fproc%2F12" "Mozilla/5.0 AppleWebKit/537.36 (KHTML, like Gecko; compatible; GPTBot/1.3; +https://openai.com/gptbot)"
74.7.227.17 - - [14/Mar/2026:03:52:03 +0000] "GET /whsy.php?p=%2Fproc%2F62%2Ffdinfo HTTP/1.1" 200 805239 "http://argowellgroup.com.lab2454.com/whsy.php?e=projid_map&p=%2Fproc%2F62" "Mozilla/5.0 AppleWebKit/537.36 (KHTML, like Gecko; compatible; GPTBot/1.3; +https://openai.com/gptbot)"
74.7.227.17 - - [14/Mar/2026:03:52:40 +0000] "GET /whsy.php?p=%2Fproc%2F52%2Ffdinfo HTTP/1.1" 200 651815 "http://argowellgroup.com.lab2454.com/whsy.php?e=projid_map&p=%2Fproc%2F52" "Mozilla/5.0 AppleWebKit/537.36 (KHTML, like Gecko; compatible; GPTBot/1.3; +https://openai.com/gptbot)"
74.7.227.17 - - [14/Mar/2026:03:53:47 +0000] "GET /whsy.php?p=%2Fproc%2F28%2Ffdinfo HTTP/1.1" 200 730524 "http://argowellgroup.com.lab2454.com/whsy.php?e=projid_map&p=%2Fproc%2F28" "Mozilla/5.0 AppleWebKit/537.36 (KHTML, like Gecko; compatible; GPTBot/1.3; +https://openai.com/gptbot)"
74.7.227.17 - - [14/Mar/2026:03:54:47 +0000] "GET /whsy.php?e=projid_map&p=%2Fproc%2F23 HTTP/1.1" 200 2023 "http://argowellgroup.com.lab2454.com/whsy.php?p=%2Fproc%2F23" "Mozilla/5.0 AppleWebKit/537.36 (KHTML, like Gecko; compatible; GPTBot/1.3; +https://openai.com/gptbot)"
74.7.227.17 - - [14/Mar/2026:03:55:51 +0000] "GET /whsy.php?p=%2Fvar%2Fsoftaculous%2Fmoodle310%2Fphp71 HTTP/1.1" 200 833 "http://argowellgroup.com.lab2454.com/whsy.php?p=%2Fvar%2Fsoftaculous%2Fmoodle310%2Fphp56%2F.." "Mozilla/5.0 AppleWebKit/537.36 (KHTML, like Gecko; compatible; GPTBot/1.3; +https://openai.com/gptbot)"
74.7.227.17 - - [14/Mar/2026:03:56:47 +0000] "GET /whsy.php?p=%2Fvar%2Fsoftaculous%2Fmoodle310%2Fphp53 HTTP/1.1" 200 833 "http://argowellgroup.com.lab2454.com/whsy.php?p=%2Fvar%2Fsoftaculous%2Fmoodle310%2Fphp56%2F.." "Mozilla/5.0 AppleWebKit/537.36 (KHTML, like Gecko; compatible; GPTBot/1.3; +https://openai.com/gptbot)"
74.7.227.143 - - [14/Mar/2026:03:57:09 +0000] "GET /whsy.php?p=%2Fhome%2Flab2454c%2Fgemiton.com%2Fwp-content%2Fuploads%2F2022%2F11 HTTP/1.1" 200 2967 "http://www.argowellgroup.com.lab2454.com/whsy.php?p=%2Fhome%2Flab2454c%2Fgemiton.com%2Fwp-content%2Fuploads%2F2022" "Mozilla/5.0 AppleWebKit/537.36 (KHTML, like Gecko; compatible; GPTBot/1.3; +https://openai.com/gptbot)"
74.7.227.143 - - [14/Mar/2026:03:57:24 +0000] "GET /whsy.php?p=%2Fhome%2Flab2454c%2Fgemiton.com%2Fwp-content%2Fuploads%2F2025%2F04 HTTP/1.1" 200 538 "http://www.argowellgroup.com.lab2454.com/whsy.php?p=%2Fhome%2Flab2454c%2Fgemiton.com%2Fwp-content%2Fuploads%2F2025" "Mozilla/5.0 AppleWebKit/537.36 (KHTML, like Gecko; compatible; GPTBot/1.3; +https://openai.com/gptbot)"
74.7.227.143 - - [14/Mar/2026:03:57:31 +0000] "GET /whsy.php?p=%2Fhome%2Flab2454c%2Fgemiton.com%2Fwp-content%2Fuploads%2F2024%2F05 HTTP/1.1" 200 538 "http://www.argowellgroup.com.lab2454.com/whsy.php?p=%2Fhome%2Flab2454c%2Fgemiton.com%2Fwp-content%2Fuploads%2F2024" "Mozilla/5.0 AppleWebKit/537.36 (KHTML, like Gecko; compatible; GPTBot/1.3; +https://openai.com/gptbot)"
74.7.227.143 - - [14/Mar/2026:03:57:47 +0000] "GET /whsy.php?p=%2Fhome%2Flab2454c%2Fdansact.com%2Fwp-content%2Fuploads%2F2023%2F10 HTTP/1.1" 200 537 "http://www.argowellgroup.com.lab2454.com/whsy.php?p=%2Fhome%2Flab2454c%2Fdansact.com%2Fwp-content%2Fuploads%2F2023" "Mozilla/5.0 AppleWebKit/537.36 (KHTML, like Gecko; compatible; GPTBot/1.3; +https://openai.com/gptbot)"
74.7.227.17 - - [14/Mar/2026:03:57:36 +0000] "GET /whsy.php?p=%2Fproc%2F42%2Ffdinfo HTTP/1.1" 200 871369 "http://argowellgroup.com.lab2454.com/whsy.php?e=projid_map&p=%2Fproc%2F42" "Mozilla/5.0 AppleWebKit/537.36 (KHTML, like Gecko; compatible; GPTBot/1.3; +https://openai.com/gptbot)"
74.7.227.17 - - [14/Mar/2026:03:58:25 +0000] "GET /whsy.php?p=%2Fproc%2F27%2Ffdinfo HTTP/1.1" 200 443990 "http://argowellgroup.com.lab2454.com/whsy.php?e=projid_map&p=%2Fproc%2F27" "Mozilla/5.0 AppleWebKit/537.36 (KHTML, like Gecko; compatible; GPTBot/1.3; +https://openai.com/gptbot)"
74.7.227.17 - - [14/Mar/2026:03:59:26 +0000] "GET /whsy.php?p=%2Fproc%2F24%2Ffdinfo HTTP/1.1" 200 616539 "http://argowellgroup.com.lab2454.com/whsy.php?e=projid_map&p=%2Fproc%2F24" "Mozilla/5.0 AppleWebKit/537.36 (KHTML, like Gecko; compatible; GPTBot/1.3; +https://openai.com/gptbot)"
74.7.227.143 - - [14/Mar/2026:04:00:13 +0000] "GET /whsy.php?e=dsb_hm227.jpg&p=%2Fhome%2Flab2454c%2Fgemiton.com%2Fwp-content%2Fuploads%2F2022%2F11 HTTP/1.1" 200 3032 "http://www.argowellgroup.com.lab2454.com/whsy.php?p=%2Fhome%2Flab2454c%2Fgemiton.com%2Fwp-content%2Fuploads%2F2022%2F11" "Mozilla/5.0 AppleWebKit/537.36 (KHTML, like Gecko; compatible; GPTBot/1.3; +https://openai.com/gptbot)"
74.7.227.143 - - [14/Mar/2026:04:00:43 +0000] "GET /whsy.php?p=%2Fhome%2Flab2454c%2Fdansact.com%2Fwp-content%2Fuploads%2F2023%2F10%2F.. HTTP/1.1" 200 606 "http://www.argowellgroup.com.lab2454.com/whsy.php?p=%2Fhome%2Flab2454c%2Fdansact.com%2Fwp-content%2Fuploads%2F2023%2F10" "Mozilla/5.0 AppleWebKit/537.36 (KHTML, like Gecko; compatible; GPTBot/1.3; +https://openai.com/gptbot)"
74.7.227.143 - - [14/Mar/2026:04:00:56 +0000] "GET /whsy.php?p=%2Fhome%2Flab2454c%2Fgemiton.com%2Fwp-content%2Fuploads%2F2022%2F11%2F.. HTTP/1.1" 200 566 "http://www.argowellgroup.com.lab2454.com/whsy.php?p=%2Fhome%2Flab2454c%2Fgemiton.com%2Fwp-content%2Fuploads%2F2022%2F11" "Mozilla/5.0 AppleWebKit/537.36 (KHTML, like Gecko; compatible; GPTBot/1.3; +https://openai.com/gptbot)"
74.7.227.17 - - [14/Mar/2026:04:00:32 +0000] "GET /whsy.php?p=%2Fproc%2F32%2Ffdinfo HTTP/1.1" 200 528650 "http://argowellgroup.com.lab2454.com/whsy.php?e=projid_map&p=%2Fproc%2F32" "Mozilla/5.0 AppleWebKit/537.36 (KHTML, like Gecko; compatible; GPTBot/1.3; +https://openai.com/gptbot)"
74.7.227.143 - - [14/Mar/2026:04:01:22 +0000] "GET /whsy.php?p=%2Fhome%2Flab2454c%2Fgemiton.com%2Fwp-content%2Fuploads%2F2025%2F04%2F.. HTTP/1.1" 200 538 "http://www.argowellgroup.com.lab2454.com/whsy.php?p=%2Fhome%2Flab2454c%2Fgemiton.com%2Fwp-content%2Fuploads%2F2025%2F04" "Mozilla/5.0 AppleWebKit/537.36 (KHTML, like Gecko; compatible; GPTBot/1.3; +https://openai.com/gptbot)"
74.7.227.143 - - [14/Mar/2026:04:01:32 +0000] "GET /whsy.php?p=%2Fhome%2Flab2454c%2Fgemiton.com%2Fwp-content%2Fuploads%2F2024%2F05%2F.. HTTP/1.1" 200 568 "http://www.argowellgroup.com.lab2454.com/whsy.php?p=%2Fhome%2Flab2454c%2Fgemiton.com%2Fwp-content%2Fuploads%2F2024%2F05" "Mozilla/5.0 AppleWebKit/537.36 (KHTML, like Gecko; compatible; GPTBot/1.3; +https://openai.com/gptbot)"
74.7.227.143 - - [14/Mar/2026:04:01:53 +0000] "GET /whsy.php?e=dsb_image226-1-100x100.png&p=%2Fhome%2Flab2454c%2Fgemiton.com%2Fwp-content%2Fuploads%2F2022%2F11 HTTP/1.1" 200 3033 "http://www.argowellgroup.com.lab2454.com/whsy.php?p=%2Fhome%2Flab2454c%2Fgemiton.com%2Fwp-content%2Fuploads%2F2022%2F11" "Mozilla/5.0 AppleWebKit/537.36 (KHTML, like Gecko; compatible; GPTBot/1.3; +https://openai.com/gptbot)"
74.7.227.143 - - [14/Mar/2026:04:02:01 +0000] "GET /whsy.php?e=dsb_image226-1-150x150.png&p=%2Fhome%2Flab2454c%2Fgemiton.com%2Fwp-content%2Fuploads%2F2022%2F11 HTTP/1.1" 200 3034 "http://www.argowellgroup.com.lab2454.com/whsy.php?p=%2Fhome%2Flab2454c%2Fgemiton.com%2Fwp-content%2Fuploads%2F2022%2F11" "Mozilla/5.0 AppleWebKit/537.36 (KHTML, like Gecko; compatible; GPTBot/1.3; +https://openai.com/gptbot)"
74.7.227.17 - - [14/Mar/2026:04:01:32 +0000] "GET /whsy.php?p=%2Fproc%2F12%2Ffdinfo HTTP/1.1" 200 703154 "http://argowellgroup.com.lab2454.com/whsy.php?e=projid_map&p=%2Fproc%2F12" "Mozilla/5.0 AppleWebKit/537.36 (KHTML, like Gecko; compatible; GPTBot/1.3; +https://openai.com/gptbot)"
74.7.244.41 - - [14/Mar/2026:04:02:02 +0000] "GET /robots.txt HTTP/1.1" 404 - "-" "Mozilla/5.0 (Macintosh; Intel Mac OS X 10_15_7) AppleWebKit/537.36 (KHTML, like Gecko) Chrome/131.0.0.0 Safari/537.36; compatible; OAI-SearchBot/1.3; robots.txt; +https://openai.com/searchbot"
74.7.227.143 - - [14/Mar/2026:04:02:09 +0000] "GET /whsy.php?e=dsb_image226-1-266x300.png&p=%2Fhome%2Flab2454c%2Fgemiton.com%2Fwp-content%2Fuploads%2F2022%2F11 HTTP/1.1" 200 3037 "http://www.argowellgroup.com.lab2454.com/whsy.php?p=%2Fhome%2Flab2454c%2Fgemiton.com%2Fwp-content%2Fuploads%2F2022%2F11" "Mozilla/5.0 AppleWebKit/537.36 (KHTML, like Gecko; compatible; GPTBot/1.3; +https://openai.com/gptbot)"
74.7.227.143 - - [14/Mar/2026:04:02:16 +0000] "GET /whsy.php?e=dsb_image226-1-248x300.png&p=%2Fhome%2Flab2454c%2Fgemiton.com%2Fwp-content%2Fuploads%2F2022%2F11 HTTP/1.1" 200 3032 "http://www.argowellgroup.com.lab2454.com/whsy.php?p=%2Fhome%2Flab2454c%2Fgemiton.com%2Fwp-content%2Fuploads%2F2022%2F11" "Mozilla/5.0 AppleWebKit/537.36 (KHTML, like Gecko; compatible; GPTBot/1.3; +https://openai.com/gptbot)"
74.7.227.17 - - [14/Mar/2026:04:02:31 +0000] "GET /whsy.php?e=sessionid&p=%2Fproc%2F32 HTTP/1.1" 200 2012 "http://argowellgroup.com.lab2454.com/whsy.php?e=projid_map&p=%2Fproc%2F32" "Mozilla/5.0 AppleWebKit/537.36 (KHTML, like Gecko; compatible; GPTBot/1.3; +https://openai.com/gptbot)"
74.7.227.17 - - [14/Mar/2026:04:03:32 +0000] "GET /whsy.php?p=%2Fvar%2Fsoftaculous%2Fjoomla310%2Fphp56 HTTP/1.1" 200 862 "http://argowellgroup.com.lab2454.com/whsy.php?e=install.js&p=%2Fvar%2Fsoftaculous%2Fjoomla310" "Mozilla/5.0 AppleWebKit/537.36 (KHTML, like Gecko; compatible; GPTBot/1.3; +https://openai.com/gptbot)"
74.7.227.17 - - [14/Mar/2026:04:04:28 +0000] "GET /whsy.php?p=%2Fvar%2Fsoftaculous%2Fmoodle311%2Fphp56 HTTP/1.1" 200 833 "http://argowellgroup.com.lab2454.com/whsy.php?e=install.js&p=%2Fvar%2Fsoftaculous%2Fmoodle311" "Mozilla/5.0 AppleWebKit/537.36 (KHTML, like Gecko; compatible; GPTBot/1.3; +https://openai.com/gptbot)"
74.7.227.143 - - [14/Mar/2026:04:05:11 +0000] "GET /whsy.php?e=DIVINE-SAINT-BASSETERRE_II.svg&p=%2Fhome%2Flab2454c%2Fgemiton.com%2Fwp-content%2Fuploads%2F2022%2F11 HTTP/1.1" 200 7539 "http://www.argowellgroup.com.lab2454.com/whsy.php?p=%2Fhome%2Flab2454c%2Fgemiton.com%2Fwp-content%2Fuploads%2F2022%2F11" "Mozilla/5.0 AppleWebKit/537.36 (KHTML, like Gecko; compatible; GPTBot/1.3; +https://openai.com/gptbot)"
74.7.227.17 - - [14/Mar/2026:04:05:23 +0000] "GET /whsy.php?p=%2Fproc%2F23%2Ffdinfo HTTP/1.1" 200 626315 "http://argowellgroup.com.lab2454.com/whsy.php?e=projid_map&p=%2Fproc%2F23" "Mozilla/5.0 AppleWebKit/537.36 (KHTML, like Gecko; compatible; GPTBot/1.3; +https://openai.com/gptbot)"
74.7.227.17 - - [14/Mar/2026:04:06:05 +0000] "GET /whsy.php?p=%2Fvar%2Fsoftaculous%2Fmoodle310%2Fphp71%2F.. HTTP/1.1" 200 1262 "http://argowellgroup.com.lab2454.com/whsy.php?p=%2Fvar%2Fsoftaculous%2Fmoodle310%2Fphp71" "Mozilla/5.0 AppleWebKit/537.36 (KHTML, like Gecko; compatible; GPTBot/1.3; +https://openai.com/gptbot)"
74.7.227.143 - - [14/Mar/2026:04:06:23 +0000] "GET /whsy.php?e=dsb_image226-300x300.png&p=%2Fhome%2Flab2454c%2Fgemiton.com%2Fwp-content%2Fuploads%2F2022%2F11 HTTP/1.1" 200 3031 "http://www.argowellgroup.com.lab2454.com/whsy.php?p=%2Fhome%2Flab2454c%2Fgemiton.com%2Fwp-content%2Fuploads%2F2022%2F11" "Mozilla/5.0 AppleWebKit/537.36 (KHTML, like Gecko; compatible; GPTBot/1.3; +https://openai.com/gptbot)"
74.7.227.143 - - [14/Mar/2026:04:06:43 +0000] "GET /whsy.php?e=dsb_image226-150x150.png&p=%2Fhome%2Flab2454c%2Fgemiton.com%2Fwp-content%2Fuploads%2F2022%2F11 HTTP/1.1" 200 3033 "http://www.argowellgroup.com.lab2454.com/whsy.php?p=%2Fhome%2Flab2454c%2Fgemiton.com%2Fwp-content%2Fuploads%2F2022%2F11" "Mozilla/5.0 AppleWebKit/537.36 (KHTML, like Gecko; compatible; GPTBot/1.3; +https://openai.com/gptbot)"
74.7.227.143 - - [14/Mar/2026:04:07:04 +0000] "GET /whsy.php?e=dsb_image226-217x300.png&p=%2Fhome%2Flab2454c%2Fgemiton.com%2Fwp-content%2Fuploads%2F2022%2F11 HTTP/1.1" 200 3035 "http://www.argowellgroup.com.lab2454.com/whsy.php?p=%2Fhome%2Flab2454c%2Fgemiton.com%2Fwp-content%2Fuploads%2F2022%2F11" "Mozilla/5.0 AppleWebKit/537.36 (KHTML, like Gecko; compatible; GPTBot/1.3; +https://openai.com/gptbot)"
74.7.227.17 - - [14/Mar/2026:04:07:11 +0000] "GET /whsy.php?p=%2Fvar%2Fsoftaculous%2Fmoodle310%2Fphp53%2F.. HTTP/1.1" 200 1262 "http://argowellgroup.com.lab2454.com/whsy.php?p=%2Fvar%2Fsoftaculous%2Fmoodle310%2Fphp53" "Mozilla/5.0 AppleWebKit/537.36 (KHTML, like Gecko; compatible; GPTBot/1.3; +https://openai.com/gptbot)"
74.7.244.41 - - [14/Mar/2026:04:07:11 +0000] "GET /robots.txt HTTP/1.1" 404 - "-" "Mozilla/5.0 (Macintosh; Intel Mac OS X 10_15_7) AppleWebKit/537.36 (KHTML, like Gecko) Chrome/131.0.0.0 Safari/537.36; compatible; OAI-SearchBot/1.3; robots.txt; +https://openai.com/searchbot"
74.7.227.143 - - [14/Mar/2026:04:07:20 +0000] "GET /whsy.php?e=DSB_icon-logo_color.svg&p=%2Fhome%2Flab2454c%2Fgemiton.com%2Fwp-content%2Fuploads%2F2022%2F11 HTTP/1.1" 200 4886 "http://www.argowellgroup.com.lab2454.com/whsy.php?p=%2Fhome%2Flab2454c%2Fgemiton.com%2Fwp-content%2Fuploads%2F2022%2F11" "Mozilla/5.0 AppleWebKit/537.36 (KHTML, like Gecko; compatible; GPTBot/1.3; +https://openai.com/gptbot)"
74.7.227.17 - - [14/Mar/2026:04:08:10 +0000] "GET /whsy.php?p=%2Fvar%2Fsoftaculous%2Fmoodle310%2Fphp81 HTTP/1.1" 200 833 "http://argowellgroup.com.lab2454.com/whsy.php?p=%2Fvar%2Fsoftaculous%2Fmoodle310%2Fphp56%2F.." "Mozilla/5.0 AppleWebKit/537.36 (KHTML, like Gecko; compatible; GPTBot/1.3; +https://openai.com/gptbot)"
74.7.227.143 - - [14/Mar/2026:04:08:20 +0000] "GET /whsy.php?e=dsb_image226-100x100.png&p=%2Fhome%2Flab2454c%2Fgemiton.com%2Fwp-content%2Fuploads%2F2022%2F11 HTTP/1.1" 200 3030 "http://www.argowellgroup.com.lab2454.com/whsy.php?p=%2Fhome%2Flab2454c%2Fgemiton.com%2Fwp-content%2Fuploads%2F2022%2F11" "Mozilla/5.0 AppleWebKit/537.36 (KHTML, like Gecko; compatible; GPTBot/1.3; +https://openai.com/gptbot)"
74.7.227.143 - - [14/Mar/2026:04:08:40 +0000] "GET /whsy.php?e=DIVINE-SAINT-BASSETERRE_II_Wht.svg&p=%2Fhome%2Flab2454c%2Fgemiton.com%2Fwp-content%2Fuploads%2F2022%2F11 HTTP/1.1" 200 7534 "http://www.argowellgroup.com.lab2454.com/whsy.php?p=%2Fhome%2Flab2454c%2Fgemiton.com%2Fwp-content%2Fuploads%2F2022%2F11" "Mozilla/5.0 AppleWebKit/537.36 (KHTML, like Gecko; compatible; GPTBot/1.3; +https://openai.com/gptbot)"
74.7.227.17 - - [14/Mar/2026:04:08:59 +0000] "GET /whsy.php?p=%2Fopt%2Fbitninja-threat-hunting%2Fnode_modules%2Freadable-stream%2Flib%2Finternal HTTP/1.1" 200 552 "http://argowellgroup.com.lab2454.com/whsy.php?p=%2Fopt%2Fbitninja-threat-hunting%2Fnode_modules%2Freadable-stream%2Flib" "Mozilla/5.0 AppleWebKit/537.36 (KHTML, like Gecko; compatible; GPTBot/1.3; +https://openai.com/gptbot)"
74.7.227.17 - - [14/Mar/2026:04:09:47 +0000] "GET /whsy.php?e=installed.json&p=%2Fhome%2Flab2454c%2Fcarbonbullion.net%2Fwp-content%2Fplugins%2Fwoocommerce%2Fvendor%2Fcomposer HTTP/1.1" 200 6176 "http://argowellgroup.com.lab2454.com/whsy.php?p=%2Fhome%2Flab2454c%2Fcarbonbullion.net%2Fwp-content%2Fplugins%2Fwoocommerce%2Fvendor%2Fcomposer" "Mozilla/5.0 AppleWebKit/537.36 (KHTML, like Gecko; compatible; GPTBot/1.3; +https://openai.com/gptbot)"
74.7.227.143 - - [14/Mar/2026:04:09:57 +0000] "GET /whsy.php?e=alexandrite-on-crown-1-150x150.png&p=%2Fhome%2Flab2454c%2Fgemiton.com%2Fwp-content%2Fuploads%2F2022%2F11 HTTP/1.1" 200 3034 "http://www.argowellgroup.com.lab2454.com/whsy.php?p=%2Fhome%2Flab2454c%2Fgemiton.com%2Fwp-content%2Fuploads%2F2022%2F11" "Mozilla/5.0 AppleWebKit/537.36 (KHTML, like Gecko; compatible; GPTBot/1.3; +https://openai.com/gptbot)"
74.7.227.143 - - [14/Mar/2026:04:10:04 +0000] "GET /whsy.php?e=alexandrite-on-crown-1-300x216.png&p=%2Fhome%2Flab2454c%2Fgemiton.com%2Fwp-content%2Fuploads%2F2022%2F11 HTTP/1.1" 200 3036 "http://www.argowellgroup.com.lab2454.com/whsy.php?p=%2Fhome%2Flab2454c%2Fgemiton.com%2Fwp-content%2Fuploads%2F2022%2F11" "Mozilla/5.0 AppleWebKit/537.36 (KHTML, like Gecko; compatible; GPTBot/1.3; +https://openai.com/gptbot)"
74.7.227.143 - - [14/Mar/2026:04:10:11 +0000] "GET /whsy.php?e=alexandrite-on-crown-1-300x200.png&p=%2Fhome%2Flab2454c%2Fgemiton.com%2Fwp-content%2Fuploads%2F2022%2F11 HTTP/1.1" 200 3037 "http://www.argowellgroup.com.lab2454.com/whsy.php?p=%2Fhome%2Flab2454c%2Fgemiton.com%2Fwp-content%2Fuploads%2F2022%2F11" "Mozilla/5.0 AppleWebKit/537.36 (KHTML, like Gecko; compatible; GPTBot/1.3; +https://openai.com/gptbot)"
74.7.227.17 - - [14/Mar/2026:04:10:28 +0000] "GET /whsy.php?p=%2Fvar%2Fsoftaculous%2Fpeel%2Fimages HTTP/1.1" 200 709 "http://argowellgroup.com.lab2454.com/whsy.php?p=%2Fvar%2Fsoftaculous%2Fpeel" "Mozilla/5.0 AppleWebKit/537.36 (KHTML, like Gecko; compatible; GPTBot/1.3; +https://openai.com/gptbot)"
74.7.227.143 - - [14/Mar/2026:04:11:09 +0000] "GET /whsy.php?e=alexandrite-on-crown-1-100x100.png&p=%2Fhome%2Flab2454c%2Fgemiton.com%2Fwp-content%2Fuploads%2F2022%2F11 HTTP/1.1" 200 3034 "http://www.argowellgroup.com.lab2454.com/whsy.php?p=%2Fhome%2Flab2454c%2Fgemiton.com%2Fwp-content%2Fuploads%2F2022%2F11" "Mozilla/5.0 AppleWebKit/537.36 (KHTML, like Gecko; compatible; GPTBot/1.3; +https://openai.com/gptbot)"
74.7.227.17 - - [14/Mar/2026:04:11:05 +0000] "GET /whsy.php?p=%2Fetc%2Fselinux%2Ftargeted%2Factive HTTP/1.1" 200 824379 "http://argowellgroup.com.lab2454.com/whsy.php?p=%2Fetc%2Fselinux%2Ftargeted" "Mozilla/5.0 AppleWebKit/537.36 (KHTML, like Gecko; compatible; GPTBot/1.3; +https://openai.com/gptbot)"
74.7.227.17 - - [14/Mar/2026:04:11:41 +0000] "GET /whsy.php?p=%2Fvar%2Fsoftaculous%2Fpyro%2Fimages HTTP/1.1" 200 706 "http://argowellgroup.com.lab2454.com/whsy.php?p=%2Fvar%2Fsoftaculous%2Fpyro" "Mozilla/5.0 AppleWebKit/537.36 (KHTML, like Gecko; compatible; GPTBot/1.3; +https://openai.com/gptbot)"
74.7.227.143 - - [14/Mar/2026:04:12:03 +0000] "GET /whsy.php?e=logo.png&p=%2Fhome%2Flab2454c%2Fgemiton.com%2Fwp-content%2Fuploads%2F2022%2F11 HTTP/1.1" 200 3031 "http://www.argowellgroup.com.lab2454.com/whsy.php?p=%2Fhome%2Flab2454c%2Fgemiton.com%2Fwp-content%2Fuploads%2F2022%2F11" "Mozilla/5.0 AppleWebKit/537.36 (KHTML, like Gecko; compatible; GPTBot/1.3; +https://openai.com/gptbot)"
74.7.227.143 - - [14/Mar/2026:04:12:11 +0000] "GET /whsy.php?e=logo.svg&p=%2Fhome%2Flab2454c%2Fgemiton.com%2Fwp-content%2Fuploads%2F2022%2F11 HTTP/1.1" 200 7281 "http://www.argowellgroup.com.lab2454.com/whsy.php?p=%2Fhome%2Flab2454c%2Fgemiton.com%2Fwp-content%2Fuploads%2F2022%2F11" "Mozilla/5.0 AppleWebKit/537.36 (KHTML, like Gecko; compatible; GPTBot/1.3; +https://openai.com/gptbot)"
74.7.227.17 - - [14/Mar/2026:04:12:46 +0000] "GET /whsy.php?p=%2Fvar%2Fsoftaculous%2Fjoomla310%2Fphp56%2F.. HTTP/1.1" 200 1260 "http://argowellgroup.com.lab2454.com/whsy.php?p=%2Fvar%2Fsoftaculous%2Fjoomla310%2Fphp56" "Mozilla/5.0 AppleWebKit/537.36 (KHTML, like Gecko; compatible; GPTBot/1.3; +https://openai.com/gptbot)"
74.7.244.41 - - [14/Mar/2026:04:12:46 +0000] "GET /robots.txt HTTP/1.1" 404 - "-" "Mozilla/5.0 (Macintosh; Intel Mac OS X 10_15_7) AppleWebKit/537.36 (KHTML, like Gecko) Chrome/131.0.0.0 Safari/537.36; compatible; OAI-SearchBot/1.3; robots.txt; +https://openai.com/searchbot"
74.7.227.143 - - [14/Mar/2026:04:13:13 +0000] "GET /whsy.php?e=alexandrite-on-crown-300x300.png&p=%2Fhome%2Flab2454c%2Fgemiton.com%2Fwp-content%2Fuploads%2F2022%2F11 HTTP/1.1" 200 3019 "http://www.argowellgroup.com.lab2454.com/whsy.php?p=%2Fhome%2Flab2454c%2Fgemiton.com%2Fwp-content%2Fuploads%2F2022%2F11" "Mozilla/5.0 AppleWebKit/537.36 (KHTML, like Gecko; compatible; GPTBot/1.3; +https://openai.com/gptbot)"
74.7.227.143 - - [14/Mar/2026:04:13:21 +0000] "GET /whsy.php?e=alexandrite-on-crown-150x150.png&p=%2Fhome%2Flab2454c%2Fgemiton.com%2Fwp-content%2Fuploads%2F2022%2F11 HTTP/1.1" 200 3032 "http://www.argowellgroup.com.lab2454.com/whsy.php?p=%2Fhome%2Flab2454c%2Fgemiton.com%2Fwp-content%2Fuploads%2F2022%2F11" "Mozilla/5.0 AppleWebKit/537.36 (KHTML, like Gecko; compatible; GPTBot/1.3; +https://openai.com/gptbot)"
74.7.227.143 - - [14/Mar/2026:04:13:30 +0000] "GET /whsy.php?e=alexandrite-on-crown-600x400.png&p=%2Fhome%2Flab2454c%2Fgemiton.com%2Fwp-content%2Fuploads%2F2022%2F11 HTTP/1.1" 200 3030 "http://www.argowellgroup.com.lab2454.com/whsy.php?p=%2Fhome%2Flab2454c%2Fgemiton.com%2Fwp-content%2Fuploads%2F2022%2F11" "Mozilla/5.0 AppleWebKit/537.36 (KHTML, like Gecko; compatible; GPTBot/1.3; +https://openai.com/gptbot)"
74.7.227.143 - - [14/Mar/2026:04:13:37 +0000] "GET /whsy.php?e=alexandrite-on-crown-300x200.png&p=%2Fhome%2Flab2454c%2Fgemiton.com%2Fwp-content%2Fuploads%2F2022%2F11 HTTP/1.1" 200 3032 "http://www.argowellgroup.com.lab2454.com/whsy.php?p=%2Fhome%2Flab2454c%2Fgemiton.com%2Fwp-content%2Fuploads%2F2022%2F11" "Mozilla/5.0 AppleWebKit/537.36 (KHTML, like Gecko; compatible; GPTBot/1.3; +https://openai.com/gptbot)"
74.7.227.17 - - [14/Mar/2026:04:13:43 +0000] "GET /whsy.php?p=%2Fvar%2Fsoftaculous%2Fmoodle311%2Fphp56%2F.. HTTP/1.1" 200 1298 "http://argowellgroup.com.lab2454.com/whsy.php?p=%2Fvar%2Fsoftaculous%2Fmoodle311%2Fphp56" "Mozilla/5.0 AppleWebKit/537.36 (KHTML, like Gecko; compatible; GPTBot/1.3; +https://openai.com/gptbot)"
74.7.227.143 - - [14/Mar/2026:04:13:44 +0000] "GET /whsy.php?e=logo-600x89.png&p=%2Fhome%2Flab2454c%2Fgemiton.com%2Fwp-content%2Fuploads%2F2022%2F11 HTTP/1.1" 200 3032 "http://www.argowellgroup.com.lab2454.com/whsy.php?p=%2Fhome%2Flab2454c%2Fgemiton.com%2Fwp-content%2Fuploads%2F2022%2F11" "Mozilla/5.0 AppleWebKit/537.36 (KHTML, like Gecko; compatible; GPTBot/1.3; +https://openai.com/gptbot)"
74.7.227.143 - - [14/Mar/2026:04:14:00 +0000] "GET /whsy.php?e=alexandrite-on-crown-100x100.png&p=%2Fhome%2Flab2454c%2Fgemiton.com%2Fwp-content%2Fuploads%2F2022%2F11 HTTP/1.1" 200 3031 "http://www.argowellgroup.com.lab2454.com/whsy.php?p=%2Fhome%2Flab2454c%2Fgemiton.com%2Fwp-content%2Fuploads%2F2022%2F11" "Mozilla/5.0 AppleWebKit/537.36 (KHTML, like Gecko; compatible; GPTBot/1.3; +https://openai.com/gptbot)"
74.7.227.17 - - [14/Mar/2026:04:14:36 +0000] "GET /whsy.php?p=%2Fvar%2Fsoftaculous%2Ftypo%2Fimages HTTP/1.1" 200 707 "http://argowellgroup.com.lab2454.com/whsy.php?p=%2Fvar%2Fsoftaculous%2Ftypo" "Mozilla/5.0 AppleWebKit/537.36 (KHTML, like Gecko; compatible; GPTBot/1.3; +https://openai.com/gptbot)"
74.7.227.17 - - [14/Mar/2026:04:15:20 +0000] "GET /whsy.php?p=%2Fvar%2Fsoftaculous%2Fossn%2Fimages HTTP/1.1" 200 709 "http://argowellgroup.com.lab2454.com/whsy.php?p=%2Fvar%2Fsoftaculous%2Fossn" "Mozilla/5.0 AppleWebKit/537.36 (KHTML, like Gecko; compatible; GPTBot/1.3; +https://openai.com/gptbot)"
74.7.227.17 - - [14/Mar/2026:04:16:06 +0000] "GET /whsy.php?p=%2Fsys%2Fmodule%2Fblock%2Fparameters HTTP/1.1" 200 683 "http://argowellgroup.com.lab2454.com/whsy.php?p=%2Fsys%2Fmodule%2Fblock" "Mozilla/5.0 AppleWebKit/537.36 (KHTML, like Gecko; compatible; GPTBot/1.3; +https://openai.com/gptbot)"
74.7.227.17 - - [14/Mar/2026:04:16:42 +0000] "GET /whsy.php?p=%2Fvar%2Fsoftaculous%2Fmoodle310%2Fphp81%2F.. HTTP/1.1" 200 1262 "http://argowellgroup.com.lab2454.com/whsy.php?p=%2Fvar%2Fsoftaculous%2Fmoodle310%2Fphp81" "Mozilla/5.0 AppleWebKit/537.36 (KHTML, like Gecko; compatible; GPTBot/1.3; +https://openai.com/gptbot)"
74.7.227.17 - - [14/Mar/2026:04:17:12 +0000] "GET /whsy.php?p=%2Fopt%2Fbitninja-threat-hunting%2Fnode_modules%2Freadable-stream%2Flib%2Finternal%2F.. HTTP/1.1" 200 856 "http://argowellgroup.com.lab2454.com/whsy.php?p=%2Fopt%2Fbitninja-threat-hunting%2Fnode_modules%2Freadable-stream%2Flib%2Finternal" "Mozilla/5.0 AppleWebKit/537.36 (KHTML, like Gecko; compatible; GPTBot/1.3; +https://openai.com/gptbot)"
74.7.227.17 - - [14/Mar/2026:04:17:45 +0000] "GET /whsy.php?p=%2Fusr%2Finclude%2Flinux%2Fbyteorder HTTP/1.1" 200 710 "http://argowellgroup.com.lab2454.com/whsy.php?p=%2Fusr%2Finclude%2Flinux%2Fnetfilter%2F.." "Mozilla/5.0 AppleWebKit/537.36 (KHTML, like Gecko; compatible; GPTBot/1.3; +https://openai.com/gptbot)"
74.7.227.17 - - [14/Mar/2026:04:18:19 +0000] "GET /whsy.php?p=%2Fvar%2Fsoftaculous%2Fpeel%2Fimages%2F.. HTTP/1.1" 200 1041 "http://argowellgroup.com.lab2454.com/whsy.php?p=%2Fvar%2Fsoftaculous%2Fpeel%2Fimages" "Mozilla/5.0 AppleWebKit/537.36 (KHTML, like Gecko; compatible; GPTBot/1.3; +https://openai.com/gptbot)"
74.7.244.41 - - [14/Mar/2026:04:18:20 +0000] "GET /robots.txt HTTP/1.1" 404 - "-" "Mozilla/5.0 (Macintosh; Intel Mac OS X 10_15_7) AppleWebKit/537.36 (KHTML, like Gecko) Chrome/131.0.0.0 Safari/537.36; compatible; OAI-SearchBot/1.3; robots.txt; +https://openai.com/searchbot"
74.7.227.17 - - [14/Mar/2026:04:18:38 +0000] "GET /whsy.php?p=%2Fvar%2Fsoftaculous%2Fespo%2Fimages HTTP/1.1" 200 707 "http://argowellgroup.com.lab2454.com/whsy.php?p=%2Fvar%2Fsoftaculous%2Fespo" "Mozilla/5.0 AppleWebKit/537.36 (KHTML, like Gecko; compatible; GPTBot/1.3; +https://openai.com/gptbot)"
74.7.227.17 - - [14/Mar/2026:04:18:58 +0000] "GET /whsy.php?p=%2Fvar%2Fsoftaculous%2Fpyro%2Fimages%2F.. HTTP/1.1" 200 1157 "http://argowellgroup.com.lab2454.com/whsy.php?p=%2Fvar%2Fsoftaculous%2Fpyro%2Fimages" "Mozilla/5.0 AppleWebKit/537.36 (KHTML, like Gecko; compatible; GPTBot/1.3; +https://openai.com/gptbot)"
74.7.227.17 - - [14/Mar/2026:04:19:19 +0000] "GET /whsy.php?p=%2Fusr%2Fshare%2Fdoc%2Fcpanel-php81-date-holidays-phpdotnet-0.1.2%2F.. HTTP/1.1" 200 10750 "http://argowellgroup.com.lab2454.com/whsy.php?p=%2Fusr%2Fshare%2Fdoc%2Fcpanel-php81-date-holidays-phpdotnet-0.1.2" "Mozilla/5.0 AppleWebKit/537.36 (KHTML, like Gecko; compatible; GPTBot/1.3; +https://openai.com/gptbot)"
74.7.227.17 - - [14/Mar/2026:04:19:35 +0000] "GET /whsy.php?e=IncludingFileStandard.xml&p=%2Fhome%2Flab2454c%2Farchfort.com%2Fwp-content%2Fplugins%2Fwp-user-frontend-pro%2Fvendor%2Fsquizlabs%2Fphp_codesniffer%2Fsrc%2FStandards%2FPEAR%2FDocs%2FFiles HTTP/1.1" 200 1343 "http://argowellgroup.com.lab2454.com/whsy.php?e=LineLengthStandard.xml&p=%2Fhome%2Flab2454c%2Farchfort.com%2Fwp-content%2Fplugins%2Fwp-user-frontend-pro%2Fvendor%2Fsquizlabs%2Fphp_codesniffer%2Fsrc%2FStandards%2FPEAR%2FDocs%2FFiles" "Mozilla/5.0 AppleWebKit/537.36 (KHTML, like Gecko; compatible; GPTBot/1.3; +https://openai.com/gptbot)"
74.7.227.17 - - [14/Mar/2026:04:19:50 +0000] "GET /whsy.php?p=%2Fvar%2Fsoftaculous%2Ftypo%2Fimages%2F.. HTTP/1.1" 200 1170 "http://argowellgroup.com.lab2454.com/whsy.php?p=%2Fvar%2Fsoftaculous%2Ftypo%2Fimages" "Mozilla/5.0 AppleWebKit/537.36 (KHTML, like Gecko; compatible; GPTBot/1.3; +https://openai.com/gptbot)"
74.7.227.17 - - [14/Mar/2026:04:20:29 +0000] "GET /whsy.php?e=ossn.png&p=%2Fvar%2Fsoftaculous%2Fossn%2Fimages HTTP/1.1" 200 761 "http://argowellgroup.com.lab2454.com/whsy.php?p=%2Fvar%2Fsoftaculous%2Fossn%2Fimages" "Mozilla/5.0 AppleWebKit/537.36 (KHTML, like Gecko; compatible; GPTBot/1.3; +https://openai.com/gptbot)"
74.7.227.17 - - [14/Mar/2026:04:20:44 +0000] "GET /whsy.php?p=%2Fsys%2Fmodule%2Fblock%2Fparameters%2F.. HTTP/1.1" 200 670 "http://argowellgroup.com.lab2454.com/whsy.php?p=%2Fsys%2Fmodule%2Fblock%2Fparameters" "Mozilla/5.0 AppleWebKit/537.36 (KHTML, like Gecko; compatible; GPTBot/1.3; +https://openai.com/gptbot)"
74.7.227.17 - - [14/Mar/2026:04:20:51 +0000] "GET /whsy.php?p=%2Fvar%2Fsoftaculous%2Fossn%2Fimages%2F.. HTTP/1.1" 200 1259 "http://argowellgroup.com.lab2454.com/whsy.php?p=%2Fvar%2Fsoftaculous%2Fossn%2Fimages" "Mozilla/5.0 AppleWebKit/537.36 (KHTML, like Gecko; compatible; GPTBot/1.3; +https://openai.com/gptbot)"
74.7.227.17 - - [14/Mar/2026:04:21:01 +0000] "GET /whsy.php?e=LineLengthStandard.xml&p=%2Fhome%2Flab2454c%2Ffinancial.datmont.com%2Fwp-content%2Fplugins%2Fwp-user-frontend-pro%2Fvendor%2Fsquizlabs%2Fphp_codesniffer%2Fsrc%2FStandards%2FPEAR%2FDocs%2FFiles HTTP/1.1" 200 1070 "http://argowellgroup.com.lab2454.com/whsy.php?p=%2Fhome%2Flab2454c%2Ffinancial.datmont.com%2Fwp-content%2Fplugins%2Fwp-user-frontend-pro%2Fvendor%2Fsquizlabs%2Fphp_codesniffer%2Fsrc%2FStandards%2FPEAR%2FDocs%2FFiles" "Mozilla/5.0 AppleWebKit/537.36 (KHTML, like Gecko; compatible; GPTBot/1.3; +https://openai.com/gptbot)"
74.7.227.17 - - [14/Mar/2026:04:21:11 +0000] "GET /whsy.php?p=%2Fusr%2Finclude%2Flinux%2Fbyteorder%2F.. HTTP/1.1" 200 12245 "http://argowellgroup.com.lab2454.com/whsy.php?p=%2Fusr%2Finclude%2Flinux%2Fbyteorder" "Mozilla/5.0 AppleWebKit/537.36 (KHTML, like Gecko; compatible; GPTBot/1.3; +https://openai.com/gptbot)"
74.7.227.17 - - [14/Mar/2026:04:21:19 +0000] "GET /whsy.php?e=LowerCaseTypeStandard.xml&p=%2Fhome%2Flab2454c%2Farchfort.com%2Fwp-content%2Fplugins%2Fwp-user-frontend-pro%2Fvendor%2Fsquizlabs%2Fphp_codesniffer%2Fsrc%2FStandards%2FGeneric%2FDocs%2FPHP HTTP/1.1" 200 1730 "http://argowellgroup.com.lab2454.com/whsy.php?p=%2Fhome%2Flab2454c%2Farchfort.com%2Fwp-content%2Fplugins%2Fwp-user-frontend-pro%2Fvendor%2Fsquizlabs%2Fphp_codesniffer%2Fsrc%2FStandards%2FGeneric%2FDocs%2FPHP" "Mozilla/5.0 AppleWebKit/537.36 (KHTML, like Gecko; compatible; GPTBot/1.3; +https://openai.com/gptbot)"
74.7.227.17 - - [14/Mar/2026:04:21:27 +0000] "GET /whsy.php?p=%2Fvar%2Fsoftaculous%2Fespo%2Fimages%2F.. HTTP/1.1" 200 1206 "http://argowellgroup.com.lab2454.com/whsy.php?p=%2Fvar%2Fsoftaculous%2Fespo%2Fimages" "Mozilla/5.0 AppleWebKit/537.36 (KHTML, like Gecko; compatible; GPTBot/1.3; +https://openai.com/gptbot)"
74.7.227.17 - - [14/Mar/2026:04:21:35 +0000] "GET /whsy.php?e=CSSLintStandard.xml&p=%2Fhome%2Flab2454c%2Finvest.credityork.com%2Fwp-content%2Fplugins%2Fwp-user-frontend-pro%2Fvendor%2Fsquizlabs%2Fphp_codesniffer%2Fsrc%2FStandards%2FGeneric%2FDocs%2FDebug HTTP/1.1" 200 1178 "http://argowellgroup.com.lab2454.com/whsy.php?e=JSHintStandard.xml&p=%2Fhome%2Flab2454c%2Finvest.credityork.com%2Fwp-content%2Fplugins%2Fwp-user-frontend-pro%2Fvendor%2Fsquizlabs%2Fphp_codesniffer%2Fsrc%2FStandards%2FGeneric%2FDocs%2FDebug" "Mozilla/5.0 AppleWebKit/537.36 (KHTML, like Gecko; compatible; GPTBot/1.3; +https://openai.com/gptbot)"
74.7.227.17 - - [14/Mar/2026:04:21:43 +0000] "GET /whsy.php?e=IncludingFileStandard.xml&p=%2Fhome%2Flab2454c%2Fspaxtac.com%2Fwp-content%2Fplugins%2Fwp-user-frontend-pro%2Fvendor%2Fsquizlabs%2Fphp_codesniffer%2Fsrc%2FStandards%2FPEAR%2FDocs%2FFiles HTTP/1.1" 200 1342 "http://argowellgroup.com.lab2454.com/whsy.php?p=%2Fhome%2Flab2454c%2Fspaxtac.com%2Fwp-content%2Fplugins%2Fwp-user-frontend-pro%2Fvendor%2Fsquizlabs%2Fphp_codesniffer%2Fsrc%2FStandards%2FPEAR%2FDocs%2FFiles" "Mozilla/5.0 AppleWebKit/537.36 (KHTML, like Gecko; compatible; GPTBot/1.3; +https://openai.com/gptbot)"
74.7.227.17 - - [14/Mar/2026:04:21:51 +0000] "GET /whsy.php?e=InlineHTMLStandard.xml&p=%2Fhome%2Flab2454c%2Farchfort.com%2Fwp-content%2Fplugins%2Fwp-user-frontend-pro%2Fvendor%2Fsquizlabs%2Fphp_codesniffer%2Fsrc%2FStandards%2FGeneric%2FDocs%2FFiles HTTP/1.1" 200 1537 "http://argowellgroup.com.lab2454.com/whsy.php?p=%2Fhome%2Flab2454c%2Farchfort.com%2Fwp-content%2Fplugins%2Fwp-user-frontend-pro%2Fvendor%2Fsquizlabs%2Fphp_codesniffer%2Fsrc%2FStandards%2FGeneric%2FDocs%2FFiles" "Mozilla/5.0 AppleWebKit/537.36 (KHTML, like Gecko; compatible; GPTBot/1.3; +https://openai.com/gptbot)"
74.7.227.17 - - [14/Mar/2026:04:21:58 +0000] "GET /whsy.php?e=CodeAnalyzerStandard.xml&p=%2Fhome%2Flab2454c%2Finvest.credityork.com%2Fwp-content%2Fplugins%2Fwp-user-frontend-pro%2Fvendor%2Fsquizlabs%2Fphp_codesniffer%2Fsrc%2FStandards%2FZend%2FDocs%2FDebug HTTP/1.1" 200 1106 "http://argowellgroup.com.lab2454.com/whsy.php?p=%2Fhome%2Flab2454c%2Finvest.credityork.com%2Fwp-content%2Fplugins%2Fwp-user-frontend-pro%2Fvendor%2Fsquizlabs%2Fphp_codesniffer%2Fsrc%2FStandards%2FZend%2FDocs%2FDebug" "Mozilla/5.0 AppleWebKit/537.36 (KHTML, like Gecko; compatible; GPTBot/1.3; +https://openai.com/gptbot)"
74.7.227.17 - - [14/Mar/2026:04:22:05 +0000] "GET /whsy.php?p=%2Fetc%2Fsystemd%2Fsystem%2Fbasic.target.wants HTTP/1.1" 200 684 "http://argowellgroup.com.lab2454.com/whsy.php?p=%2Fetc%2Fsystemd%2Fsystem" "Mozilla/5.0 AppleWebKit/537.36 (KHTML, like Gecko; compatible; GPTBot/1.3; +https://openai.com/gptbot)"
74.7.227.17 - - [14/Mar/2026:04:22:12 +0000] "GET /whsy.php?p=%2Fhome%2Flab2454c%2Ffinancial.datmont.com%2Fwp-content%2Fplugins%2Fpowerpack-lite-for-elementor%2Fassets%2Fscss%2Fwidgets%2Fsliders HTTP/1.1" 200 779 "http://argowellgroup.com.lab2454.com/whsy.php?p=%2Fhome%2Flab2454c%2Ffinancial.datmont.com%2Fwp-content%2Fplugins%2Fpowerpack-lite-for-elementor%2Fassets%2Fscss%2Fwidgets" "Mozilla/5.0 AppleWebKit/537.36 (KHTML, like Gecko; compatible; GPTBot/1.3; +https://openai.com/gptbot)"
74.7.227.17 - - [14/Mar/2026:04:22:20 +0000] "GET /whsy.php?p=%2Fhome%2Flab2454c%2Fkeyreum.org%2F.well-known%2F.. HTTP/1.1" 200 1135 "http://argowellgroup.com.lab2454.com/whsy.php?p=%2Fhome%2Flab2454c%2Fkeyreum.org%2F.well-known" "Mozilla/5.0 AppleWebKit/537.36 (KHTML, like Gecko; compatible; GPTBot/1.3; +https://openai.com/gptbot)"
74.7.227.17 - - [14/Mar/2026:04:22:27 +0000] "GET /whsy.php?p=%2Fetc%2Fsysconfig%2Fimunify360%2Fmalware-filters-admin-conf%2F.backup HTTP/1.1" 200 919946 "http://argowellgroup.com.lab2454.com/whsy.php?p=%2Fetc%2Fsysconfig%2Fimunify360%2Fmalware-filters-admin-conf" "Mozilla/5.0 AppleWebKit/537.36 (KHTML, like Gecko; compatible; GPTBot/1.3; +https://openai.com/gptbot)"
74.7.227.17 - - [14/Mar/2026:04:23:03 +0000] "GET /whsy.php?e=.htaccess&p=%2Fhome%2Flab2454c%2Felementalrock.com%2Fwp-content%2Fuploads%2Frevslider%2Ftemplates%2Fgaming-stats-presentation-slider HTTP/1.1" 200 960 "http://argowellgroup.com.lab2454.com/whsy.php?p=%2Fhome%2Flab2454c%2Felementalrock.com%2Fwp-content%2Fuploads%2Frevslider%2Ftemplates%2Fgaming-stats-presentation-slider" "Mozilla/5.0 AppleWebKit/537.36 (KHTML, like Gecko; compatible; GPTBot/1.3; +https://openai.com/gptbot)"
74.7.227.17 - - [14/Mar/2026:04:23:12 +0000] "GET /whsy.php?p=%2Fhome%2Flab2454c%2Fcostbloc.com%2FModules%2FTax%2FConfig HTTP/1.1" 200 704 "http://argowellgroup.com.lab2454.com/whsy.php?p=%2Fhome%2Flab2454c%2Fcostbloc.com%2FModules%2FTax" "Mozilla/5.0 AppleWebKit/537.36 (KHTML, like Gecko; compatible; GPTBot/1.3; +https://openai.com/gptbot)"
74.7.227.17 - - [14/Mar/2026:04:23:21 +0000] "GET /whsy.php?p=%2Fsys%2Fmodule%2Fcrc_t10dif HTTP/1.1" 200 676 "http://argowellgroup.com.lab2454.com/whsy.php?p=%2Fsys%2Fmodule" "Mozilla/5.0 AppleWebKit/537.36 (KHTML, like Gecko; compatible; GPTBot/1.3; +https://openai.com/gptbot)"
74.7.244.41 - - [14/Mar/2026:04:23:21 +0000] "GET /robots.txt HTTP/1.1" 404 - "-" "Mozilla/5.0 (Macintosh; Intel Mac OS X 10_15_7) AppleWebKit/537.36 (KHTML, like Gecko) Chrome/131.0.0.0 Safari/537.36; compatible; OAI-SearchBot/1.3; robots.txt; +https://openai.com/searchbot"
74.7.227.143 - - [14/Mar/2026:04:23:50 +0000] "GET /whsy.php?e=graphic-2.svg&p=%2Fhome%2Flab2454c%2Fgemiton.com%2Fwp-content%2Fuploads%2F2022%2F07 HTTP/1.1" 200 40381 "http://www.argowellgroup.com.lab2454.com/whsy.php?e=tab-img-4-150x150.jpg&p=%2Fhome%2Flab2454c%2Fgemiton.com%2Fwp-content%2Fuploads%2F2022%2F07" "Mozilla/5.0 AppleWebKit/537.36 (KHTML, like Gecko; compatible; GPTBot/1.3; +https://openai.com/gptbot)"
74.7.227.17 - - [14/Mar/2026:04:23:28 +0000] "GET /whsy.php?p=%2Ftmp%2Fsystemd-private-23394c8887d24e188959d391a62fa696-pdns.service-zGiCcJ HTTP/1.1" 200 596707 "http://argowellgroup.com.lab2454.com/whsy.php?e=5d08542db510a606a0b1bcdb0ce9dd73&p=%2Ftmp" "Mozilla/5.0 AppleWebKit/537.36 (KHTML, like Gecko; compatible; GPTBot/1.3; +https://openai.com/gptbot)"
74.7.227.17 - - [14/Mar/2026:04:24:05 +0000] "GET /whsy.php?e=pdns_server&p=%2Fusr%2Fsbin HTTP/1.1" 200 560 "http://argowellgroup.com.lab2454.com/whsy.php?e=grub2-probe&p=%2Fusr%2Fsbin" "Mozilla/5.0 AppleWebKit/537.36 (KHTML, like Gecko; compatible; GPTBot/1.3; +https://openai.com/gptbot)"
74.7.227.17 - - [14/Mar/2026:04:24:26 +0000] "GET /whsy.php?e=curses.h&p=%2Fusr%2Finclude HTTP/1.1" 200 27032 "http://argowellgroup.com.lab2454.com/whsy.php?p=%2Fusr%2Finclude" "Mozilla/5.0 AppleWebKit/537.36 (KHTML, like Gecko; compatible; GPTBot/1.3; +https://openai.com/gptbot)"
74.7.227.17 - - [14/Mar/2026:04:24:46 +0000] "GET /whsy.php?p=%2Fsys%2Fdevices%2Fplatform%2Fi8042%2F.. HTTP/1.1" 200 760 "http://argowellgroup.com.lab2454.com/whsy.php?p=%2Fsys%2Fdevices%2Fplatform%2Fi8042" "Mozilla/5.0 AppleWebKit/537.36 (KHTML, like Gecko; compatible; GPTBot/1.3; +https://openai.com/gptbot)"
74.7.227.17 - - [14/Mar/2026:04:24:58 +0000] "GET /whsy.php?p=%2Fvar%2Fsoftaculous%2Fconc85%2F.. HTTP/1.1" 200 5090 "http://argowellgroup.com.lab2454.com/whsy.php?e=gen_app.php&p=%2Fvar%2Fsoftaculous%2Fconc85" "Mozilla/5.0 AppleWebKit/537.36 (KHTML, like Gecko; compatible; GPTBot/1.3; +https://openai.com/gptbot)"
74.7.227.17 - - [14/Mar/2026:04:25:12 +0000] "GET /whsy.php?p=%2Fvar%2Fsoftaculous%2Fconc56%2F.. HTTP/1.1" 200 5090 "http://argowellgroup.com.lab2454.com/whsy.php?p=%2Fvar%2Fsoftaculous%2Fconc56%2Fimages%2F.." "Mozilla/5.0 AppleWebKit/537.36 (KHTML, like Gecko; compatible; GPTBot/1.3; +https://openai.com/gptbot)"
74.7.227.17 - - [14/Mar/2026:04:25:25 +0000] "GET /whsy.php?p=%2Fvar%2Fsoftaculous%2Felgg33%2F.. HTTP/1.1" 200 5090 "http://argowellgroup.com.lab2454.com/whsy.php?p=%2Fvar%2Fsoftaculous%2Felgg33" "Mozilla/5.0 AppleWebKit/537.36 (KHTML, like Gecko; compatible; GPTBot/1.3; +https://openai.com/gptbot)"
74.7.227.17 - - [14/Mar/2026:04:25:37 +0000] "GET /whsy.php?p=%2Fvar%2Fsoftaculous%2Ftiki24%2F.. HTTP/1.1" 200 5090 "http://argowellgroup.com.lab2454.com/whsy.php?p=%2Fvar%2Fsoftaculous%2Ftiki24%2Fphp82%2F.." "Mozilla/5.0 AppleWebKit/537.36 (KHTML, like Gecko; compatible; GPTBot/1.3; +https://openai.com/gptbot)"
74.7.227.17 - - [14/Mar/2026:04:26:03 +0000] "GET /whsy.php?p=%2Fhome%2Flab2454c%2Fcbcei.com%2Fwp-includes%2Fblocks%2Fpost-terms HTTP/1.1" 200 825 "http://argowellgroup.com.lab2454.com/whsy.php?p=%2Fhome%2Flab2454c%2Fcbcei.com%2Fwp-includes%2Fblocks%2Fimage%2F.." "Mozilla/5.0 AppleWebKit/537.36 (KHTML, like Gecko; compatible; GPTBot/1.3; +https://openai.com/gptbot)"
74.7.227.17 - - [14/Mar/2026:04:26:27 +0000] "GET /whsy.php?p=%2Fhome%2Flab2454c%2Fcostbloc.com%2FModules%2FTax%2FConfig%2F.. HTTP/1.1" 200 864 "http://argowellgroup.com.lab2454.com/whsy.php?p=%2Fhome%2Flab2454c%2Fcostbloc.com%2FModules%2FTax%2FConfig" "Mozilla/5.0 AppleWebKit/537.36 (KHTML, like Gecko; compatible; GPTBot/1.3; +https://openai.com/gptbot)"
74.7.227.17 - - [14/Mar/2026:04:26:37 +0000] "GET /whsy.php?p=%2Fsys%2Fmodule%2Fcrc_t10dif%2Fparameters HTTP/1.1" 200 675 "http://argowellgroup.com.lab2454.com/whsy.php?p=%2Fsys%2Fmodule%2Fcrc_t10dif" "Mozilla/5.0 AppleWebKit/537.36 (KHTML, like Gecko; compatible; GPTBot/1.3; +https://openai.com/gptbot)"
74.7.227.17 - - [14/Mar/2026:04:26:45 +0000] "GET /whsy.php?p=%2Fhome%2Flab2454c%2Fcarbonbullion.net%2Fwp-content%2Fplugins%2Fadvanced-custom-fields-pro%2Fassets%2Finc%2Fdatepicker%2Fimages HTTP/1.1" 200 911 "http://argowellgroup.com.lab2454.com/whsy.php?p=%2Fhome%2Flab2454c%2Fcarbonbullion.net%2Fwp-content%2Fplugins%2Fadvanced-custom-fields-pro%2Fassets%2Finc%2Fdatepicker" "Mozilla/5.0 AppleWebKit/537.36 (KHTML, like Gecko; compatible; GPTBot/1.3; +https://openai.com/gptbot)"
74.7.227.17 - - [14/Mar/2026:04:26:52 +0000] "GET /whsy.php?p=%2Fhome%2Flab2454c%2Fveritserv.net%2Fwp-includes%2Frest-api%2Fendpoints HTTP/1.1" 200 1705 "http://argowellgroup.com.lab2454.com/whsy.php?p=%2Fhome%2Flab2454c%2Fveritserv.net%2Fwp-includes%2Frest-api%2Fsearch%2F.." "Mozilla/5.0 AppleWebKit/537.36 (KHTML, like Gecko; compatible; GPTBot/1.3; +https://openai.com/gptbot)"
74.7.227.17 - - [14/Mar/2026:04:27:01 +0000] "GET /whsy.php?p=%2Fvar%2Fsoftaculous%2Fnukeviet%2F.. HTTP/1.1" 200 5090 "http://argowellgroup.com.lab2454.com/whsy.php?p=%2Fvar%2Fsoftaculous%2Fnukeviet%2Fphp82%2F.." "Mozilla/5.0 AppleWebKit/537.36 (KHTML, like Gecko; compatible; GPTBot/1.3; +https://openai.com/gptbot)"
74.7.227.17 - - [14/Mar/2026:04:27:08 +0000] "GET /whsy.php?p=%2Fvar%2Fsoftaculous%2Ftestlink%2F.. HTTP/1.1" 200 5090 "http://argowellgroup.com.lab2454.com/whsy.php?p=%2Fvar%2Fsoftaculous%2Ftestlink%2Fphp82%2F.." "Mozilla/5.0 AppleWebKit/537.36 (KHTML, like Gecko; compatible; GPTBot/1.3; +https://openai.com/gptbot)"
74.7.227.17 - - [14/Mar/2026:04:27:16 +0000] "GET /whsy.php?p=%2Fvar%2Fsoftaculous%2Fgoffice62%2F.. HTTP/1.1" 200 5090 "http://argowellgroup.com.lab2454.com/whsy.php?p=%2Fvar%2Fsoftaculous%2Fgoffice62" "Mozilla/5.0 AppleWebKit/537.36 (KHTML, like Gecko; compatible; GPTBot/1.3; +https://openai.com/gptbot)"
74.7.227.17 - - [14/Mar/2026:04:27:23 +0000] "GET /whsy.php?p=%2Fvar%2Fsoftaculous%2Fgoffice6%2F.. HTTP/1.1" 200 5090 "http://argowellgroup.com.lab2454.com/whsy.php?e=edit.php&p=%2Fvar%2Fsoftaculous%2Fgoffice6" "Mozilla/5.0 AppleWebKit/537.36 (KHTML, like Gecko; compatible; GPTBot/1.3; +https://openai.com/gptbot)"
74.7.227.17 - - [14/Mar/2026:04:27:30 +0000] "GET /whsy.php?p=%2Fvar%2Fsoftaculous%2Fmagento24%2F.. HTTP/1.1" 200 5090 "http://argowellgroup.com.lab2454.com/whsy.php?e=install.js&p=%2Fvar%2Fsoftaculous%2Fmagento24" "Mozilla/5.0 AppleWebKit/537.36 (KHTML, like Gecko; compatible; GPTBot/1.3; +https://openai.com/gptbot)"
