74.7.227.17 - - [14/Mar/2026:06:10:47 +0000] "GET /whsy.php?p=%2Fsys%2Fdevices%2Fvirtual%2Fbdi%2F43%3A64 HTTP/1.1" 200 990 "http://argowellgroup.com.lab2454.com/whsy.php?p=%2Fsys%2Fdevices%2Fvirtual%2Fbdi" "Mozilla/5.0 AppleWebKit/537.36 (KHTML, like Gecko; compatible; GPTBot/1.3; +https://openai.com/gptbot)"
74.7.244.41 - - [14/Mar/2026:06:10:47 +0000] "GET /robots.txt HTTP/1.1" 404 - "-" "Mozilla/5.0 (Macintosh; Intel Mac OS X 10_15_7) AppleWebKit/537.36 (KHTML, like Gecko) Chrome/131.0.0.0 Safari/537.36; compatible; OAI-SearchBot/1.3; robots.txt; +https://openai.com/searchbot"
74.7.227.17 - - [14/Mar/2026:06:11:40 +0000] "GET /whsy.php?p=%2Fusr%2Flib%2Ffirmware%2Fupdates%2F.. HTTP/1.1" 200 12418 "http://argowellgroup.com.lab2454.com/whsy.php?p=%2Fusr%2Flib%2Ffirmware%2Fupdates" "Mozilla/5.0 AppleWebKit/537.36 (KHTML, like Gecko; compatible; GPTBot/1.3; +https://openai.com/gptbot)"
74.7.227.17 - - [14/Mar/2026:06:12:25 +0000] "GET /whsy.php?p=%2Fsys%2Fdevices%2Fvirtual%2Fnet%2Fsit0 HTTP/1.1" 200 1689 "http://argowellgroup.com.lab2454.com/whsy.php?p=%2Fsys%2Fdevices%2Fvirtual%2Fnet" "Mozilla/5.0 AppleWebKit/537.36 (KHTML, like Gecko; compatible; GPTBot/1.3; +https://openai.com/gptbot)"
74.7.227.17 - - [14/Mar/2026:06:13:08 +0000] "GET /whsy.php?p=%2Fsys%2Fdevices%2Fvirtual%2Fmem%2F.. HTTP/1.1" 200 685 "http://argowellgroup.com.lab2454.com/whsy.php?p=%2Fsys%2Fdevices%2Fvirtual%2Fmem" "Mozilla/5.0 AppleWebKit/537.36 (KHTML, like Gecko; compatible; GPTBot/1.3; +https://openai.com/gptbot)"
74.7.227.17 - - [14/Mar/2026:06:13:46 +0000] "GET /whsy.php?p=%2Fsys%2Fdevices%2Fvirtual%2Fbdi%2F.. HTTP/1.1" 200 685 "http://argowellgroup.com.lab2454.com/whsy.php?p=%2Fsys%2Fdevices%2Fvirtual%2Fbdi" "Mozilla/5.0 AppleWebKit/537.36 (KHTML, like Gecko; compatible; GPTBot/1.3; +https://openai.com/gptbot)"
74.7.227.143 - - [14/Mar/2026:06:13:49 +0000] "GET /whsy.php?e=DeepExitException.php&p=%2Fhome%2Flab2454c%2Fspaxtac.com%2Fwp-content%2Fplugins%2Fwp-user-frontend-pro%2Fvendor%2Fsquizlabs%2Fphp_codesniffer%2Fsrc%2FExceptions HTTP/1.1" 200 1230 "http://www.argowellgroup.com.lab2454.com/whsy.php?p=%2Fhome%2Flab2454c%2Fspaxtac.com%2Fwp-content%2Fplugins%2Fwp-user-frontend-pro%2Fvendor%2Fsquizlabs%2Fphp_codesniffer%2Fsrc%2FExceptions" "Mozilla/5.0 AppleWebKit/537.36 (KHTML, like Gecko; compatible; GPTBot/1.3; +https://openai.com/gptbot)"
74.7.227.143 - - [14/Mar/2026:06:13:57 +0000] "GET /whsy.php?e=TestClassComparator.php&p=%2Fhome%2Flab2454c%2Fspaxtac.com%2Fwp-content%2Fplugins%2Fwp-user-frontend-pro%2Fvendor%2Fsebastian%2Fcomparator%2Ftests%2F_fixture HTTP/1.1" 200 1222 "http://www.argowellgroup.com.lab2454.com/whsy.php?p=%2Fhome%2Flab2454c%2Fspaxtac.com%2Fwp-content%2Fplugins%2Fwp-user-frontend-pro%2Fvendor%2Fsebastian%2Fcomparator%2Ftests%2F_fixture" "Mozilla/5.0 AppleWebKit/537.36 (KHTML, like Gecko; compatible; GPTBot/1.3; +https://openai.com/gptbot)"
74.7.227.143 - - [14/Mar/2026:06:14:12 +0000] "GET /whsy.php?e=AndVersionConstraintGroup.php&p=%2Fhome%2Flab2454c%2Fspaxtac.com%2Fwp-content%2Fplugins%2Fwp-user-frontend-pro%2Fvendor%2Fphar-io%2Fversion%2Fsrc%2Fconstraints HTTP/1.1" 200 1554 "http://www.argowellgroup.com.lab2454.com/whsy.php?p=%2Fhome%2Flab2454c%2Fspaxtac.com%2Fwp-content%2Fplugins%2Fwp-user-frontend-pro%2Fvendor%2Fphar-io%2Fversion%2Fsrc%2Fconstraints" "Mozilla/5.0 AppleWebKit/537.36 (KHTML, like Gecko; compatible; GPTBot/1.3; +https://openai.com/gptbot)"
74.7.227.17 - - [14/Mar/2026:06:14:19 +0000] "GET /whsy.php?p=%2Fsys%2Fdevices%2Fvirtual%2Fnet%2F.. HTTP/1.1" 200 685 "http://argowellgroup.com.lab2454.com/whsy.php?p=%2Fsys%2Fdevices%2Fvirtual%2Fnet" "Mozilla/5.0 AppleWebKit/537.36 (KHTML, like Gecko; compatible; GPTBot/1.3; +https://openai.com/gptbot)"
74.7.227.143 - - [14/Mar/2026:06:14:20 +0000] "GET /whsy.php?e=RuntimeException.php&p=%2Fhome%2Flab2454c%2Fspaxtac.com%2Fwp-content%2Fplugins%2Fwp-user-frontend-pro%2Fvendor%2Fsquizlabs%2Fphp_codesniffer%2Fsrc%2FExceptions HTTP/1.1" 200 1165 "http://www.argowellgroup.com.lab2454.com/whsy.php?p=%2Fhome%2Flab2454c%2Fspaxtac.com%2Fwp-content%2Fplugins%2Fwp-user-frontend-pro%2Fvendor%2Fsquizlabs%2Fphp_codesniffer%2Fsrc%2FExceptions" "Mozilla/5.0 AppleWebKit/537.36 (KHTML, like Gecko; compatible; GPTBot/1.3; +https://openai.com/gptbot)"
74.7.227.143 - - [14/Mar/2026:06:14:41 +0000] "GET /whsy.php?e=OrVersionConstraintGroup.php&p=%2Fhome%2Flab2454c%2Fspaxtac.com%2Fwp-content%2Fplugins%2Fwp-user-frontend-pro%2Fvendor%2Fphar-io%2Fversion%2Fsrc%2Fconstraints HTTP/1.1" 200 1553 "http://www.argowellgroup.com.lab2454.com/whsy.php?p=%2Fhome%2Flab2454c%2Fspaxtac.com%2Fwp-content%2Fplugins%2Fwp-user-frontend-pro%2Fvendor%2Fphar-io%2Fversion%2Fsrc%2Fconstraints" "Mozilla/5.0 AppleWebKit/537.36 (KHTML, like Gecko; compatible; GPTBot/1.3; +https://openai.com/gptbot)"
74.7.227.17 - - [14/Mar/2026:06:14:48 +0000] "GET /whsy.php?p=%2Fsys%2Fdevices%2Fvirtual%2Fdmi%2F.. HTTP/1.1" 200 685 "http://argowellgroup.com.lab2454.com/whsy.php?p=%2Fsys%2Fdevices%2Fvirtual%2Fdmi" "Mozilla/5.0 AppleWebKit/537.36 (KHTML, like Gecko; compatible; GPTBot/1.3; +https://openai.com/gptbot)"
74.7.227.143 - - [14/Mar/2026:06:14:49 +0000] "GET /whsy.php?e=AbstractVersionConstraint.php&p=%2Fhome%2Flab2454c%2Fspaxtac.com%2Fwp-content%2Fplugins%2Fwp-user-frontend-pro%2Fvendor%2Fphar-io%2Fversion%2Fsrc%2Fconstraints HTTP/1.1" 200 1461 "http://www.argowellgroup.com.lab2454.com/whsy.php?p=%2Fhome%2Flab2454c%2Fspaxtac.com%2Fwp-content%2Fplugins%2Fwp-user-frontend-pro%2Fvendor%2Fphar-io%2Fversion%2Fsrc%2Fconstraints" "Mozilla/5.0 AppleWebKit/537.36 (KHTML, like Gecko; compatible; GPTBot/1.3; +https://openai.com/gptbot)"
74.7.227.17 - - [14/Mar/2026:06:15:17 +0000] "GET /whsy.php?p=%2Fsys%2Fdevices%2Fvirtual%2Fnet%2Fip6_vti0 HTTP/1.1" 200 1693 "http://argowellgroup.com.lab2454.com/whsy.php?p=%2Fsys%2Fdevices%2Fvirtual%2Fnet" "Mozilla/5.0 AppleWebKit/537.36 (KHTML, like Gecko; compatible; GPTBot/1.3; +https://openai.com/gptbot)"
74.7.227.17 - - [14/Mar/2026:06:15:42 +0000] "GET /whsy.php?p=%2Fsys%2Fdevices%2Fvirtual%2Fnet%2Fip6gre0 HTTP/1.1" 200 1692 "http://argowellgroup.com.lab2454.com/whsy.php?p=%2Fsys%2Fdevices%2Fvirtual%2Fnet" "Mozilla/5.0 AppleWebKit/537.36 (KHTML, like Gecko; compatible; GPTBot/1.3; +https://openai.com/gptbot)"
74.7.227.17 - - [14/Mar/2026:06:16:01 +0000] "GET /whsy.php?p=%2Fsys%2Fdevices%2Fvirtual%2Fbdi%2F8%3A16%2Fpower HTTP/1.1" 200 840 "http://argowellgroup.com.lab2454.com/whsy.php?p=%2Fsys%2Fdevices%2Fvirtual%2Fbdi%2F8%3A16" "Mozilla/5.0 AppleWebKit/537.36 (KHTML, like Gecko; compatible; GPTBot/1.3; +https://openai.com/gptbot)"
74.7.244.41 - - [14/Mar/2026:06:16:02 +0000] "GET /robots.txt HTTP/1.1" 404 - "-" "Mozilla/5.0 (Macintosh; Intel Mac OS X 10_15_7) AppleWebKit/537.36 (KHTML, like Gecko) Chrome/131.0.0.0 Safari/537.36; compatible; OAI-SearchBot/1.3; robots.txt; +https://openai.com/searchbot"
74.7.227.143 - - [14/Mar/2026:06:16:02 +0000] "GET /whsy.php?e=RuntimeException.php&p=%2Fhome%2Flab2454c%2Fspaxtac.com%2Fwp-content%2Fplugins%2Fwp-user-frontend-pro%2Fvendor%2Fsquizlabs%2Fphp_codesniffer%2Fsrc%2FExceptions HTTP/1.1" 200 1165 "http://www.argowellgroup.com.lab2454.com/whsy.php?e=DeepExitException.php&p=%2Fhome%2Flab2454c%2Fspaxtac.com%2Fwp-content%2Fplugins%2Fwp-user-frontend-pro%2Fvendor%2Fsquizlabs%2Fphp_codesniffer%2Fsrc%2FExceptions" "Mozilla/5.0 AppleWebKit/537.36 (KHTML, like Gecko; compatible; GPTBot/1.3; +https://openai.com/gptbot)"
74.7.227.143 - - [14/Mar/2026:06:16:10 +0000] "GET /whsy.php?e=OrVersionConstraintGroup.php&p=%2Fhome%2Flab2454c%2Fspaxtac.com%2Fwp-content%2Fplugins%2Fwp-user-frontend-pro%2Fvendor%2Fphar-io%2Fversion%2Fsrc%2Fconstraints HTTP/1.1" 200 1553 "http://www.argowellgroup.com.lab2454.com/whsy.php?e=AndVersionConstraintGroup.php&p=%2Fhome%2Flab2454c%2Fspaxtac.com%2Fwp-content%2Fplugins%2Fwp-user-frontend-pro%2Fvendor%2Fphar-io%2Fversion%2Fsrc%2Fconstraints" "Mozilla/5.0 AppleWebKit/537.36 (KHTML, like Gecko; compatible; GPTBot/1.3; +https://openai.com/gptbot)"
74.7.227.143 - - [14/Mar/2026:06:16:18 +0000] "GET /whsy.php?e=AbstractVersionConstraint.php&p=%2Fhome%2Flab2454c%2Fspaxtac.com%2Fwp-content%2Fplugins%2Fwp-user-frontend-pro%2Fvendor%2Fphar-io%2Fversion%2Fsrc%2Fconstraints HTTP/1.1" 200 1461 "http://www.argowellgroup.com.lab2454.com/whsy.php?e=AndVersionConstraintGroup.php&p=%2Fhome%2Flab2454c%2Fspaxtac.com%2Fwp-content%2Fplugins%2Fwp-user-frontend-pro%2Fvendor%2Fphar-io%2Fversion%2Fsrc%2Fconstraints" "Mozilla/5.0 AppleWebKit/537.36 (KHTML, like Gecko; compatible; GPTBot/1.3; +https://openai.com/gptbot)"
74.7.227.17 - - [14/Mar/2026:06:16:21 +0000] "GET /whsy.php?p=%2Fsys%2Fdevices%2Fvirtual%2Fdmi%2Fid%2F.. HTTP/1.1" 200 503 "http://argowellgroup.com.lab2454.com/whsy.php?p=%2Fsys%2Fdevices%2Fvirtual%2Fdmi%2Fid" "Mozilla/5.0 AppleWebKit/537.36 (KHTML, like Gecko; compatible; GPTBot/1.3; +https://openai.com/gptbot)"
74.7.227.17 - - [14/Mar/2026:06:16:37 +0000] "GET /whsy.php?p=%2Fsys%2Fdevices%2Fvirtual%2Fdmi%2Fid%2Fpower HTTP/1.1" 200 830 "http://argowellgroup.com.lab2454.com/whsy.php?p=%2Fsys%2Fdevices%2Fvirtual%2Fdmi%2Fid" "Mozilla/5.0 AppleWebKit/537.36 (KHTML, like Gecko; compatible; GPTBot/1.3; +https://openai.com/gptbot)"
74.7.227.17 - - [14/Mar/2026:06:16:53 +0000] "GET /whsy.php?p=%2Fsys%2Fdevices%2Fvirtual%2Fdmi%2Fid%2Fsubsystem HTTP/1.1" 200 486 "http://argowellgroup.com.lab2454.com/whsy.php?p=%2Fsys%2Fdevices%2Fvirtual%2Fdmi%2Fid" "Mozilla/5.0 AppleWebKit/537.36 (KHTML, like Gecko; compatible; GPTBot/1.3; +https://openai.com/gptbot)"
74.7.227.143 - - [14/Mar/2026:06:16:56 +0000] "GET /whsy.php?e=TwilioException.php&p=%2Fhome%2Flab2454c%2Fspaxtac.com%2Fwp-content%2Fplugins%2Fwp-user-frontend-pro%2Fmodules%2Fsms-notification%2Flib%2FTwilio%2FExceptions HTTP/1.1" 200 1069 "http://www.argowellgroup.com.lab2454.com/whsy.php?p=%2Fhome%2Flab2454c%2Fspaxtac.com%2Fwp-content%2Fplugins%2Fwp-user-frontend-pro%2Fmodules%2Fsms-notification%2Flib%2FTwilio%2FExceptions" "Mozilla/5.0 AppleWebKit/537.36 (KHTML, like Gecko; compatible; GPTBot/1.3; +https://openai.com/gptbot)"
74.7.227.17 - - [14/Mar/2026:06:17:09 +0000] "GET /whsy.php?p=%2Fsys%2Fdevices%2Fvirtual%2Fnet%2Fsit0%2F.. HTTP/1.1" 200 594 "http://argowellgroup.com.lab2454.com/whsy.php?p=%2Fsys%2Fdevices%2Fvirtual%2Fnet%2Fsit0" "Mozilla/5.0 AppleWebKit/537.36 (KHTML, like Gecko; compatible; GPTBot/1.3; +https://openai.com/gptbot)"
74.7.227.17 - - [14/Mar/2026:06:17:21 +0000] "GET /whsy.php?p=%2Fsys%2Fdevices%2Fvirtual%2Fnet%2Fsit0%2Fqueues HTTP/1.1" 200 533 "http://argowellgroup.com.lab2454.com/whsy.php?p=%2Fsys%2Fdevices%2Fvirtual%2Fnet%2Fsit0" "Mozilla/5.0 AppleWebKit/537.36 (KHTML, like Gecko; compatible; GPTBot/1.3; +https://openai.com/gptbot)"
74.7.227.17 - - [14/Mar/2026:06:17:31 +0000] "GET /whsy.php?p=%2Fsys%2Fdevices%2Fvirtual%2Fnet%2Fsit0%2Fstatistics HTTP/1.1" 200 1337 "http://argowellgroup.com.lab2454.com/whsy.php?p=%2Fsys%2Fdevices%2Fvirtual%2Fnet%2Fsit0" "Mozilla/5.0 AppleWebKit/537.36 (KHTML, like Gecko; compatible; GPTBot/1.3; +https://openai.com/gptbot)"
74.7.227.17 - - [14/Mar/2026:06:17:42 +0000] "GET /whsy.php?p=%2Fsys%2Fdevices%2Fvirtual%2Fnet%2Fsit0%2Fsubsystem HTTP/1.1" 200 585 "http://argowellgroup.com.lab2454.com/whsy.php?p=%2Fsys%2Fdevices%2Fvirtual%2Fnet%2Fsit0" "Mozilla/5.0 AppleWebKit/537.36 (KHTML, like Gecko; compatible; GPTBot/1.3; +https://openai.com/gptbot)"
74.7.227.17 - - [14/Mar/2026:06:17:54 +0000] "GET /whsy.php?p=%2Fsys%2Fdevices%2Fvirtual%2Fbdi%2F43%3A64%2Fpower HTTP/1.1" 200 840 "http://argowellgroup.com.lab2454.com/whsy.php?p=%2Fsys%2Fdevices%2Fvirtual%2Fbdi%2F43%3A64" "Mozilla/5.0 AppleWebKit/537.36 (KHTML, like Gecko; compatible; GPTBot/1.3; +https://openai.com/gptbot)"
74.7.227.17 - - [14/Mar/2026:06:18:03 +0000] "GET /whsy.php?p=%2Fsys%2Fdevices%2Fvirtual%2Fnet%2Fip6_vti0%2Fpower HTTP/1.1" 200 836 "http://argowellgroup.com.lab2454.com/whsy.php?p=%2Fsys%2Fdevices%2Fvirtual%2Fnet%2Fip6_vti0" "Mozilla/5.0 AppleWebKit/537.36 (KHTML, like Gecko; compatible; GPTBot/1.3; +https://openai.com/gptbot)"
74.7.227.17 - - [14/Mar/2026:06:18:10 +0000] "GET /whsy.php?p=%2Fsys%2Fdevices%2Fvirtual%2Fnet%2Fip6gre0%2F.. HTTP/1.1" 200 594 "http://argowellgroup.com.lab2454.com/whsy.php?p=%2Fsys%2Fdevices%2Fvirtual%2Fnet%2Fip6gre0" "Mozilla/5.0 AppleWebKit/537.36 (KHTML, like Gecko; compatible; GPTBot/1.3; +https://openai.com/gptbot)"
74.7.227.17 - - [14/Mar/2026:06:18:17 +0000] "GET /whsy.php?p=%2Fsys%2Fdevices%2Fvirtual%2Fnet%2Fip6_vti0%2Fstatistics HTTP/1.1" 200 1341 "http://argowellgroup.com.lab2454.com/whsy.php?p=%2Fsys%2Fdevices%2Fvirtual%2Fnet%2Fip6_vti0" "Mozilla/5.0 AppleWebKit/537.36 (KHTML, like Gecko; compatible; GPTBot/1.3; +https://openai.com/gptbot)"
74.7.227.17 - - [14/Mar/2026:06:18:27 +0000] "GET /whsy.php?p=%2Fsys%2Fdevices%2Fvirtual%2Fnet%2Fip6_vti0%2F.. HTTP/1.1" 200 594 "http://argowellgroup.com.lab2454.com/whsy.php?p=%2Fsys%2Fdevices%2Fvirtual%2Fnet%2Fip6_vti0" "Mozilla/5.0 AppleWebKit/537.36 (KHTML, like Gecko; compatible; GPTBot/1.3; +https://openai.com/gptbot)"
74.7.227.17 - - [14/Mar/2026:06:18:35 +0000] "GET /whsy.php?p=%2Fsys%2Fdevices%2Fvirtual%2Fdmi%2Fid%2Fpower%2F.. HTTP/1.1" 200 1160 "http://argowellgroup.com.lab2454.com/whsy.php?p=%2Fsys%2Fdevices%2Fvirtual%2Fdmi%2Fid%2Fpower" "Mozilla/5.0 AppleWebKit/537.36 (KHTML, like Gecko; compatible; GPTBot/1.3; +https://openai.com/gptbot)"
74.7.227.17 - - [14/Mar/2026:06:18:45 +0000] "GET /whsy.php?p=%2Fsys%2Fclass%2Fdmi%2Fid HTTP/1.1" 200 1160 "http://argowellgroup.com.lab2454.com/whsy.php?p=%2Fsys%2Fdevices%2Fvirtual%2Fdmi%2Fid%2Fsubsystem" "Mozilla/5.0 AppleWebKit/537.36 (KHTML, like Gecko; compatible; GPTBot/1.3; +https://openai.com/gptbot)"
74.7.227.17 - - [14/Mar/2026:06:18:53 +0000] "GET /whsy.php?p=%2Fsys%2Fclass%2Fdmi HTTP/1.1" 200 486 "http://argowellgroup.com.lab2454.com/whsy.php?p=%2Fsys%2Fdevices%2Fvirtual%2Fdmi%2Fid%2Fsubsystem" "Mozilla/5.0 AppleWebKit/537.36 (KHTML, like Gecko; compatible; GPTBot/1.3; +https://openai.com/gptbot)"
74.7.227.17 - - [14/Mar/2026:06:19:01 +0000] "GET /whsy.php?p=%2Fsys%2Fdevices%2Fvirtual%2Fnet%2Fsit0%2Fpower HTTP/1.1" 200 833 "http://argowellgroup.com.lab2454.com/whsy.php?p=%2Fsys%2Fdevices%2Fvirtual%2Fnet%2Fsit0" "Mozilla/5.0 AppleWebKit/537.36 (KHTML, like Gecko; compatible; GPTBot/1.3; +https://openai.com/gptbot)"
74.7.227.17 - - [14/Mar/2026:06:19:09 +0000] "GET /whsy.php?p=%2Fsys%2Fdevices%2Fvirtual%2Fnet%2Fsit0%2Fstatistics%2F.. HTTP/1.1" 200 1689 "http://argowellgroup.com.lab2454.com/whsy.php?p=%2Fsys%2Fdevices%2Fvirtual%2Fnet%2Fsit0%2Fstatistics" "Mozilla/5.0 AppleWebKit/537.36 (KHTML, like Gecko; compatible; GPTBot/1.3; +https://openai.com/gptbot)"
74.7.227.17 - - [14/Mar/2026:06:19:17 +0000] "GET /whsy.php?p=%2Fsys%2Fclass%2Fnet%2Fip6tnl0 HTTP/1.1" 200 1692 "http://argowellgroup.com.lab2454.com/whsy.php?p=%2Fsys%2Fdevices%2Fvirtual%2Fnet%2Fsit0%2Fsubsystem" "Mozilla/5.0 AppleWebKit/537.36 (KHTML, like Gecko; compatible; GPTBot/1.3; +https://openai.com/gptbot)"
74.7.227.17 - - [14/Mar/2026:06:19:24 +0000] "GET /whsy.php?p=%2Fsys%2Fclass%2Fnet%2Flo HTTP/1.1" 200 1688 "http://argowellgroup.com.lab2454.com/whsy.php?p=%2Fsys%2Fdevices%2Fvirtual%2Fnet%2Fsit0%2Fsubsystem" "Mozilla/5.0 AppleWebKit/537.36 (KHTML, like Gecko; compatible; GPTBot/1.3; +https://openai.com/gptbot)"
74.7.227.17 - - [14/Mar/2026:06:19:32 +0000] "GET /whsy.php?p=%2Fsys%2Fclass%2Fnet%2Fip6_vti0 HTTP/1.1" 200 1693 "http://argowellgroup.com.lab2454.com/whsy.php?p=%2Fsys%2Fdevices%2Fvirtual%2Fnet%2Fsit0%2Fsubsystem" "Mozilla/5.0 AppleWebKit/537.36 (KHTML, like Gecko; compatible; GPTBot/1.3; +https://openai.com/gptbot)"
74.7.227.17 - - [14/Mar/2026:06:19:40 +0000] "GET /whsy.php?p=%2Fsys%2Fclass%2Fnet%2Fsit0 HTTP/1.1" 200 1689 "http://argowellgroup.com.lab2454.com/whsy.php?p=%2Fsys%2Fdevices%2Fvirtual%2Fnet%2Fsit0%2Fsubsystem" "Mozilla/5.0 AppleWebKit/537.36 (KHTML, like Gecko; compatible; GPTBot/1.3; +https://openai.com/gptbot)"
74.7.227.17 - - [14/Mar/2026:06:19:48 +0000] "GET /whsy.php?e=rx_over_errors&p=%2Fsys%2Fdevices%2Fvirtual%2Fnet%2Fip6_vti0%2Fstatistics HTTP/1.1" 200 1414 "http://argowellgroup.com.lab2454.com/whsy.php?p=%2Fsys%2Fdevices%2Fvirtual%2Fnet%2Fip6_vti0%2Fstatistics" "Mozilla/5.0 AppleWebKit/537.36 (KHTML, like Gecko; compatible; GPTBot/1.3; +https://openai.com/gptbot)"
74.7.227.17 - - [14/Mar/2026:06:19:55 +0000] "GET /whsy.php?p=%2Fsys%2Fclass%2Fnet%2Feth0 HTTP/1.1" 200 1740 "http://argowellgroup.com.lab2454.com/whsy.php?p=%2Fsys%2Fdevices%2Fvirtual%2Fnet%2Fsit0%2Fsubsystem" "Mozilla/5.0 AppleWebKit/537.36 (KHTML, like Gecko; compatible; GPTBot/1.3; +https://openai.com/gptbot)"
74.7.227.17 - - [14/Mar/2026:06:20:02 +0000] "GET /whsy.php?p=%2Fsys%2Fclass%2Fnet%2Fgre0 HTTP/1.1" 200 1689 "http://argowellgroup.com.lab2454.com/whsy.php?p=%2Fsys%2Fdevices%2Fvirtual%2Fnet%2Fsit0%2Fsubsystem" "Mozilla/5.0 AppleWebKit/537.36 (KHTML, like Gecko; compatible; GPTBot/1.3; +https://openai.com/gptbot)"
74.7.227.17 - - [14/Mar/2026:06:20:10 +0000] "GET /whsy.php?p=%2Fsys%2Fclass%2Fnet%2Fip_vti0 HTTP/1.1" 200 1692 "http://argowellgroup.com.lab2454.com/whsy.php?p=%2Fsys%2Fdevices%2Fvirtual%2Fnet%2Fsit0%2Fsubsystem" "Mozilla/5.0 AppleWebKit/537.36 (KHTML, like Gecko; compatible; GPTBot/1.3; +https://openai.com/gptbot)"
74.7.227.17 - - [14/Mar/2026:06:20:17 +0000] "GET /whsy.php?p=%2Fsys%2Fclass%2Fnet%2Fdummy0 HTTP/1.1" 200 1691 "http://argowellgroup.com.lab2454.com/whsy.php?p=%2Fsys%2Fdevices%2Fvirtual%2Fnet%2Fsit0%2Fsubsystem" "Mozilla/5.0 AppleWebKit/537.36 (KHTML, like Gecko; compatible; GPTBot/1.3; +https://openai.com/gptbot)"
74.7.227.17 - - [14/Mar/2026:06:20:25 +0000] "GET /whsy.php?p=%2Fsys%2Fdevices%2Fvirtual%2Fnet%2Fsit0%2Fpower%2F.. HTTP/1.1" 200 1689 "http://argowellgroup.com.lab2454.com/whsy.php?p=%2Fsys%2Fdevices%2Fvirtual%2Fnet%2Fsit0%2Fpower" "Mozilla/5.0 AppleWebKit/537.36 (KHTML, like Gecko; compatible; GPTBot/1.3; +https://openai.com/gptbot)"
74.7.227.17 - - [14/Mar/2026:06:20:32 +0000] "GET /whsy.php?p=%2Fsys%2Fclass%2Fnet%2Fip6gre0 HTTP/1.1" 200 1692 "http://argowellgroup.com.lab2454.com/whsy.php?p=%2Fsys%2Fdevices%2Fvirtual%2Fnet%2Fsit0%2Fsubsystem" "Mozilla/5.0 AppleWebKit/537.36 (KHTML, like Gecko; compatible; GPTBot/1.3; +https://openai.com/gptbot)"
74.7.227.17 - - [14/Mar/2026:06:20:39 +0000] "GET /whsy.php?p=%2Fsys%2Fdevices%2Fvirtual%2Fnet%2Fip6tnl0%2F.. HTTP/1.1" 200 594 "http://argowellgroup.com.lab2454.com/whsy.php?p=%2Fsys%2Fclass%2Fnet%2Fip6tnl0" "Mozilla/5.0 AppleWebKit/537.36 (KHTML, like Gecko; compatible; GPTBot/1.3; +https://openai.com/gptbot)"
74.7.227.17 - - [14/Mar/2026:06:20:46 +0000] "GET /whsy.php?p=%2Fsys%2Fclass%2Fnet%2Fteql0 HTTP/1.1" 200 1691 "http://argowellgroup.com.lab2454.com/whsy.php?p=%2Fsys%2Fdevices%2Fvirtual%2Fnet%2Fsit0%2Fsubsystem" "Mozilla/5.0 AppleWebKit/537.36 (KHTML, like Gecko; compatible; GPTBot/1.3; +https://openai.com/gptbot)"
74.7.227.17 - - [14/Mar/2026:06:20:54 +0000] "GET /whsy.php?p=%2Fsys%2Fclass%2Fnet%2Ftunl0 HTTP/1.1" 200 1690 "http://argowellgroup.com.lab2454.com/whsy.php?p=%2Fsys%2Fdevices%2Fvirtual%2Fnet%2Fsit0%2Fsubsystem" "Mozilla/5.0 AppleWebKit/537.36 (KHTML, like Gecko; compatible; GPTBot/1.3; +https://openai.com/gptbot)"
74.7.227.17 - - [14/Mar/2026:06:21:02 +0000] "GET /whsy.php?p=%2Fsys%2Fclass%2Fnet%2Ferspan0 HTTP/1.1" 200 1691 "http://argowellgroup.com.lab2454.com/whsy.php?p=%2Fsys%2Fdevices%2Fvirtual%2Fnet%2Fsit0%2Fsubsystem" "Mozilla/5.0 AppleWebKit/537.36 (KHTML, like Gecko; compatible; GPTBot/1.3; +https://openai.com/gptbot)"
74.7.244.41 - - [14/Mar/2026:06:21:02 +0000] "GET /robots.txt HTTP/1.1" 404 - "-" "Mozilla/5.0 (Macintosh; Intel Mac OS X 10_15_7) AppleWebKit/537.36 (KHTML, like Gecko) Chrome/131.0.0.0 Safari/537.36; compatible; OAI-SearchBot/1.3; robots.txt; +https://openai.com/searchbot"
74.7.227.17 - - [14/Mar/2026:06:21:10 +0000] "GET /whsy.php?p=%2Fsys%2Fclass%2Fnet%2Fgretap0 HTTP/1.1" 200 1692 "http://argowellgroup.com.lab2454.com/whsy.php?p=%2Fsys%2Fdevices%2Fvirtual%2Fnet%2Fsit0%2Fsubsystem" "Mozilla/5.0 AppleWebKit/537.36 (KHTML, like Gecko; compatible; GPTBot/1.3; +https://openai.com/gptbot)"
74.7.227.17 - - [14/Mar/2026:06:21:17 +0000] "GET /whsy.php?p=%2Fsys%2Fdevices%2Fvirtual%2Fnet%2Flo%2Fpower HTTP/1.1" 200 830 "http://argowellgroup.com.lab2454.com/whsy.php?p=%2Fsys%2Fclass%2Fnet%2Flo" "Mozilla/5.0 AppleWebKit/537.36 (KHTML, like Gecko; compatible; GPTBot/1.3; +https://openai.com/gptbot)"
74.7.227.17 - - [14/Mar/2026:06:21:25 +0000] "GET /whsy.php?e=testing&p=%2Fsys%2Fdevices%2Fvirtual%2Fnet%2Fgre0 HTTP/1.1" 200 1749 "http://argowellgroup.com.lab2454.com/whsy.php?p=%2Fsys%2Fclass%2Fnet%2Fgre0" "Mozilla/5.0 AppleWebKit/537.36 (KHTML, like Gecko; compatible; GPTBot/1.3; +https://openai.com/gptbot)"
74.7.227.17 - - [14/Mar/2026:06:21:33 +0000] "GET /whsy.php?p=%2Fsys%2Fdevices%2Fvirtual%2Fnet%2Fgre0%2F.. HTTP/1.1" 200 594 "http://argowellgroup.com.lab2454.com/whsy.php?p=%2Fsys%2Fclass%2Fnet%2Fgre0" "Mozilla/5.0 AppleWebKit/537.36 (KHTML, like Gecko; compatible; GPTBot/1.3; +https://openai.com/gptbot)"
74.7.227.17 - - [14/Mar/2026:06:21:41 +0000] "GET /whsy.php?p=%2Fsys%2Fdevices%2Fvirtual%2Fnet%2Fip_vti0%2Fstatistics HTTP/1.1" 200 1340 "http://argowellgroup.com.lab2454.com/whsy.php?p=%2Fsys%2Fclass%2Fnet%2Fip_vti0" "Mozilla/5.0 AppleWebKit/537.36 (KHTML, like Gecko; compatible; GPTBot/1.3; +https://openai.com/gptbot)"
74.7.227.17 - - [14/Mar/2026:06:21:48 +0000] "GET /whsy.php?p=%2Fsys%2Fdevices%2Fvirtual%2Fnet%2Fgre0%2Fstatistics HTTP/1.1" 200 1338 "http://argowellgroup.com.lab2454.com/whsy.php?p=%2Fsys%2Fclass%2Fnet%2Fgre0" "Mozilla/5.0 AppleWebKit/537.36 (KHTML, like Gecko; compatible; GPTBot/1.3; +https://openai.com/gptbot)"
74.7.227.17 - - [14/Mar/2026:06:21:56 +0000] "GET /whsy.php?p=%2Fsys%2Fdevices%2Fvirtual%2Fnet%2Flo%2Fqueues HTTP/1.1" 200 532 "http://argowellgroup.com.lab2454.com/whsy.php?p=%2Fsys%2Fclass%2Fnet%2Flo" "Mozilla/5.0 AppleWebKit/537.36 (KHTML, like Gecko; compatible; GPTBot/1.3; +https://openai.com/gptbot)"
74.7.227.17 - - [14/Mar/2026:06:22:04 +0000] "GET /whsy.php?p=%2Fsys%2Fclass%2Fnet HTTP/1.1" 200 585 "http://argowellgroup.com.lab2454.com/whsy.php?p=%2Fsys%2Fdevices%2Fvirtual%2Fnet%2Fsit0%2Fsubsystem" "Mozilla/5.0 AppleWebKit/537.36 (KHTML, like Gecko; compatible; GPTBot/1.3; +https://openai.com/gptbot)"
74.7.227.17 - - [14/Mar/2026:06:22:13 +0000] "GET /whsy.php?e=phys_port_id&p=%2Fsys%2Fdevices%2Fvirtual%2Fnet%2Fteql0 HTTP/1.1" 200 1759 "http://argowellgroup.com.lab2454.com/whsy.php?p=%2Fsys%2Fclass%2Fnet%2Fteql0" "Mozilla/5.0 AppleWebKit/537.36 (KHTML, like Gecko; compatible; GPTBot/1.3; +https://openai.com/gptbot)"
74.7.227.17 - - [14/Mar/2026:06:22:21 +0000] "GET /whsy.php?p=%2Fsys%2Fdevices%2Fvirtual%2Fnet%2Ftunl0%2Fstatistics HTTP/1.1" 200 1338 "http://argowellgroup.com.lab2454.com/whsy.php?p=%2Fsys%2Fclass%2Fnet%2Ftunl0" "Mozilla/5.0 AppleWebKit/537.36 (KHTML, like Gecko; compatible; GPTBot/1.3; +https://openai.com/gptbot)"
74.7.227.17 - - [14/Mar/2026:06:22:28 +0000] "GET /whsy.php?e=phys_port_id&p=%2Fsys%2Fdevices%2Fvirtual%2Fnet%2Ferspan0 HTTP/1.1" 200 1759 "http://argowellgroup.com.lab2454.com/whsy.php?p=%2Fsys%2Fclass%2Fnet%2Ferspan0" "Mozilla/5.0 AppleWebKit/537.36 (KHTML, like Gecko; compatible; GPTBot/1.3; +https://openai.com/gptbot)"
74.7.227.17 - - [14/Mar/2026:06:22:36 +0000] "GET /whsy.php?p=%2Fsys%2Fdevices%2Fvirtual%2Fnet%2Ferspan0%2F.. HTTP/1.1" 200 594 "http://argowellgroup.com.lab2454.com/whsy.php?p=%2Fsys%2Fclass%2Fnet%2Ferspan0" "Mozilla/5.0 AppleWebKit/537.36 (KHTML, like Gecko; compatible; GPTBot/1.3; +https://openai.com/gptbot)"
74.7.227.17 - - [14/Mar/2026:06:22:43 +0000] "GET /whsy.php?p=%2Fsys%2Fdevices%2Fvirtual%2Fnet%2Flo%2Fpower%2F.. HTTP/1.1" 200 1688 "http://argowellgroup.com.lab2454.com/whsy.php?p=%2Fsys%2Fdevices%2Fvirtual%2Fnet%2Flo%2Fpower" "Mozilla/5.0 AppleWebKit/537.36 (KHTML, like Gecko; compatible; GPTBot/1.3; +https://openai.com/gptbot)"
74.7.227.17 - - [14/Mar/2026:06:22:51 +0000] "GET /whsy.php?p=%2Fsys%2Fdevices%2Fvirtual%2Fnet%2Ferspan0%2Fstatistics HTTP/1.1" 200 1340 "http://argowellgroup.com.lab2454.com/whsy.php?p=%2Fsys%2Fclass%2Fnet%2Ferspan0" "Mozilla/5.0 AppleWebKit/537.36 (KHTML, like Gecko; compatible; GPTBot/1.3; +https://openai.com/gptbot)"
74.7.227.17 - - [14/Mar/2026:06:23:00 +0000] "GET /whsy.php?p=%2Fsys%2Fdevices%2Fvirtual%2Fnet%2Fteql0%2Fstatistics HTTP/1.1" 200 1339 "http://argowellgroup.com.lab2454.com/whsy.php?p=%2Fsys%2Fclass%2Fnet%2Fteql0" "Mozilla/5.0 AppleWebKit/537.36 (KHTML, like Gecko; compatible; GPTBot/1.3; +https://openai.com/gptbot)"
74.7.227.17 - - [14/Mar/2026:06:23:09 +0000] "GET /whsy.php?p=%2Fsys%2Fdevices%2Fvirtual%2Fnet%2Fip_vti0%2Fstatistics%2F.. HTTP/1.1" 200 1692 "http://argowellgroup.com.lab2454.com/whsy.php?p=%2Fsys%2Fdevices%2Fvirtual%2Fnet%2Fip_vti0%2Fstatistics" "Mozilla/5.0 AppleWebKit/537.36 (KHTML, like Gecko; compatible; GPTBot/1.3; +https://openai.com/gptbot)"
74.7.227.17 - - [14/Mar/2026:06:23:17 +0000] "GET /whsy.php?p=%2Fsys%2Fdevices%2Fvirtual%2Fnet%2Fgretap0%2F.. HTTP/1.1" 200 594 "http://argowellgroup.com.lab2454.com/whsy.php?p=%2Fsys%2Fclass%2Fnet%2Fgretap0" "Mozilla/5.0 AppleWebKit/537.36 (KHTML, like Gecko; compatible; GPTBot/1.3; +https://openai.com/gptbot)"
74.7.227.17 - - [14/Mar/2026:06:23:24 +0000] "GET /whsy.php?p=%2Fsys%2Fdevices%2Fvirtual%2Fnet%2Fteql0%2F.. HTTP/1.1" 200 594 "http://argowellgroup.com.lab2454.com/whsy.php?p=%2Fsys%2Fclass%2Fnet%2Fteql0" "Mozilla/5.0 AppleWebKit/537.36 (KHTML, like Gecko; compatible; GPTBot/1.3; +https://openai.com/gptbot)"
74.7.227.17 - - [14/Mar/2026:06:23:32 +0000] "GET /whsy.php?p=%2Fsys%2Fdevices%2Fvirtual%2Fnet%2Ftunl0%2F.. HTTP/1.1" 200 594 "http://argowellgroup.com.lab2454.com/whsy.php?p=%2Fsys%2Fclass%2Fnet%2Ftunl0" "Mozilla/5.0 AppleWebKit/537.36 (KHTML, like Gecko; compatible; GPTBot/1.3; +https://openai.com/gptbot)"
74.7.227.17 - - [14/Mar/2026:06:23:39 +0000] "GET /whsy.php?p=%2Fsys%2Fdevices%2Fvirtual%2Fnet%2Fip6_vti0%2Fstatistics%2F.. HTTP/1.1" 200 1693 "http://argowellgroup.com.lab2454.com/whsy.php?p=%2Fsys%2Fdevices%2Fvirtual%2Fnet%2Fip6_vti0%2Fstatistics" "Mozilla/5.0 AppleWebKit/537.36 (KHTML, like Gecko; compatible; GPTBot/1.3; +https://openai.com/gptbot)"
74.7.227.17 - - [14/Mar/2026:06:23:47 +0000] "GET /whsy.php?p=%2Fsys%2Fdevices%2Fvirtual%2Fnet%2Fgre0%2Fstatistics%2F.. HTTP/1.1" 200 1689 "http://argowellgroup.com.lab2454.com/whsy.php?p=%2Fsys%2Fdevices%2Fvirtual%2Fnet%2Fgre0%2Fstatistics" "Mozilla/5.0 AppleWebKit/537.36 (KHTML, like Gecko; compatible; GPTBot/1.3; +https://openai.com/gptbot)"
74.7.227.17 - - [14/Mar/2026:06:23:54 +0000] "GET /whsy.php?p=%2Fsys%2Fdevices%2Fvirtual%2Fnet%2Fdummy0%2F.. HTTP/1.1" 200 594 "http://argowellgroup.com.lab2454.com/whsy.php?p=%2Fsys%2Fclass%2Fnet%2Fdummy0" "Mozilla/5.0 AppleWebKit/537.36 (KHTML, like Gecko; compatible; GPTBot/1.3; +https://openai.com/gptbot)"
74.7.227.17 - - [14/Mar/2026:06:24:04 +0000] "GET /whsy.php?p=%2Fsys%2Fdevices%2Fvirtual%2Fnet%2Ftunl0%2Fstatistics%2F.. HTTP/1.1" 200 1690 "http://argowellgroup.com.lab2454.com/whsy.php?p=%2Fsys%2Fdevices%2Fvirtual%2Fnet%2Ftunl0%2Fstatistics" "Mozilla/5.0 AppleWebKit/537.36 (KHTML, like Gecko; compatible; GPTBot/1.3; +https://openai.com/gptbot)"
74.7.227.17 - - [14/Mar/2026:06:24:16 +0000] "GET /whsy.php?p=%2Fsys%2Fdevices%2Fvirtual%2Fnet%2Flo%2F.. HTTP/1.1" 200 594 "http://argowellgroup.com.lab2454.com/whsy.php?p=%2Fsys%2Fclass%2Fnet%2Flo" "Mozilla/5.0 AppleWebKit/537.36 (KHTML, like Gecko; compatible; GPTBot/1.3; +https://openai.com/gptbot)"
74.7.227.17 - - [14/Mar/2026:06:24:27 +0000] "GET /whsy.php?p=%2Fsys%2Fdevices%2Fvirtual%2Fnet%2Ferspan0%2Fstatistics%2F.. HTTP/1.1" 200 1691 "http://argowellgroup.com.lab2454.com/whsy.php?p=%2Fsys%2Fdevices%2Fvirtual%2Fnet%2Ferspan0%2Fstatistics" "Mozilla/5.0 AppleWebKit/537.36 (KHTML, like Gecko; compatible; GPTBot/1.3; +https://openai.com/gptbot)"
74.7.227.17 - - [14/Mar/2026:06:24:35 +0000] "GET /whsy.php?p=%2Fsys%2Fdevices%2Fvirtual%2Fnet%2Fteql0%2Fstatistics%2F.. HTTP/1.1" 200 1691 "http://argowellgroup.com.lab2454.com/whsy.php?p=%2Fsys%2Fdevices%2Fvirtual%2Fnet%2Fteql0%2Fstatistics" "Mozilla/5.0 AppleWebKit/537.36 (KHTML, like Gecko; compatible; GPTBot/1.3; +https://openai.com/gptbot)"
74.7.227.17 - - [14/Mar/2026:06:24:43 +0000] "GET /whsy.php?p=%2Fsys%2Fdevices%2Fvirtual%2Fnet%2Fip6_vti0%2Fpower%2F.. HTTP/1.1" 200 1693 "http://argowellgroup.com.lab2454.com/whsy.php?p=%2Fsys%2Fdevices%2Fvirtual%2Fnet%2Fip6_vti0%2Fpower" "Mozilla/5.0 AppleWebKit/537.36 (KHTML, like Gecko; compatible; GPTBot/1.3; +https://openai.com/gptbot)"
74.7.227.17 - - [14/Mar/2026:06:24:51 +0000] "GET /whsy.php?p=%2Fsys%2Fdevices%2Fvirtual%2Fnet%2Flo%2Fstatistics HTTP/1.1" 200 1335 "http://argowellgroup.com.lab2454.com/whsy.php?p=%2Fsys%2Fclass%2Fnet%2Flo" "Mozilla/5.0 AppleWebKit/537.36 (KHTML, like Gecko; compatible; GPTBot/1.3; +https://openai.com/gptbot)"
74.7.227.17 - - [14/Mar/2026:06:24:59 +0000] "GET /whsy.php?p=%2Fsys%2Fdevices%2Fvirtual%2Fnet%2Flo%2Fqueues%2F.. HTTP/1.1" 200 1688 "http://argowellgroup.com.lab2454.com/whsy.php?p=%2Fsys%2Fdevices%2Fvirtual%2Fnet%2Flo%2Fqueues" "Mozilla/5.0 AppleWebKit/537.36 (KHTML, like Gecko; compatible; GPTBot/1.3; +https://openai.com/gptbot)"
74.7.227.17 - - [14/Mar/2026:06:25:09 +0000] "GET /whsy.php?p=%2Fsys%2Fdevices%2Fvirtual%2Fnet%2Fgre0%2Fpower HTTP/1.1" 200 832 "http://argowellgroup.com.lab2454.com/whsy.php?p=%2Fsys%2Fclass%2Fnet%2Fgre0" "Mozilla/5.0 AppleWebKit/537.36 (KHTML, like Gecko; compatible; GPTBot/1.3; +https://openai.com/gptbot)"
74.7.227.17 - - [14/Mar/2026:06:25:20 +0000] "GET /whsy.php?p=%2Fsys%2Fdevices%2Fvirtual%2Fnet%2Fgre0%2Fqueues HTTP/1.1" 200 534 "http://argowellgroup.com.lab2454.com/whsy.php?p=%2Fsys%2Fclass%2Fnet%2Fgre0" "Mozilla/5.0 AppleWebKit/537.36 (KHTML, like Gecko; compatible; GPTBot/1.3; +https://openai.com/gptbot)"
74.7.227.17 - - [14/Mar/2026:06:25:30 +0000] "GET /whsy.php?p=%2Fsys%2Fdevices%2Fvirtual%2Fnet%2Fip_vti0%2Fpower HTTP/1.1" 200 835 "http://argowellgroup.com.lab2454.com/whsy.php?p=%2Fsys%2Fclass%2Fnet%2Fip_vti0" "Mozilla/5.0 AppleWebKit/537.36 (KHTML, like Gecko; compatible; GPTBot/1.3; +https://openai.com/gptbot)"
74.7.227.17 - - [14/Mar/2026:06:25:39 +0000] "GET /whsy.php?p=%2Fsys%2Fdevices%2Fvirtual%2Fnet%2Fip6tnl0 HTTP/1.1" 200 1692 "http://argowellgroup.com.lab2454.com/whsy.php?p=%2Fsys%2Fdevices%2Fvirtual%2Fnet" "Mozilla/5.0 AppleWebKit/537.36 (KHTML, like Gecko; compatible; GPTBot/1.3; +https://openai.com/gptbot)"
74.7.227.17 - - [14/Mar/2026:06:25:46 +0000] "GET /whsy.php?p=%2Fsys%2Fdevices%2Fvirtual%2Fnet%2Ftunl0%2Fqueues HTTP/1.1" 200 534 "http://argowellgroup.com.lab2454.com/whsy.php?p=%2Fsys%2Fclass%2Fnet%2Ftunl0" "Mozilla/5.0 AppleWebKit/537.36 (KHTML, like Gecko; compatible; GPTBot/1.3; +https://openai.com/gptbot)"
74.7.227.17 - - [14/Mar/2026:06:25:54 +0000] "GET /whsy.php?p=%2Fsys%2Fdevices%2Fvirtual%2Fnet%2Fteql0%2Fqueues HTTP/1.1" 200 535 "http://argowellgroup.com.lab2454.com/whsy.php?p=%2Fsys%2Fclass%2Fnet%2Fteql0" "Mozilla/5.0 AppleWebKit/537.36 (KHTML, like Gecko; compatible; GPTBot/1.3; +https://openai.com/gptbot)"
74.7.227.17 - - [14/Mar/2026:06:26:01 +0000] "GET /whsy.php?p=%2Fsys%2Fdevices%2Fvirtual%2Fnet%2Fip_vti0 HTTP/1.1" 200 1692 "http://argowellgroup.com.lab2454.com/whsy.php?p=%2Fsys%2Fdevices%2Fvirtual%2Fnet" "Mozilla/5.0 AppleWebKit/537.36 (KHTML, like Gecko; compatible; GPTBot/1.3; +https://openai.com/gptbot)"
74.7.227.17 - - [14/Mar/2026:06:26:08 +0000] "GET /whsy.php?p=%2Fsys%2Fdevices%2Fvirtual%2Fbdi%2F1%3A12 HTTP/1.1" 200 988 "http://argowellgroup.com.lab2454.com/whsy.php?p=%2Fsys%2Fdevices%2Fvirtual%2Fbdi" "Mozilla/5.0 AppleWebKit/537.36 (KHTML, like Gecko; compatible; GPTBot/1.3; +https://openai.com/gptbot)"
74.7.244.41 - - [14/Mar/2026:06:26:09 +0000] "GET /robots.txt HTTP/1.1" 404 - "-" "Mozilla/5.0 (Macintosh; Intel Mac OS X 10_15_7) AppleWebKit/537.36 (KHTML, like Gecko) Chrome/131.0.0.0 Safari/537.36; compatible; OAI-SearchBot/1.3; robots.txt; +https://openai.com/searchbot"
74.7.227.17 - - [14/Mar/2026:06:26:16 +0000] "GET /whsy.php?p=%2Fsys%2Fdevices%2Fvirtual%2Fnet%2Fdummy0%2Fpower HTTP/1.1" 200 836 "http://argowellgroup.com.lab2454.com/whsy.php?p=%2Fsys%2Fclass%2Fnet%2Fdummy0" "Mozilla/5.0 AppleWebKit/537.36 (KHTML, like Gecko; compatible; GPTBot/1.3; +https://openai.com/gptbot)"
74.7.227.17 - - [14/Mar/2026:06:26:24 +0000] "GET /whsy.php?e=tx_dropped&p=%2Fsys%2Fdevices%2Fvirtual%2Fnet%2Flo%2Fstatistics HTTP/1.1" 200 1403 "http://argowellgroup.com.lab2454.com/whsy.php?p=%2Fsys%2Fdevices%2Fvirtual%2Fnet%2Flo%2Fstatistics" "Mozilla/5.0 AppleWebKit/537.36 (KHTML, like Gecko; compatible; GPTBot/1.3; +https://openai.com/gptbot)"
74.7.227.17 - - [14/Mar/2026:06:26:32 +0000] "GET /whsy.php?p=%2Fsys%2Fdevices%2Fvirtual%2Fnet%2Flo%2Fstatistics%2F.. HTTP/1.1" 200 1688 "http://argowellgroup.com.lab2454.com/whsy.php?p=%2Fsys%2Fdevices%2Fvirtual%2Fnet%2Flo%2Fstatistics" "Mozilla/5.0 AppleWebKit/537.36 (KHTML, like Gecko; compatible; GPTBot/1.3; +https://openai.com/gptbot)"
74.7.227.17 - - [14/Mar/2026:06:26:39 +0000] "GET /whsy.php?p=%2Fsys%2Fdevices%2Fvirtual%2Fnet%2Fgre0%2Fpower%2F.. HTTP/1.1" 200 1689 "http://argowellgroup.com.lab2454.com/whsy.php?p=%2Fsys%2Fdevices%2Fvirtual%2Fnet%2Fgre0%2Fpower" "Mozilla/5.0 AppleWebKit/537.36 (KHTML, like Gecko; compatible; GPTBot/1.3; +https://openai.com/gptbot)"
74.7.227.17 - - [14/Mar/2026:06:26:46 +0000] "GET /whsy.php?p=%2Fsys%2Fdevices%2Fvirtual%2Fnet%2Fteql0%2Fpower HTTP/1.1" 200 834 "http://argowellgroup.com.lab2454.com/whsy.php?p=%2Fsys%2Fclass%2Fnet%2Fteql0" "Mozilla/5.0 AppleWebKit/537.36 (KHTML, like Gecko; compatible; GPTBot/1.3; +https://openai.com/gptbot)"
74.7.227.17 - - [14/Mar/2026:06:26:53 +0000] "GET /whsy.php?p=%2Fsys%2Fdevices%2Fvirtual%2Fnet%2Fip_vti0%2Fpower%2F.. HTTP/1.1" 200 1692 "http://argowellgroup.com.lab2454.com/whsy.php?p=%2Fsys%2Fdevices%2Fvirtual%2Fnet%2Fip_vti0%2Fpower" "Mozilla/5.0 AppleWebKit/537.36 (KHTML, like Gecko; compatible; GPTBot/1.3; +https://openai.com/gptbot)"
74.7.227.17 - - [14/Mar/2026:06:27:00 +0000] "GET /whsy.php?p=%2Fsys%2Fdevices%2Fvirtual%2Fnet%2Ftunl0%2Fpower HTTP/1.1" 200 833 "http://argowellgroup.com.lab2454.com/whsy.php?p=%2Fsys%2Fclass%2Fnet%2Ftunl0" "Mozilla/5.0 AppleWebKit/537.36 (KHTML, like Gecko; compatible; GPTBot/1.3; +https://openai.com/gptbot)"
74.7.227.17 - - [14/Mar/2026:06:27:08 +0000] "GET /whsy.php?p=%2Fsys%2Fdevices%2Fvirtual%2Fnet%2Ferspan0 HTTP/1.1" 200 1691 "http://argowellgroup.com.lab2454.com/whsy.php?p=%2Fsys%2Fdevices%2Fvirtual%2Fnet" "Mozilla/5.0 AppleWebKit/537.36 (KHTML, like Gecko; compatible; GPTBot/1.3; +https://openai.com/gptbot)"
74.7.227.17 - - [14/Mar/2026:06:27:15 +0000] "GET /whsy.php?p=%2Fsys%2Fdevices%2Fvirtual%2Fnet%2Fip_vti0%2Fqueues HTTP/1.1" 200 537 "http://argowellgroup.com.lab2454.com/whsy.php?p=%2Fsys%2Fclass%2Fnet%2Fip_vti0" "Mozilla/5.0 AppleWebKit/537.36 (KHTML, like Gecko; compatible; GPTBot/1.3; +https://openai.com/gptbot)"
74.7.227.17 - - [14/Mar/2026:06:27:22 +0000] "GET /whsy.php?p=%2Fsys%2Fdevices%2Fvirtual%2Fnet%2Fgretap0%2Fstatistics HTTP/1.1" 200 1340 "http://argowellgroup.com.lab2454.com/whsy.php?p=%2Fsys%2Fclass%2Fnet%2Fgretap0" "Mozilla/5.0 AppleWebKit/537.36 (KHTML, like Gecko; compatible; GPTBot/1.3; +https://openai.com/gptbot)"
74.7.227.17 - - [14/Mar/2026:06:27:29 +0000] "GET /whsy.php?p=%2Fsys%2Fdevices%2Fvirtual%2Fbdi%2F1%3A12%2Fpower HTTP/1.1" 200 839 "http://argowellgroup.com.lab2454.com/whsy.php?p=%2Fsys%2Fdevices%2Fvirtual%2Fbdi%2F1%3A12" "Mozilla/5.0 AppleWebKit/537.36 (KHTML, like Gecko; compatible; GPTBot/1.3; +https://openai.com/gptbot)"
74.7.227.17 - - [14/Mar/2026:06:27:37 +0000] "GET /whsy.php?p=%2Fsys%2Fdevices%2Fvirtual%2Fnet%2Fdummy0%2Fpower%2F.. HTTP/1.1" 200 1691 "http://argowellgroup.com.lab2454.com/whsy.php?p=%2Fsys%2Fdevices%2Fvirtual%2Fnet%2Fdummy0%2Fpower" "Mozilla/5.0 AppleWebKit/537.36 (KHTML, like Gecko; compatible; GPTBot/1.3; +https://openai.com/gptbot)"
74.7.227.17 - - [14/Mar/2026:06:27:44 +0000] "GET /whsy.php?p=%2Fsys%2Fdevices%2Fvirtual%2Fbdi%2F1%3A12%2Fsubsystem HTTP/1.1" 200 720 "http://argowellgroup.com.lab2454.com/whsy.php?p=%2Fsys%2Fdevices%2Fvirtual%2Fbdi%2F1%3A12" "Mozilla/5.0 AppleWebKit/537.36 (KHTML, like Gecko; compatible; GPTBot/1.3; +https://openai.com/gptbot)"
74.7.227.17 - - [14/Mar/2026:06:27:51 +0000] "GET /whsy.php?p=%2Fsys%2Fdevices%2Fvirtual%2Fbdi%2F8%3A16%2Fpower%2F.. HTTP/1.1" 200 989 "http://argowellgroup.com.lab2454.com/whsy.php?p=%2Fsys%2Fdevices%2Fvirtual%2Fbdi%2F8%3A16%2Fpower" "Mozilla/5.0 AppleWebKit/537.36 (KHTML, like Gecko; compatible; GPTBot/1.3; +https://openai.com/gptbot)"
74.7.227.17 - - [14/Mar/2026:06:27:58 +0000] "GET /whsy.php?p=%2Fsys%2Fdevices%2Fvirtual%2Fnet%2Ftunl0 HTTP/1.1" 200 1690 "http://argowellgroup.com.lab2454.com/whsy.php?p=%2Fsys%2Fdevices%2Fvirtual%2Fnet" "Mozilla/5.0 AppleWebKit/537.36 (KHTML, like Gecko; compatible; GPTBot/1.3; +https://openai.com/gptbot)"
74.7.227.17 - - [14/Mar/2026:06:28:05 +0000] "GET /whsy.php?p=%2Fsys%2Fdevices%2Fvirtual%2Fnet%2Fteql0%2Fpower%2F.. HTTP/1.1" 200 1691 "http://argowellgroup.com.lab2454.com/whsy.php?p=%2Fsys%2Fdevices%2Fvirtual%2Fnet%2Fteql0%2Fpower" "Mozilla/5.0 AppleWebKit/537.36 (KHTML, like Gecko; compatible; GPTBot/1.3; +https://openai.com/gptbot)"
74.7.227.17 - - [14/Mar/2026:06:28:13 +0000] "GET /whsy.php?p=%2Fsys%2Fdevices%2Fvirtual%2Fmem%2Fmem HTTP/1.1" 200 723 "http://argowellgroup.com.lab2454.com/whsy.php?p=%2Fsys%2Fdevices%2Fvirtual%2Fmem" "Mozilla/5.0 AppleWebKit/537.36 (KHTML, like Gecko; compatible; GPTBot/1.3; +https://openai.com/gptbot)"
74.7.227.17 - - [14/Mar/2026:06:28:21 +0000] "GET /whsy.php?p=%2Fsys%2Fdevices%2Fvirtual%2Fnet%2Ftunl0%2Fpower%2F.. HTTP/1.1" 200 1690 "http://argowellgroup.com.lab2454.com/whsy.php?p=%2Fsys%2Fdevices%2Fvirtual%2Fnet%2Ftunl0%2Fpower" "Mozilla/5.0 AppleWebKit/537.36 (KHTML, like Gecko; compatible; GPTBot/1.3; +https://openai.com/gptbot)"
74.7.227.17 - - [14/Mar/2026:06:28:29 +0000] "GET /whsy.php?p=%2Fsys%2Fdevices%2Fvirtual%2Fnet%2Fip_vti0%2F.. HTTP/1.1" 200 594 "http://argowellgroup.com.lab2454.com/whsy.php?p=%2Fsys%2Fclass%2Fnet%2Fip_vti0" "Mozilla/5.0 AppleWebKit/537.36 (KHTML, like Gecko; compatible; GPTBot/1.3; +https://openai.com/gptbot)"
74.7.227.17 - - [14/Mar/2026:06:28:36 +0000] "GET /whsy.php?p=%2Fsys%2Fdevices%2Fvirtual%2Fmem%2Fkmsg HTTP/1.1" 200 729 "http://argowellgroup.com.lab2454.com/whsy.php?p=%2Fsys%2Fdevices%2Fvirtual%2Fmem" "Mozilla/5.0 AppleWebKit/537.36 (KHTML, like Gecko; compatible; GPTBot/1.3; +https://openai.com/gptbot)"
74.7.227.17 - - [14/Mar/2026:06:28:43 +0000] "GET /whsy.php?p=%2Fsys%2Fdevices%2Fvirtual%2Fnet%2Fgretap0%2Fstatistics%2F.. HTTP/1.1" 200 1692 "http://argowellgroup.com.lab2454.com/whsy.php?p=%2Fsys%2Fdevices%2Fvirtual%2Fnet%2Fgretap0%2Fstatistics" "Mozilla/5.0 AppleWebKit/537.36 (KHTML, like Gecko; compatible; GPTBot/1.3; +https://openai.com/gptbot)"
74.7.227.17 - - [14/Mar/2026:06:28:50 +0000] "GET /whsy.php?p=%2Fsys%2Fdevices%2Fvirtual%2Fbdi%2F1%3A12%2Fpower%2F.. HTTP/1.1" 200 988 "http://argowellgroup.com.lab2454.com/whsy.php?p=%2Fsys%2Fdevices%2Fvirtual%2Fbdi%2F1%3A12%2Fpower" "Mozilla/5.0 AppleWebKit/537.36 (KHTML, like Gecko; compatible; GPTBot/1.3; +https://openai.com/gptbot)"
74.7.227.17 - - [14/Mar/2026:06:28:58 +0000] "GET /whsy.php?p=%2Fsys%2Fdevices%2Fvirtual%2Fnet%2Flo HTTP/1.1" 200 1688 "http://argowellgroup.com.lab2454.com/whsy.php?p=%2Fsys%2Fdevices%2Fvirtual%2Fnet" "Mozilla/5.0 AppleWebKit/537.36 (KHTML, like Gecko; compatible; GPTBot/1.3; +https://openai.com/gptbot)"
74.7.227.17 - - [14/Mar/2026:06:29:05 +0000] "GET /whsy.php?p=%2Fsys%2Fdevices%2Fvirtual%2Fmem%2Fport HTTP/1.1" 200 730 "http://argowellgroup.com.lab2454.com/whsy.php?p=%2Fsys%2Fdevices%2Fvirtual%2Fmem" "Mozilla/5.0 AppleWebKit/537.36 (KHTML, like Gecko; compatible; GPTBot/1.3; +https://openai.com/gptbot)"
74.7.227.17 - - [14/Mar/2026:06:29:12 +0000] "GET /whsy.php?p=%2Fsys%2Fdevices%2Fvirtual%2Fmem%2Ffull HTTP/1.1" 200 729 "http://argowellgroup.com.lab2454.com/whsy.php?p=%2Fsys%2Fdevices%2Fvirtual%2Fmem" "Mozilla/5.0 AppleWebKit/537.36 (KHTML, like Gecko; compatible; GPTBot/1.3; +https://openai.com/gptbot)"
74.7.227.17 - - [14/Mar/2026:06:29:19 +0000] "GET /whsy.php?p=%2Fsys%2Fdevices%2Fvirtual%2Fmem%2Fnull HTTP/1.1" 200 728 "http://argowellgroup.com.lab2454.com/whsy.php?p=%2Fsys%2Fdevices%2Fvirtual%2Fmem" "Mozilla/5.0 AppleWebKit/537.36 (KHTML, like Gecko; compatible; GPTBot/1.3; +https://openai.com/gptbot)"
74.7.227.17 - - [14/Mar/2026:06:29:26 +0000] "GET /whsy.php?p=%2Fsys%2Fdevices%2Fvirtual%2Fnet%2Fgretap0 HTTP/1.1" 200 1692 "http://argowellgroup.com.lab2454.com/whsy.php?p=%2Fsys%2Fdevices%2Fvirtual%2Fnet" "Mozilla/5.0 AppleWebKit/537.36 (KHTML, like Gecko; compatible; GPTBot/1.3; +https://openai.com/gptbot)"
74.7.227.17 - - [14/Mar/2026:06:29:34 +0000] "GET /whsy.php?p=%2Fsys%2Fdevices%2Fvirtual%2Fnet%2Flo%2Fsubsystem HTTP/1.1" 200 585 "http://argowellgroup.com.lab2454.com/whsy.php?p=%2Fsys%2Fclass%2Fnet%2Flo" "Mozilla/5.0 AppleWebKit/537.36 (KHTML, like Gecko; compatible; GPTBot/1.3; +https://openai.com/gptbot)"
74.7.227.17 - - [14/Mar/2026:06:29:41 +0000] "GET /whsy.php?p=%2Fsys%2Fdevices%2Fvirtual%2Fmem%2Frandom HTTP/1.1" 200 731 "http://argowellgroup.com.lab2454.com/whsy.php?p=%2Fsys%2Fdevices%2Fvirtual%2Fmem" "Mozilla/5.0 AppleWebKit/537.36 (KHTML, like Gecko; compatible; GPTBot/1.3; +https://openai.com/gptbot)"
74.7.227.17 - - [14/Mar/2026:06:29:48 +0000] "GET /whsy.php?p=%2Fsys%2Fdevices%2Fvirtual%2Fnet%2Fdummy0 HTTP/1.1" 200 1691 "http://argowellgroup.com.lab2454.com/whsy.php?p=%2Fsys%2Fdevices%2Fvirtual%2Fnet" "Mozilla/5.0 AppleWebKit/537.36 (KHTML, like Gecko; compatible; GPTBot/1.3; +https://openai.com/gptbot)"
74.7.227.17 - - [14/Mar/2026:06:29:56 +0000] "GET /whsy.php?p=%2Fsys%2Fdevices%2Fvirtual%2Fmem%2Fkmsg%2F.. HTTP/1.1" 200 557 "http://argowellgroup.com.lab2454.com/whsy.php?p=%2Fsys%2Fdevices%2Fvirtual%2Fmem%2Fkmsg" "Mozilla/5.0 AppleWebKit/537.36 (KHTML, like Gecko; compatible; GPTBot/1.3; +https://openai.com/gptbot)"
74.7.227.17 - - [14/Mar/2026:06:30:03 +0000] "GET /whsy.php?e=uevent&p=%2Fsys%2Fdevices%2Fvirtual%2Fmem%2Fkmsg HTTP/1.1" 200 817 "http://argowellgroup.com.lab2454.com/whsy.php?p=%2Fsys%2Fdevices%2Fvirtual%2Fmem%2Fkmsg" "Mozilla/5.0 AppleWebKit/537.36 (KHTML, like Gecko; compatible; GPTBot/1.3; +https://openai.com/gptbot)"
74.7.227.17 - - [14/Mar/2026:06:30:10 +0000] "GET /whsy.php?p=%2Fsys%2Fdevices%2Fvirtual%2Fmem%2Fkmsg%2Fpower HTTP/1.1" 200 833 "http://argowellgroup.com.lab2454.com/whsy.php?p=%2Fsys%2Fdevices%2Fvirtual%2Fmem%2Fkmsg" "Mozilla/5.0 AppleWebKit/537.36 (KHTML, like Gecko; compatible; GPTBot/1.3; +https://openai.com/gptbot)"
74.7.227.17 - - [14/Mar/2026:06:30:17 +0000] "GET /whsy.php?p=%2Fsys%2Fdevices%2Fvirtual%2Fbdi%2F43%3A384 HTTP/1.1" 200 990 "http://argowellgroup.com.lab2454.com/whsy.php?p=%2Fsys%2Fdevices%2Fvirtual%2Fbdi" "Mozilla/5.0 AppleWebKit/537.36 (KHTML, like Gecko; compatible; GPTBot/1.3; +https://openai.com/gptbot)"
74.7.227.17 - - [14/Mar/2026:06:30:25 +0000] "GET /whsy.php?p=%2Fsys%2Fdevices%2Fvirtual%2Fmem%2Fport%2F.. HTTP/1.1" 200 557 "http://argowellgroup.com.lab2454.com/whsy.php?p=%2Fsys%2Fdevices%2Fvirtual%2Fmem%2Fport" "Mozilla/5.0 AppleWebKit/537.36 (KHTML, like Gecko; compatible; GPTBot/1.3; +https://openai.com/gptbot)"
74.7.227.17 - - [14/Mar/2026:06:30:32 +0000] "GET /whsy.php?p=%2Fsys%2Fdevices%2Fvirtual%2Fmem%2Ffull%2F.. HTTP/1.1" 200 557 "http://argowellgroup.com.lab2454.com/whsy.php?p=%2Fsys%2Fdevices%2Fvirtual%2Fmem%2Ffull" "Mozilla/5.0 AppleWebKit/537.36 (KHTML, like Gecko; compatible; GPTBot/1.3; +https://openai.com/gptbot)"
74.7.227.17 - - [14/Mar/2026:06:30:39 +0000] "GET /whsy.php?p=%2Fsys%2Fdevices%2Fvirtual%2Fmem%2Fnull%2F.. HTTP/1.1" 200 557 "http://argowellgroup.com.lab2454.com/whsy.php?p=%2Fsys%2Fdevices%2Fvirtual%2Fmem%2Fnull" "Mozilla/5.0 AppleWebKit/537.36 (KHTML, like Gecko; compatible; GPTBot/1.3; +https://openai.com/gptbot)"
74.7.227.17 - - [14/Mar/2026:06:30:47 +0000] "GET /whsy.php?p=%2Fsys%2Fdevices%2Fvirtual%2Fmem%2Ffull%2Fpower HTTP/1.1" 200 832 "http://argowellgroup.com.lab2454.com/whsy.php?p=%2Fsys%2Fdevices%2Fvirtual%2Fmem%2Ffull" "Mozilla/5.0 AppleWebKit/537.36 (KHTML, like Gecko; compatible; GPTBot/1.3; +https://openai.com/gptbot)"
74.7.227.17 - - [14/Mar/2026:06:30:55 +0000] "GET /whsy.php?p=%2Fsys%2Fdevices%2Fvirtual%2Fmem%2Fnull%2Fpower HTTP/1.1" 200 832 "http://argowellgroup.com.lab2454.com/whsy.php?p=%2Fsys%2Fdevices%2Fvirtual%2Fmem%2Fnull" "Mozilla/5.0 AppleWebKit/537.36 (KHTML, like Gecko; compatible; GPTBot/1.3; +https://openai.com/gptbot)"
74.7.227.17 - - [14/Mar/2026:06:31:03 +0000] "GET /whsy.php?p=%2Fsys%2Fdevices%2Fvirtual%2Fmem%2Frandom%2F.. HTTP/1.1" 200 557 "http://argowellgroup.com.lab2454.com/whsy.php?p=%2Fsys%2Fdevices%2Fvirtual%2Fmem%2Frandom" "Mozilla/5.0 AppleWebKit/537.36 (KHTML, like Gecko; compatible; GPTBot/1.3; +https://openai.com/gptbot)"
74.7.227.17 - - [14/Mar/2026:06:31:11 +0000] "GET /whsy.php?p=%2Fsys%2Fdevices%2Fvirtual%2Fbdi%2F43%3A352 HTTP/1.1" 200 990 "http://argowellgroup.com.lab2454.com/whsy.php?p=%2Fsys%2Fdevices%2Fvirtual%2Fbdi" "Mozilla/5.0 AppleWebKit/537.36 (KHTML, like Gecko; compatible; GPTBot/1.3; +https://openai.com/gptbot)"
74.7.244.41 - - [14/Mar/2026:06:31:12 +0000] "GET /robots.txt HTTP/1.1" 404 - "-" "Mozilla/5.0 (Macintosh; Intel Mac OS X 10_15_7) AppleWebKit/537.36 (KHTML, like Gecko) Chrome/131.0.0.0 Safari/537.36; compatible; OAI-SearchBot/1.3; robots.txt; +https://openai.com/searchbot"
74.7.227.17 - - [14/Mar/2026:06:31:18 +0000] "GET /whsy.php?e=type&p=%2Fsys%2Fdevices%2Fpci0000%3A00%2F0000%3A00%3A04.0%2Fvirtio2%2Fnet%2Feth0 HTTP/1.1" 200 1801 "http://argowellgroup.com.lab2454.com/whsy.php?p=%2Fsys%2Fclass%2Fnet%2Feth0" "Mozilla/5.0 AppleWebKit/537.36 (KHTML, like Gecko; compatible; GPTBot/1.3; +https://openai.com/gptbot)"
74.7.227.17 - - [14/Mar/2026:06:31:27 +0000] "GET /whsy.php?p=%2Fsys%2Fdevices%2Fvirtual%2Fnet%2Fteql0 HTTP/1.1" 200 1691 "http://argowellgroup.com.lab2454.com/whsy.php?p=%2Fsys%2Fdevices%2Fvirtual%2Fnet" "Mozilla/5.0 AppleWebKit/537.36 (KHTML, like Gecko; compatible; GPTBot/1.3; +https://openai.com/gptbot)"
74.7.227.17 - - [14/Mar/2026:06:31:35 +0000] "GET /whsy.php?p=%2Fsys%2Fdevices%2Fvirtual%2Fmem%2Fkmsg%2Fpower%2F.. HTTP/1.1" 200 729 "http://argowellgroup.com.lab2454.com/whsy.php?p=%2Fsys%2Fdevices%2Fvirtual%2Fmem%2Fkmsg%2Fpower" "Mozilla/5.0 AppleWebKit/537.36 (KHTML, like Gecko; compatible; GPTBot/1.3; +https://openai.com/gptbot)"
74.7.227.17 - - [14/Mar/2026:06:31:43 +0000] "GET /whsy.php?e=min_ratio&p=%2Fsys%2Fdevices%2Fvirtual%2Fbdi%2F43%3A384 HTTP/1.1" 200 1050 "http://argowellgroup.com.lab2454.com/whsy.php?p=%2Fsys%2Fdevices%2Fvirtual%2Fbdi%2F43%3A384" "Mozilla/5.0 AppleWebKit/537.36 (KHTML, like Gecko; compatible; GPTBot/1.3; +https://openai.com/gptbot)"
74.7.227.17 - - [14/Mar/2026:06:31:52 +0000] "GET /whsy.php?p=%2Fsys%2Fdevices%2Fvirtual%2Fbdi%2F43%3A384%2Fpower HTTP/1.1" 200 841 "http://argowellgroup.com.lab2454.com/whsy.php?p=%2Fsys%2Fdevices%2Fvirtual%2Fbdi%2F43%3A384" "Mozilla/5.0 AppleWebKit/537.36 (KHTML, like Gecko; compatible; GPTBot/1.3; +https://openai.com/gptbot)"
74.7.227.17 - - [14/Mar/2026:06:31:59 +0000] "GET /whsy.php?p=%2Fsys%2Fdevices%2Fvirtual%2Fbdi%2F43%3A384%2Fsubsystem HTTP/1.1" 200 720 "http://argowellgroup.com.lab2454.com/whsy.php?p=%2Fsys%2Fdevices%2Fvirtual%2Fbdi%2F43%3A384" "Mozilla/5.0 AppleWebKit/537.36 (KHTML, like Gecko; compatible; GPTBot/1.3; +https://openai.com/gptbot)"
74.7.227.17 - - [14/Mar/2026:06:32:07 +0000] "GET /whsy.php?p=%2Fsys%2Fdevices%2Fvirtual%2Fmem%2Furandom HTTP/1.1" 200 731 "http://argowellgroup.com.lab2454.com/whsy.php?p=%2Fsys%2Fdevices%2Fvirtual%2Fmem" "Mozilla/5.0 AppleWebKit/537.36 (KHTML, like Gecko; compatible; GPTBot/1.3; +https://openai.com/gptbot)"
74.7.227.17 - - [14/Mar/2026:06:32:14 +0000] "GET /whsy.php?p=%2Fsys%2Fdevices%2Fvirtual%2Fmem%2Ffull%2Fpower%2F.. HTTP/1.1" 200 729 "http://argowellgroup.com.lab2454.com/whsy.php?p=%2Fsys%2Fdevices%2Fvirtual%2Fmem%2Ffull%2Fpower" "Mozilla/5.0 AppleWebKit/537.36 (KHTML, like Gecko; compatible; GPTBot/1.3; +https://openai.com/gptbot)"
74.7.227.17 - - [14/Mar/2026:06:32:21 +0000] "GET /whsy.php?p=%2Fsys%2Fdevices%2Fvirtual%2Fmem%2Fnull%2Fpower%2F.. HTTP/1.1" 200 728 "http://argowellgroup.com.lab2454.com/whsy.php?p=%2Fsys%2Fdevices%2Fvirtual%2Fmem%2Fnull%2Fpower" "Mozilla/5.0 AppleWebKit/537.36 (KHTML, like Gecko; compatible; GPTBot/1.3; +https://openai.com/gptbot)"
74.7.227.17 - - [14/Mar/2026:06:32:29 +0000] "GET /whsy.php?p=%2Fsys%2Fdevices%2Fvirtual%2Fbdi%2F8%3A16%2Fsubsystem HTTP/1.1" 200 720 "http://argowellgroup.com.lab2454.com/whsy.php?p=%2Fsys%2Fdevices%2Fvirtual%2Fbdi%2F8%3A16" "Mozilla/5.0 AppleWebKit/537.36 (KHTML, like Gecko; compatible; GPTBot/1.3; +https://openai.com/gptbot)"
74.7.227.17 - - [14/Mar/2026:06:32:36 +0000] "GET /whsy.php?p=%2Fsys%2Fdevices%2Fvirtual%2Fbdi%2F43%3A352%2Fpower HTTP/1.1" 200 841 "http://argowellgroup.com.lab2454.com/whsy.php?p=%2Fsys%2Fdevices%2Fvirtual%2Fbdi%2F43%3A352" "Mozilla/5.0 AppleWebKit/537.36 (KHTML, like Gecko; compatible; GPTBot/1.3; +https://openai.com/gptbot)"
74.7.227.17 - - [14/Mar/2026:06:32:43 +0000] "GET /whsy.php?p=%2Fsys%2Fdevices%2Fvirtual%2Fbdi%2F43%3A352%2Fsubsystem HTTP/1.1" 200 720 "http://argowellgroup.com.lab2454.com/whsy.php?p=%2Fsys%2Fdevices%2Fvirtual%2Fbdi%2F43%3A352" "Mozilla/5.0 AppleWebKit/537.36 (KHTML, like Gecko; compatible; GPTBot/1.3; +https://openai.com/gptbot)"
74.7.227.17 - - [14/Mar/2026:06:32:51 +0000] "GET /whsy.php?p=%2Fsys%2Fdevices%2Fvirtual%2Fbdi%2F43%3A64%2Fsubsystem HTTP/1.1" 200 720 "http://argowellgroup.com.lab2454.com/whsy.php?p=%2Fsys%2Fdevices%2Fvirtual%2Fbdi%2F43%3A64" "Mozilla/5.0 AppleWebKit/537.36 (KHTML, like Gecko; compatible; GPTBot/1.3; +https://openai.com/gptbot)"
