74.7.227.20 - - [14/Mar/2026:10:32:26 +0000] "GET /whsy.php?e=awstats012023.atopec.com.lab2454.com.txt&p=%2Fhome%2Flab2454c%2Ftmp%2Fawstats HTTP/1.1" 200 139875 "http://sportstude.com.lab2454.com/whsy.php?e=awstats092025.nfsin.com.lab2454.com.txt&p=%2Fhome%2Flab2454c%2Ftmp%2Fawstats" "Mozilla/5.0 AppleWebKit/537.36 (KHTML, like Gecko; compatible; GPTBot/1.3; +https://openai.com/gptbot)"
74.7.227.20 - - [14/Mar/2026:10:32:41 +0000] "GET /whsy.php?e=awstats102025.embaar.com.lab2454.com.txt&p=%2Fhome%2Flab2454c%2Ftmp%2Fawstats HTTP/1.1" 200 137728 "http://sportstude.com.lab2454.com/whsy.php?e=awstats092025.nfsin.com.lab2454.com.txt&p=%2Fhome%2Flab2454c%2Ftmp%2Fawstats" "Mozilla/5.0 AppleWebKit/537.36 (KHTML, like Gecko; compatible; GPTBot/1.3; +https://openai.com/gptbot)"
74.7.227.20 - - [14/Mar/2026:10:32:49 +0000] "GET /whsy.php?e=awstats072025.embaar.com.lab2454.com.txt&p=%2Fhome%2Flab2454c%2Ftmp%2Fawstats HTTP/1.1" 200 136488 "http://sportstude.com.lab2454.com/whsy.php?e=awstats092025.nfsin.com.lab2454.com.txt&p=%2Fhome%2Flab2454c%2Ftmp%2Fawstats" "Mozilla/5.0 AppleWebKit/537.36 (KHTML, like Gecko; compatible; GPTBot/1.3; +https://openai.com/gptbot)"
74.7.227.20 - - [14/Mar/2026:10:32:56 +0000] "GET /whsy.php?e=awstats052024.gemsaq.com.lab2454.com.txt&p=%2Fhome%2Flab2454c%2Ftmp%2Fawstats HTTP/1.1" 200 136711 "http://sportstude.com.lab2454.com/whsy.php?e=awstats092025.nfsin.com.lab2454.com.txt&p=%2Fhome%2Flab2454c%2Ftmp%2Fawstats" "Mozilla/5.0 AppleWebKit/537.36 (KHTML, like Gecko; compatible; GPTBot/1.3; +https://openai.com/gptbot)"
74.7.227.20 - - [14/Mar/2026:10:33:04 +0000] "GET /whsy.php?e=awstats032024.wyntle.com.lab2454.com.txt&p=%2Fhome%2Flab2454c%2Ftmp%2Fawstats HTTP/1.1" 200 135830 "http://sportstude.com.lab2454.com/whsy.php?e=awstats092025.nfsin.com.lab2454.com.txt&p=%2Fhome%2Flab2454c%2Ftmp%2Fawstats" "Mozilla/5.0 AppleWebKit/537.36 (KHTML, like Gecko; compatible; GPTBot/1.3; +https://openai.com/gptbot)"
74.7.227.20 - - [14/Mar/2026:10:33:35 +0000] "GET /whsy.php?e=awstats012024.beleci.com.lab2454.com.txt&p=%2Fhome%2Flab2454c%2Ftmp%2Fawstats HTTP/1.1" 200 137997 "http://sportstude.com.lab2454.com/whsy.php?e=awstats092025.nfsin.com.lab2454.com.txt&p=%2Fhome%2Flab2454c%2Ftmp%2Fawstats" "Mozilla/5.0 AppleWebKit/537.36 (KHTML, like Gecko; compatible; GPTBot/1.3; +https://openai.com/gptbot)"
74.7.227.20 - - [14/Mar/2026:10:33:50 +0000] "GET /whsy.php?e=awstats022023.biocei.com.lab2454.com.txt&p=%2Fhome%2Flab2454c%2Ftmp%2Fawstats HTTP/1.1" 200 139105 "http://sportstude.com.lab2454.com/whsy.php?e=awstats092025.nfsin.com.lab2454.com.txt&p=%2Fhome%2Flab2454c%2Ftmp%2Fawstats" "Mozilla/5.0 AppleWebKit/537.36 (KHTML, like Gecko; compatible; GPTBot/1.3; +https://openai.com/gptbot)"
74.7.227.20 - - [14/Mar/2026:10:33:58 +0000] "GET /whsy.php?e=awstats012025.cashuw.com.lab2454.com.txt&p=%2Fhome%2Flab2454c%2Ftmp%2Fawstats HTTP/1.1" 200 137415 "http://sportstude.com.lab2454.com/whsy.php?e=awstats092025.nfsin.com.lab2454.com.txt&p=%2Fhome%2Flab2454c%2Ftmp%2Fawstats" "Mozilla/5.0 AppleWebKit/537.36 (KHTML, like Gecko; compatible; GPTBot/1.3; +https://openai.com/gptbot)"
74.7.227.20 - - [14/Mar/2026:10:34:05 +0000] "GET /whsy.php?e=awstats062023.atopec.com.lab2454.com.txt&p=%2Fhome%2Flab2454c%2Ftmp%2Fawstats HTTP/1.1" 200 137249 "http://sportstude.com.lab2454.com/whsy.php?e=awstats092025.nfsin.com.lab2454.com.txt&p=%2Fhome%2Flab2454c%2Ftmp%2Fawstats" "Mozilla/5.0 AppleWebKit/537.36 (KHTML, like Gecko; compatible; GPTBot/1.3; +https://openai.com/gptbot)"
74.7.227.20 - - [14/Mar/2026:10:34:20 +0000] "GET /whsy.php?e=awstats092024.beleci.com.lab2454.com.txt&p=%2Fhome%2Flab2454c%2Ftmp%2Fawstats HTTP/1.1" 200 137907 "http://sportstude.com.lab2454.com/whsy.php?e=awstats092025.nfsin.com.lab2454.com.txt&p=%2Fhome%2Flab2454c%2Ftmp%2Fawstats" "Mozilla/5.0 AppleWebKit/537.36 (KHTML, like Gecko; compatible; GPTBot/1.3; +https://openai.com/gptbot)"
74.7.227.20 - - [14/Mar/2026:10:34:35 +0000] "GET /whsy.php?p=%2Fhome%2Flab2454c%2Fveritserv.com%2Fwp-includes%2Fblocks%2Fblock HTTP/1.1" 200 741 "http://sportstude.com.lab2454.com/whsy.php?e=template-part.php&p=%2Fhome%2Flab2454c%2Fveritserv.com%2Fwp-includes%2Fblocks" "Mozilla/5.0 AppleWebKit/537.36 (KHTML, like Gecko; compatible; GPTBot/1.3; +https://openai.com/gptbot)"
74.7.227.20 - - [14/Mar/2026:10:34:50 +0000] "GET /whsy.php?e=class-wp-navigation-fallback.php&p=%2Fhome%2Flab2454c%2Fcarbonbullionexchange.com%2Fwp-includes HTTP/1.1" 200 10849 "http://sportstude.com.lab2454.com/whsy.php?p=%2Fhome%2Flab2454c%2Fcarbonbullionexchange.com%2Fwp-includes" "Mozilla/5.0 AppleWebKit/537.36 (KHTML, like Gecko; compatible; GPTBot/1.3; +https://openai.com/gptbot)"
74.7.175.160 - - [14/Mar/2026:10:34:50 +0000] "GET /robots.txt HTTP/1.1" 404 - "-" "Mozilla/5.0 (Macintosh; Intel Mac OS X 10_15_7) AppleWebKit/537.36 (KHTML, like Gecko) Chrome/131.0.0.0 Safari/537.36; compatible; OAI-SearchBot/1.3; robots.txt; +https://openai.com/searchbot"
74.7.227.20 - - [14/Mar/2026:10:34:57 +0000] "GET /whsy.php?e=daily_usage_202409.png&p=%2Fhome%2Flab2454c%2Ftmp%2Fwebalizer%2Fnfsin.com.lab2454.com HTTP/1.1" 200 4272 "http://sportstude.com.lab2454.com/whsy.php?e=index.html&p=%2Fhome%2Flab2454c%2Ftmp%2Fwebalizer%2Fnfsin.com.lab2454.com" "Mozilla/5.0 AppleWebKit/537.36 (KHTML, like Gecko; compatible; GPTBot/1.3; +https://openai.com/gptbot)"
74.7.227.20 - - [14/Mar/2026:10:35:57 +0000] "GET /whsy.php?p=%2Fhome%2Flab2454c%2Fveritserv.com%2Fwp-includes%2Fblocks%2Fblock%2F.. HTTP/1.1" 200 4249 "http://sportstude.com.lab2454.com/whsy.php?p=%2Fhome%2Flab2454c%2Fveritserv.com%2Fwp-includes%2Fblocks%2Fblock" "Mozilla/5.0 AppleWebKit/537.36 (KHTML, like Gecko; compatible; GPTBot/1.3; +https://openai.com/gptbot)"
74.7.227.20 - - [14/Mar/2026:10:36:04 +0000] "GET /whsy.php?e=9050e9c3ab7fc31e0a1c183074ee106feb712f65.php&p=%2Fhome%2Flab2454c%2Fomvstudio.com%2Fstorage%2Fframework%2Fviews HTTP/1.1" 200 7583 "http://sportstude.com.lab2454.com/whsy.php?e=994eddd442ee1f7bc77cbf0f2c79197ee3e6b967.php&p=%2Fhome%2Flab2454c%2Fomvstudio.com%2Fstorage%2Fframework%2Fviews" "Mozilla/5.0 AppleWebKit/537.36 (KHTML, like Gecko; compatible; GPTBot/1.3; +https://openai.com/gptbot)"
74.7.227.20 - - [14/Mar/2026:10:36:12 +0000] "GET /whsy.php?e=0f19c8068e588aec4cf7d2649b8af6d11098692a.php&p=%2Fhome%2Flab2454c%2Fomvstudio.com%2Fstorage%2Fframework%2Fviews HTTP/1.1" 200 8111 "http://sportstude.com.lab2454.com/whsy.php?e=994eddd442ee1f7bc77cbf0f2c79197ee3e6b967.php&p=%2Fhome%2Flab2454c%2Fomvstudio.com%2Fstorage%2Fframework%2Fviews" "Mozilla/5.0 AppleWebKit/537.36 (KHTML, like Gecko; compatible; GPTBot/1.3; +https://openai.com/gptbot)"
74.7.227.20 - - [14/Mar/2026:10:36:19 +0000] "GET /whsy.php?e=9b0959b9bba5b6d63b4593b5d87bd28197d8a925.php&p=%2Fhome%2Flab2454c%2Fomvstudio.com%2Fstorage%2Fframework%2Fviews HTTP/1.1" 200 8445 "http://sportstude.com.lab2454.com/whsy.php?e=994eddd442ee1f7bc77cbf0f2c79197ee3e6b967.php&p=%2Fhome%2Flab2454c%2Fomvstudio.com%2Fstorage%2Fframework%2Fviews" "Mozilla/5.0 AppleWebKit/537.36 (KHTML, like Gecko; compatible; GPTBot/1.3; +https://openai.com/gptbot)"
74.7.227.20 - - [14/Mar/2026:10:37:40 +0000] "GET /whsy.php?e=a6d5d98b171ec7f0f09850c131b7d25940af48c9.php&p=%2Fhome%2Flab2454c%2Fomvstudio.com%2Fstorage%2Fframework%2Fviews HTTP/1.1" 200 7567 "http://sportstude.com.lab2454.com/whsy.php?e=994eddd442ee1f7bc77cbf0f2c79197ee3e6b967.php&p=%2Fhome%2Flab2454c%2Fomvstudio.com%2Fstorage%2Fframework%2Fviews" "Mozilla/5.0 AppleWebKit/537.36 (KHTML, like Gecko; compatible; GPTBot/1.3; +https://openai.com/gptbot)"
74.7.227.20 - - [14/Mar/2026:10:38:02 +0000] "GET /whsy.php?e=d58a819c16ff5fc06780671eafcdda726755b421.php&p=%2Fhome%2Flab2454c%2Fomvstudio.com%2Fstorage%2Fframework%2Fviews HTTP/1.1" 200 7656 "http://sportstude.com.lab2454.com/whsy.php?e=994eddd442ee1f7bc77cbf0f2c79197ee3e6b967.php&p=%2Fhome%2Flab2454c%2Fomvstudio.com%2Fstorage%2Fframework%2Fviews" "Mozilla/5.0 AppleWebKit/537.36 (KHTML, like Gecko; compatible; GPTBot/1.3; +https://openai.com/gptbot)"
74.7.227.20 - - [14/Mar/2026:10:38:32 +0000] "GET /whsy.php?e=4754accb69589ffc45fd59e0948b9b693b27301f.php&p=%2Fhome%2Flab2454c%2Fomvstudio.com%2Fstorage%2Fframework%2Fviews HTTP/1.1" 200 7615 "http://sportstude.com.lab2454.com/whsy.php?e=994eddd442ee1f7bc77cbf0f2c79197ee3e6b967.php&p=%2Fhome%2Flab2454c%2Fomvstudio.com%2Fstorage%2Fframework%2Fviews" "Mozilla/5.0 AppleWebKit/537.36 (KHTML, like Gecko; compatible; GPTBot/1.3; +https://openai.com/gptbot)"
74.7.227.20 - - [14/Mar/2026:10:38:47 +0000] "GET /whsy.php?e=06ed441cbb35307fa04f6d824899ec91403da07b.php&p=%2Fhome%2Flab2454c%2Fomvstudio.com%2Fstorage%2Fframework%2Fviews HTTP/1.1" 200 7443 "http://sportstude.com.lab2454.com/whsy.php?e=994eddd442ee1f7bc77cbf0f2c79197ee3e6b967.php&p=%2Fhome%2Flab2454c%2Fomvstudio.com%2Fstorage%2Fframework%2Fviews" "Mozilla/5.0 AppleWebKit/537.36 (KHTML, like Gecko; compatible; GPTBot/1.3; +https://openai.com/gptbot)"
74.7.227.20 - - [14/Mar/2026:10:39:27 +0000] "GET /whsy.php?e=e07cd53bad0b9910f3a8516962a50213b6cca825.php&p=%2Fhome%2Flab2454c%2Fomvstudio.com%2Fstorage%2Fframework%2Fviews HTTP/1.1" 200 7194 "http://sportstude.com.lab2454.com/whsy.php?e=994eddd442ee1f7bc77cbf0f2c79197ee3e6b967.php&p=%2Fhome%2Flab2454c%2Fomvstudio.com%2Fstorage%2Fframework%2Fviews" "Mozilla/5.0 AppleWebKit/537.36 (KHTML, like Gecko; compatible; GPTBot/1.3; +https://openai.com/gptbot)"
74.7.227.20 - - [14/Mar/2026:10:40:11 +0000] "GET /whsy.php?e=5bdebb17694c3449e1e90e96a14a71c60ce6065e.php&p=%2Fhome%2Flab2454c%2Fomvstudio.com%2Fstorage%2Fframework%2Fviews HTTP/1.1" 200 6729 "http://sportstude.com.lab2454.com/whsy.php?e=994eddd442ee1f7bc77cbf0f2c79197ee3e6b967.php&p=%2Fhome%2Flab2454c%2Fomvstudio.com%2Fstorage%2Fframework%2Fviews" "Mozilla/5.0 AppleWebKit/537.36 (KHTML, like Gecko; compatible; GPTBot/1.3; +https://openai.com/gptbot)"
74.7.227.20 - - [14/Mar/2026:10:40:27 +0000] "GET /whsy.php?e=697ea509ea4651b7eabb33d62360d53f2a5127d1.php&p=%2Fhome%2Flab2454c%2Fomvstudio.com%2Fstorage%2Fframework%2Fviews HTTP/1.1" 200 7092 "http://sportstude.com.lab2454.com/whsy.php?e=994eddd442ee1f7bc77cbf0f2c79197ee3e6b967.php&p=%2Fhome%2Flab2454c%2Fomvstudio.com%2Fstorage%2Fframework%2Fviews" "Mozilla/5.0 AppleWebKit/537.36 (KHTML, like Gecko; compatible; GPTBot/1.3; +https://openai.com/gptbot)"
74.7.175.160 - - [14/Mar/2026:10:40:35 +0000] "GET /robots.txt HTTP/1.1" 404 - "-" "Mozilla/5.0 (Macintosh; Intel Mac OS X 10_15_7) AppleWebKit/537.36 (KHTML, like Gecko) Chrome/131.0.0.0 Safari/537.36; compatible; OAI-SearchBot/1.3; robots.txt; +https://openai.com/searchbot"
74.7.227.20 - - [14/Mar/2026:10:41:50 +0000] "GET /whsy.php?e=e6012e4995b0827a2a3018a965bd9ac32afe6b99.php&p=%2Fhome%2Flab2454c%2Fomvstudio.com%2Fstorage%2Fframework%2Fviews HTTP/1.1" 200 12552 "http://sportstude.com.lab2454.com/whsy.php?e=994eddd442ee1f7bc77cbf0f2c79197ee3e6b967.php&p=%2Fhome%2Flab2454c%2Fomvstudio.com%2Fstorage%2Fframework%2Fviews" "Mozilla/5.0 AppleWebKit/537.36 (KHTML, like Gecko; compatible; GPTBot/1.3; +https://openai.com/gptbot)"
74.7.227.20 - - [14/Mar/2026:10:41:57 +0000] "GET /whsy.php?e=f691d11d5ad8be177db233695b9c34ba41852b63.php&p=%2Fhome%2Flab2454c%2Fomvstudio.com%2Fstorage%2Fframework%2Fviews HTTP/1.1" 200 7039 "http://sportstude.com.lab2454.com/whsy.php?e=994eddd442ee1f7bc77cbf0f2c79197ee3e6b967.php&p=%2Fhome%2Flab2454c%2Fomvstudio.com%2Fstorage%2Fframework%2Fviews" "Mozilla/5.0 AppleWebKit/537.36 (KHTML, like Gecko; compatible; GPTBot/1.3; +https://openai.com/gptbot)"
74.7.227.20 - - [14/Mar/2026:10:42:52 +0000] "GET /whsy.php?e=4473f33b07f89da48aee596ed291b63fc151f4e0.php&p=%2Fhome%2Flab2454c%2Fomvstudio.com%2Fstorage%2Fframework%2Fviews HTTP/1.1" 200 8134 "http://sportstude.com.lab2454.com/whsy.php?e=994eddd442ee1f7bc77cbf0f2c79197ee3e6b967.php&p=%2Fhome%2Flab2454c%2Fomvstudio.com%2Fstorage%2Fframework%2Fviews" "Mozilla/5.0 AppleWebKit/537.36 (KHTML, like Gecko; compatible; GPTBot/1.3; +https://openai.com/gptbot)"
74.7.227.20 - - [14/Mar/2026:10:43:14 +0000] "GET /whsy.php?e=91387c63721df6abe820110487cdcffe045a9d68.php&p=%2Fhome%2Flab2454c%2Fomvstudio.com%2Fstorage%2Fframework%2Fviews HTTP/1.1" 200 8077 "http://sportstude.com.lab2454.com/whsy.php?e=994eddd442ee1f7bc77cbf0f2c79197ee3e6b967.php&p=%2Fhome%2Flab2454c%2Fomvstudio.com%2Fstorage%2Fframework%2Fviews" "Mozilla/5.0 AppleWebKit/537.36 (KHTML, like Gecko; compatible; GPTBot/1.3; +https://openai.com/gptbot)"
74.7.227.20 - - [14/Mar/2026:10:43:36 +0000] "GET /whsy.php?e=f11f43efa2a00328b40b4b9f3a83f48711e9b47a.php&p=%2Fhome%2Flab2454c%2Fomvstudio.com%2Fstorage%2Fframework%2Fviews HTTP/1.1" 200 7448 "http://sportstude.com.lab2454.com/whsy.php?e=994eddd442ee1f7bc77cbf0f2c79197ee3e6b967.php&p=%2Fhome%2Flab2454c%2Fomvstudio.com%2Fstorage%2Fframework%2Fviews" "Mozilla/5.0 AppleWebKit/537.36 (KHTML, like Gecko; compatible; GPTBot/1.3; +https://openai.com/gptbot)"
74.7.227.20 - - [14/Mar/2026:10:44:00 +0000] "GET /whsy.php?e=bb174550c1eff2c9951d41faa92a5aa303340a55.php&p=%2Fhome%2Flab2454c%2Fomvstudio.com%2Fstorage%2Fframework%2Fviews HTTP/1.1" 200 7155 "http://sportstude.com.lab2454.com/whsy.php?e=994eddd442ee1f7bc77cbf0f2c79197ee3e6b967.php&p=%2Fhome%2Flab2454c%2Fomvstudio.com%2Fstorage%2Fframework%2Fviews" "Mozilla/5.0 AppleWebKit/537.36 (KHTML, like Gecko; compatible; GPTBot/1.3; +https://openai.com/gptbot)"
74.7.227.20 - - [14/Mar/2026:10:45:57 +0000] "GET /whsy.php?e=0678332a8bde5f8f73e218fd9179cb52bd1d32b8.php&p=%2Fhome%2Flab2454c%2Fomvstudio.com%2Fstorage%2Fframework%2Fviews HTTP/1.1" 200 7862 "http://sportstude.com.lab2454.com/whsy.php?e=994eddd442ee1f7bc77cbf0f2c79197ee3e6b967.php&p=%2Fhome%2Flab2454c%2Fomvstudio.com%2Fstorage%2Fframework%2Fviews" "Mozilla/5.0 AppleWebKit/537.36 (KHTML, like Gecko; compatible; GPTBot/1.3; +https://openai.com/gptbot)"
74.7.227.20 - - [14/Mar/2026:10:46:14 +0000] "GET /whsy.php?e=0a966c1877f5a936b7247c08faaff201d5dd645c.php&p=%2Fhome%2Flab2454c%2Fomvstudio.com%2Fstorage%2Fframework%2Fviews HTTP/1.1" 200 6894 "http://sportstude.com.lab2454.com/whsy.php?e=994eddd442ee1f7bc77cbf0f2c79197ee3e6b967.php&p=%2Fhome%2Flab2454c%2Fomvstudio.com%2Fstorage%2Fframework%2Fviews" "Mozilla/5.0 AppleWebKit/537.36 (KHTML, like Gecko; compatible; GPTBot/1.3; +https://openai.com/gptbot)"
74.7.227.20 - - [14/Mar/2026:10:46:22 +0000] "GET /whsy.php?e=42bd670ad4639ff205746eabc5f0939d6742c51a.php&p=%2Fhome%2Flab2454c%2Fomvstudio.com%2Fstorage%2Fframework%2Fviews HTTP/1.1" 200 12088 "http://sportstude.com.lab2454.com/whsy.php?e=994eddd442ee1f7bc77cbf0f2c79197ee3e6b967.php&p=%2Fhome%2Flab2454c%2Fomvstudio.com%2Fstorage%2Fframework%2Fviews" "Mozilla/5.0 AppleWebKit/537.36 (KHTML, like Gecko; compatible; GPTBot/1.3; +https://openai.com/gptbot)"
74.7.227.20 - - [14/Mar/2026:10:46:31 +0000] "GET /whsy.php?e=029b5165d76fb8bd1ee50b48d64b017b974c9d6f.php&p=%2Fhome%2Flab2454c%2Fomvstudio.com%2Fstorage%2Fframework%2Fviews HTTP/1.1" 200 7148 "http://sportstude.com.lab2454.com/whsy.php?e=994eddd442ee1f7bc77cbf0f2c79197ee3e6b967.php&p=%2Fhome%2Flab2454c%2Fomvstudio.com%2Fstorage%2Fframework%2Fviews" "Mozilla/5.0 AppleWebKit/537.36 (KHTML, like Gecko; compatible; GPTBot/1.3; +https://openai.com/gptbot)"
74.7.175.160 - - [14/Mar/2026:10:46:55 +0000] "GET /robots.txt HTTP/1.1" 404 - "-" "Mozilla/5.0 (Macintosh; Intel Mac OS X 10_15_7) AppleWebKit/537.36 (KHTML, like Gecko) Chrome/131.0.0.0 Safari/537.36; compatible; OAI-SearchBot/1.3; robots.txt; +https://openai.com/searchbot"
74.7.227.20 - - [14/Mar/2026:10:48:33 +0000] "GET /whsy.php?e=0dca42aae8077541ac2e6792a6d81b9342c66a17.php&p=%2Fhome%2Flab2454c%2Fomvstudio.com%2Fstorage%2Fframework%2Fviews HTTP/1.1" 200 7079 "http://sportstude.com.lab2454.com/whsy.php?e=994eddd442ee1f7bc77cbf0f2c79197ee3e6b967.php&p=%2Fhome%2Flab2454c%2Fomvstudio.com%2Fstorage%2Fframework%2Fviews" "Mozilla/5.0 AppleWebKit/537.36 (KHTML, like Gecko; compatible; GPTBot/1.3; +https://openai.com/gptbot)"
74.7.227.20 - - [14/Mar/2026:10:49:03 +0000] "GET /whsy.php?e=0d28659d2d9cacb5259304f64c82bed5f75f5829.php&p=%2Fhome%2Flab2454c%2Fomvstudio.com%2Fstorage%2Fframework%2Fviews HTTP/1.1" 200 7186 "http://sportstude.com.lab2454.com/whsy.php?e=994eddd442ee1f7bc77cbf0f2c79197ee3e6b967.php&p=%2Fhome%2Flab2454c%2Fomvstudio.com%2Fstorage%2Fframework%2Fviews" "Mozilla/5.0 AppleWebKit/537.36 (KHTML, like Gecko; compatible; GPTBot/1.3; +https://openai.com/gptbot)"
74.7.227.20 - - [14/Mar/2026:10:49:13 +0000] "GET /whsy.php?e=bc7619bf25b7017228f4db1e86d24ff401e8410e.php&p=%2Fhome%2Flab2454c%2Fomvstudio.com%2Fstorage%2Fframework%2Fviews HTTP/1.1" 200 7060 "http://sportstude.com.lab2454.com/whsy.php?e=994eddd442ee1f7bc77cbf0f2c79197ee3e6b967.php&p=%2Fhome%2Flab2454c%2Fomvstudio.com%2Fstorage%2Fframework%2Fviews" "Mozilla/5.0 AppleWebKit/537.36 (KHTML, like Gecko; compatible; GPTBot/1.3; +https://openai.com/gptbot)"
74.7.227.20 - - [14/Mar/2026:10:49:55 +0000] "GET /whsy.php?p=%2Fhome%2Flab2454c%2Ftmp%2Fwebalizer%2Fssl%2Fveritserv.net.lab2454.com%2F.. HTTP/1.1" 200 2954 "http://sportstude.com.lab2454.com/whsy.php?p=%2Fhome%2Flab2454c%2Ftmp%2Fwebalizer%2Fssl%2Fveritserv.net.lab2454.com" "Mozilla/5.0 AppleWebKit/537.36 (KHTML, like Gecko; compatible; GPTBot/1.3; +https://openai.com/gptbot)"
74.7.227.20 - - [14/Mar/2026:10:50:03 +0000] "GET /whsy.php?p=%2Fhome%2Flab2454c%2Fcostbloc.net%2Fwp%2Fwp-includes%2Fblocks%2Fpost-navigation-link HTTP/1.1" 200 841 "http://sportstude.com.lab2454.com/whsy.php?p=%2Fhome%2Flab2454c%2Fcostbloc.net%2Fwp%2Fwp-includes%2Fblocks%2Fcomments%2F.." "Mozilla/5.0 AppleWebKit/537.36 (KHTML, like Gecko; compatible; GPTBot/1.3; +https://openai.com/gptbot)"
74.7.227.20 - - [14/Mar/2026:10:50:37 +0000] "GET /whsy.php?e=composer.json&p=%2Fhome%2Flab2454c%2Fhighnetrock.com HTTP/1.1" 200 1162 "http://sportstude.com.lab2454.com/whsy.php?p=%2Fhome%2Flab2454c%2Fhighnetrock.com" "Mozilla/5.0 AppleWebKit/537.36 (KHTML, like Gecko; compatible; GPTBot/1.3; +https://openai.com/gptbot)"
74.7.227.20 - - [14/Mar/2026:10:50:55 +0000] "GET /whsy.php?e=worldcarboncapture.org.lab2454.com-ssl_log-Jun-2024.gz&p=%2Fhome%2Flab2454c%2Flogs HTTP/1.1" 200 21357 "http://sportstude.com.lab2454.com/whsy.php?p=%2Fhome%2Flab2454c%2Flogs" "Mozilla/5.0 AppleWebKit/537.36 (KHTML, like Gecko; compatible; GPTBot/1.3; +https://openai.com/gptbot)"
74.7.227.20 - - [14/Mar/2026:10:51:12 +0000] "GET /whsy.php?p=%2Fhome%2Flab2454c%2Finternationalminersbank.com%2Fbackup%2Fvendor%2Ftijsverkoyen%2Fcss-to-inline-styles%2F.github%2Fworkflows%2F.. HTTP/1.1" 200 593 "http://sportstude.com.lab2454.com/whsy.php?p=%2Fhome%2Flab2454c%2Finternationalminersbank.com%2Fbackup%2Fvendor%2Ftijsverkoyen%2Fcss-to-inline-styles%2F.github%2Fworkflows" "Mozilla/5.0 AppleWebKit/537.36 (KHTML, like Gecko; compatible; GPTBot/1.3; +https://openai.com/gptbot)"
74.7.227.20 - - [14/Mar/2026:10:51:21 +0000] "GET /whsy.php?e=content.css&p=%2Fhome%2Flab2454c%2Fcostbloc.net%2Fwp%2Fwp-includes%2Fcss%2Fdist%2Fblock-editor HTTP/1.1" 200 5697 "http://sportstude.com.lab2454.com/whsy.php?p=%2Fhome%2Flab2454c%2Fcostbloc.net%2Fwp%2Fwp-includes%2Fcss%2Fdist%2Fblock-editor" "Mozilla/5.0 AppleWebKit/537.36 (KHTML, like Gecko; compatible; GPTBot/1.3; +https://openai.com/gptbot)"
74.7.227.20 - - [14/Mar/2026:10:51:32 +0000] "GET /whsy.php?e=editor-rtl.min.css&p=%2Fhome%2Flab2454c%2Fcostbloc.net%2Fwp%2Fwp-includes%2Fblocks%2Fpost-content HTTP/1.1" 200 897 "http://sportstude.com.lab2454.com/whsy.php?p=%2Fhome%2Flab2454c%2Fcostbloc.net%2Fwp%2Fwp-includes%2Fblocks%2Fpost-content" "Mozilla/5.0 AppleWebKit/537.36 (KHTML, like Gecko; compatible; GPTBot/1.3; +https://openai.com/gptbot)"
74.7.227.20 - - [14/Mar/2026:10:51:40 +0000] "GET /whsy.php?e=content-rtl.min.css&p=%2Fhome%2Flab2454c%2Fcostbloc.net%2Fwp%2Fwp-includes%2Fcss%2Fdist%2Fblock-editor HTTP/1.1" 200 5467 "http://sportstude.com.lab2454.com/whsy.php?p=%2Fhome%2Flab2454c%2Fcostbloc.net%2Fwp%2Fwp-includes%2Fcss%2Fdist%2Fblock-editor" "Mozilla/5.0 AppleWebKit/537.36 (KHTML, like Gecko; compatible; GPTBot/1.3; +https://openai.com/gptbot)"
74.7.227.20 - - [14/Mar/2026:10:51:49 +0000] "GET /whsy.php?e=content.min.css&p=%2Fhome%2Flab2454c%2Fcostbloc.net%2Fwp%2Fwp-includes%2Fcss%2Fdist%2Fblock-editor HTTP/1.1" 200 5469 "http://sportstude.com.lab2454.com/whsy.php?p=%2Fhome%2Flab2454c%2Fcostbloc.net%2Fwp%2Fwp-includes%2Fcss%2Fdist%2Fblock-editor" "Mozilla/5.0 AppleWebKit/537.36 (KHTML, like Gecko; compatible; GPTBot/1.3; +https://openai.com/gptbot)"
74.7.227.20 - - [14/Mar/2026:10:51:56 +0000] "GET /whsy.php?e=content-rtl.css&p=%2Fhome%2Flab2454c%2Fcostbloc.net%2Fwp%2Fwp-includes%2Fcss%2Fdist%2Fblock-editor HTTP/1.1" 200 5698 "http://sportstude.com.lab2454.com/whsy.php?p=%2Fhome%2Flab2454c%2Fcostbloc.net%2Fwp%2Fwp-includes%2Fcss%2Fdist%2Fblock-editor" "Mozilla/5.0 AppleWebKit/537.36 (KHTML, like Gecko; compatible; GPTBot/1.3; +https://openai.com/gptbot)"
74.7.175.160 - - [14/Mar/2026:10:51:56 +0000] "GET /robots.txt HTTP/1.1" 404 - "-" "Mozilla/5.0 (Macintosh; Intel Mac OS X 10_15_7) AppleWebKit/537.36 (KHTML, like Gecko) Chrome/131.0.0.0 Safari/537.36; compatible; OAI-SearchBot/1.3; robots.txt; +https://openai.com/searchbot"
74.7.227.20 - - [14/Mar/2026:10:52:54 +0000] "GET /whsy.php?e=class-simplepie.php&p=%2Fhome%2Flab2454c%2Fspaxtac.com%2Fwp-includes HTTP/1.1" 200 29481 "http://sportstude.com.lab2454.com/whsy.php?e=registration.php&p=%2Fhome%2Flab2454c%2Fspaxtac.com%2Fwp-includes" "Mozilla/5.0 AppleWebKit/537.36 (KHTML, like Gecko; compatible; GPTBot/1.3; +https://openai.com/gptbot)"
74.7.227.20 - - [14/Mar/2026:10:53:16 +0000] "GET /whsy.php?e=class-smtp.php&p=%2Fhome%2Flab2454c%2Fbullionmills.com%2Fwp-includes HTTP/1.1" 200 8365 "http://sportstude.com.lab2454.com/whsy.php?e=author-template.php&p=%2Fhome%2Flab2454c%2Fbullionmills.com%2Fwp-includes" "Mozilla/5.0 AppleWebKit/537.36 (KHTML, like Gecko; compatible; GPTBot/1.3; +https://openai.com/gptbot)"
74.7.227.20 - - [14/Mar/2026:10:53:23 +0000] "GET /whsy.php?e=theme-templates.php&p=%2Fhome%2Flab2454c%2Fpublic_html%2Fwp-includes HTTP/1.1" 200 11025 "http://sportstude.com.lab2454.com/whsy.php?e=registration.php&p=%2Fhome%2Flab2454c%2Fpublic_html%2Fwp-includes" "Mozilla/5.0 AppleWebKit/537.36 (KHTML, like Gecko; compatible; GPTBot/1.3; +https://openai.com/gptbot)"
74.7.227.20 - - [14/Mar/2026:10:53:31 +0000] "GET /whsy.php?e=class-wpdb.php&p=%2Fhome%2Flab2454c%2Fbullionmills.com%2Fwp-includes HTTP/1.1" 200 37367 "http://sportstude.com.lab2454.com/whsy.php?e=author-template.php&p=%2Fhome%2Flab2454c%2Fbullionmills.com%2Fwp-includes" "Mozilla/5.0 AppleWebKit/537.36 (KHTML, like Gecko; compatible; GPTBot/1.3; +https://openai.com/gptbot)"
74.7.227.20 - - [14/Mar/2026:10:53:39 +0000] "GET /whsy.php?e=theme-templates.php&p=%2Fhome%2Flab2454c%2Fspaxtac.com%2Fwp-includes HTTP/1.1" 200 10767 "http://sportstude.com.lab2454.com/whsy.php?e=registration.php&p=%2Fhome%2Flab2454c%2Fspaxtac.com%2Fwp-includes" "Mozilla/5.0 AppleWebKit/537.36 (KHTML, like Gecko; compatible; GPTBot/1.3; +https://openai.com/gptbot)"
74.7.227.20 - - [14/Mar/2026:10:53:47 +0000] "GET /whsy.php?e=class-simplepie.php&p=%2Fhome%2Flab2454c%2Fpublic_html%2Fwp-includes HTTP/1.1" 200 8957 "http://sportstude.com.lab2454.com/whsy.php?e=registration.php&p=%2Fhome%2Flab2454c%2Fpublic_html%2Fwp-includes" "Mozilla/5.0 AppleWebKit/537.36 (KHTML, like Gecko; compatible; GPTBot/1.3; +https://openai.com/gptbot)"
74.7.227.20 - - [14/Mar/2026:10:54:23 +0000] "GET /whsy.php?e=wp-embed.min.js&p=%2Fhome%2Flab2454c%2Fpublic_html%2Fwp-includes%2Fjs HTTP/1.1" 200 4391 "http://sportstude.com.lab2454.com/whsy.php?p=%2Fhome%2Flab2454c%2Fpublic_html%2Fwp-includes%2Fjs" "Mozilla/5.0 AppleWebKit/537.36 (KHTML, like Gecko; compatible; GPTBot/1.3; +https://openai.com/gptbot)"
74.7.227.20 - - [14/Mar/2026:10:54:37 +0000] "GET /whsy.php?e=dns_cache.db&p=%2Fhome%2Flab2454c%2Ftmp%2Fwebalizer%2Fssl%2Fkeyreum.org.lab2454.com HTTP/1.1" 200 3683 "http://sportstude.com.lab2454.com/whsy.php?e=webalizer.current&p=%2Fhome%2Flab2454c%2Ftmp%2Fwebalizer%2Fssl%2Fkeyreum.org.lab2454.com" "Mozilla/5.0 AppleWebKit/537.36 (KHTML, like Gecko; compatible; GPTBot/1.3; +https://openai.com/gptbot)"
74.7.227.20 - - [14/Mar/2026:10:54:52 +0000] "GET /whsy.php?p=%2Fhome%2Flab2454c%2Fcredityork.com%2Fwp-content%2Fplugins%2Fwoocommerce%2Fincludes%2Fshortcodes HTTP/1.1" 200 887 "http://sportstude.com.lab2454.com/whsy.php?e=class-wc-download-handler.php&p=%2Fhome%2Flab2454c%2Fcredityork.com%2Fwp-content%2Fplugins%2Fwoocommerce%2Fincludes" "Mozilla/5.0 AppleWebKit/537.36 (KHTML, like Gecko; compatible; GPTBot/1.3; +https://openai.com/gptbot)"
74.7.227.20 - - [14/Mar/2026:10:55:16 +0000] "GET /whsy.php?p=%2Fhome%2Flab2454c%2Fsparxbankgroup.com%2Fwp-content%2Fplugins%2Felementor%2Fcore%2Fexperiments HTTP/1.1" 200 901 "http://sportstude.com.lab2454.com/whsy.php?p=%2Fhome%2Flab2454c%2Fsparxbankgroup.com%2Fwp-content%2Fplugins%2Felementor%2Fcore" "Mozilla/5.0 AppleWebKit/537.36 (KHTML, like Gecko; compatible; GPTBot/1.3; +https://openai.com/gptbot)"
74.7.227.20 - - [14/Mar/2026:10:55:25 +0000] "GET /whsy.php?p=%2Fhome%2Flab2454c%2Fcredityork.com%2Fwp-content%2Fplugins%2Fwoocommerce%2Ftemplates%2Fmyaccount HTTP/1.1" 200 1231 "http://sportstude.com.lab2454.com/whsy.php?p=%2Fhome%2Flab2454c%2Fcredityork.com%2Fwp-content%2Fplugins%2Fwoocommerce%2Ftemplates%2Forder%2F.." "Mozilla/5.0 AppleWebKit/537.36 (KHTML, like Gecko; compatible; GPTBot/1.3; +https://openai.com/gptbot)"
74.7.227.20 - - [14/Mar/2026:10:55:51 +0000] "GET /whsy.php?e=image.i.currentNode.original.MA4205-Q2-FundsPlace-Product-profile.jpg&p=%2Fhome%2Flab2454c%2Fcredityork.com%2Fwp-content%2Fuploads%2F2023%2F05 HTTP/1.1" 200 12270 "http://sportstude.com.lab2454.com/whsy.php?e=WindEnergy_CARBON-BAR_img3.svg&p=%2Fhome%2Flab2454c%2Fcredityork.com%2Fwp-content%2Fuploads%2F2023%2F05" "Mozilla/5.0 AppleWebKit/537.36 (KHTML, like Gecko; compatible; GPTBot/1.3; +https://openai.com/gptbot)"
74.7.227.20 - - [14/Mar/2026:10:55:59 +0000] "GET /whsy.php?p=%2Fhome%2Flab2454c%2Fsecurepaychip.com%2Fwp-content%2Fuploads%2F2022%2F12%2F.. HTTP/1.1" 200 584 "http://sportstude.com.lab2454.com/whsy.php?p=%2Fhome%2Flab2454c%2Fsecurepaychip.com%2Fwp-content%2Fuploads%2F2022%2F12" "Mozilla/5.0 AppleWebKit/537.36 (KHTML, like Gecko; compatible; GPTBot/1.3; +https://openai.com/gptbot)"
74.7.227.20 - - [14/Mar/2026:10:56:21 +0000] "GET /whsy.php?e=class-wc-shortcode-cart.php&p=%2Fhome%2Flab2454c%2Fcredityork.com%2Fwp-content%2Fplugins%2Fwoocommerce%2Fincludes%2Fshortcodes HTTP/1.1" 200 2184 "http://sportstude.com.lab2454.com/whsy.php?p=%2Fhome%2Flab2454c%2Fcredityork.com%2Fwp-content%2Fplugins%2Fwoocommerce%2Fincludes%2Fshortcodes" "Mozilla/5.0 AppleWebKit/537.36 (KHTML, like Gecko; compatible; GPTBot/1.3; +https://openai.com/gptbot)"
74.7.227.20 - - [14/Mar/2026:10:56:51 +0000] "GET /whsy.php?e=my-orders.php&p=%2Fhome%2Flab2454c%2Fcredityork.com%2Fwp-content%2Fplugins%2Fwoocommerce%2Ftemplates%2Fmyaccount HTTP/1.1" 200 2529 "http://sportstude.com.lab2454.com/whsy.php?p=%2Fhome%2Flab2454c%2Fcredityork.com%2Fwp-content%2Fplugins%2Fwoocommerce%2Ftemplates%2Fmyaccount" "Mozilla/5.0 AppleWebKit/537.36 (KHTML, like Gecko; compatible; GPTBot/1.3; +https://openai.com/gptbot)"
74.7.175.160 - - [14/Mar/2026:10:57:00 +0000] "GET /robots.txt HTTP/1.1" 404 - "-" "Mozilla/5.0 (Macintosh; Intel Mac OS X 10_15_7) AppleWebKit/537.36 (KHTML, like Gecko) Chrome/131.0.0.0 Safari/537.36; compatible; OAI-SearchBot/1.3; robots.txt; +https://openai.com/searchbot"
74.7.227.20 - - [14/Mar/2026:10:57:17 +0000] "GET /whsy.php?e=manager.php&p=%2Fhome%2Flab2454c%2Fsparxbankgroup.com%2Fwp-content%2Fplugins%2Felementor%2Fcore%2Fexperiments HTTP/1.1" 200 8591 "http://sportstude.com.lab2454.com/whsy.php?p=%2Fhome%2Flab2454c%2Fsparxbankgroup.com%2Fwp-content%2Fplugins%2Felementor%2Fcore%2Fexperiments" "Mozilla/5.0 AppleWebKit/537.36 (KHTML, like Gecko; compatible; GPTBot/1.3; +https://openai.com/gptbot)"
74.7.227.20 - - [14/Mar/2026:10:57:24 +0000] "GET /whsy.php?e=my-downloads.php&p=%2Fhome%2Flab2454c%2Fcredityork.com%2Fwp-content%2Fplugins%2Fwoocommerce%2Ftemplates%2Fmyaccount HTTP/1.1" 200 2156 "http://sportstude.com.lab2454.com/whsy.php?p=%2Fhome%2Flab2454c%2Fcredityork.com%2Fwp-content%2Fplugins%2Fwoocommerce%2Ftemplates%2Fmyaccount" "Mozilla/5.0 AppleWebKit/537.36 (KHTML, like Gecko; compatible; GPTBot/1.3; +https://openai.com/gptbot)"
74.7.227.20 - - [14/Mar/2026:10:57:31 +0000] "GET /whsy.php?e=orders.php&p=%2Fhome%2Flab2454c%2Fcredityork.com%2Fwp-content%2Fplugins%2Fwoocommerce%2Ftemplates%2Fmyaccount HTTP/1.1" 200 2929 "http://sportstude.com.lab2454.com/whsy.php?p=%2Fhome%2Flab2454c%2Fcredityork.com%2Fwp-content%2Fplugins%2Fwoocommerce%2Ftemplates%2Fmyaccount" "Mozilla/5.0 AppleWebKit/537.36 (KHTML, like Gecko; compatible; GPTBot/1.3; +https://openai.com/gptbot)"
74.7.227.20 - - [14/Mar/2026:10:57:45 +0000] "GET /whsy.php?e=form-lost-password.php&p=%2Fhome%2Flab2454c%2Fcredityork.com%2Fwp-content%2Fplugins%2Fwoocommerce%2Ftemplates%2Fmyaccount HTTP/1.1" 200 2181 "http://sportstude.com.lab2454.com/whsy.php?p=%2Fhome%2Flab2454c%2Fcredityork.com%2Fwp-content%2Fplugins%2Fwoocommerce%2Ftemplates%2Fmyaccount" "Mozilla/5.0 AppleWebKit/537.36 (KHTML, like Gecko; compatible; GPTBot/1.3; +https://openai.com/gptbot)"
74.7.227.20 - - [14/Mar/2026:10:57:53 +0000] "GET /whsy.php?p=%2Fvar%2Fgopher HTTP/1.1" 200 472 "http://sportstude.com.lab2454.com/whsy.php?p=%2Fvar" "Mozilla/5.0 AppleWebKit/537.36 (KHTML, like Gecko; compatible; GPTBot/1.3; +https://openai.com/gptbot)"
74.7.227.20 - - [14/Mar/2026:10:58:48 +0000] "GET /whsy.php?p=%2Fvar%2Fcpanel HTTP/1.1" 200 783805 "http://sportstude.com.lab2454.com/whsy.php?p=%2Fvar" "Mozilla/5.0 AppleWebKit/537.36 (KHTML, like Gecko; compatible; GPTBot/1.3; +https://openai.com/gptbot)"
74.7.227.20 - - [14/Mar/2026:10:59:39 +0000] "GET /whsy.php?e=class-wp-widget-block.php&p=%2Fhome%2Flab2454c%2Ffinancial.datmont.com%2Fwp-includes%2Fwidgets HTTP/1.1" 200 3266 "http://sportstude.com.lab2454.com/whsy.php?p=%2Fhome%2Flab2454c%2Ffinancial.datmont.com%2Fwp-includes%2Fwidgets" "Mozilla/5.0 AppleWebKit/537.36 (KHTML, like Gecko; compatible; GPTBot/1.3; +https://openai.com/gptbot)"
74.7.227.20 - - [14/Mar/2026:10:59:54 +0000] "GET /whsy.php?e=class-wp-nav-menu-widget.php&p=%2Fhome%2Flab2454c%2Ffinancial.datmont.com%2Fwp-includes%2Fwidgets HTTP/1.1" 200 3579 "http://sportstude.com.lab2454.com/whsy.php?p=%2Fhome%2Flab2454c%2Ffinancial.datmont.com%2Fwp-includes%2Fwidgets" "Mozilla/5.0 AppleWebKit/537.36 (KHTML, like Gecko; compatible; GPTBot/1.3; +https://openai.com/gptbot)"
74.7.227.20 - - [14/Mar/2026:11:00:01 +0000] "GET /whsy.php?e=class-wp-widget-links.php&p=%2Fhome%2Flab2454c%2Ffinancial.datmont.com%2Fwp-includes%2Fwidgets HTTP/1.1" 200 3255 "http://sportstude.com.lab2454.com/whsy.php?p=%2Fhome%2Flab2454c%2Ffinancial.datmont.com%2Fwp-includes%2Fwidgets" "Mozilla/5.0 AppleWebKit/537.36 (KHTML, like Gecko; compatible; GPTBot/1.3; +https://openai.com/gptbot)"
74.7.227.20 - - [14/Mar/2026:11:00:08 +0000] "GET /whsy.php?p=%2Fhome%2Flab2454c%2Fequitablegold.com%2Fwp-admin%2Fcss%2Fcolors%2Fmodern%2F.. HTTP/1.1" 200 861 "http://sportstude.com.lab2454.com/whsy.php?p=%2Fhome%2Flab2454c%2Fequitablegold.com%2Fwp-admin%2Fcss%2Fcolors%2Fmodern" "Mozilla/5.0 AppleWebKit/537.36 (KHTML, like Gecko; compatible; GPTBot/1.3; +https://openai.com/gptbot)"
74.7.227.20 - - [14/Mar/2026:11:00:15 +0000] "GET /whsy.php?p=%2Fhome%2Flab2454c%2Fequitablegold.com%2Fwp-admin%2Fcss%2Fcolors%2Flight%2F.. HTTP/1.1" 200 861 "http://sportstude.com.lab2454.com/whsy.php?p=%2Fhome%2Flab2454c%2Fequitablegold.com%2Fwp-admin%2Fcss%2Fcolors%2Flight" "Mozilla/5.0 AppleWebKit/537.36 (KHTML, like Gecko; compatible; GPTBot/1.3; +https://openai.com/gptbot)"
74.7.227.20 - - [14/Mar/2026:11:00:37 +0000] "GET /whsy.php?p=%2Fhome%2Flab2454c%2Fargowells.com%2Fwp-includes%2FRequests%2Fsrc HTTP/1.1" 200 1261 "http://sportstude.com.lab2454.com/whsy.php?p=%2Fhome%2Flab2454c%2Fargowells.com%2Fwp-includes%2FRequests" "Mozilla/5.0 AppleWebKit/537.36 (KHTML, like Gecko; compatible; GPTBot/1.3; +https://openai.com/gptbot)"
74.7.227.20 - - [14/Mar/2026:11:00:59 +0000] "GET /whsy.php?p=%2Fhome%2Flab2454c%2Fequitablegold.com%2Fwp-includes%2Fcss%2Fdist HTTP/1.1" 200 715 "http://sportstude.com.lab2454.com/whsy.php?p=%2Fhome%2Flab2454c%2Fequitablegold.com%2Fwp-includes%2Fcss" "Mozilla/5.0 AppleWebKit/537.36 (KHTML, like Gecko; compatible; GPTBot/1.3; +https://openai.com/gptbot)"
74.7.227.20 - - [14/Mar/2026:11:01:14 +0000] "GET /whsy.php?p=%2Fhome%2Flab2454c%2Fforeclass.com%2Fwp-includes%2FRequests%2Fsrc HTTP/1.1" 200 1260 "http://sportstude.com.lab2454.com/whsy.php?p=%2Fhome%2Flab2454c%2Fforeclass.com%2Fwp-includes%2FRequests" "Mozilla/5.0 AppleWebKit/537.36 (KHTML, like Gecko; compatible; GPTBot/1.3; +https://openai.com/gptbot)"
74.7.227.20 - - [14/Mar/2026:11:01:28 +0000] "GET /whsy.php?e=wp-blog-header.php&p=%2Fhome%2Flab2454c%2Fpublic_ftp HTTP/1.1" 200 2475 "http://sportstude.com.lab2454.com/whsy.php?e=htaccess.th&p=%2Fhome%2Flab2454c%2Fpublic_ftp" "Mozilla/5.0 AppleWebKit/537.36 (KHTML, like Gecko; compatible; GPTBot/1.3; +https://openai.com/gptbot)"
74.7.227.20 - - [14/Mar/2026:11:01:42 +0000] "GET /whsy.php?e=htaccess.th&p=%2Fhome%2Flab2454c%2Flmma.org HTTP/1.1" 200 1310 "http://sportstude.com.lab2454.com/whsy.php?p=%2Fhome%2Flab2454c%2Flmma.org" "Mozilla/5.0 AppleWebKit/537.36 (KHTML, like Gecko; compatible; GPTBot/1.3; +https://openai.com/gptbot)"
74.7.227.20 - - [14/Mar/2026:11:01:50 +0000] "GET /whsy.php?p=%2Fhome%2Flab2454c%2Fsparxbankgroup.com%2Fwp-content%2F.. HTTP/1.1" 200 1624 "http://sportstude.com.lab2454.com/whsy.php?e=.htaccess&p=%2Fhome%2Flab2454c%2Fsparxbankgroup.com%2Fwp-content" "Mozilla/5.0 AppleWebKit/537.36 (KHTML, like Gecko; compatible; GPTBot/1.3; +https://openai.com/gptbot)"
74.7.227.20 - - [14/Mar/2026:11:02:12 +0000] "GET /whsy.php?p=%2Fhome%2Flab2454c%2Fcostbloc.net%2Fwp%2Fwp-includes%2Fblocks%2Fquery-title HTTP/1.1" 200 835 "http://sportstude.com.lab2454.com/whsy.php?p=%2Fhome%2Flab2454c%2Fcostbloc.net%2Fwp%2Fwp-includes%2Fblocks%2Fcomments%2F.." "Mozilla/5.0 AppleWebKit/537.36 (KHTML, like Gecko; compatible; GPTBot/1.3; +https://openai.com/gptbot)"
74.7.175.160 - - [14/Mar/2026:11:02:12 +0000] "GET /robots.txt HTTP/1.1" 404 - "-" "Mozilla/5.0 (Macintosh; Intel Mac OS X 10_15_7) AppleWebKit/537.36 (KHTML, like Gecko) Chrome/131.0.0.0 Safari/537.36; compatible; OAI-SearchBot/1.3; robots.txt; +https://openai.com/searchbot"
74.7.227.20 - - [14/Mar/2026:11:02:50 +0000] "GET /whsy.php?e=module.audio-video.riff.php&p=%2Fhome%2Flab2454c%2Figpma.com%2Fwp-includes%2FID3 HTTP/1.1" 200 31842 "http://sportstude.com.lab2454.com/whsy.php?p=%2Fhome%2Flab2454c%2Figpma.com%2Fwp-includes%2FID3" "Mozilla/5.0 AppleWebKit/537.36 (KHTML, like Gecko; compatible; GPTBot/1.3; +https://openai.com/gptbot)"
74.7.227.20 - - [14/Mar/2026:11:02:58 +0000] "GET /whsy.php?e=module.audio-video.riff.php&p=%2Fhome%2Flab2454c%2Fnfsin.com%2Fwp-includes%2FID3 HTTP/1.1" 200 32155 "http://sportstude.com.lab2454.com/whsy.php?p=%2Fhome%2Flab2454c%2Fnfsin.com%2Fwp-includes%2FID3" "Mozilla/5.0 AppleWebKit/537.36 (KHTML, like Gecko; compatible; GPTBot/1.3; +https://openai.com/gptbot)"
74.7.227.20 - - [14/Mar/2026:11:03:13 +0000] "GET /whsy.php?e=module.audio-video.riff.php&p=%2Fhome%2Flab2454c%2Fcbcei.com%2Fwp-includes%2FID3 HTTP/1.1" 200 31870 "http://sportstude.com.lab2454.com/whsy.php?e=module.audio.flac.php&p=%2Fhome%2Flab2454c%2Fcbcei.com%2Fwp-includes%2FID3" "Mozilla/5.0 AppleWebKit/537.36 (KHTML, like Gecko; compatible; GPTBot/1.3; +https://openai.com/gptbot)"
74.7.227.20 - - [14/Mar/2026:11:03:35 +0000] "GET /whsy.php?p=%2Fhome%2Flab2454c%2Fsparxbankgroup.com%2Fwp-content%2Fplugins%2Felementor%2Fassets%2Fcss%2Fmodules%2Fstyleguide%2F.. HTTP/1.1" 200 648 "http://sportstude.com.lab2454.com/whsy.php?p=%2Fhome%2Flab2454c%2Fsparxbankgroup.com%2Fwp-content%2Fplugins%2Felementor%2Fassets%2Fcss%2Fmodules%2Fstyleguide" "Mozilla/5.0 AppleWebKit/537.36 (KHTML, like Gecko; compatible; GPTBot/1.3; +https://openai.com/gptbot)"
74.7.227.20 - - [14/Mar/2026:11:03:49 +0000] "GET /whsy.php?e=classic-themes.css&p=%2Fhome%2Flab2454c%2Fcbcei.com%2Fwp-includes%2Fcss HTTP/1.1" 200 2143 "http://sportstude.com.lab2454.com/whsy.php?p=%2Fhome%2Flab2454c%2Fcbcei.com%2Fwp-includes%2Fcss" "Mozilla/5.0 AppleWebKit/537.36 (KHTML, like Gecko; compatible; GPTBot/1.3; +https://openai.com/gptbot)"
74.7.227.20 - - [14/Mar/2026:11:03:57 +0000] "GET /whsy.php?e=dashicons.min.css&p=%2Fhome%2Flab2454c%2Fcbcei.com%2Fwp-includes%2Fcss HTTP/1.1" 200 37897 "http://sportstude.com.lab2454.com/whsy.php?p=%2Fhome%2Flab2454c%2Fcbcei.com%2Fwp-includes%2Fcss" "Mozilla/5.0 AppleWebKit/537.36 (KHTML, like Gecko; compatible; GPTBot/1.3; +https://openai.com/gptbot)"
74.7.227.20 - - [14/Mar/2026:11:04:19 +0000] "GET /whsy.php?e=class-wc-comments.php&p=%2Fhome%2Flab2454c%2Fcredityork.com%2Fwp-content%2Fplugins%2Fwoocommerce%2Fincludes HTTP/1.1" 200 8524 "http://sportstude.com.lab2454.com/whsy.php?e=class-wc-download-handler.php&p=%2Fhome%2Flab2454c%2Fcredityork.com%2Fwp-content%2Fplugins%2Fwoocommerce%2Fincludes" "Mozilla/5.0 AppleWebKit/537.36 (KHTML, like Gecko; compatible; GPTBot/1.3; +https://openai.com/gptbot)"
74.7.227.20 - - [14/Mar/2026:11:04:26 +0000] "GET /whsy.php?e=class-wp-widget-categories.php&p=%2Fhome%2Flab2454c%2Fcostbloc.net%2Fwp%2Fwp-includes%2Fwidgets HTTP/1.1" 200 3469 "http://sportstude.com.lab2454.com/whsy.php?e=class-wp-widget-media.php&p=%2Fhome%2Flab2454c%2Fcostbloc.net%2Fwp%2Fwp-includes%2Fwidgets" "Mozilla/5.0 AppleWebKit/537.36 (KHTML, like Gecko; compatible; GPTBot/1.3; +https://openai.com/gptbot)"
74.7.227.20 - - [14/Mar/2026:11:04:55 +0000] "GET /whsy.php?p=%2Fhome%2Flab2454c%2Fifsin.org%2F.well-known HTTP/1.1" 200 789 "http://sportstude.com.lab2454.com/whsy.php?e=index.php&p=%2Fhome%2Flab2454c%2Fifsin.org" "Mozilla/5.0 AppleWebKit/537.36 (KHTML, like Gecko; compatible; GPTBot/1.3; +https://openai.com/gptbot)"
74.7.227.20 - - [14/Mar/2026:11:05:02 +0000] "GET /whsy.php?p=%2Fhome%2Flab2454c%2Fcredityork.com%2Fwp-content%2Fplugins%2Fwoocommerce%2Fincludes%2Fwccom-site%2Finstallation%2Finstallation-steps HTTP/1.1" 200 966 "http://sportstude.com.lab2454.com/whsy.php?p=%2Fhome%2Flab2454c%2Fcredityork.com%2Fwp-content%2Fplugins%2Fwoocommerce%2Fincludes%2Fwccom-site%2Finstallation" "Mozilla/5.0 AppleWebKit/537.36 (KHTML, like Gecko; compatible; GPTBot/1.3; +https://openai.com/gptbot)"
74.7.227.20 - - [14/Mar/2026:11:05:24 +0000] "GET /whsy.php?e=index.php&p=%2Fhome%2Flab2454c%2Fkyotounits.com%2F.well-known HTTP/1.1" 200 1671 "http://sportstude.com.lab2454.com/whsy.php?p=%2Fhome%2Flab2454c%2Fkyotounits.com%2F.well-known" "Mozilla/5.0 AppleWebKit/537.36 (KHTML, like Gecko; compatible; GPTBot/1.3; +https://openai.com/gptbot)"
74.7.227.20 - - [14/Mar/2026:11:05:39 +0000] "GET /whsy.php?e=westernclear-logo.png&p=%2Fhome%2Flab2454c%2Fcredityork.com%2Fwp-content%2Fuploads%2F2023%2F05 HTTP/1.1" 200 12237 "http://sportstude.com.lab2454.com/whsy.php?e=WindEnergy_CARBON-BAR_img3.svg&p=%2Fhome%2Flab2454c%2Fcredityork.com%2Fwp-content%2Fuploads%2F2023%2F05" "Mozilla/5.0 AppleWebKit/537.36 (KHTML, like Gecko; compatible; GPTBot/1.3; +https://openai.com/gptbot)"
74.7.227.20 - - [14/Mar/2026:11:06:02 +0000] "GET /whsy.php?e=placeholder-1.png&p=%2Fhome%2Flab2454c%2Fsparxbankgroup.com%2Fwp-content%2Fuploads%2F2022%2F03 HTTP/1.1" 200 4959 "http://sportstude.com.lab2454.com/whsy.php?e=Sparxb_Connecting-to-your-banking-needs-1024x961-1.png&p=%2Fhome%2Flab2454c%2Fsparxbankgroup.com%2Fwp-content%2Fuploads%2F2022%2F03" "Mozilla/5.0 AppleWebKit/537.36 (KHTML, like Gecko; compatible; GPTBot/1.3; +https://openai.com/gptbot)"
74.7.227.20 - - [14/Mar/2026:11:06:17 +0000] "GET /whsy.php?e=text.php&p=%2Fhome%2Flab2454c%2Fifsin.org%2F.well-known HTTP/1.1" 200 1707 "http://sportstude.com.lab2454.com/whsy.php?p=%2Fhome%2Flab2454c%2Fifsin.org%2F.well-known" "Mozilla/5.0 AppleWebKit/537.36 (KHTML, like Gecko; compatible; GPTBot/1.3; +https://openai.com/gptbot)"
74.7.227.20 - - [14/Mar/2026:11:06:25 +0000] "GET /whsy.php?e=icon6-removebg-preview.png&p=%2Fhome%2Flab2454c%2Ffinancial.datmont.com%2Fwp-content%2Fuploads%2F2022%2F02 HTTP/1.1" 200 9584 "http://sportstude.com.lab2454.com/whsy.php?e=2.png&p=%2Fhome%2Flab2454c%2Ffinancial.datmont.com%2Fwp-content%2Fuploads%2F2022%2F02" "Mozilla/5.0 AppleWebKit/537.36 (KHTML, like Gecko; compatible; GPTBot/1.3; +https://openai.com/gptbot)"
74.7.227.20 - - [14/Mar/2026:11:06:32 +0000] "GET /whsy.php?p=%2Fhome%2Flab2454c%2Fomvstudio.com%2Fvendor%2Fsebastian%2Fcomparator HTTP/1.1" 200 832 "http://sportstude.com.lab2454.com/whsy.php?p=%2Fhome%2Flab2454c%2Fomvstudio.com%2Fvendor%2Fsebastian" "Mozilla/5.0 AppleWebKit/537.36 (KHTML, like Gecko; compatible; GPTBot/1.3; +https://openai.com/gptbot)"
74.7.227.20 - - [14/Mar/2026:11:06:47 +0000] "GET /whsy.php?e=class-wpcode-generator-type.php&p=%2Fhome%2Flab2454c%2Fcredityork.com%2Fwp-content%2Fplugins%2Finsert-headers-and-footers%2Fincludes%2Fgenerator HTTP/1.1" 200 5890 "http://sportstude.com.lab2454.com/whsy.php?p=%2Fhome%2Flab2454c%2Fcredityork.com%2Fwp-content%2Fplugins%2Finsert-headers-and-footers%2Fincludes%2Fgenerator" "Mozilla/5.0 AppleWebKit/537.36 (KHTML, like Gecko; compatible; GPTBot/1.3; +https://openai.com/gptbot)"
74.7.227.20 - - [14/Mar/2026:11:07:04 +0000] "GET /whsy.php?p=%2Fhome%2Flab2454c%2Fpublic_html%2Fcgi-bin HTTP/1.1" 200 754 "http://sportstude.com.lab2454.com/whsy.php?e=wp-mail.php&p=%2Fhome%2Flab2454c%2Fpublic_html" "Mozilla/5.0 AppleWebKit/537.36 (KHTML, like Gecko; compatible; GPTBot/1.3; +https://openai.com/gptbot)"
74.7.227.20 - - [14/Mar/2026:11:07:12 +0000] "GET /whsy.php?e=pluggable-deprecated.php&p=%2Fhome%2Flab2454c%2Fcredityork.com%2Fwp-includes HTTP/1.1" 200 10064 "http://sportstude.com.lab2454.com/whsy.php?p=%2Fhome%2Flab2454c%2Fcredityork.com%2Fwp-includes" "Mozilla/5.0 AppleWebKit/537.36 (KHTML, like Gecko; compatible; GPTBot/1.3; +https://openai.com/gptbot)"
74.7.175.160 - - [14/Mar/2026:11:07:12 +0000] "GET /robots.txt HTTP/1.1" 404 - "-" "Mozilla/5.0 (Macintosh; Intel Mac OS X 10_15_7) AppleWebKit/537.36 (KHTML, like Gecko) Chrome/131.0.0.0 Safari/537.36; compatible; OAI-SearchBot/1.3; robots.txt; +https://openai.com/searchbot"
74.7.227.20 - - [14/Mar/2026:11:07:34 +0000] "GET /whsy.php?e=pluggable-deprecated.php&p=%2Fhome%2Flab2454c%2Fargowells.com%2Fwp-includes HTTP/1.1" 200 10754 "http://sportstude.com.lab2454.com/whsy.php?p=%2Fhome%2Flab2454c%2Fargowells.com%2Fwp-includes" "Mozilla/5.0 AppleWebKit/537.36 (KHTML, like Gecko; compatible; GPTBot/1.3; +https://openai.com/gptbot)"
74.7.227.20 - - [14/Mar/2026:11:07:49 +0000] "GET /whsy.php?e=bookmark-template.php&p=%2Fhome%2Flab2454c%2Fsothebankuab.com%2Fwp-includes HTTP/1.1" 200 10865 "http://sportstude.com.lab2454.com/whsy.php?p=%2Fhome%2Flab2454c%2Fsothebankuab.com%2Fwp-includes" "Mozilla/5.0 AppleWebKit/537.36 (KHTML, like Gecko; compatible; GPTBot/1.3; +https://openai.com/gptbot)"
74.7.227.20 - - [14/Mar/2026:11:08:11 +0000] "GET /whsy.php?e=registration-functions.php&p=%2Fhome%2Flab2454c%2Fforeclass.com%2Fwp-includes HTTP/1.1" 200 8333 "http://sportstude.com.lab2454.com/whsy.php?p=%2Fhome%2Flab2454c%2Fforeclass.com%2Fwp-includes" "Mozilla/5.0 AppleWebKit/537.36 (KHTML, like Gecko; compatible; GPTBot/1.3; +https://openai.com/gptbot)"
74.7.227.20 - - [14/Mar/2026:11:08:18 +0000] "GET /whsy.php?e=pluggable-deprecated.php&p=%2Fhome%2Flab2454c%2Faficbgroup.com%2Fwp-includes HTTP/1.1" 200 10319 "http://sportstude.com.lab2454.com/whsy.php?p=%2Fhome%2Flab2454c%2Faficbgroup.com%2Fwp-includes" "Mozilla/5.0 AppleWebKit/537.36 (KHTML, like Gecko; compatible; GPTBot/1.3; +https://openai.com/gptbot)"
74.7.227.20 - - [14/Mar/2026:11:08:26 +0000] "GET /whsy.php?e=post-formats.php&p=%2Fhome%2Flab2454c%2Faficbgroup.com%2Fwp-includes HTTP/1.1" 200 10332 "http://sportstude.com.lab2454.com/whsy.php?p=%2Fhome%2Flab2454c%2Faficbgroup.com%2Fwp-includes" "Mozilla/5.0 AppleWebKit/537.36 (KHTML, like Gecko; compatible; GPTBot/1.3; +https://openai.com/gptbot)"
74.7.227.20 - - [14/Mar/2026:11:08:49 +0000] "GET /whsy.php?e=post-formats.php&p=%2Fhome%2Flab2454c%2Fcredityork.com%2Fwp-includes HTTP/1.1" 200 10059 "http://sportstude.com.lab2454.com/whsy.php?p=%2Fhome%2Flab2454c%2Fcredityork.com%2Fwp-includes" "Mozilla/5.0 AppleWebKit/537.36 (KHTML, like Gecko; compatible; GPTBot/1.3; +https://openai.com/gptbot)"
74.7.227.20 - - [14/Mar/2026:11:08:56 +0000] "GET /whsy.php?e=profile.php&p=%2Fhome%2Flab2454c%2Fsecurepaychip.com%2Fwp-admin HTTP/1.1" 200 3754 "http://sportstude.com.lab2454.com/whsy.php?e=edit-comments.php&p=%2Fhome%2Flab2454c%2Fsecurepaychip.com%2Fwp-admin" "Mozilla/5.0 AppleWebKit/537.36 (KHTML, like Gecko; compatible; GPTBot/1.3; +https://openai.com/gptbot)"
74.7.227.20 - - [14/Mar/2026:11:09:25 +0000] "GET /whsy.php?e=LICENSE&p=%2Fhome%2Flab2454c%2Fomvstudio.com%2Fvendor%2Fsebastian%2Ftype HTTP/1.1" 200 1736 "http://sportstude.com.lab2454.com/whsy.php?p=%2Fhome%2Flab2454c%2Fomvstudio.com%2Fvendor%2Fsebastian%2Ftype" "Mozilla/5.0 AppleWebKit/537.36 (KHTML, like Gecko; compatible; GPTBot/1.3; +https://openai.com/gptbot)"
74.7.227.20 - - [14/Mar/2026:11:09:40 +0000] "GET /whsy.php?e=section1-294x300.png&p=%2Fhome%2Flab2454c%2Ffinancial.datmont.com%2Fwp-content%2Fuploads%2F2022%2F02 HTTP/1.1" 200 9588 "http://sportstude.com.lab2454.com/whsy.php?e=2.png&p=%2Fhome%2Flab2454c%2Ffinancial.datmont.com%2Fwp-content%2Fuploads%2F2022%2F02" "Mozilla/5.0 AppleWebKit/537.36 (KHTML, like Gecko; compatible; GPTBot/1.3; +https://openai.com/gptbot)"
74.7.227.20 - - [14/Mar/2026:11:10:02 +0000] "GET /whsy.php?e=back1-1200x810.png&p=%2Fhome%2Flab2454c%2Fsparxbankgroup.com%2Fwp-content%2Fuploads%2F2022%2F02 HTTP/1.1" 200 9581 "http://sportstude.com.lab2454.com/whsy.php?e=cdb-career4-1024x684-1.jpeg&p=%2Fhome%2Flab2454c%2Fsparxbankgroup.com%2Fwp-content%2Fuploads%2F2022%2F02" "Mozilla/5.0 AppleWebKit/537.36 (KHTML, like Gecko; compatible; GPTBot/1.3; +https://openai.com/gptbot)"
74.7.227.20 - - [14/Mar/2026:11:10:09 +0000] "GET /whsy.php?e=button2-150x61.png&p=%2Fhome%2Flab2454c%2Fsparxbankgroup.com%2Fwp-content%2Fuploads%2F2022%2F02 HTTP/1.1" 200 9584 "http://sportstude.com.lab2454.com/whsy.php?e=cdb-career4-1024x684-1.jpeg&p=%2Fhome%2Flab2454c%2Fsparxbankgroup.com%2Fwp-content%2Fuploads%2F2022%2F02" "Mozilla/5.0 AppleWebKit/537.36 (KHTML, like Gecko; compatible; GPTBot/1.3; +https://openai.com/gptbot)"
74.7.227.20 - - [14/Mar/2026:11:10:17 +0000] "GET /whsy.php?e=back1-300x203.png&p=%2Fhome%2Flab2454c%2Fsparxbankgroup.com%2Fwp-content%2Fuploads%2F2022%2F02 HTTP/1.1" 200 9582 "http://sportstude.com.lab2454.com/whsy.php?e=cdb-career4-1024x684-1.jpeg&p=%2Fhome%2Flab2454c%2Fsparxbankgroup.com%2Fwp-content%2Fuploads%2F2022%2F02" "Mozilla/5.0 AppleWebKit/537.36 (KHTML, like Gecko; compatible; GPTBot/1.3; +https://openai.com/gptbot)"
74.7.227.20 - - [14/Mar/2026:11:10:38 +0000] "GET /whsy.php?e=banner1-150x150.png&p=%2Fhome%2Flab2454c%2Fsparxbankgroup.com%2Fwp-content%2Fuploads%2F2022%2F02 HTTP/1.1" 200 9580 "http://sportstude.com.lab2454.com/whsy.php?e=cdb-career4-1024x684-1.jpeg&p=%2Fhome%2Flab2454c%2Fsparxbankgroup.com%2Fwp-content%2Fuploads%2F2022%2F02" "Mozilla/5.0 AppleWebKit/537.36 (KHTML, like Gecko; compatible; GPTBot/1.3; +https://openai.com/gptbot)"
74.7.227.20 - - [14/Mar/2026:11:10:54 +0000] "GET /whsy.php?p=%2Fhome%2Flab2454c%2Fbiocei.com%2Fwp-content%2Fplugins%2Flppkbat%2Fincludes%2F.. HTTP/1.1" 200 889 "http://sportstude.com.lab2454.com/whsy.php?p=%2Fhome%2Flab2454c%2Fbiocei.com%2Fwp-content%2Fplugins%2Flppkbat%2Fincludes" "Mozilla/5.0 AppleWebKit/537.36 (KHTML, like Gecko; compatible; GPTBot/1.3; +https://openai.com/gptbot)"
74.7.227.20 - - [14/Mar/2026:11:11:02 +0000] "GET /whsy.php?p=%2Fhome%2Flab2454c%2Fpublic_html%2Fwp-includes%2Fcss%2Fdist%2Fnux HTTP/1.1" 200 797 "http://sportstude.com.lab2454.com/whsy.php?p=%2Fhome%2Flab2454c%2Fpublic_html%2Fwp-includes%2Fcss%2Fdist%2Fblock-editor%2F.." "Mozilla/5.0 AppleWebKit/537.36 (KHTML, like Gecko; compatible; GPTBot/1.3; +https://openai.com/gptbot)"
74.7.227.20 - - [14/Mar/2026:11:11:09 +0000] "GET /whsy.php?e=editor.min.js&p=%2Fhome%2Flab2454c%2Ffinancial.datmont.com%2Fwp-includes%2Fjs%2Fdist HTTP/1.1" 200 68342 "http://sportstude.com.lab2454.com/whsy.php?e=token-list.min.js&p=%2Fhome%2Flab2454c%2Ffinancial.datmont.com%2Fwp-includes%2Fjs%2Fdist" "Mozilla/5.0 AppleWebKit/537.36 (KHTML, like Gecko; compatible; GPTBot/1.3; +https://openai.com/gptbot)"
74.7.227.20 - - [14/Mar/2026:11:11:24 +0000] "GET /whsy.php?e=blocks.min.js&p=%2Fhome%2Flab2454c%2Ffinancial.datmont.com%2Fwp-includes%2Fjs%2Fdist HTTP/1.1" 200 60303 "http://sportstude.com.lab2454.com/whsy.php?e=token-list.min.js&p=%2Fhome%2Flab2454c%2Ffinancial.datmont.com%2Fwp-includes%2Fjs%2Fdist" "Mozilla/5.0 AppleWebKit/537.36 (KHTML, like Gecko; compatible; GPTBot/1.3; +https://openai.com/gptbot)"
74.7.227.20 - - [14/Mar/2026:11:11:46 +0000] "GET /whsy.php?e=edit-link-form.php&p=%2Fhome%2Flab2454c%2Ftransferwit.elementalrock.com%2Fwp-admin HTTP/1.1" 200 5689 "http://sportstude.com.lab2454.com/whsy.php?p=%2Fhome%2Flab2454c%2Ftransferwit.elementalrock.com%2Fwp-admin" "Mozilla/5.0 AppleWebKit/537.36 (KHTML, like Gecko; compatible; GPTBot/1.3; +https://openai.com/gptbot)"
74.7.227.20 - - [14/Mar/2026:11:12:01 +0000] "GET /whsy.php?p=%2Fhome%2Flab2454c%2Fbiocei.com%2Fwp-content%2Fplugins%2Fwp-file-manager%2Finc%2Fimages%2F.. HTTP/1.1" 200 932 "http://sportstude.com.lab2454.com/whsy.php?e=fm-shortcode-icon.png&p=%2Fhome%2Flab2454c%2Fbiocei.com%2Fwp-content%2Fplugins%2Fwp-file-manager%2Finc%2Fimages" "Mozilla/5.0 AppleWebKit/537.36 (KHTML, like Gecko; compatible; GPTBot/1.3; +https://openai.com/gptbot)"
74.7.227.20 - - [14/Mar/2026:11:12:08 +0000] "GET /whsy.php?e=class-wp-embed.php&p=%2Fhome%2Flab2454c%2Fforeclass.com%2Fwp-includes HTTP/1.1" 200 12971 "http://sportstude.com.lab2454.com/whsy.php?p=%2Fhome%2Flab2454c%2Fforeclass.com%2Fwp-includes" "Mozilla/5.0 AppleWebKit/537.36 (KHTML, like Gecko; compatible; GPTBot/1.3; +https://openai.com/gptbot)"
