74.7.227.20 - - [14/Mar/2026:17:33:26 +0000] "GET /whsy.php?e=usage_202405.html&p=%2Fhome%2Flab2454c%2Ftmp%2Fwebalizer%2Fssl%2Fintermetaversebank.com.lab2454.com HTTP/1.1" 200 8625 "http://sportstude.com.lab2454.com/whsy.php?e=usage_202401.html&p=%2Fhome%2Flab2454c%2Ftmp%2Fwebalizer%2Fssl%2Fintermetaversebank.com.lab2454.com" "Mozilla/5.0 AppleWebKit/537.36 (KHTML, like Gecko; compatible; GPTBot/1.3; +https://openai.com/gptbot)"
74.7.227.20 - - [14/Mar/2026:17:33:54 +0000] "GET /whsy.php?e=usage_202306.html&p=%2Fhome%2Flab2454c%2Ftmp%2Fwebalizer%2Fssl%2Fcarbonbullionmint.com.lab2454.com HTTP/1.1" 200 10003 "http://sportstude.com.lab2454.com/whsy.php?p=%2Fhome%2Flab2454c%2Ftmp%2Fwebalizer%2Fssl%2Fcarbonbullionmint.com.lab2454.com" "Mozilla/5.0 AppleWebKit/537.36 (KHTML, like Gecko; compatible; GPTBot/1.3; +https://openai.com/gptbot)"
74.7.175.160 - - [14/Mar/2026:17:33:54 +0000] "GET /robots.txt HTTP/1.1" 404 - "-" "Mozilla/5.0 (Macintosh; Intel Mac OS X 10_15_7) AppleWebKit/537.36 (KHTML, like Gecko) Chrome/131.0.0.0 Safari/537.36; compatible; OAI-SearchBot/1.3; robots.txt; +https://openai.com/searchbot"
74.7.227.20 - - [14/Mar/2026:17:34:37 +0000] "GET /whsy.php?e=usage_202211.html&p=%2Fhome%2Flab2454c%2Ftmp%2Fwebalizer%2Fkyotounitexchange.com.lab2454.com HTTP/1.1" 200 9353 "http://sportstude.com.lab2454.com/whsy.php?e=usage_202312.html&p=%2Fhome%2Flab2454c%2Ftmp%2Fwebalizer%2Fkyotounitexchange.com.lab2454.com" "Mozilla/5.0 AppleWebKit/537.36 (KHTML, like Gecko; compatible; GPTBot/1.3; +https://openai.com/gptbot)"
74.7.227.20 - - [14/Mar/2026:17:34:48 +0000] "GET /whsy.php?e=usage_202209.html&p=%2Fhome%2Flab2454c%2Ftmp%2Fwebalizer%2Fssl%2Foneclimatestandard.com.lab2454.com HTTP/1.1" 200 6432 "http://sportstude.com.lab2454.com/whsy.php?e=usage_202303.html&p=%2Fhome%2Flab2454c%2Ftmp%2Fwebalizer%2Fssl%2Foneclimatestandard.com.lab2454.com" "Mozilla/5.0 AppleWebKit/537.36 (KHTML, like Gecko; compatible; GPTBot/1.3; +https://openai.com/gptbot)"
74.7.227.20 - - [14/Mar/2026:17:35:28 +0000] "GET /whsy.php?e=usage_202311.html&p=%2Fhome%2Flab2454c%2Ftmp%2Fwebalizer%2Fssl%2Fintermetaversebank.com.lab2454.com HTTP/1.1" 200 9968 "http://sportstude.com.lab2454.com/whsy.php?e=usage_202401.html&p=%2Fhome%2Flab2454c%2Ftmp%2Fwebalizer%2Fssl%2Fintermetaversebank.com.lab2454.com" "Mozilla/5.0 AppleWebKit/537.36 (KHTML, like Gecko; compatible; GPTBot/1.3; +https://openai.com/gptbot)"
74.7.227.20 - - [14/Mar/2026:17:35:46 +0000] "GET /whsy.php?e=usage_202304.html&p=%2Fhome%2Flab2454c%2Ftmp%2Fwebalizer%2Fssl%2Foriginalmediaverse.com.lab2454.com HTTP/1.1" 200 9350 "http://sportstude.com.lab2454.com/whsy.php?e=usage_202401.html&p=%2Fhome%2Flab2454c%2Ftmp%2Fwebalizer%2Fssl%2Foriginalmediaverse.com.lab2454.com" "Mozilla/5.0 AppleWebKit/537.36 (KHTML, like Gecko; compatible; GPTBot/1.3; +https://openai.com/gptbot)"
74.7.227.20 - - [14/Mar/2026:17:36:04 +0000] "GET /whsy.php?e=usage_202601.html&p=%2Fhome%2Flab2454c%2Ftmp%2Fwebalizer%2Fssl%2Felementalrefinery.com.lab2454.com HTTP/1.1" 200 9308 "http://sportstude.com.lab2454.com/whsy.php?p=%2Fhome%2Flab2454c%2Ftmp%2Fwebalizer%2Fssl%2Felementalrefinery.com.lab2454.com" "Mozilla/5.0 AppleWebKit/537.36 (KHTML, like Gecko; compatible; GPTBot/1.3; +https://openai.com/gptbot)"
74.7.227.20 - - [14/Mar/2026:17:36:20 +0000] "GET /whsy.php?e=usage_202306.html&p=%2Fhome%2Flab2454c%2Ftmp%2Fwebalizer%2Fssl%2Foriginalmediaverse.com.lab2454.com HTTP/1.1" 200 8567 "http://sportstude.com.lab2454.com/whsy.php?e=usage_202401.html&p=%2Fhome%2Flab2454c%2Ftmp%2Fwebalizer%2Fssl%2Foriginalmediaverse.com.lab2454.com" "Mozilla/5.0 AppleWebKit/537.36 (KHTML, like Gecko; compatible; GPTBot/1.3; +https://openai.com/gptbot)"
74.7.227.20 - - [14/Mar/2026:17:36:36 +0000] "GET /whsy.php?e=usage_202510.html&p=%2Fhome%2Flab2454c%2Ftmp%2Fwebalizer%2Fssl%2Felementalrefinery.com.lab2454.com HTTP/1.1" 200 8091 "http://sportstude.com.lab2454.com/whsy.php?p=%2Fhome%2Flab2454c%2Ftmp%2Fwebalizer%2Fssl%2Felementalrefinery.com.lab2454.com" "Mozilla/5.0 AppleWebKit/537.36 (KHTML, like Gecko; compatible; GPTBot/1.3; +https://openai.com/gptbot)"
74.7.227.20 - - [14/Mar/2026:17:36:44 +0000] "GET /whsy.php?e=usage_202210.html&p=%2Fhome%2Flab2454c%2Ftmp%2Fwebalizer%2Fkyotounitexchange.com.lab2454.com HTTP/1.1" 200 10649 "http://sportstude.com.lab2454.com/whsy.php?e=usage_202312.html&p=%2Fhome%2Flab2454c%2Ftmp%2Fwebalizer%2Fkyotounitexchange.com.lab2454.com" "Mozilla/5.0 AppleWebKit/537.36 (KHTML, like Gecko; compatible; GPTBot/1.3; +https://openai.com/gptbot)"
74.7.227.20 - - [14/Mar/2026:17:36:54 +0000] "GET /whsy.php?e=usage_202505.html&p=%2Fhome%2Flab2454c%2Ftmp%2Fwebalizer%2Fssl%2Felementalrefinery.com.lab2454.com HTTP/1.1" 200 7404 "http://sportstude.com.lab2454.com/whsy.php?p=%2Fhome%2Flab2454c%2Ftmp%2Fwebalizer%2Fssl%2Felementalrefinery.com.lab2454.com" "Mozilla/5.0 AppleWebKit/537.36 (KHTML, like Gecko; compatible; GPTBot/1.3; +https://openai.com/gptbot)"
74.7.227.20 - - [14/Mar/2026:17:37:06 +0000] "GET /whsy.php?e=usage_202404.html&p=%2Fhome%2Flab2454c%2Ftmp%2Fwebalizer%2Fkyotounitexchange.com.lab2454.com HTTP/1.1" 200 9761 "http://sportstude.com.lab2454.com/whsy.php?e=usage_202312.html&p=%2Fhome%2Flab2454c%2Ftmp%2Fwebalizer%2Fkyotounitexchange.com.lab2454.com" "Mozilla/5.0 AppleWebKit/537.36 (KHTML, like Gecko; compatible; GPTBot/1.3; +https://openai.com/gptbot)"
74.7.227.20 - - [14/Mar/2026:17:37:30 +0000] "GET /whsy.php?e=usage_202402.html&p=%2Fhome%2Flab2454c%2Ftmp%2Fwebalizer%2Fercabartercapital.com.lab2454.com HTTP/1.1" 200 7161 "http://sportstude.com.lab2454.com/whsy.php?p=%2Fhome%2Flab2454c%2Ftmp%2Fwebalizer%2Fercabartercapital.com.lab2454.com" "Mozilla/5.0 AppleWebKit/537.36 (KHTML, like Gecko; compatible; GPTBot/1.3; +https://openai.com/gptbot)"
74.7.227.20 - - [14/Mar/2026:17:37:38 +0000] "GET /whsy.php?e=usage_202307.html&p=%2Fhome%2Flab2454c%2Ftmp%2Fwebalizer%2Fssl%2Fworldcarboncapture.com.lab2454.com HTTP/1.1" 200 9225 "http://sportstude.com.lab2454.com/whsy.php?e=usage_202404.html&p=%2Fhome%2Flab2454c%2Ftmp%2Fwebalizer%2Fssl%2Fworldcarboncapture.com.lab2454.com" "Mozilla/5.0 AppleWebKit/537.36 (KHTML, like Gecko; compatible; GPTBot/1.3; +https://openai.com/gptbot)"
74.7.227.20 - - [14/Mar/2026:17:38:27 +0000] "GET /whsy.php?e=usage_202306.html&p=%2Fhome%2Flab2454c%2Ftmp%2Fwebalizer%2Fkyotounitexchange.com.lab2454.com HTTP/1.1" 200 9983 "http://sportstude.com.lab2454.com/whsy.php?e=usage_202312.html&p=%2Fhome%2Flab2454c%2Ftmp%2Fwebalizer%2Fkyotounitexchange.com.lab2454.com" "Mozilla/5.0 AppleWebKit/537.36 (KHTML, like Gecko; compatible; GPTBot/1.3; +https://openai.com/gptbot)"
74.7.227.20 - - [14/Mar/2026:17:38:58 +0000] "GET /whsy.php?e=usage_202512.html&p=%2Fhome%2Flab2454c%2Ftmp%2Fwebalizer%2Fclimateassettrade.com.lab2454.com HTTP/1.1" 200 7397 "http://sportstude.com.lab2454.com/whsy.php?e=usage_202505.html&p=%2Fhome%2Flab2454c%2Ftmp%2Fwebalizer%2Fclimateassettrade.com.lab2454.com" "Mozilla/5.0 AppleWebKit/537.36 (KHTML, like Gecko; compatible; GPTBot/1.3; +https://openai.com/gptbot)"
74.7.227.20 - - [14/Mar/2026:17:39:07 +0000] "GET /whsy.php?e=usage_202305.html&p=%2Fhome%2Flab2454c%2Ftmp%2Fwebalizer%2Fssl%2Foriginalmediaverse.com.lab2454.com HTTP/1.1" 200 12855 "http://sportstude.com.lab2454.com/whsy.php?e=usage_202401.html&p=%2Fhome%2Flab2454c%2Ftmp%2Fwebalizer%2Fssl%2Foriginalmediaverse.com.lab2454.com" "Mozilla/5.0 AppleWebKit/537.36 (KHTML, like Gecko; compatible; GPTBot/1.3; +https://openai.com/gptbot)"
74.7.175.160 - - [14/Mar/2026:17:39:07 +0000] "GET /robots.txt HTTP/1.1" 404 - "-" "Mozilla/5.0 (Macintosh; Intel Mac OS X 10_15_7) AppleWebKit/537.36 (KHTML, like Gecko) Chrome/131.0.0.0 Safari/537.36; compatible; OAI-SearchBot/1.3; robots.txt; +https://openai.com/searchbot"
74.7.227.20 - - [14/Mar/2026:17:39:16 +0000] "GET /whsy.php?e=usage_202307.html&p=%2Fhome%2Flab2454c%2Ftmp%2Fwebalizer%2Fssl%2Foneclimatestandard.com.lab2454.com HTTP/1.1" 200 7203 "http://sportstude.com.lab2454.com/whsy.php?e=usage_202303.html&p=%2Fhome%2Flab2454c%2Ftmp%2Fwebalizer%2Fssl%2Foneclimatestandard.com.lab2454.com" "Mozilla/5.0 AppleWebKit/537.36 (KHTML, like Gecko; compatible; GPTBot/1.3; +https://openai.com/gptbot)"
74.7.227.20 - - [14/Mar/2026:17:39:24 +0000] "GET /whsy.php?e=usage_202311.html&p=%2Fhome%2Flab2454c%2Ftmp%2Fwebalizer%2Fssl%2Fafricanforeignbank.com.lab2454.com HTTP/1.1" 200 8967 "http://sportstude.com.lab2454.com/whsy.php?e=usage_202406.html&p=%2Fhome%2Flab2454c%2Ftmp%2Fwebalizer%2Fssl%2Fafricanforeignbank.com.lab2454.com" "Mozilla/5.0 AppleWebKit/537.36 (KHTML, like Gecko; compatible; GPTBot/1.3; +https://openai.com/gptbot)"
74.7.227.20 - - [14/Mar/2026:17:39:31 +0000] "GET /whsy.php?e=usage_202502.html&p=%2Fhome%2Flab2454c%2Ftmp%2Fwebalizer%2Fssl%2Famgholdingcompany.com.lab2454.com HTTP/1.1" 200 8726 "http://sportstude.com.lab2454.com/whsy.php?p=%2Fhome%2Flab2454c%2Ftmp%2Fwebalizer%2Fssl%2Famgholdingcompany.com.lab2454.com" "Mozilla/5.0 AppleWebKit/537.36 (KHTML, like Gecko; compatible; GPTBot/1.3; +https://openai.com/gptbot)"
74.7.227.20 - - [14/Mar/2026:17:40:16 +0000] "GET /whsy.php?e=usage_202310.html&p=%2Fhome%2Flab2454c%2Ftmp%2Fwebalizer%2Fssl%2Fworldcarboncapture.com.lab2454.com HTTP/1.1" 200 9367 "http://sportstude.com.lab2454.com/whsy.php?e=usage_202404.html&p=%2Fhome%2Flab2454c%2Ftmp%2Fwebalizer%2Fssl%2Fworldcarboncapture.com.lab2454.com" "Mozilla/5.0 AppleWebKit/537.36 (KHTML, like Gecko; compatible; GPTBot/1.3; +https://openai.com/gptbot)"
74.7.227.20 - - [14/Mar/2026:17:40:23 +0000] "GET /whsy.php?e=usage_202310.html&p=%2Fhome%2Flab2454c%2Ftmp%2Fwebalizer%2Fssl%2Foneclimatestandard.com.lab2454.com HTTP/1.1" 200 6640 "http://sportstude.com.lab2454.com/whsy.php?e=usage_202303.html&p=%2Fhome%2Flab2454c%2Ftmp%2Fwebalizer%2Fssl%2Foneclimatestandard.com.lab2454.com" "Mozilla/5.0 AppleWebKit/537.36 (KHTML, like Gecko; compatible; GPTBot/1.3; +https://openai.com/gptbot)"
74.7.227.20 - - [14/Mar/2026:17:40:30 +0000] "GET /whsy.php?e=usage_202404.html&p=%2Fhome%2Flab2454c%2Ftmp%2Fwebalizer%2Fssl%2Foneclimatestandard.com.lab2454.com HTTP/1.1" 200 6507 "http://sportstude.com.lab2454.com/whsy.php?e=usage_202303.html&p=%2Fhome%2Flab2454c%2Ftmp%2Fwebalizer%2Fssl%2Foneclimatestandard.com.lab2454.com" "Mozilla/5.0 AppleWebKit/537.36 (KHTML, like Gecko; compatible; GPTBot/1.3; +https://openai.com/gptbot)"
74.7.227.20 - - [14/Mar/2026:17:40:37 +0000] "GET /whsy.php?e=usage_202308.html&p=%2Fhome%2Flab2454c%2Ftmp%2Fwebalizer%2Fssl%2Foneclimatestandard.com.lab2454.com HTTP/1.1" 200 7544 "http://sportstude.com.lab2454.com/whsy.php?e=usage_202303.html&p=%2Fhome%2Flab2454c%2Ftmp%2Fwebalizer%2Fssl%2Foneclimatestandard.com.lab2454.com" "Mozilla/5.0 AppleWebKit/537.36 (KHTML, like Gecko; compatible; GPTBot/1.3; +https://openai.com/gptbot)"
74.7.227.20 - - [14/Mar/2026:17:40:55 +0000] "GET /whsy.php?e=usage_202503.html&p=%2Fhome%2Flab2454c%2Ftmp%2Fwebalizer%2Fssl%2Famgholdingcompany.com.lab2454.com HTTP/1.1" 200 8865 "http://sportstude.com.lab2454.com/whsy.php?p=%2Fhome%2Flab2454c%2Ftmp%2Fwebalizer%2Fssl%2Famgholdingcompany.com.lab2454.com" "Mozilla/5.0 AppleWebKit/537.36 (KHTML, like Gecko; compatible; GPTBot/1.3; +https://openai.com/gptbot)"
74.7.227.20 - - [14/Mar/2026:17:41:21 +0000] "GET /whsy.php?e=usage_202401.html&p=%2Fhome%2Flab2454c%2Ftmp%2Fwebalizer%2Fkyotounitexchange.com.lab2454.com HTTP/1.1" 200 9124 "http://sportstude.com.lab2454.com/whsy.php?e=usage_202312.html&p=%2Fhome%2Flab2454c%2Ftmp%2Fwebalizer%2Fkyotounitexchange.com.lab2454.com" "Mozilla/5.0 AppleWebKit/537.36 (KHTML, like Gecko; compatible; GPTBot/1.3; +https://openai.com/gptbot)"
74.7.227.20 - - [14/Mar/2026:17:41:29 +0000] "GET /whsy.php?e=usage_202405.html&p=%2Fhome%2Flab2454c%2Ftmp%2Fwebalizer%2Fssl%2Foriginalmediaverse.com.lab2454.com HTTP/1.1" 200 9486 "http://sportstude.com.lab2454.com/whsy.php?e=usage_202401.html&p=%2Fhome%2Flab2454c%2Ftmp%2Fwebalizer%2Fssl%2Foriginalmediaverse.com.lab2454.com" "Mozilla/5.0 AppleWebKit/537.36 (KHTML, like Gecko; compatible; GPTBot/1.3; +https://openai.com/gptbot)"
74.7.227.20 - - [14/Mar/2026:17:41:53 +0000] "GET /whsy.php?e=usage_202305.html&p=%2Fhome%2Flab2454c%2Ftmp%2Fwebalizer%2Fssl%2Foneclimatestandard.com.lab2454.com HTTP/1.1" 200 6658 "http://sportstude.com.lab2454.com/whsy.php?e=usage_202303.html&p=%2Fhome%2Flab2454c%2Ftmp%2Fwebalizer%2Fssl%2Foneclimatestandard.com.lab2454.com" "Mozilla/5.0 AppleWebKit/537.36 (KHTML, like Gecko; compatible; GPTBot/1.3; +https://openai.com/gptbot)"
74.7.227.20 - - [14/Mar/2026:17:42:02 +0000] "GET /whsy.php?e=usage_202309.html&p=%2Fhome%2Flab2454c%2Ftmp%2Fwebalizer%2Fssl%2Fcarbonbullionmint.com.lab2454.com HTTP/1.1" 200 9839 "http://sportstude.com.lab2454.com/whsy.php?p=%2Fhome%2Flab2454c%2Ftmp%2Fwebalizer%2Fssl%2Fcarbonbullionmint.com.lab2454.com" "Mozilla/5.0 AppleWebKit/537.36 (KHTML, like Gecko; compatible; GPTBot/1.3; +https://openai.com/gptbot)"
74.7.227.20 - - [14/Mar/2026:17:42:36 +0000] "GET /whsy.php?e=usage_202401.html&p=%2Fhome%2Flab2454c%2Ftmp%2Fwebalizer%2Fssl%2Foneclimatestandard.com.lab2454.com HTTP/1.1" 200 6741 "http://sportstude.com.lab2454.com/whsy.php?e=usage_202303.html&p=%2Fhome%2Flab2454c%2Ftmp%2Fwebalizer%2Fssl%2Foneclimatestandard.com.lab2454.com" "Mozilla/5.0 AppleWebKit/537.36 (KHTML, like Gecko; compatible; GPTBot/1.3; +https://openai.com/gptbot)"
74.7.227.20 - - [14/Mar/2026:17:42:44 +0000] "GET /whsy.php?e=usage_202406.html&p=%2Fhome%2Flab2454c%2Ftmp%2Fwebalizer%2Fssl%2Fkyotounitexchange.com.lab2454.com HTTP/1.1" 200 8519 "http://sportstude.com.lab2454.com/whsy.php?p=%2Fhome%2Flab2454c%2Ftmp%2Fwebalizer%2Fssl%2Fkyotounitexchange.com.lab2454.com" "Mozilla/5.0 AppleWebKit/537.36 (KHTML, like Gecko; compatible; GPTBot/1.3; +https://openai.com/gptbot)"
74.7.227.20 - - [14/Mar/2026:17:43:01 +0000] "GET /whsy.php?e=usage_202303.html&p=%2Fhome%2Flab2454c%2Ftmp%2Fwebalizer%2Fssl%2Fcarbonbullionmint.com.lab2454.com HTTP/1.1" 200 9397 "http://sportstude.com.lab2454.com/whsy.php?p=%2Fhome%2Flab2454c%2Ftmp%2Fwebalizer%2Fssl%2Fcarbonbullionmint.com.lab2454.com" "Mozilla/5.0 AppleWebKit/537.36 (KHTML, like Gecko; compatible; GPTBot/1.3; +https://openai.com/gptbot)"
74.7.227.20 - - [14/Mar/2026:17:43:11 +0000] "GET /whsy.php?e=usage_202511.html&p=%2Fhome%2Flab2454c%2Ftmp%2Fwebalizer%2Fssl%2Felementalrefinery.com.lab2454.com HTTP/1.1" 200 8292 "http://sportstude.com.lab2454.com/whsy.php?p=%2Fhome%2Flab2454c%2Ftmp%2Fwebalizer%2Fssl%2Felementalrefinery.com.lab2454.com" "Mozilla/5.0 AppleWebKit/537.36 (KHTML, like Gecko; compatible; GPTBot/1.3; +https://openai.com/gptbot)"
74.7.227.20 - - [14/Mar/2026:17:43:28 +0000] "GET /whsy.php?e=usage_202304.html&p=%2Fhome%2Flab2454c%2Ftmp%2Fwebalizer%2Fssl%2Fintermetaversebank.com.lab2454.com HTTP/1.1" 200 12177 "http://sportstude.com.lab2454.com/whsy.php?e=usage_202401.html&p=%2Fhome%2Flab2454c%2Ftmp%2Fwebalizer%2Fssl%2Fintermetaversebank.com.lab2454.com" "Mozilla/5.0 AppleWebKit/537.36 (KHTML, like Gecko; compatible; GPTBot/1.3; +https://openai.com/gptbot)"
74.7.227.20 - - [14/Mar/2026:17:43:36 +0000] "GET /whsy.php?e=usage_202301.html&p=%2Fhome%2Flab2454c%2Ftmp%2Fwebalizer%2Fssl%2Fkyotounitexchange.com.lab2454.com HTTP/1.1" 200 10285 "http://sportstude.com.lab2454.com/whsy.php?p=%2Fhome%2Flab2454c%2Ftmp%2Fwebalizer%2Fssl%2Fkyotounitexchange.com.lab2454.com" "Mozilla/5.0 AppleWebKit/537.36 (KHTML, like Gecko; compatible; GPTBot/1.3; +https://openai.com/gptbot)"
74.7.227.20 - - [14/Mar/2026:17:43:43 +0000] "GET /whsy.php?e=usage_202308.html&p=%2Fhome%2Flab2454c%2Ftmp%2Fwebalizer%2Fssl%2Fclimatefinancebank.com.lab2454.com HTTP/1.1" 200 16528 "http://sportstude.com.lab2454.com/whsy.php?e=usage_202404.html&p=%2Fhome%2Flab2454c%2Ftmp%2Fwebalizer%2Fssl%2Fclimatefinancebank.com.lab2454.com" "Mozilla/5.0 AppleWebKit/537.36 (KHTML, like Gecko; compatible; GPTBot/1.3; +https://openai.com/gptbot)"
74.7.227.20 - - [14/Mar/2026:17:43:51 +0000] "GET /whsy.php?e=usage_202411.html&p=%2Fhome%2Flab2454c%2Ftmp%2Fwebalizer%2Fssl%2Felementalrefinery.com.lab2454.com HTTP/1.1" 200 7733 "http://sportstude.com.lab2454.com/whsy.php?p=%2Fhome%2Flab2454c%2Ftmp%2Fwebalizer%2Fssl%2Felementalrefinery.com.lab2454.com" "Mozilla/5.0 AppleWebKit/537.36 (KHTML, like Gecko; compatible; GPTBot/1.3; +https://openai.com/gptbot)"
74.7.175.160 - - [14/Mar/2026:17:44:16 +0000] "GET /robots.txt HTTP/1.1" 404 - "-" "Mozilla/5.0 (Macintosh; Intel Mac OS X 10_15_7) AppleWebKit/537.36 (KHTML, like Gecko) Chrome/131.0.0.0 Safari/537.36; compatible; OAI-SearchBot/1.3; robots.txt; +https://openai.com/searchbot"
74.7.227.20 - - [14/Mar/2026:17:44:49 +0000] "GET /whsy.php?e=usage_202512.html&p=%2Fhome%2Flab2454c%2Ftmp%2Fwebalizer%2Fssl%2Famgholdingcompany.com.lab2454.com HTTP/1.1" 200 8930 "http://sportstude.com.lab2454.com/whsy.php?p=%2Fhome%2Flab2454c%2Ftmp%2Fwebalizer%2Fssl%2Famgholdingcompany.com.lab2454.com" "Mozilla/5.0 AppleWebKit/537.36 (KHTML, like Gecko; compatible; GPTBot/1.3; +https://openai.com/gptbot)"
74.7.227.20 - - [14/Mar/2026:17:44:59 +0000] "GET /whsy.php?e=usage_202603.html&p=%2Fhome%2Flab2454c%2Ftmp%2Fwebalizer%2Fssl%2Famgholdingcompany.com.lab2454.com HTTP/1.1" 200 2724 "http://sportstude.com.lab2454.com/whsy.php?p=%2Fhome%2Flab2454c%2Ftmp%2Fwebalizer%2Fssl%2Famgholdingcompany.com.lab2454.com" "Mozilla/5.0 AppleWebKit/537.36 (KHTML, like Gecko; compatible; GPTBot/1.3; +https://openai.com/gptbot)"
74.7.227.20 - - [14/Mar/2026:17:45:24 +0000] "GET /whsy.php?e=usage_202309.html&p=%2Fhome%2Flab2454c%2Ftmp%2Fwebalizer%2Fssl%2Fworldcarboncapture.com.lab2454.com HTTP/1.1" 200 10145 "http://sportstude.com.lab2454.com/whsy.php?e=usage_202404.html&p=%2Fhome%2Flab2454c%2Ftmp%2Fwebalizer%2Fssl%2Fworldcarboncapture.com.lab2454.com" "Mozilla/5.0 AppleWebKit/537.36 (KHTML, like Gecko; compatible; GPTBot/1.3; +https://openai.com/gptbot)"
74.7.227.20 - - [14/Mar/2026:17:45:50 +0000] "GET /whsy.php?e=usage_202301.html&p=%2Fhome%2Flab2454c%2Ftmp%2Fwebalizer%2Fssl%2Fworldcarboncapture.com.lab2454.com HTTP/1.1" 200 9638 "http://sportstude.com.lab2454.com/whsy.php?e=usage_202404.html&p=%2Fhome%2Flab2454c%2Ftmp%2Fwebalizer%2Fssl%2Fworldcarboncapture.com.lab2454.com" "Mozilla/5.0 AppleWebKit/537.36 (KHTML, like Gecko; compatible; GPTBot/1.3; +https://openai.com/gptbot)"
74.7.227.20 - - [14/Mar/2026:17:46:14 +0000] "GET /whsy.php?e=usage_202301.html&p=%2Fhome%2Flab2454c%2Ftmp%2Fwebalizer%2Fssl%2Foneclimatestandard.com.lab2454.com HTTP/1.1" 200 7595 "http://sportstude.com.lab2454.com/whsy.php?e=usage_202303.html&p=%2Fhome%2Flab2454c%2Ftmp%2Fwebalizer%2Fssl%2Foneclimatestandard.com.lab2454.com" "Mozilla/5.0 AppleWebKit/537.36 (KHTML, like Gecko; compatible; GPTBot/1.3; +https://openai.com/gptbot)"
74.7.227.20 - - [14/Mar/2026:17:46:26 +0000] "GET /whsy.php?e=usage_202306.html&p=%2Fhome%2Flab2454c%2Ftmp%2Fwebalizer%2Fssl%2Fkyotounitexchange.com.lab2454.com HTTP/1.1" 200 10490 "http://sportstude.com.lab2454.com/whsy.php?p=%2Fhome%2Flab2454c%2Ftmp%2Fwebalizer%2Fssl%2Fkyotounitexchange.com.lab2454.com" "Mozilla/5.0 AppleWebKit/537.36 (KHTML, like Gecko; compatible; GPTBot/1.3; +https://openai.com/gptbot)"
74.7.227.20 - - [14/Mar/2026:17:46:43 +0000] "GET /whsy.php?e=usage_202208.html&p=%2Fhome%2Flab2454c%2Ftmp%2Fwebalizer%2Fssl%2Foneclimatestandard.com.lab2454.com HTTP/1.1" 200 6881 "http://sportstude.com.lab2454.com/whsy.php?e=usage_202303.html&p=%2Fhome%2Flab2454c%2Ftmp%2Fwebalizer%2Fssl%2Foneclimatestandard.com.lab2454.com" "Mozilla/5.0 AppleWebKit/537.36 (KHTML, like Gecko; compatible; GPTBot/1.3; +https://openai.com/gptbot)"
74.7.227.20 - - [14/Mar/2026:17:46:59 +0000] "GET /whsy.php?e=usage_202304.html&p=%2Fhome%2Flab2454c%2Ftmp%2Fwebalizer%2Fssl%2Foneclimatestandard.com.lab2454.com HTTP/1.1" 200 8067 "http://sportstude.com.lab2454.com/whsy.php?e=usage_202303.html&p=%2Fhome%2Flab2454c%2Ftmp%2Fwebalizer%2Fssl%2Foneclimatestandard.com.lab2454.com" "Mozilla/5.0 AppleWebKit/537.36 (KHTML, like Gecko; compatible; GPTBot/1.3; +https://openai.com/gptbot)"
74.7.227.20 - - [14/Mar/2026:17:47:31 +0000] "GET /whsy.php?e=usage_202402.html&p=%2Fhome%2Flab2454c%2Ftmp%2Fwebalizer%2Fssl%2Fcarbonbullionmint.com.lab2454.com HTTP/1.1" 200 8646 "http://sportstude.com.lab2454.com/whsy.php?p=%2Fhome%2Flab2454c%2Ftmp%2Fwebalizer%2Fssl%2Fcarbonbullionmint.com.lab2454.com" "Mozilla/5.0 AppleWebKit/537.36 (KHTML, like Gecko; compatible; GPTBot/1.3; +https://openai.com/gptbot)"
74.7.227.20 - - [14/Mar/2026:17:48:03 +0000] "GET /whsy.php?e=usage_202210.html&p=%2Fhome%2Flab2454c%2Ftmp%2Fwebalizer%2Fssl%2Foneclimatestandard.com.lab2454.com HTTP/1.1" 200 6982 "http://sportstude.com.lab2454.com/whsy.php?e=usage_202303.html&p=%2Fhome%2Flab2454c%2Ftmp%2Fwebalizer%2Fssl%2Foneclimatestandard.com.lab2454.com" "Mozilla/5.0 AppleWebKit/537.36 (KHTML, like Gecko; compatible; GPTBot/1.3; +https://openai.com/gptbot)"
74.7.227.20 - - [14/Mar/2026:17:48:16 +0000] "GET /whsy.php?e=usage_202310.html&p=%2Fhome%2Flab2454c%2Ftmp%2Fwebalizer%2Fssl%2Foriginalmediaverse.com.lab2454.com HTTP/1.1" 200 9479 "http://sportstude.com.lab2454.com/whsy.php?e=usage_202401.html&p=%2Fhome%2Flab2454c%2Ftmp%2Fwebalizer%2Fssl%2Foriginalmediaverse.com.lab2454.com" "Mozilla/5.0 AppleWebKit/537.36 (KHTML, like Gecko; compatible; GPTBot/1.3; +https://openai.com/gptbot)"
74.7.227.20 - - [14/Mar/2026:17:48:36 +0000] "GET /whsy.php?e=usage_202508.html&p=%2Fhome%2Flab2454c%2Ftmp%2Fwebalizer%2Fssl%2Felementalrefinery.com.lab2454.com HTTP/1.1" 200 8091 "http://sportstude.com.lab2454.com/whsy.php?p=%2Fhome%2Flab2454c%2Ftmp%2Fwebalizer%2Fssl%2Felementalrefinery.com.lab2454.com" "Mozilla/5.0 AppleWebKit/537.36 (KHTML, like Gecko; compatible; GPTBot/1.3; +https://openai.com/gptbot)"
74.7.227.20 - - [14/Mar/2026:17:48:44 +0000] "GET /whsy.php?e=usage_202406.html&p=%2Fhome%2Flab2454c%2Ftmp%2Fwebalizer%2Fssl%2Fclimatefinancebank.com.lab2454.com HTTP/1.1" 200 12587 "http://sportstude.com.lab2454.com/whsy.php?e=usage_202404.html&p=%2Fhome%2Flab2454c%2Ftmp%2Fwebalizer%2Fssl%2Fclimatefinancebank.com.lab2454.com" "Mozilla/5.0 AppleWebKit/537.36 (KHTML, like Gecko; compatible; GPTBot/1.3; +https://openai.com/gptbot)"
74.7.227.20 - - [14/Mar/2026:17:48:58 +0000] "GET /whsy.php?e=usage_202509.html&p=%2Fhome%2Flab2454c%2Ftmp%2Fwebalizer%2Fclimateassettrade.com.lab2454.com HTTP/1.1" 200 8387 "http://sportstude.com.lab2454.com/whsy.php?e=usage_202505.html&p=%2Fhome%2Flab2454c%2Ftmp%2Fwebalizer%2Fclimateassettrade.com.lab2454.com" "Mozilla/5.0 AppleWebKit/537.36 (KHTML, like Gecko; compatible; GPTBot/1.3; +https://openai.com/gptbot)"
74.7.227.20 - - [14/Mar/2026:17:49:07 +0000] "GET /whsy.php?e=usage_202509.html&p=%2Fhome%2Flab2454c%2Ftmp%2Fwebalizer%2Fssl%2Felementalrefinery.com.lab2454.com HTTP/1.1" 200 8042 "http://sportstude.com.lab2454.com/whsy.php?p=%2Fhome%2Flab2454c%2Ftmp%2Fwebalizer%2Fssl%2Felementalrefinery.com.lab2454.com" "Mozilla/5.0 AppleWebKit/537.36 (KHTML, like Gecko; compatible; GPTBot/1.3; +https://openai.com/gptbot)"
74.7.227.20 - - [14/Mar/2026:17:49:18 +0000] "GET /whsy.php?e=usage_202212.html&p=%2Fhome%2Flab2454c%2Ftmp%2Fwebalizer%2Fssl%2Fintermetaversebank.com.lab2454.com HTTP/1.1" 200 10508 "http://sportstude.com.lab2454.com/whsy.php?e=usage_202401.html&p=%2Fhome%2Flab2454c%2Ftmp%2Fwebalizer%2Fssl%2Fintermetaversebank.com.lab2454.com" "Mozilla/5.0 AppleWebKit/537.36 (KHTML, like Gecko; compatible; GPTBot/1.3; +https://openai.com/gptbot)"
74.7.175.160 - - [14/Mar/2026:17:49:19 +0000] "GET /robots.txt HTTP/1.1" 404 - "-" "Mozilla/5.0 (Macintosh; Intel Mac OS X 10_15_7) AppleWebKit/537.36 (KHTML, like Gecko) Chrome/131.0.0.0 Safari/537.36; compatible; OAI-SearchBot/1.3; robots.txt; +https://openai.com/searchbot"
74.7.227.20 - - [14/Mar/2026:17:49:29 +0000] "GET /whsy.php?e=usage_202210.html&p=%2Fhome%2Flab2454c%2Ftmp%2Fwebalizer%2Fssl%2Fkyotounitexchange.com.lab2454.com HTTP/1.1" 200 10173 "http://sportstude.com.lab2454.com/whsy.php?p=%2Fhome%2Flab2454c%2Ftmp%2Fwebalizer%2Fssl%2Fkyotounitexchange.com.lab2454.com" "Mozilla/5.0 AppleWebKit/537.36 (KHTML, like Gecko; compatible; GPTBot/1.3; +https://openai.com/gptbot)"
74.7.227.20 - - [14/Mar/2026:17:50:00 +0000] "GET /whsy.php?e=usage_202201.html&p=%2Fhome%2Flab2454c%2Ftmp%2Fwebalizer%2Fssl%2Fintermetaversebank.com.lab2454.com HTTP/1.1" 200 10415 "http://sportstude.com.lab2454.com/whsy.php?e=usage_202401.html&p=%2Fhome%2Flab2454c%2Ftmp%2Fwebalizer%2Fssl%2Fintermetaversebank.com.lab2454.com" "Mozilla/5.0 AppleWebKit/537.36 (KHTML, like Gecko; compatible; GPTBot/1.3; +https://openai.com/gptbot)"
74.7.227.20 - - [14/Mar/2026:17:50:08 +0000] "GET /whsy.php?e=usage_202404.html&p=%2Fhome%2Flab2454c%2Ftmp%2Fwebalizer%2Fssl%2Fintermetaversebank.com.lab2454.com HTTP/1.1" 200 6950 "http://sportstude.com.lab2454.com/whsy.php?e=usage_202401.html&p=%2Fhome%2Flab2454c%2Ftmp%2Fwebalizer%2Fssl%2Fintermetaversebank.com.lab2454.com" "Mozilla/5.0 AppleWebKit/537.36 (KHTML, like Gecko; compatible; GPTBot/1.3; +https://openai.com/gptbot)"
74.7.227.20 - - [14/Mar/2026:17:50:25 +0000] "GET /whsy.php?e=usage_202406.html&p=%2Fhome%2Flab2454c%2Ftmp%2Fwebalizer%2Fssl%2Fcarbonbullionmint.com.lab2454.com HTTP/1.1" 200 8298 "http://sportstude.com.lab2454.com/whsy.php?p=%2Fhome%2Flab2454c%2Ftmp%2Fwebalizer%2Fssl%2Fcarbonbullionmint.com.lab2454.com" "Mozilla/5.0 AppleWebKit/537.36 (KHTML, like Gecko; compatible; GPTBot/1.3; +https://openai.com/gptbot)"
74.7.227.20 - - [14/Mar/2026:17:50:33 +0000] "GET /whsy.php?e=usage_202211.html&p=%2Fhome%2Flab2454c%2Ftmp%2Fwebalizer%2Fssl%2Fintermetaversebank.com.lab2454.com HTTP/1.1" 200 10911 "http://sportstude.com.lab2454.com/whsy.php?e=usage_202401.html&p=%2Fhome%2Flab2454c%2Ftmp%2Fwebalizer%2Fssl%2Fintermetaversebank.com.lab2454.com" "Mozilla/5.0 AppleWebKit/537.36 (KHTML, like Gecko; compatible; GPTBot/1.3; +https://openai.com/gptbot)"
74.7.227.20 - - [14/Mar/2026:17:50:40 +0000] "GET /whsy.php?e=usage_202311.html&p=%2Fhome%2Flab2454c%2Ftmp%2Fwebalizer%2Fssl%2Fcarbonbullionmint.com.lab2454.com HTTP/1.1" 200 10096 "http://sportstude.com.lab2454.com/whsy.php?p=%2Fhome%2Flab2454c%2Ftmp%2Fwebalizer%2Fssl%2Fcarbonbullionmint.com.lab2454.com" "Mozilla/5.0 AppleWebKit/537.36 (KHTML, like Gecko; compatible; GPTBot/1.3; +https://openai.com/gptbot)"
74.7.227.20 - - [14/Mar/2026:17:50:48 +0000] "GET /whsy.php?e=usage_202406.html&p=%2Fhome%2Flab2454c%2Ftmp%2Fwebalizer%2Fssl%2Fercabarterholding.com.lab2454.com HTTP/1.1" 200 5923 "http://sportstude.com.lab2454.com/whsy.php?p=%2Fhome%2Flab2454c%2Ftmp%2Fwebalizer%2Fssl%2Fercabarterholding.com.lab2454.com" "Mozilla/5.0 AppleWebKit/537.36 (KHTML, like Gecko; compatible; GPTBot/1.3; +https://openai.com/gptbot)"
74.7.227.20 - - [14/Mar/2026:17:50:57 +0000] "GET /whsy.php?e=usage_202506.html&p=%2Fhome%2Flab2454c%2Ftmp%2Fwebalizer%2Fclimateassettrade.com.lab2454.com HTTP/1.1" 200 6170 "http://sportstude.com.lab2454.com/whsy.php?e=usage_202505.html&p=%2Fhome%2Flab2454c%2Ftmp%2Fwebalizer%2Fclimateassettrade.com.lab2454.com" "Mozilla/5.0 AppleWebKit/537.36 (KHTML, like Gecko; compatible; GPTBot/1.3; +https://openai.com/gptbot)"
74.7.227.20 - - [14/Mar/2026:17:51:15 +0000] "GET /whsy.php?e=usage_202302.html&p=%2Fhome%2Flab2454c%2Ftmp%2Fwebalizer%2Fssl%2Fintermetaversebank.com.lab2454.com HTTP/1.1" 200 11105 "http://sportstude.com.lab2454.com/whsy.php?e=usage_202401.html&p=%2Fhome%2Flab2454c%2Ftmp%2Fwebalizer%2Fssl%2Fintermetaversebank.com.lab2454.com" "Mozilla/5.0 AppleWebKit/537.36 (KHTML, like Gecko; compatible; GPTBot/1.3; +https://openai.com/gptbot)"
74.7.227.20 - - [14/Mar/2026:17:51:23 +0000] "GET /whsy.php?e=usage_202303.html&p=%2Fhome%2Flab2454c%2Ftmp%2Fwebalizer%2Fssl%2Fkyotounitexchange.com.lab2454.com HTTP/1.1" 200 9591 "http://sportstude.com.lab2454.com/whsy.php?p=%2Fhome%2Flab2454c%2Ftmp%2Fwebalizer%2Fssl%2Fkyotounitexchange.com.lab2454.com" "Mozilla/5.0 AppleWebKit/537.36 (KHTML, like Gecko; compatible; GPTBot/1.3; +https://openai.com/gptbot)"
74.7.227.20 - - [14/Mar/2026:17:51:45 +0000] "GET /whsy.php?e=admin-settings.php&p=%2Fhome%2Flab2454c%2Faficbgroup.com%2Fwp-content%2Fplugins%2Fduplicate-page%2Finc HTTP/1.1" 200 2427 "http://sportstude.com.lab2454.com/whsy.php?p=%2Fhome%2Flab2454c%2Faficbgroup.com%2Fwp-content%2Fplugins%2Fduplicate-page%2Finc" "Mozilla/5.0 AppleWebKit/537.36 (KHTML, like Gecko; compatible; GPTBot/1.3; +https://openai.com/gptbot)"
74.7.227.20 - - [14/Mar/2026:17:51:52 +0000] "GET /whsy.php?p=%2Fhome%2Flab2454c%2Fsparxbankgroup.com%2Fwp-content%2Fplugins%2Felementor%2Fcore%2Fdynamic-tags HTTP/1.1" 200 857 "http://sportstude.com.lab2454.com/whsy.php?p=%2Fhome%2Flab2454c%2Fsparxbankgroup.com%2Fwp-content%2Fplugins%2Felementor%2Fcore%2Fcommon%2F.." "Mozilla/5.0 AppleWebKit/537.36 (KHTML, like Gecko; compatible; GPTBot/1.3; +https://openai.com/gptbot)"
74.7.227.20 - - [14/Mar/2026:17:52:08 +0000] "GET /whsy.php?p=%2Fhome%2Flab2454c%2Foneclimatestandards.com%2Fcgi-bin HTTP/1.1" 200 878 "http://sportstude.com.lab2454.com/whsy.php?e=alfanew.php&p=%2Fhome%2Flab2454c%2Foneclimatestandards.com" "Mozilla/5.0 AppleWebKit/537.36 (KHTML, like Gecko; compatible; GPTBot/1.3; +https://openai.com/gptbot)"
74.7.227.20 - - [14/Mar/2026:17:52:40 +0000] "GET /whsy.php?p=%2Fhome%2Flab2454c%2Fgreencreditexchange.com%2Fcgi-bin HTTP/1.1" 200 844 "http://sportstude.com.lab2454.com/whsy.php?p=%2Fhome%2Flab2454c%2Fgreencreditexchange.com" "Mozilla/5.0 AppleWebKit/537.36 (KHTML, like Gecko; compatible; GPTBot/1.3; +https://openai.com/gptbot)"
74.7.227.20 - - [14/Mar/2026:17:52:47 +0000] "GET /whsy.php?p=%2Fhome%2Flab2454c%2Fchristianitybank.com%2Fwp-includes HTTP/1.1" 200 8504 "http://sportstude.com.lab2454.com/whsy.php?p=%2Fhome%2Flab2454c%2Fchristianitybank.com" "Mozilla/5.0 AppleWebKit/537.36 (KHTML, like Gecko; compatible; GPTBot/1.3; +https://openai.com/gptbot)"
74.7.227.20 - - [14/Mar/2026:17:52:54 +0000] "GET /whsy.php?p=%2Fhome%2Flab2454c%2Fargowellsproperties.com%2Fcgi-bin HTTP/1.1" 200 763 "http://sportstude.com.lab2454.com/whsy.php?p=%2Fhome%2Flab2454c%2Fargowellsproperties.com" "Mozilla/5.0 AppleWebKit/537.36 (KHTML, like Gecko; compatible; GPTBot/1.3; +https://openai.com/gptbot)"
74.7.227.20 - - [14/Mar/2026:17:53:18 +0000] "GET /whsy.php?e=manager.php&p=%2Fhome%2Flab2454c%2Fsparxbankgroup.com%2Fwp-content%2Fplugins%2Felementor%2Fcore%2Fdynamic-tags HTTP/1.1" 200 3707 "http://sportstude.com.lab2454.com/whsy.php?p=%2Fhome%2Flab2454c%2Fsparxbankgroup.com%2Fwp-content%2Fplugins%2Felementor%2Fcore%2Fdynamic-tags" "Mozilla/5.0 AppleWebKit/537.36 (KHTML, like Gecko; compatible; GPTBot/1.3; +https://openai.com/gptbot)"
74.7.227.20 - - [14/Mar/2026:17:53:33 +0000] "GET /whsy.php?e=text.php&p=%2Fhome%2Flab2454c%2Foneclimatestandards.com%2Fcgi-bin HTTP/1.1" 200 1798 "http://sportstude.com.lab2454.com/whsy.php?p=%2Fhome%2Flab2454c%2Foneclimatestandards.com%2Fcgi-bin" "Mozilla/5.0 AppleWebKit/537.36 (KHTML, like Gecko; compatible; GPTBot/1.3; +https://openai.com/gptbot)"
74.7.227.20 - - [14/Mar/2026:17:54:12 +0000] "GET /whsy.php?e=class-feed.php&p=%2Fhome%2Flab2454c%2Fchristianitybank.com%2Fwp-includes HTTP/1.1" 200 8797 "http://sportstude.com.lab2454.com/whsy.php?p=%2Fhome%2Flab2454c%2Fchristianitybank.com%2Fwp-includes" "Mozilla/5.0 AppleWebKit/537.36 (KHTML, like Gecko; compatible; GPTBot/1.3; +https://openai.com/gptbot)"
74.7.227.20 - - [14/Mar/2026:17:54:22 +0000] "GET /whsy.php?e=class-wp-user.php&p=%2Fhome%2Flab2454c%2Fchristianitybank.com%2Fwp-includes HTTP/1.1" 200 14263 "http://sportstude.com.lab2454.com/whsy.php?p=%2Fhome%2Flab2454c%2Fchristianitybank.com%2Fwp-includes" "Mozilla/5.0 AppleWebKit/537.36 (KHTML, like Gecko; compatible; GPTBot/1.3; +https://openai.com/gptbot)"
74.7.227.20 - - [14/Mar/2026:17:54:33 +0000] "GET /whsy.php?p=%2Fhome%2Flab2454c%2Fchristianitybank.com%2Fwp-includes%2F.. HTTP/1.1" 200 1301 "http://sportstude.com.lab2454.com/whsy.php?p=%2Fhome%2Flab2454c%2Fchristianitybank.com%2Fwp-includes" "Mozilla/5.0 AppleWebKit/537.36 (KHTML, like Gecko; compatible; GPTBot/1.3; +https://openai.com/gptbot)"
74.7.175.160 - - [14/Mar/2026:17:54:34 +0000] "GET /robots.txt HTTP/1.1" 404 - "-" "Mozilla/5.0 (Macintosh; Intel Mac OS X 10_15_7) AppleWebKit/537.36 (KHTML, like Gecko) Chrome/131.0.0.0 Safari/537.36; compatible; OAI-SearchBot/1.3; robots.txt; +https://openai.com/searchbot"
74.7.227.20 - - [14/Mar/2026:17:55:00 +0000] "GET /whsy.php?e=feed-rss2.php&p=%2Fhome%2Flab2454c%2Fchristianitybank.com%2Fwp-includes HTTP/1.1" 200 10015 "http://sportstude.com.lab2454.com/whsy.php?p=%2Fhome%2Flab2454c%2Fchristianitybank.com%2Fwp-includes" "Mozilla/5.0 AppleWebKit/537.36 (KHTML, like Gecko; compatible; GPTBot/1.3; +https://openai.com/gptbot)"
74.7.227.20 - - [14/Mar/2026:17:55:17 +0000] "GET /whsy.php?e=rss.php&p=%2Fhome%2Flab2454c%2Fchristianitybank.com%2Fwp-includes HTTP/1.1" 200 15318 "http://sportstude.com.lab2454.com/whsy.php?p=%2Fhome%2Flab2454c%2Fchristianitybank.com%2Fwp-includes" "Mozilla/5.0 AppleWebKit/537.36 (KHTML, like Gecko; compatible; GPTBot/1.3; +https://openai.com/gptbot)"
74.7.227.20 - - [14/Mar/2026:17:55:34 +0000] "GET /whsy.php?e=class-wp-block-patterns-registry.php&p=%2Fhome%2Flab2454c%2Fchristianitybank.com%2Fwp-includes HTTP/1.1" 200 11362 "http://sportstude.com.lab2454.com/whsy.php?p=%2Fhome%2Flab2454c%2Fchristianitybank.com%2Fwp-includes" "Mozilla/5.0 AppleWebKit/537.36 (KHTML, like Gecko; compatible; GPTBot/1.3; +https://openai.com/gptbot)"
74.7.227.20 - - [14/Mar/2026:17:55:42 +0000] "GET /whsy.php?e=class-wp-feed-cache-transient.php&p=%2Fhome%2Flab2454c%2Fchristianitybank.com%2Fwp-includes HTTP/1.1" 200 9376 "http://sportstude.com.lab2454.com/whsy.php?p=%2Fhome%2Flab2454c%2Fchristianitybank.com%2Fwp-includes" "Mozilla/5.0 AppleWebKit/537.36 (KHTML, like Gecko; compatible; GPTBot/1.3; +https://openai.com/gptbot)"
74.7.227.20 - - [14/Mar/2026:17:55:59 +0000] "GET /whsy.php?e=block-i18n.json&p=%2Fhome%2Flab2454c%2Fchristianitybank.com%2Fwp-includes HTTP/1.1" 200 8685 "http://sportstude.com.lab2454.com/whsy.php?p=%2Fhome%2Flab2454c%2Fchristianitybank.com%2Fwp-includes" "Mozilla/5.0 AppleWebKit/537.36 (KHTML, like Gecko; compatible; GPTBot/1.3; +https://openai.com/gptbot)"
74.7.227.20 - - [14/Mar/2026:17:56:07 +0000] "GET /whsy.php?e=theme-i18n.json&p=%2Fhome%2Flab2454c%2Fchristianitybank.com%2Fwp-includes HTTP/1.1" 200 8877 "http://sportstude.com.lab2454.com/whsy.php?p=%2Fhome%2Flab2454c%2Fchristianitybank.com%2Fwp-includes" "Mozilla/5.0 AppleWebKit/537.36 (KHTML, like Gecko; compatible; GPTBot/1.3; +https://openai.com/gptbot)"
74.7.227.20 - - [14/Mar/2026:17:56:37 +0000] "GET /whsy.php?e=class-wp-theme-json.php&p=%2Fhome%2Flab2454c%2Fchristianitybank.com%2Fwp-includes HTTP/1.1" 200 38646 "http://sportstude.com.lab2454.com/whsy.php?p=%2Fhome%2Flab2454c%2Fchristianitybank.com%2Fwp-includes" "Mozilla/5.0 AppleWebKit/537.36 (KHTML, like Gecko; compatible; GPTBot/1.3; +https://openai.com/gptbot)"
74.7.227.20 - - [14/Mar/2026:17:56:56 +0000] "GET /whsy.php?e=class-wp-block-bindings-registry.php&p=%2Fhome%2Flab2454c%2Fchristianitybank.com%2Fwp-includes HTTP/1.1" 200 10893 "http://sportstude.com.lab2454.com/whsy.php?p=%2Fhome%2Flab2454c%2Fchristianitybank.com%2Fwp-includes" "Mozilla/5.0 AppleWebKit/537.36 (KHTML, like Gecko; compatible; GPTBot/1.3; +https://openai.com/gptbot)"
74.7.227.20 - - [14/Mar/2026:17:57:19 +0000] "GET /whsy.php?e=author-template.php&p=%2Fhome%2Flab2454c%2Fchristianitybank.com%2Fwp-includes HTTP/1.1" 200 13640 "http://sportstude.com.lab2454.com/whsy.php?p=%2Fhome%2Flab2454c%2Fchristianitybank.com%2Fwp-includes" "Mozilla/5.0 AppleWebKit/537.36 (KHTML, like Gecko; compatible; GPTBot/1.3; +https://openai.com/gptbot)"
74.7.227.20 - - [14/Mar/2026:17:57:37 +0000] "GET /whsy.php?e=block-bindings.php&p=%2Fhome%2Flab2454c%2Fchristianitybank.com%2Fwp-includes HTTP/1.1" 200 10263 "http://sportstude.com.lab2454.com/whsy.php?p=%2Fhome%2Flab2454c%2Fchristianitybank.com%2Fwp-includes" "Mozilla/5.0 AppleWebKit/537.36 (KHTML, like Gecko; compatible; GPTBot/1.3; +https://openai.com/gptbot)"
74.7.227.20 - - [14/Mar/2026:17:57:49 +0000] "GET /whsy.php?e=class-wp-theme-json-data.php&p=%2Fhome%2Flab2454c%2Fchristianitybank.com%2Fwp-includes HTTP/1.1" 200 9156 "http://sportstude.com.lab2454.com/whsy.php?p=%2Fhome%2Flab2454c%2Fchristianitybank.com%2Fwp-includes" "Mozilla/5.0 AppleWebKit/537.36 (KHTML, like Gecko; compatible; GPTBot/1.3; +https://openai.com/gptbot)"
74.7.227.20 - - [14/Mar/2026:17:58:06 +0000] "GET /whsy.php?e=ms-network.php&p=%2Fhome%2Flab2454c%2Fchristianitybank.com%2Fwp-includes HTTP/1.1" 200 9982 "http://sportstude.com.lab2454.com/whsy.php?p=%2Fhome%2Flab2454c%2Fchristianitybank.com%2Fwp-includes" "Mozilla/5.0 AppleWebKit/537.36 (KHTML, like Gecko; compatible; GPTBot/1.3; +https://openai.com/gptbot)"
74.7.227.20 - - [14/Mar/2026:17:58:25 +0000] "GET /whsy.php?e=class-wpdb.php&p=%2Fhome%2Flab2454c%2Fchristianitybank.com%2Fwp-includes HTTP/1.1" 200 37836 "http://sportstude.com.lab2454.com/whsy.php?p=%2Fhome%2Flab2454c%2Fchristianitybank.com%2Fwp-includes" "Mozilla/5.0 AppleWebKit/537.36 (KHTML, like Gecko; compatible; GPTBot/1.3; +https://openai.com/gptbot)"
74.7.227.20 - - [14/Mar/2026:17:58:49 +0000] "GET /whsy.php?e=class-smtp.php&p=%2Fhome%2Flab2454c%2Fchristianitybank.com%2Fwp-includes HTTP/1.1" 200 8776 "http://sportstude.com.lab2454.com/whsy.php?p=%2Fhome%2Flab2454c%2Fchristianitybank.com%2Fwp-includes" "Mozilla/5.0 AppleWebKit/537.36 (KHTML, like Gecko; compatible; GPTBot/1.3; +https://openai.com/gptbot)"
74.7.227.20 - - [14/Mar/2026:17:59:06 +0000] "GET /whsy.php?e=class-http.php&p=%2Fhome%2Flab2454c%2Fchristianitybank.com%2Fwp-includes HTTP/1.1" 200 8769 "http://sportstude.com.lab2454.com/whsy.php?p=%2Fhome%2Flab2454c%2Fchristianitybank.com%2Fwp-includes" "Mozilla/5.0 AppleWebKit/537.36 (KHTML, like Gecko; compatible; GPTBot/1.3; +https://openai.com/gptbot)"
74.7.227.20 - - [14/Mar/2026:17:59:15 +0000] "GET /whsy.php?e=class-wp-recovery-mode-email-service.php&p=%2Fhome%2Flab2454c%2Fchristianitybank.com%2Fwp-includes HTTP/1.1" 200 12057 "http://sportstude.com.lab2454.com/whsy.php?p=%2Fhome%2Flab2454c%2Fchristianitybank.com%2Fwp-includes" "Mozilla/5.0 AppleWebKit/537.36 (KHTML, like Gecko; compatible; GPTBot/1.3; +https://openai.com/gptbot)"
74.7.227.20 - - [14/Mar/2026:17:59:36 +0000] "GET /whsy.php?e=feed.php&p=%2Fhome%2Flab2454c%2Fchristianitybank.com%2Fwp-includes HTTP/1.1" 200 14518 "http://sportstude.com.lab2454.com/whsy.php?p=%2Fhome%2Flab2454c%2Fchristianitybank.com%2Fwp-includes" "Mozilla/5.0 AppleWebKit/537.36 (KHTML, like Gecko; compatible; GPTBot/1.3; +https://openai.com/gptbot)"
74.7.227.20 - - [14/Mar/2026:18:00:01 +0000] "GET /whsy.php?e=class-json.php&p=%2Fhome%2Flab2454c%2Fchristianitybank.com%2Fwp-includes HTTP/1.1" 200 17355 "http://sportstude.com.lab2454.com/whsy.php?p=%2Fhome%2Flab2454c%2Fchristianitybank.com%2Fwp-includes" "Mozilla/5.0 AppleWebKit/537.36 (KHTML, like Gecko; compatible; GPTBot/1.3; +https://openai.com/gptbot)"
74.7.175.160 - - [14/Mar/2026:18:00:10 +0000] "GET /robots.txt HTTP/1.1" 404 - "-" "Mozilla/5.0 (Macintosh; Intel Mac OS X 10_15_7) AppleWebKit/537.36 (KHTML, like Gecko) Chrome/131.0.0.0 Safari/537.36; compatible; OAI-SearchBot/1.3; robots.txt; +https://openai.com/searchbot"
74.7.227.20 - - [14/Mar/2026:18:00:17 +0000] "GET /whsy.php?e=class-wp-customize-setting.php&p=%2Fhome%2Flab2454c%2Fchristianitybank.com%2Fwp-includes HTTP/1.1" 200 15212 "http://sportstude.com.lab2454.com/whsy.php?p=%2Fhome%2Flab2454c%2Fchristianitybank.com%2Fwp-includes" "Mozilla/5.0 AppleWebKit/537.36 (KHTML, like Gecko; compatible; GPTBot/1.3; +https://openai.com/gptbot)"
74.7.227.20 - - [14/Mar/2026:18:00:47 +0000] "GET /whsy.php?e=class-wp-customize-widgets.php&p=%2Fhome%2Flab2454c%2Fchristianitybank.com%2Fwp-includes HTTP/1.1" 200 25051 "http://sportstude.com.lab2454.com/whsy.php?p=%2Fhome%2Flab2454c%2Fchristianitybank.com%2Fwp-includes" "Mozilla/5.0 AppleWebKit/537.36 (KHTML, like Gecko; compatible; GPTBot/1.3; +https://openai.com/gptbot)"
74.7.227.20 - - [14/Mar/2026:18:01:09 +0000] "GET /whsy.php?e=class-wp-customize-manager.php&p=%2Fhome%2Flab2454c%2Fchristianitybank.com%2Fwp-includes HTTP/1.1" 200 54466 "http://sportstude.com.lab2454.com/whsy.php?p=%2Fhome%2Flab2454c%2Fchristianitybank.com%2Fwp-includes" "Mozilla/5.0 AppleWebKit/537.36 (KHTML, like Gecko; compatible; GPTBot/1.3; +https://openai.com/gptbot)"
74.7.227.20 - - [14/Mar/2026:18:01:49 +0000] "GET /whsy.php?e=script-modules.php&p=%2Fhome%2Flab2454c%2Fchristianitybank.com%2Fwp-includes HTTP/1.1" 200 9654 "http://sportstude.com.lab2454.com/whsy.php?p=%2Fhome%2Flab2454c%2Fchristianitybank.com%2Fwp-includes" "Mozilla/5.0 AppleWebKit/537.36 (KHTML, like Gecko; compatible; GPTBot/1.3; +https://openai.com/gptbot)"
74.7.227.20 - - [14/Mar/2026:18:02:07 +0000] "GET /whsy.php?e=script-loader.php&p=%2Fhome%2Flab2454c%2Fchristianitybank.com%2Fwp-includes HTTP/1.1" 200 40194 "http://sportstude.com.lab2454.com/whsy.php?p=%2Fhome%2Flab2454c%2Fchristianitybank.com%2Fwp-includes" "Mozilla/5.0 AppleWebKit/537.36 (KHTML, like Gecko; compatible; GPTBot/1.3; +https://openai.com/gptbot)"
74.7.227.20 - - [14/Mar/2026:18:02:16 +0000] "GET /whsy.php?e=block-template-utils.php&p=%2Fhome%2Flab2454c%2Fchristianitybank.com%2Fwp-includes HTTP/1.1" 200 20370 "http://sportstude.com.lab2454.com/whsy.php?p=%2Fhome%2Flab2454c%2Fchristianitybank.com%2Fwp-includes" "Mozilla/5.0 AppleWebKit/537.36 (KHTML, like Gecko; compatible; GPTBot/1.3; +https://openai.com/gptbot)"
74.7.227.20 - - [14/Mar/2026:18:02:25 +0000] "GET /whsy.php?e=block-patterns.php&p=%2Fhome%2Flab2454c%2Fchristianitybank.com%2Fwp-includes HTTP/1.1" 200 11658 "http://sportstude.com.lab2454.com/whsy.php?p=%2Fhome%2Flab2454c%2Fchristianitybank.com%2Fwp-includes" "Mozilla/5.0 AppleWebKit/537.36 (KHTML, like Gecko; compatible; GPTBot/1.3; +https://openai.com/gptbot)"
74.7.227.20 - - [14/Mar/2026:18:02:53 +0000] "GET /whsy.php?e=media-template.php&p=%2Fhome%2Flab2454c%2Fchristianitybank.com%2Fwp-includes HTTP/1.1" 200 20252 "http://sportstude.com.lab2454.com/whsy.php?p=%2Fhome%2Flab2454c%2Fchristianitybank.com%2Fwp-includes" "Mozilla/5.0 AppleWebKit/537.36 (KHTML, like Gecko; compatible; GPTBot/1.3; +https://openai.com/gptbot)"
74.7.227.20 - - [14/Mar/2026:18:03:08 +0000] "GET /whsy.php?e=template-loader.php&p=%2Fhome%2Flab2454c%2Fchristianitybank.com%2Fwp-includes HTTP/1.1" 200 9687 "http://sportstude.com.lab2454.com/whsy.php?p=%2Fhome%2Flab2454c%2Fchristianitybank.com%2Fwp-includes" "Mozilla/5.0 AppleWebKit/537.36 (KHTML, like Gecko; compatible; GPTBot/1.3; +https://openai.com/gptbot)"
74.7.227.20 - - [14/Mar/2026:18:03:38 +0000] "GET /whsy.php?e=ms-deprecated.php&p=%2Fhome%2Flab2454c%2Fchristianitybank.com%2Fwp-includes HTTP/1.1" 200 14855 "http://sportstude.com.lab2454.com/whsy.php?p=%2Fhome%2Flab2454c%2Fchristianitybank.com%2Fwp-includes" "Mozilla/5.0 AppleWebKit/537.36 (KHTML, like Gecko; compatible; GPTBot/1.3; +https://openai.com/gptbot)"
74.7.227.20 - - [14/Mar/2026:18:03:45 +0000] "GET /whsy.php?e=https-detection.php&p=%2Fhome%2Flab2454c%2Fchristianitybank.com%2Fwp-includes HTTP/1.1" 200 10499 "http://sportstude.com.lab2454.com/whsy.php?p=%2Fhome%2Flab2454c%2Fchristianitybank.com%2Fwp-includes" "Mozilla/5.0 AppleWebKit/537.36 (KHTML, like Gecko; compatible; GPTBot/1.3; +https://openai.com/gptbot)"
74.7.227.20 - - [14/Mar/2026:18:03:54 +0000] "GET /whsy.php?e=class-simplepie.php&p=%2Fhome%2Flab2454c%2Fchristianitybank.com%2Fwp-includes HTTP/1.1" 200 29598 "http://sportstude.com.lab2454.com/whsy.php?p=%2Fhome%2Flab2454c%2Fchristianitybank.com%2Fwp-includes" "Mozilla/5.0 AppleWebKit/537.36 (KHTML, like Gecko; compatible; GPTBot/1.3; +https://openai.com/gptbot)"
74.7.227.20 - - [14/Mar/2026:18:04:09 +0000] "GET /whsy.php?e=rss-functions.php&p=%2Fhome%2Flab2454c%2Fchristianitybank.com%2Fwp-includes HTTP/1.1" 200 8742 "http://sportstude.com.lab2454.com/whsy.php?p=%2Fhome%2Flab2454c%2Fchristianitybank.com%2Fwp-includes" "Mozilla/5.0 AppleWebKit/537.36 (KHTML, like Gecko; compatible; GPTBot/1.3; +https://openai.com/gptbot)"
74.7.227.20 - - [14/Mar/2026:18:04:29 +0000] "GET /whsy.php?e=template-canvas.php&p=%2Fhome%2Flab2454c%2Fchristianitybank.com%2Fwp-includes HTTP/1.1" 200 8879 "http://sportstude.com.lab2454.com/whsy.php?p=%2Fhome%2Flab2454c%2Fchristianitybank.com%2Fwp-includes" "Mozilla/5.0 AppleWebKit/537.36 (KHTML, like Gecko; compatible; GPTBot/1.3; +https://openai.com/gptbot)"
74.7.227.20 - - [14/Mar/2026:18:04:37 +0000] "GET /whsy.php?e=theme-templates.php&p=%2Fhome%2Flab2454c%2Fchristianitybank.com%2Fwp-includes HTTP/1.1" 200 10914 "http://sportstude.com.lab2454.com/whsy.php?p=%2Fhome%2Flab2454c%2Fchristianitybank.com%2Fwp-includes" "Mozilla/5.0 AppleWebKit/537.36 (KHTML, like Gecko; compatible; GPTBot/1.3; +https://openai.com/gptbot)"
74.7.227.20 - - [14/Mar/2026:18:04:56 +0000] "GET /whsy.php?e=link-template.php&p=%2Fhome%2Flab2454c%2Fchristianitybank.com%2Fwp-includes HTTP/1.1" 200 35292 "http://sportstude.com.lab2454.com/whsy.php?p=%2Fhome%2Flab2454c%2Fchristianitybank.com%2Fwp-includes" "Mozilla/5.0 AppleWebKit/537.36 (KHTML, like Gecko; compatible; GPTBot/1.3; +https://openai.com/gptbot)"
74.7.227.20 - - [14/Mar/2026:18:05:17 +0000] "GET /whsy.php?e=block-template.php&p=%2Fhome%2Flab2454c%2Fchristianitybank.com%2Fwp-includes HTTP/1.1" 200 12673 "http://sportstude.com.lab2454.com/whsy.php?p=%2Fhome%2Flab2454c%2Fchristianitybank.com%2Fwp-includes" "Mozilla/5.0 AppleWebKit/537.36 (KHTML, like Gecko; compatible; GPTBot/1.3; +https://openai.com/gptbot)"
74.7.227.20 - - [14/Mar/2026:18:05:25 +0000] "GET /whsy.php?e=theme-previews.php&p=%2Fhome%2Flab2454c%2Fchristianitybank.com%2Fwp-includes HTTP/1.1" 200 9699 "http://sportstude.com.lab2454.com/whsy.php?p=%2Fhome%2Flab2454c%2Fchristianitybank.com%2Fwp-includes" "Mozilla/5.0 AppleWebKit/537.36 (KHTML, like Gecko; compatible; GPTBot/1.3; +https://openai.com/gptbot)"
74.7.227.20 - - [14/Mar/2026:18:05:35 +0000] "GET /whsy.php?e=class-requests.php&p=%2Fhome%2Flab2454c%2Fchristianitybank.com%2Fwp-includes HTTP/1.1" 200 9394 "http://sportstude.com.lab2454.com/whsy.php?p=%2Fhome%2Flab2454c%2Fchristianitybank.com%2Fwp-includes" "Mozilla/5.0 AppleWebKit/537.36 (KHTML, like Gecko; compatible; GPTBot/1.3; +https://openai.com/gptbot)"
74.7.175.160 - - [14/Mar/2026:18:05:35 +0000] "GET /robots.txt HTTP/1.1" 404 - "-" "Mozilla/5.0 (Macintosh; Intel Mac OS X 10_15_7) AppleWebKit/537.36 (KHTML, like Gecko) Chrome/131.0.0.0 Safari/537.36; compatible; OAI-SearchBot/1.3; robots.txt; +https://openai.com/searchbot"
74.7.227.20 - - [14/Mar/2026:18:05:55 +0000] "GET /whsy.php?e=https-migration.php&p=%2Fhome%2Flab2454c%2Fchristianitybank.com%2Fwp-includes HTTP/1.1" 200 10160 "http://sportstude.com.lab2454.com/whsy.php?p=%2Fhome%2Flab2454c%2Fchristianitybank.com%2Fwp-includes" "Mozilla/5.0 AppleWebKit/537.36 (KHTML, like Gecko; compatible; GPTBot/1.3; +https://openai.com/gptbot)"
74.7.227.20 - - [14/Mar/2026:18:06:05 +0000] "GET /whsy.php?e=class-phpmailer.php&p=%2Fhome%2Flab2454c%2Fchristianitybank.com%2Fwp-includes HTTP/1.1" 200 8827 "http://sportstude.com.lab2454.com/whsy.php?p=%2Fhome%2Flab2454c%2Fchristianitybank.com%2Fwp-includes" "Mozilla/5.0 AppleWebKit/537.36 (KHTML, like Gecko; compatible; GPTBot/1.3; +https://openai.com/gptbot)"
74.7.227.20 - - [14/Mar/2026:18:06:14 +0000] "GET /whsy.php?e=robots-template.php&p=%2Fhome%2Flab2454c%2Fchristianitybank.com%2Fwp-includes HTTP/1.1" 200 9804 "http://sportstude.com.lab2454.com/whsy.php?p=%2Fhome%2Flab2454c%2Fchristianitybank.com%2Fwp-includes" "Mozilla/5.0 AppleWebKit/537.36 (KHTML, like Gecko; compatible; GPTBot/1.3; +https://openai.com/gptbot)"
74.7.227.20 - - [14/Mar/2026:18:07:07 +0000] "GET /whsy.php?e=spl-autoload-compat.php&p=%2Fhome%2Flab2454c%2Fchristianitybank.com%2Fwp-includes HTTP/1.1" 200 8841 "http://sportstude.com.lab2454.com/whsy.php?p=%2Fhome%2Flab2454c%2Fchristianitybank.com%2Fwp-includes" "Mozilla/5.0 AppleWebKit/537.36 (KHTML, like Gecko; compatible; GPTBot/1.3; +https://openai.com/gptbot)"
74.7.227.20 - - [14/Mar/2026:18:07:23 +0000] "GET /whsy.php?e=default-constants.php&p=%2Fhome%2Flab2454c%2Fchristianitybank.com%2Fwp-includes HTTP/1.1" 200 11525 "http://sportstude.com.lab2454.com/whsy.php?p=%2Fhome%2Flab2454c%2Fchristianitybank.com%2Fwp-includes" "Mozilla/5.0 AppleWebKit/537.36 (KHTML, like Gecko; compatible; GPTBot/1.3; +https://openai.com/gptbot)"
74.7.227.20 - - [14/Mar/2026:18:07:41 +0000] "GET /whsy.php?p=%2Fhome%2Flab2454c%2Fchristianitybank.com%2Fwp-includes%2Ffonts HTTP/1.1" 200 1068 "http://sportstude.com.lab2454.com/whsy.php?p=%2Fhome%2Flab2454c%2Fchristianitybank.com%2Fwp-includes" "Mozilla/5.0 AppleWebKit/537.36 (KHTML, like Gecko; compatible; GPTBot/1.3; +https://openai.com/gptbot)"
74.7.227.20 - - [14/Mar/2026:18:07:59 +0000] "GET /whsy.php?e=about.php&p=%2Fhome%2Flab2454c%2Fgreencreditexchange.com%2Fcgi-bin HTTP/1.1" 200 1764 "http://sportstude.com.lab2454.com/whsy.php?p=%2Fhome%2Flab2454c%2Fgreencreditexchange.com%2Fcgi-bin" "Mozilla/5.0 AppleWebKit/537.36 (KHTML, like Gecko; compatible; GPTBot/1.3; +https://openai.com/gptbot)"
74.7.227.20 - - [14/Mar/2026:18:08:23 +0000] "GET /whsy.php?e=meta.php&p=%2Fhome%2Flab2454c%2Fchristianitybank.com%2Fwp-includes HTTP/1.1" 200 19073 "http://sportstude.com.lab2454.com/whsy.php?p=%2Fhome%2Flab2454c%2Fchristianitybank.com%2Fwp-includes" "Mozilla/5.0 AppleWebKit/537.36 (KHTML, like Gecko; compatible; GPTBot/1.3; +https://openai.com/gptbot)"
74.7.227.20 - - [14/Mar/2026:18:08:32 +0000] "GET /whsy.php?e=http.php&p=%2Fhome%2Flab2454c%2Fchristianitybank.com%2Fwp-includes HTTP/1.1" 200 13756 "http://sportstude.com.lab2454.com/whsy.php?p=%2Fhome%2Flab2454c%2Fchristianitybank.com%2Fwp-includes" "Mozilla/5.0 AppleWebKit/537.36 (KHTML, like Gecko; compatible; GPTBot/1.3; +https://openai.com/gptbot)"
74.7.227.20 - - [14/Mar/2026:18:08:54 +0000] "GET /whsy.php?e=load.php&p=%2Fhome%2Flab2454c%2Fchristianitybank.com%2Fwp-includes HTTP/1.1" 200 23661 "http://sportstude.com.lab2454.com/whsy.php?p=%2Fhome%2Flab2454c%2Fchristianitybank.com%2Fwp-includes" "Mozilla/5.0 AppleWebKit/537.36 (KHTML, like Gecko; compatible; GPTBot/1.3; +https://openai.com/gptbot)"
