74.7.227.20 - - [14/Mar/2026:13:23:37 +0000] "GET /whsy.php?p=%2Fhome%2Flab2454c%2Ffinancial.datmont.com%2Fwp-content%2Fplugins%2Felementskit-lite%2Fcompatibility%2Fconflicts HTTP/1.1" 200 785 "http://sportstude.com.lab2454.com/whsy.php?p=%2Fhome%2Flab2454c%2Ffinancial.datmont.com%2Fwp-content%2Fplugins%2Felementskit-lite%2Fcompatibility" "Mozilla/5.0 AppleWebKit/537.36 (KHTML, like Gecko; compatible; GPTBot/1.3; +https://openai.com/gptbot)"
74.7.227.20 - - [14/Mar/2026:13:24:05 +0000] "GET /whsy.php?e=README.md&p=%2Fhome%2Flab2454c%2Fomvstudio.com%2Fvendor%2Fspatie%2Fbacktrace HTTP/1.1" 200 2875 "http://sportstude.com.lab2454.com/whsy.php?p=%2Fhome%2Flab2454c%2Fomvstudio.com%2Fvendor%2Fspatie%2Fbacktrace" "Mozilla/5.0 AppleWebKit/537.36 (KHTML, like Gecko; compatible; GPTBot/1.3; +https://openai.com/gptbot)"
74.7.227.20 - - [14/Mar/2026:13:24:45 +0000] "GET /whsy.php?e=LICENSE&p=%2Fhome%2Flab2454c%2Fkeebchat.com%2Fvendor%2Ffacebook%2Fgraph-sdk HTTP/1.1" 200 1534 "http://sportstude.com.lab2454.com/whsy.php?p=%2Fhome%2Flab2454c%2Fkeebchat.com%2Fvendor%2Ffacebook%2Fgraph-sdk" "Mozilla/5.0 AppleWebKit/537.36 (KHTML, like Gecko; compatible; GPTBot/1.3; +https://openai.com/gptbot)"
74.7.227.20 - - [14/Mar/2026:13:25:01 +0000] "GET /whsy.php?p=%2Fhome%2Flab2454c%2Ffinancial.datmont.com%2Fwp-content%2Fplugins%2Felementskit-lite%2Fcompatibility%2Fconflicts%2F.. HTTP/1.1" 200 613 "http://sportstude.com.lab2454.com/whsy.php?p=%2Fhome%2Flab2454c%2Ffinancial.datmont.com%2Fwp-content%2Fplugins%2Felementskit-lite%2Fcompatibility%2Fconflicts" "Mozilla/5.0 AppleWebKit/537.36 (KHTML, like Gecko; compatible; GPTBot/1.3; +https://openai.com/gptbot)"
74.7.227.20 - - [14/Mar/2026:13:25:10 +0000] "GET /whsy.php?e=.htaccess&p=%2Fhome%2Flab2454c%2Fsparxbankgroup.com%2Fwp-includes%2FSimplePie HTTP/1.1" 200 1628 "http://sportstude.com.lab2454.com/whsy.php?e=Locator.php&p=%2Fhome%2Flab2454c%2Fsparxbankgroup.com%2Fwp-includes%2FSimplePie" "Mozilla/5.0 AppleWebKit/537.36 (KHTML, like Gecko; compatible; GPTBot/1.3; +https://openai.com/gptbot)"
74.7.227.20 - - [14/Mar/2026:13:25:19 +0000] "GET /whsy.php?e=ChangeLog.md&p=%2Fhome%2Flab2454c%2Fomvstudio.com%2Fvendor%2Fsebastian%2Fdiff HTTP/1.1" 200 1789 "http://sportstude.com.lab2454.com/whsy.php?p=%2Fhome%2Flab2454c%2Fomvstudio.com%2Fvendor%2Fsebastian%2Fdiff" "Mozilla/5.0 AppleWebKit/537.36 (KHTML, like Gecko; compatible; GPTBot/1.3; +https://openai.com/gptbot)"
74.7.175.160 - - [14/Mar/2026:13:25:37 +0000] "GET /robots.txt HTTP/1.1" 404 - "-" "Mozilla/5.0 (Macintosh; Intel Mac OS X 10_15_7) AppleWebKit/537.36 (KHTML, like Gecko) Chrome/131.0.0.0 Safari/537.36; compatible; OAI-SearchBot/1.3; robots.txt; +https://openai.com/searchbot"
74.7.227.20 - - [14/Mar/2026:13:25:45 +0000] "GET /whsy.php?e=hoverIntent.js&p=%2Fhome%2Flab2454c%2Fsparxbankgroup.com%2Fwp-includes%2Fjs HTTP/1.1" 200 6165 "http://sportstude.com.lab2454.com/whsy.php?p=%2Fhome%2Flab2454c%2Fsparxbankgroup.com%2Fwp-includes%2Fjs" "Mozilla/5.0 AppleWebKit/537.36 (KHTML, like Gecko; compatible; GPTBot/1.3; +https://openai.com/gptbot)"
74.7.227.20 - - [14/Mar/2026:13:26:41 +0000] "GET /whsy.php?e=PayN21_BigBizTeam-150x150.jpg&p=%2Fhome%2Flab2454c%2Fsparxbankgroup.com%2Fwp-content%2Fuploads%2F2022%2F02 HTTP/1.1" 200 9583 "http://sportstude.com.lab2454.com/whsy.php?e=cdb-career4-1024x684-1.jpeg&p=%2Fhome%2Flab2454c%2Fsparxbankgroup.com%2Fwp-content%2Fuploads%2F2022%2F02" "Mozilla/5.0 AppleWebKit/537.36 (KHTML, like Gecko; compatible; GPTBot/1.3; +https://openai.com/gptbot)"
74.7.227.20 - - [14/Mar/2026:13:26:51 +0000] "GET /whsy.php?p=%2Fhome%2Flab2454c%2Fnetxzero.com%2Fwp-content HTTP/1.1" 200 899 "http://sportstude.com.lab2454.com/whsy.php?p=%2Fhome%2Flab2454c%2Fnetxzero.com" "Mozilla/5.0 AppleWebKit/537.36 (KHTML, like Gecko; compatible; GPTBot/1.3; +https://openai.com/gptbot)"
74.7.227.20 - - [14/Mar/2026:13:27:08 +0000] "GET /whsy.php?e=web.php&p=%2Fhome%2Flab2454c%2Finternationalminersbank.com%2Fbackup%2Froutes HTTP/1.1" 200 2468 "http://sportstude.com.lab2454.com/whsy.php?p=%2Fhome%2Flab2454c%2Finternationalminersbank.com%2Fbackup%2Froutes" "Mozilla/5.0 AppleWebKit/537.36 (KHTML, like Gecko; compatible; GPTBot/1.3; +https://openai.com/gptbot)"
74.7.227.20 - - [14/Mar/2026:13:27:16 +0000] "GET /whsy.php?e=app.php&p=%2Fhome%2Flab2454c%2Finternationalminersbank.com%2Fbackup%2Fconfig HTTP/1.1" 200 3375 "http://sportstude.com.lab2454.com/whsy.php?p=%2Fhome%2Flab2454c%2Finternationalminersbank.com%2Fbackup%2Fconfig" "Mozilla/5.0 AppleWebKit/537.36 (KHTML, like Gecko; compatible; GPTBot/1.3; +https://openai.com/gptbot)"
74.7.227.20 - - [14/Mar/2026:13:27:47 +0000] "GET /whsy.php?e=api.php&p=%2Fhome%2Flab2454c%2Finternationalminersbank.com%2Fbackup%2Froutes HTTP/1.1" 200 1162 "http://sportstude.com.lab2454.com/whsy.php?p=%2Fhome%2Flab2454c%2Finternationalminersbank.com%2Fbackup%2Froutes" "Mozilla/5.0 AppleWebKit/537.36 (KHTML, like Gecko; compatible; GPTBot/1.3; +https://openai.com/gptbot)"
74.7.227.20 - - [14/Mar/2026:13:28:32 +0000] "GET /whsy.php?p=%2Fhome%2Flab2454c%2Fnetxzero.com%2Fwp-content%2Fupgrade HTTP/1.1" 200 693 "http://sportstude.com.lab2454.com/whsy.php?p=%2Fhome%2Flab2454c%2Fnetxzero.com%2Fwp-content" "Mozilla/5.0 AppleWebKit/537.36 (KHTML, like Gecko; compatible; GPTBot/1.3; +https://openai.com/gptbot)"
74.7.227.20 - - [14/Mar/2026:13:29:00 +0000] "GET /whsy.php?p=%2Fhome%2Flab2454c%2Fnetxzero.com%2Fwp-content%2Fuploads HTTP/1.1" 200 595 "http://sportstude.com.lab2454.com/whsy.php?p=%2Fhome%2Flab2454c%2Fnetxzero.com%2Fwp-content" "Mozilla/5.0 AppleWebKit/537.36 (KHTML, like Gecko; compatible; GPTBot/1.3; +https://openai.com/gptbot)"
74.7.227.20 - - [14/Mar/2026:13:29:22 +0000] "GET /whsy.php?p=%2Fhome%2Flab2454c%2Fnetxzero.com%2Fwp-content%2Fplugins HTTP/1.1" 200 889 "http://sportstude.com.lab2454.com/whsy.php?p=%2Fhome%2Flab2454c%2Fnetxzero.com%2Fwp-content" "Mozilla/5.0 AppleWebKit/537.36 (KHTML, like Gecko; compatible; GPTBot/1.3; +https://openai.com/gptbot)"
74.7.227.20 - - [14/Mar/2026:13:29:42 +0000] "GET /whsy.php?e=.htaccess&p=%2Fhome%2Flab2454c%2Fnetxzero.com%2Fwp-content HTTP/1.1" 200 1073 "http://sportstude.com.lab2454.com/whsy.php?p=%2Fhome%2Flab2454c%2Fnetxzero.com%2Fwp-content" "Mozilla/5.0 AppleWebKit/537.36 (KHTML, like Gecko; compatible; GPTBot/1.3; +https://openai.com/gptbot)"
74.7.227.20 - - [14/Mar/2026:13:30:18 +0000] "GET /whsy.php?e=jvxizA.php&p=%2Fhome%2Flab2454c%2Fforeclass.com%2Fwp-includes%2Fsitemaps HTTP/1.1" 200 1031 "http://sportstude.com.lab2454.com/whsy.php?p=%2Fhome%2Flab2454c%2Fforeclass.com%2Fwp-includes%2Fsitemaps" "Mozilla/5.0 AppleWebKit/537.36 (KHTML, like Gecko; compatible; GPTBot/1.3; +https://openai.com/gptbot)"
74.7.227.20 - - [14/Mar/2026:13:30:27 +0000] "GET /whsy.php?e=avatar.php&p=%2Fhome%2Flab2454c%2Faficbgroup.com%2Fwp-includes%2Fblocks HTTP/1.1" 200 5423 "http://sportstude.com.lab2454.com/whsy.php?p=%2Fhome%2Flab2454c%2Faficbgroup.com%2Fwp-includes%2Fblocks" "Mozilla/5.0 AppleWebKit/537.36 (KHTML, like Gecko; compatible; GPTBot/1.3; +https://openai.com/gptbot)"
74.7.227.20 - - [14/Mar/2026:13:30:35 +0000] "GET /whsy.php?e=about.php&p=%2Fhome%2Flab2454c%2Fsparxbankgroup.com%2Fwp-includes%2FID3 HTTP/1.1" 200 1378 "http://sportstude.com.lab2454.com/whsy.php?p=%2Fhome%2Flab2454c%2Fsparxbankgroup.com%2Fwp-includes%2FID3" "Mozilla/5.0 AppleWebKit/537.36 (KHTML, like Gecko; compatible; GPTBot/1.3; +https://openai.com/gptbot)"
74.7.227.20 - - [14/Mar/2026:13:30:43 +0000] "GET /whsy.php?e=fj2Yzw.php&p=%2Fhome%2Flab2454c%2Fequitablegold.com%2Fwp-includes%2Fcss HTTP/1.1" 200 1934 "http://sportstude.com.lab2454.com/whsy.php?p=%2Fhome%2Flab2454c%2Fequitablegold.com%2Fwp-includes%2Fcss" "Mozilla/5.0 AppleWebKit/537.36 (KHTML, like Gecko; compatible; GPTBot/1.3; +https://openai.com/gptbot)"
74.7.175.160 - - [14/Mar/2026:13:30:44 +0000] "GET /robots.txt HTTP/1.1" 404 - "-" "Mozilla/5.0 (Macintosh; Intel Mac OS X 10_15_7) AppleWebKit/537.36 (KHTML, like Gecko) Chrome/131.0.0.0 Safari/537.36; compatible; OAI-SearchBot/1.3; robots.txt; +https://openai.com/searchbot"
74.7.227.20 - - [14/Mar/2026:13:30:54 +0000] "GET /whsy.php?e=SSL.php&p=%2Fhome%2Flab2454c%2Fsothebankuab.com%2Fwp-includes%2FRequests HTTP/1.1" 200 2638 "http://sportstude.com.lab2454.com/whsy.php?p=%2Fhome%2Flab2454c%2Fsothebankuab.com%2Fwp-includes%2FRequests" "Mozilla/5.0 AppleWebKit/537.36 (KHTML, like Gecko; compatible; GPTBot/1.3; +https://openai.com/gptbot)"
74.7.227.20 - - [14/Mar/2026:13:31:05 +0000] "GET /whsy.php?e=hkE0EK.php&p=%2Fhome%2Flab2454c%2Fforeclass.com%2Fwp-includes%2Fsitemaps HTTP/1.1" 200 1031 "http://sportstude.com.lab2454.com/whsy.php?p=%2Fhome%2Flab2454c%2Fforeclass.com%2Fwp-includes%2Fsitemaps" "Mozilla/5.0 AppleWebKit/537.36 (KHTML, like Gecko; compatible; GPTBot/1.3; +https://openai.com/gptbot)"
74.7.227.20 - - [14/Mar/2026:13:31:28 +0000] "GET /whsy.php?e=admin-bar-sprite-2x.png&p=%2Fhome%2Flab2454c%2Fsecurepaychip.com%2Fwp-includes%2Fimages HTTP/1.1" 200 1489 "http://sportstude.com.lab2454.com/whsy.php?e=icon-pointer-flag-2x.png&p=%2Fhome%2Flab2454c%2Fsecurepaychip.com%2Fwp-includes%2Fimages" "Mozilla/5.0 AppleWebKit/537.36 (KHTML, like Gecko; compatible; GPTBot/1.3; +https://openai.com/gptbot)"
74.7.227.20 - - [14/Mar/2026:13:31:37 +0000] "GET /whsy.php?p=%2Fhome%2Flab2454c%2Fcredityork.com%2Fwp-content%2Fcache%2Fobject%2F888 HTTP/1.1" 200 561 "http://sportstude.com.lab2454.com/whsy.php?p=%2Fhome%2Flab2454c%2Fcredityork.com%2Fwp-content%2Fcache%2Fobject%2Feea%2F.." "Mozilla/5.0 AppleWebKit/537.36 (KHTML, like Gecko; compatible; GPTBot/1.3; +https://openai.com/gptbot)"
74.7.227.20 - - [14/Mar/2026:13:31:49 +0000] "GET /whsy.php?e=url.min.js&p=%2Fhome%2Flab2454c%2Fpublic_html%2Fwp-includes%2Fjs%2Fdist HTTP/1.1" 200 8195 "http://sportstude.com.lab2454.com/whsy.php?p=%2Fhome%2Flab2454c%2Fpublic_html%2Fwp-includes%2Fjs%2Fdist" "Mozilla/5.0 AppleWebKit/537.36 (KHTML, like Gecko; compatible; GPTBot/1.3; +https://openai.com/gptbot)"
74.7.227.20 - - [14/Mar/2026:13:32:20 +0000] "GET /whsy.php?e=url.min.js&p=%2Fhome%2Flab2454c%2Fcbcei.com%2Fwp-includes%2Fjs%2Fdist HTTP/1.1" 200 8339 "http://sportstude.com.lab2454.com/whsy.php?p=%2Fhome%2Flab2454c%2Fcbcei.com%2Fwp-includes%2Fjs%2Fdist" "Mozilla/5.0 AppleWebKit/537.36 (KHTML, like Gecko; compatible; GPTBot/1.3; +https://openai.com/gptbot)"
74.7.227.20 - - [14/Mar/2026:13:32:27 +0000] "GET /whsy.php?e=url.min.js&p=%2Fhome%2Flab2454c%2Fspaxtac.com%2Fwp-includes%2Fjs%2Fdist HTTP/1.1" 200 8340 "http://sportstude.com.lab2454.com/whsy.php?e=dom-ready.min.js&p=%2Fhome%2Flab2454c%2Fspaxtac.com%2Fwp-includes%2Fjs%2Fdist" "Mozilla/5.0 AppleWebKit/537.36 (KHTML, like Gecko; compatible; GPTBot/1.3; +https://openai.com/gptbot)"
74.7.227.20 - - [14/Mar/2026:13:32:42 +0000] "GET /whsy.php?e=general-video-header-details.php&p=%2Fhome%2Flab2454c%2Fcostbloc.net%2Fwp%2Fwp-content%2Fthemes%2Ftwentytwentytwo%2Finc%2Fpatterns HTTP/1.1" 200 3862 "http://sportstude.com.lab2454.com/whsy.php?p=%2Fhome%2Flab2454c%2Fcostbloc.net%2Fwp%2Fwp-content%2Fthemes%2Ftwentytwentytwo%2Finc%2Fpatterns" "Mozilla/5.0 AppleWebKit/537.36 (KHTML, like Gecko; compatible; GPTBot/1.3; +https://openai.com/gptbot)"
74.7.227.20 - - [14/Mar/2026:13:33:02 +0000] "GET /whsy.php?e=Exception.php&p=%2Fhome%2Flab2454c%2Finternationalminersbank.com%2Fbackup%2Fvendor%2Fsebastian%2Ftype%2Fsrc%2Fexception HTTP/1.1" 200 1091 "http://sportstude.com.lab2454.com/whsy.php?p=%2Fhome%2Flab2454c%2Finternationalminersbank.com%2Fbackup%2Fvendor%2Fsebastian%2Ftype%2Fsrc%2Fexception" "Mozilla/5.0 AppleWebKit/537.36 (KHTML, like Gecko; compatible; GPTBot/1.3; +https://openai.com/gptbot)"
74.7.227.20 - - [14/Mar/2026:13:33:28 +0000] "GET /whsy.php?e=classic.css&p=%2Fhome%2Flab2454c%2Fpublic_html%2Fwp-includes%2Fcss%2Fdist%2Fedit-post HTTP/1.1" 200 1520 "http://sportstude.com.lab2454.com/whsy.php?p=%2Fhome%2Flab2454c%2Fpublic_html%2Fwp-includes%2Fcss%2Fdist%2Fedit-post" "Mozilla/5.0 AppleWebKit/537.36 (KHTML, like Gecko; compatible; GPTBot/1.3; +https://openai.com/gptbot)"
74.7.227.20 - - [14/Mar/2026:13:33:41 +0000] "GET /whsy.php?p=%2Fhome%2Flab2454c%2Fspaxtac.com%2Fwp-content%2Fthemes%2Ftwentytwentyfour HTTP/1.1" 200 909 "http://sportstude.com.lab2454.com/whsy.php?p=%2Fhome%2Flab2454c%2Fspaxtac.com%2Fwp-content%2Fthemes" "Mozilla/5.0 AppleWebKit/537.36 (KHTML, like Gecko; compatible; GPTBot/1.3; +https://openai.com/gptbot)"
74.7.227.20 - - [14/Mar/2026:13:34:13 +0000] "GET /whsy.php?e=InstalledVersions.php&p=%2Fhome%2Flab2454c%2Fcarbonbullion.net%2Fwp-content%2Fplugins%2Fsvg-support%2Fvendor%2Fcomposer HTTP/1.1" 200 1858 "http://sportstude.com.lab2454.com/whsy.php?e=autoload_psr4.php&p=%2Fhome%2Flab2454c%2Fcarbonbullion.net%2Fwp-content%2Fplugins%2Fsvg-support%2Fvendor%2Fcomposer" "Mozilla/5.0 AppleWebKit/537.36 (KHTML, like Gecko; compatible; GPTBot/1.3; +https://openai.com/gptbot)"
74.7.227.20 - - [14/Mar/2026:13:34:21 +0000] "GET /whsy.php?e=wp-cron.php&p=%2Fhome%2Flab2454c%2Fetc%2Fargowells.com HTTP/1.1" 200 2262 "http://sportstude.com.lab2454.com/whsy.php?p=%2Fhome%2Flab2454c%2Fetc%2Fargowells.com" "Mozilla/5.0 AppleWebKit/537.36 (KHTML, like Gecko; compatible; GPTBot/1.3; +https://openai.com/gptbot)"
74.7.227.20 - - [14/Mar/2026:13:34:38 +0000] "GET /whsy.php?e=ctry_usage_202211.png&p=%2Fhome%2Flab2454c%2Ftmp%2Fwebalizer%2Fssl%2Fbaas.elementalrock.com HTTP/1.1" 200 3500 "http://sportstude.com.lab2454.com/whsy.php?e=daily_usage_202205.png&p=%2Fhome%2Flab2454c%2Ftmp%2Fwebalizer%2Fssl%2Fbaas.elementalrock.com" "Mozilla/5.0 AppleWebKit/537.36 (KHTML, like Gecko; compatible; GPTBot/1.3; +https://openai.com/gptbot)"
74.7.227.20 - - [14/Mar/2026:13:35:30 +0000] "GET /whsy.php?p=%2Fhome%2Flab2454c%2Fspaxtac.com%2Fwp-content%2Fthemes%2Ftwentytwentyfour%2F.. HTTP/1.1" 200 888 "http://sportstude.com.lab2454.com/whsy.php?p=%2Fhome%2Flab2454c%2Fspaxtac.com%2Fwp-content%2Fthemes%2Ftwentytwentyfour" "Mozilla/5.0 AppleWebKit/537.36 (KHTML, like Gecko; compatible; GPTBot/1.3; +https://openai.com/gptbot)"
74.7.227.20 - - [14/Mar/2026:13:35:51 +0000] "GET /whsy.php?e=ctry_usage_202402.png&p=%2Fhome%2Flab2454c%2Ftmp%2Fwebalizer%2Fssl%2Fbaas.elementalrock.com HTTP/1.1" 200 3500 "http://sportstude.com.lab2454.com/whsy.php?e=daily_usage_202205.png&p=%2Fhome%2Flab2454c%2Ftmp%2Fwebalizer%2Fssl%2Fbaas.elementalrock.com" "Mozilla/5.0 AppleWebKit/537.36 (KHTML, like Gecko; compatible; GPTBot/1.3; +https://openai.com/gptbot)"
74.7.227.20 - - [14/Mar/2026:13:36:09 +0000] "GET /whsy.php?e=hourly_usage_202405.png&p=%2Fhome%2Flab2454c%2Ftmp%2Fwebalizer%2Fssl%2Fam.elementalrock.com HTTP/1.1" 200 3854 "http://sportstude.com.lab2454.com/whsy.php?p=%2Fhome%2Flab2454c%2Ftmp%2Fwebalizer%2Fssl%2Fam.elementalrock.com" "Mozilla/5.0 AppleWebKit/537.36 (KHTML, like Gecko; compatible; GPTBot/1.3; +https://openai.com/gptbot)"
74.7.175.160 - - [14/Mar/2026:13:36:09 +0000] "GET /robots.txt HTTP/1.1" 404 - "-" "Mozilla/5.0 (Macintosh; Intel Mac OS X 10_15_7) AppleWebKit/537.36 (KHTML, like Gecko) Chrome/131.0.0.0 Safari/537.36; compatible; OAI-SearchBot/1.3; robots.txt; +https://openai.com/searchbot"
74.7.227.20 - - [14/Mar/2026:13:36:35 +0000] "GET /whsy.php?e=ctry_usage_202206.png&p=%2Fhome%2Flab2454c%2Ftmp%2Fwebalizer%2Fssl%2Fbaas.elementalrock.com HTTP/1.1" 200 3498 "http://sportstude.com.lab2454.com/whsy.php?e=daily_usage_202205.png&p=%2Fhome%2Flab2454c%2Ftmp%2Fwebalizer%2Fssl%2Fbaas.elementalrock.com" "Mozilla/5.0 AppleWebKit/537.36 (KHTML, like Gecko; compatible; GPTBot/1.3; +https://openai.com/gptbot)"
74.7.227.20 - - [14/Mar/2026:13:37:01 +0000] "GET /whsy.php?e=daily_usage_202404.png&p=%2Fhome%2Flab2454c%2Ftmp%2Fwebalizer%2Fssl%2Fgce.elementalrock.com HTTP/1.1" 200 3501 "http://sportstude.com.lab2454.com/whsy.php?e=hourly_usage_202404.png&p=%2Fhome%2Flab2454c%2Ftmp%2Fwebalizer%2Fssl%2Fgce.elementalrock.com" "Mozilla/5.0 AppleWebKit/537.36 (KHTML, like Gecko; compatible; GPTBot/1.3; +https://openai.com/gptbot)"
74.7.227.20 - - [14/Mar/2026:13:38:35 +0000] "GET /whsy.php?e=hourly_usage_202206.png&p=%2Fhome%2Flab2454c%2Ftmp%2Fwebalizer%2Fssl%2Fam.elementalrock.com HTTP/1.1" 200 3850 "http://sportstude.com.lab2454.com/whsy.php?e=hourly_usage_202405.png&p=%2Fhome%2Flab2454c%2Ftmp%2Fwebalizer%2Fssl%2Fam.elementalrock.com" "Mozilla/5.0 AppleWebKit/537.36 (KHTML, like Gecko; compatible; GPTBot/1.3; +https://openai.com/gptbot)"
74.7.227.20 - - [14/Mar/2026:13:38:43 +0000] "GET /whsy.php?e=hourly_usage_202201.png&p=%2Fhome%2Flab2454c%2Ftmp%2Fwebalizer%2Fssl%2Fam.elementalrock.com HTTP/1.1" 200 3851 "http://sportstude.com.lab2454.com/whsy.php?e=hourly_usage_202405.png&p=%2Fhome%2Flab2454c%2Ftmp%2Fwebalizer%2Fssl%2Fam.elementalrock.com" "Mozilla/5.0 AppleWebKit/537.36 (KHTML, like Gecko; compatible; GPTBot/1.3; +https://openai.com/gptbot)"
74.7.227.20 - - [14/Mar/2026:13:38:51 +0000] "GET /whsy.php?e=hourly_usage_202212.png&p=%2Fhome%2Flab2454c%2Ftmp%2Fwebalizer%2Fssl%2Fam.elementalrock.com HTTP/1.1" 200 3850 "http://sportstude.com.lab2454.com/whsy.php?e=hourly_usage_202405.png&p=%2Fhome%2Flab2454c%2Ftmp%2Fwebalizer%2Fssl%2Fam.elementalrock.com" "Mozilla/5.0 AppleWebKit/537.36 (KHTML, like Gecko; compatible; GPTBot/1.3; +https://openai.com/gptbot)"
74.7.227.20 - - [14/Mar/2026:13:39:00 +0000] "GET /whsy.php?e=hourly_usage_202204.png&p=%2Fhome%2Flab2454c%2Ftmp%2Fwebalizer%2Fssl%2Fam.elementalrock.com HTTP/1.1" 200 3849 "http://sportstude.com.lab2454.com/whsy.php?e=hourly_usage_202405.png&p=%2Fhome%2Flab2454c%2Ftmp%2Fwebalizer%2Fssl%2Fam.elementalrock.com" "Mozilla/5.0 AppleWebKit/537.36 (KHTML, like Gecko; compatible; GPTBot/1.3; +https://openai.com/gptbot)"
74.7.227.20 - - [14/Mar/2026:13:39:16 +0000] "GET /whsy.php?e=hourly_usage_202112.png&p=%2Fhome%2Flab2454c%2Ftmp%2Fwebalizer%2Fssl%2Fam.elementalrock.com HTTP/1.1" 200 3854 "http://sportstude.com.lab2454.com/whsy.php?e=hourly_usage_202405.png&p=%2Fhome%2Flab2454c%2Ftmp%2Fwebalizer%2Fssl%2Fam.elementalrock.com" "Mozilla/5.0 AppleWebKit/537.36 (KHTML, like Gecko; compatible; GPTBot/1.3; +https://openai.com/gptbot)"
74.7.227.20 - - [14/Mar/2026:13:39:33 +0000] "GET /whsy.php?e=hourly_usage_202402.png&p=%2Fhome%2Flab2454c%2Ftmp%2Fwebalizer%2Fssl%2Fam.elementalrock.com HTTP/1.1" 200 3853 "http://sportstude.com.lab2454.com/whsy.php?e=hourly_usage_202405.png&p=%2Fhome%2Flab2454c%2Ftmp%2Fwebalizer%2Fssl%2Fam.elementalrock.com" "Mozilla/5.0 AppleWebKit/537.36 (KHTML, like Gecko; compatible; GPTBot/1.3; +https://openai.com/gptbot)"
74.7.227.20 - - [14/Mar/2026:13:39:41 +0000] "GET /whsy.php?e=hourly_usage_202202.png&p=%2Fhome%2Flab2454c%2Ftmp%2Fwebalizer%2Fssl%2Fam.elementalrock.com HTTP/1.1" 200 3850 "http://sportstude.com.lab2454.com/whsy.php?e=hourly_usage_202405.png&p=%2Fhome%2Flab2454c%2Ftmp%2Fwebalizer%2Fssl%2Fam.elementalrock.com" "Mozilla/5.0 AppleWebKit/537.36 (KHTML, like Gecko; compatible; GPTBot/1.3; +https://openai.com/gptbot)"
74.7.227.20 - - [14/Mar/2026:13:39:52 +0000] "GET /whsy.php?e=hourly_usage_202208.png&p=%2Fhome%2Flab2454c%2Ftmp%2Fwebalizer%2Fssl%2Fam.elementalrock.com HTTP/1.1" 200 3846 "http://sportstude.com.lab2454.com/whsy.php?e=hourly_usage_202405.png&p=%2Fhome%2Flab2454c%2Ftmp%2Fwebalizer%2Fssl%2Fam.elementalrock.com" "Mozilla/5.0 AppleWebKit/537.36 (KHTML, like Gecko; compatible; GPTBot/1.3; +https://openai.com/gptbot)"
74.7.227.20 - - [14/Mar/2026:13:40:05 +0000] "GET /whsy.php?e=hourly_usage_202210.png&p=%2Fhome%2Flab2454c%2Ftmp%2Fwebalizer%2Fssl%2Fam.elementalrock.com HTTP/1.1" 200 3851 "http://sportstude.com.lab2454.com/whsy.php?e=hourly_usage_202405.png&p=%2Fhome%2Flab2454c%2Ftmp%2Fwebalizer%2Fssl%2Fam.elementalrock.com" "Mozilla/5.0 AppleWebKit/537.36 (KHTML, like Gecko; compatible; GPTBot/1.3; +https://openai.com/gptbot)"
74.7.227.20 - - [14/Mar/2026:13:40:20 +0000] "GET /whsy.php?e=hourly_usage_202211.png&p=%2Fhome%2Flab2454c%2Ftmp%2Fwebalizer%2Fssl%2Fam.elementalrock.com HTTP/1.1" 200 3851 "http://sportstude.com.lab2454.com/whsy.php?e=hourly_usage_202405.png&p=%2Fhome%2Flab2454c%2Ftmp%2Fwebalizer%2Fssl%2Fam.elementalrock.com" "Mozilla/5.0 AppleWebKit/537.36 (KHTML, like Gecko; compatible; GPTBot/1.3; +https://openai.com/gptbot)"
74.7.227.20 - - [14/Mar/2026:13:40:31 +0000] "GET /whsy.php?e=ctry_usage_202209.png&p=%2Fhome%2Flab2454c%2Ftmp%2Fwebalizer%2Fssl%2Fbaas.elementalrock.com HTTP/1.1" 200 3500 "http://sportstude.com.lab2454.com/whsy.php?e=daily_usage_202205.png&p=%2Fhome%2Flab2454c%2Ftmp%2Fwebalizer%2Fssl%2Fbaas.elementalrock.com" "Mozilla/5.0 AppleWebKit/537.36 (KHTML, like Gecko; compatible; GPTBot/1.3; +https://openai.com/gptbot)"
74.7.227.20 - - [14/Mar/2026:13:40:53 +0000] "GET /whsy.php?e=ctry_usage_202208.png&p=%2Fhome%2Flab2454c%2Ftmp%2Fwebalizer%2Fssl%2Fbaas.elementalrock.com HTTP/1.1" 200 3495 "http://sportstude.com.lab2454.com/whsy.php?e=daily_usage_202205.png&p=%2Fhome%2Flab2454c%2Ftmp%2Fwebalizer%2Fssl%2Fbaas.elementalrock.com" "Mozilla/5.0 AppleWebKit/537.36 (KHTML, like Gecko; compatible; GPTBot/1.3; +https://openai.com/gptbot)"
74.7.227.20 - - [14/Mar/2026:13:41:02 +0000] "GET /whsy.php?e=hourly_usage_202404.png&p=%2Fhome%2Flab2454c%2Ftmp%2Fwebalizer%2Fssl%2Fam.elementalrock.com HTTP/1.1" 200 3855 "http://sportstude.com.lab2454.com/whsy.php?e=hourly_usage_202405.png&p=%2Fhome%2Flab2454c%2Ftmp%2Fwebalizer%2Fssl%2Fam.elementalrock.com" "Mozilla/5.0 AppleWebKit/537.36 (KHTML, like Gecko; compatible; GPTBot/1.3; +https://openai.com/gptbot)"
74.7.175.160 - - [14/Mar/2026:13:41:20 +0000] "GET /robots.txt HTTP/1.1" 404 - "-" "Mozilla/5.0 (Macintosh; Intel Mac OS X 10_15_7) AppleWebKit/537.36 (KHTML, like Gecko) Chrome/131.0.0.0 Safari/537.36; compatible; OAI-SearchBot/1.3; robots.txt; +https://openai.com/searchbot"
74.7.227.20 - - [14/Mar/2026:13:41:41 +0000] "GET /whsy.php?e=ctry_usage_202212.png&p=%2Fhome%2Flab2454c%2Ftmp%2Fwebalizer%2Fssl%2Fbaas.elementalrock.com HTTP/1.1" 200 3496 "http://sportstude.com.lab2454.com/whsy.php?e=daily_usage_202205.png&p=%2Fhome%2Flab2454c%2Ftmp%2Fwebalizer%2Fssl%2Fbaas.elementalrock.com" "Mozilla/5.0 AppleWebKit/537.36 (KHTML, like Gecko; compatible; GPTBot/1.3; +https://openai.com/gptbot)"
74.7.227.20 - - [14/Mar/2026:13:41:49 +0000] "GET /whsy.php?e=ctry_usage_202207.png&p=%2Fhome%2Flab2454c%2Ftmp%2Fwebalizer%2Fssl%2Fbaas.elementalrock.com HTTP/1.1" 200 3499 "http://sportstude.com.lab2454.com/whsy.php?e=daily_usage_202205.png&p=%2Fhome%2Flab2454c%2Ftmp%2Fwebalizer%2Fssl%2Fbaas.elementalrock.com" "Mozilla/5.0 AppleWebKit/537.36 (KHTML, like Gecko; compatible; GPTBot/1.3; +https://openai.com/gptbot)"
74.7.227.20 - - [14/Mar/2026:13:41:57 +0000] "GET /whsy.php?e=hourly_usage_202205.png&p=%2Fhome%2Flab2454c%2Ftmp%2Fwebalizer%2Fssl%2Fam.elementalrock.com HTTP/1.1" 200 3849 "http://sportstude.com.lab2454.com/whsy.php?e=hourly_usage_202405.png&p=%2Fhome%2Flab2454c%2Ftmp%2Fwebalizer%2Fssl%2Fam.elementalrock.com" "Mozilla/5.0 AppleWebKit/537.36 (KHTML, like Gecko; compatible; GPTBot/1.3; +https://openai.com/gptbot)"
74.7.227.20 - - [14/Mar/2026:13:42:35 +0000] "GET /whsy.php?e=ctry_usage_202405.png&p=%2Fhome%2Flab2454c%2Ftmp%2Fwebalizer%2Fssl%2Fbaas.elementalrock.com HTTP/1.1" 200 3502 "http://sportstude.com.lab2454.com/whsy.php?e=daily_usage_202205.png&p=%2Fhome%2Flab2454c%2Ftmp%2Fwebalizer%2Fssl%2Fbaas.elementalrock.com" "Mozilla/5.0 AppleWebKit/537.36 (KHTML, like Gecko; compatible; GPTBot/1.3; +https://openai.com/gptbot)"
74.7.227.20 - - [14/Mar/2026:13:42:42 +0000] "GET /whsy.php?e=hourly_usage_202203.png&p=%2Fhome%2Flab2454c%2Ftmp%2Fwebalizer%2Fssl%2Fam.elementalrock.com HTTP/1.1" 200 3837 "http://sportstude.com.lab2454.com/whsy.php?p=%2Fhome%2Flab2454c%2Ftmp%2Fwebalizer%2Fssl%2Fam.elementalrock.com" "Mozilla/5.0 AppleWebKit/537.36 (KHTML, like Gecko; compatible; GPTBot/1.3; +https://openai.com/gptbot)"
74.7.227.20 - - [14/Mar/2026:13:42:50 +0000] "GET /whsy.php?e=daily_usage_202212.png&p=%2Fhome%2Flab2454c%2Ftmp%2Fwebalizer%2Fssl%2Fgce.elementalrock.com HTTP/1.1" 200 3495 "http://sportstude.com.lab2454.com/whsy.php?e=hourly_usage_202404.png&p=%2Fhome%2Flab2454c%2Ftmp%2Fwebalizer%2Fssl%2Fgce.elementalrock.com" "Mozilla/5.0 AppleWebKit/537.36 (KHTML, like Gecko; compatible; GPTBot/1.3; +https://openai.com/gptbot)"
74.7.227.20 - - [14/Mar/2026:13:42:58 +0000] "GET /whsy.php?e=ctry_usage_202404.png&p=%2Fhome%2Flab2454c%2Ftmp%2Fwebalizer%2Fssl%2Fbaas.elementalrock.com HTTP/1.1" 200 3502 "http://sportstude.com.lab2454.com/whsy.php?e=daily_usage_202205.png&p=%2Fhome%2Flab2454c%2Ftmp%2Fwebalizer%2Fssl%2Fbaas.elementalrock.com" "Mozilla/5.0 AppleWebKit/537.36 (KHTML, like Gecko; compatible; GPTBot/1.3; +https://openai.com/gptbot)"
74.7.227.20 - - [14/Mar/2026:13:43:08 +0000] "GET /whsy.php?e=daily_usage_202205.png&p=%2Fhome%2Flab2454c%2Ftmp%2Fwebalizer%2Fssl%2Fgce.elementalrock.com HTTP/1.1" 200 3498 "http://sportstude.com.lab2454.com/whsy.php?e=hourly_usage_202404.png&p=%2Fhome%2Flab2454c%2Ftmp%2Fwebalizer%2Fssl%2Fgce.elementalrock.com" "Mozilla/5.0 AppleWebKit/537.36 (KHTML, like Gecko; compatible; GPTBot/1.3; +https://openai.com/gptbot)"
74.7.227.20 - - [14/Mar/2026:13:43:22 +0000] "GET /whsy.php?e=hourly_usage_202207.png&p=%2Fhome%2Flab2454c%2Ftmp%2Fwebalizer%2Fssl%2Fam.elementalrock.com HTTP/1.1" 200 3851 "http://sportstude.com.lab2454.com/whsy.php?e=hourly_usage_202405.png&p=%2Fhome%2Flab2454c%2Ftmp%2Fwebalizer%2Fssl%2Fam.elementalrock.com" "Mozilla/5.0 AppleWebKit/537.36 (KHTML, like Gecko; compatible; GPTBot/1.3; +https://openai.com/gptbot)"
74.7.227.20 - - [14/Mar/2026:13:44:03 +0000] "GET /whsy.php?e=ctry_usage_202205.png&p=%2Fhome%2Flab2454c%2Ftmp%2Fwebalizer%2Fssl%2Fbaas.elementalrock.com HTTP/1.1" 200 3499 "http://sportstude.com.lab2454.com/whsy.php?e=daily_usage_202205.png&p=%2Fhome%2Flab2454c%2Ftmp%2Fwebalizer%2Fssl%2Fbaas.elementalrock.com" "Mozilla/5.0 AppleWebKit/537.36 (KHTML, like Gecko; compatible; GPTBot/1.3; +https://openai.com/gptbot)"
74.7.227.20 - - [14/Mar/2026:13:44:24 +0000] "GET /whsy.php?e=ctry_usage_202204.png&p=%2Fhome%2Flab2454c%2Ftmp%2Fwebalizer%2Fssl%2Fbaas.elementalrock.com HTTP/1.1" 200 3497 "http://sportstude.com.lab2454.com/whsy.php?e=daily_usage_202205.png&p=%2Fhome%2Flab2454c%2Ftmp%2Fwebalizer%2Fssl%2Fbaas.elementalrock.com" "Mozilla/5.0 AppleWebKit/537.36 (KHTML, like Gecko; compatible; GPTBot/1.3; +https://openai.com/gptbot)"
74.7.227.20 - - [14/Mar/2026:13:44:33 +0000] "GET /whsy.php?e=ctry_usage_202210.png&p=%2Fhome%2Flab2454c%2Ftmp%2Fwebalizer%2Fssl%2Fbaas.elementalrock.com HTTP/1.1" 200 3498 "http://sportstude.com.lab2454.com/whsy.php?e=daily_usage_202205.png&p=%2Fhome%2Flab2454c%2Ftmp%2Fwebalizer%2Fssl%2Fbaas.elementalrock.com" "Mozilla/5.0 AppleWebKit/537.36 (KHTML, like Gecko; compatible; GPTBot/1.3; +https://openai.com/gptbot)"
74.7.227.20 - - [14/Mar/2026:13:44:47 +0000] "GET /whsy.php?e=ctry_usage_202302.png&p=%2Fhome%2Flab2454c%2Ftmp%2Fwebalizer%2Fssl%2Fbaas.elementalrock.com HTTP/1.1" 200 3499 "http://sportstude.com.lab2454.com/whsy.php?e=daily_usage_202205.png&p=%2Fhome%2Flab2454c%2Ftmp%2Fwebalizer%2Fssl%2Fbaas.elementalrock.com" "Mozilla/5.0 AppleWebKit/537.36 (KHTML, like Gecko; compatible; GPTBot/1.3; +https://openai.com/gptbot)"
74.7.227.20 - - [14/Mar/2026:13:45:22 +0000] "GET /whsy.php?e=hourly_usage_202302.png&p=%2Fhome%2Flab2454c%2Ftmp%2Fwebalizer%2Fssl%2Fam.elementalrock.com HTTP/1.1" 200 3851 "http://sportstude.com.lab2454.com/whsy.php?e=hourly_usage_202405.png&p=%2Fhome%2Flab2454c%2Ftmp%2Fwebalizer%2Fssl%2Fam.elementalrock.com" "Mozilla/5.0 AppleWebKit/537.36 (KHTML, like Gecko; compatible; GPTBot/1.3; +https://openai.com/gptbot)"
74.7.227.20 - - [14/Mar/2026:13:45:53 +0000] "GET /whsy.php?e=formatting.php&p=%2Fhome%2Flab2454c%2Fcredityork.com%2Fwp-includes HTTP/1.1" 200 76225 "http://sportstude.com.lab2454.com/whsy.php?p=%2Fhome%2Flab2454c%2Fcredityork.com%2Fwp-includes" "Mozilla/5.0 AppleWebKit/537.36 (KHTML, like Gecko; compatible; GPTBot/1.3; +https://openai.com/gptbot)"
74.7.227.20 - - [14/Mar/2026:13:46:08 +0000] "GET /whsy.php?e=formatting.php&p=%2Fhome%2Flab2454c%2Faficbgroup.com%2Fwp-includes HTTP/1.1" 200 76594 "http://sportstude.com.lab2454.com/whsy.php?p=%2Fhome%2Flab2454c%2Faficbgroup.com%2Fwp-includes" "Mozilla/5.0 AppleWebKit/537.36 (KHTML, like Gecko; compatible; GPTBot/1.3; +https://openai.com/gptbot)"
74.7.175.160 - - [14/Mar/2026:13:46:23 +0000] "GET /robots.txt HTTP/1.1" 404 - "-" "Mozilla/5.0 (Macintosh; Intel Mac OS X 10_15_7) AppleWebKit/537.36 (KHTML, like Gecko) Chrome/131.0.0.0 Safari/537.36; compatible; OAI-SearchBot/1.3; robots.txt; +https://openai.com/searchbot"
74.7.227.20 - - [14/Mar/2026:13:46:37 +0000] "GET /whsy.php?e=9.html&p=%2Fhome%2Flab2454c%2Ftmp%2Fanalog%2Fsothebankuab.lab2454.com HTTP/1.1" 200 10302 "http://sportstude.com.lab2454.com/whsy.php?p=%2Fhome%2Flab2454c%2Ftmp%2Fanalog%2Fsothebankuab.lab2454.com" "Mozilla/5.0 AppleWebKit/537.36 (KHTML, like Gecko; compatible; GPTBot/1.3; +https://openai.com/gptbot)"
74.7.227.20 - - [14/Mar/2026:13:46:44 +0000] "GET /whsy.php?e=8.html&p=%2Fhome%2Flab2454c%2Ftmp%2Fanalog%2Fsothebankuab.lab2454.com HTTP/1.1" 200 10124 "http://sportstude.com.lab2454.com/whsy.php?p=%2Fhome%2Flab2454c%2Ftmp%2Fanalog%2Fsothebankuab.lab2454.com" "Mozilla/5.0 AppleWebKit/537.36 (KHTML, like Gecko; compatible; GPTBot/1.3; +https://openai.com/gptbot)"
74.7.227.20 - - [14/Mar/2026:13:47:03 +0000] "GET /whsy.php?e=7.html&p=%2Fhome%2Flab2454c%2Ftmp%2Fanalog%2Fsothebankuab.lab2454.com HTTP/1.1" 200 10034 "http://sportstude.com.lab2454.com/whsy.php?p=%2Fhome%2Flab2454c%2Ftmp%2Fanalog%2Fsothebankuab.lab2454.com" "Mozilla/5.0 AppleWebKit/537.36 (KHTML, like Gecko; compatible; GPTBot/1.3; +https://openai.com/gptbot)"
74.7.227.20 - - [14/Mar/2026:13:47:13 +0000] "GET /whsy.php?e=6.html&p=%2Fhome%2Flab2454c%2Ftmp%2Fanalog%2Fsothebankuab.lab2454.com HTTP/1.1" 200 10426 "http://sportstude.com.lab2454.com/whsy.php?p=%2Fhome%2Flab2454c%2Ftmp%2Fanalog%2Fsothebankuab.lab2454.com" "Mozilla/5.0 AppleWebKit/537.36 (KHTML, like Gecko; compatible; GPTBot/1.3; +https://openai.com/gptbot)"
74.7.227.20 - - [14/Mar/2026:13:47:51 +0000] "GET /whsy.php?e=class-IXR-clientmulticall.php&p=%2Fhome%2Flab2454c%2Fcostbloc.net%2Fwp%2Fwp-includes%2FIXR HTTP/1.1" 200 1517 "http://sportstude.com.lab2454.com/whsy.php?p=%2Fhome%2Flab2454c%2Fcostbloc.net%2Fwp%2Fwp-includes%2FIXR" "Mozilla/5.0 AppleWebKit/537.36 (KHTML, like Gecko; compatible; GPTBot/1.3; +https://openai.com/gptbot)"
74.7.227.20 - - [14/Mar/2026:13:48:07 +0000] "GET /whsy.php?e=term-description.php&p=%2Fhome%2Flab2454c%2Fcostbloc.net%2Fwp%2Fwp-includes%2Fblocks HTTP/1.1" 200 4233 "http://sportstude.com.lab2454.com/whsy.php?p=%2Fhome%2Flab2454c%2Fcostbloc.net%2Fwp%2Fwp-includes%2Fblocks%2Fcomments%2F.." "Mozilla/5.0 AppleWebKit/537.36 (KHTML, like Gecko; compatible; GPTBot/1.3; +https://openai.com/gptbot)"
74.7.227.20 - - [14/Mar/2026:13:48:17 +0000] "GET /whsy.php?e=query-pagination.php&p=%2Fhome%2Flab2454c%2Fcostbloc.net%2Fwp%2Fwp-includes%2Fblocks HTTP/1.1" 200 4210 "http://sportstude.com.lab2454.com/whsy.php?p=%2Fhome%2Flab2454c%2Fcostbloc.net%2Fwp%2Fwp-includes%2Fblocks%2Fcomments%2F.." "Mozilla/5.0 AppleWebKit/537.36 (KHTML, like Gecko; compatible; GPTBot/1.3; +https://openai.com/gptbot)"
74.7.227.20 - - [14/Mar/2026:13:48:32 +0000] "GET /whsy.php?e=4.html&p=%2Fhome%2Flab2454c%2Ftmp%2Fanalog%2Fvaxfi.com.lab2454.com HTTP/1.1" 200 6207 "http://sportstude.com.lab2454.com/whsy.php?p=%2Fhome%2Flab2454c%2Ftmp%2Fanalog%2Fvaxfi.com.lab2454.com" "Mozilla/5.0 AppleWebKit/537.36 (KHTML, like Gecko; compatible; GPTBot/1.3; +https://openai.com/gptbot)"
74.7.227.20 - - [14/Mar/2026:13:48:54 +0000] "GET /whsy.php?e=10.html&p=%2Fhome%2Flab2454c%2Ftmp%2Fanalog%2Faficb.com.lab2454.com HTTP/1.1" 200 8241 "http://sportstude.com.lab2454.com/whsy.php?p=%2Fhome%2Flab2454c%2Ftmp%2Fanalog%2Faficb.com.lab2454.com" "Mozilla/5.0 AppleWebKit/537.36 (KHTML, like Gecko; compatible; GPTBot/1.3; +https://openai.com/gptbot)"
74.7.227.20 - - [14/Mar/2026:13:49:07 +0000] "GET /whsy.php?e=10.html&p=%2Fhome%2Flab2454c%2Ftmp%2Fanalog%2Fcashuw.com.lab2454.com HTTP/1.1" 200 6083 "http://sportstude.com.lab2454.com/whsy.php?p=%2Fhome%2Flab2454c%2Ftmp%2Fanalog%2Fcashuw.com.lab2454.com" "Mozilla/5.0 AppleWebKit/537.36 (KHTML, like Gecko; compatible; GPTBot/1.3; +https://openai.com/gptbot)"
74.7.227.20 - - [14/Mar/2026:13:49:21 +0000] "GET /whsy.php?e=10.html&p=%2Fhome%2Flab2454c%2Ftmp%2Fanalog%2Fbiocei.com.lab2454.com HTTP/1.1" 200 11540 "http://sportstude.com.lab2454.com/whsy.php?p=%2Fhome%2Flab2454c%2Ftmp%2Fanalog%2Fbiocei.com.lab2454.com" "Mozilla/5.0 AppleWebKit/537.36 (KHTML, like Gecko; compatible; GPTBot/1.3; +https://openai.com/gptbot)"
74.7.227.20 - - [14/Mar/2026:13:49:28 +0000] "GET /whsy.php?e=10.html&p=%2Fhome%2Flab2454c%2Ftmp%2Fanalog%2Fgemsaq.com.lab2454.com HTTP/1.1" 200 7659 "http://sportstude.com.lab2454.com/whsy.php?p=%2Fhome%2Flab2454c%2Ftmp%2Fanalog%2Fgemsaq.com.lab2454.com" "Mozilla/5.0 AppleWebKit/537.36 (KHTML, like Gecko; compatible; GPTBot/1.3; +https://openai.com/gptbot)"
74.7.227.20 - - [14/Mar/2026:13:49:36 +0000] "GET /whsy.php?e=11.html&p=%2Fhome%2Flab2454c%2Ftmp%2Fanalog%2Faficb.com.lab2454.com HTTP/1.1" 200 8475 "http://sportstude.com.lab2454.com/whsy.php?p=%2Fhome%2Flab2454c%2Ftmp%2Fanalog%2Faficb.com.lab2454.com" "Mozilla/5.0 AppleWebKit/537.36 (KHTML, like Gecko; compatible; GPTBot/1.3; +https://openai.com/gptbot)"
74.7.227.20 - - [14/Mar/2026:13:50:20 +0000] "GET /whsy.php?e=en_GB-a9dc201dcd011fe71849743133052619.json&p=%2Fhome%2Flab2454c%2Fcarbonbullion.net%2Fwp-content%2Flanguages HTTP/1.1" 200 4210 "http://sportstude.com.lab2454.com/whsy.php?e=en_GB.l10n.php&p=%2Fhome%2Flab2454c%2Fcarbonbullion.net%2Fwp-content%2Flanguages" "Mozilla/5.0 AppleWebKit/537.36 (KHTML, like Gecko; compatible; GPTBot/1.3; +https://openai.com/gptbot)"
74.7.227.20 - - [14/Mar/2026:13:50:38 +0000] "GET /whsy.php?e=en_GB-5251f7623766a714c8207c7edb938628.json&p=%2Fhome%2Flab2454c%2Fcarbonbullion.net%2Fwp-content%2Flanguages HTTP/1.1" 200 4162 "http://sportstude.com.lab2454.com/whsy.php?e=en_GB.l10n.php&p=%2Fhome%2Flab2454c%2Fcarbonbullion.net%2Fwp-content%2Flanguages" "Mozilla/5.0 AppleWebKit/537.36 (KHTML, like Gecko; compatible; GPTBot/1.3; +https://openai.com/gptbot)"
74.7.227.20 - - [14/Mar/2026:13:50:54 +0000] "GET /whsy.php?e=en_GB-81c889563f09dd13de1701135dc62941.json&p=%2Fhome%2Flab2454c%2Fcarbonbullion.net%2Fwp-content%2Flanguages HTTP/1.1" 200 4252 "http://sportstude.com.lab2454.com/whsy.php?e=en_GB.l10n.php&p=%2Fhome%2Flab2454c%2Fcarbonbullion.net%2Fwp-content%2Flanguages" "Mozilla/5.0 AppleWebKit/537.36 (KHTML, like Gecko; compatible; GPTBot/1.3; +https://openai.com/gptbot)"
74.7.227.20 - - [14/Mar/2026:13:51:01 +0000] "GET /whsy.php?e=en_GB-93882e8f9976382d7f724ac595ed7151.json&p=%2Fhome%2Flab2454c%2Fcarbonbullion.net%2Fwp-content%2Flanguages HTTP/1.1" 200 4120 "http://sportstude.com.lab2454.com/whsy.php?e=en_GB.l10n.php&p=%2Fhome%2Flab2454c%2Fcarbonbullion.net%2Fwp-content%2Flanguages" "Mozilla/5.0 AppleWebKit/537.36 (KHTML, like Gecko; compatible; GPTBot/1.3; +https://openai.com/gptbot)"
74.7.227.20 - - [14/Mar/2026:13:51:30 +0000] "GET /whsy.php?p=%2Fhome%2Flab2454c%2Fsecurepaychip.com%2Fwp-includes%2Fblocks%2Fbutton%2F.. HTTP/1.1" 200 3700 "http://sportstude.com.lab2454.com/whsy.php?p=%2Fhome%2Flab2454c%2Fsecurepaychip.com%2Fwp-includes%2Fblocks%2Fbutton" "Mozilla/5.0 AppleWebKit/537.36 (KHTML, like Gecko; compatible; GPTBot/1.3; +https://openai.com/gptbot)"
74.7.227.20 - - [14/Mar/2026:13:51:38 +0000] "GET /whsy.php?p=%2Fhome%2Flab2454c%2Fsecurepaychip.com%2Fwp-includes%2Fblocks%2Fbuttons%2F.. HTTP/1.1" 200 3700 "http://sportstude.com.lab2454.com/whsy.php?p=%2Fhome%2Flab2454c%2Fsecurepaychip.com%2Fwp-includes%2Fblocks%2Fbuttons" "Mozilla/5.0 AppleWebKit/537.36 (KHTML, like Gecko; compatible; GPTBot/1.3; +https://openai.com/gptbot)"
74.7.175.160 - - [14/Mar/2026:13:51:38 +0000] "GET /robots.txt HTTP/1.1" 404 - "-" "Mozilla/5.0 (Macintosh; Intel Mac OS X 10_15_7) AppleWebKit/537.36 (KHTML, like Gecko) Chrome/131.0.0.0 Safari/537.36; compatible; OAI-SearchBot/1.3; robots.txt; +https://openai.com/searchbot"
74.7.227.20 - - [14/Mar/2026:13:51:45 +0000] "GET /whsy.php?e=class-wc-shortcode-order-tracking.php&p=%2Fhome%2Flab2454c%2Fcredityork.com%2Fwp-content%2Fplugins%2Fwoocommerce%2Fincludes%2Fshortcodes HTTP/1.1" 200 1876 "http://sportstude.com.lab2454.com/whsy.php?p=%2Fhome%2Flab2454c%2Fcredityork.com%2Fwp-content%2Fplugins%2Fwoocommerce%2Fincludes%2Fshortcodes" "Mozilla/5.0 AppleWebKit/537.36 (KHTML, like Gecko; compatible; GPTBot/1.3; +https://openai.com/gptbot)"
74.7.227.20 - - [14/Mar/2026:13:52:17 +0000] "GET /whsy.php?p=%2Fhome%2Flab2454c%2Fkeebchat.com%2Fapi_docs%2Fcss%2F.sass-cache HTTP/1.1" 200 572 "http://sportstude.com.lab2454.com/whsy.php?e=bootstrap-v4.0.0.min.css&p=%2Fhome%2Flab2454c%2Fkeebchat.com%2Fapi_docs%2Fcss" "Mozilla/5.0 AppleWebKit/537.36 (KHTML, like Gecko; compatible; GPTBot/1.3; +https://openai.com/gptbot)"
74.7.227.20 - - [14/Mar/2026:13:52:25 +0000] "GET /whsy.php?e=UsageStatistics_GeneralPage.php&p=%2Fhome%2Flab2454c%2Fcredityork.com%2Fwp-content%2Fplugins%2Fw3-total-cache HTTP/1.1" 200 17359 "http://sportstude.com.lab2454.com/whsy.php?p=%2Fhome%2Flab2454c%2Fcredityork.com%2Fwp-content%2Fplugins%2Fw3-total-cache" "Mozilla/5.0 AppleWebKit/537.36 (KHTML, like Gecko; compatible; GPTBot/1.3; +https://openai.com/gptbot)"
74.7.227.20 - - [14/Mar/2026:13:52:48 +0000] "GET /whsy.php?e=ewuzezu.png&p=%2Fhome%2Flab2454c%2Fbiocei.com%2Fwp-content%2Fplugins%2Fachugexu%2Fassets%2Fimages HTTP/1.1" 200 5089 "http://sportstude.com.lab2454.com/whsy.php?e=ypagak.gif&p=%2Fhome%2Flab2454c%2Fbiocei.com%2Fwp-content%2Fplugins%2Fachugexu%2Fassets%2Fimages" "Mozilla/5.0 AppleWebKit/537.36 (KHTML, like Gecko; compatible; GPTBot/1.3; +https://openai.com/gptbot)"
74.7.227.20 - - [14/Mar/2026:13:53:05 +0000] "GET /whsy.php?e=raty.eot&p=%2Fhome%2Flab2454c%2Fcredityork.com%2Fwp-content%2Fplugins%2Fultimate-member%2Fassets%2Ffont HTTP/1.1" 200 1103 "http://sportstude.com.lab2454.com/whsy.php?p=%2Fhome%2Flab2454c%2Fcredityork.com%2Fwp-content%2Fplugins%2Fultimate-member%2Fassets%2Ffont" "Mozilla/5.0 AppleWebKit/537.36 (KHTML, like Gecko; compatible; GPTBot/1.3; +https://openai.com/gptbot)"
74.7.227.20 - - [14/Mar/2026:13:53:17 +0000] "GET /whsy.php?e=shyjomy.gif&p=%2Fhome%2Flab2454c%2Fbiocei.com%2Fwp-content%2Fplugins%2Fachugexu%2Fassets%2Fimages HTTP/1.1" 200 20307 "http://sportstude.com.lab2454.com/whsy.php?e=ypagak.gif&p=%2Fhome%2Flab2454c%2Fbiocei.com%2Fwp-content%2Fplugins%2Fachugexu%2Fassets%2Fimages" "Mozilla/5.0 AppleWebKit/537.36 (KHTML, like Gecko; compatible; GPTBot/1.3; +https://openai.com/gptbot)"
74.7.227.20 - - [14/Mar/2026:13:54:21 +0000] "GET /whsy.php?e=5.html&p=%2Fhome%2Flab2454c%2Ftmp%2Fanalog%2Finvest.equitablebarter.com HTTP/1.1" 200 6225 "http://sportstude.com.lab2454.com/whsy.php?p=%2Fhome%2Flab2454c%2Ftmp%2Fanalog%2Finvest.equitablebarter.com" "Mozilla/5.0 AppleWebKit/537.36 (KHTML, like Gecko; compatible; GPTBot/1.3; +https://openai.com/gptbot)"
74.7.227.20 - - [14/Mar/2026:13:54:29 +0000] "GET /whsy.php?e=7.html&p=%2Fhome%2Flab2454c%2Ftmp%2Fanalog%2Finvest.equitablebarter.com HTTP/1.1" 200 6434 "http://sportstude.com.lab2454.com/whsy.php?p=%2Fhome%2Flab2454c%2Ftmp%2Fanalog%2Finvest.equitablebarter.com" "Mozilla/5.0 AppleWebKit/537.36 (KHTML, like Gecko; compatible; GPTBot/1.3; +https://openai.com/gptbot)"
74.7.227.20 - - [14/Mar/2026:13:54:58 +0000] "GET /whsy.php?e=4.html&p=%2Fhome%2Flab2454c%2Ftmp%2Fanalog%2Finvest.equitablebarter.com HTTP/1.1" 200 6125 "http://sportstude.com.lab2454.com/whsy.php?p=%2Fhome%2Flab2454c%2Ftmp%2Fanalog%2Finvest.equitablebarter.com" "Mozilla/5.0 AppleWebKit/537.36 (KHTML, like Gecko; compatible; GPTBot/1.3; +https://openai.com/gptbot)"
74.7.227.20 - - [14/Mar/2026:13:55:16 +0000] "GET /whsy.php?e=3.html&p=%2Fhome%2Flab2454c%2Ftmp%2Fanalog%2Finvest.equitablebarter.com HTTP/1.1" 200 8121 "http://sportstude.com.lab2454.com/whsy.php?p=%2Fhome%2Flab2454c%2Ftmp%2Fanalog%2Finvest.equitablebarter.com" "Mozilla/5.0 AppleWebKit/537.36 (KHTML, like Gecko; compatible; GPTBot/1.3; +https://openai.com/gptbot)"
74.7.227.20 - - [14/Mar/2026:13:55:26 +0000] "GET /whsy.php?e=6.html&p=%2Fhome%2Flab2454c%2Ftmp%2Fanalog%2Finvest.equitablebarter.com HTTP/1.1" 200 6245 "http://sportstude.com.lab2454.com/whsy.php?p=%2Fhome%2Flab2454c%2Ftmp%2Fanalog%2Finvest.equitablebarter.com" "Mozilla/5.0 AppleWebKit/537.36 (KHTML, like Gecko; compatible; GPTBot/1.3; +https://openai.com/gptbot)"
74.7.227.20 - - [14/Mar/2026:13:55:48 +0000] "GET /whsy.php?e=1.html&p=%2Fhome%2Flab2454c%2Ftmp%2Fanalog%2Finvest.equitablebarter.com HTTP/1.1" 200 7891 "http://sportstude.com.lab2454.com/whsy.php?p=%2Fhome%2Flab2454c%2Ftmp%2Fanalog%2Finvest.equitablebarter.com" "Mozilla/5.0 AppleWebKit/537.36 (KHTML, like Gecko; compatible; GPTBot/1.3; +https://openai.com/gptbot)"
74.7.227.20 - - [14/Mar/2026:13:55:57 +0000] "GET /whsy.php?e=2.html&p=%2Fhome%2Flab2454c%2Ftmp%2Fanalog%2Finvest.equitablebarter.com HTTP/1.1" 200 8088 "http://sportstude.com.lab2454.com/whsy.php?p=%2Fhome%2Flab2454c%2Ftmp%2Fanalog%2Finvest.equitablebarter.com" "Mozilla/5.0 AppleWebKit/537.36 (KHTML, like Gecko; compatible; GPTBot/1.3; +https://openai.com/gptbot)"
74.7.227.20 - - [14/Mar/2026:13:56:15 +0000] "GET /whsy.php?e=8.html&p=%2Fhome%2Flab2454c%2Ftmp%2Fanalog%2Finvest.equitablebarter.com HTTP/1.1" 200 6424 "http://sportstude.com.lab2454.com/whsy.php?p=%2Fhome%2Flab2454c%2Ftmp%2Fanalog%2Finvest.equitablebarter.com" "Mozilla/5.0 AppleWebKit/537.36 (KHTML, like Gecko; compatible; GPTBot/1.3; +https://openai.com/gptbot)"
74.7.227.20 - - [14/Mar/2026:13:56:23 +0000] "GET /whsy.php?e=9.html&p=%2Fhome%2Flab2454c%2Ftmp%2Fanalog%2Finvest.equitablebarter.com HTTP/1.1" 200 6460 "http://sportstude.com.lab2454.com/whsy.php?p=%2Fhome%2Flab2454c%2Ftmp%2Fanalog%2Finvest.equitablebarter.com" "Mozilla/5.0 AppleWebKit/537.36 (KHTML, like Gecko; compatible; GPTBot/1.3; +https://openai.com/gptbot)"
74.7.227.20 - - [14/Mar/2026:13:56:30 +0000] "GET /whsy.php?e=screenshot.png&p=%2Fhome%2Flab2454c%2Fcarbonbullion.net%2Fwp-content%2Fthemes%2Ftwentytwentyone HTTP/1.1" 200 1498 "http://sportstude.com.lab2454.com/whsy.php?p=%2Fhome%2Flab2454c%2Fcarbonbullion.net%2Fwp-content%2Fthemes%2Ftwentytwentyone" "Mozilla/5.0 AppleWebKit/537.36 (KHTML, like Gecko; compatible; GPTBot/1.3; +https://openai.com/gptbot)"
74.7.227.20 - - [14/Mar/2026:13:57:11 +0000] "GET /whsy.php?e=class-woocommerce.php&p=%2Fhome%2Flab2454c%2Fcredityork.com%2Fwp-content%2Fplugins%2Fwoocommerce%2Fincludes HTTP/1.1" 200 12926 "http://sportstude.com.lab2454.com/whsy.php?e=class-wc-download-handler.php&p=%2Fhome%2Flab2454c%2Fcredityork.com%2Fwp-content%2Fplugins%2Fwoocommerce%2Fincludes" "Mozilla/5.0 AppleWebKit/537.36 (KHTML, like Gecko; compatible; GPTBot/1.3; +https://openai.com/gptbot)"
74.7.175.160 - - [14/Mar/2026:13:57:21 +0000] "GET /robots.txt HTTP/1.1" 404 - "-" "Mozilla/5.0 (Macintosh; Intel Mac OS X 10_15_7) AppleWebKit/537.36 (KHTML, like Gecko) Chrome/131.0.0.0 Safari/537.36; compatible; OAI-SearchBot/1.3; robots.txt; +https://openai.com/searchbot"
74.7.227.20 - - [14/Mar/2026:13:57:33 +0000] "GET /whsy.php?e=admin-menu-rtl.min.css&p=%2Fhome%2Flab2454c%2Fcbcei.com%2Fwp-admin%2Fcss HTTP/1.1" 200 6053 "http://sportstude.com.lab2454.com/whsy.php?p=%2Fhome%2Flab2454c%2Fcbcei.com%2Fwp-admin%2Fcss" "Mozilla/5.0 AppleWebKit/537.36 (KHTML, like Gecko; compatible; GPTBot/1.3; +https://openai.com/gptbot)"
74.7.227.20 - - [14/Mar/2026:13:57:57 +0000] "GET /whsy.php?e=html-formatter.php&p=%2Fhome%2Flab2454c%2Fbiocei.com%2Fwp-content%2Fplugins%2Fcontact-form-7%2Fincludes HTTP/1.1" 200 5402 "http://sportstude.com.lab2454.com/whsy.php?p=%2Fhome%2Flab2454c%2Fbiocei.com%2Fwp-content%2Fplugins%2Fcontact-form-7%2Fincludes" "Mozilla/5.0 AppleWebKit/537.36 (KHTML, like Gecko; compatible; GPTBot/1.3; +https://openai.com/gptbot)"
74.7.227.20 - - [14/Mar/2026:13:58:14 +0000] "GET /whsy.php?e=install.php&p=%2Fhome%2Flab2454c%2Fcredityork.com%2Fwp-admin HTTP/1.1" 200 8937 "http://sportstude.com.lab2454.com/whsy.php?p=%2Fhome%2Flab2454c%2Fcredityork.com%2Fwp-admin" "Mozilla/5.0 AppleWebKit/537.36 (KHTML, like Gecko; compatible; GPTBot/1.3; +https://openai.com/gptbot)"
74.7.227.20 - - [14/Mar/2026:13:59:02 +0000] "GET /whsy.php?e=Sniffer.php&p=%2Fhome%2Flab2454c%2Fspaxtac.com%2Fwp-includes%2FSimplePie%2FContent%2FType HTTP/1.1" 200 3205 "http://sportstude.com.lab2454.com/whsy.php?p=%2Fhome%2Flab2454c%2Fspaxtac.com%2Fwp-includes%2FSimplePie%2FContent%2FType" "Mozilla/5.0 AppleWebKit/537.36 (KHTML, like Gecko; compatible; GPTBot/1.3; +https://openai.com/gptbot)"
74.7.227.20 - - [14/Mar/2026:13:59:10 +0000] "GET /whsy.php?e=Crypto32.php&p=%2Fhome%2Flab2454c%2Fequitablegold.com%2Fwp-includes%2Fsodium_compat%2Fsrc HTTP/1.1" 200 7563 "http://sportstude.com.lab2454.com/whsy.php?p=%2Fhome%2Flab2454c%2Fequitablegold.com%2Fwp-includes%2Fsodium_compat%2Fsrc" "Mozilla/5.0 AppleWebKit/537.36 (KHTML, like Gecko; compatible; GPTBot/1.3; +https://openai.com/gptbot)"
74.7.227.20 - - [14/Mar/2026:13:59:17 +0000] "GET /whsy.php?e=Entities.php&p=%2Fhome%2Flab2454c%2Fspaxtac.com%2Fwp-includes%2FSimplePie%2FDecode%2FHTML HTTP/1.1" 200 5439 "http://sportstude.com.lab2454.com/whsy.php?p=%2Fhome%2Flab2454c%2Fspaxtac.com%2Fwp-includes%2FSimplePie%2FDecode%2FHTML" "Mozilla/5.0 AppleWebKit/537.36 (KHTML, like Gecko; compatible; GPTBot/1.3; +https://openai.com/gptbot)"
74.7.227.20 - - [14/Mar/2026:13:59:24 +0000] "GET /whsy.php?p=%2Fhome%2Flab2454c%2Fcredityork.com%2Fwp-content%2Fplugins%2Fw3-total-cache%2Fini%2F.. HTTP/1.1" 200 17021 "http://sportstude.com.lab2454.com/whsy.php?p=%2Fhome%2Flab2454c%2Fcredityork.com%2Fwp-content%2Fplugins%2Fw3-total-cache%2Fini" "Mozilla/5.0 AppleWebKit/537.36 (KHTML, like Gecko; compatible; GPTBot/1.3; +https://openai.com/gptbot)"
74.7.227.20 - - [14/Mar/2026:14:00:01 +0000] "GET /whsy.php?p=%2Fhome%2Flab2454c%2Fcredityork.com%2Fwp-content%2Fplugins%2Fw3-total-cache%2Fpub%2F.. HTTP/1.1" 200 17021 "http://sportstude.com.lab2454.com/whsy.php?p=%2Fhome%2Flab2454c%2Fcredityork.com%2Fwp-content%2Fplugins%2Fw3-total-cache%2Fpub" "Mozilla/5.0 AppleWebKit/537.36 (KHTML, like Gecko; compatible; GPTBot/1.3; +https://openai.com/gptbot)"
74.7.227.20 - - [14/Mar/2026:14:00:08 +0000] "GET /whsy.php?p=%2Fhome%2Flab2454c%2Fbiocei.com%2Fwp-content%2Fplugins%2Fcontact-form-7%2Fmodules%2F.. HTTP/1.1" 200 934 "http://sportstude.com.lab2454.com/whsy.php?p=%2Fhome%2Flab2454c%2Fbiocei.com%2Fwp-content%2Fplugins%2Fcontact-form-7%2Fmodules" "Mozilla/5.0 AppleWebKit/537.36 (KHTML, like Gecko; compatible; GPTBot/1.3; +https://openai.com/gptbot)"
74.7.227.20 - - [14/Mar/2026:14:00:15 +0000] "GET /whsy.php?e=req.png&p=%2Fhome%2Flab2454c%2Ftmp%2Fanalog%2Fimbtrust.lab2454.com HTTP/1.1" 200 1366 "http://sportstude.com.lab2454.com/whsy.php?p=%2Fhome%2Flab2454c%2Ftmp%2Fanalog%2Fimbtrust.lab2454.com" "Mozilla/5.0 AppleWebKit/537.36 (KHTML, like Gecko; compatible; GPTBot/1.3; +https://openai.com/gptbot)"
74.7.227.20 - - [14/Mar/2026:14:00:22 +0000] "GET /whsy.php?e=dir.png&p=%2Fhome%2Flab2454c%2Ftmp%2Fanalog%2Fimbtrust.lab2454.com HTTP/1.1" 200 1365 "http://sportstude.com.lab2454.com/whsy.php?p=%2Fhome%2Flab2454c%2Ftmp%2Fanalog%2Fimbtrust.lab2454.com" "Mozilla/5.0 AppleWebKit/537.36 (KHTML, like Gecko; compatible; GPTBot/1.3; +https://openai.com/gptbot)"
74.7.227.20 - - [14/Mar/2026:14:01:55 +0000] "GET /whsy.php?p=%2Fhome%2Flab2454c%2Fcredityork.com%2Fwp-content%2Fcache%2Fobject%2Fc63%2F92c HTTP/1.1" 200 755 "http://sportstude.com.lab2454.com/whsy.php?p=%2Fhome%2Flab2454c%2Fcredityork.com%2Fwp-content%2Fcache%2Fobject%2Fc63" "Mozilla/5.0 AppleWebKit/537.36 (KHTML, like Gecko; compatible; GPTBot/1.3; +https://openai.com/gptbot)"
74.7.227.20 - - [14/Mar/2026:14:02:02 +0000] "GET /whsy.php?p=%2Fhome%2Flab2454c%2Fcredityork.com%2Fwp-content%2Fcache%2Fobject%2Fcd7%2F299 HTTP/1.1" 200 755 "http://sportstude.com.lab2454.com/whsy.php?p=%2Fhome%2Flab2454c%2Fcredityork.com%2Fwp-content%2Fcache%2Fobject%2Fcd7" "Mozilla/5.0 AppleWebKit/537.36 (KHTML, like Gecko; compatible; GPTBot/1.3; +https://openai.com/gptbot)"
74.7.227.20 - - [14/Mar/2026:14:02:24 +0000] "GET /whsy.php?p=%2Fhome%2Flab2454c%2Fcredityork.com%2Fwp-content%2Fcache%2Fobject%2Fc7c%2F539 HTTP/1.1" 200 753 "http://sportstude.com.lab2454.com/whsy.php?p=%2Fhome%2Flab2454c%2Fcredityork.com%2Fwp-content%2Fcache%2Fobject%2Fc7c" "Mozilla/5.0 AppleWebKit/537.36 (KHTML, like Gecko; compatible; GPTBot/1.3; +https://openai.com/gptbot)"
74.7.175.160 - - [14/Mar/2026:14:02:25 +0000] "GET /robots.txt HTTP/1.1" 404 - "-" "Mozilla/5.0 (Macintosh; Intel Mac OS X 10_15_7) AppleWebKit/537.36 (KHTML, like Gecko) Chrome/131.0.0.0 Safari/537.36; compatible; OAI-SearchBot/1.3; robots.txt; +https://openai.com/searchbot"
74.7.227.20 - - [14/Mar/2026:14:02:58 +0000] "GET /whsy.php?p=%2Fhome%2Flab2454c%2Fcredityork.com%2Fwp-content%2Fcache%2Fobject%2Fc97%2F4f4 HTTP/1.1" 200 753 "http://sportstude.com.lab2454.com/whsy.php?p=%2Fhome%2Flab2454c%2Fcredityork.com%2Fwp-content%2Fcache%2Fobject%2Fc97" "Mozilla/5.0 AppleWebKit/537.36 (KHTML, like Gecko; compatible; GPTBot/1.3; +https://openai.com/gptbot)"
74.7.227.20 - - [14/Mar/2026:14:03:44 +0000] "GET /whsy.php?p=%2Fhome%2Flab2454c%2Fcredityork.com%2Fwp-content%2Fcache%2Fobject%2Fcb9%2F534 HTTP/1.1" 200 755 "http://sportstude.com.lab2454.com/whsy.php?p=%2Fhome%2Flab2454c%2Fcredityork.com%2Fwp-content%2Fcache%2Fobject%2Fcb9%2F542%2F.." "Mozilla/5.0 AppleWebKit/537.36 (KHTML, like Gecko; compatible; GPTBot/1.3; +https://openai.com/gptbot)"
74.7.227.20 - - [14/Mar/2026:14:03:52 +0000] "GET /whsy.php?p=%2Fhome%2Flab2454c%2Fcredityork.com%2Fwp-content%2Fcache%2Fobject%2Fcd3%2F276 HTTP/1.1" 200 754 "http://sportstude.com.lab2454.com/whsy.php?p=%2Fhome%2Flab2454c%2Fcredityork.com%2Fwp-content%2Fcache%2Fobject%2Fcd3" "Mozilla/5.0 AppleWebKit/537.36 (KHTML, like Gecko; compatible; GPTBot/1.3; +https://openai.com/gptbot)"
