74.7.227.191 - - [14/Mar/2026:00:40:02 +0000] "GET /whsy.php?e=volumes&p=%2Fproc%2F129%2Ftask%2F129%2Fnet%2Fnfsfs HTTP/1.1" 200 805 "https://www.scostrade.com.lab2454.com/whsy.php?p=%2Fproc%2F129%2Ftask%2F129%2Fnet%2Fnfsfs" "Mozilla/5.0 AppleWebKit/537.36 (KHTML, like Gecko; compatible; GPTBot/1.3; +https://openai.com/gptbot)"
74.7.227.181 - - [14/Mar/2026:00:40:03 +0000] "GET /whsy.php?p=%2Fvar%2Fsoftaculous%2Fphorum%2F.. HTTP/1.1" 200 5090 "https://scostrade.com.lab2454.com/whsy.php?p=%2Fvar%2Fsoftaculous%2Fphorum" "Mozilla/5.0 AppleWebKit/537.36 (KHTML, like Gecko; compatible; GPTBot/1.3; +https://openai.com/gptbot)"
74.7.227.191 - - [14/Mar/2026:00:40:09 +0000] "GET /whsy.php?e=volumes&p=%2Fproc%2F102%2Ftask%2F102%2Fnet%2Fnfsfs HTTP/1.1" 200 805 "https://www.scostrade.com.lab2454.com/whsy.php?p=%2Fproc%2F102%2Ftask%2F102%2Fnet%2Fnfsfs" "Mozilla/5.0 AppleWebKit/537.36 (KHTML, like Gecko; compatible; GPTBot/1.3; +https://openai.com/gptbot)"
74.7.227.181 - - [14/Mar/2026:00:40:10 +0000] "GET /whsy.php?p=%2Fvar%2Fsoftaculous%2Fpodcast%2Fphp81%2F.. HTTP/1.1" 200 1306 "https://scostrade.com.lab2454.com/whsy.php?p=%2Fvar%2Fsoftaculous%2Fpodcast%2Fphp81" "Mozilla/5.0 AppleWebKit/537.36 (KHTML, like Gecko; compatible; GPTBot/1.3; +https://openai.com/gptbot)"
74.7.227.191 - - [14/Mar/2026:00:40:17 +0000] "GET /whsy.php?e=volumes&p=%2Fproc%2F162%2Ftask%2F162%2Fnet%2Fnfsfs HTTP/1.1" 200 805 "https://www.scostrade.com.lab2454.com/whsy.php?p=%2Fproc%2F162%2Ftask%2F162%2Fnet%2Fnfsfs" "Mozilla/5.0 AppleWebKit/537.36 (KHTML, like Gecko; compatible; GPTBot/1.3; +https://openai.com/gptbot)"
74.7.227.181 - - [14/Mar/2026:00:40:17 +0000] "GET /whsy.php?p=%2Fvar%2Fsoftaculous%2Ftxtpat HTTP/1.1" 200 1198 "https://scostrade.com.lab2454.com/whsy.php?p=%2Fvar%2Fsoftaculous" "Mozilla/5.0 AppleWebKit/537.36 (KHTML, like Gecko; compatible; GPTBot/1.3; +https://openai.com/gptbot)"
74.7.227.191 - - [14/Mar/2026:00:40:24 +0000] "GET /whsy.php?e=volumes&p=%2Fproc%2F127%2Ftask%2F127%2Fnet%2Fnfsfs HTTP/1.1" 200 805 "https://www.scostrade.com.lab2454.com/whsy.php?p=%2Fproc%2F127%2Ftask%2F127%2Fnet%2Fnfsfs" "Mozilla/5.0 AppleWebKit/537.36 (KHTML, like Gecko; compatible; GPTBot/1.3; +https://openai.com/gptbot)"
74.7.227.181 - - [14/Mar/2026:00:40:25 +0000] "GET /whsy.php?p=%2Fvar%2Fsoftaculous%2Fwacart HTTP/1.1" 200 1127 "https://scostrade.com.lab2454.com/whsy.php?p=%2Fvar%2Fsoftaculous" "Mozilla/5.0 AppleWebKit/537.36 (KHTML, like Gecko; compatible; GPTBot/1.3; +https://openai.com/gptbot)"
74.7.227.191 - - [14/Mar/2026:00:40:31 +0000] "GET /whsy.php?e=S3ClientTrait.php&p=%2Fhome%2Flab2454c%2Fkeebchat.com%2Fcore%2Flibs%2Fs3%2Fvendor%2Faws%2Faws-sdk-php%2Fsrc%2FS3 HTTP/1.1" 200 3495 "https://www.scostrade.com.lab2454.com/whsy.php?e=S3UriParser.php&p=%2Fhome%2Flab2454c%2Fkeebchat.com%2Fcore%2Flibs%2Fs3%2Fvendor%2Faws%2Faws-sdk-php%2Fsrc%2FS3" "Mozilla/5.0 AppleWebKit/537.36 (KHTML, like Gecko; compatible; GPTBot/1.3; +https://openai.com/gptbot)"
74.7.227.181 - - [14/Mar/2026:00:40:32 +0000] "GET /whsy.php?p=%2Fvar%2Fsoftaculous%2Fcroogo HTTP/1.1" 200 1100 "https://scostrade.com.lab2454.com/whsy.php?p=%2Fvar%2Fsoftaculous" "Mozilla/5.0 AppleWebKit/537.36 (KHTML, like Gecko; compatible; GPTBot/1.3; +https://openai.com/gptbot)"
74.7.227.191 - - [14/Mar/2026:00:40:39 +0000] "GET /whsy.php?e=volumes&p=%2Fproc%2F702%2Ftask%2F702%2Fnet%2Fnfsfs HTTP/1.1" 200 805 "https://www.scostrade.com.lab2454.com/whsy.php?p=%2Fproc%2F702%2Ftask%2F702%2Fnet%2Fnfsfs" "Mozilla/5.0 AppleWebKit/537.36 (KHTML, like Gecko; compatible; GPTBot/1.3; +https://openai.com/gptbot)"
74.7.227.191 - - [14/Mar/2026:00:40:46 +0000] "GET /whsy.php?e=volumes&p=%2Fproc%2F120%2Ftask%2F120%2Fnet%2Fnfsfs HTTP/1.1" 200 805 "https://www.scostrade.com.lab2454.com/whsy.php?p=%2Fproc%2F120%2Ftask%2F120%2Fnet%2Fnfsfs" "Mozilla/5.0 AppleWebKit/537.36 (KHTML, like Gecko; compatible; GPTBot/1.3; +https://openai.com/gptbot)"
74.7.227.191 - - [14/Mar/2026:00:40:54 +0000] "GET /whsy.php?e=volumes&p=%2Fproc%2F126%2Ftask%2F126%2Fnet%2Fnfsfs HTTP/1.1" 200 805 "https://www.scostrade.com.lab2454.com/whsy.php?p=%2Fproc%2F126%2Ftask%2F126%2Fnet%2Fnfsfs" "Mozilla/5.0 AppleWebKit/537.36 (KHTML, like Gecko; compatible; GPTBot/1.3; +https://openai.com/gptbot)"
74.7.227.191 - - [14/Mar/2026:00:41:01 +0000] "GET /whsy.php?e=volumes&p=%2Fproc%2F201%2Ftask%2F201%2Fnet%2Fnfsfs HTTP/1.1" 200 805 "https://www.scostrade.com.lab2454.com/whsy.php?p=%2Fproc%2F201%2Ftask%2F201%2Fnet%2Fnfsfs" "Mozilla/5.0 AppleWebKit/537.36 (KHTML, like Gecko; compatible; GPTBot/1.3; +https://openai.com/gptbot)"
74.7.227.191 - - [14/Mar/2026:00:41:08 +0000] "GET /whsy.php?e=volumes&p=%2Fproc%2F125%2Ftask%2F125%2Fnet%2Fnfsfs HTTP/1.1" 200 805 "https://www.scostrade.com.lab2454.com/whsy.php?p=%2Fproc%2F125%2Ftask%2F125%2Fnet%2Fnfsfs" "Mozilla/5.0 AppleWebKit/537.36 (KHTML, like Gecko; compatible; GPTBot/1.3; +https://openai.com/gptbot)"
74.7.227.191 - - [14/Mar/2026:00:41:16 +0000] "GET /whsy.php?e=volumes&p=%2Fproc%2F204%2Ftask%2F204%2Fnet%2Fnfsfs HTTP/1.1" 200 805 "https://www.scostrade.com.lab2454.com/whsy.php?p=%2Fproc%2F204%2Ftask%2F204%2Fnet%2Fnfsfs" "Mozilla/5.0 AppleWebKit/537.36 (KHTML, like Gecko; compatible; GPTBot/1.3; +https://openai.com/gptbot)"
74.7.227.181 - - [14/Mar/2026:00:41:17 +0000] "GET /whsy.php?p=%2Fvar%2Fsoftaculous%2Fphproj HTTP/1.1" 200 1099 "https://scostrade.com.lab2454.com/whsy.php?p=%2Fvar%2Fsoftaculous" "Mozilla/5.0 AppleWebKit/537.36 (KHTML, like Gecko; compatible; GPTBot/1.3; +https://openai.com/gptbot)"
74.7.227.191 - - [14/Mar/2026:00:41:23 +0000] "GET /whsy.php?e=volumes&p=%2Fproc%2F123%2Ftask%2F123%2Fnet%2Fnfsfs HTTP/1.1" 200 805 "https://www.scostrade.com.lab2454.com/whsy.php?p=%2Fproc%2F123%2Ftask%2F123%2Fnet%2Fnfsfs" "Mozilla/5.0 AppleWebKit/537.36 (KHTML, like Gecko; compatible; GPTBot/1.3; +https://openai.com/gptbot)"
74.7.227.191 - - [14/Mar/2026:00:41:31 +0000] "GET /whsy.php?e=volumes&p=%2Fproc%2F142%2Ftask%2F142%2Fnet%2Fnfsfs HTTP/1.1" 200 805 "https://www.scostrade.com.lab2454.com/whsy.php?p=%2Fproc%2F142%2Ftask%2F142%2Fnet%2Fnfsfs" "Mozilla/5.0 AppleWebKit/537.36 (KHTML, like Gecko; compatible; GPTBot/1.3; +https://openai.com/gptbot)"
74.7.227.181 - - [14/Mar/2026:00:41:31 +0000] "GET /whsy.php?p=%2Fvar%2Fsoftaculous%2Fatutor HTTP/1.1" 200 1095 "https://scostrade.com.lab2454.com/whsy.php?p=%2Fvar%2Fsoftaculous" "Mozilla/5.0 AppleWebKit/537.36 (KHTML, like Gecko; compatible; GPTBot/1.3; +https://openai.com/gptbot)"
74.7.227.191 - - [14/Mar/2026:00:41:38 +0000] "GET /whsy.php?e=volumes&p=%2Fproc%2F124%2Ftask%2F124%2Fnet%2Fnfsfs HTTP/1.1" 200 805 "https://www.scostrade.com.lab2454.com/whsy.php?p=%2Fproc%2F124%2Ftask%2F124%2Fnet%2Fnfsfs" "Mozilla/5.0 AppleWebKit/537.36 (KHTML, like Gecko; compatible; GPTBot/1.3; +https://openai.com/gptbot)"
74.7.227.191 - - [14/Mar/2026:00:41:46 +0000] "GET /whsy.php?e=volumes&p=%2Fproc%2F152%2Ftask%2F152%2Fnet%2Fnfsfs HTTP/1.1" 200 805 "https://www.scostrade.com.lab2454.com/whsy.php?p=%2Fproc%2F152%2Ftask%2F152%2Fnet%2Fnfsfs" "Mozilla/5.0 AppleWebKit/537.36 (KHTML, like Gecko; compatible; GPTBot/1.3; +https://openai.com/gptbot)"
74.7.227.191 - - [14/Mar/2026:00:41:53 +0000] "GET /whsy.php?p=%2Fhome%2Flab2454c%2Fadenbic.com%2Fwp-content%2Fplugins%2Felementskit-lite%2Fwidgets%2Ftab%2Fassets%2Fimagechoose%2F.. HTTP/1.1" 200 586 "https://www.scostrade.com.lab2454.com/whsy.php?p=%2Fhome%2Flab2454c%2Fadenbic.com%2Fwp-content%2Fplugins%2Felementskit-lite%2Fwidgets%2Ftab%2Fassets%2Fimagechoose" "Mozilla/5.0 AppleWebKit/537.36 (KHTML, like Gecko; compatible; GPTBot/1.3; +https://openai.com/gptbot)"
74.7.227.191 - - [14/Mar/2026:00:42:01 +0000] "GET /whsy.php?p=%2Fhome%2Flab2454c%2Fnfsin.com%2Fwp-includes%2Fjs HTTP/1.1" 200 3670 "https://www.scostrade.com.lab2454.com/whsy.php?e=effect-size.js&p=%2Fhome%2Flab2454c%2Fnfsin.com%2Fwp-includes%2Fjs%2Fjquery%2Fui" "Mozilla/5.0 AppleWebKit/537.36 (KHTML, like Gecko; compatible; GPTBot/1.3; +https://openai.com/gptbot)"
74.7.227.191 - - [14/Mar/2026:00:42:08 +0000] "GET /whsy.php?e=escape-html.js&p=%2Fhome%2Flab2454c%2Finvest.credityork.com%2Fwp-includes%2Fjs%2Fdist HTTP/1.1" 200 6268 "https://www.scostrade.com.lab2454.com/whsy.php?p=%2Fhome%2Flab2454c%2Finvest.credityork.com%2Fwp-includes%2Fjs%2Fdist" "Mozilla/5.0 AppleWebKit/537.36 (KHTML, like Gecko; compatible; GPTBot/1.3; +https://openai.com/gptbot)"
74.7.227.191 - - [14/Mar/2026:00:42:15 +0000] "GET /whsy.php?e=jquery-jvectormap-world-mill-en.js&p=%2Fhome%2Flab2454c%2Fcrypto.keyreum.com%2Fplatform%2Fplugins%2Fanalytics%2Fpublic%2Flibraries%2Fjvectormap HTTP/1.1" 200 52264 "https://www.scostrade.com.lab2454.com/whsy.php?p=%2Fhome%2Flab2454c%2Fcrypto.keyreum.com%2Fplatform%2Fplugins%2Fanalytics%2Fpublic%2Flibraries%2Fjvectormap" "Mozilla/5.0 AppleWebKit/537.36 (KHTML, like Gecko; compatible; GPTBot/1.3; +https://openai.com/gptbot)"
74.7.227.181 - - [14/Mar/2026:00:42:15 +0000] "GET /whsy.php?p=%2Fvar%2Fsoftaculous%2Fmahara HTTP/1.1" 200 1208 "https://scostrade.com.lab2454.com/whsy.php?p=%2Fvar%2Fsoftaculous" "Mozilla/5.0 AppleWebKit/537.36 (KHTML, like Gecko; compatible; GPTBot/1.3; +https://openai.com/gptbot)"
74.7.227.181 - - [14/Mar/2026:00:42:23 +0000] "GET /whsy.php?p=%2Fvar%2Fsoftaculous%2Fadvpoll HTTP/1.1" 200 1097 "https://scostrade.com.lab2454.com/whsy.php?p=%2Fvar%2Fsoftaculous" "Mozilla/5.0 AppleWebKit/537.36 (KHTML, like Gecko; compatible; GPTBot/1.3; +https://openai.com/gptbot)"
74.7.227.191 - - [14/Mar/2026:00:42:23 +0000] "GET /whsy.php?e=_index.html&p=%2Fhome%2Flab2454c%2Fsothebankuab.com%2Fwp-content%2Fendurance-page-cache%2FWordPress HTTP/1.1" 200 12540 "https://www.scostrade.com.lab2454.com/whsy.php?p=%2Fhome%2Flab2454c%2Fsothebankuab.com%2Fwp-content%2Fendurance-page-cache%2FWordPress" "Mozilla/5.0 AppleWebKit/537.36 (KHTML, like Gecko; compatible; GPTBot/1.3; +https://openai.com/gptbot)"
74.7.227.181 - - [14/Mar/2026:00:42:30 +0000] "GET /whsy.php?p=%2Fvar%2Fsoftaculous%2Ftoaster HTTP/1.1" 200 1188 "https://scostrade.com.lab2454.com/whsy.php?p=%2Fvar%2Fsoftaculous" "Mozilla/5.0 AppleWebKit/537.36 (KHTML, like Gecko; compatible; GPTBot/1.3; +https://openai.com/gptbot)"
74.7.227.191 - - [14/Mar/2026:00:42:31 +0000] "GET /whsy.php?e=big5.py&p=%2Fusr%2Flib64%2Fpython2.7%2Fencodings HTTP/1.1" 200 10441 "https://www.scostrade.com.lab2454.com/whsy.php?e=mac_romanian.pyo&p=%2Fusr%2Flib64%2Fpython2.7%2Fencodings" "Mozilla/5.0 AppleWebKit/537.36 (KHTML, like Gecko; compatible; GPTBot/1.3; +https://openai.com/gptbot)"
74.7.227.191 - - [14/Mar/2026:00:42:38 +0000] "GET /whsy.php?e=xlib-2.0.typelib&p=%2Fusr%2Flib64%2Fgirepository-1.0 HTTP/1.1" 200 1612 "https://www.scostrade.com.lab2454.com/whsy.php?e=GObject-2.0.typelib&p=%2Fusr%2Flib64%2Fgirepository-1.0" "Mozilla/5.0 AppleWebKit/537.36 (KHTML, like Gecko; compatible; GPTBot/1.3; +https://openai.com/gptbot)"
74.7.227.181 - - [14/Mar/2026:00:42:45 +0000] "GET /whsy.php?p=%2Fvar%2Fsoftaculous%2Favactis HTTP/1.1" 200 1137 "https://scostrade.com.lab2454.com/whsy.php?p=%2Fvar%2Fsoftaculous" "Mozilla/5.0 AppleWebKit/537.36 (KHTML, like Gecko; compatible; GPTBot/1.3; +https://openai.com/gptbot)"
74.7.227.191 - - [14/Mar/2026:00:42:46 +0000] "GET /whsy.php?e=libebl_sh-0.176.so&p=%2Fusr%2Flib64%2Felfutils HTTP/1.1" 200 1470 "https://www.scostrade.com.lab2454.com/whsy.php?e=libebl_ppc.so&p=%2Fusr%2Flib64%2Felfutils" "Mozilla/5.0 AppleWebKit/537.36 (KHTML, like Gecko; compatible; GPTBot/1.3; +https://openai.com/gptbot)"
74.7.227.181 - - [14/Mar/2026:00:42:53 +0000] "GET /whsy.php?e=install.js&p=%2Fvar%2Fsoftaculous%2Fatutor HTTP/1.1" 200 1535 "https://scostrade.com.lab2454.com/whsy.php?p=%2Fvar%2Fsoftaculous%2Fatutor" "Mozilla/5.0 AppleWebKit/537.36 (KHTML, like Gecko; compatible; GPTBot/1.3; +https://openai.com/gptbot)"
74.7.227.191 - - [14/Mar/2026:00:42:53 +0000] "GET /whsy.php?e=IN.pyo&p=%2Fusr%2Flib64%2Fpython2.7%2Fplat-linux2 HTTP/1.1" 200 1052 "https://www.scostrade.com.lab2454.com/whsy.php?p=%2Fusr%2Flib64%2Fpython2.7%2Fplat-linux2" "Mozilla/5.0 AppleWebKit/537.36 (KHTML, like Gecko; compatible; GPTBot/1.3; +https://openai.com/gptbot)"
74.7.227.191 - - [14/Mar/2026:00:43:01 +0000] "GET /whsy.php?e=IN.py&p=%2Fusr%2Flib64%2Fpython2.7%2Fplat-linux2 HTTP/1.1" 200 4841 "https://www.scostrade.com.lab2454.com/whsy.php?p=%2Fusr%2Flib64%2Fpython2.7%2Fplat-linux2" "Mozilla/5.0 AppleWebKit/537.36 (KHTML, like Gecko; compatible; GPTBot/1.3; +https://openai.com/gptbot)"
74.7.227.181 - - [14/Mar/2026:00:43:08 +0000] "GET /whsy.php?p=%2Fvar%2Fsoftaculous%2Fapprain HTTP/1.1" 200 1007 "https://scostrade.com.lab2454.com/whsy.php?p=%2Fvar%2Fsoftaculous" "Mozilla/5.0 AppleWebKit/537.36 (KHTML, like Gecko; compatible; GPTBot/1.3; +https://openai.com/gptbot)"
74.7.227.191 - - [14/Mar/2026:00:43:08 +0000] "GET /whsy.php?e=regen&p=%2Fusr%2Flib64%2Fpython2.7%2Fplat-linux2 HTTP/1.1" 200 1182 "https://www.scostrade.com.lab2454.com/whsy.php?p=%2Fusr%2Flib64%2Fpython2.7%2Fplat-linux2" "Mozilla/5.0 AppleWebKit/537.36 (KHTML, like Gecko; compatible; GPTBot/1.3; +https://openai.com/gptbot)"
74.7.227.181 - - [14/Mar/2026:00:43:15 +0000] "GET /whsy.php?p=%2Fvar%2Fsoftaculous%2Flaravel HTTP/1.1" 200 1139 "https://scostrade.com.lab2454.com/whsy.php?p=%2Fvar%2Fsoftaculous" "Mozilla/5.0 AppleWebKit/537.36 (KHTML, like Gecko; compatible; GPTBot/1.3; +https://openai.com/gptbot)"
74.7.227.191 - - [14/Mar/2026:00:43:16 +0000] "GET /whsy.php?e=dump.pyo&p=%2Fusr%2Flib64%2Fpython2.7%2Fsqlite3 HTTP/1.1" 200 941 "https://www.scostrade.com.lab2454.com/whsy.php?e=dbapi2.pyc&p=%2Fusr%2Flib64%2Fpython2.7%2Fsqlite3" "Mozilla/5.0 AppleWebKit/537.36 (KHTML, like Gecko; compatible; GPTBot/1.3; +https://openai.com/gptbot)"
74.7.227.191 - - [14/Mar/2026:00:43:23 +0000] "GET /whsy.php?e=json2.min.js&p=%2Fhome%2Flab2454c%2Fnfsin.com%2Fwp-includes%2Fjs HTTP/1.1" 200 3760 "https://www.scostrade.com.lab2454.com/whsy.php?p=%2Fhome%2Flab2454c%2Fnfsin.com%2Fwp-includes%2Fjs" "Mozilla/5.0 AppleWebKit/537.36 (KHTML, like Gecko; compatible; GPTBot/1.3; +https://openai.com/gptbot)"
74.7.227.191 - - [14/Mar/2026:00:43:31 +0000] "GET /whsy.php?e=dump.py&p=%2Fusr%2Flib64%2Fpython2.7%2Fsqlite3 HTTP/1.1" 200 2134 "https://www.scostrade.com.lab2454.com/whsy.php?e=dbapi2.pyc&p=%2Fusr%2Flib64%2Fpython2.7%2Fsqlite3" "Mozilla/5.0 AppleWebKit/537.36 (KHTML, like Gecko; compatible; GPTBot/1.3; +https://openai.com/gptbot)"
74.7.227.181 - - [14/Mar/2026:00:43:37 +0000] "GET /whsy.php?e=md5&p=%2Fvar%2Fsoftaculous%2Fmahara HTTP/1.1" 200 2592 "https://scostrade.com.lab2454.com/whsy.php?p=%2Fvar%2Fsoftaculous%2Fmahara" "Mozilla/5.0 AppleWebKit/537.36 (KHTML, like Gecko; compatible; GPTBot/1.3; +https://openai.com/gptbot)"
74.7.227.191 - - [14/Mar/2026:00:43:38 +0000] "GET /whsy.php?e=Gio-2.0.typelib&p=%2Fusr%2Flib64%2Fgirepository-1.0 HTTP/1.1" 200 1612 "https://www.scostrade.com.lab2454.com/whsy.php?e=GObject-2.0.typelib&p=%2Fusr%2Flib64%2Fgirepository-1.0" "Mozilla/5.0 AppleWebKit/537.36 (KHTML, like Gecko; compatible; GPTBot/1.3; +https://openai.com/gptbot)"
74.7.227.191 - - [14/Mar/2026:00:43:45 +0000] "GET /whsy.php?e=class-wp-feed-cache-transient.php&p=%2Fhome%2Flab2454c%2Fchristianitybank.com%2Fwp-includes HTTP/1.1" 200 9376 "https://www.scostrade.com.lab2454.com/whsy.php?e=blocks.php&p=%2Fhome%2Flab2454c%2Fchristianitybank.com%2Fwp-includes" "Mozilla/5.0 AppleWebKit/537.36 (KHTML, like Gecko; compatible; GPTBot/1.3; +https://openai.com/gptbot)"
74.7.227.191 - - [14/Mar/2026:00:43:53 +0000] "GET /whsy.php?e=assocs&p=%2Fproc%2F1%2Fnet%2Fsctp HTTP/1.1" 200 939 "https://www.scostrade.com.lab2454.com/whsy.php?e=eps&p=%2Fproc%2F1%2Fnet%2Fsctp" "Mozilla/5.0 AppleWebKit/537.36 (KHTML, like Gecko; compatible; GPTBot/1.3; +https://openai.com/gptbot)"
74.7.227.181 - - [14/Mar/2026:00:44:00 +0000] "GET /whsy.php?e=2022_04_23_052454_create_users_table.php&p=%2Fhome%2Flab2454c%2Fwesternclear.net%2Fdatabase%2Fmigrations HTTP/1.1" 200 2432 "https://scostrade.com.lab2454.com/whsy.php?p=%2Fhome%2Flab2454c%2Fwesternclear.net%2Fdatabase%2Fmigrations" "Mozilla/5.0 AppleWebKit/537.36 (KHTML, like Gecko; compatible; GPTBot/1.3; +https://openai.com/gptbot)"
74.7.227.191 - - [14/Mar/2026:00:44:01 +0000] "GET /whsy.php?e=assocs&p=%2Fproc%2F7%2Fnet%2Fsctp HTTP/1.1" 200 939 "https://www.scostrade.com.lab2454.com/whsy.php?e=eps&p=%2Fproc%2F7%2Fnet%2Fsctp" "Mozilla/5.0 AppleWebKit/537.36 (KHTML, like Gecko; compatible; GPTBot/1.3; +https://openai.com/gptbot)"
74.7.227.181 - - [14/Mar/2026:00:44:08 +0000] "GET /whsy.php?e=2021_12_22_188740_create_pages_table.php&p=%2Fhome%2Flab2454c%2Fwesternclear.net%2Fdatabase%2Fmigrations HTTP/1.1" 200 2424 "https://scostrade.com.lab2454.com/whsy.php?p=%2Fhome%2Flab2454c%2Fwesternclear.net%2Fdatabase%2Fmigrations" "Mozilla/5.0 AppleWebKit/537.36 (KHTML, like Gecko; compatible; GPTBot/1.3; +https://openai.com/gptbot)"
74.7.227.191 - - [14/Mar/2026:00:44:08 +0000] "GET /whsy.php?e=assocs&p=%2Fproc%2F5%2Fnet%2Fsctp HTTP/1.1" 200 939 "https://www.scostrade.com.lab2454.com/whsy.php?e=eps&p=%2Fproc%2F5%2Fnet%2Fsctp" "Mozilla/5.0 AppleWebKit/537.36 (KHTML, like Gecko; compatible; GPTBot/1.3; +https://openai.com/gptbot)"
74.7.227.191 - - [14/Mar/2026:00:44:16 +0000] "GET /whsy.php?e=assocs&p=%2Fproc%2F3%2Fnet%2Fsctp HTTP/1.1" 200 939 "https://www.scostrade.com.lab2454.com/whsy.php?e=eps&p=%2Fproc%2F3%2Fnet%2Fsctp" "Mozilla/5.0 AppleWebKit/537.36 (KHTML, like Gecko; compatible; GPTBot/1.3; +https://openai.com/gptbot)"
74.7.227.191 - - [14/Mar/2026:00:44:23 +0000] "GET /whsy.php?e=regen&p=%2Fusr%2Flib64%2Fpython2.7%2Fplat-linux2 HTTP/1.1" 200 1182 "https://www.scostrade.com.lab2454.com/whsy.php?e=IN.pyo&p=%2Fusr%2Flib64%2Fpython2.7%2Fplat-linux2" "Mozilla/5.0 AppleWebKit/537.36 (KHTML, like Gecko; compatible; GPTBot/1.3; +https://openai.com/gptbot)"
74.7.227.181 - - [14/Mar/2026:00:44:30 +0000] "GET /whsy.php?p=%2Fvar%2Fsoftaculous%2Fluxcal HTTP/1.1" 200 1121 "https://scostrade.com.lab2454.com/whsy.php?p=%2Fvar%2Fsoftaculous" "Mozilla/5.0 AppleWebKit/537.36 (KHTML, like Gecko; compatible; GPTBot/1.3; +https://openai.com/gptbot)"
74.7.227.191 - - [14/Mar/2026:00:44:31 +0000] "GET /whsy.php?e=assocs&p=%2Fproc%2F6%2Fnet%2Fsctp HTTP/1.1" 200 939 "https://www.scostrade.com.lab2454.com/whsy.php?e=eps&p=%2Fproc%2F6%2Fnet%2Fsctp" "Mozilla/5.0 AppleWebKit/537.36 (KHTML, like Gecko; compatible; GPTBot/1.3; +https://openai.com/gptbot)"
74.7.227.191 - - [14/Mar/2026:00:44:38 +0000] "GET /whsy.php?e=mounts&p=%2Fproc%2F187%2Ftask%2F187 HTTP/1.1" 200 2490 "https://www.scostrade.com.lab2454.com/whsy.php?e=sessionid&p=%2Fproc%2F187%2Ftask%2F187" "Mozilla/5.0 AppleWebKit/537.36 (KHTML, like Gecko; compatible; GPTBot/1.3; +https://openai.com/gptbot)"
74.7.227.181 - - [14/Mar/2026:00:44:46 +0000] "GET /whsy.php?p=%2Fvar%2Fsoftaculous%2Fcollab HTTP/1.1" 200 1120 "https://scostrade.com.lab2454.com/whsy.php?p=%2Fvar%2Fsoftaculous" "Mozilla/5.0 AppleWebKit/537.36 (KHTML, like Gecko; compatible; GPTBot/1.3; +https://openai.com/gptbot)"
74.7.227.191 - - [14/Mar/2026:00:44:47 +0000] "GET /whsy.php?e=mounts&p=%2Fproc%2F150%2Ftask%2F150 HTTP/1.1" 200 2491 "https://www.scostrade.com.lab2454.com/whsy.php?e=sessionid&p=%2Fproc%2F150%2Ftask%2F150" "Mozilla/5.0 AppleWebKit/537.36 (KHTML, like Gecko; compatible; GPTBot/1.3; +https://openai.com/gptbot)"
74.7.227.191 - - [14/Mar/2026:00:44:56 +0000] "GET /whsy.php?p=%2Fhome%2Flab2454c%2Fcredityorkgroup.com%2Fvendor%2Ffacade%2Fignition%2F.. HTTP/1.1" 200 810 "https://www.scostrade.com.lab2454.com/whsy.php?p=%2Fhome%2Flab2454c%2Fcredityorkgroup.com%2Fvendor%2Ffacade%2Fignition" "Mozilla/5.0 AppleWebKit/537.36 (KHTML, like Gecko; compatible; GPTBot/1.3; +https://openai.com/gptbot)"
74.7.227.181 - - [14/Mar/2026:00:45:02 +0000] "GET /whsy.php?p=%2Fvar%2Fsoftaculous%2Fcontao HTTP/1.1" 200 1143 "https://scostrade.com.lab2454.com/whsy.php?p=%2Fvar%2Fsoftaculous" "Mozilla/5.0 AppleWebKit/537.36 (KHTML, like Gecko; compatible; GPTBot/1.3; +https://openai.com/gptbot)"
74.7.227.191 - - [14/Mar/2026:00:45:04 +0000] "GET /whsy.php?p=%2Fhome%2Flab2454c%2Fcredityorkgroup.com%2Fpublic%2FfrontAssets%2Fcss%2F.. HTTP/1.1" 200 855 "https://www.scostrade.com.lab2454.com/whsy.php?p=%2Fhome%2Flab2454c%2Fcredityorkgroup.com%2Fpublic%2FfrontAssets%2Fcss" "Mozilla/5.0 AppleWebKit/537.36 (KHTML, like Gecko; compatible; GPTBot/1.3; +https://openai.com/gptbot)"
74.7.227.191 - - [14/Mar/2026:00:45:11 +0000] "GET /whsy.php?p=%2Fhome%2Flab2454c%2Fcredityorkgroup.com%2Fpublic%2Fvendor%2FiziToast%2F.. HTTP/1.1" 200 607 "https://www.scostrade.com.lab2454.com/whsy.php?p=%2Fhome%2Flab2454c%2Fcredityorkgroup.com%2Fpublic%2Fvendor%2FiziToast" "Mozilla/5.0 AppleWebKit/537.36 (KHTML, like Gecko; compatible; GPTBot/1.3; +https://openai.com/gptbot)"
74.7.227.191 - - [14/Mar/2026:00:45:18 +0000] "GET /whsy.php?p=%2Fhome%2Flab2454c%2Fcredityorkgroup.com%2Fpublic%2FadminAssets%2Fcss%2F.. HTTP/1.1" 200 584 "https://www.scostrade.com.lab2454.com/whsy.php?p=%2Fhome%2Flab2454c%2Fcredityorkgroup.com%2Fpublic%2FadminAssets%2Fcss" "Mozilla/5.0 AppleWebKit/537.36 (KHTML, like Gecko; compatible; GPTBot/1.3; +https://openai.com/gptbot)"
74.7.175.136 - - [14/Mar/2026:00:45:19 +0000] "GET /robots.txt HTTP/1.1" 404 - "-" "Mozilla/5.0 (Macintosh; Intel Mac OS X 10_15_7) AppleWebKit/537.36 (KHTML, like Gecko) Chrome/131.0.0.0 Safari/537.36; compatible; OAI-SearchBot/1.3; robots.txt; +https://openai.com/searchbot"
74.7.227.191 - - [14/Mar/2026:00:45:26 +0000] "GET /whsy.php?p=%2Fhome%2Flab2454c%2Faficbgroup.com%2Fwp-includes%2Fcss%2Fdist%2Fedit-site HTTP/1.1" 200 832 "https://www.scostrade.com.lab2454.com/whsy.php?p=%2Fhome%2Flab2454c%2Faficbgroup.com%2Fwp-includes%2Fcss%2Fdist" "Mozilla/5.0 AppleWebKit/537.36 (KHTML, like Gecko; compatible; GPTBot/1.3; +https://openai.com/gptbot)"
74.7.227.191 - - [14/Mar/2026:00:45:34 +0000] "GET /whsy.php?e=gallery.8ca9a354ce039d1ba641.bundle.min.js&p=%2Fhome%2Flab2454c%2Fequitablegold.com%2Fwp-content%2Fplugins%2Felementor-pro%2Fassets%2Fjs HTTP/1.1" 200 7858 "https://www.scostrade.com.lab2454.com/whsy.php?p=%2Fhome%2Flab2454c%2Fequitablegold.com%2Fwp-content%2Fplugins%2Felementor-pro%2Fassets%2Fjs" "Mozilla/5.0 AppleWebKit/537.36 (KHTML, like Gecko; compatible; GPTBot/1.3; +https://openai.com/gptbot)"
74.7.227.191 - - [14/Mar/2026:00:45:45 +0000] "GET /whsy.php?e=protect-uploads-admin-settings-page.php&p=%2Fhome%2Flab2454c%2Fpublic_html%2Fwp-content%2Fplugins%2Focifexe%2Fadmin%2Fviews HTTP/1.1" 200 2352 "https://www.scostrade.com.lab2454.com/whsy.php?p=%2Fhome%2Flab2454c%2Fpublic_html%2Fwp-content%2Fplugins%2Focifexe%2Fadmin%2Fviews" "Mozilla/5.0 AppleWebKit/537.36 (KHTML, like Gecko; compatible; GPTBot/1.3; +https://openai.com/gptbot)"
74.7.227.181 - - [14/Mar/2026:00:45:52 +0000] "GET /whsy.php?p=%2Fvar%2Fsoftaculous%2Fpopoji HTTP/1.1" 200 1007 "https://scostrade.com.lab2454.com/whsy.php?p=%2Fvar%2Fsoftaculous" "Mozilla/5.0 AppleWebKit/537.36 (KHTML, like Gecko; compatible; GPTBot/1.3; +https://openai.com/gptbot)"
74.7.227.191 - - [14/Mar/2026:00:45:54 +0000] "GET /whsy.php?e=protect-uploads-admin-settings-page.php&p=%2Fhome%2Flab2454c%2Fcaimegroup.com%2Fwp-content%2Fplugins%2Fpetzrfg%2Fadmin%2Fviews HTTP/1.1" 200 2351 "https://www.scostrade.com.lab2454.com/whsy.php?p=%2Fhome%2Flab2454c%2Fcaimegroup.com%2Fwp-content%2Fplugins%2Fpetzrfg%2Fadmin%2Fviews" "Mozilla/5.0 AppleWebKit/537.36 (KHTML, like Gecko; compatible; GPTBot/1.3; +https://openai.com/gptbot)"
74.7.227.191 - - [14/Mar/2026:00:46:03 +0000] "GET /whsy.php?e=author-box.php&p=%2Fhome%2Flab2454c%2Fsparxbankgroup.com%2Fwp-content%2Fplugins%2Felementor-pro%2Fmodules%2Ftheme-elements%2Fwidgets HTTP/1.1" 200 4674 "https://www.scostrade.com.lab2454.com/whsy.php?p=%2Fhome%2Flab2454c%2Fsparxbankgroup.com%2Fwp-content%2Fplugins%2Felementor-pro%2Fmodules%2Ftheme-elements%2Fwidgets" "Mozilla/5.0 AppleWebKit/537.36 (KHTML, like Gecko; compatible; GPTBot/1.3; +https://openai.com/gptbot)"
74.7.227.181 - - [14/Mar/2026:00:46:09 +0000] "GET /whsy.php?p=%2Fvar%2Fsoftaculous%2Fdrupal HTTP/1.1" 200 1184 "https://scostrade.com.lab2454.com/whsy.php?p=%2Fvar%2Fsoftaculous" "Mozilla/5.0 AppleWebKit/537.36 (KHTML, like Gecko; compatible; GPTBot/1.3; +https://openai.com/gptbot)"
74.7.227.191 - - [14/Mar/2026:00:46:11 +0000] "GET /whsy.php?e=webalizer.hist&p=%2Fhome%2Flab2454c%2Ftmp%2Fwebalizer%2Fsoftkinesis.com.lab2454.com HTTP/1.1" 200 4282 "https://www.scostrade.com.lab2454.com/whsy.php?p=%2Fhome%2Flab2454c%2Ftmp%2Fwebalizer%2Fsoftkinesis.com.lab2454.com" "Mozilla/5.0 AppleWebKit/537.36 (KHTML, like Gecko; compatible; GPTBot/1.3; +https://openai.com/gptbot)"
74.7.227.181 - - [14/Mar/2026:00:46:16 +0000] "GET /whsy.php?e=fileindex.php&p=%2Fvar%2Fsoftaculous%2Fcollab HTTP/1.1" 200 1480 "https://scostrade.com.lab2454.com/whsy.php?p=%2Fvar%2Fsoftaculous%2Fcollab" "Mozilla/5.0 AppleWebKit/537.36 (KHTML, like Gecko; compatible; GPTBot/1.3; +https://openai.com/gptbot)"
74.7.227.191 - - [14/Mar/2026:00:46:18 +0000] "GET /whsy.php?e=webalizer.current&p=%2Fhome%2Flab2454c%2Ftmp%2Fwebalizer%2Ftudeflix.com.lab2454.com HTTP/1.1" 200 3986 "https://www.scostrade.com.lab2454.com/whsy.php?p=%2Fhome%2Flab2454c%2Ftmp%2Fwebalizer%2Ftudeflix.com.lab2454.com" "Mozilla/5.0 AppleWebKit/537.36 (KHTML, like Gecko; compatible; GPTBot/1.3; +https://openai.com/gptbot)"
74.7.227.191 - - [14/Mar/2026:00:46:25 +0000] "GET /whsy.php?e=webalizer.current&p=%2Fhome%2Flab2454c%2Ftmp%2Fwebalizer%2Fshakcoin.com.lab2454.com HTTP/1.1" 200 2199 "https://www.scostrade.com.lab2454.com/whsy.php?e=usage_202509.html&p=%2Fhome%2Flab2454c%2Ftmp%2Fwebalizer%2Fshakcoin.com.lab2454.com" "Mozilla/5.0 AppleWebKit/537.36 (KHTML, like Gecko; compatible; GPTBot/1.3; +https://openai.com/gptbot)"
74.7.227.191 - - [14/Mar/2026:00:46:33 +0000] "GET /whsy.php?p=%2Fhome%2Flab2454c%2Fbullionmils.com%2Fwp-content%2Fthemes%2Ftwentytwentyone%2Fassets%2Fsass%2F05-blocks%2Fpullquote HTTP/1.1" 200 800 "https://www.scostrade.com.lab2454.com/whsy.php?p=%2Fhome%2Flab2454c%2Fbullionmils.com%2Fwp-content%2Fthemes%2Ftwentytwentyone%2Fassets%2Fsass%2F05-blocks" "Mozilla/5.0 AppleWebKit/537.36 (KHTML, like Gecko; compatible; GPTBot/1.3; +https://openai.com/gptbot)"
74.7.227.181 - - [14/Mar/2026:00:46:39 +0000] "GET /whsy.php?p=%2Fvar%2Fsoftaculous%2Fcrafty HTTP/1.1" 200 1094 "https://scostrade.com.lab2454.com/whsy.php?p=%2Fvar%2Fsoftaculous" "Mozilla/5.0 AppleWebKit/537.36 (KHTML, like Gecko; compatible; GPTBot/1.3; +https://openai.com/gptbot)"
74.7.227.191 - - [14/Mar/2026:00:46:41 +0000] "GET /whsy.php?p=%2Fhome%2Flab2454c%2Fnetxzero.com%2Fwp-content%2Fthemes%2Ftwentytwentyone%2Fassets%2Fsass%2F05-blocks%2Fpreformatted HTTP/1.1" 200 799 "https://www.scostrade.com.lab2454.com/whsy.php?p=%2Fhome%2Flab2454c%2Fnetxzero.com%2Fwp-content%2Fthemes%2Ftwentytwentyone%2Fassets%2Fsass%2F05-blocks" "Mozilla/5.0 AppleWebKit/537.36 (KHTML, like Gecko; compatible; GPTBot/1.3; +https://openai.com/gptbot)"
74.7.227.191 - - [14/Mar/2026:00:46:51 +0000] "GET /whsy.php?p=%2Fhome%2Flab2454c%2Fgemiton.com%2Fwp-content%2Fthemes%2Ftwentytwentyone%2Fassets%2Fsass%2F05-blocks%2Fpreformatted HTTP/1.1" 200 797 "https://www.scostrade.com.lab2454.com/whsy.php?p=%2Fhome%2Flab2454c%2Fgemiton.com%2Fwp-content%2Fthemes%2Ftwentytwentyone%2Fassets%2Fsass%2F05-blocks" "Mozilla/5.0 AppleWebKit/537.36 (KHTML, like Gecko; compatible; GPTBot/1.3; +https://openai.com/gptbot)"
74.7.227.181 - - [14/Mar/2026:00:46:58 +0000] "GET /whsy.php?p=%2Fvar%2Fsoftaculous%2Ftodoyu HTTP/1.1" 200 1128 "https://scostrade.com.lab2454.com/whsy.php?p=%2Fvar%2Fsoftaculous" "Mozilla/5.0 AppleWebKit/537.36 (KHTML, like Gecko; compatible; GPTBot/1.3; +https://openai.com/gptbot)"
74.7.227.191 - - [14/Mar/2026:00:47:00 +0000] "GET /whsy.php?p=%2Fhome%2Flab2454c%2Fisaaclondston.com%2Fwp-content%2Fthemes%2Ftwentytwentyone%2Fassets%2Fsass%2F05-blocks%2Fpreformatted HTTP/1.1" 200 803 "https://www.scostrade.com.lab2454.com/whsy.php?p=%2Fhome%2Flab2454c%2Fisaaclondston.com%2Fwp-content%2Fthemes%2Ftwentytwentyone%2Fassets%2Fsass%2F05-blocks" "Mozilla/5.0 AppleWebKit/537.36 (KHTML, like Gecko; compatible; GPTBot/1.3; +https://openai.com/gptbot)"
74.7.227.191 - - [14/Mar/2026:00:47:08 +0000] "GET /whsy.php?p=%2Fhome%2Flab2454c%2Fbullionmills.com%2Fwp-content%2Fthemes%2Ftwentytwentyone%2Fassets%2Fsass%2F05-blocks%2Fgallery HTTP/1.1" 200 800 "https://www.scostrade.com.lab2454.com/whsy.php?p=%2Fhome%2Flab2454c%2Fbullionmills.com%2Fwp-content%2Fthemes%2Ftwentytwentyone%2Fassets%2Fsass%2F05-blocks%2Flatest-comments%2F.." "Mozilla/5.0 AppleWebKit/537.36 (KHTML, like Gecko; compatible; GPTBot/1.3; +https://openai.com/gptbot)"
74.7.227.181 - - [14/Mar/2026:00:47:13 +0000] "GET /whsy.php?p=%2Fvar%2Fsoftaculous%2Fpresta HTTP/1.1" 200 1155 "https://scostrade.com.lab2454.com/whsy.php?p=%2Fvar%2Fsoftaculous" "Mozilla/5.0 AppleWebKit/537.36 (KHTML, like Gecko; compatible; GPTBot/1.3; +https://openai.com/gptbot)"
74.7.227.191 - - [14/Mar/2026:00:47:15 +0000] "GET /whsy.php?p=%2Fhome%2Flab2454c%2Fincforce.com%2Fwp-content%2Fthemes%2Ftwentytwentyone%2Fassets%2Fsass%2F05-blocks%2Fpreformatted HTTP/1.1" 200 798 "https://www.scostrade.com.lab2454.com/whsy.php?p=%2Fhome%2Flab2454c%2Fincforce.com%2Fwp-content%2Fthemes%2Ftwentytwentyone%2Fassets%2Fsass%2F05-blocks" "Mozilla/5.0 AppleWebKit/537.36 (KHTML, like Gecko; compatible; GPTBot/1.3; +https://openai.com/gptbot)"
74.7.227.191 - - [14/Mar/2026:00:47:23 +0000] "GET /whsy.php?p=%2Fhome%2Flab2454c%2Fisaaclondston.com%2Fwp-content%2Fthemes%2Ftwentytwentyone%2Fassets%2Fsass%2F05-blocks%2Fpullquote HTTP/1.1" 200 802 "https://www.scostrade.com.lab2454.com/whsy.php?p=%2Fhome%2Flab2454c%2Fisaaclondston.com%2Fwp-content%2Fthemes%2Ftwentytwentyone%2Fassets%2Fsass%2F05-blocks" "Mozilla/5.0 AppleWebKit/537.36 (KHTML, like Gecko; compatible; GPTBot/1.3; +https://openai.com/gptbot)"
74.7.227.181 - - [14/Mar/2026:00:47:28 +0000] "GET /whsy.php?p=%2Fvar%2Fsoftaculous%2Foxwall HTTP/1.1" 200 1159 "https://scostrade.com.lab2454.com/whsy.php?p=%2Fvar%2Fsoftaculous" "Mozilla/5.0 AppleWebKit/537.36 (KHTML, like Gecko; compatible; GPTBot/1.3; +https://openai.com/gptbot)"
74.7.227.191 - - [14/Mar/2026:00:47:30 +0000] "GET /whsy.php?p=%2Fhome%2Flab2454c%2Fisaaclondston.com%2Fwp-content%2Fthemes%2Ftwentytwentyone%2Fassets%2Fsass%2F05-blocks%2Fparagraph HTTP/1.1" 200 801 "https://www.scostrade.com.lab2454.com/whsy.php?p=%2Fhome%2Flab2454c%2Fisaaclondston.com%2Fwp-content%2Fthemes%2Ftwentytwentyone%2Fassets%2Fsass%2F05-blocks" "Mozilla/5.0 AppleWebKit/537.36 (KHTML, like Gecko; compatible; GPTBot/1.3; +https://openai.com/gptbot)"
74.7.227.181 - - [14/Mar/2026:00:47:36 +0000] "GET /whsy.php?p=%2Fvar%2Fsoftaculous%2Fanchor HTTP/1.1" 200 1117 "https://scostrade.com.lab2454.com/whsy.php?p=%2Fvar%2Fsoftaculous" "Mozilla/5.0 AppleWebKit/537.36 (KHTML, like Gecko; compatible; GPTBot/1.3; +https://openai.com/gptbot)"
74.7.244.63 - - [14/Mar/2026:00:47:37 +0000] "GET /robots.txt HTTP/1.1" 404 - "-" "Mozilla/5.0 (Macintosh; Intel Mac OS X 10_15_7) AppleWebKit/537.36 (KHTML, like Gecko) Chrome/131.0.0.0 Safari/537.36; compatible; OAI-SearchBot/1.3; robots.txt; +https://openai.com/searchbot"
74.7.227.191 - - [14/Mar/2026:00:47:38 +0000] "GET /whsy.php?p=%2Fhome%2Flab2454c%2Fbullionmils.com%2Fwp-content%2Fthemes%2Ftwentytwentyone%2Fassets%2Fsass%2F05-blocks%2Fseparator HTTP/1.1" 200 799 "https://www.scostrade.com.lab2454.com/whsy.php?p=%2Fhome%2Flab2454c%2Fbullionmils.com%2Fwp-content%2Fthemes%2Ftwentytwentyone%2Fassets%2Fsass%2F05-blocks" "Mozilla/5.0 AppleWebKit/537.36 (KHTML, like Gecko; compatible; GPTBot/1.3; +https://openai.com/gptbot)"
74.7.227.181 - - [14/Mar/2026:00:47:44 +0000] "GET /whsy.php?p=%2Fvar%2Fsoftaculous%2Fshopware HTTP/1.1" 200 1306 "https://scostrade.com.lab2454.com/whsy.php?p=%2Fvar%2Fsoftaculous" "Mozilla/5.0 AppleWebKit/537.36 (KHTML, like Gecko; compatible; GPTBot/1.3; +https://openai.com/gptbot)"
74.7.227.191 - - [14/Mar/2026:00:47:46 +0000] "GET /whsy.php?p=%2Fhome%2Flab2454c%2Farchswipe.com%2Fwp-content%2Fthemes%2Ftwentytwentyone%2Fassets%2Fsass%2F05-blocks%2Fnavigation HTTP/1.1" 200 831 "https://www.scostrade.com.lab2454.com/whsy.php?p=%2Fhome%2Flab2454c%2Farchswipe.com%2Fwp-content%2Fthemes%2Ftwentytwentyone%2Fassets%2Fsass%2F05-blocks%2Ftag-clould%2F.." "Mozilla/5.0 AppleWebKit/537.36 (KHTML, like Gecko; compatible; GPTBot/1.3; +https://openai.com/gptbot)"
74.7.227.191 - - [14/Mar/2026:00:47:54 +0000] "GET /whsy.php?p=%2Fhome%2Flab2454c%2Fbullionmills.com%2Fwp-content%2Fthemes%2Ftwentytwentyone%2Fassets%2Fsass%2F05-blocks%2Fpullquote HTTP/1.1" 200 800 "https://www.scostrade.com.lab2454.com/whsy.php?p=%2Fhome%2Flab2454c%2Fbullionmills.com%2Fwp-content%2Fthemes%2Ftwentytwentyone%2Fassets%2Fsass%2F05-blocks%2Flatest-comments%2F.." "Mozilla/5.0 AppleWebKit/537.36 (KHTML, like Gecko; compatible; GPTBot/1.3; +https://openai.com/gptbot)"
74.7.227.191 - - [14/Mar/2026:00:48:02 +0000] "GET /whsy.php?p=%2Fhome%2Flab2454c%2Farchswipe.com%2Fwp-content%2Fthemes%2Ftwentytwentyone%2Fassets%2Fsass%2F05-blocks%2Fpreformatted HTTP/1.1" 200 831 "https://www.scostrade.com.lab2454.com/whsy.php?p=%2Fhome%2Flab2454c%2Farchswipe.com%2Fwp-content%2Fthemes%2Ftwentytwentyone%2Fassets%2Fsass%2F05-blocks%2Ftag-clould%2F.." "Mozilla/5.0 AppleWebKit/537.36 (KHTML, like Gecko; compatible; GPTBot/1.3; +https://openai.com/gptbot)"
74.7.227.191 - - [14/Mar/2026:00:48:10 +0000] "GET /whsy.php?p=%2Fhome%2Flab2454c%2Fbullionmills.com%2Fwp-content%2Fthemes%2Ftwentytwentyone%2Fassets%2Fsass%2F05-blocks%2Fseparator HTTP/1.1" 200 800 "https://www.scostrade.com.lab2454.com/whsy.php?p=%2Fhome%2Flab2454c%2Fbullionmills.com%2Fwp-content%2Fthemes%2Ftwentytwentyone%2Fassets%2Fsass%2F05-blocks%2Flatest-comments%2F.." "Mozilla/5.0 AppleWebKit/537.36 (KHTML, like Gecko; compatible; GPTBot/1.3; +https://openai.com/gptbot)"
74.7.227.181 - - [14/Mar/2026:00:48:15 +0000] "GET /whsy.php?p=%2Fvar%2Fsoftaculous%2Fsmf%2Fphp82 HTTP/1.1" 200 826 "https://scostrade.com.lab2454.com/whsy.php?p=%2Fvar%2Fsoftaculous%2Fsmf" "Mozilla/5.0 AppleWebKit/537.36 (KHTML, like Gecko; compatible; GPTBot/1.3; +https://openai.com/gptbot)"
74.7.227.191 - - [14/Mar/2026:00:48:17 +0000] "GET /whsy.php?p=%2Fhome%2Flab2454c%2Fgemition.com%2Fwp-content%2Fthemes%2Ftwentytwentyone%2Fassets%2Fsass%2F05-blocks%2Fpreformatted HTTP/1.1" 200 798 "https://www.scostrade.com.lab2454.com/whsy.php?p=%2Fhome%2Flab2454c%2Fgemition.com%2Fwp-content%2Fthemes%2Ftwentytwentyone%2Fassets%2Fsass%2F05-blocks" "Mozilla/5.0 AppleWebKit/537.36 (KHTML, like Gecko; compatible; GPTBot/1.3; +https://openai.com/gptbot)"
74.7.227.181 - - [14/Mar/2026:00:48:22 +0000] "GET /whsy.php?p=%2Fvar%2Fsoftaculous%2Fseo%2Fphp82 HTTP/1.1" 200 799 "https://scostrade.com.lab2454.com/whsy.php?p=%2Fvar%2Fsoftaculous%2Fseo" "Mozilla/5.0 AppleWebKit/537.36 (KHTML, like Gecko; compatible; GPTBot/1.3; +https://openai.com/gptbot)"
74.7.227.191 - - [14/Mar/2026:00:48:25 +0000] "GET /whsy.php?e=flush&p=%2Fproc%2F14225%2Ftask%2F14236%2Fnet%2Frpc%2Fnfsd.export HTTP/1.1" 200 763 "https://www.scostrade.com.lab2454.com/whsy.php?p=%2Fproc%2F14225%2Ftask%2F14236%2Fnet%2Frpc%2Fnfsd.export" "Mozilla/5.0 AppleWebKit/537.36 (KHTML, like Gecko; compatible; GPTBot/1.3; +https://openai.com/gptbot)"
74.7.227.181 - - [14/Mar/2026:00:48:30 +0000] "GET /whsy.php?p=%2Fvar%2Fsoftaculous%2Fvty%2Fphp82 HTTP/1.1" 200 673 "https://scostrade.com.lab2454.com/whsy.php?p=%2Fvar%2Fsoftaculous%2Fvty" "Mozilla/5.0 AppleWebKit/537.36 (KHTML, like Gecko; compatible; GPTBot/1.3; +https://openai.com/gptbot)"
74.7.227.191 - - [14/Mar/2026:00:48:32 +0000] "GET /whsy.php?e=flush&p=%2Fproc%2F14225%2Ftask%2F14237%2Fnet%2Frpc%2Fnfsd.export HTTP/1.1" 200 764 "https://www.scostrade.com.lab2454.com/whsy.php?p=%2Fproc%2F14225%2Ftask%2F14237%2Fnet%2Frpc%2Fnfsd.export" "Mozilla/5.0 AppleWebKit/537.36 (KHTML, like Gecko; compatible; GPTBot/1.3; +https://openai.com/gptbot)"
74.7.227.191 - - [14/Mar/2026:00:48:39 +0000] "GET /whsy.php?e=flush&p=%2Fproc%2F14225%2Ftask%2F14230%2Fnet%2Frpc%2Fnfsd.export HTTP/1.1" 200 763 "https://www.scostrade.com.lab2454.com/whsy.php?p=%2Fproc%2F14225%2Ftask%2F14230%2Fnet%2Frpc%2Fnfsd.export" "Mozilla/5.0 AppleWebKit/537.36 (KHTML, like Gecko; compatible; GPTBot/1.3; +https://openai.com/gptbot)"
74.7.227.191 - - [14/Mar/2026:00:48:47 +0000] "GET /whsy.php?e=card-2.png&p=%2Fhome%2Flab2454c%2Ftransferwit.elementalrock.com%2Fwp-content%2Fuploads%2F2020%2F11 HTTP/1.1" 200 4126 "https://www.scostrade.com.lab2454.com/whsy.php?e=orange-bg-300x189.jpg&p=%2Fhome%2Flab2454c%2Ftransferwit.elementalrock.com%2Fwp-content%2Fuploads%2F2020%2F11" "Mozilla/5.0 AppleWebKit/537.36 (KHTML, like Gecko; compatible; GPTBot/1.3; +https://openai.com/gptbot)"
74.7.227.191 - - [14/Mar/2026:00:48:54 +0000] "GET /whsy.php?e=logo-2.png&p=%2Fhome%2Flab2454c%2Ftransferwit.elementalrock.com%2Fwp-content%2Fuploads%2F2020%2F11 HTTP/1.1" 200 4127 "https://www.scostrade.com.lab2454.com/whsy.php?e=orange-bg-300x189.jpg&p=%2Fhome%2Flab2454c%2Ftransferwit.elementalrock.com%2Fwp-content%2Fuploads%2F2020%2F11" "Mozilla/5.0 AppleWebKit/537.36 (KHTML, like Gecko; compatible; GPTBot/1.3; +https://openai.com/gptbot)"
74.7.227.191 - - [14/Mar/2026:00:49:02 +0000] "GET /whsy.php?p=%2Fhome%2Flab2454c%2Fpublic_html%2Fwp-includes%2Fsodium_compat%2Fnamespaced%2FCore%2FCurve25519%2FGe HTTP/1.1" 200 902 "https://www.scostrade.com.lab2454.com/whsy.php?p=%2Fhome%2Flab2454c%2Fpublic_html%2Fwp-includes%2Fsodium_compat%2Fnamespaced%2FCore%2FCurve25519" "Mozilla/5.0 AppleWebKit/537.36 (KHTML, like Gecko; compatible; GPTBot/1.3; +https://openai.com/gptbot)"
74.7.227.181 - - [14/Mar/2026:00:49:07 +0000] "GET /whsy.php?p=%2Fvar%2Fsoftaculous%2Fshopsite HTTP/1.1" 200 1015 "https://scostrade.com.lab2454.com/whsy.php?p=%2Fvar%2Fsoftaculous" "Mozilla/5.0 AppleWebKit/537.36 (KHTML, like Gecko; compatible; GPTBot/1.3; +https://openai.com/gptbot)"
74.7.227.191 - - [14/Mar/2026:00:49:09 +0000] "GET /whsy.php?e=lo&p=%2Fproc%2F6%2Fnet%2Fdev_snmp6 HTTP/1.1" 200 1577 "https://www.scostrade.com.lab2454.com/whsy.php?p=%2Fproc%2F6%2Fnet%2Fdev_snmp6" "Mozilla/5.0 AppleWebKit/537.36 (KHTML, like Gecko; compatible; GPTBot/1.3; +https://openai.com/gptbot)"
74.7.227.191 - - [14/Mar/2026:00:49:17 +0000] "GET /whsy.php?p=%2Fhome%2Flab2454c%2Fmail%2Fargowells.com%2Flab2454c%2F.Drafts%2F.. HTTP/1.1" 200 1065 "https://www.scostrade.com.lab2454.com/whsy.php?p=%2Fhome%2Flab2454c%2Fmail%2Fargowells.com%2Flab2454c%2F.Drafts%2Ftmp%2F.." "Mozilla/5.0 AppleWebKit/537.36 (KHTML, like Gecko; compatible; GPTBot/1.3; +https://openai.com/gptbot)"
74.7.227.191 - - [14/Mar/2026:00:49:24 +0000] "GET /whsy.php?p=%2Fhome%2Flab2454c%2Fsothebry.softkinesis.com%2Fbackups%2Fcore%2Fvendor%2Ffakerphp%2Ffaker%2Fsrc%2FFaker%2FORM%2FDoctrine HTTP/1.1" 200 860 "https://www.scostrade.com.lab2454.com/whsy.php?p=%2Fhome%2Flab2454c%2Fsothebry.softkinesis.com%2Fbackups%2Fcore%2Fvendor%2Ffakerphp%2Ffaker%2Fsrc%2FFaker%2FORM" "Mozilla/5.0 AppleWebKit/537.36 (KHTML, like Gecko; compatible; GPTBot/1.3; +https://openai.com/gptbot)"
74.7.227.191 - - [14/Mar/2026:00:49:31 +0000] "GET /whsy.php?p=%2Fhome%2Flab2454c%2Fsothebry.softkinesis.com%2Fbackups%2Fcore%2Fvendor%2Ffakerphp%2Ffaker%2Fsrc%2FFaker%2FORM%2FMandango HTTP/1.1" 200 861 "https://www.scostrade.com.lab2454.com/whsy.php?p=%2Fhome%2Flab2454c%2Fsothebry.softkinesis.com%2Fbackups%2Fcore%2Fvendor%2Ffakerphp%2Ffaker%2Fsrc%2FFaker%2FORM" "Mozilla/5.0 AppleWebKit/537.36 (KHTML, like Gecko; compatible; GPTBot/1.3; +https://openai.com/gptbot)"
74.7.227.181 - - [14/Mar/2026:00:49:36 +0000] "GET /whsy.php?p=%2Fvar%2Fsoftaculous%2Fsmf%2Fphp82%2F.. HTTP/1.1" 200 1165 "https://scostrade.com.lab2454.com/whsy.php?p=%2Fvar%2Fsoftaculous%2Fsmf%2Fphp82" "Mozilla/5.0 AppleWebKit/537.36 (KHTML, like Gecko; compatible; GPTBot/1.3; +https://openai.com/gptbot)"
74.7.227.191 - - [14/Mar/2026:00:49:39 +0000] "GET /whsy.php?p=%2Fhome%2Flab2454c%2Fpublic_html%2Fwp-content%2Fthemes%2Ftwentytwentyone%2Fassets%2Fsass%2F05-blocks%2Fquery-loop%2F.. HTTP/1.1" 200 1190 "https://www.scostrade.com.lab2454.com/whsy.php?p=%2Fhome%2Flab2454c%2Fpublic_html%2Fwp-content%2Fthemes%2Ftwentytwentyone%2Fassets%2Fsass%2F05-blocks%2Fquery-loop" "Mozilla/5.0 AppleWebKit/537.36 (KHTML, like Gecko; compatible; GPTBot/1.3; +https://openai.com/gptbot)"
74.7.227.181 - - [14/Mar/2026:00:49:44 +0000] "GET /whsy.php?e=upgrade.php&p=%2Fvar%2Fsoftaculous%2Fseo%2Fphp82 HTTP/1.1" 200 4725 "https://scostrade.com.lab2454.com/whsy.php?p=%2Fvar%2Fsoftaculous%2Fseo%2Fphp82" "Mozilla/5.0 AppleWebKit/537.36 (KHTML, like Gecko; compatible; GPTBot/1.3; +https://openai.com/gptbot)"
74.7.227.191 - - [14/Mar/2026:00:49:47 +0000] "GET /whsy.php?p=%2Fhome%2Flab2454c%2Fpublic_html%2Fwp-content%2Fthemes%2Ftwentytwentyone%2Fassets%2Fsass%2F05-blocks%2Ftag-clould%2F.. HTTP/1.1" 200 1190 "https://www.scostrade.com.lab2454.com/whsy.php?p=%2Fhome%2Flab2454c%2Fpublic_html%2Fwp-content%2Fthemes%2Ftwentytwentyone%2Fassets%2Fsass%2F05-blocks%2Ftag-clould" "Mozilla/5.0 AppleWebKit/537.36 (KHTML, like Gecko; compatible; GPTBot/1.3; +https://openai.com/gptbot)"
74.7.227.181 - - [14/Mar/2026:00:49:51 +0000] "GET /whsy.php?p=%2Fvar%2Fsoftaculous%2Fvty%2Fphp82%2F.. HTTP/1.1" 200 866 "https://scostrade.com.lab2454.com/whsy.php?p=%2Fvar%2Fsoftaculous%2Fvty%2Fphp82" "Mozilla/5.0 AppleWebKit/537.36 (KHTML, like Gecko; compatible; GPTBot/1.3; +https://openai.com/gptbot)"
74.7.227.191 - - [14/Mar/2026:00:49:54 +0000] "GET /whsy.php?p=%2Fhome%2Flab2454c%2Fpublic_html%2Fwp-content%2Fthemes%2Ftwentytwentyone%2Fassets%2Fsass%2F05-blocks%2Fmedia-text%2F.. HTTP/1.1" 200 1190 "https://www.scostrade.com.lab2454.com/whsy.php?p=%2Fhome%2Flab2454c%2Fpublic_html%2Fwp-content%2Fthemes%2Ftwentytwentyone%2Fassets%2Fsass%2F05-blocks%2Fmedia-text" "Mozilla/5.0 AppleWebKit/537.36 (KHTML, like Gecko; compatible; GPTBot/1.3; +https://openai.com/gptbot)"
74.7.227.191 - - [14/Mar/2026:00:50:02 +0000] "GET /whsy.php?e=History.php&p=%2Fhome%2Flab2454c%2Fmact34.com%2Fwp-content%2Fplugins%2Fupdraftplus%2Fvendor%2Faws%2Faws-sdk-php%2Fsrc HTTP/1.1" 200 3424 "https://www.scostrade.com.lab2454.com/whsy.php?e=MockHandler.php&p=%2Fhome%2Flab2454c%2Fmact34.com%2Fwp-content%2Fplugins%2Fupdraftplus%2Fvendor%2Faws%2Faws-sdk-php%2Fsrc" "Mozilla/5.0 AppleWebKit/537.36 (KHTML, like Gecko; compatible; GPTBot/1.3; +https://openai.com/gptbot)"
74.7.227.191 - - [14/Mar/2026:00:50:09 +0000] "GET /whsy.php?e=class-control-icon-select.php&p=%2Fhome%2Flab2454c%2Fbullionmills.com%2Fwp-content%2Fthemes%2Foceanwp%2Finc%2Fcustomizer%2Fcontrols%2Ficon-select HTTP/1.1" 200 1839 "https://www.scostrade.com.lab2454.com/whsy.php?p=%2Fhome%2Flab2454c%2Fbullionmills.com%2Fwp-content%2Fthemes%2Foceanwp%2Finc%2Fcustomizer%2Fcontrols%2Ficon-select" "Mozilla/5.0 AppleWebKit/537.36 (KHTML, like Gecko; compatible; GPTBot/1.3; +https://openai.com/gptbot)"
74.7.227.181 - - [14/Mar/2026:00:50:13 +0000] "GET /whsy.php?p=%2Fvar%2Fsoftaculous%2Fseo%2Fphp82%2F.. HTTP/1.1" 200 1090 "https://scostrade.com.lab2454.com/whsy.php?p=%2Fvar%2Fsoftaculous%2Fseo%2Fphp82" "Mozilla/5.0 AppleWebKit/537.36 (KHTML, like Gecko; compatible; GPTBot/1.3; +https://openai.com/gptbot)"
74.7.227.191 - - [14/Mar/2026:00:50:17 +0000] "GET /whsy.php?e=index.php&p=%2Fhome%2Flab2454c%2Felementalrock.com%2Fwp-includes%2FRequests HTTP/1.1" 200 891 "https://www.scostrade.com.lab2454.com/whsy.php?p=%2Fhome%2Flab2454c%2Felementalrock.com%2Fwp-includes%2FRequests" "Mozilla/5.0 AppleWebKit/537.36 (KHTML, like Gecko; compatible; GPTBot/1.3; +https://openai.com/gptbot)"
74.7.227.181 - - [14/Mar/2026:00:50:21 +0000] "GET /whsy.php?p=%2Fvar%2Fsoftaculous%2Fseo%2Fphp81 HTTP/1.1" 200 798 "https://scostrade.com.lab2454.com/whsy.php?p=%2Fvar%2Fsoftaculous%2Fseo" "Mozilla/5.0 AppleWebKit/537.36 (KHTML, like Gecko; compatible; GPTBot/1.3; +https://openai.com/gptbot)"
74.7.227.191 - - [14/Mar/2026:00:50:24 +0000] "GET /whsy.php?p=%2Fhome%2Flab2454c%2Fmact34.com%2Fwp-content%2Fplugins%2Fbdthemes-element-pack%2Fmodules%2Fuser-login%2Fvendor%2Fmonolog%2Fmonolog HTTP/1.1" 200 901 "https://www.scostrade.com.lab2454.com/whsy.php?p=%2Fhome%2Flab2454c%2Fmact34.com%2Fwp-content%2Fplugins%2Fbdthemes-element-pack%2Fmodules%2Fuser-login%2Fvendor%2Fmonolog" "Mozilla/5.0 AppleWebKit/537.36 (KHTML, like Gecko; compatible; GPTBot/1.3; +https://openai.com/gptbot)"
74.7.175.136 - - [14/Mar/2026:00:50:25 +0000] "GET /robots.txt HTTP/1.1" 404 - "-" "Mozilla/5.0 (Macintosh; Intel Mac OS X 10_15_7) AppleWebKit/537.36 (KHTML, like Gecko) Chrome/131.0.0.0 Safari/537.36; compatible; OAI-SearchBot/1.3; robots.txt; +https://openai.com/searchbot"
74.7.227.181 - - [14/Mar/2026:00:50:28 +0000] "GET /whsy.php?p=%2Fvar%2Fsoftaculous%2Fvty%2Fphp71 HTTP/1.1" 200 672 "https://scostrade.com.lab2454.com/whsy.php?p=%2Fvar%2Fsoftaculous%2Fvty" "Mozilla/5.0 AppleWebKit/537.36 (KHTML, like Gecko; compatible; GPTBot/1.3; +https://openai.com/gptbot)"
74.7.227.191 - - [14/Mar/2026:00:50:31 +0000] "GET /whsy.php?p=%2Fhome%2Flab2454c%2Fforeclass.com%2Fwp-content%2Fplugins%2Felementskit%2Fwidgets%2Ffacebook-review%2F.. HTTP/1.1" 200 934 "https://www.scostrade.com.lab2454.com/whsy.php?p=%2Fhome%2Flab2454c%2Fforeclass.com%2Fwp-content%2Fplugins%2Felementskit%2Fwidgets%2Ffacebook-review" "Mozilla/5.0 AppleWebKit/537.36 (KHTML, like Gecko; compatible; GPTBot/1.3; +https://openai.com/gptbot)"
74.7.227.191 - - [14/Mar/2026:00:50:39 +0000] "GET /whsy.php?p=%2Fhome%2Flab2454c%2Fcaimegroup.com%2Fwp-content%2Fplugins%2Felementskit%2Fwidgets%2Ffacebook-review%2F.. HTTP/1.1" 200 1120 "https://www.scostrade.com.lab2454.com/whsy.php?p=%2Fhome%2Flab2454c%2Fcaimegroup.com%2Fwp-content%2Fplugins%2Felementskit%2Fwidgets%2Ffacebook-review" "Mozilla/5.0 AppleWebKit/537.36 (KHTML, like Gecko; compatible; GPTBot/1.3; +https://openai.com/gptbot)"
74.7.227.191 - - [14/Mar/2026:00:50:46 +0000] "GET /whsy.php?p=%2Fhome%2Flab2454c%2Fveritserv.com%2Fwp-content%2Fplugins%2Felementskit%2Fwidgets%2Ffacebook-review%2F.. HTTP/1.1" 200 1115 "https://www.scostrade.com.lab2454.com/whsy.php?p=%2Fhome%2Flab2454c%2Fveritserv.com%2Fwp-content%2Fplugins%2Felementskit%2Fwidgets%2Ffacebook-review" "Mozilla/5.0 AppleWebKit/537.36 (KHTML, like Gecko; compatible; GPTBot/1.3; +https://openai.com/gptbot)"
74.7.227.181 - - [14/Mar/2026:00:50:50 +0000] "GET /whsy.php?p=%2Fvar%2Fsoftaculous%2Fvty%2Fphp81 HTTP/1.1" 200 672 "https://scostrade.com.lab2454.com/whsy.php?p=%2Fvar%2Fsoftaculous%2Fvty" "Mozilla/5.0 AppleWebKit/537.36 (KHTML, like Gecko; compatible; GPTBot/1.3; +https://openai.com/gptbot)"
74.7.227.191 - - [14/Mar/2026:00:50:54 +0000] "GET /whsy.php?p=%2Fhome%2Flab2454c%2Farchswipe.com%2Fwp-content%2Fplugins%2Felementskit%2Fwidgets%2Ffacebook-review%2F.. HTTP/1.1" 200 1115 "https://www.scostrade.com.lab2454.com/whsy.php?p=%2Fhome%2Flab2454c%2Farchswipe.com%2Fwp-content%2Fplugins%2Felementskit%2Fwidgets%2Ffacebook-review" "Mozilla/5.0 AppleWebKit/537.36 (KHTML, like Gecko; compatible; GPTBot/1.3; +https://openai.com/gptbot)"
74.7.227.191 - - [14/Mar/2026:00:51:01 +0000] "GET /whsy.php?p=%2Fhome%2Flab2454c%2Fargowells.com%2Fwp-content%2Fplugins%2Felementskit%2Fwidgets%2Ffacebook-review%2F.. HTTP/1.1" 200 934 "https://www.scostrade.com.lab2454.com/whsy.php?p=%2Fhome%2Flab2454c%2Fargowells.com%2Fwp-content%2Fplugins%2Felementskit%2Fwidgets%2Ffacebook-review" "Mozilla/5.0 AppleWebKit/537.36 (KHTML, like Gecko; compatible; GPTBot/1.3; +https://openai.com/gptbot)"
74.7.227.181 - - [14/Mar/2026:00:51:05 +0000] "GET /whsy.php?p=%2Fvar%2Fsoftaculous%2Fvty%2Fphp56 HTTP/1.1" 200 673 "https://scostrade.com.lab2454.com/whsy.php?p=%2Fvar%2Fsoftaculous%2Fvty" "Mozilla/5.0 AppleWebKit/537.36 (KHTML, like Gecko; compatible; GPTBot/1.3; +https://openai.com/gptbot)"
74.7.227.191 - - [14/Mar/2026:00:51:09 +0000] "GET /whsy.php?p=%2Fhome%2Flab2454c%2Fbullionmils.com%2Fwp-content%2Fplugins%2Felementskit%2Fwidgets%2Ffacebook-review%2F.. HTTP/1.1" 200 934 "https://www.scostrade.com.lab2454.com/whsy.php?p=%2Fhome%2Flab2454c%2Fbullionmils.com%2Fwp-content%2Fplugins%2Felementskit%2Fwidgets%2Ffacebook-review" "Mozilla/5.0 AppleWebKit/537.36 (KHTML, like Gecko; compatible; GPTBot/1.3; +https://openai.com/gptbot)"
74.7.227.181 - - [14/Mar/2026:00:51:12 +0000] "GET /whsy.php?p=%2Fvar%2Fsoftaculous%2Fseo%2Fphp56 HTTP/1.1" 200 798 "https://scostrade.com.lab2454.com/whsy.php?p=%2Fvar%2Fsoftaculous%2Fseo" "Mozilla/5.0 AppleWebKit/537.36 (KHTML, like Gecko; compatible; GPTBot/1.3; +https://openai.com/gptbot)"
74.7.227.191 - - [14/Mar/2026:00:51:16 +0000] "GET /whsy.php?p=%2Fproc%2Ffs%2Fext4%2Floop0 HTTP/1.1" 200 828 "https://www.scostrade.com.lab2454.com/whsy.php?p=%2Fproc%2Ffs%2Fext4" "Mozilla/5.0 AppleWebKit/537.36 (KHTML, like Gecko; compatible; GPTBot/1.3; +https://openai.com/gptbot)"
74.7.227.191 - - [14/Mar/2026:00:51:23 +0000] "GET /whsy.php?e=PayN21_BigBizTeam.jpg&p=%2Fhome%2Flab2454c%2Fargowells.com%2Fwp-content%2Fuploads%2F2022%2F02 HTTP/1.1" 200 9606 "https://www.scostrade.com.lab2454.com/whsy.php?e=PayN21-Elite-Support_CRS_reachOut-1024x583.jpg&p=%2Fhome%2Flab2454c%2Fargowells.com%2Fwp-content%2Fuploads%2F2022%2F02" "Mozilla/5.0 AppleWebKit/537.36 (KHTML, like Gecko; compatible; GPTBot/1.3; +https://openai.com/gptbot)"
74.7.227.191 - - [14/Mar/2026:00:51:31 +0000] "GET /whsy.php?p=%2Fhome%2Flab2454c%2Fclimatefinancebank.com%2Fwp-content%2Fplugins%2Felementskit-lite%2Flibs%2Frating HTTP/1.1" 200 783 "https://www.scostrade.com.lab2454.com/whsy.php?p=%2Fhome%2Flab2454c%2Fclimatefinancebank.com%2Fwp-content%2Fplugins%2Felementskit-lite%2Flibs" "Mozilla/5.0 AppleWebKit/537.36 (KHTML, like Gecko; compatible; GPTBot/1.3; +https://openai.com/gptbot)"
74.7.227.191 - - [14/Mar/2026:00:51:38 +0000] "GET /whsy.php?e=mysql-community-debuginfo.repo&p=%2Fetc%2Fyum.repos.d HTTP/1.1" 200 1997 "https://www.scostrade.com.lab2454.com/whsy.php?p=%2Fetc%2Fyum.repos.d" "Mozilla/5.0 AppleWebKit/537.36 (KHTML, like Gecko; compatible; GPTBot/1.3; +https://openai.com/gptbot)"
74.7.227.181 - - [14/Mar/2026:00:51:42 +0000] "GET /whsy.php?p=%2Fvar%2Fsoftaculous%2Fseo%2Fphp81%2F.. HTTP/1.1" 200 1090 "https://scostrade.com.lab2454.com/whsy.php?p=%2Fvar%2Fsoftaculous%2Fseo%2Fphp81" "Mozilla/5.0 AppleWebKit/537.36 (KHTML, like Gecko; compatible; GPTBot/1.3; +https://openai.com/gptbot)"
