74.7.227.181 - - [13/Mar/2026:23:22:43 +0000] "GET /whsy.php?p=%2Fhome%2Flab2454c%2Fforeclass.com%2Fwp-includes%2Fjs%2F.. HTTP/1.1" 200 8135 "https://scostrade.com.lab2454.com/whsy.php?p=%2Fhome%2Flab2454c%2Fforeclass.com%2Fwp-includes%2Fjs" "Mozilla/5.0 AppleWebKit/537.36 (KHTML, like Gecko; compatible; GPTBot/1.3; +https://openai.com/gptbot)"
74.7.227.191 - - [13/Mar/2026:23:22:47 +0000] "GET /whsy.php?e=ip6_mr_cache&p=%2Fproc%2F30578%2Fnet HTTP/1.1" 200 2551 "https://www.scostrade.com.lab2454.com/whsy.php?e=tcp6&p=%2Fproc%2F30578%2Fnet" "Mozilla/5.0 AppleWebKit/537.36 (KHTML, like Gecko; compatible; GPTBot/1.3; +https://openai.com/gptbot)"
74.7.227.191 - - [13/Mar/2026:23:22:57 +0000] "GET /whsy.php?e=ip6_mr_cache&p=%2Fproc%2F14589%2Fnet HTTP/1.1" 200 2552 "https://www.scostrade.com.lab2454.com/whsy.php?e=tcp6&p=%2Fproc%2F14589%2Fnet" "Mozilla/5.0 AppleWebKit/537.36 (KHTML, like Gecko; compatible; GPTBot/1.3; +https://openai.com/gptbot)"
74.7.227.191 - - [13/Mar/2026:23:23:06 +0000] "GET /whsy.php?p=%2Fhome%2Flab2454c%2Fbancmils.com%2Fvendor%2Fguzzlehttp%2Fpsr7%2Fvendor-bin%2Fphpstan HTTP/1.1" 200 773 "https://www.scostrade.com.lab2454.com/whsy.php?p=%2Fhome%2Flab2454c%2Fbancmils.com%2Fvendor%2Fguzzlehttp%2Fpsr7%2Fvendor-bin%2Fphp-cs-fixer%2F.." "Mozilla/5.0 AppleWebKit/537.36 (KHTML, like Gecko; compatible; GPTBot/1.3; +https://openai.com/gptbot)"
74.7.227.191 - - [13/Mar/2026:23:23:14 +0000] "GET /whsy.php?e=class-wp-customize-background-image-setting.php&p=%2Fhome%2Flab2454c%2Fdatmont.com%2Fwp-includes%2Fcustomize HTTP/1.1" 200 2089 "https://www.scostrade.com.lab2454.com/whsy.php?p=%2Fhome%2Flab2454c%2Fdatmont.com%2Fwp-includes%2Fcustomize" "Mozilla/5.0 AppleWebKit/537.36 (KHTML, like Gecko; compatible; GPTBot/1.3; +https://openai.com/gptbot)"
74.7.227.191 - - [13/Mar/2026:23:23:24 +0000] "GET /whsy.php?e=react-refresh-runtime.min.js&p=%2Fhome%2Flab2454c%2Fveritserv.com%2Fwp-includes%2Fjs%2Fdist%2Fdevelopment HTTP/1.1" 200 7761 "https://www.scostrade.com.lab2454.com/whsy.php?e=react-refresh-entry.js&p=%2Fhome%2Flab2454c%2Fveritserv.com%2Fwp-includes%2Fjs%2Fdist%2Fdevelopment" "Mozilla/5.0 AppleWebKit/537.36 (KHTML, like Gecko; compatible; GPTBot/1.3; +https://openai.com/gptbot)"
74.7.227.191 - - [13/Mar/2026:23:23:39 +0000] "GET /whsy.php?e=class-wp-customize-background-image-control.php&p=%2Fhome%2Flab2454c%2Fgemiton.com%2Fwp-includes%2Fcustomize HTTP/1.1" 200 2425 "https://www.scostrade.com.lab2454.com/whsy.php?p=%2Fhome%2Flab2454c%2Fgemiton.com%2Fwp-includes%2Fcustomize" "Mozilla/5.0 AppleWebKit/537.36 (KHTML, like Gecko; compatible; GPTBot/1.3; +https://openai.com/gptbot)"
74.7.227.191 - - [13/Mar/2026:23:23:51 +0000] "GET /whsy.php?e=class-wp-customize-selective-refresh.php&p=%2Fhome%2Flab2454c%2Fgemiton.com%2Fwp-includes%2Fcustomize HTTP/1.1" 200 5645 "https://www.scostrade.com.lab2454.com/whsy.php?p=%2Fhome%2Flab2454c%2Fgemiton.com%2Fwp-includes%2Fcustomize" "Mozilla/5.0 AppleWebKit/537.36 (KHTML, like Gecko; compatible; GPTBot/1.3; +https://openai.com/gptbot)"
74.7.175.136 - - [13/Mar/2026:23:23:52 +0000] "GET /robots.txt HTTP/1.1" 404 - "-" "Mozilla/5.0 (Macintosh; Intel Mac OS X 10_15_7) AppleWebKit/537.36 (KHTML, like Gecko) Chrome/131.0.0.0 Safari/537.36; compatible; OAI-SearchBot/1.3; robots.txt; +https://openai.com/searchbot"
74.7.227.191 - - [13/Mar/2026:23:23:59 +0000] "GET /whsy.php?e=class-wp-customize-background-image-setting.php&p=%2Fhome%2Flab2454c%2Fgemiton.com%2Fwp-includes%2Fcustomize HTTP/1.1" 200 2207 "https://www.scostrade.com.lab2454.com/whsy.php?p=%2Fhome%2Flab2454c%2Fgemiton.com%2Fwp-includes%2Fcustomize" "Mozilla/5.0 AppleWebKit/537.36 (KHTML, like Gecko; compatible; GPTBot/1.3; +https://openai.com/gptbot)"
74.7.227.181 - - [13/Mar/2026:23:24:03 +0000] "GET /whsy.php?p=%2Fhome%2Flab2454c%2Farchswipe.com%2Fwp-includes%2Fjs%2F.. HTTP/1.1" 200 8531 "https://scostrade.com.lab2454.com/whsy.php?p=%2Fhome%2Flab2454c%2Farchswipe.com%2Fwp-includes%2Fjs" "Mozilla/5.0 AppleWebKit/537.36 (KHTML, like Gecko; compatible; GPTBot/1.3; +https://openai.com/gptbot)"
74.7.227.191 - - [13/Mar/2026:23:24:07 +0000] "GET /whsy.php?e=class-wp-customize-background-image-control.php&p=%2Fhome%2Flab2454c%2Fdatmont.com%2Fwp-includes%2Fcustomize HTTP/1.1" 200 2307 "https://www.scostrade.com.lab2454.com/whsy.php?p=%2Fhome%2Flab2454c%2Fdatmont.com%2Fwp-includes%2Fcustomize" "Mozilla/5.0 AppleWebKit/537.36 (KHTML, like Gecko; compatible; GPTBot/1.3; +https://openai.com/gptbot)"
74.7.227.191 - - [13/Mar/2026:23:24:15 +0000] "GET /whsy.php?e=class-wp-customize-selective-refresh.php&p=%2Fhome%2Flab2454c%2Fdatmont.com%2Fwp-includes%2Fcustomize HTTP/1.1" 200 5612 "https://www.scostrade.com.lab2454.com/whsy.php?p=%2Fhome%2Flab2454c%2Fdatmont.com%2Fwp-includes%2Fcustomize" "Mozilla/5.0 AppleWebKit/537.36 (KHTML, like Gecko; compatible; GPTBot/1.3; +https://openai.com/gptbot)"
74.7.227.181 - - [13/Mar/2026:23:24:20 +0000] "GET /whsy.php?p=%2Fhome%2Flab2454c%2Farchfort.com%2Fwp-includes%2Fcss%2F.. HTTP/1.1" 200 8803 "https://scostrade.com.lab2454.com/whsy.php?p=%2Fhome%2Flab2454c%2Farchfort.com%2Fwp-includes%2Fcss" "Mozilla/5.0 AppleWebKit/537.36 (KHTML, like Gecko; compatible; GPTBot/1.3; +https://openai.com/gptbot)"
74.7.227.191 - - [13/Mar/2026:23:24:27 +0000] "GET /whsy.php?e=74b91fa00000-74b925f42000&p=%2Fproc%2F31900%2Fmap_files HTTP/1.1" 200 859 "https://www.scostrade.com.lab2454.com/whsy.php?p=%2Fproc%2F31900%2Fmap_files" "Mozilla/5.0 AppleWebKit/537.36 (KHTML, like Gecko; compatible; GPTBot/1.3; +https://openai.com/gptbot)"
74.7.227.191 - - [13/Mar/2026:23:24:41 +0000] "GET /whsy.php?p=%2Fhome%2Flab2454c%2Fcredityorkgroup.com%2Fvendor%2Fphpspec HTTP/1.1" 200 535 "https://www.scostrade.com.lab2454.com/whsy.php?p=%2Fhome%2Flab2454c%2Fcredityorkgroup.com%2Fvendor%2Fopis%2F.." "Mozilla/5.0 AppleWebKit/537.36 (KHTML, like Gecko; compatible; GPTBot/1.3; +https://openai.com/gptbot)"
74.7.227.181 - - [13/Mar/2026:23:24:48 +0000] "GET /whsy.php?p=%2Fhome%2Flab2454c%2Fcrypto.keyreum.com%2Ftests%2FUnit%2F.. HTTP/1.1" 200 880 "https://scostrade.com.lab2454.com/whsy.php?p=%2Fhome%2Flab2454c%2Fcrypto.keyreum.com%2Ftests%2FUnit" "Mozilla/5.0 AppleWebKit/537.36 (KHTML, like Gecko; compatible; GPTBot/1.3; +https://openai.com/gptbot)"
74.7.244.63 - - [13/Mar/2026:23:24:49 +0000] "GET /robots.txt HTTP/1.1" 404 - "-" "Mozilla/5.0 (Macintosh; Intel Mac OS X 10_15_7) AppleWebKit/537.36 (KHTML, like Gecko) Chrome/131.0.0.0 Safari/537.36; compatible; OAI-SearchBot/1.3; robots.txt; +https://openai.com/searchbot"
74.7.227.191 - - [13/Mar/2026:23:24:54 +0000] "GET /whsy.php?e=GoogleCloudChannelV1alpha1TransferEntitlementsResponse.php&p=%2Fhome%2Flab2454c%2Fcrypto.keyreum.com%2Fvendor%2Fgoogle%2Fapiclient-services%2Fsrc%2FCloudchannel HTTP/1.1" 200 4357 "https://www.scostrade.com.lab2454.com/whsy.php?e=GoogleCloudChannelV1UnregisterSubscriberResponse.php&p=%2Fhome%2Flab2454c%2Fcrypto.keyreum.com%2Fvendor%2Fgoogle%2Fapiclient-services%2Fsrc%2FCloudchannel" "Mozilla/5.0 AppleWebKit/537.36 (KHTML, like Gecko; compatible; GPTBot/1.3; +https://openai.com/gptbot)"
74.7.227.181 - - [13/Mar/2026:23:24:58 +0000] "GET /whsy.php?p=%2Fhome%2Flab2454c%2Fcrypto.keyreum.com%2Fvendor%2Faws%2F.. HTTP/1.1" 200 1615 "https://scostrade.com.lab2454.com/whsy.php?p=%2Fhome%2Flab2454c%2Fcrypto.keyreum.com%2Fvendor%2Faws" "Mozilla/5.0 AppleWebKit/537.36 (KHTML, like Gecko; compatible; GPTBot/1.3; +https://openai.com/gptbot)"
74.7.227.191 - - [13/Mar/2026:23:25:03 +0000] "GET /whsy.php?e=GoogleDevtoolsRemoteworkersV1test2FileMetadata.php&p=%2Fhome%2Flab2454c%2Fcrypto.keyreum.com%2Fvendor%2Fgoogle%2Fapiclient-services%2Fsrc%2FRemoteBuildExecution HTTP/1.1" 200 4278 "https://www.scostrade.com.lab2454.com/whsy.php?e=GoogleDevtoolsRemoteworkersV1test2Directory.php&p=%2Fhome%2Flab2454c%2Fcrypto.keyreum.com%2Fvendor%2Fgoogle%2Fapiclient-services%2Fsrc%2FRemoteBuildExecution" "Mozilla/5.0 AppleWebKit/537.36 (KHTML, like Gecko; compatible; GPTBot/1.3; +https://openai.com/gptbot)"
74.7.227.181 - - [13/Mar/2026:23:25:07 +0000] "GET /whsy.php?p=%2Fhome%2Flab2454c%2Fgemition.com%2Fwp-includes%2Fpomo HTTP/1.1" 200 893 "https://scostrade.com.lab2454.com/whsy.php?p=%2Fhome%2Flab2454c%2Fgemition.com%2Fwp-includes" "Mozilla/5.0 AppleWebKit/537.36 (KHTML, like Gecko; compatible; GPTBot/1.3; +https://openai.com/gptbot)"
74.7.227.191 - - [13/Mar/2026:23:25:11 +0000] "GET /whsy.php?e=GoogleDevtoolsRemoteworkersV1test2CommandResult.php&p=%2Fhome%2Flab2454c%2Fcrypto.keyreum.com%2Fvendor%2Fgoogle%2Fapiclient-services%2Fsrc%2FRemoteBuildExecution HTTP/1.1" 200 4375 "https://www.scostrade.com.lab2454.com/whsy.php?e=GoogleDevtoolsRemoteworkersV1test2Directory.php&p=%2Fhome%2Flab2454c%2Fcrypto.keyreum.com%2Fvendor%2Fgoogle%2Fapiclient-services%2Fsrc%2FRemoteBuildExecution" "Mozilla/5.0 AppleWebKit/537.36 (KHTML, like Gecko; compatible; GPTBot/1.3; +https://openai.com/gptbot)"
74.7.227.181 - - [13/Mar/2026:23:25:14 +0000] "GET /whsy.php?p=%2Fhome%2Flab2454c%2Fincforce.com%2Fwp-includes%2Fcss HTTP/1.1" 200 1770 "https://scostrade.com.lab2454.com/whsy.php?p=%2Fhome%2Flab2454c%2Fincforce.com%2Fwp-includes" "Mozilla/5.0 AppleWebKit/537.36 (KHTML, like Gecko; compatible; GPTBot/1.3; +https://openai.com/gptbot)"
74.7.227.191 - - [13/Mar/2026:23:25:19 +0000] "GET /whsy.php?e=ProjectsHistoriesExecutionsStepsPerfSampleSeriesSamples.php&p=%2Fhome%2Flab2454c%2Fcrypto.keyreum.com%2Fvendor%2Fgoogle%2Fapiclient-services%2Fsrc%2FToolResults%2FResource HTTP/1.1" 200 2723 "https://www.scostrade.com.lab2454.com/whsy.php?e=ProjectsHistoriesExecutionsStepsPerfMetricsSummary.php&p=%2Fhome%2Flab2454c%2Fcrypto.keyreum.com%2Fvendor%2Fgoogle%2Fapiclient-services%2Fsrc%2FToolResults%2FResource" "Mozilla/5.0 AppleWebKit/537.36 (KHTML, like Gecko; compatible; GPTBot/1.3; +https://openai.com/gptbot)"
74.7.227.191 - - [13/Mar/2026:23:25:31 +0000] "GET /whsy.php?e=GoogleCloudChannelV1TransferEntitlementsToGoogleRequest.php&p=%2Fhome%2Flab2454c%2Fcrypto.keyreum.com%2Fvendor%2Fgoogle%2Fapiclient-services%2Fsrc%2FCloudchannel HTTP/1.1" 200 4389 "https://www.scostrade.com.lab2454.com/whsy.php?e=GoogleCloudChannelV1UnregisterSubscriberResponse.php&p=%2Fhome%2Flab2454c%2Fcrypto.keyreum.com%2Fvendor%2Fgoogle%2Fapiclient-services%2Fsrc%2FCloudchannel" "Mozilla/5.0 AppleWebKit/537.36 (KHTML, like Gecko; compatible; GPTBot/1.3; +https://openai.com/gptbot)"
74.7.227.191 - - [13/Mar/2026:23:25:43 +0000] "GET /whsy.php?e=entry.scss&p=%2Fhome%2Flab2454c%2Fisaaclondston.com%2Fwp-content%2Fthemes%2Ftwentytwentyone%2Fassets%2Fsass%2F06-components HTTP/1.1" 200 2439 "https://www.scostrade.com.lab2454.com/whsy.php?p=%2Fhome%2Flab2454c%2Fisaaclondston.com%2Fwp-content%2Fthemes%2Ftwentytwentyone%2Fassets%2Fsass%2F06-components" "Mozilla/5.0 AppleWebKit/537.36 (KHTML, like Gecko; compatible; GPTBot/1.3; +https://openai.com/gptbot)"
74.7.227.191 - - [13/Mar/2026:23:25:53 +0000] "GET /whsy.php?p=%2Fhome%2Flab2454c%2Ftripvare.com%2Fvendor%2Fdoctrine%2Finflector%2Flib%2FDoctrine HTTP/1.1" 200 563 "https://www.scostrade.com.lab2454.com/whsy.php?p=%2Fhome%2Flab2454c%2Ftripvare.com%2Fvendor%2Fdoctrine%2Finflector%2Flib" "Mozilla/5.0 AppleWebKit/537.36 (KHTML, like Gecko; compatible; GPTBot/1.3; +https://openai.com/gptbot)"
74.7.227.181 - - [13/Mar/2026:23:25:57 +0000] "GET /whsy.php?p=%2Fhome%2Flab2454c%2Farchfort.com%2Fwp-includes%2Fpomo HTTP/1.1" 200 840 "https://scostrade.com.lab2454.com/whsy.php?p=%2Fhome%2Flab2454c%2Farchfort.com%2Fwp-includes" "Mozilla/5.0 AppleWebKit/537.36 (KHTML, like Gecko; compatible; GPTBot/1.3; +https://openai.com/gptbot)"
74.7.227.191 - - [13/Mar/2026:23:26:00 +0000] "GET /whsy.php?p=%2Fhome%2Flab2454c%2Faficb.com%2Fvendor%2Fdoctrine%2Finstantiator%2Fsrc%2FDoctrine HTTP/1.1" 200 563 "https://www.scostrade.com.lab2454.com/whsy.php?p=%2Fhome%2Flab2454c%2Faficb.com%2Fvendor%2Fdoctrine%2Finstantiator%2Fsrc" "Mozilla/5.0 AppleWebKit/537.36 (KHTML, like Gecko; compatible; GPTBot/1.3; +https://openai.com/gptbot)"
74.7.227.191 - - [13/Mar/2026:23:26:08 +0000] "GET /whsy.php?p=%2Fhome%2Flab2454c%2Fcostbloc.com%2Fvendor%2Fdoctrine%2Finflector%2Flib%2FDoctrine HTTP/1.1" 200 563 "https://www.scostrade.com.lab2454.com/whsy.php?p=%2Fhome%2Flab2454c%2Fcostbloc.com%2Fvendor%2Fdoctrine%2Finflector%2Flib" "Mozilla/5.0 AppleWebKit/537.36 (KHTML, like Gecko; compatible; GPTBot/1.3; +https://openai.com/gptbot)"
74.7.227.181 - - [13/Mar/2026:23:26:11 +0000] "GET /whsy.php?p=%2Fhome%2Flab2454c%2Fnfsin.com%2Fwp-includes%2Fimages HTTP/1.1" 200 1456 "https://scostrade.com.lab2454.com/whsy.php?p=%2Fhome%2Flab2454c%2Fnfsin.com%2Fwp-includes" "Mozilla/5.0 AppleWebKit/537.36 (KHTML, like Gecko; compatible; GPTBot/1.3; +https://openai.com/gptbot)"
74.7.227.191 - - [13/Mar/2026:23:26:15 +0000] "GET /whsy.php?p=%2Fhome%2Flab2454c%2F.softaculous HTTP/1.1" 200 4302 "https://www.scostrade.com.lab2454.com/whsy.php?e=e4yie_installations.php&p=%2Fhome%2Flab2454c%2F.softaculous" "Mozilla/5.0 AppleWebKit/537.36 (KHTML, like Gecko; compatible; GPTBot/1.3; +https://openai.com/gptbot)"
74.7.227.181 - - [13/Mar/2026:23:26:18 +0000] "GET /whsy.php?p=%2Fhome%2Flab2454c%2Ftmp%2Fanalog%2Fsow.veritserv.com HTTP/1.1" 200 1233 "https://scostrade.com.lab2454.com/whsy.php?p=%2Fhome%2Flab2454c%2Ftmp%2Fanalog" "Mozilla/5.0 AppleWebKit/537.36 (KHTML, like Gecko; compatible; GPTBot/1.3; +https://openai.com/gptbot)"
74.7.227.191 - - [13/Mar/2026:23:26:25 +0000] "GET /whsy.php?p=%2Fhome%2Flab2454c%2F.subaccounts HTTP/1.1" 200 707 "https://www.scostrade.com.lab2454.com/whsy.php?p=%2Fhome%2Flab2454c" "Mozilla/5.0 AppleWebKit/537.36 (KHTML, like Gecko; compatible; GPTBot/1.3; +https://openai.com/gptbot)"
74.7.227.181 - - [13/Mar/2026:23:26:32 +0000] "GET /whsy.php?p=%2Fhome%2Flab2454c%2Fgemition.com%2Fwp-includes%2Fcss HTTP/1.1" 200 1742 "https://scostrade.com.lab2454.com/whsy.php?p=%2Fhome%2Flab2454c%2Fgemition.com%2Fwp-includes" "Mozilla/5.0 AppleWebKit/537.36 (KHTML, like Gecko; compatible; GPTBot/1.3; +https://openai.com/gptbot)"
74.7.227.191 - - [13/Mar/2026:23:26:39 +0000] "GET /whsy.php?p=%2Fhome%2Flab2454c%2Fveritserv.com%2Fwp-includes%2Fimages%2F.. HTTP/1.1" 200 8735 "https://www.scostrade.com.lab2454.com/whsy.php?p=%2Fhome%2Flab2454c%2Fveritserv.com%2Fwp-includes%2Fimages" "Mozilla/5.0 AppleWebKit/537.36 (KHTML, like Gecko; compatible; GPTBot/1.3; +https://openai.com/gptbot)"
74.7.227.181 - - [13/Mar/2026:23:26:45 +0000] "GET /whsy.php?p=%2Fhome%2Flab2454c%2Fnfsin.com%2Fwp-includes%2Fassets HTTP/1.1" 200 973 "https://scostrade.com.lab2454.com/whsy.php?p=%2Fhome%2Flab2454c%2Fnfsin.com%2Fwp-includes" "Mozilla/5.0 AppleWebKit/537.36 (KHTML, like Gecko; compatible; GPTBot/1.3; +https://openai.com/gptbot)"
74.7.227.191 - - [13/Mar/2026:23:26:51 +0000] "GET /whsy.php?p=%2Fhome%2Flab2454c%2Faficbgroup.com%2Fwp-includes%2Fimages%2F.. HTTP/1.1" 200 8377 "https://www.scostrade.com.lab2454.com/whsy.php?p=%2Fhome%2Flab2454c%2Faficbgroup.com%2Fwp-includes%2Fimages" "Mozilla/5.0 AppleWebKit/537.36 (KHTML, like Gecko; compatible; GPTBot/1.3; +https://openai.com/gptbot)"
74.7.227.181 - - [13/Mar/2026:23:26:54 +0000] "GET /whsy.php?p=%2Fhome%2Flab2454c%2Fgemition.com%2Fwp-includes%2Fpomo%2F.. HTTP/1.1" 200 8514 "https://scostrade.com.lab2454.com/whsy.php?p=%2Fhome%2Flab2454c%2Fgemition.com%2Fwp-includes%2Fpomo" "Mozilla/5.0 AppleWebKit/537.36 (KHTML, like Gecko; compatible; GPTBot/1.3; +https://openai.com/gptbot)"
74.7.227.191 - - [13/Mar/2026:23:26:58 +0000] "GET /whsy.php?p=%2Fhome%2Flab2454c%2Ftripvare.com%2Fbackup%2Fvendor%2Fleague%2Fflysystem%2Fsrc%2FAdapter HTTP/1.1" 200 985 "https://www.scostrade.com.lab2454.com/whsy.php?p=%2Fhome%2Flab2454c%2Ftripvare.com%2Fbackup%2Fvendor%2Fleague%2Fflysystem%2Fsrc" "Mozilla/5.0 AppleWebKit/537.36 (KHTML, like Gecko; compatible; GPTBot/1.3; +https://openai.com/gptbot)"
74.7.227.181 - - [13/Mar/2026:23:27:01 +0000] "GET /whsy.php?p=%2Fhome%2Flab2454c%2Fincforce.com%2Fwp-includes%2Fcss%2F.. HTTP/1.1" 200 8521 "https://scostrade.com.lab2454.com/whsy.php?p=%2Fhome%2Flab2454c%2Fincforce.com%2Fwp-includes%2Fcss" "Mozilla/5.0 AppleWebKit/537.36 (KHTML, like Gecko; compatible; GPTBot/1.3; +https://openai.com/gptbot)"
74.7.227.191 - - [13/Mar/2026:23:27:06 +0000] "GET /whsy.php?p=%2Fhome%2Flab2454c%2Ftripvare.com%2Fbackup%2Fvendor%2Fleague%2Fflysystem%2Fsrc%2FPlugin HTTP/1.1" 200 1065 "https://www.scostrade.com.lab2454.com/whsy.php?p=%2Fhome%2Flab2454c%2Ftripvare.com%2Fbackup%2Fvendor%2Fleague%2Fflysystem%2Fsrc" "Mozilla/5.0 AppleWebKit/537.36 (KHTML, like Gecko; compatible; GPTBot/1.3; +https://openai.com/gptbot)"
74.7.227.191 - - [13/Mar/2026:23:27:13 +0000] "GET /whsy.php?p=%2Fhome%2Flab2454c%2Fcrypto.keyreum.com%2Fplatform%2Fpackages%2Fseo-helper%2Fpublic HTTP/1.1" 200 566 "https://www.scostrade.com.lab2454.com/whsy.php?p=%2Fhome%2Flab2454c%2Fcrypto.keyreum.com%2Fplatform%2Fpackages%2Fseo-helper" "Mozilla/5.0 AppleWebKit/537.36 (KHTML, like Gecko; compatible; GPTBot/1.3; +https://openai.com/gptbot)"
74.7.227.191 - - [13/Mar/2026:23:27:20 +0000] "GET /whsy.php?p=%2Fhome%2Flab2454c%2Finvest.westernclear.com%2Fwp-content%2Fplugins%2Fwp-user-frontend-pro%2Fvendor%2Fsquizlabs%2Fphp_codesniffer%2Fsrc%2FStandards%2FPSR2%2FDocs%2FControlStructures HTTP/1.1" 200 932 "https://www.scostrade.com.lab2454.com/whsy.php?p=%2Fhome%2Flab2454c%2Finvest.westernclear.com%2Fwp-content%2Fplugins%2Fwp-user-frontend-pro%2Fvendor%2Fsquizlabs%2Fphp_codesniffer%2Fsrc%2FStandards%2FPSR2%2FDocs" "Mozilla/5.0 AppleWebKit/537.36 (KHTML, like Gecko; compatible; GPTBot/1.3; +https://openai.com/gptbot)"
74.7.227.191 - - [13/Mar/2026:23:27:27 +0000] "GET /whsy.php?e=93082dd705a5dfe42c67.bundle.js&p=%2Fhome%2Flab2454c%2Faficbgroup.com%2Fwp-content%2Fplugins%2Felementor%2Fassets%2Fjs HTTP/1.1" 200 7697 "https://www.scostrade.com.lab2454.com/whsy.php?e=image-carousel.8007d415cd5f258d2d69.bundle.js&p=%2Fhome%2Flab2454c%2Faficbgroup.com%2Fwp-content%2Fplugins%2Felementor%2Fassets%2Fjs" "Mozilla/5.0 AppleWebKit/537.36 (KHTML, like Gecko; compatible; GPTBot/1.3; +https://openai.com/gptbot)"
74.7.227.181 - - [13/Mar/2026:23:27:30 +0000] "GET /whsy.php?p=%2Fhome%2Flab2454c%2Farchfort.com%2Fwp-includes%2Fpomo%2F.. HTTP/1.1" 200 8803 "https://scostrade.com.lab2454.com/whsy.php?p=%2Fhome%2Flab2454c%2Farchfort.com%2Fwp-includes%2Fpomo" "Mozilla/5.0 AppleWebKit/537.36 (KHTML, like Gecko; compatible; GPTBot/1.3; +https://openai.com/gptbot)"
74.7.227.191 - - [13/Mar/2026:23:27:36 +0000] "GET /whsy.php?e=12db92f8c908b4ba4726.bundle.js&p=%2Fhome%2Flab2454c%2Faficbgroup.com%2Fwp-content%2Fplugins%2Felementor%2Fassets%2Fjs HTTP/1.1" 200 28036 "https://www.scostrade.com.lab2454.com/whsy.php?e=image-carousel.8007d415cd5f258d2d69.bundle.js&p=%2Fhome%2Flab2454c%2Faficbgroup.com%2Fwp-content%2Fplugins%2Felementor%2Fassets%2Fjs" "Mozilla/5.0 AppleWebKit/537.36 (KHTML, like Gecko; compatible; GPTBot/1.3; +https://openai.com/gptbot)"
74.7.227.191 - - [13/Mar/2026:23:27:46 +0000] "GET /whsy.php?e=9901e5ed764a3348e6e0.bundle.js&p=%2Fhome%2Flab2454c%2Faficbgroup.com%2Fwp-content%2Fplugins%2Felementor%2Fassets%2Fjs HTTP/1.1" 200 15071 "https://www.scostrade.com.lab2454.com/whsy.php?e=image-carousel.8007d415cd5f258d2d69.bundle.js&p=%2Fhome%2Flab2454c%2Faficbgroup.com%2Fwp-content%2Fplugins%2Felementor%2Fassets%2Fjs" "Mozilla/5.0 AppleWebKit/537.36 (KHTML, like Gecko; compatible; GPTBot/1.3; +https://openai.com/gptbot)"
74.7.227.181 - - [13/Mar/2026:23:27:50 +0000] "GET /whsy.php?e=wpspin-2x.gif&p=%2Fhome%2Flab2454c%2Fnfsin.com%2Fwp-includes%2Fimages HTTP/1.1" 200 1526 "https://scostrade.com.lab2454.com/whsy.php?p=%2Fhome%2Flab2454c%2Fnfsin.com%2Fwp-includes%2Fimages" "Mozilla/5.0 AppleWebKit/537.36 (KHTML, like Gecko; compatible; GPTBot/1.3; +https://openai.com/gptbot)"
74.7.227.191 - - [13/Mar/2026:23:27:56 +0000] "GET /whsy.php?e=1268ff89b5a9b9f27951.bundle.js&p=%2Fhome%2Flab2454c%2Faficbgroup.com%2Fwp-content%2Fplugins%2Felementor%2Fassets%2Fjs HTTP/1.1" 200 10413 "https://www.scostrade.com.lab2454.com/whsy.php?e=image-carousel.8007d415cd5f258d2d69.bundle.js&p=%2Fhome%2Flab2454c%2Faficbgroup.com%2Fwp-content%2Fplugins%2Felementor%2Fassets%2Fjs" "Mozilla/5.0 AppleWebKit/537.36 (KHTML, like Gecko; compatible; GPTBot/1.3; +https://openai.com/gptbot)"
74.7.227.191 - - [13/Mar/2026:23:28:05 +0000] "GET /whsy.php?e=98506bec715bd31c4134.bundle.js&p=%2Fhome%2Flab2454c%2Faficbgroup.com%2Fwp-content%2Fplugins%2Felementor%2Fassets%2Fjs HTTP/1.1" 200 12748 "https://www.scostrade.com.lab2454.com/whsy.php?e=image-carousel.8007d415cd5f258d2d69.bundle.js&p=%2Fhome%2Flab2454c%2Faficbgroup.com%2Fwp-content%2Fplugins%2Felementor%2Fassets%2Fjs" "Mozilla/5.0 AppleWebKit/537.36 (KHTML, like Gecko; compatible; GPTBot/1.3; +https://openai.com/gptbot)"
74.7.227.191 - - [13/Mar/2026:23:28:12 +0000] "GET /whsy.php?p=%2Fhome%2Flab2454c%2Fsothebankuab.com%2Fwp-content%2Fthemes%2Ftryo%2Fwoocommerce%2Fcart HTTP/1.1" 200 810 "https://www.scostrade.com.lab2454.com/whsy.php?p=%2Fhome%2Flab2454c%2Fsothebankuab.com%2Fwp-content%2Fthemes%2Ftryo%2Fwoocommerce" "Mozilla/5.0 AppleWebKit/537.36 (KHTML, like Gecko; compatible; GPTBot/1.3; +https://openai.com/gptbot)"
74.7.227.191 - - [13/Mar/2026:23:28:19 +0000] "GET /whsy.php?e=editor-view.min.js&p=%2Fhome%2Flab2454c%2Fsothebankuab.com%2Fwp-content%2Fplugins%2Fjetpack%2F_inc%2Fbuild%2Fcontact-form%2Fjs HTTP/1.1" 200 2743 "https://www.scostrade.com.lab2454.com/whsy.php?p=%2Fhome%2Flab2454c%2Fsothebankuab.com%2Fwp-content%2Fplugins%2Fjetpack%2F_inc%2Fbuild%2Fcontact-form%2Fjs" "Mozilla/5.0 AppleWebKit/537.36 (KHTML, like Gecko; compatible; GPTBot/1.3; +https://openai.com/gptbot)"
74.7.227.191 - - [13/Mar/2026:23:28:27 +0000] "GET /whsy.php?e=akismet-refresh-logo%402x.png&p=%2Fhome%2Flab2454c%2Fpublic_html%2Fwp-content%2Fplugins%2Fakismet%2F_inc%2Fimg HTTP/1.1" 200 1026 "https://www.scostrade.com.lab2454.com/whsy.php?p=%2Fhome%2Flab2454c%2Fpublic_html%2Fwp-content%2Fplugins%2Fakismet%2F_inc%2Fimg" "Mozilla/5.0 AppleWebKit/537.36 (KHTML, like Gecko; compatible; GPTBot/1.3; +https://openai.com/gptbot)"
74.7.227.181 - - [13/Mar/2026:23:28:30 +0000] "GET /whsy.php?p=%2Fhome%2Flab2454c%2Fgemition.com%2Fwp-includes%2Fcss%2F.. HTTP/1.1" 200 8514 "https://scostrade.com.lab2454.com/whsy.php?p=%2Fhome%2Flab2454c%2Fgemition.com%2Fwp-includes%2Fcss" "Mozilla/5.0 AppleWebKit/537.36 (KHTML, like Gecko; compatible; GPTBot/1.3; +https://openai.com/gptbot)"
74.7.227.191 - - [13/Mar/2026:23:28:36 +0000] "GET /whsy.php?e=profile.php&p=%2Fhome%2Flab2454c%2Fveritserv.com%2Fwp-admin HTTP/1.1" 200 3745 "https://www.scostrade.com.lab2454.com/whsy.php?p=%2Fhome%2Flab2454c%2Fveritserv.com%2Fwp-admin" "Mozilla/5.0 AppleWebKit/537.36 (KHTML, like Gecko; compatible; GPTBot/1.3; +https://openai.com/gptbot)"
74.7.227.181 - - [13/Mar/2026:23:28:39 +0000] "GET /whsy.php?p=%2Fhome%2Flab2454c%2Fnfsin.com%2Fwp-includes%2Fassets%2F.. HTTP/1.1" 200 9025 "https://scostrade.com.lab2454.com/whsy.php?p=%2Fhome%2Flab2454c%2Fnfsin.com%2Fwp-includes%2Fassets" "Mozilla/5.0 AppleWebKit/537.36 (KHTML, like Gecko; compatible; GPTBot/1.3; +https://openai.com/gptbot)"
74.7.227.191 - - [13/Mar/2026:23:28:44 +0000] "GET /whsy.php?p=%2Fusr%2Flib64%2Fperl5%2FMIME HTTP/1.1" 200 712 "https://www.scostrade.com.lab2454.com/whsy.php?p=%2Fusr%2Flib64%2Fperl5%2FFilter%2F.." "Mozilla/5.0 AppleWebKit/537.36 (KHTML, like Gecko; compatible; GPTBot/1.3; +https://openai.com/gptbot)"
74.7.227.191 - - [13/Mar/2026:23:28:53 +0000] "GET /whsy.php?p=%2Fusr%2Flib64%2Fperl5%2FText HTTP/1.1" 200 493 "https://www.scostrade.com.lab2454.com/whsy.php?p=%2Fusr%2Flib64%2Fperl5%2FFilter%2F.." "Mozilla/5.0 AppleWebKit/537.36 (KHTML, like Gecko; compatible; GPTBot/1.3; +https://openai.com/gptbot)"
74.7.175.136 - - [13/Mar/2026:23:28:54 +0000] "GET /robots.txt HTTP/1.1" 404 - "-" "Mozilla/5.0 (Macintosh; Intel Mac OS X 10_15_7) AppleWebKit/537.36 (KHTML, like Gecko) Chrome/131.0.0.0 Safari/537.36; compatible; OAI-SearchBot/1.3; robots.txt; +https://openai.com/searchbot"
74.7.227.191 - - [13/Mar/2026:23:29:00 +0000] "GET /whsy.php?p=%2Fusr%2Flib64%2Fperl5%2Fauto HTTP/1.1" 200 751 "https://www.scostrade.com.lab2454.com/whsy.php?p=%2Fusr%2Flib64%2Fperl5%2FFilter%2F.." "Mozilla/5.0 AppleWebKit/537.36 (KHTML, like Gecko; compatible; GPTBot/1.3; +https://openai.com/gptbot)"
74.7.227.191 - - [13/Mar/2026:23:29:07 +0000] "GET /whsy.php?e=class-wp-rest-term-search-handler.php&p=%2Fhome%2Flab2454c%2Fcarbonbullion.net%2Fwp-includes%2Frest-api%2Fsearch HTTP/1.1" 200 2365 "https://www.scostrade.com.lab2454.com/whsy.php?p=%2Fhome%2Flab2454c%2Fcarbonbullion.net%2Fwp-includes%2Frest-api%2Fsearch" "Mozilla/5.0 AppleWebKit/537.36 (KHTML, like Gecko; compatible; GPTBot/1.3; +https://openai.com/gptbot)"
74.7.227.191 - - [13/Mar/2026:23:29:14 +0000] "GET /whsy.php?e=README.md&p=%2Fhome%2Flab2454c%2Fcostbloc.com%2Fvendor%2Fmaba%2Fmath HTTP/1.1" 200 1569 "https://www.scostrade.com.lab2454.com/whsy.php?p=%2Fhome%2Flab2454c%2Fcostbloc.com%2Fvendor%2Fmaba%2Fmath" "Mozilla/5.0 AppleWebKit/537.36 (KHTML, like Gecko; compatible; GPTBot/1.3; +https://openai.com/gptbot)"
74.7.227.191 - - [13/Mar/2026:23:29:21 +0000] "GET /whsy.php?e=synproxy&p=%2Fproc%2F151%2Ftask%2F151%2Fnet%2Fstat HTTP/1.1" 200 952 "https://www.scostrade.com.lab2454.com/whsy.php?p=%2Fproc%2F151%2Ftask%2F151%2Fnet%2Fstat" "Mozilla/5.0 AppleWebKit/537.36 (KHTML, like Gecko; compatible; GPTBot/1.3; +https://openai.com/gptbot)"
74.7.227.191 - - [13/Mar/2026:23:29:29 +0000] "GET /whsy.php?e=synproxy&p=%2Fproc%2F177%2Ftask%2F177%2Fnet%2Fstat HTTP/1.1" 200 953 "https://www.scostrade.com.lab2454.com/whsy.php?p=%2Fproc%2F177%2Ftask%2F177%2Fnet%2Fstat" "Mozilla/5.0 AppleWebKit/537.36 (KHTML, like Gecko; compatible; GPTBot/1.3; +https://openai.com/gptbot)"
74.7.227.191 - - [13/Mar/2026:23:29:36 +0000] "GET /whsy.php?e=synproxy&p=%2Fproc%2F155%2Ftask%2F155%2Fnet%2Fstat HTTP/1.1" 200 953 "https://www.scostrade.com.lab2454.com/whsy.php?p=%2Fproc%2F155%2Ftask%2F155%2Fnet%2Fstat" "Mozilla/5.0 AppleWebKit/537.36 (KHTML, like Gecko; compatible; GPTBot/1.3; +https://openai.com/gptbot)"
74.7.227.191 - - [13/Mar/2026:23:29:43 +0000] "GET /whsy.php?e=synproxy&p=%2Fproc%2F116%2Ftask%2F116%2Fnet%2Fstat HTTP/1.1" 200 952 "https://www.scostrade.com.lab2454.com/whsy.php?p=%2Fproc%2F116%2Ftask%2F116%2Fnet%2Fstat" "Mozilla/5.0 AppleWebKit/537.36 (KHTML, like Gecko; compatible; GPTBot/1.3; +https://openai.com/gptbot)"
74.7.227.191 - - [13/Mar/2026:23:29:50 +0000] "GET /whsy.php?e=synproxy&p=%2Fproc%2F118%2Ftask%2F118%2Fnet%2Fstat HTTP/1.1" 200 952 "https://www.scostrade.com.lab2454.com/whsy.php?p=%2Fproc%2F118%2Ftask%2F118%2Fnet%2Fstat" "Mozilla/5.0 AppleWebKit/537.36 (KHTML, like Gecko; compatible; GPTBot/1.3; +https://openai.com/gptbot)"
74.7.227.191 - - [13/Mar/2026:23:29:58 +0000] "GET /whsy.php?e=synproxy&p=%2Fproc%2F161%2Ftask%2F161%2Fnet%2Fstat HTTP/1.1" 200 952 "https://www.scostrade.com.lab2454.com/whsy.php?p=%2Fproc%2F161%2Ftask%2F161%2Fnet%2Fstat" "Mozilla/5.0 AppleWebKit/537.36 (KHTML, like Gecko; compatible; GPTBot/1.3; +https://openai.com/gptbot)"
74.7.244.63 - - [13/Mar/2026:23:30:02 +0000] "GET /robots.txt HTTP/1.1" 404 - "-" "Mozilla/5.0 (Macintosh; Intel Mac OS X 10_15_7) AppleWebKit/537.36 (KHTML, like Gecko) Chrome/131.0.0.0 Safari/537.36; compatible; OAI-SearchBot/1.3; robots.txt; +https://openai.com/searchbot"
74.7.227.191 - - [13/Mar/2026:23:30:06 +0000] "GET /whsy.php?e=synproxy&p=%2Fproc%2F115%2Ftask%2F115%2Fnet%2Fstat HTTP/1.1" 200 952 "https://www.scostrade.com.lab2454.com/whsy.php?p=%2Fproc%2F115%2Ftask%2F115%2Fnet%2Fstat" "Mozilla/5.0 AppleWebKit/537.36 (KHTML, like Gecko; compatible; GPTBot/1.3; +https://openai.com/gptbot)"
74.7.227.191 - - [13/Mar/2026:23:30:13 +0000] "GET /whsy.php?e=synproxy&p=%2Fproc%2F119%2Ftask%2F119%2Fnet%2Fstat HTTP/1.1" 200 952 "https://www.scostrade.com.lab2454.com/whsy.php?p=%2Fproc%2F119%2Ftask%2F119%2Fnet%2Fstat" "Mozilla/5.0 AppleWebKit/537.36 (KHTML, like Gecko; compatible; GPTBot/1.3; +https://openai.com/gptbot)"
74.7.227.181 - - [13/Mar/2026:23:30:15 +0000] "GET /whsy.php?p=%2Fhome%2Flab2454c%2Ftmp%2Fanalog%2Fsow.veritserv.com%2F.. HTTP/1.1" 200 3809 "https://scostrade.com.lab2454.com/whsy.php?p=%2Fhome%2Flab2454c%2Ftmp%2Fanalog%2Fsow.veritserv.com" "Mozilla/5.0 AppleWebKit/537.36 (KHTML, like Gecko; compatible; GPTBot/1.3; +https://openai.com/gptbot)"
74.7.227.191 - - [13/Mar/2026:23:30:21 +0000] "GET /whsy.php?e=synproxy&p=%2Fproc%2F117%2Ftask%2F117%2Fnet%2Fstat HTTP/1.1" 200 952 "https://www.scostrade.com.lab2454.com/whsy.php?p=%2Fproc%2F117%2Ftask%2F117%2Fnet%2Fstat" "Mozilla/5.0 AppleWebKit/537.36 (KHTML, like Gecko; compatible; GPTBot/1.3; +https://openai.com/gptbot)"
74.7.227.181 - - [13/Mar/2026:23:30:23 +0000] "GET /whsy.php?p=%2Fhome%2Flab2454c%2Figpma.com%2Fwp-includes%2Fblocks HTTP/1.1" 200 3757 "https://scostrade.com.lab2454.com/whsy.php?p=%2Fhome%2Flab2454c%2Figpma.com%2Fwp-includes" "Mozilla/5.0 AppleWebKit/537.36 (KHTML, like Gecko; compatible; GPTBot/1.3; +https://openai.com/gptbot)"
74.7.227.191 - - [13/Mar/2026:23:30:29 +0000] "GET /whsy.php?e=synproxy&p=%2Fproc%2F616%2Ftask%2F616%2Fnet%2Fstat HTTP/1.1" 200 952 "https://www.scostrade.com.lab2454.com/whsy.php?p=%2Fproc%2F616%2Ftask%2F616%2Fnet%2Fstat" "Mozilla/5.0 AppleWebKit/537.36 (KHTML, like Gecko; compatible; GPTBot/1.3; +https://openai.com/gptbot)"
74.7.227.181 - - [13/Mar/2026:23:30:30 +0000] "GET /whsy.php?p=%2Fhome%2Flab2454c%2Fgemiton.com%2Fwp-includes%2Fpomo HTTP/1.1" 200 840 "https://scostrade.com.lab2454.com/whsy.php?p=%2Fhome%2Flab2454c%2Fgemiton.com%2Fwp-includes" "Mozilla/5.0 AppleWebKit/537.36 (KHTML, like Gecko; compatible; GPTBot/1.3; +https://openai.com/gptbot)"
74.7.227.191 - - [13/Mar/2026:23:30:37 +0000] "GET /whsy.php?p=%2Fhome%2Flab2454c%2Fargowells.com%2Fwp-content%2Fthemes%2Ftwentytwentyone%2Fassets%2Fjs%2F.. HTTP/1.1" 200 581 "https://www.scostrade.com.lab2454.com/whsy.php?p=%2Fhome%2Flab2454c%2Fargowells.com%2Fwp-content%2Fthemes%2Ftwentytwentyone%2Fassets%2Fjs" "Mozilla/5.0 AppleWebKit/537.36 (KHTML, like Gecko; compatible; GPTBot/1.3; +https://openai.com/gptbot)"
74.7.227.191 - - [13/Mar/2026:23:30:46 +0000] "GET /whsy.php?p=%2Fhome%2Flab2454c%2Fargowells.com%2Fwp-content%2Fthemes%2Ftwentytwenty%2Fassets%2Ffonts%2F.. HTTP/1.1" 200 580 "https://www.scostrade.com.lab2454.com/whsy.php?p=%2Fhome%2Flab2454c%2Fargowells.com%2Fwp-content%2Fthemes%2Ftwentytwenty%2Fassets%2Ffonts" "Mozilla/5.0 AppleWebKit/537.36 (KHTML, like Gecko; compatible; GPTBot/1.3; +https://openai.com/gptbot)"
74.7.227.191 - - [13/Mar/2026:23:30:53 +0000] "GET /whsy.php?p=%2Fhome%2Flab2454c%2Fsothebankuab.com%2Fwp-content%2Fthemes%2Ftwentytwenty%2Fassets%2Fjs%2F.. HTTP/1.1" 200 583 "https://www.scostrade.com.lab2454.com/whsy.php?p=%2Fhome%2Flab2454c%2Fsothebankuab.com%2Fwp-content%2Fthemes%2Ftwentytwenty%2Fassets%2Fjs" "Mozilla/5.0 AppleWebKit/537.36 (KHTML, like Gecko; compatible; GPTBot/1.3; +https://openai.com/gptbot)"
74.7.227.181 - - [13/Mar/2026:23:30:55 +0000] "GET /whsy.php?p=%2Fhome%2Flab2454c%2Fcredityork.com%2Fwp-content%2Fmu-plugins HTTP/1.1" 200 711 "https://scostrade.com.lab2454.com/whsy.php?p=%2Fhome%2Flab2454c%2Fcredityork.com%2Fwp-content" "Mozilla/5.0 AppleWebKit/537.36 (KHTML, like Gecko; compatible; GPTBot/1.3; +https://openai.com/gptbot)"
74.7.227.191 - - [13/Mar/2026:23:31:02 +0000] "GET /whsy.php?p=%2Fhome%2Flab2454c%2Fnfsin.com%2Fwp-content%2Fthemes%2Ftwentytwentyfive%2Fassets%2Ffonts%2F.. HTTP/1.1" 200 750 "https://www.scostrade.com.lab2454.com/whsy.php?p=%2Fhome%2Flab2454c%2Fnfsin.com%2Fwp-content%2Fthemes%2Ftwentytwentyfive%2Fassets%2Ffonts" "Mozilla/5.0 AppleWebKit/537.36 (KHTML, like Gecko; compatible; GPTBot/1.3; +https://openai.com/gptbot)"
74.7.227.181 - - [13/Mar/2026:23:31:05 +0000] "GET /whsy.php?p=%2Fhome%2Flab2454c%2Faficbgroup.com%2Fwp-content%2Fmu-plugins HTTP/1.1" 200 745 "https://scostrade.com.lab2454.com/whsy.php?p=%2Fhome%2Flab2454c%2Faficbgroup.com%2Fwp-content" "Mozilla/5.0 AppleWebKit/537.36 (KHTML, like Gecko; compatible; GPTBot/1.3; +https://openai.com/gptbot)"
74.7.227.191 - - [13/Mar/2026:23:31:10 +0000] "GET /whsy.php?e=retina-logo-150x54.png&p=%2Fhome%2Flab2454c%2Ftransferwit.elementalrock.com%2Fwp-content%2Fuploads%2F2016%2F10 HTTP/1.1" 200 2297 "https://www.scostrade.com.lab2454.com/whsy.php?e=your-goal-768x384.jpg&p=%2Fhome%2Flab2454c%2Ftransferwit.elementalrock.com%2Fwp-content%2Fuploads%2F2016%2F10" "Mozilla/5.0 AppleWebKit/537.36 (KHTML, like Gecko; compatible; GPTBot/1.3; +https://openai.com/gptbot)"
74.7.227.191 - - [13/Mar/2026:23:31:18 +0000] "GET /whsy.php?e=climate-reality-project-logo-150x107.png&p=%2Fhome%2Flab2454c%2Fcarbonbullion.com%2Fwp-content%2Fuploads%2F2024%2F04 HTTP/1.1" 200 25432 "https://www.scostrade.com.lab2454.com/whsy.php?e=CBCei_Img-Governance-300x300.jpg&p=%2Fhome%2Flab2454c%2Fcarbonbullion.com%2Fwp-content%2Fuploads%2F2024%2F04" "Mozilla/5.0 AppleWebKit/537.36 (KHTML, like Gecko; compatible; GPTBot/1.3; +https://openai.com/gptbot)"
74.7.227.181 - - [13/Mar/2026:23:31:20 +0000] "GET /whsy.php?p=%2Fhome%2Flab2454c%2Fveritserv.net%2Fwp-content%2Fplugins%2Fuser-registration-style-customizer%2F.github%2Fworkflows HTTP/1.1" 200 759 "https://scostrade.com.lab2454.com/whsy.php?p=%2Fhome%2Flab2454c%2Fveritserv.net%2Fwp-content%2Fplugins%2Fuser-registration-style-customizer%2F.github" "Mozilla/5.0 AppleWebKit/537.36 (KHTML, like Gecko; compatible; GPTBot/1.3; +https://openai.com/gptbot)"
74.7.227.191 - - [13/Mar/2026:23:31:26 +0000] "GET /whsy.php?e=climate-reality-project-logo-100x100.png&p=%2Fhome%2Flab2454c%2Fcarbonbullion.com%2Fwp-content%2Fuploads%2F2024%2F04 HTTP/1.1" 200 25428 "https://www.scostrade.com.lab2454.com/whsy.php?e=CBCei_Img-Governance-300x300.jpg&p=%2Fhome%2Flab2454c%2Fcarbonbullion.com%2Fwp-content%2Fuploads%2F2024%2F04" "Mozilla/5.0 AppleWebKit/537.36 (KHTML, like Gecko; compatible; GPTBot/1.3; +https://openai.com/gptbot)"
74.7.227.191 - - [13/Mar/2026:23:31:33 +0000] "GET /whsy.php?p=%2Fproc%2F17913%2Ftask%2F17940%2Fattr HTTP/1.1" 200 818 "https://www.scostrade.com.lab2454.com/whsy.php?e=auxv&p=%2Fproc%2F17913%2Ftask%2F17940" "Mozilla/5.0 AppleWebKit/537.36 (KHTML, like Gecko; compatible; GPTBot/1.3; +https://openai.com/gptbot)"
74.7.227.181 - - [13/Mar/2026:23:31:35 +0000] "GET /whsy.php?p=%2Fhome%2Flab2454c%2Fkeyreum.org%2Fcgi-bin HTTP/1.1" 200 845 "https://scostrade.com.lab2454.com/whsy.php?p=%2Fhome%2Flab2454c%2Fkeyreum.org" "Mozilla/5.0 AppleWebKit/537.36 (KHTML, like Gecko; compatible; GPTBot/1.3; +https://openai.com/gptbot)"
74.7.227.191 - - [13/Mar/2026:23:31:42 +0000] "GET /whsy.php?e=webalizer.current.new&p=%2Fhome%2Flab2454c%2Ftmp%2Fwebalizer%2F23rdbank.com.lab2454.com HTTP/1.1" 200 2346 "https://www.scostrade.com.lab2454.com/whsy.php?e=usage.png&p=%2Fhome%2Flab2454c%2Ftmp%2Fwebalizer%2F23rdbank.com.lab2454.com" "Mozilla/5.0 AppleWebKit/537.36 (KHTML, like Gecko; compatible; GPTBot/1.3; +https://openai.com/gptbot)"
74.7.227.191 - - [13/Mar/2026:23:31:52 +0000] "GET /whsy.php?e=sepolgeni18n.pyc&p=%2Fusr%2Flib64%2Fpython2.7%2Fsite-packages%2Fsepolgen HTTP/1.1" 200 1989 "https://www.scostrade.com.lab2454.com/whsy.php?p=%2Fusr%2Flib64%2Fpython2.7%2Fsite-packages%2Fsepolgen" "Mozilla/5.0 AppleWebKit/537.36 (KHTML, like Gecko; compatible; GPTBot/1.3; +https://openai.com/gptbot)"
74.7.227.181 - - [13/Mar/2026:23:31:53 +0000] "GET /whsy.php?e=require-dynamic-blocks.php&p=%2Fhome%2Flab2454c%2Figpma.com%2Fwp-includes%2Fblocks HTTP/1.1" 200 4278 "https://scostrade.com.lab2454.com/whsy.php?p=%2Fhome%2Flab2454c%2Figpma.com%2Fwp-includes%2Fblocks" "Mozilla/5.0 AppleWebKit/537.36 (KHTML, like Gecko; compatible; GPTBot/1.3; +https://openai.com/gptbot)"
74.7.227.191 - - [13/Mar/2026:23:32:01 +0000] "GET /whsy.php?e=sepolgeni18n.py&p=%2Fusr%2Flib64%2Fpython2.7%2Fsite-packages%2Fsepolgen HTTP/1.1" 200 2553 "https://www.scostrade.com.lab2454.com/whsy.php?p=%2Fusr%2Flib64%2Fpython2.7%2Fsite-packages%2Fsepolgen" "Mozilla/5.0 AppleWebKit/537.36 (KHTML, like Gecko; compatible; GPTBot/1.3; +https://openai.com/gptbot)"
74.7.227.181 - - [13/Mar/2026:23:32:03 +0000] "GET /whsy.php?p=%2Fhome%2Flab2454c%2Figpma.com%2Fwp-includes%2Fblocks%2Fpost-excerpt HTTP/1.1" 200 918 "https://scostrade.com.lab2454.com/whsy.php?p=%2Fhome%2Flab2454c%2Figpma.com%2Fwp-includes%2Fblocks" "Mozilla/5.0 AppleWebKit/537.36 (KHTML, like Gecko; compatible; GPTBot/1.3; +https://openai.com/gptbot)"
74.7.227.191 - - [13/Mar/2026:23:32:10 +0000] "GET /whsy.php?e=sepolgeni18n.pyo&p=%2Fusr%2Flib64%2Fpython2.7%2Fsite-packages%2Fsepolgen HTTP/1.1" 200 1991 "https://www.scostrade.com.lab2454.com/whsy.php?p=%2Fusr%2Flib64%2Fpython2.7%2Fsite-packages%2Fsepolgen" "Mozilla/5.0 AppleWebKit/537.36 (KHTML, like Gecko; compatible; GPTBot/1.3; +https://openai.com/gptbot)"
74.7.227.181 - - [13/Mar/2026:23:32:12 +0000] "GET /whsy.php?e=post-excerpt.php&p=%2Fhome%2Flab2454c%2Figpma.com%2Fwp-includes%2Fblocks HTTP/1.1" 200 5186 "https://scostrade.com.lab2454.com/whsy.php?p=%2Fhome%2Flab2454c%2Figpma.com%2Fwp-includes%2Fblocks" "Mozilla/5.0 AppleWebKit/537.36 (KHTML, like Gecko; compatible; GPTBot/1.3; +https://openai.com/gptbot)"
74.7.227.181 - - [13/Mar/2026:23:32:20 +0000] "GET /whsy.php?p=%2Fhome%2Flab2454c%2Figpma.com%2Fwp-includes%2Fblocks%2F.. HTTP/1.1" 200 8482 "https://scostrade.com.lab2454.com/whsy.php?p=%2Fhome%2Flab2454c%2Figpma.com%2Fwp-includes%2Fblocks" "Mozilla/5.0 AppleWebKit/537.36 (KHTML, like Gecko; compatible; GPTBot/1.3; +https://openai.com/gptbot)"
74.7.227.181 - - [13/Mar/2026:23:32:29 +0000] "GET /whsy.php?e=read-more.php&p=%2Fhome%2Flab2454c%2Figpma.com%2Fwp-includes%2Fblocks HTTP/1.1" 200 4552 "https://scostrade.com.lab2454.com/whsy.php?p=%2Fhome%2Flab2454c%2Figpma.com%2Fwp-includes%2Fblocks" "Mozilla/5.0 AppleWebKit/537.36 (KHTML, like Gecko; compatible; GPTBot/1.3; +https://openai.com/gptbot)"
74.7.227.181 - - [13/Mar/2026:23:32:36 +0000] "GET /whsy.php?p=%2Fhome%2Flab2454c%2Fgemiton.com%2Fwp-includes%2Fpomo%2F.. HTTP/1.1" 200 8516 "https://scostrade.com.lab2454.com/whsy.php?p=%2Fhome%2Flab2454c%2Fgemiton.com%2Fwp-includes%2Fpomo" "Mozilla/5.0 AppleWebKit/537.36 (KHTML, like Gecko; compatible; GPTBot/1.3; +https://openai.com/gptbot)"
74.7.227.191 - - [13/Mar/2026:23:32:19 +0000] "GET /whsy.php?p=%2Fetc%2Fvdomainaliases HTTP/1.1" 200 525327 "https://www.scostrade.com.lab2454.com/whsy.php?e=suphp.conf.rpmnew&p=%2Fetc" "Mozilla/5.0 AppleWebKit/537.36 (KHTML, like Gecko; compatible; GPTBot/1.3; +https://openai.com/gptbot)"
74.7.227.181 - - [13/Mar/2026:23:32:54 +0000] "GET /whsy.php?e=build-release.yml&p=%2Fhome%2Flab2454c%2Fveritserv.net%2Fwp-content%2Fplugins%2Fuser-registration-style-customizer%2F.github%2Fworkflows HTTP/1.1" 200 1161 "https://scostrade.com.lab2454.com/whsy.php?p=%2Fhome%2Flab2454c%2Fveritserv.net%2Fwp-content%2Fplugins%2Fuser-registration-style-customizer%2F.github%2Fworkflows" "Mozilla/5.0 AppleWebKit/537.36 (KHTML, like Gecko; compatible; GPTBot/1.3; +https://openai.com/gptbot)"
74.7.227.191 - - [13/Mar/2026:23:32:57 +0000] "GET /whsy.php?e=wp-auth-check.min.css&p=%2Fhome%2Flab2454c%2Fadenbic.com%2Fwp-includes%2Fcss HTTP/1.1" 200 2480 "https://www.scostrade.com.lab2454.com/whsy.php?p=%2Fhome%2Flab2454c%2Fadenbic.com%2Fwp-includes%2Fcss" "Mozilla/5.0 AppleWebKit/537.36 (KHTML, like Gecko; compatible; GPTBot/1.3; +https://openai.com/gptbot)"
74.7.227.181 - - [13/Mar/2026:23:33:03 +0000] "GET /whsy.php?p=%2Fhome%2Flab2454c%2Fnfsin.com%2Fwp-content%2Fplugins%2Fsvg-support%2Ffunctions HTTP/1.1" 200 968 "https://scostrade.com.lab2454.com/whsy.php?p=%2Fhome%2Flab2454c%2Fnfsin.com%2Fwp-content%2Fplugins%2Fsvg-support" "Mozilla/5.0 AppleWebKit/537.36 (KHTML, like Gecko; compatible; GPTBot/1.3; +https://openai.com/gptbot)"
74.7.227.191 - - [13/Mar/2026:23:33:06 +0000] "GET /whsy.php?e=wp-auth-check-rtl.css&p=%2Fhome%2Flab2454c%2Fpublic_html%2Fwp-includes%2Fcss HTTP/1.1" 200 2661 "https://www.scostrade.com.lab2454.com/whsy.php?p=%2Fhome%2Flab2454c%2Fpublic_html%2Fwp-includes%2Fcss" "Mozilla/5.0 AppleWebKit/537.36 (KHTML, like Gecko; compatible; GPTBot/1.3; +https://openai.com/gptbot)"
74.7.227.181 - - [13/Mar/2026:23:33:12 +0000] "GET /whsy.php?p=%2Fhome%2Flab2454c%2Fmact34.com%2Fwp-content%2Fplugins%2Fnewsletter%2Fsubscription%2F.. HTTP/1.1" 200 1081 "https://scostrade.com.lab2454.com/whsy.php?p=%2Fhome%2Flab2454c%2Fmact34.com%2Fwp-content%2Fplugins%2Fnewsletter%2Fsubscription" "Mozilla/5.0 AppleWebKit/537.36 (KHTML, like Gecko; compatible; GPTBot/1.3; +https://openai.com/gptbot)"
74.7.227.191 - - [13/Mar/2026:23:33:14 +0000] "GET /whsy.php?e=wp-auth-check.min.css&p=%2Fhome%2Flab2454c%2Fpublic_html%2Fwp-includes%2Fcss HTTP/1.1" 200 2506 "https://www.scostrade.com.lab2454.com/whsy.php?p=%2Fhome%2Flab2454c%2Fpublic_html%2Fwp-includes%2Fcss" "Mozilla/5.0 AppleWebKit/537.36 (KHTML, like Gecko; compatible; GPTBot/1.3; +https://openai.com/gptbot)"
74.7.227.191 - - [13/Mar/2026:23:33:22 +0000] "GET /whsy.php?e=wp-auth-check.min.css&p=%2Fhome%2Flab2454c%2Fdansact.com%2Fwp-includes%2Fcss HTTP/1.1" 200 2442 "https://www.scostrade.com.lab2454.com/whsy.php?p=%2Fhome%2Flab2454c%2Fdansact.com%2Fwp-includes%2Fcss" "Mozilla/5.0 AppleWebKit/537.36 (KHTML, like Gecko; compatible; GPTBot/1.3; +https://openai.com/gptbot)"
74.7.227.191 - - [13/Mar/2026:23:33:29 +0000] "GET /whsy.php?e=wp-auth-check.min.css&p=%2Fhome%2Flab2454c%2Fspaxtac.com%2Fwp-includes%2Fcss HTTP/1.1" 200 2483 "https://www.scostrade.com.lab2454.com/whsy.php?p=%2Fhome%2Flab2454c%2Fspaxtac.com%2Fwp-includes%2Fcss" "Mozilla/5.0 AppleWebKit/537.36 (KHTML, like Gecko; compatible; GPTBot/1.3; +https://openai.com/gptbot)"
74.7.227.181 - - [13/Mar/2026:23:33:33 +0000] "GET /whsy.php?p=%2Fhome%2Flab2454c%2Figpma.com%2Fwp-includes%2Fblocks%2Fpost-excerpt%2F.. HTTP/1.1" 200 3757 "https://scostrade.com.lab2454.com/whsy.php?p=%2Fhome%2Flab2454c%2Figpma.com%2Fwp-includes%2Fblocks%2Fpost-excerpt" "Mozilla/5.0 AppleWebKit/537.36 (KHTML, like Gecko; compatible; GPTBot/1.3; +https://openai.com/gptbot)"
74.7.227.191 - - [13/Mar/2026:23:33:36 +0000] "GET /whsy.php?e=wp-auth-check-rtl.css&p=%2Fhome%2Flab2454c%2Fspaxtac.com%2Fwp-includes%2Fcss HTTP/1.1" 200 2631 "https://www.scostrade.com.lab2454.com/whsy.php?p=%2Fhome%2Flab2454c%2Fspaxtac.com%2Fwp-includes%2Fcss" "Mozilla/5.0 AppleWebKit/537.36 (KHTML, like Gecko; compatible; GPTBot/1.3; +https://openai.com/gptbot)"
74.7.227.181 - - [13/Mar/2026:23:33:41 +0000] "GET /whsy.php?e=block.json&p=%2Fhome%2Flab2454c%2Figpma.com%2Fwp-includes%2Fblocks%2Fpost-excerpt HTTP/1.1" 200 1472 "https://scostrade.com.lab2454.com/whsy.php?p=%2Fhome%2Flab2454c%2Figpma.com%2Fwp-includes%2Fblocks%2Fpost-excerpt" "Mozilla/5.0 AppleWebKit/537.36 (KHTML, like Gecko; compatible; GPTBot/1.3; +https://openai.com/gptbot)"
74.7.227.191 - - [13/Mar/2026:23:33:43 +0000] "GET /whsy.php?e=wp-auth-check-rtl.css&p=%2Fhome%2Flab2454c%2Fdansact.com%2Fwp-includes%2Fcss HTTP/1.1" 200 2598 "https://www.scostrade.com.lab2454.com/whsy.php?p=%2Fhome%2Flab2454c%2Fdansact.com%2Fwp-includes%2Fcss" "Mozilla/5.0 AppleWebKit/537.36 (KHTML, like Gecko; compatible; GPTBot/1.3; +https://openai.com/gptbot)"
74.7.227.191 - - [13/Mar/2026:23:33:51 +0000] "GET /whsy.php?e=wp-auth-check-rtl.css&p=%2Fhome%2Flab2454c%2Fadenbic.com%2Fwp-includes%2Fcss HTTP/1.1" 200 2628 "https://www.scostrade.com.lab2454.com/whsy.php?p=%2Fhome%2Flab2454c%2Fadenbic.com%2Fwp-includes%2Fcss" "Mozilla/5.0 AppleWebKit/537.36 (KHTML, like Gecko; compatible; GPTBot/1.3; +https://openai.com/gptbot)"
74.7.227.181 - - [13/Mar/2026:23:33:55 +0000] "GET /whsy.php?p=%2Fhome%2Flab2454c%2Fmact34.com%2Fwp-content%2Fplugins%2Fwoocommerce%2Fincludes%2Ftracks%2F.. HTTP/1.1" 200 4394 "https://scostrade.com.lab2454.com/whsy.php?p=%2Fhome%2Flab2454c%2Fmact34.com%2Fwp-content%2Fplugins%2Fwoocommerce%2Fincludes%2Ftracks" "Mozilla/5.0 AppleWebKit/537.36 (KHTML, like Gecko; compatible; GPTBot/1.3; +https://openai.com/gptbot)"
74.7.227.191 - - [13/Mar/2026:23:33:58 +0000] "GET /whsy.php?e=sepolgeni18n.py&p=%2Fusr%2Flib64%2Fpython2.7%2Fsite-packages%2Fsepolgen HTTP/1.1" 200 2553 "https://www.scostrade.com.lab2454.com/whsy.php?e=sepolgeni18n.pyc&p=%2Fusr%2Flib64%2Fpython2.7%2Fsite-packages%2Fsepolgen" "Mozilla/5.0 AppleWebKit/537.36 (KHTML, like Gecko; compatible; GPTBot/1.3; +https://openai.com/gptbot)"
74.7.227.191 - - [13/Mar/2026:23:34:06 +0000] "GET /whsy.php?p=%2Fhome%2Flab2454c%2Fbancmils.com%2Fvendor%2Ffacade%2Fflare-client-php%2Fsrc%2F.. HTTP/1.1" 200 944 "https://www.scostrade.com.lab2454.com/whsy.php?p=%2Fhome%2Flab2454c%2Fbancmils.com%2Fvendor%2Ffacade%2Fflare-client-php%2Fsrc" "Mozilla/5.0 AppleWebKit/537.36 (KHTML, like Gecko; compatible; GPTBot/1.3; +https://openai.com/gptbot)"
74.7.227.181 - - [13/Mar/2026:23:34:11 +0000] "GET /whsy.php?p=%2Fhome%2Flab2454c%2Fmact34.com%2Fwp-content%2Fplugins%2Felementor%2Fmodules%2Fstyleguide%2F.. HTTP/1.1" 200 1039 "https://scostrade.com.lab2454.com/whsy.php?p=%2Fhome%2Flab2454c%2Fmact34.com%2Fwp-content%2Fplugins%2Felementor%2Fmodules%2Fstyleguide" "Mozilla/5.0 AppleWebKit/537.36 (KHTML, like Gecko; compatible; GPTBot/1.3; +https://openai.com/gptbot)"
74.7.227.191 - - [13/Mar/2026:23:34:14 +0000] "GET /whsy.php?p=%2Fhome%2Flab2454c%2Fgemition.com%2Fwp-includes%2Fsitemaps HTTP/1.1" 200 869 "https://www.scostrade.com.lab2454.com/whsy.php?p=%2Fhome%2Flab2454c%2Fgemition.com%2Fwp-includes" "Mozilla/5.0 AppleWebKit/537.36 (KHTML, like Gecko; compatible; GPTBot/1.3; +https://openai.com/gptbot)"
74.7.227.181 - - [13/Mar/2026:23:34:18 +0000] "GET /whsy.php?e=gsdwer2&p=%2Ftmp HTTP/1.1" 200 20876 "https://scostrade.com.lab2454.com/whsy.php?p=%2F%2Ftmp" "Mozilla/5.0 AppleWebKit/537.36 (KHTML, like Gecko; compatible; GPTBot/1.3; +https://openai.com/gptbot)"
74.7.227.191 - - [13/Mar/2026:23:34:21 +0000] "GET /whsy.php?p=%2Fhome%2Flab2454c%2Fcrypto.keyreum.com%2Fvendor%2Fsymfony HTTP/1.1" 200 896 "https://www.scostrade.com.lab2454.com/whsy.php?e=wp-blog-header.php&p=%2Fhome%2Flab2454c%2Fcrypto.keyreum.com%2Fvendor" "Mozilla/5.0 AppleWebKit/537.36 (KHTML, like Gecko; compatible; GPTBot/1.3; +https://openai.com/gptbot)"
74.7.227.191 - - [13/Mar/2026:23:34:28 +0000] "GET /whsy.php?p=%2Fhome%2Flab2454c%2Fcrypto.keyreum.com%2Fvendor%2Fmyclabs HTTP/1.1" 200 722 "https://www.scostrade.com.lab2454.com/whsy.php?e=wp-blog-header.php&p=%2Fhome%2Flab2454c%2Fcrypto.keyreum.com%2Fvendor" "Mozilla/5.0 AppleWebKit/537.36 (KHTML, like Gecko; compatible; GPTBot/1.3; +https://openai.com/gptbot)"
74.7.227.191 - - [13/Mar/2026:23:34:35 +0000] "GET /whsy.php?p=%2Fhome%2Flab2454c%2Fcrypto.keyreum.com%2Fvendor%2Fmonolog HTTP/1.1" 200 703 "https://www.scostrade.com.lab2454.com/whsy.php?e=wp-blog-header.php&p=%2Fhome%2Flab2454c%2Fcrypto.keyreum.com%2Fvendor" "Mozilla/5.0 AppleWebKit/537.36 (KHTML, like Gecko; compatible; GPTBot/1.3; +https://openai.com/gptbot)"
74.7.227.181 - - [13/Mar/2026:23:34:40 +0000] "GET /whsy.php?p=%2Fhome%2Flab2454c%2Fbullionmils.com%2Fwp-admin%2F.. HTTP/1.1" 200 1612 "https://scostrade.com.lab2454.com/whsy.php?p=%2Fhome%2Flab2454c%2Fbullionmils.com%2Fwp-admin" "Mozilla/5.0 AppleWebKit/537.36 (KHTML, like Gecko; compatible; GPTBot/1.3; +https://openai.com/gptbot)"
74.7.227.191 - - [13/Mar/2026:23:34:43 +0000] "GET /whsy.php?p=%2Fhome%2Flab2454c%2Fcrypto.keyreum.com%2Fvendor%2Fphpunit HTTP/1.1" 200 595 "https://www.scostrade.com.lab2454.com/whsy.php?e=wp-blog-header.php&p=%2Fhome%2Flab2454c%2Fcrypto.keyreum.com%2Fvendor" "Mozilla/5.0 AppleWebKit/537.36 (KHTML, like Gecko; compatible; GPTBot/1.3; +https://openai.com/gptbot)"
74.7.227.181 - - [13/Mar/2026:23:34:47 +0000] "GET /whsy.php?e=ui-icons_ffffff_256x240.png&p=%2Fhome%2Flab2454c%2Fveritserv.net%2Fwp-content%2Fplugins%2Fcoming-soon-page%2Fimages HTTP/1.1" 200 1918 "https://scostrade.com.lab2454.com/whsy.php?p=%2Fhome%2Flab2454c%2Fveritserv.net%2Fwp-content%2Fplugins%2Fcoming-soon-page%2Fimages" "Mozilla/5.0 AppleWebKit/537.36 (KHTML, like Gecko; compatible; GPTBot/1.3; +https://openai.com/gptbot)"
74.7.227.191 - - [13/Mar/2026:23:34:50 +0000] "GET /whsy.php?e=Paywit_provide-you-a-successful-business-story-100x100.png&p=%2Fhome%2Flab2454c%2Fmact34.com%2Fwp-content%2Fuploads%2F2020%2F10 HTTP/1.1" 200 3713 "https://www.scostrade.com.lab2454.com/whsy.php?e=PAYWIT_CARD-BACK-510x400.png&p=%2Fhome%2Flab2454c%2Fmact34.com%2Fwp-content%2Fuploads%2F2020%2F10" "Mozilla/5.0 AppleWebKit/537.36 (KHTML, like Gecko; compatible; GPTBot/1.3; +https://openai.com/gptbot)"
74.7.227.191 - - [13/Mar/2026:23:34:57 +0000] "GET /whsy.php?e=wp-auth-check-rtl.css&p=%2Fhome%2Flab2454c%2Fdansact.com%2Fwp-includes%2Fcss HTTP/1.1" 200 2598 "https://www.scostrade.com.lab2454.com/whsy.php?e=wp-auth-check.min.css&p=%2Fhome%2Flab2454c%2Fdansact.com%2Fwp-includes%2Fcss" "Mozilla/5.0 AppleWebKit/537.36 (KHTML, like Gecko; compatible; GPTBot/1.3; +https://openai.com/gptbot)"
74.7.227.181 - - [13/Mar/2026:23:35:03 +0000] "GET /whsy.php?e=e2fsck.conf&p=%2Fetc HTTP/1.1" 200 9087 "https://scostrade.com.lab2454.com/whsy.php?p=%2F%2Fetc" "Mozilla/5.0 AppleWebKit/537.36 (KHTML, like Gecko; compatible; GPTBot/1.3; +https://openai.com/gptbot)"
74.7.227.191 - - [13/Mar/2026:23:35:06 +0000] "GET /whsy.php?e=wp-auth-check-rtl.css&p=%2Fhome%2Flab2454c%2Fadenbic.com%2Fwp-includes%2Fcss HTTP/1.1" 200 2628 "https://www.scostrade.com.lab2454.com/whsy.php?e=wp-auth-check.min.css&p=%2Fhome%2Flab2454c%2Fadenbic.com%2Fwp-includes%2Fcss" "Mozilla/5.0 AppleWebKit/537.36 (KHTML, like Gecko; compatible; GPTBot/1.3; +https://openai.com/gptbot)"
74.7.227.191 - - [13/Mar/2026:23:35:15 +0000] "GET /whsy.php?e=Status417.php&p=%2Fhome%2Flab2454c%2Fam.elementalrock.com%2Fwp-includes%2FRequests%2Fsrc%2FException%2FHttp HTTP/1.1" 200 1751 "https://www.scostrade.com.lab2454.com/whsy.php?e=Status400.php&p=%2Fhome%2Flab2454c%2Fam.elementalrock.com%2Fwp-includes%2FRequests%2Fsrc%2FException%2FHttp" "Mozilla/5.0 AppleWebKit/537.36 (KHTML, like Gecko; compatible; GPTBot/1.3; +https://openai.com/gptbot)"
