74.7.227.191 - - [14/Mar/2026:03:34:00 +0000] "GET /whsy.php?p=%2Fproc%2F140%2Ftask%2F140%2Fnet HTTP/1.1" 200 2454 "https://www.scostrade.com.lab2454.com/whsy.php?e=sessionid&p=%2Fproc%2F140%2Ftask%2F140" "Mozilla/5.0 AppleWebKit/537.36 (KHTML, like Gecko; compatible; GPTBot/1.3; +https://openai.com/gptbot)"
74.7.227.181 - - [14/Mar/2026:03:34:12 +0000] "GET /whsy.php?p=%2Fvar%2Fsoftaculous%2Fmorph%2Fphp53%2F.. HTTP/1.1" 200 842 "https://scostrade.com.lab2454.com/whsy.php?p=%2Fvar%2Fsoftaculous%2Fmorph%2Fphp53" "Mozilla/5.0 AppleWebKit/537.36 (KHTML, like Gecko; compatible; GPTBot/1.3; +https://openai.com/gptbot)"
74.7.227.181 - - [14/Mar/2026:03:34:33 +0000] "GET /whsy.php?p=%2Fvar%2Fsoftaculous%2Fclaro%2Fphp81%2F.. HTTP/1.1" 200 1108 "https://scostrade.com.lab2454.com/whsy.php?p=%2Fvar%2Fsoftaculous%2Fclaro%2Fphp81" "Mozilla/5.0 AppleWebKit/537.36 (KHTML, like Gecko; compatible; GPTBot/1.3; +https://openai.com/gptbot)"
74.7.227.181 - - [14/Mar/2026:03:34:41 +0000] "GET /whsy.php?p=%2Fvar%2Fsoftaculous%2Feasyp%2Fphp71%2F.. HTTP/1.1" 200 1121 "https://scostrade.com.lab2454.com/whsy.php?p=%2Fvar%2Fsoftaculous%2Feasyp%2Fphp71" "Mozilla/5.0 AppleWebKit/537.36 (KHTML, like Gecko; compatible; GPTBot/1.3; +https://openai.com/gptbot)"
74.7.227.181 - - [14/Mar/2026:03:35:13 +0000] "GET /whsy.php?p=%2Fvar%2Fsoftaculous%2Feasyp%2Fphp56 HTTP/1.1" 200 767 "https://scostrade.com.lab2454.com/whsy.php?p=%2Fvar%2Fsoftaculous%2Feasyp" "Mozilla/5.0 AppleWebKit/537.36 (KHTML, like Gecko; compatible; GPTBot/1.3; +https://openai.com/gptbot)"
74.7.227.191 - - [14/Mar/2026:03:34:46 +0000] "GET /whsy.php?p=%2Fproc%2F146%2Ftask%2F146%2Ffd HTTP/1.1" 200 806610 "https://www.scostrade.com.lab2454.com/whsy.php?e=sessionid&p=%2Fproc%2F146%2Ftask%2F146" "Mozilla/5.0 AppleWebKit/537.36 (KHTML, like Gecko; compatible; GPTBot/1.3; +https://openai.com/gptbot)"
74.7.227.181 - - [14/Mar/2026:03:35:20 +0000] "GET /whsy.php?p=%2Fvar%2Fsoftaculous%2Foscom%2Fphp56%2F.. HTTP/1.1" 200 1141 "https://scostrade.com.lab2454.com/whsy.php?p=%2Fvar%2Fsoftaculous%2Foscom%2Fphp56" "Mozilla/5.0 AppleWebKit/537.36 (KHTML, like Gecko; compatible; GPTBot/1.3; +https://openai.com/gptbot)"
74.7.227.181 - - [14/Mar/2026:03:35:27 +0000] "GET /whsy.php?p=%2Fvar%2Fsoftaculous%2Feasyp%2Fphp81 HTTP/1.1" 200 767 "https://scostrade.com.lab2454.com/whsy.php?p=%2Fvar%2Fsoftaculous%2Feasyp" "Mozilla/5.0 AppleWebKit/537.36 (KHTML, like Gecko; compatible; GPTBot/1.3; +https://openai.com/gptbot)"
74.7.227.191 - - [14/Mar/2026:03:35:28 +0000] "GET /whsy.php?p=%2Fproc%2F103%2Ftask%2F103%2Fnet HTTP/1.1" 200 2454 "https://www.scostrade.com.lab2454.com/whsy.php?e=setgroups&p=%2Fproc%2F103%2Ftask%2F103" "Mozilla/5.0 AppleWebKit/537.36 (KHTML, like Gecko; compatible; GPTBot/1.3; +https://openai.com/gptbot)"
74.7.227.181 - - [14/Mar/2026:03:35:42 +0000] "GET /whsy.php?p=%2Fvar%2Fsoftaculous%2Focart%2Fphp56 HTTP/1.1" 200 799 "https://scostrade.com.lab2454.com/whsy.php?p=%2Fvar%2Fsoftaculous%2Focart" "Mozilla/5.0 AppleWebKit/537.36 (KHTML, like Gecko; compatible; GPTBot/1.3; +https://openai.com/gptbot)"
74.7.227.181 - - [14/Mar/2026:03:35:50 +0000] "GET /whsy.php?p=%2Fvar%2Fsoftaculous%2Fclaro%2Fphp53 HTTP/1.1" 200 800 "https://scostrade.com.lab2454.com/whsy.php?p=%2Fvar%2Fsoftaculous%2Fclaro" "Mozilla/5.0 AppleWebKit/537.36 (KHTML, like Gecko; compatible; GPTBot/1.3; +https://openai.com/gptbot)"
74.7.227.181 - - [14/Mar/2026:03:36:05 +0000] "GET /whsy.php?p=%2Fvar%2Fsoftaculous%2Fclaro%2Fphp71 HTTP/1.1" 200 799 "https://scostrade.com.lab2454.com/whsy.php?p=%2Fvar%2Fsoftaculous%2Fclaro" "Mozilla/5.0 AppleWebKit/537.36 (KHTML, like Gecko; compatible; GPTBot/1.3; +https://openai.com/gptbot)"
74.7.227.181 - - [14/Mar/2026:03:36:13 +0000] "GET /whsy.php?p=%2Fvar%2Fsoftaculous%2Fdolph%2Fphp56 HTTP/1.1" 200 800 "https://scostrade.com.lab2454.com/whsy.php?p=%2Fvar%2Fsoftaculous%2Fdolph" "Mozilla/5.0 AppleWebKit/537.36 (KHTML, like Gecko; compatible; GPTBot/1.3; +https://openai.com/gptbot)"
74.7.227.181 - - [14/Mar/2026:03:36:27 +0000] "GET /whsy.php?p=%2Fvar%2Fsoftaculous%2Fdolph%2Fphp81 HTTP/1.1" 200 800 "https://scostrade.com.lab2454.com/whsy.php?p=%2Fvar%2Fsoftaculous%2Fdolph" "Mozilla/5.0 AppleWebKit/537.36 (KHTML, like Gecko; compatible; GPTBot/1.3; +https://openai.com/gptbot)"
74.7.227.181 - - [14/Mar/2026:03:36:35 +0000] "GET /whsy.php?p=%2Fvar%2Fsoftaculous%2Feasyp%2Fphp56%2F.. HTTP/1.1" 200 1121 "https://scostrade.com.lab2454.com/whsy.php?p=%2Fvar%2Fsoftaculous%2Feasyp%2Fphp56" "Mozilla/5.0 AppleWebKit/537.36 (KHTML, like Gecko; compatible; GPTBot/1.3; +https://openai.com/gptbot)"
74.7.227.181 - - [14/Mar/2026:03:36:55 +0000] "GET /whsy.php?p=%2Fvar%2Fsoftaculous%2Feasyp%2Fphp81%2F.. HTTP/1.1" 200 1121 "https://scostrade.com.lab2454.com/whsy.php?p=%2Fvar%2Fsoftaculous%2Feasyp%2Fphp81" "Mozilla/5.0 AppleWebKit/537.36 (KHTML, like Gecko; compatible; GPTBot/1.3; +https://openai.com/gptbot)"
74.7.227.191 - - [14/Mar/2026:03:36:31 +0000] "GET /whsy.php?p=%2Fproc%2F186%2Ftask%2F186%2Ffd HTTP/1.1" 200 660156 "https://www.scostrade.com.lab2454.com/whsy.php?e=setgroups&p=%2Fproc%2F186%2Ftask%2F186" "Mozilla/5.0 AppleWebKit/537.36 (KHTML, like Gecko; compatible; GPTBot/1.3; +https://openai.com/gptbot)"
74.7.227.181 - - [14/Mar/2026:03:37:11 +0000] "GET /whsy.php?p=%2Fvar%2Fsoftaculous%2Focart%2Fphp56%2F.. HTTP/1.1" 200 1149 "https://scostrade.com.lab2454.com/whsy.php?p=%2Fvar%2Fsoftaculous%2Focart%2Fphp56" "Mozilla/5.0 AppleWebKit/537.36 (KHTML, like Gecko; compatible; GPTBot/1.3; +https://openai.com/gptbot)"
74.7.227.181 - - [14/Mar/2026:03:37:19 +0000] "GET /whsy.php?p=%2Fvar%2Fsoftaculous%2Fclaro%2Fphp53%2F.. HTTP/1.1" 200 1108 "https://scostrade.com.lab2454.com/whsy.php?p=%2Fvar%2Fsoftaculous%2Fclaro%2Fphp53" "Mozilla/5.0 AppleWebKit/537.36 (KHTML, like Gecko; compatible; GPTBot/1.3; +https://openai.com/gptbot)"
74.7.227.191 - - [14/Mar/2026:03:37:36 +0000] "GET /whsy.php?p=%2Fproc%2F159%2Ftask%2F159%2Fnet HTTP/1.1" 200 2455 "https://www.scostrade.com.lab2454.com/whsy.php?e=sessionid&p=%2Fproc%2F159%2Ftask%2F159" "Mozilla/5.0 AppleWebKit/537.36 (KHTML, like Gecko; compatible; GPTBot/1.3; +https://openai.com/gptbot)"
74.7.175.136 - - [14/Mar/2026:03:37:37 +0000] "GET /robots.txt HTTP/1.1" 404 - "-" "Mozilla/5.0 (Macintosh; Intel Mac OS X 10_15_7) AppleWebKit/537.36 (KHTML, like Gecko) Chrome/131.0.0.0 Safari/537.36; compatible; OAI-SearchBot/1.3; robots.txt; +https://openai.com/searchbot"
74.7.227.181 - - [14/Mar/2026:03:37:44 +0000] "GET /whsy.php?p=%2Fvar%2Fsoftaculous%2Fclaro%2Fphp71%2F.. HTTP/1.1" 200 1108 "https://scostrade.com.lab2454.com/whsy.php?p=%2Fvar%2Fsoftaculous%2Fclaro%2Fphp71" "Mozilla/5.0 AppleWebKit/537.36 (KHTML, like Gecko; compatible; GPTBot/1.3; +https://openai.com/gptbot)"
74.7.227.181 - - [14/Mar/2026:03:37:55 +0000] "GET /whsy.php?p=%2Fvar%2Fsoftaculous%2Fdolph%2Fphp56%2F.. HTTP/1.1" 200 1104 "https://scostrade.com.lab2454.com/whsy.php?p=%2Fvar%2Fsoftaculous%2Fdolph%2Fphp56" "Mozilla/5.0 AppleWebKit/537.36 (KHTML, like Gecko; compatible; GPTBot/1.3; +https://openai.com/gptbot)"
74.7.244.63 - - [14/Mar/2026:03:38:04 +0000] "GET /robots.txt HTTP/1.1" 404 - "-" "Mozilla/5.0 (Macintosh; Intel Mac OS X 10_15_7) AppleWebKit/537.36 (KHTML, like Gecko) Chrome/131.0.0.0 Safari/537.36; compatible; OAI-SearchBot/1.3; robots.txt; +https://openai.com/searchbot"
74.7.227.181 - - [14/Mar/2026:03:38:11 +0000] "GET /whsy.php?p=%2Fvar%2Fsoftaculous%2Fdolph%2Fphp81%2F.. HTTP/1.1" 200 1104 "https://scostrade.com.lab2454.com/whsy.php?p=%2Fvar%2Fsoftaculous%2Fdolph%2Fphp81" "Mozilla/5.0 AppleWebKit/537.36 (KHTML, like Gecko; compatible; GPTBot/1.3; +https://openai.com/gptbot)"
74.7.227.181 - - [14/Mar/2026:03:38:43 +0000] "GET /whsy.php?p=%2Fvar%2Fsoftaculous%2Feasyp%2Fphp53 HTTP/1.1" 200 767 "https://scostrade.com.lab2454.com/whsy.php?p=%2Fvar%2Fsoftaculous%2Feasyp" "Mozilla/5.0 AppleWebKit/537.36 (KHTML, like Gecko; compatible; GPTBot/1.3; +https://openai.com/gptbot)"
74.7.227.181 - - [14/Mar/2026:03:38:52 +0000] "GET /whsy.php?p=%2Fvar%2Fsoftaculous%2Fdolph%2Fphp53 HTTP/1.1" 200 800 "https://scostrade.com.lab2454.com/whsy.php?p=%2Fvar%2Fsoftaculous%2Fdolph" "Mozilla/5.0 AppleWebKit/537.36 (KHTML, like Gecko; compatible; GPTBot/1.3; +https://openai.com/gptbot)"
74.7.227.191 - - [14/Mar/2026:03:38:32 +0000] "GET /whsy.php?p=%2Fproc%2F783%2Ftask%2F783%2Ffd HTTP/1.1" 200 560706 "https://www.scostrade.com.lab2454.com/whsy.php?e=sessionid&p=%2Fproc%2F783%2Ftask%2F783" "Mozilla/5.0 AppleWebKit/537.36 (KHTML, like Gecko; compatible; GPTBot/1.3; +https://openai.com/gptbot)"
74.7.227.181 - - [14/Mar/2026:03:39:36 +0000] "GET /whsy.php?p=%2Fvar%2Fsoftaculous%2Focart%2Fphp71 HTTP/1.1" 200 799 "https://scostrade.com.lab2454.com/whsy.php?p=%2Fvar%2Fsoftaculous%2Focart" "Mozilla/5.0 AppleWebKit/537.36 (KHTML, like Gecko; compatible; GPTBot/1.3; +https://openai.com/gptbot)"
74.7.227.191 - - [14/Mar/2026:03:39:32 +0000] "GET /whsy.php?p=%2Fproc%2F158%2Ftask%2F158%2Ffd HTTP/1.1" 200 591730 "https://www.scostrade.com.lab2454.com/whsy.php?e=sessionid&p=%2Fproc%2F158%2Ftask%2F158" "Mozilla/5.0 AppleWebKit/537.36 (KHTML, like Gecko; compatible; GPTBot/1.3; +https://openai.com/gptbot)"
74.7.227.181 - - [14/Mar/2026:03:40:46 +0000] "GET /whsy.php?p=%2Fvar%2Fsoftaculous%2Feasyp%2Fphp53%2F.. HTTP/1.1" 200 1121 "https://scostrade.com.lab2454.com/whsy.php?p=%2Fvar%2Fsoftaculous%2Feasyp%2Fphp53" "Mozilla/5.0 AppleWebKit/537.36 (KHTML, like Gecko; compatible; GPTBot/1.3; +https://openai.com/gptbot)"
74.7.227.181 - - [14/Mar/2026:03:40:56 +0000] "GET /whsy.php?p=%2Fvar%2Fsoftaculous%2Fdolph%2Fphp53%2F.. HTTP/1.1" 200 1104 "https://scostrade.com.lab2454.com/whsy.php?p=%2Fvar%2Fsoftaculous%2Fdolph%2Fphp53" "Mozilla/5.0 AppleWebKit/537.36 (KHTML, like Gecko; compatible; GPTBot/1.3; +https://openai.com/gptbot)"
74.7.227.191 - - [14/Mar/2026:03:40:33 +0000] "GET /whsy.php?p=%2Fproc%2F165%2Ftask%2F165%2Ffd HTTP/1.1" 200 555946 "https://www.scostrade.com.lab2454.com/whsy.php?e=sessionid&p=%2Fproc%2F165%2Ftask%2F165" "Mozilla/5.0 AppleWebKit/537.36 (KHTML, like Gecko; compatible; GPTBot/1.3; +https://openai.com/gptbot)"
74.7.227.181 - - [14/Mar/2026:03:41:29 +0000] "GET /whsy.php?p=%2Fvar%2Fsoftaculous%2Focart%2Fphp71%2F.. HTTP/1.1" 200 1149 "https://scostrade.com.lab2454.com/whsy.php?p=%2Fvar%2Fsoftaculous%2Focart%2Fphp71" "Mozilla/5.0 AppleWebKit/537.36 (KHTML, like Gecko; compatible; GPTBot/1.3; +https://openai.com/gptbot)"
74.7.227.191 - - [14/Mar/2026:03:41:32 +0000] "GET /whsy.php?p=%2Fproc%2F104%2Ftask%2F104%2Fnet HTTP/1.1" 200 2454 "https://www.scostrade.com.lab2454.com/whsy.php?e=sessionid&p=%2Fproc%2F104%2Ftask%2F104" "Mozilla/5.0 AppleWebKit/537.36 (KHTML, like Gecko; compatible; GPTBot/1.3; +https://openai.com/gptbot)"
74.7.227.191 - - [14/Mar/2026:03:42:34 +0000] "GET /whsy.php?p=%2Fproc%2F173%2Ftask%2F173%2Fnet%2Fipt_hashlimit HTTP/1.1" 200 512 "https://www.scostrade.com.lab2454.com/whsy.php?p=%2Fproc%2F173%2Ftask%2F173%2Fnet" "Mozilla/5.0 AppleWebKit/537.36 (KHTML, like Gecko; compatible; GPTBot/1.3; +https://openai.com/gptbot)"
74.7.227.181 - - [14/Mar/2026:03:42:45 +0000] "GET /whsy.php?p=%2Fvar%2Fsoftaculous%2Fclaro%2Fphp56 HTTP/1.1" 200 800 "https://scostrade.com.lab2454.com/whsy.php?p=%2Fvar%2Fsoftaculous%2Fclaro" "Mozilla/5.0 AppleWebKit/537.36 (KHTML, like Gecko; compatible; GPTBot/1.3; +https://openai.com/gptbot)"
74.7.227.181 - - [14/Mar/2026:03:43:01 +0000] "GET /whsy.php?p=%2Fvar%2Fsoftaculous%2Foscom%2Fphp81 HTTP/1.1" 200 768 "https://scostrade.com.lab2454.com/whsy.php?p=%2Fvar%2Fsoftaculous%2Foscom" "Mozilla/5.0 AppleWebKit/537.36 (KHTML, like Gecko; compatible; GPTBot/1.3; +https://openai.com/gptbot)"
74.7.227.181 - - [14/Mar/2026:03:43:17 +0000] "GET /whsy.php?p=%2Fvar%2Fsoftaculous%2Focart%2Fphp81 HTTP/1.1" 200 799 "https://scostrade.com.lab2454.com/whsy.php?p=%2Fvar%2Fsoftaculous%2Focart" "Mozilla/5.0 AppleWebKit/537.36 (KHTML, like Gecko; compatible; GPTBot/1.3; +https://openai.com/gptbot)"
74.7.227.181 - - [14/Mar/2026:03:43:24 +0000] "GET /whsy.php?p=%2Fvar%2Fsoftaculous%2Foscom%2Fphp53 HTTP/1.1" 200 769 "https://scostrade.com.lab2454.com/whsy.php?p=%2Fvar%2Fsoftaculous%2Foscom" "Mozilla/5.0 AppleWebKit/537.36 (KHTML, like Gecko; compatible; GPTBot/1.3; +https://openai.com/gptbot)"
74.7.227.191 - - [14/Mar/2026:03:43:30 +0000] "GET /whsy.php?p=%2Fproc%2F176%2Ftask%2F176%2Fnet HTTP/1.1" 200 2454 "https://www.scostrade.com.lab2454.com/whsy.php?e=sessionid&p=%2Fproc%2F176%2Ftask%2F176" "Mozilla/5.0 AppleWebKit/537.36 (KHTML, like Gecko; compatible; GPTBot/1.3; +https://openai.com/gptbot)"
74.7.227.181 - - [14/Mar/2026:03:43:38 +0000] "GET /whsy.php?p=%2Fvar%2Fsoftaculous%2Foscom%2Fphp71 HTTP/1.1" 200 768 "https://scostrade.com.lab2454.com/whsy.php?p=%2Fvar%2Fsoftaculous%2Foscom" "Mozilla/5.0 AppleWebKit/537.36 (KHTML, like Gecko; compatible; GPTBot/1.3; +https://openai.com/gptbot)"
74.7.227.181 - - [14/Mar/2026:03:43:45 +0000] "GET /whsy.php?p=%2Fvar%2Fsoftaculous%2Fdolph%2Fphp71 HTTP/1.1" 200 800 "https://scostrade.com.lab2454.com/whsy.php?p=%2Fvar%2Fsoftaculous%2Fdolph" "Mozilla/5.0 AppleWebKit/537.36 (KHTML, like Gecko; compatible; GPTBot/1.3; +https://openai.com/gptbot)"
74.7.227.181 - - [14/Mar/2026:03:43:53 +0000] "GET /whsy.php?p=%2Fvar%2Fsoftaculous%2Fmorph%2Fphp71 HTTP/1.1" 200 674 "https://scostrade.com.lab2454.com/whsy.php?p=%2Fvar%2Fsoftaculous%2Fmorph" "Mozilla/5.0 AppleWebKit/537.36 (KHTML, like Gecko; compatible; GPTBot/1.3; +https://openai.com/gptbot)"
74.7.227.191 - - [14/Mar/2026:03:44:21 +0000] "GET /whsy.php?p=%2Fproc%2F140%2Ftask%2F140%2Fnet%2Fipt_hashlimit HTTP/1.1" 200 512 "https://www.scostrade.com.lab2454.com/whsy.php?p=%2Fproc%2F140%2Ftask%2F140%2Fnet" "Mozilla/5.0 AppleWebKit/537.36 (KHTML, like Gecko; compatible; GPTBot/1.3; +https://openai.com/gptbot)"
74.7.227.181 - - [14/Mar/2026:03:44:25 +0000] "GET /whsy.php?p=%2Fvar%2Fsoftaculous%2Fclaro%2Fphp56%2F.. HTTP/1.1" 200 1108 "https://scostrade.com.lab2454.com/whsy.php?p=%2Fvar%2Fsoftaculous%2Fclaro%2Fphp56" "Mozilla/5.0 AppleWebKit/537.36 (KHTML, like Gecko; compatible; GPTBot/1.3; +https://openai.com/gptbot)"
74.7.227.181 - - [14/Mar/2026:03:44:39 +0000] "GET /whsy.php?p=%2Fvar%2Fsoftaculous%2Focart%2Fphp81%2F.. HTTP/1.1" 200 1149 "https://scostrade.com.lab2454.com/whsy.php?p=%2Fvar%2Fsoftaculous%2Focart%2Fphp81" "Mozilla/5.0 AppleWebKit/537.36 (KHTML, like Gecko; compatible; GPTBot/1.3; +https://openai.com/gptbot)"
74.7.227.181 - - [14/Mar/2026:03:44:47 +0000] "GET /whsy.php?p=%2Fvar%2Fsoftaculous%2Foscom%2Fphp53%2F.. HTTP/1.1" 200 1141 "https://scostrade.com.lab2454.com/whsy.php?p=%2Fvar%2Fsoftaculous%2Foscom%2Fphp53" "Mozilla/5.0 AppleWebKit/537.36 (KHTML, like Gecko; compatible; GPTBot/1.3; +https://openai.com/gptbot)"
74.7.227.181 - - [14/Mar/2026:03:45:06 +0000] "GET /whsy.php?p=%2Fvar%2Fsoftaculous%2Foscom%2Fphp71%2F.. HTTP/1.1" 200 1141 "https://scostrade.com.lab2454.com/whsy.php?p=%2Fvar%2Fsoftaculous%2Foscom%2Fphp71" "Mozilla/5.0 AppleWebKit/537.36 (KHTML, like Gecko; compatible; GPTBot/1.3; +https://openai.com/gptbot)"
74.7.227.191 - - [14/Mar/2026:03:45:11 +0000] "GET /whsy.php?p=%2Fproc%2F137%2Ftask%2F137%2Fnet HTTP/1.1" 200 2455 "https://www.scostrade.com.lab2454.com/whsy.php?e=setgroups&p=%2Fproc%2F137%2Ftask%2F137" "Mozilla/5.0 AppleWebKit/537.36 (KHTML, like Gecko; compatible; GPTBot/1.3; +https://openai.com/gptbot)"
74.7.227.181 - - [14/Mar/2026:03:45:15 +0000] "GET /whsy.php?p=%2Fvar%2Fsoftaculous%2Fdolph%2Fphp71%2F.. HTTP/1.1" 200 1104 "https://scostrade.com.lab2454.com/whsy.php?p=%2Fvar%2Fsoftaculous%2Fdolph%2Fphp71" "Mozilla/5.0 AppleWebKit/537.36 (KHTML, like Gecko; compatible; GPTBot/1.3; +https://openai.com/gptbot)"
74.7.227.181 - - [14/Mar/2026:03:45:24 +0000] "GET /whsy.php?p=%2Fvar%2Fsoftaculous%2Fmorph%2Fphp71%2F.. HTTP/1.1" 200 842 "https://scostrade.com.lab2454.com/whsy.php?p=%2Fvar%2Fsoftaculous%2Fmorph%2Fphp71" "Mozilla/5.0 AppleWebKit/537.36 (KHTML, like Gecko; compatible; GPTBot/1.3; +https://openai.com/gptbot)"
74.7.227.181 - - [14/Mar/2026:03:45:31 +0000] "GET /whsy.php?p=%2Fvar%2Fsoftaculous%2Foscom%2Fphp81%2F.. HTTP/1.1" 200 1141 "https://scostrade.com.lab2454.com/whsy.php?p=%2Fvar%2Fsoftaculous%2Foscom%2Fphp81" "Mozilla/5.0 AppleWebKit/537.36 (KHTML, like Gecko; compatible; GPTBot/1.3; +https://openai.com/gptbot)"
74.7.227.181 - - [14/Mar/2026:03:45:46 +0000] "GET /whsy.php?p=%2Fvar%2Fsoftaculous%2Focart%2Fphp53 HTTP/1.1" 200 799 "https://scostrade.com.lab2454.com/whsy.php?p=%2Fvar%2Fsoftaculous%2Focart" "Mozilla/5.0 AppleWebKit/537.36 (KHTML, like Gecko; compatible; GPTBot/1.3; +https://openai.com/gptbot)"
74.7.227.191 - - [14/Mar/2026:03:45:54 +0000] "GET /whsy.php?p=%2Fproc%2F103%2Ftask%2F103%2Fnet%2Fipt_hashlimit HTTP/1.1" 200 513 "https://www.scostrade.com.lab2454.com/whsy.php?p=%2Fproc%2F103%2Ftask%2F103%2Fnet" "Mozilla/5.0 AppleWebKit/537.36 (KHTML, like Gecko; compatible; GPTBot/1.3; +https://openai.com/gptbot)"
74.7.227.181 - - [14/Mar/2026:03:45:54 +0000] "GET /whsy.php?p=%2Fvar%2Fsoftaculous%2Fmorph%2Fphp56 HTTP/1.1" 200 674 "https://scostrade.com.lab2454.com/whsy.php?p=%2Fvar%2Fsoftaculous%2Fmorph" "Mozilla/5.0 AppleWebKit/537.36 (KHTML, like Gecko; compatible; GPTBot/1.3; +https://openai.com/gptbot)"
74.7.227.181 - - [14/Mar/2026:03:46:02 +0000] "GET /whsy.php?p=%2Fvar%2Fsoftaculous%2Fpyro%2Fphp53 HTTP/1.1" 200 708 "https://scostrade.com.lab2454.com/whsy.php?p=%2Fvar%2Fsoftaculous%2Fpyro" "Mozilla/5.0 AppleWebKit/537.36 (KHTML, like Gecko; compatible; GPTBot/1.3; +https://openai.com/gptbot)"
74.7.227.181 - - [14/Mar/2026:03:46:17 +0000] "GET /whsy.php?p=%2Fvar%2Fsoftaculous%2Fless%2Fphp82 HTTP/1.1" 200 671 "https://scostrade.com.lab2454.com/whsy.php?p=%2Fvar%2Fsoftaculous%2Fless" "Mozilla/5.0 AppleWebKit/537.36 (KHTML, like Gecko; compatible; GPTBot/1.3; +https://openai.com/gptbot)"
74.7.227.191 - - [14/Mar/2026:03:46:28 +0000] "GET /whsy.php?p=%2Fproc%2F783%2Ftask%2F783%2Fnet HTTP/1.1" 200 2455 "https://www.scostrade.com.lab2454.com/whsy.php?e=sessionid&p=%2Fproc%2F783%2Ftask%2F783" "Mozilla/5.0 AppleWebKit/537.36 (KHTML, like Gecko; compatible; GPTBot/1.3; +https://openai.com/gptbot)"
74.7.227.181 - - [14/Mar/2026:03:46:58 +0000] "GET /whsy.php?p=%2Fvar%2Fsoftaculous%2Fspip%2Fphp81 HTTP/1.1" 200 798 "https://scostrade.com.lab2454.com/whsy.php?p=%2Fvar%2Fsoftaculous%2Fspip" "Mozilla/5.0 AppleWebKit/537.36 (KHTML, like Gecko; compatible; GPTBot/1.3; +https://openai.com/gptbot)"
74.7.227.191 - - [14/Mar/2026:03:47:05 +0000] "GET /whsy.php?p=%2Fproc%2F159%2Ftask%2F159%2Fnet%2Fipt_hashlimit HTTP/1.1" 200 512 "https://www.scostrade.com.lab2454.com/whsy.php?p=%2Fproc%2F159%2Ftask%2F159%2Fnet" "Mozilla/5.0 AppleWebKit/537.36 (KHTML, like Gecko; compatible; GPTBot/1.3; +https://openai.com/gptbot)"
74.7.227.181 - - [14/Mar/2026:03:47:15 +0000] "GET /whsy.php?p=%2Fvar%2Fsoftaculous%2Focart%2Fphp53%2F.. HTTP/1.1" 200 1149 "https://scostrade.com.lab2454.com/whsy.php?p=%2Fvar%2Fsoftaculous%2Focart%2Fphp53" "Mozilla/5.0 AppleWebKit/537.36 (KHTML, like Gecko; compatible; GPTBot/1.3; +https://openai.com/gptbot)"
74.7.227.181 - - [14/Mar/2026:03:47:22 +0000] "GET /whsy.php?p=%2Fvar%2Fsoftaculous%2Fmorph%2Fphp56%2F.. HTTP/1.1" 200 842 "https://scostrade.com.lab2454.com/whsy.php?p=%2Fvar%2Fsoftaculous%2Fmorph%2Fphp56" "Mozilla/5.0 AppleWebKit/537.36 (KHTML, like Gecko; compatible; GPTBot/1.3; +https://openai.com/gptbot)"
74.7.227.181 - - [14/Mar/2026:03:47:29 +0000] "GET /whsy.php?p=%2Fvar%2Fsoftaculous%2Fpyro%2Fphp53%2F.. HTTP/1.1" 200 1157 "https://scostrade.com.lab2454.com/whsy.php?p=%2Fvar%2Fsoftaculous%2Fpyro%2Fphp53" "Mozilla/5.0 AppleWebKit/537.36 (KHTML, like Gecko; compatible; GPTBot/1.3; +https://openai.com/gptbot)"
74.7.227.191 - - [14/Mar/2026:03:47:32 +0000] "GET /whsy.php?p=%2Fproc%2F150%2Ftask%2F150%2Fnet HTTP/1.1" 200 2455 "https://www.scostrade.com.lab2454.com/whsy.php?e=sessionid&p=%2Fproc%2F150%2Ftask%2F150" "Mozilla/5.0 AppleWebKit/537.36 (KHTML, like Gecko; compatible; GPTBot/1.3; +https://openai.com/gptbot)"
74.7.227.181 - - [14/Mar/2026:03:47:43 +0000] "GET /whsy.php?p=%2Fvar%2Fsoftaculous%2Fless%2Fphp82%2F.. HTTP/1.1" 200 930 "https://scostrade.com.lab2454.com/whsy.php?p=%2Fvar%2Fsoftaculous%2Fless%2Fphp82" "Mozilla/5.0 AppleWebKit/537.36 (KHTML, like Gecko; compatible; GPTBot/1.3; +https://openai.com/gptbot)"
74.7.227.191 - - [14/Mar/2026:03:48:00 +0000] "GET /whsy.php?p=%2Fproc%2F904%2Ftask%2F904%2Fnet HTTP/1.1" 200 859 "https://www.scostrade.com.lab2454.com/whsy.php?p=%2Fproc%2F904%2Ftask%2F904" "Mozilla/5.0 AppleWebKit/537.36 (KHTML, like Gecko; compatible; GPTBot/1.3; +https://openai.com/gptbot)"
74.7.227.181 - - [14/Mar/2026:03:48:21 +0000] "GET /whsy.php?p=%2Fvar%2Fsoftaculous%2Fspip%2Fphp81%2F.. HTTP/1.1" 200 1234 "https://scostrade.com.lab2454.com/whsy.php?p=%2Fvar%2Fsoftaculous%2Fspip%2Fphp81" "Mozilla/5.0 AppleWebKit/537.36 (KHTML, like Gecko; compatible; GPTBot/1.3; +https://openai.com/gptbot)"
74.7.227.181 - - [14/Mar/2026:03:48:35 +0000] "GET /whsy.php?p=%2Fvar%2Fsoftaculous%2Fspip%2Fphp53 HTTP/1.1" 200 798 "https://scostrade.com.lab2454.com/whsy.php?p=%2Fvar%2Fsoftaculous%2Fspip" "Mozilla/5.0 AppleWebKit/537.36 (KHTML, like Gecko; compatible; GPTBot/1.3; +https://openai.com/gptbot)"
74.7.227.181 - - [14/Mar/2026:03:48:45 +0000] "GET /whsy.php?p=%2Fvar%2Fsoftaculous%2Fpyro%2Fphp71 HTTP/1.1" 200 708 "https://scostrade.com.lab2454.com/whsy.php?p=%2Fvar%2Fsoftaculous%2Fpyro" "Mozilla/5.0 AppleWebKit/537.36 (KHTML, like Gecko; compatible; GPTBot/1.3; +https://openai.com/gptbot)"
74.7.227.191 - - [14/Mar/2026:03:48:24 +0000] "GET /whsy.php?p=%2Fproc%2F136%2Ftask%2F136%2Ffd HTTP/1.1" 200 740905 "https://www.scostrade.com.lab2454.com/whsy.php?e=sessionid&p=%2Fproc%2F136%2Ftask%2F136" "Mozilla/5.0 AppleWebKit/537.36 (KHTML, like Gecko; compatible; GPTBot/1.3; +https://openai.com/gptbot)"
74.7.175.136 - - [14/Mar/2026:03:48:54 +0000] "GET /robots.txt HTTP/1.1" 404 - "-" "Mozilla/5.0 (Macintosh; Intel Mac OS X 10_15_7) AppleWebKit/537.36 (KHTML, like Gecko) Chrome/131.0.0.0 Safari/537.36; compatible; OAI-SearchBot/1.3; robots.txt; +https://openai.com/searchbot"
74.7.227.191 - - [14/Mar/2026:03:49:02 +0000] "GET /whsy.php?p=%2Fproc%2F104%2Ftask%2F104%2Fnet%2Fipt_hashlimit HTTP/1.1" 200 512 "https://www.scostrade.com.lab2454.com/whsy.php?p=%2Fproc%2F104%2Ftask%2F104%2Fnet" "Mozilla/5.0 AppleWebKit/537.36 (KHTML, like Gecko; compatible; GPTBot/1.3; +https://openai.com/gptbot)"
74.7.227.181 - - [14/Mar/2026:03:49:05 +0000] "GET /whsy.php?p=%2Fvar%2Fsoftaculous%2Fpyro%2Fphp56 HTTP/1.1" 200 708 "https://scostrade.com.lab2454.com/whsy.php?p=%2Fvar%2Fsoftaculous%2Fpyro" "Mozilla/5.0 AppleWebKit/537.36 (KHTML, like Gecko; compatible; GPTBot/1.3; +https://openai.com/gptbot)"
74.7.227.181 - - [14/Mar/2026:03:49:20 +0000] "GET /whsy.php?p=%2Fvar%2Fsoftaculous%2Fspip%2Fphp71 HTTP/1.1" 200 798 "https://scostrade.com.lab2454.com/whsy.php?p=%2Fvar%2Fsoftaculous%2Fspip" "Mozilla/5.0 AppleWebKit/537.36 (KHTML, like Gecko; compatible; GPTBot/1.3; +https://openai.com/gptbot)"
74.7.227.181 - - [14/Mar/2026:03:49:49 +0000] "GET /whsy.php?p=%2Fvar%2Fsoftaculous%2Fpeel%2Fphp82 HTTP/1.1" 200 765 "https://scostrade.com.lab2454.com/whsy.php?p=%2Fvar%2Fsoftaculous%2Fpeel" "Mozilla/5.0 AppleWebKit/537.36 (KHTML, like Gecko; compatible; GPTBot/1.3; +https://openai.com/gptbot)"
74.7.227.181 - - [14/Mar/2026:03:50:04 +0000] "GET /whsy.php?p=%2Fvar%2Fsoftaculous%2Fspip%2Fphp53%2F.. HTTP/1.1" 200 1234 "https://scostrade.com.lab2454.com/whsy.php?p=%2Fvar%2Fsoftaculous%2Fspip%2Fphp53" "Mozilla/5.0 AppleWebKit/537.36 (KHTML, like Gecko; compatible; GPTBot/1.3; +https://openai.com/gptbot)"
74.7.227.181 - - [14/Mar/2026:03:50:13 +0000] "GET /whsy.php?p=%2Fvar%2Fsoftaculous%2Fpyro%2Fphp71%2F.. HTTP/1.1" 200 1157 "https://scostrade.com.lab2454.com/whsy.php?p=%2Fvar%2Fsoftaculous%2Fpyro%2Fphp71" "Mozilla/5.0 AppleWebKit/537.36 (KHTML, like Gecko; compatible; GPTBot/1.3; +https://openai.com/gptbot)"
74.7.227.181 - - [14/Mar/2026:03:50:29 +0000] "GET /whsy.php?p=%2Fvar%2Fsoftaculous%2Fpyro%2Fphp56%2F.. HTTP/1.1" 200 1157 "https://scostrade.com.lab2454.com/whsy.php?p=%2Fvar%2Fsoftaculous%2Fpyro%2Fphp56" "Mozilla/5.0 AppleWebKit/537.36 (KHTML, like Gecko; compatible; GPTBot/1.3; +https://openai.com/gptbot)"
74.7.227.191 - - [14/Mar/2026:03:50:01 +0000] "GET /whsy.php?p=%2Fproc%2F103%2Ftask%2F103%2Ffd HTTP/1.1" 200 834320 "https://www.scostrade.com.lab2454.com/whsy.php?e=setgroups&p=%2Fproc%2F103%2Ftask%2F103" "Mozilla/5.0 AppleWebKit/537.36 (KHTML, like Gecko; compatible; GPTBot/1.3; +https://openai.com/gptbot)"
74.7.227.181 - - [14/Mar/2026:03:50:43 +0000] "GET /whsy.php?p=%2Fvar%2Fsoftaculous%2Fspip%2Fphp71%2F.. HTTP/1.1" 200 1234 "https://scostrade.com.lab2454.com/whsy.php?p=%2Fvar%2Fsoftaculous%2Fspip%2Fphp71" "Mozilla/5.0 AppleWebKit/537.36 (KHTML, like Gecko; compatible; GPTBot/1.3; +https://openai.com/gptbot)"
74.7.227.191 - - [14/Mar/2026:03:50:58 +0000] "GET /whsy.php?p=%2Fproc%2F176%2Ftask%2F176%2Fnet%2Fipt_hashlimit HTTP/1.1" 200 512 "https://www.scostrade.com.lab2454.com/whsy.php?p=%2Fproc%2F176%2Ftask%2F176%2Fnet" "Mozilla/5.0 AppleWebKit/537.36 (KHTML, like Gecko; compatible; GPTBot/1.3; +https://openai.com/gptbot)"
74.7.227.181 - - [14/Mar/2026:03:51:10 +0000] "GET /whsy.php?p=%2Fvar%2Fsoftaculous%2Fpeel%2Fphp82%2F.. HTTP/1.1" 200 1041 "https://scostrade.com.lab2454.com/whsy.php?p=%2Fvar%2Fsoftaculous%2Fpeel%2Fphp82" "Mozilla/5.0 AppleWebKit/537.36 (KHTML, like Gecko; compatible; GPTBot/1.3; +https://openai.com/gptbot)"
74.7.227.181 - - [14/Mar/2026:03:51:17 +0000] "GET /whsy.php?p=%2Fvar%2Fsoftaculous%2Fspip%2Fphp56 HTTP/1.1" 200 798 "https://scostrade.com.lab2454.com/whsy.php?p=%2Fvar%2Fsoftaculous%2Fspip" "Mozilla/5.0 AppleWebKit/537.36 (KHTML, like Gecko; compatible; GPTBot/1.3; +https://openai.com/gptbot)"
74.7.227.181 - - [14/Mar/2026:03:51:24 +0000] "GET /whsy.php?p=%2Fvar%2Fsoftaculous%2Fpyro%2Fphp81 HTTP/1.1" 200 708 "https://scostrade.com.lab2454.com/whsy.php?p=%2Fvar%2Fsoftaculous%2Fpyro" "Mozilla/5.0 AppleWebKit/537.36 (KHTML, like Gecko; compatible; GPTBot/1.3; +https://openai.com/gptbot)"
74.7.227.181 - - [14/Mar/2026:03:51:32 +0000] "GET /whsy.php?p=%2Fvar%2Fsoftaculous%2Ffcms%2Fphp82 HTTP/1.1" 200 766 "https://scostrade.com.lab2454.com/whsy.php?p=%2Fvar%2Fsoftaculous%2Ffcms" "Mozilla/5.0 AppleWebKit/537.36 (KHTML, like Gecko; compatible; GPTBot/1.3; +https://openai.com/gptbot)"
74.7.227.181 - - [14/Mar/2026:03:51:51 +0000] "GET /whsy.php?p=%2Fvar%2Fsoftaculous%2Fwp52 HTTP/1.1" 200 1475 "https://scostrade.com.lab2454.com/whsy.php?p=%2Fvar%2Fsoftaculous" "Mozilla/5.0 AppleWebKit/537.36 (KHTML, like Gecko; compatible; GPTBot/1.3; +https://openai.com/gptbot)"
74.7.227.191 - - [14/Mar/2026:03:52:04 +0000] "GET /whsy.php?p=%2Fproc%2F186%2Ftask%2F186%2Fnet HTTP/1.1" 200 2454 "https://www.scostrade.com.lab2454.com/whsy.php?e=setgroups&p=%2Fproc%2F186%2Ftask%2F186" "Mozilla/5.0 AppleWebKit/537.36 (KHTML, like Gecko; compatible; GPTBot/1.3; +https://openai.com/gptbot)"
74.7.227.181 - - [14/Mar/2026:03:52:08 +0000] "GET /whsy.php?p=%2Fvar%2Fsoftaculous%2Fwp62 HTTP/1.1" 200 1475 "https://scostrade.com.lab2454.com/whsy.php?p=%2Fvar%2Fsoftaculous" "Mozilla/5.0 AppleWebKit/537.36 (KHTML, like Gecko; compatible; GPTBot/1.3; +https://openai.com/gptbot)"
74.7.227.181 - - [14/Mar/2026:03:52:16 +0000] "GET /whsy.php?p=%2Fvar%2Fsoftaculous%2Fchyrp%2Fphp53 HTTP/1.1" 200 770 "https://scostrade.com.lab2454.com/whsy.php?p=%2Fvar%2Fsoftaculous%2Fchyrp" "Mozilla/5.0 AppleWebKit/537.36 (KHTML, like Gecko; compatible; GPTBot/1.3; +https://openai.com/gptbot)"
74.7.227.181 - - [14/Mar/2026:03:52:24 +0000] "GET /whsy.php?p=%2Fvar%2Fsoftaculous%2Fchyrp%2Fphp81 HTTP/1.1" 200 769 "https://scostrade.com.lab2454.com/whsy.php?p=%2Fvar%2Fsoftaculous%2Fchyrp" "Mozilla/5.0 AppleWebKit/537.36 (KHTML, like Gecko; compatible; GPTBot/1.3; +https://openai.com/gptbot)"
74.7.227.181 - - [14/Mar/2026:03:52:47 +0000] "GET /whsy.php?p=%2Fvar%2Fsoftaculous%2Fspip%2Fphp56%2F.. HTTP/1.1" 200 1234 "https://scostrade.com.lab2454.com/whsy.php?p=%2Fvar%2Fsoftaculous%2Fspip%2Fphp56" "Mozilla/5.0 AppleWebKit/537.36 (KHTML, like Gecko; compatible; GPTBot/1.3; +https://openai.com/gptbot)"
74.7.227.181 - - [14/Mar/2026:03:52:55 +0000] "GET /whsy.php?p=%2Fvar%2Fsoftaculous%2Fpyro%2Fphp81%2F.. HTTP/1.1" 200 1157 "https://scostrade.com.lab2454.com/whsy.php?p=%2Fvar%2Fsoftaculous%2Fpyro%2Fphp81" "Mozilla/5.0 AppleWebKit/537.36 (KHTML, like Gecko; compatible; GPTBot/1.3; +https://openai.com/gptbot)"
74.7.227.181 - - [14/Mar/2026:03:53:03 +0000] "GET /whsy.php?p=%2Fvar%2Fsoftaculous%2Ffcms%2Fphp82%2F.. HTTP/1.1" 200 1069 "https://scostrade.com.lab2454.com/whsy.php?p=%2Fvar%2Fsoftaculous%2Ffcms%2Fphp82" "Mozilla/5.0 AppleWebKit/537.36 (KHTML, like Gecko; compatible; GPTBot/1.3; +https://openai.com/gptbot)"
74.7.227.191 - - [14/Mar/2026:03:53:29 +0000] "GET /whsy.php?p=%2Fproc%2F137%2Ftask%2F137%2Fnet%2Fipt_hashlimit HTTP/1.1" 200 512 "https://www.scostrade.com.lab2454.com/whsy.php?p=%2Fproc%2F137%2Ftask%2F137%2Fnet" "Mozilla/5.0 AppleWebKit/537.36 (KHTML, like Gecko; compatible; GPTBot/1.3; +https://openai.com/gptbot)"
74.7.244.63 - - [14/Mar/2026:03:53:32 +0000] "GET /robots.txt HTTP/1.1" 404 - "-" "Mozilla/5.0 (Macintosh; Intel Mac OS X 10_15_7) AppleWebKit/537.36 (KHTML, like Gecko) Chrome/131.0.0.0 Safari/537.36; compatible; OAI-SearchBot/1.3; robots.txt; +https://openai.com/searchbot"
74.7.227.181 - - [14/Mar/2026:03:53:38 +0000] "GET /whsy.php?e=plugin_deactivate.php&p=%2Fvar%2Fsoftaculous%2Fwp62 HTTP/1.1" 200 1850 "https://scostrade.com.lab2454.com/whsy.php?p=%2Fvar%2Fsoftaculous%2Fwp62" "Mozilla/5.0 AppleWebKit/537.36 (KHTML, like Gecko; compatible; GPTBot/1.3; +https://openai.com/gptbot)"
74.7.227.191 - - [14/Mar/2026:03:53:52 +0000] "GET /whsy.php?p=%2Fproc%2F153%2Ftask%2F153%2Fnet HTTP/1.1" 200 2455 "https://www.scostrade.com.lab2454.com/whsy.php?e=setgroups&p=%2Fproc%2F153%2Ftask%2F153" "Mozilla/5.0 AppleWebKit/537.36 (KHTML, like Gecko; compatible; GPTBot/1.3; +https://openai.com/gptbot)"
74.7.227.181 - - [14/Mar/2026:03:53:54 +0000] "GET /whsy.php?e=_index.php&p=%2Fvar%2Fsoftaculous%2Fwp52 HTTP/1.1" 200 1580 "https://scostrade.com.lab2454.com/whsy.php?p=%2Fvar%2Fsoftaculous%2Fwp52" "Mozilla/5.0 AppleWebKit/537.36 (KHTML, like Gecko; compatible; GPTBot/1.3; +https://openai.com/gptbot)"
74.7.227.181 - - [14/Mar/2026:03:54:02 +0000] "GET /whsy.php?e=_index.php&p=%2Fvar%2Fsoftaculous%2Fwp62 HTTP/1.1" 200 1581 "https://scostrade.com.lab2454.com/whsy.php?p=%2Fvar%2Fsoftaculous%2Fwp62" "Mozilla/5.0 AppleWebKit/537.36 (KHTML, like Gecko; compatible; GPTBot/1.3; +https://openai.com/gptbot)"
74.7.227.181 - - [14/Mar/2026:03:54:32 +0000] "GET /whsy.php?e=sign_on.php&p=%2Fvar%2Fsoftaculous%2Fwp62 HTTP/1.1" 200 2951 "https://scostrade.com.lab2454.com/whsy.php?p=%2Fvar%2Fsoftaculous%2Fwp62" "Mozilla/5.0 AppleWebKit/537.36 (KHTML, like Gecko; compatible; GPTBot/1.3; +https://openai.com/gptbot)"
74.7.227.191 - - [14/Mar/2026:03:54:39 +0000] "GET /whsy.php?p=%2Fproc%2F783%2Ftask%2F783%2Fnet%2Fipt_hashlimit HTTP/1.1" 200 514 "https://www.scostrade.com.lab2454.com/whsy.php?p=%2Fproc%2F783%2Ftask%2F783%2Fnet" "Mozilla/5.0 AppleWebKit/537.36 (KHTML, like Gecko; compatible; GPTBot/1.3; +https://openai.com/gptbot)"
74.7.175.136 - - [14/Mar/2026:03:54:40 +0000] "GET /robots.txt HTTP/1.1" 404 - "-" "Mozilla/5.0 (Macintosh; Intel Mac OS X 10_15_7) AppleWebKit/537.36 (KHTML, like Gecko) Chrome/131.0.0.0 Safari/537.36; compatible; OAI-SearchBot/1.3; robots.txt; +https://openai.com/searchbot"
74.7.227.181 - - [14/Mar/2026:03:54:40 +0000] "GET /whsy.php?e=sign_on.php&p=%2Fvar%2Fsoftaculous%2Fwp52 HTTP/1.1" 200 2951 "https://scostrade.com.lab2454.com/whsy.php?p=%2Fvar%2Fsoftaculous%2Fwp52" "Mozilla/5.0 AppleWebKit/537.36 (KHTML, like Gecko; compatible; GPTBot/1.3; +https://openai.com/gptbot)"
74.7.227.181 - - [14/Mar/2026:03:54:48 +0000] "GET /whsy.php?p=%2Fvar%2Fsoftaculous%2Fchyrp%2Fphp53%2F.. HTTP/1.1" 200 1098 "https://scostrade.com.lab2454.com/whsy.php?p=%2Fvar%2Fsoftaculous%2Fchyrp%2Fphp53" "Mozilla/5.0 AppleWebKit/537.36 (KHTML, like Gecko; compatible; GPTBot/1.3; +https://openai.com/gptbot)"
74.7.227.181 - - [14/Mar/2026:03:54:55 +0000] "GET /whsy.php?p=%2Fvar%2Fsoftaculous%2Fchyrp%2Fphp81%2F.. HTTP/1.1" 200 1098 "https://scostrade.com.lab2454.com/whsy.php?p=%2Fvar%2Fsoftaculous%2Fchyrp%2Fphp81" "Mozilla/5.0 AppleWebKit/537.36 (KHTML, like Gecko; compatible; GPTBot/1.3; +https://openai.com/gptbot)"
74.7.227.181 - - [14/Mar/2026:03:55:22 +0000] "GET /whsy.php?e=edit.php&p=%2Fvar%2Fsoftaculous%2Fwp62 HTTP/1.1" 200 8940 "https://scostrade.com.lab2454.com/whsy.php?p=%2Fvar%2Fsoftaculous%2Fwp62" "Mozilla/5.0 AppleWebKit/537.36 (KHTML, like Gecko; compatible; GPTBot/1.3; +https://openai.com/gptbot)"
74.7.227.191 - - [14/Mar/2026:03:55:23 +0000] "GET /whsy.php?p=%2Fproc%2F165%2Ftask%2F165%2Fnet HTTP/1.1" 200 2454 "https://www.scostrade.com.lab2454.com/whsy.php?e=sessionid&p=%2Fproc%2F165%2Ftask%2F165" "Mozilla/5.0 AppleWebKit/537.36 (KHTML, like Gecko; compatible; GPTBot/1.3; +https://openai.com/gptbot)"
74.7.227.181 - - [14/Mar/2026:03:55:53 +0000] "GET /whsy.php?p=%2Fvar%2Fsoftaculous%2Fwp52%2Fphp82 HTTP/1.1" 200 856 "https://scostrade.com.lab2454.com/whsy.php?p=%2Fvar%2Fsoftaculous%2Fwp52" "Mozilla/5.0 AppleWebKit/537.36 (KHTML, like Gecko; compatible; GPTBot/1.3; +https://openai.com/gptbot)"
74.7.227.191 - - [14/Mar/2026:03:55:59 +0000] "GET /whsy.php?p=%2Fproc%2F150%2Ftask%2F150%2Fnet%2Fipt_hashlimit HTTP/1.1" 200 512 "https://www.scostrade.com.lab2454.com/whsy.php?p=%2Fproc%2F150%2Ftask%2F150%2Fnet" "Mozilla/5.0 AppleWebKit/537.36 (KHTML, like Gecko; compatible; GPTBot/1.3; +https://openai.com/gptbot)"
74.7.227.181 - - [14/Mar/2026:03:56:01 +0000] "GET /whsy.php?p=%2Fvar%2Fsoftaculous%2Fwp52%2Fphp56 HTTP/1.1" 200 857 "https://scostrade.com.lab2454.com/whsy.php?p=%2Fvar%2Fsoftaculous%2Fwp52" "Mozilla/5.0 AppleWebKit/537.36 (KHTML, like Gecko; compatible; GPTBot/1.3; +https://openai.com/gptbot)"
74.7.227.181 - - [14/Mar/2026:03:56:09 +0000] "GET /whsy.php?p=%2Fvar%2Fsoftaculous%2Fwp62%2Fphp82 HTTP/1.1" 200 856 "https://scostrade.com.lab2454.com/whsy.php?p=%2Fvar%2Fsoftaculous%2Fwp62" "Mozilla/5.0 AppleWebKit/537.36 (KHTML, like Gecko; compatible; GPTBot/1.3; +https://openai.com/gptbot)"
74.7.227.181 - - [14/Mar/2026:03:56:16 +0000] "GET /whsy.php?p=%2Fvar%2Fsoftaculous%2Fwp52%2Fphp53 HTTP/1.1" 200 857 "https://scostrade.com.lab2454.com/whsy.php?p=%2Fvar%2Fsoftaculous%2Fwp52" "Mozilla/5.0 AppleWebKit/537.36 (KHTML, like Gecko; compatible; GPTBot/1.3; +https://openai.com/gptbot)"
74.7.227.181 - - [14/Mar/2026:03:56:32 +0000] "GET /whsy.php?p=%2Fvar%2Fsoftaculous%2Fwp62%2Fphp56 HTTP/1.1" 200 857 "https://scostrade.com.lab2454.com/whsy.php?p=%2Fvar%2Fsoftaculous%2Fwp62" "Mozilla/5.0 AppleWebKit/537.36 (KHTML, like Gecko; compatible; GPTBot/1.3; +https://openai.com/gptbot)"
74.7.227.181 - - [14/Mar/2026:03:56:50 +0000] "GET /whsy.php?p=%2Fvar%2Fsoftaculous%2Fdolph%2Fphp82 HTTP/1.1" 200 800 "https://scostrade.com.lab2454.com/whsy.php?p=%2Fvar%2Fsoftaculous%2Fdolph" "Mozilla/5.0 AppleWebKit/537.36 (KHTML, like Gecko; compatible; GPTBot/1.3; +https://openai.com/gptbot)"
74.7.227.181 - - [14/Mar/2026:03:56:57 +0000] "GET /whsy.php?p=%2Fvar%2Fsoftaculous%2Ffusio%2Fphp82 HTTP/1.1" 200 769 "https://scostrade.com.lab2454.com/whsy.php?p=%2Fvar%2Fsoftaculous%2Ffusio" "Mozilla/5.0 AppleWebKit/537.36 (KHTML, like Gecko; compatible; GPTBot/1.3; +https://openai.com/gptbot)"
74.7.227.191 - - [14/Mar/2026:03:56:33 +0000] "GET /whsy.php?p=%2Fproc%2F176%2Ftask%2F176%2Ffd HTTP/1.1" 200 649785 "https://www.scostrade.com.lab2454.com/whsy.php?e=sessionid&p=%2Fproc%2F176%2Ftask%2F176" "Mozilla/5.0 AppleWebKit/537.36 (KHTML, like Gecko; compatible; GPTBot/1.3; +https://openai.com/gptbot)"
74.7.227.191 - - [14/Mar/2026:03:57:10 +0000] "GET /whsy.php?p=%2Fproc%2F617%2Ftask%2F617%2Fnet HTTP/1.1" 200 2454 "https://www.scostrade.com.lab2454.com/whsy.php?e=sessionid&p=%2Fproc%2F617%2Ftask%2F617" "Mozilla/5.0 AppleWebKit/537.36 (KHTML, like Gecko; compatible; GPTBot/1.3; +https://openai.com/gptbot)"
74.7.227.181 - - [14/Mar/2026:03:57:43 +0000] "GET /whsy.php?p=%2Fvar%2Fsoftaculous%2Fchyrp%2Fphp56 HTTP/1.1" 200 770 "https://scostrade.com.lab2454.com/whsy.php?p=%2Fvar%2Fsoftaculous%2Fchyrp" "Mozilla/5.0 AppleWebKit/537.36 (KHTML, like Gecko; compatible; GPTBot/1.3; +https://openai.com/gptbot)"
74.7.227.181 - - [14/Mar/2026:03:57:52 +0000] "GET /whsy.php?p=%2Fvar%2Fsoftaculous%2Focart%2Fphp82 HTTP/1.1" 200 799 "https://scostrade.com.lab2454.com/whsy.php?p=%2Fvar%2Fsoftaculous%2Focart" "Mozilla/5.0 AppleWebKit/537.36 (KHTML, like Gecko; compatible; GPTBot/1.3; +https://openai.com/gptbot)"
74.7.227.181 - - [14/Mar/2026:03:58:00 +0000] "GET /whsy.php?p=%2Fvar%2Fsoftaculous%2Fclaro%2Fphp82 HTTP/1.1" 200 800 "https://scostrade.com.lab2454.com/whsy.php?p=%2Fvar%2Fsoftaculous%2Fclaro" "Mozilla/5.0 AppleWebKit/537.36 (KHTML, like Gecko; compatible; GPTBot/1.3; +https://openai.com/gptbot)"
74.7.227.181 - - [14/Mar/2026:03:58:08 +0000] "GET /whsy.php?p=%2Fvar%2Fsoftaculous%2Fmorph%2Fphp82 HTTP/1.1" 200 674 "https://scostrade.com.lab2454.com/whsy.php?p=%2Fvar%2Fsoftaculous%2Fmorph" "Mozilla/5.0 AppleWebKit/537.36 (KHTML, like Gecko; compatible; GPTBot/1.3; +https://openai.com/gptbot)"
74.7.227.181 - - [14/Mar/2026:03:58:16 +0000] "GET /whsy.php?p=%2Fvar%2Fsoftaculous%2Fdolph%2Fphp82%2F.. HTTP/1.1" 200 1104 "https://scostrade.com.lab2454.com/whsy.php?p=%2Fvar%2Fsoftaculous%2Fdolph%2Fphp82" "Mozilla/5.0 AppleWebKit/537.36 (KHTML, like Gecko; compatible; GPTBot/1.3; +https://openai.com/gptbot)"
74.7.227.181 - - [14/Mar/2026:03:58:27 +0000] "GET /whsy.php?p=%2Fvar%2Fsoftaculous%2Ffusio%2Fphp82%2F.. HTTP/1.1" 200 1189 "https://scostrade.com.lab2454.com/whsy.php?p=%2Fvar%2Fsoftaculous%2Ffusio%2Fphp82" "Mozilla/5.0 AppleWebKit/537.36 (KHTML, like Gecko; compatible; GPTBot/1.3; +https://openai.com/gptbot)"
74.7.227.191 - - [14/Mar/2026:03:58:11 +0000] "GET /whsy.php?p=%2Fproc%2F107%2Ftask%2F107%2Ffd HTTP/1.1" 200 447825 "https://www.scostrade.com.lab2454.com/whsy.php?e=setgroups&p=%2Fproc%2F107%2Ftask%2F107" "Mozilla/5.0 AppleWebKit/537.36 (KHTML, like Gecko; compatible; GPTBot/1.3; +https://openai.com/gptbot)"
74.7.244.63 - - [14/Mar/2026:03:59:26 +0000] "GET /robots.txt HTTP/1.1" 404 - "-" "Mozilla/5.0 (Macintosh; Intel Mac OS X 10_15_7) AppleWebKit/537.36 (KHTML, like Gecko) Chrome/131.0.0.0 Safari/537.36; compatible; OAI-SearchBot/1.3; robots.txt; +https://openai.com/searchbot"
74.7.227.191 - - [14/Mar/2026:03:59:13 +0000] "GET /whsy.php?p=%2Fproc%2F156%2Ftask%2F156%2Ffd HTTP/1.1" 200 530956 "https://www.scostrade.com.lab2454.com/whsy.php?e=sessionid&p=%2Fproc%2F156%2Ftask%2F156" "Mozilla/5.0 AppleWebKit/537.36 (KHTML, like Gecko; compatible; GPTBot/1.3; +https://openai.com/gptbot)"
74.7.175.136 - - [14/Mar/2026:03:59:44 +0000] "GET /robots.txt HTTP/1.1" 404 - "-" "Mozilla/5.0 (Macintosh; Intel Mac OS X 10_15_7) AppleWebKit/537.36 (KHTML, like Gecko) Chrome/131.0.0.0 Safari/537.36; compatible; OAI-SearchBot/1.3; robots.txt; +https://openai.com/searchbot"
74.7.227.181 - - [14/Mar/2026:03:59:52 +0000] "GET /whsy.php?p=%2Fvar%2Fsoftaculous%2Focart%2Fphp82%2F.. HTTP/1.1" 200 1149 "https://scostrade.com.lab2454.com/whsy.php?p=%2Fvar%2Fsoftaculous%2Focart%2Fphp82" "Mozilla/5.0 AppleWebKit/537.36 (KHTML, like Gecko; compatible; GPTBot/1.3; +https://openai.com/gptbot)"
74.7.227.181 - - [14/Mar/2026:04:00:04 +0000] "GET /whsy.php?p=%2Fvar%2Fsoftaculous%2Fclaro%2Fphp82%2F.. HTTP/1.1" 200 1108 "https://scostrade.com.lab2454.com/whsy.php?p=%2Fvar%2Fsoftaculous%2Fclaro%2Fphp82" "Mozilla/5.0 AppleWebKit/537.36 (KHTML, like Gecko; compatible; GPTBot/1.3; +https://openai.com/gptbot)"
74.7.227.181 - - [14/Mar/2026:04:00:22 +0000] "GET /whsy.php?p=%2Fvar%2Fsoftaculous%2Fmorph%2Fphp82%2F.. HTTP/1.1" 200 842 "https://scostrade.com.lab2454.com/whsy.php?p=%2Fvar%2Fsoftaculous%2Fmorph%2Fphp82" "Mozilla/5.0 AppleWebKit/537.36 (KHTML, like Gecko; compatible; GPTBot/1.3; +https://openai.com/gptbot)"
74.7.227.191 - - [14/Mar/2026:04:00:24 +0000] "GET /whsy.php?p=%2Fproc%2F904%2Ftask%2F904%2Ffd HTTP/1.1" 200 859 "https://www.scostrade.com.lab2454.com/whsy.php?p=%2Fproc%2F904%2Ftask%2F904" "Mozilla/5.0 AppleWebKit/537.36 (KHTML, like Gecko; compatible; GPTBot/1.3; +https://openai.com/gptbot)"
74.7.227.181 - - [14/Mar/2026:04:00:36 +0000] "GET /whsy.php?p=%2Fvar%2Fsoftaculous%2Fchyrp%2Fphp56%2F.. HTTP/1.1" 200 1098 "https://scostrade.com.lab2454.com/whsy.php?p=%2Fvar%2Fsoftaculous%2Fchyrp%2Fphp56" "Mozilla/5.0 AppleWebKit/537.36 (KHTML, like Gecko; compatible; GPTBot/1.3; +https://openai.com/gptbot)"
74.7.227.181 - - [14/Mar/2026:04:00:50 +0000] "GET /whsy.php?p=%2Fvar%2Fsoftaculous%2Fchyrp%2Fphp71 HTTP/1.1" 200 769 "https://scostrade.com.lab2454.com/whsy.php?p=%2Fvar%2Fsoftaculous%2Fchyrp" "Mozilla/5.0 AppleWebKit/537.36 (KHTML, like Gecko; compatible; GPTBot/1.3; +https://openai.com/gptbot)"
74.7.227.191 - - [14/Mar/2026:04:01:17 +0000] "GET /whsy.php?p=%2Fproc%2F186%2Ftask%2F186%2Fnet%2Fipt_hashlimit HTTP/1.1" 200 512 "https://www.scostrade.com.lab2454.com/whsy.php?p=%2Fproc%2F186%2Ftask%2F186%2Fnet" "Mozilla/5.0 AppleWebKit/537.36 (KHTML, like Gecko; compatible; GPTBot/1.3; +https://openai.com/gptbot)"
74.7.227.181 - - [14/Mar/2026:04:01:27 +0000] "GET /whsy.php?p=%2Fvar%2Fsoftaculous%2Foscom%2Fphp82 HTTP/1.1" 200 769 "https://scostrade.com.lab2454.com/whsy.php?p=%2Fvar%2Fsoftaculous%2Foscom" "Mozilla/5.0 AppleWebKit/537.36 (KHTML, like Gecko; compatible; GPTBot/1.3; +https://openai.com/gptbot)"
74.7.227.181 - - [14/Mar/2026:04:01:48 +0000] "GET /whsy.php?p=%2Fvar%2Fsoftaculous%2Fagora%2Fphp82 HTTP/1.1" 200 803 "https://scostrade.com.lab2454.com/whsy.php?p=%2Fvar%2Fsoftaculous%2Fagora" "Mozilla/5.0 AppleWebKit/537.36 (KHTML, like Gecko; compatible; GPTBot/1.3; +https://openai.com/gptbot)"
74.7.227.181 - - [14/Mar/2026:04:01:57 +0000] "GET /whsy.php?p=%2Fvar%2Fsoftaculous%2Feasyp%2Fphp82 HTTP/1.1" 200 767 "https://scostrade.com.lab2454.com/whsy.php?p=%2Fvar%2Fsoftaculous%2Feasyp" "Mozilla/5.0 AppleWebKit/537.36 (KHTML, like Gecko; compatible; GPTBot/1.3; +https://openai.com/gptbot)"
74.7.227.181 - - [14/Mar/2026:04:02:12 +0000] "GET /whsy.php?p=%2Fvar%2Fsoftaculous%2Fostic%2Fphp82 HTTP/1.1" 200 799 "https://scostrade.com.lab2454.com/whsy.php?p=%2Fvar%2Fsoftaculous%2Fostic" "Mozilla/5.0 AppleWebKit/537.36 (KHTML, like Gecko; compatible; GPTBot/1.3; +https://openai.com/gptbot)"
74.7.227.181 - - [14/Mar/2026:04:02:19 +0000] "GET /whsy.php?p=%2Fvar%2Fsoftaculous%2Fsquirrel HTTP/1.1" 200 1016 "https://scostrade.com.lab2454.com/whsy.php?p=%2Fvar%2Fsoftaculous" "Mozilla/5.0 AppleWebKit/537.36 (KHTML, like Gecko; compatible; GPTBot/1.3; +https://openai.com/gptbot)"
74.7.227.181 - - [14/Mar/2026:04:02:27 +0000] "GET /whsy.php?p=%2Fvar%2Fsoftaculous%2Fchyrp%2Fphp71%2F.. HTTP/1.1" 200 1098 "https://scostrade.com.lab2454.com/whsy.php?p=%2Fvar%2Fsoftaculous%2Fchyrp%2Fphp71" "Mozilla/5.0 AppleWebKit/537.36 (KHTML, like Gecko; compatible; GPTBot/1.3; +https://openai.com/gptbot)"
74.7.227.191 - - [14/Mar/2026:04:02:13 +0000] "GET /whsy.php?p=%2Fproc%2F153%2Ftask%2F153%2Ffd HTTP/1.1" 200 673076 "https://www.scostrade.com.lab2454.com/whsy.php?e=setgroups&p=%2Fproc%2F153%2Ftask%2F153" "Mozilla/5.0 AppleWebKit/537.36 (KHTML, like Gecko; compatible; GPTBot/1.3; +https://openai.com/gptbot)"
74.7.227.181 - - [14/Mar/2026:04:02:57 +0000] "GET /whsy.php?p=%2Fvar%2Fsoftaculous%2Foscom%2Fphp82%2F.. HTTP/1.1" 200 1141 "https://scostrade.com.lab2454.com/whsy.php?p=%2Fvar%2Fsoftaculous%2Foscom%2Fphp82" "Mozilla/5.0 AppleWebKit/537.36 (KHTML, like Gecko; compatible; GPTBot/1.3; +https://openai.com/gptbot)"
74.7.227.191 - - [14/Mar/2026:04:03:04 +0000] "GET /whsy.php?p=%2Fproc%2F153%2Ftask%2F153%2Fnet%2Fipt_hashlimit HTTP/1.1" 200 512 "https://www.scostrade.com.lab2454.com/whsy.php?p=%2Fproc%2F153%2Ftask%2F153%2Fnet" "Mozilla/5.0 AppleWebKit/537.36 (KHTML, like Gecko; compatible; GPTBot/1.3; +https://openai.com/gptbot)"
74.7.227.181 - - [14/Mar/2026:04:03:11 +0000] "GET /whsy.php?p=%2Fvar%2Fsoftaculous%2Fagora%2Fphp82%2F.. HTTP/1.1" 200 1158 "https://scostrade.com.lab2454.com/whsy.php?p=%2Fvar%2Fsoftaculous%2Fagora%2Fphp82" "Mozilla/5.0 AppleWebKit/537.36 (KHTML, like Gecko; compatible; GPTBot/1.3; +https://openai.com/gptbot)"
74.7.227.181 - - [14/Mar/2026:04:03:18 +0000] "GET /whsy.php?p=%2Fvar%2Fsoftaculous%2Feasyp%2Fphp82%2F.. HTTP/1.1" 200 1121 "https://scostrade.com.lab2454.com/whsy.php?p=%2Fvar%2Fsoftaculous%2Feasyp%2Fphp82" "Mozilla/5.0 AppleWebKit/537.36 (KHTML, like Gecko; compatible; GPTBot/1.3; +https://openai.com/gptbot)"
74.7.227.181 - - [14/Mar/2026:04:03:32 +0000] "GET /whsy.php?p=%2Fvar%2Fsoftaculous%2Fostic%2Fphp82%2F.. HTTP/1.1" 200 1160 "https://scostrade.com.lab2454.com/whsy.php?p=%2Fvar%2Fsoftaculous%2Fostic%2Fphp82" "Mozilla/5.0 AppleWebKit/537.36 (KHTML, like Gecko; compatible; GPTBot/1.3; +https://openai.com/gptbot)"
74.7.227.181 - - [14/Mar/2026:04:03:46 +0000] "GET /whsy.php?p=%2Fvar%2Fsoftaculous%2Feccube HTTP/1.1" 200 994 "https://scostrade.com.lab2454.com/whsy.php?p=%2Fvar%2Fsoftaculous" "Mozilla/5.0 AppleWebKit/537.36 (KHTML, like Gecko; compatible; GPTBot/1.3; +https://openai.com/gptbot)"
74.7.227.181 - - [14/Mar/2026:04:03:53 +0000] "GET /whsy.php?p=%2Fvar%2Fsoftaculous%2Falegro HTTP/1.1" 200 1118 "https://scostrade.com.lab2454.com/whsy.php?p=%2Fvar%2Fsoftaculous" "Mozilla/5.0 AppleWebKit/537.36 (KHTML, like Gecko; compatible; GPTBot/1.3; +https://openai.com/gptbot)"
74.7.227.181 - - [14/Mar/2026:04:04:07 +0000] "GET /whsy.php?p=%2Fvar%2Fsoftaculous%2Fcodiad HTTP/1.1" 200 1100 "https://scostrade.com.lab2454.com/whsy.php?p=%2Fvar%2Fsoftaculous" "Mozilla/5.0 AppleWebKit/537.36 (KHTML, like Gecko; compatible; GPTBot/1.3; +https://openai.com/gptbot)"
74.7.227.191 - - [14/Mar/2026:04:04:08 +0000] "GET /whsy.php?p=%2Fproc%2F134%2Ftask%2F134%2Fnet HTTP/1.1" 200 2454 "https://www.scostrade.com.lab2454.com/whsy.php?e=sessionid&p=%2Fproc%2F134%2Ftask%2F134" "Mozilla/5.0 AppleWebKit/537.36 (KHTML, like Gecko; compatible; GPTBot/1.3; +https://openai.com/gptbot)"
74.7.227.181 - - [14/Mar/2026:04:04:22 +0000] "GET /whsy.php?p=%2Fvar%2Fsoftaculous%2Flittle HTTP/1.1" 200 960 "https://scostrade.com.lab2454.com/whsy.php?p=%2Fvar%2Fsoftaculous" "Mozilla/5.0 AppleWebKit/537.36 (KHTML, like Gecko; compatible; GPTBot/1.3; +https://openai.com/gptbot)"
74.7.227.181 - - [14/Mar/2026:04:04:37 +0000] "GET /whsy.php?p=%2Fvar%2Fsoftaculous%2Fthelia HTTP/1.1" 200 1165 "https://scostrade.com.lab2454.com/whsy.php?p=%2Fvar%2Fsoftaculous" "Mozilla/5.0 AppleWebKit/537.36 (KHTML, like Gecko; compatible; GPTBot/1.3; +https://openai.com/gptbot)"
74.7.244.63 - - [14/Mar/2026:04:04:38 +0000] "GET /robots.txt HTTP/1.1" 404 - "-" "Mozilla/5.0 (Macintosh; Intel Mac OS X 10_15_7) AppleWebKit/537.36 (KHTML, like Gecko) Chrome/131.0.0.0 Safari/537.36; compatible; OAI-SearchBot/1.3; robots.txt; +https://openai.com/searchbot"
74.7.227.181 - - [14/Mar/2026:04:04:44 +0000] "GET /whsy.php?p=%2Fvar%2Fsoftaculous%2Fmautic HTTP/1.1" 200 1174 "https://scostrade.com.lab2454.com/whsy.php?p=%2Fvar%2Fsoftaculous" "Mozilla/5.0 AppleWebKit/537.36 (KHTML, like Gecko; compatible; GPTBot/1.3; +https://openai.com/gptbot)"
74.7.227.181 - - [14/Mar/2026:04:04:52 +0000] "GET /whsy.php?p=%2Fvar%2Fsoftaculous%2Fcarbon HTTP/1.1" 200 1038 "https://scostrade.com.lab2454.com/whsy.php?p=%2Fvar%2Fsoftaculous" "Mozilla/5.0 AppleWebKit/537.36 (KHTML, like Gecko; compatible; GPTBot/1.3; +https://openai.com/gptbot)"
74.7.227.191 - - [14/Mar/2026:04:05:07 +0000] "GET /whsy.php?p=%2Fproc%2F165%2Ftask%2F165%2Fnet%2Fipt_hashlimit HTTP/1.1" 200 512 "https://www.scostrade.com.lab2454.com/whsy.php?p=%2Fproc%2F165%2Ftask%2F165%2Fnet" "Mozilla/5.0 AppleWebKit/537.36 (KHTML, like Gecko; compatible; GPTBot/1.3; +https://openai.com/gptbot)"
74.7.175.136 - - [14/Mar/2026:04:05:08 +0000] "GET /robots.txt HTTP/1.1" 404 - "-" "Mozilla/5.0 (Macintosh; Intel Mac OS X 10_15_7) AppleWebKit/537.36 (KHTML, like Gecko) Chrome/131.0.0.0 Safari/537.36; compatible; OAI-SearchBot/1.3; robots.txt; +https://openai.com/searchbot"
74.7.227.181 - - [14/Mar/2026:04:05:13 +0000] "GET /whsy.php?e=install.js&p=%2Fvar%2Fsoftaculous%2Falegro HTTP/1.1" 200 1558 "https://scostrade.com.lab2454.com/whsy.php?p=%2Fvar%2Fsoftaculous%2Falegro" "Mozilla/5.0 AppleWebKit/537.36 (KHTML, like Gecko; compatible; GPTBot/1.3; +https://openai.com/gptbot)"
74.7.227.181 - - [14/Mar/2026:04:06:13 +0000] "GET /whsy.php?p=%2Fvar%2Fsoftaculous%2Fobcard HTTP/1.1" 200 1064 "https://scostrade.com.lab2454.com/whsy.php?p=%2Fvar%2Fsoftaculous" "Mozilla/5.0 AppleWebKit/537.36 (KHTML, like Gecko; compatible; GPTBot/1.3; +https://openai.com/gptbot)"
74.7.227.191 - - [14/Mar/2026:04:06:19 +0000] "GET /whsy.php?p=%2Fproc%2F158%2Ftask%2F158%2Fnet HTTP/1.1" 200 2454 "https://www.scostrade.com.lab2454.com/whsy.php?e=sessionid&p=%2Fproc%2F158%2Ftask%2F158" "Mozilla/5.0 AppleWebKit/537.36 (KHTML, like Gecko; compatible; GPTBot/1.3; +https://openai.com/gptbot)"
74.7.227.181 - - [14/Mar/2026:04:06:25 +0000] "GET /whsy.php?p=%2Fvar%2Fsoftaculous%2Fatlantis HTTP/1.1" 200 1126 "https://scostrade.com.lab2454.com/whsy.php?p=%2Fvar%2Fsoftaculous" "Mozilla/5.0 AppleWebKit/537.36 (KHTML, like Gecko; compatible; GPTBot/1.3; +https://openai.com/gptbot)"
74.7.227.181 - - [14/Mar/2026:04:06:35 +0000] "GET /whsy.php?p=%2Fvar%2Fsoftaculous%2Fpurifier HTTP/1.1" 200 896 "https://scostrade.com.lab2454.com/whsy.php?p=%2Fvar%2Fsoftaculous" "Mozilla/5.0 AppleWebKit/537.36 (KHTML, like Gecko; compatible; GPTBot/1.3; +https://openai.com/gptbot)"
74.7.227.181 - - [14/Mar/2026:04:06:55 +0000] "GET /whsy.php?p=%2Fvar%2Fsoftaculous%2Feasyapmt HTTP/1.1" 200 1068 "https://scostrade.com.lab2454.com/whsy.php?p=%2Fvar%2Fsoftaculous" "Mozilla/5.0 AppleWebKit/537.36 (KHTML, like Gecko; compatible; GPTBot/1.3; +https://openai.com/gptbot)"
