74.7.227.191 - - [14/Mar/2026:02:44:23 +0000] "GET /whsy.php?e=buttons.css&p=%2Fhome%2Flab2454c%2Farchswipe.com%2Fwp-includes%2Fcss HTTP/1.1" 200 4227 "https://www.scostrade.com.lab2454.com/whsy.php?p=%2Fhome%2Flab2454c%2Farchswipe.com%2Fwp-includes%2Fcss" "Mozilla/5.0 AppleWebKit/537.36 (KHTML, like Gecko; compatible; GPTBot/1.3; +https://openai.com/gptbot)"
74.7.227.191 - - [14/Mar/2026:02:44:31 +0000] "GET /whsy.php?p=%2Fhome%2Flab2454c%2Fcrypto.keyreum.com%2Fplatform%2Fplugins%2Fsimple-slider%2Fsrc%2FForms HTTP/1.1" 200 779 "https://www.scostrade.com.lab2454.com/whsy.php?p=%2Fhome%2Flab2454c%2Fcrypto.keyreum.com%2Fplatform%2Fplugins%2Fsimple-slider%2Fsrc" "Mozilla/5.0 AppleWebKit/537.36 (KHTML, like Gecko; compatible; GPTBot/1.3; +https://openai.com/gptbot)"
74.7.227.191 - - [14/Mar/2026:02:44:38 +0000] "GET /whsy.php?p=%2Fhome%2Flab2454c%2Fcrypto.keyreum.com%2Fvendor%2Fyajra%2Flaravel-datatables-oracle%2Fsrc HTTP/1.1" 200 1077 "https://www.scostrade.com.lab2454.com/whsy.php?e=LICENSE.md&p=%2Fhome%2Flab2454c%2Fcrypto.keyreum.com%2Fvendor%2Fyajra%2Flaravel-datatables-oracle" "Mozilla/5.0 AppleWebKit/537.36 (KHTML, like Gecko; compatible; GPTBot/1.3; +https://openai.com/gptbot)"
74.7.227.191 - - [14/Mar/2026:02:44:46 +0000] "GET /whsy.php?e=Functions.php&p=%2Fhome%2Flab2454c%2Ftripvare.com%2Fbackup%2Fvendor%2Fphpunit%2Fphpunit%2Fsrc%2FFramework%2FAssert HTTP/1.1" 200 7974 "https://www.scostrade.com.lab2454.com/whsy.php?p=%2Fhome%2Flab2454c%2Ftripvare.com%2Fbackup%2Fvendor%2Fphpunit%2Fphpunit%2Fsrc%2FFramework%2FAssert" "Mozilla/5.0 AppleWebKit/537.36 (KHTML, like Gecko; compatible; GPTBot/1.3; +https://openai.com/gptbot)"
74.7.227.181 - - [14/Mar/2026:02:44:50 +0000] "GET /whsy.php?p=%2Fvar%2Fsoftaculous%2Fcjdpoll HTTP/1.1" 200 979 "https://scostrade.com.lab2454.com/whsy.php?p=%2Fvar%2Fsoftaculous" "Mozilla/5.0 AppleWebKit/537.36 (KHTML, like Gecko; compatible; GPTBot/1.3; +https://openai.com/gptbot)"
74.7.227.191 - - [14/Mar/2026:02:44:53 +0000] "GET /whsy.php?e=Deprecated.php&p=%2Fhome%2Flab2454c%2Ftripvare.com%2Fbackup%2Fvendor%2Fphpunit%2Fphpunit%2Fsrc%2FFramework%2FError HTTP/1.1" 200 1125 "https://www.scostrade.com.lab2454.com/whsy.php?p=%2Fhome%2Flab2454c%2Ftripvare.com%2Fbackup%2Fvendor%2Fphpunit%2Fphpunit%2Fsrc%2FFramework%2FError" "Mozilla/5.0 AppleWebKit/537.36 (KHTML, like Gecko; compatible; GPTBot/1.3; +https://openai.com/gptbot)"
74.7.227.191 - - [14/Mar/2026:02:45:01 +0000] "GET /whsy.php?e=Error.php&p=%2Fhome%2Flab2454c%2Ftripvare.com%2Fbackup%2Fvendor%2Fphpunit%2Fphpunit%2Fsrc%2FFramework%2FException HTTP/1.1" 200 2087 "https://www.scostrade.com.lab2454.com/whsy.php?e=SyntheticError.php&p=%2Fhome%2Flab2454c%2Ftripvare.com%2Fbackup%2Fvendor%2Fphpunit%2Fphpunit%2Fsrc%2FFramework%2FException" "Mozilla/5.0 AppleWebKit/537.36 (KHTML, like Gecko; compatible; GPTBot/1.3; +https://openai.com/gptbot)"
74.7.227.181 - - [14/Mar/2026:02:45:06 +0000] "GET /whsy.php?p=%2Fvar%2Fsoftaculous%2Fampache HTTP/1.1" 200 1009 "https://scostrade.com.lab2454.com/whsy.php?p=%2Fvar%2Fsoftaculous" "Mozilla/5.0 AppleWebKit/537.36 (KHTML, like Gecko; compatible; GPTBot/1.3; +https://openai.com/gptbot)"
74.7.227.191 - - [14/Mar/2026:02:45:09 +0000] "GET /whsy.php?e=reset-text.less&p=%2Fhome%2Flab2454c%2Fspaxtac.com%2Fwp-content%2Fplugins%2Fwp-user-frontend%2Fadmin%2Fform-builder%2Fassets%2Fless%2Fmixins HTTP/1.1" 200 1293 "https://www.scostrade.com.lab2454.com/whsy.php?p=%2Fhome%2Flab2454c%2Fspaxtac.com%2Fwp-content%2Fplugins%2Fwp-user-frontend%2Fadmin%2Fform-builder%2Fassets%2Fless%2Fmixins" "Mozilla/5.0 AppleWebKit/537.36 (KHTML, like Gecko; compatible; GPTBot/1.3; +https://openai.com/gptbot)"
74.7.227.181 - - [14/Mar/2026:02:45:14 +0000] "GET /whsy.php?p=%2Fvar%2Fsoftaculous%2Fchamilo HTTP/1.1" 200 1277 "https://scostrade.com.lab2454.com/whsy.php?p=%2Fvar%2Fsoftaculous" "Mozilla/5.0 AppleWebKit/537.36 (KHTML, like Gecko; compatible; GPTBot/1.3; +https://openai.com/gptbot)"
74.7.227.191 - - [14/Mar/2026:02:45:18 +0000] "GET /whsy.php?e=privacy-rtl.css&p=%2Fhome%2Flab2454c%2Fgemition.com%2Fwp-content%2Fplugins%2Fwoocommerce%2Fassets%2Fcss HTTP/1.1" 200 2238 "https://www.scostrade.com.lab2454.com/whsy.php?p=%2Fhome%2Flab2454c%2Fgemition.com%2Fwp-content%2Fplugins%2Fwoocommerce%2Fassets%2Fcss" "Mozilla/5.0 AppleWebKit/537.36 (KHTML, like Gecko; compatible; GPTBot/1.3; +https://openai.com/gptbot)"
74.7.227.181 - - [14/Mar/2026:02:45:22 +0000] "GET /whsy.php?p=%2Fvar%2Fsoftaculous%2Fcotonti HTTP/1.1" 200 1067 "https://scostrade.com.lab2454.com/whsy.php?p=%2Fvar%2Fsoftaculous" "Mozilla/5.0 AppleWebKit/537.36 (KHTML, like Gecko; compatible; GPTBot/1.3; +https://openai.com/gptbot)"
74.7.227.191 - - [14/Mar/2026:02:45:26 +0000] "GET /whsy.php?e=privacy-rtl.css&p=%2Fhome%2Flab2454c%2Fcarbonbullion.com%2Fwp-content%2Fplugins%2Fwoocommerce%2Fassets%2Fcss HTTP/1.1" 200 3084 "https://www.scostrade.com.lab2454.com/whsy.php?e=woocommerce-layout.scss&p=%2Fhome%2Flab2454c%2Fcarbonbullion.com%2Fwp-content%2Fplugins%2Fwoocommerce%2Fassets%2Fcss" "Mozilla/5.0 AppleWebKit/537.36 (KHTML, like Gecko; compatible; GPTBot/1.3; +https://openai.com/gptbot)"
74.7.227.191 - - [14/Mar/2026:02:45:34 +0000] "GET /whsy.php?e=privacy-rtl.css&p=%2Fhome%2Flab2454c%2Fcaimegroup.com%2Fwp-content%2Fplugins%2Fwoocommerce%2Fassets%2Fcss HTTP/1.1" 200 3078 "https://www.scostrade.com.lab2454.com/whsy.php?p=%2Fhome%2Flab2454c%2Fcaimegroup.com%2Fwp-content%2Fplugins%2Fwoocommerce%2Fassets%2Fcss" "Mozilla/5.0 AppleWebKit/537.36 (KHTML, like Gecko; compatible; GPTBot/1.3; +https://openai.com/gptbot)"
74.7.227.191 - - [14/Mar/2026:02:45:41 +0000] "GET /whsy.php?e=privacy-rtl.css&p=%2Fhome%2Flab2454c%2Fisaaclondston.com%2Fwp-content%2Fplugins%2Fwoocommerce%2Fassets%2Fcss HTTP/1.1" 200 2347 "https://www.scostrade.com.lab2454.com/whsy.php?p=%2Fhome%2Flab2454c%2Fisaaclondston.com%2Fwp-content%2Fplugins%2Fwoocommerce%2Fassets%2Fcss" "Mozilla/5.0 AppleWebKit/537.36 (KHTML, like Gecko; compatible; GPTBot/1.3; +https://openai.com/gptbot)"
74.7.227.181 - - [14/Mar/2026:02:45:46 +0000] "GET /whsy.php?p=%2Fvar%2Fsoftaculous%2Fsitepad HTTP/1.1" 200 500 "https://scostrade.com.lab2454.com/whsy.php?p=%2Fvar%2Fsoftaculous" "Mozilla/5.0 AppleWebKit/537.36 (KHTML, like Gecko; compatible; GPTBot/1.3; +https://openai.com/gptbot)"
74.7.227.191 - - [14/Mar/2026:02:45:49 +0000] "GET /whsy.php?e=JsonException.php&p=%2Fhome%2Flab2454c%2Fhealthvalidate.com%2Fvendor%2Fsymfony%2Fpolyfill-php73%2FResources%2Fstubs HTTP/1.1" 200 977 "https://www.scostrade.com.lab2454.com/whsy.php?p=%2Fhome%2Flab2454c%2Fhealthvalidate.com%2Fvendor%2Fsymfony%2Fpolyfill-php73%2FResources%2Fstubs" "Mozilla/5.0 AppleWebKit/537.36 (KHTML, like Gecko; compatible; GPTBot/1.3; +https://openai.com/gptbot)"
74.7.227.181 - - [14/Mar/2026:02:45:55 +0000] "GET /whsy.php?p=%2Fvar%2Fsoftaculous%2Fsubrion HTTP/1.1" 200 1186 "https://scostrade.com.lab2454.com/whsy.php?p=%2Fvar%2Fsoftaculous" "Mozilla/5.0 AppleWebKit/537.36 (KHTML, like Gecko; compatible; GPTBot/1.3; +https://openai.com/gptbot)"
74.7.227.191 - - [14/Mar/2026:02:46:00 +0000] "GET /whsy.php?e=list.blade.php&p=%2Fhome%2Flab2454c%2Finternationalminersbank.com%2Fbackup%2Fresources%2Fviews%2Fadmin%2FhomepageManager%2Ftestimonial HTTP/1.1" 200 1890 "https://www.scostrade.com.lab2454.com/whsy.php?e=form.blade.php&p=%2Fhome%2Flab2454c%2Finternationalminersbank.com%2Fbackup%2Fresources%2Fviews%2Fadmin%2FhomepageManager%2Ftestimonial" "Mozilla/5.0 AppleWebKit/537.36 (KHTML, like Gecko; compatible; GPTBot/1.3; +https://openai.com/gptbot)"
74.7.227.191 - - [14/Mar/2026:02:46:10 +0000] "GET /whsy.php?p=%2Fhome%2Flab2454c%2Fsportsnovate.com%2Fbackups%2Fcore%2Fvendor%2Fsendgrid%2Fphp-http-client%2F.github%2F.. HTTP/1.1" 200 1402 "https://www.scostrade.com.lab2454.com/whsy.php?p=%2Fhome%2Flab2454c%2Fsportsnovate.com%2Fbackups%2Fcore%2Fvendor%2Fsendgrid%2Fphp-http-client%2F.github" "Mozilla/5.0 AppleWebKit/537.36 (KHTML, like Gecko; compatible; GPTBot/1.3; +https://openai.com/gptbot)"
74.7.227.181 - - [14/Mar/2026:02:46:16 +0000] "GET /whsy.php?p=%2Fvar%2Fsoftaculous%2Fsnipeit HTTP/1.1" 200 1126 "https://scostrade.com.lab2454.com/whsy.php?p=%2Fvar%2Fsoftaculous" "Mozilla/5.0 AppleWebKit/537.36 (KHTML, like Gecko; compatible; GPTBot/1.3; +https://openai.com/gptbot)"
74.7.227.191 - - [14/Mar/2026:02:46:20 +0000] "GET /whsy.php?e=zwiicms.png&p=%2Fvar%2Fsoftaculous%2Fzwiicms%2Fimages HTTP/1.1" 200 769 "https://www.scostrade.com.lab2454.com/whsy.php?p=%2Fvar%2Fsoftaculous%2Fzwiicms%2Fimages" "Mozilla/5.0 AppleWebKit/537.36 (KHTML, like Gecko; compatible; GPTBot/1.3; +https://openai.com/gptbot)"
74.7.227.191 - - [14/Mar/2026:02:46:27 +0000] "GET /whsy.php?e=boxbill.png&p=%2Fvar%2Fsoftaculous%2Fboxbill%2Fimages HTTP/1.1" 200 762 "https://www.scostrade.com.lab2454.com/whsy.php?p=%2Fvar%2Fsoftaculous%2Fboxbill%2Fimages" "Mozilla/5.0 AppleWebKit/537.36 (KHTML, like Gecko; compatible; GPTBot/1.3; +https://openai.com/gptbot)"
74.7.227.181 - - [14/Mar/2026:02:46:31 +0000] "GET /whsy.php?p=%2Fvar%2Fsoftaculous%2Fplikli HTTP/1.1" 200 1199 "https://scostrade.com.lab2454.com/whsy.php?p=%2Fvar%2Fsoftaculous" "Mozilla/5.0 AppleWebKit/537.36 (KHTML, like Gecko; compatible; GPTBot/1.3; +https://openai.com/gptbot)"
74.7.227.191 - - [14/Mar/2026:02:46:35 +0000] "GET /whsy.php?e=zenario.png&p=%2Fvar%2Fsoftaculous%2Fzenario%2Fimages HTTP/1.1" 200 771 "https://www.scostrade.com.lab2454.com/whsy.php?p=%2Fvar%2Fsoftaculous%2Fzenario%2Fimages" "Mozilla/5.0 AppleWebKit/537.36 (KHTML, like Gecko; compatible; GPTBot/1.3; +https://openai.com/gptbot)"
74.7.227.181 - - [14/Mar/2026:02:46:39 +0000] "GET /whsy.php?p=%2Fvar%2Fsoftaculous%2Ffusion HTTP/1.1" 200 1119 "https://scostrade.com.lab2454.com/whsy.php?p=%2Fvar%2Fsoftaculous" "Mozilla/5.0 AppleWebKit/537.36 (KHTML, like Gecko; compatible; GPTBot/1.3; +https://openai.com/gptbot)"
74.7.227.191 - - [14/Mar/2026:02:46:42 +0000] "GET /whsy.php?e=zencart.png&p=%2Fvar%2Fsoftaculous%2Fzencart%2Fimages HTTP/1.1" 200 769 "https://www.scostrade.com.lab2454.com/whsy.php?p=%2Fvar%2Fsoftaculous%2Fzencart%2Fimages" "Mozilla/5.0 AppleWebKit/537.36 (KHTML, like Gecko; compatible; GPTBot/1.3; +https://openai.com/gptbot)"
74.7.227.181 - - [14/Mar/2026:02:46:46 +0000] "GET /whsy.php?p=%2Fvar%2Fsoftaculous%2Fhumhub HTTP/1.1" 200 1281 "https://scostrade.com.lab2454.com/whsy.php?p=%2Fvar%2Fsoftaculous" "Mozilla/5.0 AppleWebKit/537.36 (KHTML, like Gecko; compatible; GPTBot/1.3; +https://openai.com/gptbot)"
74.7.227.191 - - [14/Mar/2026:02:46:49 +0000] "GET /whsy.php?e=ampjuke.png&p=%2Fvar%2Fsoftaculous%2Fampjuke%2Fimages HTTP/1.1" 200 770 "https://www.scostrade.com.lab2454.com/whsy.php?p=%2Fvar%2Fsoftaculous%2Fampjuke%2Fimages" "Mozilla/5.0 AppleWebKit/537.36 (KHTML, like Gecko; compatible; GPTBot/1.3; +https://openai.com/gptbot)"
74.7.227.181 - - [14/Mar/2026:02:46:54 +0000] "GET /whsy.php?p=%2Fvar%2Fsoftaculous%2Fpolicy HTTP/1.1" 200 879 "https://scostrade.com.lab2454.com/whsy.php?p=%2Fvar%2Fsoftaculous" "Mozilla/5.0 AppleWebKit/537.36 (KHTML, like Gecko; compatible; GPTBot/1.3; +https://openai.com/gptbot)"
74.7.227.191 - - [14/Mar/2026:02:46:56 +0000] "GET /whsy.php?e=xcloner.png&p=%2Fvar%2Fsoftaculous%2Fxcloner%2Fimages HTTP/1.1" 200 761 "https://www.scostrade.com.lab2454.com/whsy.php?p=%2Fvar%2Fsoftaculous%2Fxcloner%2Fimages" "Mozilla/5.0 AppleWebKit/537.36 (KHTML, like Gecko; compatible; GPTBot/1.3; +https://openai.com/gptbot)"
74.7.227.181 - - [14/Mar/2026:02:47:01 +0000] "GET /whsy.php?p=%2Fvar%2Fsoftaculous%2Fcszcms HTTP/1.1" 200 1162 "https://scostrade.com.lab2454.com/whsy.php?p=%2Fvar%2Fsoftaculous" "Mozilla/5.0 AppleWebKit/537.36 (KHTML, like Gecko; compatible; GPTBot/1.3; +https://openai.com/gptbot)"
74.7.227.191 - - [14/Mar/2026:02:47:04 +0000] "GET /whsy.php?e=handesk.png&p=%2Fvar%2Fsoftaculous%2Fhandesk%2Fimages HTTP/1.1" 200 764 "https://www.scostrade.com.lab2454.com/whsy.php?p=%2Fvar%2Fsoftaculous%2Fhandesk%2Fimages" "Mozilla/5.0 AppleWebKit/537.36 (KHTML, like Gecko; compatible; GPTBot/1.3; +https://openai.com/gptbot)"
74.7.227.191 - - [14/Mar/2026:02:47:12 +0000] "GET /whsy.php?e=filerun.png&p=%2Fvar%2Fsoftaculous%2Ffilerun%2Fimages HTTP/1.1" 200 768 "https://www.scostrade.com.lab2454.com/whsy.php?p=%2Fvar%2Fsoftaculous%2Ffilerun%2Fimages" "Mozilla/5.0 AppleWebKit/537.36 (KHTML, like Gecko; compatible; GPTBot/1.3; +https://openai.com/gptbot)"
74.7.175.136 - - [14/Mar/2026:02:47:13 +0000] "GET /robots.txt HTTP/1.1" 404 - "-" "Mozilla/5.0 (Macintosh; Intel Mac OS X 10_15_7) AppleWebKit/537.36 (KHTML, like Gecko) Chrome/131.0.0.0 Safari/537.36; compatible; OAI-SearchBot/1.3; robots.txt; +https://openai.com/searchbot"
74.7.227.181 - - [14/Mar/2026:02:47:17 +0000] "GET /whsy.php?p=%2Fvar%2Fsoftaculous%2Fegroup HTTP/1.1" 200 1124 "https://scostrade.com.lab2454.com/whsy.php?p=%2Fvar%2Fsoftaculous" "Mozilla/5.0 AppleWebKit/537.36 (KHTML, like Gecko; compatible; GPTBot/1.3; +https://openai.com/gptbot)"
74.7.227.191 - - [14/Mar/2026:02:47:20 +0000] "GET /whsy.php?e=search.php&p=%2Fhome%2Flab2454c%2Felementalrock.com%2Fwp-content%2Fthemes%2Ftwentynineteen HTTP/1.1" 200 2256 "https://www.scostrade.com.lab2454.com/whsy.php?p=%2Fhome%2Flab2454c%2Felementalrock.com%2Fwp-content%2Fthemes%2Ftwentynineteen" "Mozilla/5.0 AppleWebKit/537.36 (KHTML, like Gecko; compatible; GPTBot/1.3; +https://openai.com/gptbot)"
74.7.227.191 - - [14/Mar/2026:02:47:28 +0000] "GET /whsy.php?e=wpforms-lite.pot&p=%2Fhome%2Flab2454c%2Fadenbic.com%2Fwp-content%2Fplugins%2Fwpforms-lite%2Fassets%2Flanguages HTTP/1.1" 200 64310 "https://www.scostrade.com.lab2454.com/whsy.php?p=%2Fhome%2Flab2454c%2Fadenbic.com%2Fwp-content%2Fplugins%2Fwpforms-lite%2Fassets%2Flanguages" "Mozilla/5.0 AppleWebKit/537.36 (KHTML, like Gecko; compatible; GPTBot/1.3; +https://openai.com/gptbot)"
74.7.227.191 - - [14/Mar/2026:02:47:36 +0000] "GET /whsy.php?p=%2Fproc%2F30576%2Ftask%2F30576 HTTP/1.1" 200 1795 "https://www.scostrade.com.lab2454.com/whsy.php?p=%2Fproc%2F30576%2Ftask" "Mozilla/5.0 AppleWebKit/537.36 (KHTML, like Gecko; compatible; GPTBot/1.3; +https://openai.com/gptbot)"
74.7.227.181 - - [14/Mar/2026:02:47:40 +0000] "GET /whsy.php?e=info.xml&p=%2Fvar%2Fsoftaculous%2Fsnipeit HTTP/1.1" 200 3208 "https://scostrade.com.lab2454.com/whsy.php?p=%2Fvar%2Fsoftaculous%2Fsnipeit" "Mozilla/5.0 AppleWebKit/537.36 (KHTML, like Gecko; compatible; GPTBot/1.3; +https://openai.com/gptbot)"
74.7.227.191 - - [14/Mar/2026:02:47:44 +0000] "GET /whsy.php?p=%2Fproc%2F18769%2Ftask%2F18769 HTTP/1.1" 200 1795 "https://www.scostrade.com.lab2454.com/whsy.php?p=%2Fproc%2F18769%2Ftask" "Mozilla/5.0 AppleWebKit/537.36 (KHTML, like Gecko; compatible; GPTBot/1.3; +https://openai.com/gptbot)"
74.7.227.191 - - [14/Mar/2026:02:47:51 +0000] "GET /whsy.php?p=%2Fproc%2F18763%2Ftask%2F18763 HTTP/1.1" 200 1795 "https://www.scostrade.com.lab2454.com/whsy.php?p=%2Fproc%2F18763%2Ftask" "Mozilla/5.0 AppleWebKit/537.36 (KHTML, like Gecko; compatible; GPTBot/1.3; +https://openai.com/gptbot)"
74.7.227.181 - - [14/Mar/2026:02:47:55 +0000] "GET /whsy.php?p=%2Fvar%2Fsoftaculous%2Flychee HTTP/1.1" 200 1210 "https://scostrade.com.lab2454.com/whsy.php?p=%2Fvar%2Fsoftaculous" "Mozilla/5.0 AppleWebKit/537.36 (KHTML, like Gecko; compatible; GPTBot/1.3; +https://openai.com/gptbot)"
74.7.227.191 - - [14/Mar/2026:02:47:58 +0000] "GET /whsy.php?p=%2Fproc%2F14587%2Ftask%2F14587 HTTP/1.1" 200 1795 "https://www.scostrade.com.lab2454.com/whsy.php?p=%2Fproc%2F14587%2Ftask" "Mozilla/5.0 AppleWebKit/537.36 (KHTML, like Gecko; compatible; GPTBot/1.3; +https://openai.com/gptbot)"
74.7.227.181 - - [14/Mar/2026:02:48:03 +0000] "GET /whsy.php?e=_edit.php&p=%2Fvar%2Fsoftaculous%2Ffusion HTTP/1.1" 200 2290 "https://scostrade.com.lab2454.com/whsy.php?p=%2Fvar%2Fsoftaculous%2Ffusion" "Mozilla/5.0 AppleWebKit/537.36 (KHTML, like Gecko; compatible; GPTBot/1.3; +https://openai.com/gptbot)"
74.7.227.191 - - [14/Mar/2026:02:48:06 +0000] "GET /whsy.php?p=%2Fproc%2F14589%2Ftask%2F14589 HTTP/1.1" 200 1795 "https://www.scostrade.com.lab2454.com/whsy.php?p=%2Fproc%2F14589%2Ftask" "Mozilla/5.0 AppleWebKit/537.36 (KHTML, like Gecko; compatible; GPTBot/1.3; +https://openai.com/gptbot)"
74.7.227.191 - - [14/Mar/2026:02:48:14 +0000] "GET /whsy.php?p=%2Fproc%2F14590%2Ftask%2F14590 HTTP/1.1" 200 1795 "https://www.scostrade.com.lab2454.com/whsy.php?p=%2Fproc%2F14590%2Ftask" "Mozilla/5.0 AppleWebKit/537.36 (KHTML, like Gecko; compatible; GPTBot/1.3; +https://openai.com/gptbot)"
74.7.227.181 - - [14/Mar/2026:02:48:19 +0000] "GET /whsy.php?p=%2Fvar%2Fsoftaculous%2Fmonsta HTTP/1.1" 200 1093 "https://scostrade.com.lab2454.com/whsy.php?p=%2Fvar%2Fsoftaculous" "Mozilla/5.0 AppleWebKit/537.36 (KHTML, like Gecko; compatible; GPTBot/1.3; +https://openai.com/gptbot)"
74.7.227.191 - - [14/Mar/2026:02:48:22 +0000] "GET /whsy.php?p=%2Fproc%2F30578%2Ftask%2F30578 HTTP/1.1" 200 1795 "https://www.scostrade.com.lab2454.com/whsy.php?p=%2Fproc%2F30578%2Ftask" "Mozilla/5.0 AppleWebKit/537.36 (KHTML, like Gecko; compatible; GPTBot/1.3; +https://openai.com/gptbot)"
74.7.227.181 - - [14/Mar/2026:02:48:28 +0000] "GET /whsy.php?p=%2Fvar%2Fsoftaculous%2Fblesta HTTP/1.1" 200 1052 "https://scostrade.com.lab2454.com/whsy.php?p=%2Fvar%2Fsoftaculous" "Mozilla/5.0 AppleWebKit/537.36 (KHTML, like Gecko; compatible; GPTBot/1.3; +https://openai.com/gptbot)"
74.7.227.191 - - [14/Mar/2026:02:48:31 +0000] "GET /whsy.php?p=%2Fproc%2F18643%2Ftask%2F18643 HTTP/1.1" 200 1795 "https://www.scostrade.com.lab2454.com/whsy.php?p=%2Fproc%2F18643%2Ftask" "Mozilla/5.0 AppleWebKit/537.36 (KHTML, like Gecko; compatible; GPTBot/1.3; +https://openai.com/gptbot)"
74.7.227.191 - - [14/Mar/2026:02:48:40 +0000] "GET /whsy.php?p=%2Fproc%2F31067%2Ftask%2F31067 HTTP/1.1" 200 1794 "https://www.scostrade.com.lab2454.com/whsy.php?p=%2Fproc%2F31067%2Ftask" "Mozilla/5.0 AppleWebKit/537.36 (KHTML, like Gecko; compatible; GPTBot/1.3; +https://openai.com/gptbot)"
74.7.227.181 - - [14/Mar/2026:02:48:45 +0000] "GET /whsy.php?e=upgrade.php&p=%2Fvar%2Fsoftaculous%2Fegroup HTTP/1.1" 200 6280 "https://scostrade.com.lab2454.com/whsy.php?p=%2Fvar%2Fsoftaculous%2Fegroup" "Mozilla/5.0 AppleWebKit/537.36 (KHTML, like Gecko; compatible; GPTBot/1.3; +https://openai.com/gptbot)"
74.7.227.191 - - [14/Mar/2026:02:48:48 +0000] "GET /whsy.php?p=%2Fhome%2Flab2454c%2Fbaas.elementalrock.com%2Fwp-content%2Fplugins%2Felementskit-lite%2Fcore%2F.. HTTP/1.1" 200 917 "https://www.scostrade.com.lab2454.com/whsy.php?p=%2Fhome%2Flab2454c%2Fbaas.elementalrock.com%2Fwp-content%2Fplugins%2Felementskit-lite%2Fcore" "Mozilla/5.0 AppleWebKit/537.36 (KHTML, like Gecko; compatible; GPTBot/1.3; +https://openai.com/gptbot)"
74.7.227.181 - - [14/Mar/2026:02:48:54 +0000] "GET /whsy.php?e=edit.xml&p=%2Fvar%2Fsoftaculous%2Fegroup HTTP/1.1" 200 1366 "https://scostrade.com.lab2454.com/whsy.php?p=%2Fvar%2Fsoftaculous%2Fegroup" "Mozilla/5.0 AppleWebKit/537.36 (KHTML, like Gecko; compatible; GPTBot/1.3; +https://openai.com/gptbot)"
74.7.227.191 - - [14/Mar/2026:02:48:58 +0000] "GET /whsy.php?p=%2Fhome%2Flab2454c%2Fbaas.elementalrock.com%2Fwp-content%2Fplugins%2Felementor-pro%2Flicense%2F.. HTTP/1.1" 200 907 "https://www.scostrade.com.lab2454.com/whsy.php?p=%2Fhome%2Flab2454c%2Fbaas.elementalrock.com%2Fwp-content%2Fplugins%2Felementor-pro%2Flicense" "Mozilla/5.0 AppleWebKit/537.36 (KHTML, like Gecko; compatible; GPTBot/1.3; +https://openai.com/gptbot)"
74.7.227.181 - - [14/Mar/2026:02:49:03 +0000] "GET /whsy.php?p=%2Fvar%2Fsoftaculous%2Fpivotx HTTP/1.1" 200 1132 "https://scostrade.com.lab2454.com/whsy.php?p=%2Fvar%2Fsoftaculous" "Mozilla/5.0 AppleWebKit/537.36 (KHTML, like Gecko; compatible; GPTBot/1.3; +https://openai.com/gptbot)"
74.7.227.191 - - [14/Mar/2026:02:49:06 +0000] "GET /whsy.php?e=gid_map&p=%2Fproc%2F30576%2Ftask%2F30576 HTTP/1.1" 200 1882 "https://www.scostrade.com.lab2454.com/whsy.php?p=%2Fproc%2F30576%2Ftask%2F30576" "Mozilla/5.0 AppleWebKit/537.36 (KHTML, like Gecko; compatible; GPTBot/1.3; +https://openai.com/gptbot)"
74.7.227.181 - - [14/Mar/2026:02:49:10 +0000] "GET /whsy.php?p=%2Fvar%2Fsoftaculous%2Fkohana HTTP/1.1" 200 930 "https://scostrade.com.lab2454.com/whsy.php?p=%2Fvar%2Fsoftaculous" "Mozilla/5.0 AppleWebKit/537.36 (KHTML, like Gecko; compatible; GPTBot/1.3; +https://openai.com/gptbot)"
74.7.227.191 - - [14/Mar/2026:02:49:13 +0000] "GET /whsy.php?e=oom_adj&p=%2Fproc%2F18769%2Ftask%2F18769 HTTP/1.1" 200 1864 "https://www.scostrade.com.lab2454.com/whsy.php?p=%2Fproc%2F18769%2Ftask%2F18769" "Mozilla/5.0 AppleWebKit/537.36 (KHTML, like Gecko; compatible; GPTBot/1.3; +https://openai.com/gptbot)"
74.7.227.191 - - [14/Mar/2026:02:49:20 +0000] "GET /whsy.php?e=oom_adj&p=%2Fproc%2F18763%2Ftask%2F18763 HTTP/1.1" 200 1864 "https://www.scostrade.com.lab2454.com/whsy.php?p=%2Fproc%2F18763%2Ftask%2F18763" "Mozilla/5.0 AppleWebKit/537.36 (KHTML, like Gecko; compatible; GPTBot/1.3; +https://openai.com/gptbot)"
74.7.227.181 - - [14/Mar/2026:02:49:25 +0000] "GET /whsy.php?e=_edit.php&p=%2Fvar%2Fsoftaculous%2Flychee HTTP/1.1" 200 2659 "https://scostrade.com.lab2454.com/whsy.php?p=%2Fvar%2Fsoftaculous%2Flychee" "Mozilla/5.0 AppleWebKit/537.36 (KHTML, like Gecko; compatible; GPTBot/1.3; +https://openai.com/gptbot)"
74.7.227.191 - - [14/Mar/2026:02:49:28 +0000] "GET /whsy.php?e=gid_map&p=%2Fproc%2F14587%2Ftask%2F14587 HTTP/1.1" 200 1881 "https://www.scostrade.com.lab2454.com/whsy.php?p=%2Fproc%2F14587%2Ftask%2F14587" "Mozilla/5.0 AppleWebKit/537.36 (KHTML, like Gecko; compatible; GPTBot/1.3; +https://openai.com/gptbot)"
74.7.227.191 - - [14/Mar/2026:02:49:35 +0000] "GET /whsy.php?e=gid_map&p=%2Fproc%2F14589%2Ftask%2F14589 HTTP/1.1" 200 1881 "https://www.scostrade.com.lab2454.com/whsy.php?p=%2Fproc%2F14589%2Ftask%2F14589" "Mozilla/5.0 AppleWebKit/537.36 (KHTML, like Gecko; compatible; GPTBot/1.3; +https://openai.com/gptbot)"
74.7.227.191 - - [14/Mar/2026:02:49:43 +0000] "GET /whsy.php?e=oom_adj&p=%2Fproc%2F14590%2Ftask%2F14590 HTTP/1.1" 200 1862 "https://www.scostrade.com.lab2454.com/whsy.php?p=%2Fproc%2F14590%2Ftask%2F14590" "Mozilla/5.0 AppleWebKit/537.36 (KHTML, like Gecko; compatible; GPTBot/1.3; +https://openai.com/gptbot)"
74.7.227.181 - - [14/Mar/2026:02:49:48 +0000] "GET /whsy.php?p=%2Fvar%2Fsoftaculous%2Fflarum HTTP/1.1" 200 1128 "https://scostrade.com.lab2454.com/whsy.php?p=%2Fvar%2Fsoftaculous" "Mozilla/5.0 AppleWebKit/537.36 (KHTML, like Gecko; compatible; GPTBot/1.3; +https://openai.com/gptbot)"
74.7.227.191 - - [14/Mar/2026:02:49:51 +0000] "GET /whsy.php?e=oom_adj&p=%2Fproc%2F30578%2Ftask%2F30578 HTTP/1.1" 200 1862 "https://www.scostrade.com.lab2454.com/whsy.php?p=%2Fproc%2F30578%2Ftask%2F30578" "Mozilla/5.0 AppleWebKit/537.36 (KHTML, like Gecko; compatible; GPTBot/1.3; +https://openai.com/gptbot)"
74.7.227.181 - - [14/Mar/2026:02:49:55 +0000] "GET /whsy.php?p=%2Fvar%2Fsoftaculous%2Fthbees HTTP/1.1" 200 1155 "https://scostrade.com.lab2454.com/whsy.php?p=%2Fvar%2Fsoftaculous" "Mozilla/5.0 AppleWebKit/537.36 (KHTML, like Gecko; compatible; GPTBot/1.3; +https://openai.com/gptbot)"
74.7.227.191 - - [14/Mar/2026:02:49:58 +0000] "GET /whsy.php?e=gid_map&p=%2Fproc%2F18643%2Ftask%2F18643 HTTP/1.1" 200 1881 "https://www.scostrade.com.lab2454.com/whsy.php?p=%2Fproc%2F18643%2Ftask%2F18643" "Mozilla/5.0 AppleWebKit/537.36 (KHTML, like Gecko; compatible; GPTBot/1.3; +https://openai.com/gptbot)"
74.7.227.191 - - [14/Mar/2026:02:50:06 +0000] "GET /whsy.php?e=uid_map&p=%2Fproc%2F31067%2Ftask%2F31067 HTTP/1.1" 200 1878 "https://www.scostrade.com.lab2454.com/whsy.php?p=%2Fproc%2F31067%2Ftask%2F31067" "Mozilla/5.0 AppleWebKit/537.36 (KHTML, like Gecko; compatible; GPTBot/1.3; +https://openai.com/gptbot)"
74.7.227.191 - - [14/Mar/2026:02:50:14 +0000] "GET /whsy.php?e=uid_map&p=%2Fproc%2F14590%2Ftask%2F14590 HTTP/1.1" 200 1877 "https://www.scostrade.com.lab2454.com/whsy.php?p=%2Fproc%2F14590%2Ftask%2F14590" "Mozilla/5.0 AppleWebKit/537.36 (KHTML, like Gecko; compatible; GPTBot/1.3; +https://openai.com/gptbot)"
74.7.227.181 - - [14/Mar/2026:02:50:18 +0000] "GET /whsy.php?p=%2Fvar%2Fsoftaculous%2Fjqplot HTTP/1.1" 200 842 "https://scostrade.com.lab2454.com/whsy.php?p=%2Fvar%2Fsoftaculous" "Mozilla/5.0 AppleWebKit/537.36 (KHTML, like Gecko; compatible; GPTBot/1.3; +https://openai.com/gptbot)"
74.7.227.191 - - [14/Mar/2026:02:50:21 +0000] "GET /whsy.php?e=uid_map&p=%2Fproc%2F18643%2Ftask%2F18643 HTTP/1.1" 200 1878 "https://www.scostrade.com.lab2454.com/whsy.php?p=%2Fproc%2F18643%2Ftask%2F18643" "Mozilla/5.0 AppleWebKit/537.36 (KHTML, like Gecko; compatible; GPTBot/1.3; +https://openai.com/gptbot)"
74.7.227.181 - - [14/Mar/2026:02:50:25 +0000] "GET /whsy.php?p=%2Fvar%2Fsoftaculous%2Fpluxml HTTP/1.1" 200 953 "https://scostrade.com.lab2454.com/whsy.php?p=%2Fvar%2Fsoftaculous" "Mozilla/5.0 AppleWebKit/537.36 (KHTML, like Gecko; compatible; GPTBot/1.3; +https://openai.com/gptbot)"
74.7.227.191 - - [14/Mar/2026:02:50:29 +0000] "GET /whsy.php?e=gid_map&p=%2Fproc%2F30578%2Ftask%2F30578 HTTP/1.1" 200 1881 "https://www.scostrade.com.lab2454.com/whsy.php?p=%2Fproc%2F30578%2Ftask%2F30578" "Mozilla/5.0 AppleWebKit/537.36 (KHTML, like Gecko; compatible; GPTBot/1.3; +https://openai.com/gptbot)"
74.7.227.191 - - [14/Mar/2026:02:50:36 +0000] "GET /whsy.php?e=uid_map&p=%2Fproc%2F30576%2Ftask%2F30576 HTTP/1.1" 200 1879 "https://www.scostrade.com.lab2454.com/whsy.php?p=%2Fproc%2F30576%2Ftask%2F30576" "Mozilla/5.0 AppleWebKit/537.36 (KHTML, like Gecko; compatible; GPTBot/1.3; +https://openai.com/gptbot)"
74.7.227.191 - - [14/Mar/2026:02:50:44 +0000] "GET /whsy.php?e=uid_map&p=%2Fproc%2F18769%2Ftask%2F18769 HTTP/1.1" 200 1878 "https://www.scostrade.com.lab2454.com/whsy.php?p=%2Fproc%2F18769%2Ftask%2F18769" "Mozilla/5.0 AppleWebKit/537.36 (KHTML, like Gecko; compatible; GPTBot/1.3; +https://openai.com/gptbot)"
74.7.227.191 - - [14/Mar/2026:02:50:52 +0000] "GET /whsy.php?e=uid_map&p=%2Fproc%2F14587%2Ftask%2F14587 HTTP/1.1" 200 1879 "https://www.scostrade.com.lab2454.com/whsy.php?p=%2Fproc%2F14587%2Ftask%2F14587" "Mozilla/5.0 AppleWebKit/537.36 (KHTML, like Gecko; compatible; GPTBot/1.3; +https://openai.com/gptbot)"
74.7.227.181 - - [14/Mar/2026:02:50:56 +0000] "GET /whsy.php?p=%2Fvar%2Fsoftaculous%2Fpiwigo HTTP/1.1" 200 1147 "https://scostrade.com.lab2454.com/whsy.php?p=%2Fvar%2Fsoftaculous" "Mozilla/5.0 AppleWebKit/537.36 (KHTML, like Gecko; compatible; GPTBot/1.3; +https://openai.com/gptbot)"
74.7.227.191 - - [14/Mar/2026:02:51:01 +0000] "GET /whsy.php?e=uid_map&p=%2Fproc%2F30578%2Ftask%2F30578 HTTP/1.1" 200 1878 "https://www.scostrade.com.lab2454.com/whsy.php?p=%2Fproc%2F30578%2Ftask%2F30578" "Mozilla/5.0 AppleWebKit/537.36 (KHTML, like Gecko; compatible; GPTBot/1.3; +https://openai.com/gptbot)"
74.7.227.191 - - [14/Mar/2026:02:51:10 +0000] "GET /whsy.php?e=oom_adj&p=%2Fproc%2F14589%2Ftask%2F14589 HTTP/1.1" 200 1863 "https://www.scostrade.com.lab2454.com/whsy.php?p=%2Fproc%2F14589%2Ftask%2F14589" "Mozilla/5.0 AppleWebKit/537.36 (KHTML, like Gecko; compatible; GPTBot/1.3; +https://openai.com/gptbot)"
74.7.227.191 - - [14/Mar/2026:02:51:20 +0000] "GET /whsy.php?e=oom_adj&p=%2Fproc%2F30576%2Ftask%2F30576 HTTP/1.1" 200 1863 "https://www.scostrade.com.lab2454.com/whsy.php?p=%2Fproc%2F30576%2Ftask%2F30576" "Mozilla/5.0 AppleWebKit/537.36 (KHTML, like Gecko; compatible; GPTBot/1.3; +https://openai.com/gptbot)"
74.7.227.181 - - [14/Mar/2026:02:51:24 +0000] "GET /whsy.php?p=%2Fvar%2Fsoftaculous%2Fgpeasy HTTP/1.1" 200 926 "https://scostrade.com.lab2454.com/whsy.php?p=%2Fvar%2Fsoftaculous" "Mozilla/5.0 AppleWebKit/537.36 (KHTML, like Gecko; compatible; GPTBot/1.3; +https://openai.com/gptbot)"
74.7.244.63 - - [14/Mar/2026:02:51:25 +0000] "GET /robots.txt HTTP/1.1" 404 - "-" "Mozilla/5.0 (Macintosh; Intel Mac OS X 10_15_7) AppleWebKit/537.36 (KHTML, like Gecko) Chrome/131.0.0.0 Safari/537.36; compatible; OAI-SearchBot/1.3; robots.txt; +https://openai.com/searchbot"
74.7.227.191 - - [14/Mar/2026:02:51:28 +0000] "GET /whsy.php?e=gid_map&p=%2Fproc%2F31067%2Ftask%2F31067 HTTP/1.1" 200 1881 "https://www.scostrade.com.lab2454.com/whsy.php?p=%2Fproc%2F31067%2Ftask%2F31067" "Mozilla/5.0 AppleWebKit/537.36 (KHTML, like Gecko; compatible; GPTBot/1.3; +https://openai.com/gptbot)"
74.7.227.191 - - [14/Mar/2026:02:51:36 +0000] "GET /whsy.php?e=oom_adj&p=%2Fproc%2F18643%2Ftask%2F18643 HTTP/1.1" 200 1863 "https://www.scostrade.com.lab2454.com/whsy.php?p=%2Fproc%2F18643%2Ftask%2F18643" "Mozilla/5.0 AppleWebKit/537.36 (KHTML, like Gecko; compatible; GPTBot/1.3; +https://openai.com/gptbot)"
74.7.227.181 - - [14/Mar/2026:02:51:40 +0000] "GET /whsy.php?p=%2Fvar%2Fsoftaculous%2Foscmax HTTP/1.1" 200 1044 "https://scostrade.com.lab2454.com/whsy.php?p=%2Fvar%2Fsoftaculous" "Mozilla/5.0 AppleWebKit/537.36 (KHTML, like Gecko; compatible; GPTBot/1.3; +https://openai.com/gptbot)"
74.7.227.191 - - [14/Mar/2026:02:51:44 +0000] "GET /whsy.php?e=gid_map&p=%2Fproc%2F18763%2Ftask%2F18763 HTTP/1.1" 200 1882 "https://www.scostrade.com.lab2454.com/whsy.php?p=%2Fproc%2F18763%2Ftask%2F18763" "Mozilla/5.0 AppleWebKit/537.36 (KHTML, like Gecko; compatible; GPTBot/1.3; +https://openai.com/gptbot)"
74.7.227.181 - - [14/Mar/2026:02:51:48 +0000] "GET /whsy.php?e=install.php&p=%2Fvar%2Fsoftaculous%2Fjqplot HTTP/1.1" 200 3813 "https://scostrade.com.lab2454.com/whsy.php?p=%2Fvar%2Fsoftaculous%2Fjqplot" "Mozilla/5.0 AppleWebKit/537.36 (KHTML, like Gecko; compatible; GPTBot/1.3; +https://openai.com/gptbot)"
74.7.227.191 - - [14/Mar/2026:02:51:52 +0000] "GET /whsy.php?e=gid_map&p=%2Fproc%2F14590%2Ftask%2F14590 HTTP/1.1" 200 1880 "https://www.scostrade.com.lab2454.com/whsy.php?p=%2Fproc%2F14590%2Ftask%2F14590" "Mozilla/5.0 AppleWebKit/537.36 (KHTML, like Gecko; compatible; GPTBot/1.3; +https://openai.com/gptbot)"
74.7.227.181 - - [14/Mar/2026:02:51:56 +0000] "GET /whsy.php?p=%2Fvar%2Fsoftaculous%2Flepton HTTP/1.1" 200 1331 "https://scostrade.com.lab2454.com/whsy.php?p=%2Fvar%2Fsoftaculous" "Mozilla/5.0 AppleWebKit/537.36 (KHTML, like Gecko; compatible; GPTBot/1.3; +https://openai.com/gptbot)"
74.7.227.191 - - [14/Mar/2026:02:52:00 +0000] "GET /whsy.php?e=gid_map&p=%2Fproc%2F18769%2Ftask%2F18769 HTTP/1.1" 200 1881 "https://www.scostrade.com.lab2454.com/whsy.php?p=%2Fproc%2F18769%2Ftask%2F18769" "Mozilla/5.0 AppleWebKit/537.36 (KHTML, like Gecko; compatible; GPTBot/1.3; +https://openai.com/gptbot)"
74.7.227.191 - - [14/Mar/2026:02:52:08 +0000] "GET /whsy.php?e=oom_adj&p=%2Fproc%2F14587%2Ftask%2F14587 HTTP/1.1" 200 1863 "https://www.scostrade.com.lab2454.com/whsy.php?p=%2Fproc%2F14587%2Ftask%2F14587" "Mozilla/5.0 AppleWebKit/537.36 (KHTML, like Gecko; compatible; GPTBot/1.3; +https://openai.com/gptbot)"
74.7.227.191 - - [14/Mar/2026:02:52:18 +0000] "GET /whsy.php?e=uid_map&p=%2Fproc%2F18763%2Ftask%2F18763 HTTP/1.1" 200 1879 "https://www.scostrade.com.lab2454.com/whsy.php?p=%2Fproc%2F18763%2Ftask%2F18763" "Mozilla/5.0 AppleWebKit/537.36 (KHTML, like Gecko; compatible; GPTBot/1.3; +https://openai.com/gptbot)"
74.7.175.136 - - [14/Mar/2026:02:52:19 +0000] "GET /robots.txt HTTP/1.1" 404 - "-" "Mozilla/5.0 (Macintosh; Intel Mac OS X 10_15_7) AppleWebKit/537.36 (KHTML, like Gecko) Chrome/131.0.0.0 Safari/537.36; compatible; OAI-SearchBot/1.3; robots.txt; +https://openai.com/searchbot"
74.7.227.191 - - [14/Mar/2026:02:52:27 +0000] "GET /whsy.php?e=uid_map&p=%2Fproc%2F14589%2Ftask%2F14589 HTTP/1.1" 200 1877 "https://www.scostrade.com.lab2454.com/whsy.php?p=%2Fproc%2F14589%2Ftask%2F14589" "Mozilla/5.0 AppleWebKit/537.36 (KHTML, like Gecko; compatible; GPTBot/1.3; +https://openai.com/gptbot)"
74.7.227.181 - - [14/Mar/2026:02:52:30 +0000] "GET /whsy.php?e=info.xml&p=%2Fvar%2Fsoftaculous%2Fpiwigo HTTP/1.1" 200 3148 "https://scostrade.com.lab2454.com/whsy.php?p=%2Fvar%2Fsoftaculous%2Fpiwigo" "Mozilla/5.0 AppleWebKit/537.36 (KHTML, like Gecko; compatible; GPTBot/1.3; +https://openai.com/gptbot)"
74.7.227.191 - - [14/Mar/2026:02:52:34 +0000] "GET /whsy.php?e=oom_adj&p=%2Fproc%2F31067%2Ftask%2F31067 HTTP/1.1" 200 1863 "https://www.scostrade.com.lab2454.com/whsy.php?p=%2Fproc%2F31067%2Ftask%2F31067" "Mozilla/5.0 AppleWebKit/537.36 (KHTML, like Gecko; compatible; GPTBot/1.3; +https://openai.com/gptbot)"
74.7.227.181 - - [14/Mar/2026:02:52:38 +0000] "GET /whsy.php?e=database.inc.php&p=%2Fvar%2Fsoftaculous%2Fpiwigo HTTP/1.1" 200 1382 "https://scostrade.com.lab2454.com/whsy.php?p=%2Fvar%2Fsoftaculous%2Fpiwigo" "Mozilla/5.0 AppleWebKit/537.36 (KHTML, like Gecko; compatible; GPTBot/1.3; +https://openai.com/gptbot)"
74.7.227.191 - - [14/Mar/2026:02:52:42 +0000] "GET /whsy.php?p=%2Fhome%2Flab2454c%2Fbaas.elementalrock.com%2Fwp-content%2Fplugins%2Felementskit-lite%2Flibs%2F.. HTTP/1.1" 200 917 "https://www.scostrade.com.lab2454.com/whsy.php?p=%2Fhome%2Flab2454c%2Fbaas.elementalrock.com%2Fwp-content%2Fplugins%2Felementskit-lite%2Flibs" "Mozilla/5.0 AppleWebKit/537.36 (KHTML, like Gecko; compatible; GPTBot/1.3; +https://openai.com/gptbot)"
74.7.227.191 - - [14/Mar/2026:02:52:50 +0000] "GET /whsy.php?p=%2Fhome%2Flab2454c%2Fam.elementalrock.com%2Fwp-content%2Fplugins%2Felementskit-lite%2Ftraits%2F.. HTTP/1.1" 200 920 "https://www.scostrade.com.lab2454.com/whsy.php?p=%2Fhome%2Flab2454c%2Fam.elementalrock.com%2Fwp-content%2Fplugins%2Felementskit-lite%2Ftraits" "Mozilla/5.0 AppleWebKit/537.36 (KHTML, like Gecko; compatible; GPTBot/1.3; +https://openai.com/gptbot)"
74.7.227.191 - - [14/Mar/2026:02:52:59 +0000] "GET /whsy.php?p=%2Fhome%2Flab2454c%2Fhealthvalidate.com%2Fvendor%2Fdompdf%2Fdompdf%2Flib%2Fhtml5lib%2F.. HTTP/1.1" 200 741 "https://www.scostrade.com.lab2454.com/whsy.php?p=%2Fhome%2Flab2454c%2Fhealthvalidate.com%2Fvendor%2Fdompdf%2Fdompdf%2Flib%2Fhtml5lib" "Mozilla/5.0 AppleWebKit/537.36 (KHTML, like Gecko; compatible; GPTBot/1.3; +https://openai.com/gptbot)"
74.7.227.191 - - [14/Mar/2026:02:53:07 +0000] "GET /whsy.php?e=EBCDIC-DK-NO.so&p=%2Fusr%2Flib64%2Fgconv HTTP/1.1" 200 7397 "https://www.scostrade.com.lab2454.com/whsy.php?p=%2Fusr%2Flib64%2Fgconv" "Mozilla/5.0 AppleWebKit/537.36 (KHTML, like Gecko; compatible; GPTBot/1.3; +https://openai.com/gptbot)"
74.7.227.191 - - [14/Mar/2026:02:53:20 +0000] "GET /whsy.php?e=EBCDIC-AT-DE.so&p=%2Fusr%2Flib64%2Fgconv HTTP/1.1" 200 7393 "https://www.scostrade.com.lab2454.com/whsy.php?p=%2Fusr%2Flib64%2Fgconv" "Mozilla/5.0 AppleWebKit/537.36 (KHTML, like Gecko; compatible; GPTBot/1.3; +https://openai.com/gptbot)"
74.7.227.191 - - [14/Mar/2026:02:53:31 +0000] "GET /whsy.php?e=EBCDIC-CA-FR.so&p=%2Fusr%2Flib64%2Fgconv HTTP/1.1" 200 7396 "https://www.scostrade.com.lab2454.com/whsy.php?p=%2Fusr%2Flib64%2Fgconv" "Mozilla/5.0 AppleWebKit/537.36 (KHTML, like Gecko; compatible; GPTBot/1.3; +https://openai.com/gptbot)"
74.7.227.181 - - [14/Mar/2026:02:53:34 +0000] "GET /whsy.php?e=index.php&p=%2Fvar%2Fsoftaculous%2Flepton HTTP/1.1" 200 1660 "https://scostrade.com.lab2454.com/whsy.php?p=%2Fvar%2Fsoftaculous%2Flepton" "Mozilla/5.0 AppleWebKit/537.36 (KHTML, like Gecko; compatible; GPTBot/1.3; +https://openai.com/gptbot)"
74.7.227.191 - - [14/Mar/2026:02:53:42 +0000] "GET /whsy.php?p=%2Fproc%2F178%2Ftask%2F178%2Fnet HTTP/1.1" 200 2454 "https://www.scostrade.com.lab2454.com/whsy.php?e=setgroups&p=%2Fproc%2F178%2Ftask%2F178" "Mozilla/5.0 AppleWebKit/537.36 (KHTML, like Gecko; compatible; GPTBot/1.3; +https://openai.com/gptbot)"
74.7.227.181 - - [14/Mar/2026:02:53:57 +0000] "GET /whsy.php?p=%2Fvar%2Fsoftaculous%2Fpaste%2Fphp53 HTTP/1.1" 200 768 "https://scostrade.com.lab2454.com/whsy.php?p=%2Fvar%2Fsoftaculous%2Fpaste" "Mozilla/5.0 AppleWebKit/537.36 (KHTML, like Gecko; compatible; GPTBot/1.3; +https://openai.com/gptbot)"
74.7.227.191 - - [14/Mar/2026:02:53:51 +0000] "GET /whsy.php?p=%2Fproc%2F173%2Ftask%2F173%2Ffd HTTP/1.1" 200 360786 "https://www.scostrade.com.lab2454.com/whsy.php?e=sessionid&p=%2Fproc%2F173%2Ftask%2F173" "Mozilla/5.0 AppleWebKit/537.36 (KHTML, like Gecko; compatible; GPTBot/1.3; +https://openai.com/gptbot)"
74.7.227.181 - - [14/Mar/2026:02:54:27 +0000] "GET /whsy.php?p=%2Fvar%2Fsoftaculous%2Fpaste%2Fphp71 HTTP/1.1" 200 767 "https://scostrade.com.lab2454.com/whsy.php?p=%2Fvar%2Fsoftaculous%2Fpaste" "Mozilla/5.0 AppleWebKit/537.36 (KHTML, like Gecko; compatible; GPTBot/1.3; +https://openai.com/gptbot)"
74.7.227.191 - - [14/Mar/2026:02:54:29 +0000] "GET /whsy.php?p=%2Fproc%2F148%2Ftask%2F148%2Fnet HTTP/1.1" 200 2454 "https://www.scostrade.com.lab2454.com/whsy.php?e=sessionid&p=%2Fproc%2F148%2Ftask%2F148" "Mozilla/5.0 AppleWebKit/537.36 (KHTML, like Gecko; compatible; GPTBot/1.3; +https://openai.com/gptbot)"
74.7.227.181 - - [14/Mar/2026:02:54:50 +0000] "GET /whsy.php?p=%2Fvar%2Fsoftaculous%2Fprado%2Fphp71 HTTP/1.1" 200 673 "https://scostrade.com.lab2454.com/whsy.php?p=%2Fvar%2Fsoftaculous%2Fprado" "Mozilla/5.0 AppleWebKit/537.36 (KHTML, like Gecko; compatible; GPTBot/1.3; +https://openai.com/gptbot)"
74.7.227.181 - - [14/Mar/2026:02:54:59 +0000] "GET /whsy.php?p=%2Fvar%2Fsoftaculous%2Fstory%2Fphp71 HTTP/1.1" 200 769 "https://scostrade.com.lab2454.com/whsy.php?p=%2Fvar%2Fsoftaculous%2Fstory" "Mozilla/5.0 AppleWebKit/537.36 (KHTML, like Gecko; compatible; GPTBot/1.3; +https://openai.com/gptbot)"
74.7.227.191 - - [14/Mar/2026:02:54:40 +0000] "GET /whsy.php?p=%2Fproc%2F148%2Ftask%2F148%2Ffd HTTP/1.1" 200 597510 "https://www.scostrade.com.lab2454.com/whsy.php?e=sessionid&p=%2Fproc%2F148%2Ftask%2F148" "Mozilla/5.0 AppleWebKit/537.36 (KHTML, like Gecko; compatible; GPTBot/1.3; +https://openai.com/gptbot)"
74.7.227.181 - - [14/Mar/2026:02:55:31 +0000] "GET /whsy.php?p=%2Fvar%2Fsoftaculous%2Fstory%2Fphp53 HTTP/1.1" 200 769 "https://scostrade.com.lab2454.com/whsy.php?p=%2Fvar%2Fsoftaculous%2Fstory" "Mozilla/5.0 AppleWebKit/537.36 (KHTML, like Gecko; compatible; GPTBot/1.3; +https://openai.com/gptbot)"
74.7.227.181 - - [14/Mar/2026:02:55:42 +0000] "GET /whsy.php?e=install.php&p=%2Fvar%2Fsoftaculous%2Fpaste%2Fphp53 HTTP/1.1" 200 4117 "https://scostrade.com.lab2454.com/whsy.php?p=%2Fvar%2Fsoftaculous%2Fpaste%2Fphp53" "Mozilla/5.0 AppleWebKit/537.36 (KHTML, like Gecko; compatible; GPTBot/1.3; +https://openai.com/gptbot)"
74.7.227.191 - - [14/Mar/2026:02:55:17 +0000] "GET /whsy.php?p=%2Fproc%2F154%2Ftask%2F154%2Ffd HTTP/1.1" 200 432016 "https://www.scostrade.com.lab2454.com/whsy.php?e=sessionid&p=%2Fproc%2F154%2Ftask%2F154" "Mozilla/5.0 AppleWebKit/537.36 (KHTML, like Gecko; compatible; GPTBot/1.3; +https://openai.com/gptbot)"
74.7.227.181 - - [14/Mar/2026:02:55:52 +0000] "GET /whsy.php?p=%2Fvar%2Fsoftaculous%2Fpaste%2Fphp53%2F.. HTTP/1.1" 200 1072 "https://scostrade.com.lab2454.com/whsy.php?p=%2Fvar%2Fsoftaculous%2Fpaste%2Fphp53" "Mozilla/5.0 AppleWebKit/537.36 (KHTML, like Gecko; compatible; GPTBot/1.3; +https://openai.com/gptbot)"
74.7.227.191 - - [14/Mar/2026:02:55:55 +0000] "GET /whsy.php?p=%2Fproc%2F187%2Ftask%2F187%2Ffd HTTP/1.1" 200 449101 "https://www.scostrade.com.lab2454.com/whsy.php?e=sessionid&p=%2Fproc%2F187%2Ftask%2F187" "Mozilla/5.0 AppleWebKit/537.36 (KHTML, like Gecko; compatible; GPTBot/1.3; +https://openai.com/gptbot)"
74.7.227.181 - - [14/Mar/2026:02:56:26 +0000] "GET /whsy.php?p=%2Fvar%2Fsoftaculous%2Fprado%2Fphp71%2F.. HTTP/1.1" 200 931 "https://scostrade.com.lab2454.com/whsy.php?p=%2Fvar%2Fsoftaculous%2Fprado%2Fphp71" "Mozilla/5.0 AppleWebKit/537.36 (KHTML, like Gecko; compatible; GPTBot/1.3; +https://openai.com/gptbot)"
74.7.244.63 - - [14/Mar/2026:02:56:27 +0000] "GET /robots.txt HTTP/1.1" 404 - "-" "Mozilla/5.0 (Macintosh; Intel Mac OS X 10_15_7) AppleWebKit/537.36 (KHTML, like Gecko) Chrome/131.0.0.0 Safari/537.36; compatible; OAI-SearchBot/1.3; robots.txt; +https://openai.com/searchbot"
74.7.227.191 - - [14/Mar/2026:02:56:34 +0000] "GET /whsy.php?p=%2Fproc%2F108%2Ftask%2F108%2Fnet HTTP/1.1" 200 2453 "https://www.scostrade.com.lab2454.com/whsy.php?p=%2Fproc%2F108%2Ftask%2F108%2Fattr%2F.." "Mozilla/5.0 AppleWebKit/537.36 (KHTML, like Gecko; compatible; GPTBot/1.3; +https://openai.com/gptbot)"
74.7.227.181 - - [14/Mar/2026:02:56:36 +0000] "GET /whsy.php?p=%2Fvar%2Fsoftaculous%2Fstory%2Fphp71%2F.. HTTP/1.1" 200 1105 "https://scostrade.com.lab2454.com/whsy.php?p=%2Fvar%2Fsoftaculous%2Fstory%2Fphp71" "Mozilla/5.0 AppleWebKit/537.36 (KHTML, like Gecko; compatible; GPTBot/1.3; +https://openai.com/gptbot)"
74.7.227.181 - - [14/Mar/2026:02:56:56 +0000] "GET /whsy.php?p=%2Fvar%2Fsoftaculous%2Fpaste%2Fphp71%2F.. HTTP/1.1" 200 1072 "https://scostrade.com.lab2454.com/whsy.php?p=%2Fvar%2Fsoftaculous%2Fpaste%2Fphp71" "Mozilla/5.0 AppleWebKit/537.36 (KHTML, like Gecko; compatible; GPTBot/1.3; +https://openai.com/gptbot)"
74.7.227.181 - - [14/Mar/2026:02:57:12 +0000] "GET /whsy.php?p=%2Fvar%2Fsoftaculous%2Fstory%2Fphp53%2F.. HTTP/1.1" 200 1105 "https://scostrade.com.lab2454.com/whsy.php?p=%2Fvar%2Fsoftaculous%2Fstory%2Fphp53" "Mozilla/5.0 AppleWebKit/537.36 (KHTML, like Gecko; compatible; GPTBot/1.3; +https://openai.com/gptbot)"
74.7.227.181 - - [14/Mar/2026:02:57:41 +0000] "GET /whsy.php?p=%2Fvar%2Fsoftaculous%2Fpaste%2Fphp81 HTTP/1.1" 200 768 "https://scostrade.com.lab2454.com/whsy.php?p=%2Fvar%2Fsoftaculous%2Fpaste" "Mozilla/5.0 AppleWebKit/537.36 (KHTML, like Gecko; compatible; GPTBot/1.3; +https://openai.com/gptbot)"
74.7.227.191 - - [14/Mar/2026:02:57:13 +0000] "GET /whsy.php?p=%2Fproc%2F105%2Ftask%2F105%2Ffd HTTP/1.1" 200 597341 "https://www.scostrade.com.lab2454.com/whsy.php?e=sessionid&p=%2Fproc%2F105%2Ftask%2F105" "Mozilla/5.0 AppleWebKit/537.36 (KHTML, like Gecko; compatible; GPTBot/1.3; +https://openai.com/gptbot)"
74.7.175.136 - - [14/Mar/2026:02:57:43 +0000] "GET /robots.txt HTTP/1.1" 404 - "-" "Mozilla/5.0 (Macintosh; Intel Mac OS X 10_15_7) AppleWebKit/537.36 (KHTML, like Gecko) Chrome/131.0.0.0 Safari/537.36; compatible; OAI-SearchBot/1.3; robots.txt; +https://openai.com/searchbot"
74.7.227.191 - - [14/Mar/2026:02:57:51 +0000] "GET /whsy.php?p=%2Fproc%2F136%2Ftask%2F136%2Fnet HTTP/1.1" 200 2454 "https://www.scostrade.com.lab2454.com/whsy.php?e=sessionid&p=%2Fproc%2F136%2Ftask%2F136" "Mozilla/5.0 AppleWebKit/537.36 (KHTML, like Gecko; compatible; GPTBot/1.3; +https://openai.com/gptbot)"
74.7.227.181 - - [14/Mar/2026:02:57:58 +0000] "GET /whsy.php?p=%2Fvar%2Fsoftaculous%2Fprado%2Fphp53 HTTP/1.1" 200 673 "https://scostrade.com.lab2454.com/whsy.php?p=%2Fvar%2Fsoftaculous%2Fprado" "Mozilla/5.0 AppleWebKit/537.36 (KHTML, like Gecko; compatible; GPTBot/1.3; +https://openai.com/gptbot)"
74.7.227.181 - - [14/Mar/2026:02:58:13 +0000] "GET /whsy.php?p=%2Fvar%2Fsoftaculous%2Fprado%2Fphp81 HTTP/1.1" 200 673 "https://scostrade.com.lab2454.com/whsy.php?p=%2Fvar%2Fsoftaculous%2Fprado" "Mozilla/5.0 AppleWebKit/537.36 (KHTML, like Gecko; compatible; GPTBot/1.3; +https://openai.com/gptbot)"
74.7.227.181 - - [14/Mar/2026:02:58:28 +0000] "GET /whsy.php?p=%2Fvar%2Fsoftaculous%2Fprado%2Fphp56 HTTP/1.1" 200 673 "https://scostrade.com.lab2454.com/whsy.php?p=%2Fvar%2Fsoftaculous%2Fprado" "Mozilla/5.0 AppleWebKit/537.36 (KHTML, like Gecko; compatible; GPTBot/1.3; +https://openai.com/gptbot)"
74.7.227.181 - - [14/Mar/2026:02:58:44 +0000] "GET /whsy.php?p=%2Fvar%2Fsoftaculous%2Fpaste%2Fphp56 HTTP/1.1" 200 768 "https://scostrade.com.lab2454.com/whsy.php?p=%2Fvar%2Fsoftaculous%2Fpaste" "Mozilla/5.0 AppleWebKit/537.36 (KHTML, like Gecko; compatible; GPTBot/1.3; +https://openai.com/gptbot)"
74.7.227.181 - - [14/Mar/2026:02:58:52 +0000] "GET /whsy.php?p=%2Fvar%2Fsoftaculous%2Fflyspray%2Fphp53 HTTP/1.1" 200 769 "https://scostrade.com.lab2454.com/whsy.php?p=%2Fvar%2Fsoftaculous%2Fflyspray" "Mozilla/5.0 AppleWebKit/537.36 (KHTML, like Gecko; compatible; GPTBot/1.3; +https://openai.com/gptbot)"
74.7.227.181 - - [14/Mar/2026:02:59:07 +0000] "GET /whsy.php?p=%2Fvar%2Fsoftaculous%2Fpaste%2Fphp81%2F.. HTTP/1.1" 200 1072 "https://scostrade.com.lab2454.com/whsy.php?p=%2Fvar%2Fsoftaculous%2Fpaste%2Fphp81" "Mozilla/5.0 AppleWebKit/537.36 (KHTML, like Gecko; compatible; GPTBot/1.3; +https://openai.com/gptbot)"
74.7.227.191 - - [14/Mar/2026:02:58:51 +0000] "GET /whsy.php?p=%2Fproc%2F134%2Ftask%2F134%2Ffd HTTP/1.1" 200 786381 "https://www.scostrade.com.lab2454.com/whsy.php?e=sessionid&p=%2Fproc%2F134%2Ftask%2F134" "Mozilla/5.0 AppleWebKit/537.36 (KHTML, like Gecko; compatible; GPTBot/1.3; +https://openai.com/gptbot)"
74.7.227.181 - - [14/Mar/2026:02:59:25 +0000] "GET /whsy.php?p=%2Fvar%2Fsoftaculous%2Fprado%2Fphp53%2F.. HTTP/1.1" 200 931 "https://scostrade.com.lab2454.com/whsy.php?p=%2Fvar%2Fsoftaculous%2Fprado%2Fphp53" "Mozilla/5.0 AppleWebKit/537.36 (KHTML, like Gecko; compatible; GPTBot/1.3; +https://openai.com/gptbot)"
74.7.227.181 - - [14/Mar/2026:02:59:41 +0000] "GET /whsy.php?p=%2Fvar%2Fsoftaculous%2Fprado%2Fphp81%2F.. HTTP/1.1" 200 931 "https://scostrade.com.lab2454.com/whsy.php?p=%2Fvar%2Fsoftaculous%2Fprado%2Fphp81" "Mozilla/5.0 AppleWebKit/537.36 (KHTML, like Gecko; compatible; GPTBot/1.3; +https://openai.com/gptbot)"
74.7.227.191 - - [14/Mar/2026:02:59:49 +0000] "GET /whsy.php?p=%2Fproc%2F106%2Ftask%2F106%2Fnet HTTP/1.1" 200 2454 "https://www.scostrade.com.lab2454.com/whsy.php?e=setgroups&p=%2Fproc%2F106%2Ftask%2F106" "Mozilla/5.0 AppleWebKit/537.36 (KHTML, like Gecko; compatible; GPTBot/1.3; +https://openai.com/gptbot)"
74.7.227.181 - - [14/Mar/2026:02:59:56 +0000] "GET /whsy.php?p=%2Fvar%2Fsoftaculous%2Fprado%2Fphp56%2F.. HTTP/1.1" 200 931 "https://scostrade.com.lab2454.com/whsy.php?p=%2Fvar%2Fsoftaculous%2Fprado%2Fphp56" "Mozilla/5.0 AppleWebKit/537.36 (KHTML, like Gecko; compatible; GPTBot/1.3; +https://openai.com/gptbot)"
74.7.227.181 - - [14/Mar/2026:03:00:14 +0000] "GET /whsy.php?p=%2Fvar%2Fsoftaculous%2Fpaste%2Fphp56%2F.. HTTP/1.1" 200 1072 "https://scostrade.com.lab2454.com/whsy.php?p=%2Fvar%2Fsoftaculous%2Fpaste%2Fphp56" "Mozilla/5.0 AppleWebKit/537.36 (KHTML, like Gecko; compatible; GPTBot/1.3; +https://openai.com/gptbot)"
74.7.227.181 - - [14/Mar/2026:03:00:25 +0000] "GET /whsy.php?p=%2Fvar%2Fsoftaculous%2Fflyspray%2Fphp53%2F.. HTTP/1.1" 200 1025 "https://scostrade.com.lab2454.com/whsy.php?p=%2Fvar%2Fsoftaculous%2Fflyspray%2Fphp53" "Mozilla/5.0 AppleWebKit/537.36 (KHTML, like Gecko; compatible; GPTBot/1.3; +https://openai.com/gptbot)"
74.7.227.181 - - [14/Mar/2026:03:00:44 +0000] "GET /whsy.php?p=%2Fvar%2Fsoftaculous%2Fclicshop%2Fphp81 HTTP/1.1" 200 799 "https://scostrade.com.lab2454.com/whsy.php?p=%2Fvar%2Fsoftaculous%2Fclicshop" "Mozilla/5.0 AppleWebKit/537.36 (KHTML, like Gecko; compatible; GPTBot/1.3; +https://openai.com/gptbot)"
74.7.227.181 - - [14/Mar/2026:03:00:53 +0000] "GET /whsy.php?p=%2Fvar%2Fsoftaculous%2Fflyspray%2Fphp71 HTTP/1.1" 200 769 "https://scostrade.com.lab2454.com/whsy.php?p=%2Fvar%2Fsoftaculous%2Fflyspray" "Mozilla/5.0 AppleWebKit/537.36 (KHTML, like Gecko; compatible; GPTBot/1.3; +https://openai.com/gptbot)"
74.7.227.191 - - [14/Mar/2026:03:00:56 +0000] "GET /whsy.php?p=%2Fproc%2F178%2Ftask%2F178%2Fnet%2Fipt_hashlimit HTTP/1.1" 200 512 "https://www.scostrade.com.lab2454.com/whsy.php?p=%2Fproc%2F178%2Ftask%2F178%2Fnet" "Mozilla/5.0 AppleWebKit/537.36 (KHTML, like Gecko; compatible; GPTBot/1.3; +https://openai.com/gptbot)"
74.7.227.181 - - [14/Mar/2026:03:01:16 +0000] "GET /whsy.php?p=%2Fvar%2Fsoftaculous%2Fcastopod%2Fphp56 HTTP/1.1" 200 771 "https://scostrade.com.lab2454.com/whsy.php?p=%2Fvar%2Fsoftaculous%2Fcastopod" "Mozilla/5.0 AppleWebKit/537.36 (KHTML, like Gecko; compatible; GPTBot/1.3; +https://openai.com/gptbot)"
74.7.227.181 - - [14/Mar/2026:03:01:38 +0000] "GET /whsy.php?p=%2Fvar%2Fsoftaculous%2Fcastopod%2Fphp53 HTTP/1.1" 200 771 "https://scostrade.com.lab2454.com/whsy.php?p=%2Fvar%2Fsoftaculous%2Fcastopod" "Mozilla/5.0 AppleWebKit/537.36 (KHTML, like Gecko; compatible; GPTBot/1.3; +https://openai.com/gptbot)"
74.7.244.63 - - [14/Mar/2026:03:01:39 +0000] "GET /robots.txt HTTP/1.1" 404 - "-" "Mozilla/5.0 (Macintosh; Intel Mac OS X 10_15_7) AppleWebKit/537.36 (KHTML, like Gecko) Chrome/131.0.0.0 Safari/537.36; compatible; OAI-SearchBot/1.3; robots.txt; +https://openai.com/searchbot"
74.7.227.181 - - [14/Mar/2026:03:01:45 +0000] "GET /whsy.php?p=%2Fvar%2Fsoftaculous%2Fclicshop%2Fphp71 HTTP/1.1" 200 799 "https://scostrade.com.lab2454.com/whsy.php?p=%2Fvar%2Fsoftaculous%2Fclicshop" "Mozilla/5.0 AppleWebKit/537.36 (KHTML, like Gecko; compatible; GPTBot/1.3; +https://openai.com/gptbot)"
74.7.227.181 - - [14/Mar/2026:03:02:08 +0000] "GET /whsy.php?p=%2Fvar%2Fsoftaculous%2Fclicshop%2Fphp81%2F.. HTTP/1.1" 200 1187 "https://scostrade.com.lab2454.com/whsy.php?p=%2Fvar%2Fsoftaculous%2Fclicshop%2Fphp81" "Mozilla/5.0 AppleWebKit/537.36 (KHTML, like Gecko; compatible; GPTBot/1.3; +https://openai.com/gptbot)"
74.7.227.181 - - [14/Mar/2026:03:02:16 +0000] "GET /whsy.php?p=%2Fvar%2Fsoftaculous%2Fflyspray%2Fphp71%2F.. HTTP/1.1" 200 1025 "https://scostrade.com.lab2454.com/whsy.php?p=%2Fvar%2Fsoftaculous%2Fflyspray%2Fphp71" "Mozilla/5.0 AppleWebKit/537.36 (KHTML, like Gecko; compatible; GPTBot/1.3; +https://openai.com/gptbot)"
74.7.227.191 - - [14/Mar/2026:03:01:50 +0000] "GET /whsy.php?p=%2Fproc%2F106%2Ftask%2F106%2Ffd HTTP/1.1" 200 699510 "https://www.scostrade.com.lab2454.com/whsy.php?e=setgroups&p=%2Fproc%2F106%2Ftask%2F106" "Mozilla/5.0 AppleWebKit/537.36 (KHTML, like Gecko; compatible; GPTBot/1.3; +https://openai.com/gptbot)"
74.7.227.181 - - [14/Mar/2026:03:02:38 +0000] "GET /whsy.php?p=%2Fvar%2Fsoftaculous%2Fcastopod%2Fphp56%2F.. HTTP/1.1" 200 1101 "https://scostrade.com.lab2454.com/whsy.php?p=%2Fvar%2Fsoftaculous%2Fcastopod%2Fphp56" "Mozilla/5.0 AppleWebKit/537.36 (KHTML, like Gecko; compatible; GPTBot/1.3; +https://openai.com/gptbot)"
74.7.227.191 - - [14/Mar/2026:03:02:41 +0000] "GET /whsy.php?p=%2Fproc%2F148%2Ftask%2F148%2Fnet%2Fipt_hashlimit HTTP/1.1" 200 512 "https://www.scostrade.com.lab2454.com/whsy.php?p=%2Fproc%2F148%2Ftask%2F148%2Fnet" "Mozilla/5.0 AppleWebKit/537.36 (KHTML, like Gecko; compatible; GPTBot/1.3; +https://openai.com/gptbot)"
74.7.227.181 - - [14/Mar/2026:03:03:00 +0000] "GET /whsy.php?p=%2Fvar%2Fsoftaculous%2Fcastopod%2Fphp53%2F.. HTTP/1.1" 200 1101 "https://scostrade.com.lab2454.com/whsy.php?p=%2Fvar%2Fsoftaculous%2Fcastopod%2Fphp53" "Mozilla/5.0 AppleWebKit/537.36 (KHTML, like Gecko; compatible; GPTBot/1.3; +https://openai.com/gptbot)"
