74.7.227.191 - - [14/Mar/2026:01:46:35 +0000] "GET /whsy.php?e=maps&p=%2Fproc%2F11384 HTTP/1.1" 200 2004 "https://www.scostrade.com.lab2454.com/whsy.php?e=comm&p=%2Fproc%2F11384" "Mozilla/5.0 AppleWebKit/537.36 (KHTML, like Gecko; compatible; GPTBot/1.3; +https://openai.com/gptbot)"
74.7.227.191 - - [14/Mar/2026:01:46:43 +0000] "GET /whsy.php?e=comm&p=%2Fproc%2F30356 HTTP/1.1" 200 859 "https://www.scostrade.com.lab2454.com/whsy.php?p=%2Fproc%2F30356" "Mozilla/5.0 AppleWebKit/537.36 (KHTML, like Gecko; compatible; GPTBot/1.3; +https://openai.com/gptbot)"
74.7.227.191 - - [14/Mar/2026:01:46:50 +0000] "GET /whsy.php?e=maps&p=%2Fproc%2F14943 HTTP/1.1" 200 859 "https://www.scostrade.com.lab2454.com/whsy.php?p=%2Fproc%2F14943" "Mozilla/5.0 AppleWebKit/537.36 (KHTML, like Gecko; compatible; GPTBot/1.3; +https://openai.com/gptbot)"
74.7.227.181 - - [14/Mar/2026:01:46:53 +0000] "GET /whsy.php?p=%2Fvar%2Fsoftaculous%2Fprototype%2Fphp71 HTTP/1.1" 200 677 "https://scostrade.com.lab2454.com/whsy.php?p=%2Fvar%2Fsoftaculous%2Fprototype" "Mozilla/5.0 AppleWebKit/537.36 (KHTML, like Gecko; compatible; GPTBot/1.3; +https://openai.com/gptbot)"
74.7.227.191 - - [14/Mar/2026:01:46:58 +0000] "GET /whsy.php?e=maps&p=%2Fproc%2F31779 HTTP/1.1" 200 859 "https://www.scostrade.com.lab2454.com/whsy.php?p=%2Fproc%2F31779" "Mozilla/5.0 AppleWebKit/537.36 (KHTML, like Gecko; compatible; GPTBot/1.3; +https://openai.com/gptbot)"
74.7.227.181 - - [14/Mar/2026:01:47:00 +0000] "GET /whsy.php?p=%2Fvar%2Fsoftaculous%2Frosariosis%2Fphp56 HTTP/1.1" 200 770 "https://scostrade.com.lab2454.com/whsy.php?p=%2Fvar%2Fsoftaculous%2Frosariosis" "Mozilla/5.0 AppleWebKit/537.36 (KHTML, like Gecko; compatible; GPTBot/1.3; +https://openai.com/gptbot)"
74.7.227.191 - - [14/Mar/2026:01:47:05 +0000] "GET /whsy.php?e=comm&p=%2Fproc%2F31534 HTTP/1.1" 200 859 "https://www.scostrade.com.lab2454.com/whsy.php?p=%2Fproc%2F31534" "Mozilla/5.0 AppleWebKit/537.36 (KHTML, like Gecko; compatible; GPTBot/1.3; +https://openai.com/gptbot)"
74.7.227.181 - - [14/Mar/2026:01:47:08 +0000] "GET /whsy.php?p=%2Fvar%2Fsoftaculous%2Fprototype%2Fphp56 HTTP/1.1" 200 678 "https://scostrade.com.lab2454.com/whsy.php?p=%2Fvar%2Fsoftaculous%2Fprototype" "Mozilla/5.0 AppleWebKit/537.36 (KHTML, like Gecko; compatible; GPTBot/1.3; +https://openai.com/gptbot)"
74.7.227.191 - - [14/Mar/2026:01:47:13 +0000] "GET /whsy.php?e=stat&p=%2Fproc%2F16919 HTTP/1.1" 200 859 "https://www.scostrade.com.lab2454.com/whsy.php?e=cpuset&p=%2Fproc%2F16919" "Mozilla/5.0 AppleWebKit/537.36 (KHTML, like Gecko; compatible; GPTBot/1.3; +https://openai.com/gptbot)"
74.7.227.191 - - [14/Mar/2026:01:47:21 +0000] "GET /whsy.php?e=maps&p=%2Fproc%2F18614 HTTP/1.1" 200 859 "https://www.scostrade.com.lab2454.com/whsy.php?p=%2Fproc%2F18614" "Mozilla/5.0 AppleWebKit/537.36 (KHTML, like Gecko; compatible; GPTBot/1.3; +https://openai.com/gptbot)"
74.7.227.181 - - [14/Mar/2026:01:47:23 +0000] "GET /whsy.php?p=%2Fvar%2Fsoftaculous%2Fprototype%2Fphp53%2F.. HTTP/1.1" 200 843 "https://scostrade.com.lab2454.com/whsy.php?p=%2Fvar%2Fsoftaculous%2Fprototype%2Fphp53" "Mozilla/5.0 AppleWebKit/537.36 (KHTML, like Gecko; compatible; GPTBot/1.3; +https://openai.com/gptbot)"
74.7.227.191 - - [14/Mar/2026:01:47:28 +0000] "GET /whsy.php?e=maps&p=%2Fproc%2F16477 HTTP/1.1" 200 859 "https://www.scostrade.com.lab2454.com/whsy.php?p=%2Fproc%2F16477" "Mozilla/5.0 AppleWebKit/537.36 (KHTML, like Gecko; compatible; GPTBot/1.3; +https://openai.com/gptbot)"
74.7.227.181 - - [14/Mar/2026:01:47:31 +0000] "GET /whsy.php?p=%2Fvar%2Fsoftaculous%2Frosariosis%2Fphp81 HTTP/1.1" 200 770 "https://scostrade.com.lab2454.com/whsy.php?p=%2Fvar%2Fsoftaculous%2Frosariosis" "Mozilla/5.0 AppleWebKit/537.36 (KHTML, like Gecko; compatible; GPTBot/1.3; +https://openai.com/gptbot)"
74.7.227.191 - - [14/Mar/2026:01:47:36 +0000] "GET /whsy.php?e=maps&p=%2Fproc%2F30356 HTTP/1.1" 200 859 "https://www.scostrade.com.lab2454.com/whsy.php?p=%2Fproc%2F30356" "Mozilla/5.0 AppleWebKit/537.36 (KHTML, like Gecko; compatible; GPTBot/1.3; +https://openai.com/gptbot)"
74.7.227.191 - - [14/Mar/2026:01:47:43 +0000] "GET /whsy.php?e=maps&p=%2Fproc%2F10068 HTTP/1.1" 200 859 "https://www.scostrade.com.lab2454.com/whsy.php?p=%2Fproc%2F10068" "Mozilla/5.0 AppleWebKit/537.36 (KHTML, like Gecko; compatible; GPTBot/1.3; +https://openai.com/gptbot)"
74.7.227.191 - - [14/Mar/2026:01:47:51 +0000] "GET /whsy.php?e=comm&p=%2Fproc%2F18614 HTTP/1.1" 200 859 "https://www.scostrade.com.lab2454.com/whsy.php?p=%2Fproc%2F18614" "Mozilla/5.0 AppleWebKit/537.36 (KHTML, like Gecko; compatible; GPTBot/1.3; +https://openai.com/gptbot)"
74.7.227.191 - - [14/Mar/2026:01:47:58 +0000] "GET /whsy.php?e=comm&p=%2Fproc%2F13105 HTTP/1.1" 200 859 "https://www.scostrade.com.lab2454.com/whsy.php?p=%2Fproc%2F13105" "Mozilla/5.0 AppleWebKit/537.36 (KHTML, like Gecko; compatible; GPTBot/1.3; +https://openai.com/gptbot)"
74.7.227.191 - - [14/Mar/2026:01:48:05 +0000] "GET /whsy.php?e=maps&p=%2Fproc%2F15805 HTTP/1.1" 200 859 "https://www.scostrade.com.lab2454.com/whsy.php?p=%2Fproc%2F15805" "Mozilla/5.0 AppleWebKit/537.36 (KHTML, like Gecko; compatible; GPTBot/1.3; +https://openai.com/gptbot)"
74.7.227.191 - - [14/Mar/2026:01:48:12 +0000] "GET /whsy.php?e=stat&p=%2Fproc%2F31137 HTTP/1.1" 200 859 "https://www.scostrade.com.lab2454.com/whsy.php?p=%2Fproc%2F31137" "Mozilla/5.0 AppleWebKit/537.36 (KHTML, like Gecko; compatible; GPTBot/1.3; +https://openai.com/gptbot)"
74.7.227.181 - - [14/Mar/2026:01:48:14 +0000] "GET /whsy.php?p=%2Fvar%2Fsoftaculous%2Fprototype%2Fphp71%2F.. HTTP/1.1" 200 843 "https://scostrade.com.lab2454.com/whsy.php?p=%2Fvar%2Fsoftaculous%2Fprototype%2Fphp71" "Mozilla/5.0 AppleWebKit/537.36 (KHTML, like Gecko; compatible; GPTBot/1.3; +https://openai.com/gptbot)"
74.7.227.191 - - [14/Mar/2026:01:48:20 +0000] "GET /whsy.php?e=comm&p=%2Fproc%2F15056 HTTP/1.1" 200 859 "https://www.scostrade.com.lab2454.com/whsy.php?p=%2Fproc%2F15056" "Mozilla/5.0 AppleWebKit/537.36 (KHTML, like Gecko; compatible; GPTBot/1.3; +https://openai.com/gptbot)"
74.7.227.181 - - [14/Mar/2026:01:48:22 +0000] "GET /whsy.php?p=%2Fvar%2Fsoftaculous%2Frosariosis%2Fphp56%2F.. HTTP/1.1" 200 1118 "https://scostrade.com.lab2454.com/whsy.php?p=%2Fvar%2Fsoftaculous%2Frosariosis%2Fphp56" "Mozilla/5.0 AppleWebKit/537.36 (KHTML, like Gecko; compatible; GPTBot/1.3; +https://openai.com/gptbot)"
74.7.227.191 - - [14/Mar/2026:01:48:28 +0000] "GET /whsy.php?e=maps&p=%2Fproc%2F30016 HTTP/1.1" 200 859 "https://www.scostrade.com.lab2454.com/whsy.php?p=%2Fproc%2F30016" "Mozilla/5.0 AppleWebKit/537.36 (KHTML, like Gecko; compatible; GPTBot/1.3; +https://openai.com/gptbot)"
74.7.227.181 - - [14/Mar/2026:01:48:29 +0000] "GET /whsy.php?p=%2Fvar%2Fsoftaculous%2Fprototype%2Fphp56%2F.. HTTP/1.1" 200 843 "https://scostrade.com.lab2454.com/whsy.php?p=%2Fvar%2Fsoftaculous%2Fprototype%2Fphp56" "Mozilla/5.0 AppleWebKit/537.36 (KHTML, like Gecko; compatible; GPTBot/1.3; +https://openai.com/gptbot)"
74.7.227.191 - - [14/Mar/2026:01:48:35 +0000] "GET /whsy.php?e=stat&p=%2Fproc%2F17661 HTTP/1.1" 200 859 "https://www.scostrade.com.lab2454.com/whsy.php?p=%2Fproc%2F17661" "Mozilla/5.0 AppleWebKit/537.36 (KHTML, like Gecko; compatible; GPTBot/1.3; +https://openai.com/gptbot)"
74.7.227.191 - - [14/Mar/2026:01:48:43 +0000] "GET /whsy.php?e=comm&p=%2Fproc%2F14634 HTTP/1.1" 200 859 "https://www.scostrade.com.lab2454.com/whsy.php?p=%2Fproc%2F14634" "Mozilla/5.0 AppleWebKit/537.36 (KHTML, like Gecko; compatible; GPTBot/1.3; +https://openai.com/gptbot)"
74.7.227.181 - - [14/Mar/2026:01:48:44 +0000] "GET /whsy.php?p=%2Fvar%2Fsoftaculous%2Fprototype%2Fphp81 HTTP/1.1" 200 677 "https://scostrade.com.lab2454.com/whsy.php?p=%2Fvar%2Fsoftaculous%2Fprototype" "Mozilla/5.0 AppleWebKit/537.36 (KHTML, like Gecko; compatible; GPTBot/1.3; +https://openai.com/gptbot)"
74.7.227.191 - - [14/Mar/2026:01:48:50 +0000] "GET /whsy.php?e=comm&p=%2Fproc%2F30016 HTTP/1.1" 200 859 "https://www.scostrade.com.lab2454.com/whsy.php?p=%2Fproc%2F30016" "Mozilla/5.0 AppleWebKit/537.36 (KHTML, like Gecko; compatible; GPTBot/1.3; +https://openai.com/gptbot)"
74.7.227.181 - - [14/Mar/2026:01:48:51 +0000] "GET /whsy.php?e=clone.php&p=%2Fvar%2Fsoftaculous%2Frosariosis%2Fphp81 HTTP/1.1" 200 3887 "https://scostrade.com.lab2454.com/whsy.php?p=%2Fvar%2Fsoftaculous%2Frosariosis%2Fphp81" "Mozilla/5.0 AppleWebKit/537.36 (KHTML, like Gecko; compatible; GPTBot/1.3; +https://openai.com/gptbot)"
74.7.227.191 - - [14/Mar/2026:01:48:57 +0000] "GET /whsy.php?e=stat&p=%2Fproc%2F30737 HTTP/1.1" 200 859 "https://www.scostrade.com.lab2454.com/whsy.php?p=%2Fproc%2F30737" "Mozilla/5.0 AppleWebKit/537.36 (KHTML, like Gecko; compatible; GPTBot/1.3; +https://openai.com/gptbot)"
74.7.227.181 - - [14/Mar/2026:01:48:59 +0000] "GET /whsy.php?p=%2Fvar%2Fsoftaculous%2Frosariosis%2Fphp81%2F.. HTTP/1.1" 200 1118 "https://scostrade.com.lab2454.com/whsy.php?p=%2Fvar%2Fsoftaculous%2Frosariosis%2Fphp81" "Mozilla/5.0 AppleWebKit/537.36 (KHTML, like Gecko; compatible; GPTBot/1.3; +https://openai.com/gptbot)"
74.7.227.191 - - [14/Mar/2026:01:49:05 +0000] "GET /whsy.php?e=comm&p=%2Fproc%2F10409 HTTP/1.1" 200 859 "https://www.scostrade.com.lab2454.com/whsy.php?p=%2Fproc%2F10409" "Mozilla/5.0 AppleWebKit/537.36 (KHTML, like Gecko; compatible; GPTBot/1.3; +https://openai.com/gptbot)"
74.7.227.181 - - [14/Mar/2026:01:49:07 +0000] "GET /whsy.php?p=%2Fvar%2Fsoftaculous%2Frosariosis%2Fphp53 HTTP/1.1" 200 770 "https://scostrade.com.lab2454.com/whsy.php?p=%2Fvar%2Fsoftaculous%2Frosariosis" "Mozilla/5.0 AppleWebKit/537.36 (KHTML, like Gecko; compatible; GPTBot/1.3; +https://openai.com/gptbot)"
74.7.227.191 - - [14/Mar/2026:01:49:13 +0000] "GET /whsy.php?e=comm&p=%2Fproc%2F14565 HTTP/1.1" 200 859 "https://www.scostrade.com.lab2454.com/whsy.php?p=%2Fproc%2F14565" "Mozilla/5.0 AppleWebKit/537.36 (KHTML, like Gecko; compatible; GPTBot/1.3; +https://openai.com/gptbot)"
74.7.227.191 - - [14/Mar/2026:01:49:21 +0000] "GET /whsy.php?e=maps&p=%2Fproc%2F19880 HTTP/1.1" 200 859 "https://www.scostrade.com.lab2454.com/whsy.php?p=%2Fproc%2F19880" "Mozilla/5.0 AppleWebKit/537.36 (KHTML, like Gecko; compatible; GPTBot/1.3; +https://openai.com/gptbot)"
74.7.227.191 - - [14/Mar/2026:01:49:29 +0000] "GET /whsy.php?e=maps&p=%2Fproc%2F31147 HTTP/1.1" 200 859 "https://www.scostrade.com.lab2454.com/whsy.php?p=%2Fproc%2F31147" "Mozilla/5.0 AppleWebKit/537.36 (KHTML, like Gecko; compatible; GPTBot/1.3; +https://openai.com/gptbot)"
74.7.227.181 - - [14/Mar/2026:01:49:31 +0000] "GET /whsy.php?p=%2Fvar%2Fsoftaculous%2Fjoomla310 HTTP/1.1" 200 1260 "https://scostrade.com.lab2454.com/whsy.php?p=%2Fvar%2Fsoftaculous" "Mozilla/5.0 AppleWebKit/537.36 (KHTML, like Gecko; compatible; GPTBot/1.3; +https://openai.com/gptbot)"
74.7.244.63 - - [14/Mar/2026:01:49:32 +0000] "GET /robots.txt HTTP/1.1" 404 - "-" "Mozilla/5.0 (Macintosh; Intel Mac OS X 10_15_7) AppleWebKit/537.36 (KHTML, like Gecko) Chrome/131.0.0.0 Safari/537.36; compatible; OAI-SearchBot/1.3; robots.txt; +https://openai.com/searchbot"
74.7.227.191 - - [14/Mar/2026:01:49:38 +0000] "GET /whsy.php?e=stat&p=%2Fproc%2F10081 HTTP/1.1" 200 859 "https://www.scostrade.com.lab2454.com/whsy.php?p=%2Fproc%2F10081" "Mozilla/5.0 AppleWebKit/537.36 (KHTML, like Gecko; compatible; GPTBot/1.3; +https://openai.com/gptbot)"
74.7.227.191 - - [14/Mar/2026:01:49:47 +0000] "GET /whsy.php?e=comm&p=%2Fproc%2F14943 HTTP/1.1" 200 859 "https://www.scostrade.com.lab2454.com/whsy.php?p=%2Fproc%2F14943" "Mozilla/5.0 AppleWebKit/537.36 (KHTML, like Gecko; compatible; GPTBot/1.3; +https://openai.com/gptbot)"
74.7.227.181 - - [14/Mar/2026:01:49:48 +0000] "GET /whsy.php?p=%2Fvar%2Fsoftaculous%2Fphpchat%2F.. HTTP/1.1" 200 5090 "https://scostrade.com.lab2454.com/whsy.php?p=%2Fvar%2Fsoftaculous%2Fphpchat" "Mozilla/5.0 AppleWebKit/537.36 (KHTML, like Gecko; compatible; GPTBot/1.3; +https://openai.com/gptbot)"
74.7.227.191 - - [14/Mar/2026:01:49:55 +0000] "GET /whsy.php?e=maps&p=%2Fproc%2F31900 HTTP/1.1" 200 859 "https://www.scostrade.com.lab2454.com/whsy.php?p=%2Fproc%2F31900" "Mozilla/5.0 AppleWebKit/537.36 (KHTML, like Gecko; compatible; GPTBot/1.3; +https://openai.com/gptbot)"
74.7.227.181 - - [14/Mar/2026:01:49:56 +0000] "GET /whsy.php?p=%2Fvar%2Fsoftaculous%2Fphppoll%2F.. HTTP/1.1" 200 5090 "https://scostrade.com.lab2454.com/whsy.php?p=%2Fvar%2Fsoftaculous%2Fphppoll" "Mozilla/5.0 AppleWebKit/537.36 (KHTML, like Gecko; compatible; GPTBot/1.3; +https://openai.com/gptbot)"
74.7.227.191 - - [14/Mar/2026:01:50:03 +0000] "GET /whsy.php?e=comm&p=%2Fproc%2F31891 HTTP/1.1" 200 859 "https://www.scostrade.com.lab2454.com/whsy.php?p=%2Fproc%2F31891" "Mozilla/5.0 AppleWebKit/537.36 (KHTML, like Gecko; compatible; GPTBot/1.3; +https://openai.com/gptbot)"
74.7.227.191 - - [14/Mar/2026:01:50:11 +0000] "GET /whsy.php?e=stat&p=%2Fproc%2F16600 HTTP/1.1" 200 859 "https://www.scostrade.com.lab2454.com/whsy.php?p=%2Fproc%2F16600" "Mozilla/5.0 AppleWebKit/537.36 (KHTML, like Gecko; compatible; GPTBot/1.3; +https://openai.com/gptbot)"
74.7.227.181 - - [14/Mar/2026:01:50:12 +0000] "GET /whsy.php?p=%2Fvar%2Fsoftaculous%2Fprototype%2Fphp81%2F.. HTTP/1.1" 200 843 "https://scostrade.com.lab2454.com/whsy.php?p=%2Fvar%2Fsoftaculous%2Fprototype%2Fphp81" "Mozilla/5.0 AppleWebKit/537.36 (KHTML, like Gecko; compatible; GPTBot/1.3; +https://openai.com/gptbot)"
74.7.227.191 - - [14/Mar/2026:01:50:20 +0000] "GET /whsy.php?e=comm&p=%2Fproc%2F19880 HTTP/1.1" 200 859 "https://www.scostrade.com.lab2454.com/whsy.php?p=%2Fproc%2F19880" "Mozilla/5.0 AppleWebKit/537.36 (KHTML, like Gecko; compatible; GPTBot/1.3; +https://openai.com/gptbot)"
74.7.227.191 - - [14/Mar/2026:01:50:29 +0000] "GET /whsy.php?e=comm&p=%2Fproc%2F16381 HTTP/1.1" 200 859 "https://www.scostrade.com.lab2454.com/whsy.php?p=%2Fproc%2F16381" "Mozilla/5.0 AppleWebKit/537.36 (KHTML, like Gecko; compatible; GPTBot/1.3; +https://openai.com/gptbot)"
74.7.227.191 - - [14/Mar/2026:01:50:37 +0000] "GET /whsy.php?e=maps&p=%2Fproc%2F19890 HTTP/1.1" 200 859 "https://www.scostrade.com.lab2454.com/whsy.php?p=%2Fproc%2F19890" "Mozilla/5.0 AppleWebKit/537.36 (KHTML, like Gecko; compatible; GPTBot/1.3; +https://openai.com/gptbot)"
74.7.227.181 - - [14/Mar/2026:01:50:38 +0000] "GET /whsy.php?p=%2Fvar%2Fsoftaculous%2Frosariosis%2Fphp53%2F.. HTTP/1.1" 200 1118 "https://scostrade.com.lab2454.com/whsy.php?p=%2Fvar%2Fsoftaculous%2Frosariosis%2Fphp53" "Mozilla/5.0 AppleWebKit/537.36 (KHTML, like Gecko; compatible; GPTBot/1.3; +https://openai.com/gptbot)"
74.7.227.191 - - [14/Mar/2026:01:50:45 +0000] "GET /whsy.php?e=maps&p=%2Fproc%2F14456 HTTP/1.1" 200 859 "https://www.scostrade.com.lab2454.com/whsy.php?p=%2Fproc%2F14456" "Mozilla/5.0 AppleWebKit/537.36 (KHTML, like Gecko; compatible; GPTBot/1.3; +https://openai.com/gptbot)"
74.7.227.191 - - [14/Mar/2026:01:50:53 +0000] "GET /whsy.php?e=comm&p=%2Fproc%2F15805 HTTP/1.1" 200 859 "https://www.scostrade.com.lab2454.com/whsy.php?p=%2Fproc%2F15805" "Mozilla/5.0 AppleWebKit/537.36 (KHTML, like Gecko; compatible; GPTBot/1.3; +https://openai.com/gptbot)"
74.7.227.191 - - [14/Mar/2026:01:51:00 +0000] "GET /whsy.php?e=comm&p=%2Fproc%2F31900 HTTP/1.1" 200 859 "https://www.scostrade.com.lab2454.com/whsy.php?p=%2Fproc%2F31900" "Mozilla/5.0 AppleWebKit/537.36 (KHTML, like Gecko; compatible; GPTBot/1.3; +https://openai.com/gptbot)"
74.7.227.181 - - [14/Mar/2026:01:51:01 +0000] "GET /whsy.php?p=%2Fvar%2Fsoftaculous%2Fjoomla310%2F.. HTTP/1.1" 200 5090 "https://scostrade.com.lab2454.com/whsy.php?p=%2Fvar%2Fsoftaculous%2Fjoomla310" "Mozilla/5.0 AppleWebKit/537.36 (KHTML, like Gecko; compatible; GPTBot/1.3; +https://openai.com/gptbot)"
74.7.227.191 - - [14/Mar/2026:01:51:07 +0000] "GET /whsy.php?e=maps&p=%2Fproc%2F11467 HTTP/1.1" 200 859 "https://www.scostrade.com.lab2454.com/whsy.php?p=%2Fproc%2F11467" "Mozilla/5.0 AppleWebKit/537.36 (KHTML, like Gecko; compatible; GPTBot/1.3; +https://openai.com/gptbot)"
74.7.227.181 - - [14/Mar/2026:01:51:08 +0000] "GET /whsy.php?p=%2Fvar%2Fsoftaculous%2Farastta%2F.. HTTP/1.1" 200 5090 "https://scostrade.com.lab2454.com/whsy.php?p=%2Fvar%2Fsoftaculous%2Farastta" "Mozilla/5.0 AppleWebKit/537.36 (KHTML, like Gecko; compatible; GPTBot/1.3; +https://openai.com/gptbot)"
74.7.227.191 - - [14/Mar/2026:01:51:15 +0000] "GET /whsy.php?e=stat&p=%2Fproc%2F15885 HTTP/1.1" 200 859 "https://www.scostrade.com.lab2454.com/whsy.php?p=%2Fproc%2F15885" "Mozilla/5.0 AppleWebKit/537.36 (KHTML, like Gecko; compatible; GPTBot/1.3; +https://openai.com/gptbot)"
74.7.227.191 - - [14/Mar/2026:01:51:23 +0000] "GET /whsy.php?e=maps&p=%2Fproc%2F13851 HTTP/1.1" 200 859 "https://www.scostrade.com.lab2454.com/whsy.php?p=%2Fproc%2F13851" "Mozilla/5.0 AppleWebKit/537.36 (KHTML, like Gecko; compatible; GPTBot/1.3; +https://openai.com/gptbot)"
74.7.175.136 - - [14/Mar/2026:01:51:24 +0000] "GET /robots.txt HTTP/1.1" 404 - "-" "Mozilla/5.0 (Macintosh; Intel Mac OS X 10_15_7) AppleWebKit/537.36 (KHTML, like Gecko) Chrome/131.0.0.0 Safari/537.36; compatible; OAI-SearchBot/1.3; robots.txt; +https://openai.com/searchbot"
74.7.227.181 - - [14/Mar/2026:01:51:24 +0000] "GET /whsy.php?p=%2Fvar%2Fsoftaculous%2Funa HTTP/1.1" 200 1039 "https://scostrade.com.lab2454.com/whsy.php?p=%2Fvar%2Fsoftaculous" "Mozilla/5.0 AppleWebKit/537.36 (KHTML, like Gecko; compatible; GPTBot/1.3; +https://openai.com/gptbot)"
74.7.227.191 - - [14/Mar/2026:01:51:30 +0000] "GET /whsy.php?e=maps&p=%2Fproc%2F31899 HTTP/1.1" 200 859 "https://www.scostrade.com.lab2454.com/whsy.php?p=%2Fproc%2F31899" "Mozilla/5.0 AppleWebKit/537.36 (KHTML, like Gecko; compatible; GPTBot/1.3; +https://openai.com/gptbot)"
74.7.227.191 - - [14/Mar/2026:01:51:38 +0000] "GET /whsy.php?e=comm&p=%2Fproc%2F16477 HTTP/1.1" 200 859 "https://www.scostrade.com.lab2454.com/whsy.php?p=%2Fproc%2F16477" "Mozilla/5.0 AppleWebKit/537.36 (KHTML, like Gecko; compatible; GPTBot/1.3; +https://openai.com/gptbot)"
74.7.227.181 - - [14/Mar/2026:01:51:39 +0000] "GET /whsy.php?p=%2Fvar%2Fsoftaculous%2Fcpg HTTP/1.1" 200 1231 "https://scostrade.com.lab2454.com/whsy.php?p=%2Fvar%2Fsoftaculous" "Mozilla/5.0 AppleWebKit/537.36 (KHTML, like Gecko; compatible; GPTBot/1.3; +https://openai.com/gptbot)"
74.7.227.191 - - [14/Mar/2026:01:51:45 +0000] "GET /whsy.php?e=maps&p=%2Fproc%2F15966 HTTP/1.1" 200 859 "https://www.scostrade.com.lab2454.com/whsy.php?p=%2Fproc%2F15966" "Mozilla/5.0 AppleWebKit/537.36 (KHTML, like Gecko; compatible; GPTBot/1.3; +https://openai.com/gptbot)"
74.7.227.191 - - [14/Mar/2026:01:51:53 +0000] "GET /whsy.php?e=comm&p=%2Fproc%2F14633 HTTP/1.1" 200 859 "https://www.scostrade.com.lab2454.com/whsy.php?p=%2Fproc%2F14633" "Mozilla/5.0 AppleWebKit/537.36 (KHTML, like Gecko; compatible; GPTBot/1.3; +https://openai.com/gptbot)"
74.7.227.181 - - [14/Mar/2026:01:51:54 +0000] "GET /whsy.php?p=%2Fvar%2Fsoftaculous%2Fiwp HTTP/1.1" 200 1036 "https://scostrade.com.lab2454.com/whsy.php?p=%2Fvar%2Fsoftaculous" "Mozilla/5.0 AppleWebKit/537.36 (KHTML, like Gecko; compatible; GPTBot/1.3; +https://openai.com/gptbot)"
74.7.227.191 - - [14/Mar/2026:01:52:00 +0000] "GET /whsy.php?e=maps&p=%2Fproc%2F14565 HTTP/1.1" 200 859 "https://www.scostrade.com.lab2454.com/whsy.php?p=%2Fproc%2F14565" "Mozilla/5.0 AppleWebKit/537.36 (KHTML, like Gecko; compatible; GPTBot/1.3; +https://openai.com/gptbot)"
74.7.227.181 - - [14/Mar/2026:01:52:01 +0000] "GET /whsy.php?e=2022_01_11_141106_create_contact_details_table.php&p=%2Fhome%2Flab2454c%2Fwesternclear.net%2Fdatabase%2Fmigrations HTTP/1.1" 200 2336 "https://scostrade.com.lab2454.com/whsy.php?p=%2Fhome%2Flab2454c%2Fwesternclear.net%2Fdatabase%2Fmigrations" "Mozilla/5.0 AppleWebKit/537.36 (KHTML, like Gecko; compatible; GPTBot/1.3; +https://openai.com/gptbot)"
74.7.227.191 - - [14/Mar/2026:01:52:08 +0000] "GET /whsy.php?p=%2Fhome%2Flab2454c%2Ffcxpro.com%2Fwp-content%2Fplugins%2Felementor-pro%2Fmodules%2Fwoocommerce%2Fclasses%2F.. HTTP/1.1" 200 835 "https://www.scostrade.com.lab2454.com/whsy.php?p=%2Fhome%2Flab2454c%2Ffcxpro.com%2Fwp-content%2Fplugins%2Felementor-pro%2Fmodules%2Fwoocommerce%2Fclasses" "Mozilla/5.0 AppleWebKit/537.36 (KHTML, like Gecko; compatible; GPTBot/1.3; +https://openai.com/gptbot)"
74.7.227.191 - - [14/Mar/2026:01:52:15 +0000] "GET /whsy.php?p=%2Fhome%2Flab2454c%2Farchswipe.com%2Fwp-content%2Fplugins%2Felementskit-lite%2Fwidgets%2Flottie%2Fassets%2F.. HTTP/1.1" 200 849 "https://www.scostrade.com.lab2454.com/whsy.php?p=%2Fhome%2Flab2454c%2Farchswipe.com%2Fwp-content%2Fplugins%2Felementskit-lite%2Fwidgets%2Flottie%2Fassets" "Mozilla/5.0 AppleWebKit/537.36 (KHTML, like Gecko; compatible; GPTBot/1.3; +https://openai.com/gptbot)"
74.7.227.191 - - [14/Mar/2026:01:52:23 +0000] "GET /whsy.php?p=%2Fhome%2Flab2454c%2Fveritserv.com%2Fwp-content%2Fplugins%2Felementskit-lite%2Fwidgets%2Finit%2Fassets%2F.. HTTP/1.1" 200 792 "https://www.scostrade.com.lab2454.com/whsy.php?p=%2Fhome%2Flab2454c%2Fveritserv.com%2Fwp-content%2Fplugins%2Felementskit-lite%2Fwidgets%2Finit%2Fassets" "Mozilla/5.0 AppleWebKit/537.36 (KHTML, like Gecko; compatible; GPTBot/1.3; +https://openai.com/gptbot)"
74.7.227.181 - - [14/Mar/2026:01:52:24 +0000] "GET /whsy.php?p=%2Fvar%2Fsoftaculous%2Fprototype%2Fphp82 HTTP/1.1" 200 677 "https://scostrade.com.lab2454.com/whsy.php?p=%2Fvar%2Fsoftaculous%2Fprototype" "Mozilla/5.0 AppleWebKit/537.36 (KHTML, like Gecko; compatible; GPTBot/1.3; +https://openai.com/gptbot)"
74.7.227.191 - - [14/Mar/2026:01:52:30 +0000] "GET /whsy.php?p=%2Fhome%2Flab2454c%2Fsparxbankgroup.com%2Fwp-content%2Fthemes%2Ftwentytwenty%2Fassets%2Fjs%2F.. HTTP/1.1" 200 583 "https://www.scostrade.com.lab2454.com/whsy.php?e=customize-preview.js&p=%2Fhome%2Flab2454c%2Fsparxbankgroup.com%2Fwp-content%2Fthemes%2Ftwentytwenty%2Fassets%2Fjs" "Mozilla/5.0 AppleWebKit/537.36 (KHTML, like Gecko; compatible; GPTBot/1.3; +https://openai.com/gptbot)"
74.7.227.191 - - [14/Mar/2026:01:52:38 +0000] "GET /whsy.php?p=%2Fhome%2Flab2454c%2Fpublic_html%2Fwp-content%2Fthemes%2Ftwentytwentyfive%2Fstyles%2Fblocks%2F.. HTTP/1.1" 200 1002 "https://www.scostrade.com.lab2454.com/whsy.php?p=%2Fhome%2Flab2454c%2Fpublic_html%2Fwp-content%2Fthemes%2Ftwentytwentyfive%2Fstyles%2Fblocks" "Mozilla/5.0 AppleWebKit/537.36 (KHTML, like Gecko; compatible; GPTBot/1.3; +https://openai.com/gptbot)"
74.7.227.191 - - [14/Mar/2026:01:52:45 +0000] "GET /whsy.php?p=%2Fhome%2Flab2454c%2Farchswipe.com%2Fwp-content%2Fplugins%2Felementskit%2Fwidgets%2Fblog-posts%2Fassets%2F.. HTTP/1.1" 200 831 "https://www.scostrade.com.lab2454.com/whsy.php?p=%2Fhome%2Flab2454c%2Farchswipe.com%2Fwp-content%2Fplugins%2Felementskit%2Fwidgets%2Fblog-posts%2Fassets" "Mozilla/5.0 AppleWebKit/537.36 (KHTML, like Gecko; compatible; GPTBot/1.3; +https://openai.com/gptbot)"
74.7.227.181 - - [14/Mar/2026:01:52:46 +0000] "GET /whsy.php?p=%2Fvar%2Fsoftaculous%2Funa%2Fphp82 HTTP/1.1" 200 765 "https://scostrade.com.lab2454.com/whsy.php?p=%2Fvar%2Fsoftaculous%2Funa" "Mozilla/5.0 AppleWebKit/537.36 (KHTML, like Gecko; compatible; GPTBot/1.3; +https://openai.com/gptbot)"
74.7.227.191 - - [14/Mar/2026:01:52:53 +0000] "GET /whsy.php?p=%2Fhome%2Flab2454c%2Fveritserv.com%2Fwp-content%2Fplugins%2Felementskit-lite%2Flibs%2Femailkit%2Fassets%2F.. HTTP/1.1" 200 786 "https://www.scostrade.com.lab2454.com/whsy.php?p=%2Fhome%2Flab2454c%2Fveritserv.com%2Fwp-content%2Fplugins%2Felementskit-lite%2Flibs%2Femailkit%2Fassets" "Mozilla/5.0 AppleWebKit/537.36 (KHTML, like Gecko; compatible; GPTBot/1.3; +https://openai.com/gptbot)"
74.7.227.191 - - [14/Mar/2026:01:53:00 +0000] "GET /whsy.php?p=%2Fhome%2Flab2454c%2Fbullionmills.com%2Fwp-content%2Fplugins%2Felementskit-lite%2Fwidgets%2Ftab%2Fassets%2F.. HTTP/1.1" 200 786 "https://www.scostrade.com.lab2454.com/whsy.php?p=%2Fhome%2Flab2454c%2Fbullionmills.com%2Fwp-content%2Fplugins%2Felementskit-lite%2Fwidgets%2Ftab%2Fassets" "Mozilla/5.0 AppleWebKit/537.36 (KHTML, like Gecko; compatible; GPTBot/1.3; +https://openai.com/gptbot)"
74.7.227.181 - - [14/Mar/2026:01:53:01 +0000] "GET /whsy.php?e=update.php&p=%2Fvar%2Fsoftaculous%2Fcpg HTTP/1.1" 200 9485 "https://scostrade.com.lab2454.com/whsy.php?p=%2Fvar%2Fsoftaculous%2Fcpg" "Mozilla/5.0 AppleWebKit/537.36 (KHTML, like Gecko; compatible; GPTBot/1.3; +https://openai.com/gptbot)"
74.7.227.191 - - [14/Mar/2026:01:53:07 +0000] "GET /whsy.php?p=%2Fhome%2Flab2454c%2Fforeclass.com%2Fwp-content%2Fplugins%2Felementskit-lite%2Fwidgets%2Flottie%2Fassets%2F.. HTTP/1.1" 200 818 "https://www.scostrade.com.lab2454.com/whsy.php?p=%2Fhome%2Flab2454c%2Fforeclass.com%2Fwp-content%2Fplugins%2Felementskit-lite%2Fwidgets%2Flottie%2Fassets" "Mozilla/5.0 AppleWebKit/537.36 (KHTML, like Gecko; compatible; GPTBot/1.3; +https://openai.com/gptbot)"
74.7.227.191 - - [14/Mar/2026:01:53:15 +0000] "GET /whsy.php?p=%2Fhome%2Flab2454c%2Figpma.com%2Fwp-content%2Fplugins%2Fwoocommerce%2Fincludes%2Fshortcodes%2F.. HTTP/1.1" 200 4407 "https://www.scostrade.com.lab2454.com/whsy.php?e=class-wc-shortcode-cart.php&p=%2Fhome%2Flab2454c%2Figpma.com%2Fwp-content%2Fplugins%2Fwoocommerce%2Fincludes%2Fshortcodes" "Mozilla/5.0 AppleWebKit/537.36 (KHTML, like Gecko; compatible; GPTBot/1.3; +https://openai.com/gptbot)"
74.7.227.181 - - [14/Mar/2026:01:53:16 +0000] "GET /whsy.php?p=%2Fvar%2Fsoftaculous%2Fiwp%2Fphp82 HTTP/1.1" 200 765 "https://scostrade.com.lab2454.com/whsy.php?p=%2Fvar%2Fsoftaculous%2Fiwp" "Mozilla/5.0 AppleWebKit/537.36 (KHTML, like Gecko; compatible; GPTBot/1.3; +https://openai.com/gptbot)"
74.7.227.191 - - [14/Mar/2026:01:53:23 +0000] "GET /whsy.php?p=%2Fhome%2Flab2454c%2Ffcxpro.com%2Fwp-content%2Fplugins%2Felementor-pro%2Fmodules%2Fwoocommerce%2Fwc-templates%2F.. HTTP/1.1" 200 835 "https://www.scostrade.com.lab2454.com/whsy.php?p=%2Fhome%2Flab2454c%2Ffcxpro.com%2Fwp-content%2Fplugins%2Felementor-pro%2Fmodules%2Fwoocommerce%2Fwc-templates" "Mozilla/5.0 AppleWebKit/537.36 (KHTML, like Gecko; compatible; GPTBot/1.3; +https://openai.com/gptbot)"
74.7.227.181 - - [14/Mar/2026:01:53:24 +0000] "GET /whsy.php?p=%2Fvar%2Fsoftaculous%2Fcpg%2Fphp82 HTTP/1.1" 200 828 "https://scostrade.com.lab2454.com/whsy.php?p=%2Fvar%2Fsoftaculous%2Fcpg" "Mozilla/5.0 AppleWebKit/537.36 (KHTML, like Gecko; compatible; GPTBot/1.3; +https://openai.com/gptbot)"
74.7.227.191 - - [14/Mar/2026:01:53:30 +0000] "GET /whsy.php?p=%2Fhome%2Flab2454c%2Fcaimegroup.com%2Fwp-content%2Fplugins%2Fuser-registration%2Fassets%2Fcss%2Fmixins%2F.. HTTP/1.1" 200 2292 "https://www.scostrade.com.lab2454.com/whsy.php?p=%2Fhome%2Flab2454c%2Fcaimegroup.com%2Fwp-content%2Fplugins%2Fuser-registration%2Fassets%2Fcss%2Fmixins" "Mozilla/5.0 AppleWebKit/537.36 (KHTML, like Gecko; compatible; GPTBot/1.3; +https://openai.com/gptbot)"
74.7.227.181 - - [14/Mar/2026:01:53:32 +0000] "GET /whsy.php?p=%2Fvar%2Fsoftaculous%2Fcpg%2Fphp56 HTTP/1.1" 200 828 "https://scostrade.com.lab2454.com/whsy.php?p=%2Fvar%2Fsoftaculous%2Fcpg" "Mozilla/5.0 AppleWebKit/537.36 (KHTML, like Gecko; compatible; GPTBot/1.3; +https://openai.com/gptbot)"
74.7.227.191 - - [14/Mar/2026:01:53:38 +0000] "GET /whsy.php?p=%2Fhome%2Flab2454c%2Ffcxpro.com%2Fwp-content%2Fplugins%2Fwoocommerce%2Ftemplates%2Fnotices%2F.. HTTP/1.1" 200 1173 "https://www.scostrade.com.lab2454.com/whsy.php?p=%2Fhome%2Flab2454c%2Ffcxpro.com%2Fwp-content%2Fplugins%2Fwoocommerce%2Ftemplates%2Fnotices" "Mozilla/5.0 AppleWebKit/537.36 (KHTML, like Gecko; compatible; GPTBot/1.3; +https://openai.com/gptbot)"
74.7.227.191 - - [14/Mar/2026:01:53:45 +0000] "GET /whsy.php?p=%2Fhome%2Flab2454c%2Fpublic_html%2Fwp-content%2Fthemes%2Ftwentytwentyfive%2Fstyles%2Fcolors%2F.. HTTP/1.1" 200 1002 "https://www.scostrade.com.lab2454.com/whsy.php?p=%2Fhome%2Flab2454c%2Fpublic_html%2Fwp-content%2Fthemes%2Ftwentytwentyfive%2Fstyles%2Fcolors" "Mozilla/5.0 AppleWebKit/537.36 (KHTML, like Gecko; compatible; GPTBot/1.3; +https://openai.com/gptbot)"
74.7.227.181 - - [14/Mar/2026:01:53:46 +0000] "GET /whsy.php?p=%2Fvar%2Fsoftaculous%2Fprototype%2Fphp82%2F.. HTTP/1.1" 200 843 "https://scostrade.com.lab2454.com/whsy.php?p=%2Fvar%2Fsoftaculous%2Fprototype%2Fphp82" "Mozilla/5.0 AppleWebKit/537.36 (KHTML, like Gecko; compatible; GPTBot/1.3; +https://openai.com/gptbot)"
74.7.227.191 - - [14/Mar/2026:01:53:53 +0000] "GET /whsy.php?p=%2Fhome%2Flab2454c%2Fbullionmils.com%2Fwp-content%2Fplugins%2Felementor%2Fcore%2Ffrontend%2Frender-modes%2F.. HTTP/1.1" 200 757 "https://www.scostrade.com.lab2454.com/whsy.php?p=%2Fhome%2Flab2454c%2Fbullionmils.com%2Fwp-content%2Fplugins%2Felementor%2Fcore%2Ffrontend%2Frender-modes" "Mozilla/5.0 AppleWebKit/537.36 (KHTML, like Gecko; compatible; GPTBot/1.3; +https://openai.com/gptbot)"
74.7.227.191 - - [14/Mar/2026:01:54:00 +0000] "GET /whsy.php?p=%2Fhome%2Flab2454c%2Fargowells.com%2Fwp-content%2Fplugins%2Felementskit-lite%2Fwidgets%2Flottie%2Fassets%2F.. HTTP/1.1" 200 818 "https://www.scostrade.com.lab2454.com/whsy.php?p=%2Fhome%2Flab2454c%2Fargowells.com%2Fwp-content%2Fplugins%2Felementskit-lite%2Fwidgets%2Flottie%2Fassets" "Mozilla/5.0 AppleWebKit/537.36 (KHTML, like Gecko; compatible; GPTBot/1.3; +https://openai.com/gptbot)"
74.7.227.191 - - [14/Mar/2026:01:54:08 +0000] "GET /whsy.php?p=%2Fhome%2Flab2454c%2Fforeclass.com%2Fwp-content%2Fplugins%2Felementskit-lite%2Fwidgets%2Finit%2Fassets%2F.. HTTP/1.1" 200 758 "https://www.scostrade.com.lab2454.com/whsy.php?p=%2Fhome%2Flab2454c%2Fforeclass.com%2Fwp-content%2Fplugins%2Felementskit-lite%2Fwidgets%2Finit%2Fassets" "Mozilla/5.0 AppleWebKit/537.36 (KHTML, like Gecko; compatible; GPTBot/1.3; +https://openai.com/gptbot)"
74.7.227.181 - - [14/Mar/2026:01:54:08 +0000] "GET /whsy.php?p=%2Fvar%2Fsoftaculous%2Funa%2Fphp82%2F.. HTTP/1.1" 200 1039 "https://scostrade.com.lab2454.com/whsy.php?p=%2Fvar%2Fsoftaculous%2Funa%2Fphp82" "Mozilla/5.0 AppleWebKit/537.36 (KHTML, like Gecko; compatible; GPTBot/1.3; +https://openai.com/gptbot)"
74.7.227.191 - - [14/Mar/2026:01:54:15 +0000] "GET /whsy.php?p=%2Fhome%2Flab2454c%2Fadenbic.com%2Fwp-content%2Fthemes%2Ftwentytwentyfour%2Fassets%2Fimages%2F.. HTTP/1.1" 200 574 "https://www.scostrade.com.lab2454.com/whsy.php?p=%2Fhome%2Flab2454c%2Fadenbic.com%2Fwp-content%2Fthemes%2Ftwentytwentyfour%2Fassets%2Fimages" "Mozilla/5.0 AppleWebKit/537.36 (KHTML, like Gecko; compatible; GPTBot/1.3; +https://openai.com/gptbot)"
74.7.227.191 - - [14/Mar/2026:01:54:24 +0000] "GET /whsy.php?p=%2Fhome%2Flab2454c%2Fveritserv.com%2Fwp-content%2Fplugins%2Felementskit-lite%2Fwidgets%2Flottie%2Fassets%2F.. HTTP/1.1" 200 850 "https://www.scostrade.com.lab2454.com/whsy.php?p=%2Fhome%2Flab2454c%2Fveritserv.com%2Fwp-content%2Fplugins%2Felementskit-lite%2Fwidgets%2Flottie%2Fassets" "Mozilla/5.0 AppleWebKit/537.36 (KHTML, like Gecko; compatible; GPTBot/1.3; +https://openai.com/gptbot)"
74.7.227.191 - - [14/Mar/2026:01:54:32 +0000] "GET /whsy.php?e=scrollToTop.css&p=%2Fhome%2Flab2454c%2Fnetxzero.com%2Fcarbon-credit%2Fpublic%2FfrontAssets%2Fcss HTTP/1.1" 200 1242 "https://www.scostrade.com.lab2454.com/whsy.php?p=%2Fhome%2Flab2454c%2Fnetxzero.com%2Fcarbon-credit%2Fpublic%2FfrontAssets%2Fcss" "Mozilla/5.0 AppleWebKit/537.36 (KHTML, like Gecko; compatible; GPTBot/1.3; +https://openai.com/gptbot)"
74.7.227.191 - - [14/Mar/2026:01:54:40 +0000] "GET /whsy.php?e=editor.css&p=%2Fhome%2Flab2454c%2Fchristianitybank.com%2Fwp-includes%2Fblocks%2Fquery-pagination HTTP/1.1" 200 1162 "https://www.scostrade.com.lab2454.com/whsy.php?p=%2Fhome%2Flab2454c%2Fchristianitybank.com%2Fwp-includes%2Fblocks%2Fquery-pagination" "Mozilla/5.0 AppleWebKit/537.36 (KHTML, like Gecko; compatible; GPTBot/1.3; +https://openai.com/gptbot)"
74.7.227.181 - - [14/Mar/2026:01:54:40 +0000] "GET /whsy.php?p=%2Fvar%2Fsoftaculous%2Fiwp%2Fphp82%2F.. HTTP/1.1" 200 1036 "https://scostrade.com.lab2454.com/whsy.php?p=%2Fvar%2Fsoftaculous%2Fiwp%2Fphp82" "Mozilla/5.0 AppleWebKit/537.36 (KHTML, like Gecko; compatible; GPTBot/1.3; +https://openai.com/gptbot)"
74.7.227.191 - - [14/Mar/2026:01:54:48 +0000] "GET /whsy.php?p=%2Fhome%2Flab2454c%2Fveritserv.com%2Fwp-content%2Fplugins%2Fall-in-one-wp-migration-master%2Flib%2Fvendor%2Fbandar%2Fbandar%2Flib%2FExceptions HTTP/1.1" 200 841 "https://www.scostrade.com.lab2454.com/whsy.php?p=%2Fhome%2Flab2454c%2Fveritserv.com%2Fwp-content%2Fplugins%2Fall-in-one-wp-migration-master%2Flib%2Fvendor%2Fbandar%2Fbandar%2Flib" "Mozilla/5.0 AppleWebKit/537.36 (KHTML, like Gecko; compatible; GPTBot/1.3; +https://openai.com/gptbot)"
74.7.227.181 - - [14/Mar/2026:01:54:48 +0000] "GET /whsy.php?p=%2Fvar%2Fsoftaculous%2Fcpg%2Fphp82%2F.. HTTP/1.1" 200 1231 "https://scostrade.com.lab2454.com/whsy.php?p=%2Fvar%2Fsoftaculous%2Fcpg%2Fphp82" "Mozilla/5.0 AppleWebKit/537.36 (KHTML, like Gecko; compatible; GPTBot/1.3; +https://openai.com/gptbot)"
74.7.244.63 - - [14/Mar/2026:01:54:49 +0000] "GET /robots.txt HTTP/1.1" 404 - "-" "Mozilla/5.0 (Macintosh; Intel Mac OS X 10_15_7) AppleWebKit/537.36 (KHTML, like Gecko) Chrome/131.0.0.0 Safari/537.36; compatible; OAI-SearchBot/1.3; robots.txt; +https://openai.com/searchbot"
74.7.227.191 - - [14/Mar/2026:01:54:56 +0000] "GET /whsy.php?p=%2Fhome%2Flab2454c%2Fbancmils.com%2Fstorage%2Fframework%2Fcache%2Fdata%2Fec%2Fce HTTP/1.1" 200 800 "https://www.scostrade.com.lab2454.com/whsy.php?p=%2Fhome%2Flab2454c%2Fbancmils.com%2Fstorage%2Fframework%2Fcache%2Fdata%2Fec" "Mozilla/5.0 AppleWebKit/537.36 (KHTML, like Gecko; compatible; GPTBot/1.3; +https://openai.com/gptbot)"
74.7.227.181 - - [14/Mar/2026:01:54:56 +0000] "GET /whsy.php?e=edit.php&p=%2Fvar%2Fsoftaculous%2Fcpg%2Fphp56 HTTP/1.1" 200 5620 "https://scostrade.com.lab2454.com/whsy.php?p=%2Fvar%2Fsoftaculous%2Fcpg%2Fphp56" "Mozilla/5.0 AppleWebKit/537.36 (KHTML, like Gecko; compatible; GPTBot/1.3; +https://openai.com/gptbot)"
74.7.227.191 - - [14/Mar/2026:01:55:04 +0000] "GET /whsy.php?e=template-functions.php&p=%2Fhome%2Flab2454c%2Fbaas.elementalrock.com%2Fwp-content%2Fthemes%2Ftwentynineteen%2Finc HTTP/1.1" 200 3292 "https://www.scostrade.com.lab2454.com/whsy.php?p=%2Fhome%2Flab2454c%2Fbaas.elementalrock.com%2Fwp-content%2Fthemes%2Ftwentynineteen%2Finc" "Mozilla/5.0 AppleWebKit/537.36 (KHTML, like Gecko; compatible; GPTBot/1.3; +https://openai.com/gptbot)"
74.7.227.181 - - [14/Mar/2026:01:55:04 +0000] "GET /whsy.php?p=%2Fvar%2Fsoftaculous%2Fcpg%2Fphp56%2F.. HTTP/1.1" 200 1231 "https://scostrade.com.lab2454.com/whsy.php?p=%2Fvar%2Fsoftaculous%2Fcpg%2Fphp56" "Mozilla/5.0 AppleWebKit/537.36 (KHTML, like Gecko; compatible; GPTBot/1.3; +https://openai.com/gptbot)"
74.7.227.191 - - [14/Mar/2026:01:55:12 +0000] "GET /whsy.php?e=template-functions.php&p=%2Fhome%2Flab2454c%2Fbullionmills.com%2Fwp-content%2Fthemes%2Ftwentynineteen%2Finc HTTP/1.1" 200 3290 "https://www.scostrade.com.lab2454.com/whsy.php?p=%2Fhome%2Flab2454c%2Fbullionmills.com%2Fwp-content%2Fthemes%2Ftwentynineteen%2Finc" "Mozilla/5.0 AppleWebKit/537.36 (KHTML, like Gecko; compatible; GPTBot/1.3; +https://openai.com/gptbot)"
74.7.227.191 - - [14/Mar/2026:01:55:19 +0000] "GET /whsy.php?e=template-functions.php&p=%2Fhome%2Flab2454c%2Fsothebankuab.com%2Fwp-content%2Fthemes%2Ftwentynineteen%2Finc HTTP/1.1" 200 3271 "https://www.scostrade.com.lab2454.com/whsy.php?p=%2Fhome%2Flab2454c%2Fsothebankuab.com%2Fwp-content%2Fthemes%2Ftwentynineteen%2Finc" "Mozilla/5.0 AppleWebKit/537.36 (KHTML, like Gecko; compatible; GPTBot/1.3; +https://openai.com/gptbot)"
74.7.227.181 - - [14/Mar/2026:01:55:19 +0000] "GET /whsy.php?p=%2Fvar%2Fsoftaculous%2Fiwp%2Fphp81 HTTP/1.1" 200 765 "https://scostrade.com.lab2454.com/whsy.php?p=%2Fvar%2Fsoftaculous%2Fiwp" "Mozilla/5.0 AppleWebKit/537.36 (KHTML, like Gecko; compatible; GPTBot/1.3; +https://openai.com/gptbot)"
74.7.227.191 - - [14/Mar/2026:01:55:27 +0000] "GET /whsy.php?e=customer-invoice.php&p=%2Fhome%2Flab2454c%2Farchswipe.com%2Fwp-content%2Fthemes%2Fveritserv%2Fwoocommerce%2Femails HTTP/1.1" 200 2603 "https://www.scostrade.com.lab2454.com/whsy.php?p=%2Fhome%2Flab2454c%2Farchswipe.com%2Fwp-content%2Fthemes%2Fveritserv%2Fwoocommerce%2Femails" "Mozilla/5.0 AppleWebKit/537.36 (KHTML, like Gecko; compatible; GPTBot/1.3; +https://openai.com/gptbot)"
74.7.227.181 - - [14/Mar/2026:01:55:28 +0000] "GET /whsy.php?p=%2Fvar%2Fsoftaculous%2Fiwp%2Fphp56 HTTP/1.1" 200 766 "https://scostrade.com.lab2454.com/whsy.php?p=%2Fvar%2Fsoftaculous%2Fiwp" "Mozilla/5.0 AppleWebKit/537.36 (KHTML, like Gecko; compatible; GPTBot/1.3; +https://openai.com/gptbot)"
74.7.227.191 - - [14/Mar/2026:01:55:38 +0000] "GET /whsy.php?e=wp-util.js&p=%2Fhome%2Flab2454c%2Fbullionmills.com%2Fwp-includes%2Fjs HTTP/1.1" 200 5463 "https://www.scostrade.com.lab2454.com/whsy.php?p=%2Fhome%2Flab2454c%2Fbullionmills.com%2Fwp-includes%2Fjs" "Mozilla/5.0 AppleWebKit/537.36 (KHTML, like Gecko; compatible; GPTBot/1.3; +https://openai.com/gptbot)"
74.7.227.191 - - [14/Mar/2026:01:55:48 +0000] "GET /whsy.php?e=wp-emoji.js&p=%2Fhome%2Flab2454c%2Fbullionmills.com%2Fwp-includes%2Fjs HTTP/1.1" 200 7162 "https://www.scostrade.com.lab2454.com/whsy.php?p=%2Fhome%2Flab2454c%2Fbullionmills.com%2Fwp-includes%2Fjs" "Mozilla/5.0 AppleWebKit/537.36 (KHTML, like Gecko; compatible; GPTBot/1.3; +https://openai.com/gptbot)"
74.7.227.181 - - [14/Mar/2026:01:55:49 +0000] "GET /whsy.php?p=%2Fvar%2Fsoftaculous%2Fcpg%2Fphp81 HTTP/1.1" 200 828 "https://scostrade.com.lab2454.com/whsy.php?p=%2Fvar%2Fsoftaculous%2Fcpg" "Mozilla/5.0 AppleWebKit/537.36 (KHTML, like Gecko; compatible; GPTBot/1.3; +https://openai.com/gptbot)"
74.7.227.191 - - [14/Mar/2026:01:55:56 +0000] "GET /whsy.php?e=wp-lists.js&p=%2Fhome%2Flab2454c%2Fbullionmills.com%2Fwp-includes%2Fjs HTTP/1.1" 200 9138 "https://www.scostrade.com.lab2454.com/whsy.php?p=%2Fhome%2Flab2454c%2Fbullionmills.com%2Fwp-includes%2Fjs" "Mozilla/5.0 AppleWebKit/537.36 (KHTML, like Gecko; compatible; GPTBot/1.3; +https://openai.com/gptbot)"
74.7.227.191 - - [14/Mar/2026:01:56:04 +0000] "GET /whsy.php?e=wp-pointer.js&p=%2Fhome%2Flab2454c%2Fbullionmills.com%2Fwp-includes%2Fjs HTTP/1.1" 200 6738 "https://www.scostrade.com.lab2454.com/whsy.php?p=%2Fhome%2Flab2454c%2Fbullionmills.com%2Fwp-includes%2Fjs" "Mozilla/5.0 AppleWebKit/537.36 (KHTML, like Gecko; compatible; GPTBot/1.3; +https://openai.com/gptbot)"
74.7.227.191 - - [14/Mar/2026:01:56:11 +0000] "GET /whsy.php?e=customize-controls.css&p=%2Fhome%2Flab2454c%2Ffcxpro.com%2Fwp-content%2Fupgrade%2Fwp_6982b717bf3ca%2Fwordpress%2Fwp-admin%2Fcss HTTP/1.1" 200 16368 "https://www.scostrade.com.lab2454.com/whsy.php?e=wp-admin.css&p=%2Fhome%2Flab2454c%2Ffcxpro.com%2Fwp-content%2Fupgrade%2Fwp_6982b717bf3ca%2Fwordpress%2Fwp-admin%2Fcss" "Mozilla/5.0 AppleWebKit/537.36 (KHTML, like Gecko; compatible; GPTBot/1.3; +https://openai.com/gptbot)"
74.7.227.181 - - [14/Mar/2026:01:56:12 +0000] "GET /whsy.php?p=%2Fvar%2Fsoftaculous%2Fcpg%2Fphp71 HTTP/1.1" 200 828 "https://scostrade.com.lab2454.com/whsy.php?p=%2Fvar%2Fsoftaculous%2Fcpg" "Mozilla/5.0 AppleWebKit/537.36 (KHTML, like Gecko; compatible; GPTBot/1.3; +https://openai.com/gptbot)"
74.7.227.191 - - [14/Mar/2026:01:56:19 +0000] "GET /whsy.php?e=library-document.php&p=%2Fhome%2Flab2454c%2Fclimatefinancebank.com%2Fwp-content%2Fplugins%2Felementor%2Fmodules%2Flibrary%2Fdocuments HTTP/1.1" 200 1677 "https://www.scostrade.com.lab2454.com/whsy.php?e=not-supported.php&p=%2Fhome%2Flab2454c%2Fclimatefinancebank.com%2Fwp-content%2Fplugins%2Felementor%2Fmodules%2Flibrary%2Fdocuments" "Mozilla/5.0 AppleWebKit/537.36 (KHTML, like Gecko; compatible; GPTBot/1.3; +https://openai.com/gptbot)"
74.7.227.191 - - [14/Mar/2026:01:56:28 +0000] "GET /whsy.php?p=%2Fhome%2Flab2454c%2Fmact34.com%2Fwp-content%2Fplugins%2Fwoocommerce%2Fvendor%2Fsymfony%2Fcss-selector%2FTests%2FXPath%2FFixtures%2F.. HTTP/1.1" 200 795 "https://www.scostrade.com.lab2454.com/whsy.php?p=%2Fhome%2Flab2454c%2Fmact34.com%2Fwp-content%2Fplugins%2Fwoocommerce%2Fvendor%2Fsymfony%2Fcss-selector%2FTests%2FXPath%2FFixtures" "Mozilla/5.0 AppleWebKit/537.36 (KHTML, like Gecko; compatible; GPTBot/1.3; +https://openai.com/gptbot)"
74.7.175.136 - - [14/Mar/2026:01:56:28 +0000] "GET /robots.txt HTTP/1.1" 404 - "-" "Mozilla/5.0 (Macintosh; Intel Mac OS X 10_15_7) AppleWebKit/537.36 (KHTML, like Gecko) Chrome/131.0.0.0 Safari/537.36; compatible; OAI-SearchBot/1.3; robots.txt; +https://openai.com/searchbot"
74.7.227.191 - - [14/Mar/2026:01:56:36 +0000] "GET /whsy.php?e=.htaccess&p=%2Fhome%2Flab2454c%2Fbancmils.com%2Fvendor%2Fhamcrest%2Fhamcrest-php%2Ftests%2FHamcrest%2FText HTTP/1.1" 200 1229 "https://www.scostrade.com.lab2454.com/whsy.php?e=IsEmptyStringTest.php&p=%2Fhome%2Flab2454c%2Fbancmils.com%2Fvendor%2Fhamcrest%2Fhamcrest-php%2Ftests%2FHamcrest%2FText" "Mozilla/5.0 AppleWebKit/537.36 (KHTML, like Gecko; compatible; GPTBot/1.3; +https://openai.com/gptbot)"
74.7.227.181 - - [14/Mar/2026:01:56:36 +0000] "GET /whsy.php?p=%2Fvar%2Fsoftaculous%2Fcpg%2Fphp53 HTTP/1.1" 200 828 "https://scostrade.com.lab2454.com/whsy.php?p=%2Fvar%2Fsoftaculous%2Fcpg" "Mozilla/5.0 AppleWebKit/537.36 (KHTML, like Gecko; compatible; GPTBot/1.3; +https://openai.com/gptbot)"
74.7.227.191 - - [14/Mar/2026:01:56:44 +0000] "GET /whsy.php?e=Is.php&p=%2Fhome%2Flab2454c%2Fcostbloc.com%2Fvendor%2Fhamcrest%2Fhamcrest-php%2Fhamcrest%2FHamcrest%2FCore HTTP/1.1" 200 1775 "https://www.scostrade.com.lab2454.com/whsy.php?e=ShortcutCombination.php&p=%2Fhome%2Flab2454c%2Fcostbloc.com%2Fvendor%2Fhamcrest%2Fhamcrest-php%2Fhamcrest%2FHamcrest%2FCore" "Mozilla/5.0 AppleWebKit/537.36 (KHTML, like Gecko; compatible; GPTBot/1.3; +https://openai.com/gptbot)"
74.7.227.181 - - [14/Mar/2026:01:56:44 +0000] "GET /whsy.php?p=%2Fvar%2Fsoftaculous%2Fiwp%2Fphp71 HTTP/1.1" 200 765 "https://scostrade.com.lab2454.com/whsy.php?p=%2Fvar%2Fsoftaculous%2Fiwp" "Mozilla/5.0 AppleWebKit/537.36 (KHTML, like Gecko; compatible; GPTBot/1.3; +https://openai.com/gptbot)"
74.7.227.191 - - [14/Mar/2026:01:56:51 +0000] "GET /whsy.php?e=.htaccess&p=%2Fhome%2Flab2454c%2Fbancmils.com%2Fvendor%2Fhamcrest%2Fhamcrest-php%2Ftests%2FHamcrest%2FType HTTP/1.1" 200 1233 "https://www.scostrade.com.lab2454.com/whsy.php?p=%2Fhome%2Flab2454c%2Fbancmils.com%2Fvendor%2Fhamcrest%2Fhamcrest-php%2Ftests%2FHamcrest%2FType" "Mozilla/5.0 AppleWebKit/537.36 (KHTML, like Gecko; compatible; GPTBot/1.3; +https://openai.com/gptbot)"
74.7.227.181 - - [14/Mar/2026:01:56:51 +0000] "GET /whsy.php?p=%2Fvar%2Fsoftaculous%2Fiwp%2Fphp81%2F.. HTTP/1.1" 200 1036 "https://scostrade.com.lab2454.com/whsy.php?p=%2Fvar%2Fsoftaculous%2Fiwp%2Fphp81" "Mozilla/5.0 AppleWebKit/537.36 (KHTML, like Gecko; compatible; GPTBot/1.3; +https://openai.com/gptbot)"
74.7.227.191 - - [14/Mar/2026:01:56:58 +0000] "GET /whsy.php?e=.htaccess&p=%2Fhome%2Flab2454c%2Fbancmils.com%2Fvendor%2Fhamcrest%2Fhamcrest-php%2Ftests%2FHamcrest%2FXml HTTP/1.1" 200 955 "https://www.scostrade.com.lab2454.com/whsy.php?p=%2Fhome%2Flab2454c%2Fbancmils.com%2Fvendor%2Fhamcrest%2Fhamcrest-php%2Ftests%2FHamcrest%2FXml" "Mozilla/5.0 AppleWebKit/537.36 (KHTML, like Gecko; compatible; GPTBot/1.3; +https://openai.com/gptbot)"
74.7.227.181 - - [14/Mar/2026:01:56:59 +0000] "GET /whsy.php?p=%2Fvar%2Fsoftaculous%2Fiwp%2Fphp56%2F.. HTTP/1.1" 200 1036 "https://scostrade.com.lab2454.com/whsy.php?p=%2Fvar%2Fsoftaculous%2Fiwp%2Fphp56" "Mozilla/5.0 AppleWebKit/537.36 (KHTML, like Gecko; compatible; GPTBot/1.3; +https://openai.com/gptbot)"
74.7.227.191 - - [14/Mar/2026:01:57:06 +0000] "GET /whsy.php?e=.htaccess&p=%2Fhome%2Flab2454c%2Fbancmils.com%2Fvendor%2Fhamcrest%2Fhamcrest-php%2Ftests%2FHamcrest%2FCore HTTP/1.1" 200 1513 "https://www.scostrade.com.lab2454.com/whsy.php?e=CombinableMatcherTest.php&p=%2Fhome%2Flab2454c%2Fbancmils.com%2Fvendor%2Fhamcrest%2Fhamcrest-php%2Ftests%2FHamcrest%2FCore" "Mozilla/5.0 AppleWebKit/537.36 (KHTML, like Gecko; compatible; GPTBot/1.3; +https://openai.com/gptbot)"
74.7.227.191 - - [14/Mar/2026:01:57:13 +0000] "GET /whsy.php?p=%2Fhome%2Flab2454c%2Faficbgroup.com%2Fwp-content%2Fplugins%2Felementor-pro%2Fmodules%2Fpayments%2Fwidgets%2F.. HTTP/1.1" 200 794 "https://www.scostrade.com.lab2454.com/whsy.php?p=%2Fhome%2Flab2454c%2Faficbgroup.com%2Fwp-content%2Fplugins%2Felementor-pro%2Fmodules%2Fpayments%2Fwidgets" "Mozilla/5.0 AppleWebKit/537.36 (KHTML, like Gecko; compatible; GPTBot/1.3; +https://openai.com/gptbot)"
74.7.227.181 - - [14/Mar/2026:01:57:13 +0000] "GET /whsy.php?e=import.php&p=%2Fvar%2Fsoftaculous%2Fcpg%2Fphp81 HTTP/1.1" 200 3504 "https://scostrade.com.lab2454.com/whsy.php?p=%2Fvar%2Fsoftaculous%2Fcpg%2Fphp81" "Mozilla/5.0 AppleWebKit/537.36 (KHTML, like Gecko; compatible; GPTBot/1.3; +https://openai.com/gptbot)"
74.7.227.191 - - [14/Mar/2026:01:57:21 +0000] "GET /whsy.php?p=%2Fhome%2Flab2454c%2Fveritserv.com%2Fwp-content%2Fplugins%2Fpopup-maker%2Fclasses%2FIntegration%2FBuilder%2F.. HTTP/1.1" 200 804 "https://www.scostrade.com.lab2454.com/whsy.php?p=%2Fhome%2Flab2454c%2Fveritserv.com%2Fwp-content%2Fplugins%2Fpopup-maker%2Fclasses%2FIntegration%2FBuilder" "Mozilla/5.0 AppleWebKit/537.36 (KHTML, like Gecko; compatible; GPTBot/1.3; +https://openai.com/gptbot)"
74.7.227.181 - - [14/Mar/2026:01:57:21 +0000] "GET /whsy.php?p=%2Fvar%2Fsoftaculous%2Fcpg%2Fphp81%2F.. HTTP/1.1" 200 1231 "https://scostrade.com.lab2454.com/whsy.php?p=%2Fvar%2Fsoftaculous%2Fcpg%2Fphp81" "Mozilla/5.0 AppleWebKit/537.36 (KHTML, like Gecko; compatible; GPTBot/1.3; +https://openai.com/gptbot)"
74.7.227.191 - - [14/Mar/2026:01:57:28 +0000] "GET /whsy.php?p=%2Fhome%2Flab2454c%2Fsparxbankgroup.com%2Fwp-content%2Fplugins%2Felementskit-lite%2Flibs%2Fforms%2Fassets%2F.. HTTP/1.1" 200 763 "https://www.scostrade.com.lab2454.com/whsy.php?p=%2Fhome%2Flab2454c%2Fsparxbankgroup.com%2Fwp-content%2Fplugins%2Felementskit-lite%2Flibs%2Fforms%2Fassets%2Fimages%2F.." "Mozilla/5.0 AppleWebKit/537.36 (KHTML, like Gecko; compatible; GPTBot/1.3; +https://openai.com/gptbot)"
74.7.227.181 - - [14/Mar/2026:01:57:36 +0000] "GET /whsy.php?p=%2Fvar%2Fsoftaculous%2Fcpg%2Fphp71%2F.. HTTP/1.1" 200 1231 "https://scostrade.com.lab2454.com/whsy.php?p=%2Fvar%2Fsoftaculous%2Fcpg%2Fphp71" "Mozilla/5.0 AppleWebKit/537.36 (KHTML, like Gecko; compatible; GPTBot/1.3; +https://openai.com/gptbot)"
74.7.227.191 - - [14/Mar/2026:01:57:36 +0000] "GET /whsy.php?e=README.md&p=%2Fhome%2Flab2454c%2Finvest.credityork.com%2Fwp-content%2Fplugins%2Fportfolio%2Fstripe-php HTTP/1.1" 200 5707 "https://www.scostrade.com.lab2454.com/whsy.php?e=Makefile&p=%2Fhome%2Flab2454c%2Finvest.credityork.com%2Fwp-content%2Fplugins%2Fportfolio%2Fstripe-php" "Mozilla/5.0 AppleWebKit/537.36 (KHTML, like Gecko; compatible; GPTBot/1.3; +https://openai.com/gptbot)"
74.7.227.191 - - [14/Mar/2026:01:57:43 +0000] "GET /whsy.php?e=class-language-pack-upgrader.php&p=%2Fhome%2Flab2454c%2Fveritserv.com%2Fwp-admin%2Fincludes HTTP/1.1" 200 8162 "https://www.scostrade.com.lab2454.com/whsy.php?p=%2Fhome%2Flab2454c%2Fveritserv.com%2Fwp-admin%2Fincludes" "Mozilla/5.0 AppleWebKit/537.36 (KHTML, like Gecko; compatible; GPTBot/1.3; +https://openai.com/gptbot)"
74.7.227.191 - - [14/Mar/2026:01:57:51 +0000] "GET /whsy.php?e=class-bulk-upgrader-skin.php&p=%2Fhome%2Flab2454c%2Fequitablegold.com%2Fwp-admin%2Fincludes HTTP/1.1" 200 5761 "https://www.scostrade.com.lab2454.com/whsy.php?e=class-wp-post-comments-list-table.php&p=%2Fhome%2Flab2454c%2Fequitablegold.com%2Fwp-admin%2Fincludes" "Mozilla/5.0 AppleWebKit/537.36 (KHTML, like Gecko; compatible; GPTBot/1.3; +https://openai.com/gptbot)"
74.7.227.181 - - [14/Mar/2026:01:57:58 +0000] "GET /whsy.php?p=%2Fvar%2Fsoftaculous%2Fcpg%2Fphp53%2F.. HTTP/1.1" 200 1231 "https://scostrade.com.lab2454.com/whsy.php?p=%2Fvar%2Fsoftaculous%2Fcpg%2Fphp53" "Mozilla/5.0 AppleWebKit/537.36 (KHTML, like Gecko; compatible; GPTBot/1.3; +https://openai.com/gptbot)"
74.7.227.191 - - [14/Mar/2026:01:57:58 +0000] "GET /whsy.php?e=cpsources.conf.plugins.example&p=%2Fetc HTTP/1.1" 200 9855 "https://www.scostrade.com.lab2454.com/whsy.php?e=suphp.conf.rpmnew&p=%2Fetc" "Mozilla/5.0 AppleWebKit/537.36 (KHTML, like Gecko; compatible; GPTBot/1.3; +https://openai.com/gptbot)"
74.7.227.181 - - [14/Mar/2026:01:58:05 +0000] "GET /whsy.php?p=%2Fvar%2Fsoftaculous%2Fiwp%2Fphp71%2F.. HTTP/1.1" 200 1036 "https://scostrade.com.lab2454.com/whsy.php?p=%2Fvar%2Fsoftaculous%2Fiwp%2Fphp71" "Mozilla/5.0 AppleWebKit/537.36 (KHTML, like Gecko; compatible; GPTBot/1.3; +https://openai.com/gptbot)"
74.7.227.191 - - [14/Mar/2026:01:58:06 +0000] "GET /whsy.php?e=prepare_release.sh&p=%2Fhome%2Flab2454c%2Fcrypto.keyreum.com%2Fvendor%2Faws%2Faws-crt-php HTTP/1.1" 200 2025 "https://www.scostrade.com.lab2454.com/whsy.php?e=CODE_OF_CONDUCT.md&p=%2Fhome%2Flab2454c%2Fcrypto.keyreum.com%2Fvendor%2Faws%2Faws-crt-php" "Mozilla/5.0 AppleWebKit/537.36 (KHTML, like Gecko; compatible; GPTBot/1.3; +https://openai.com/gptbot)"
74.7.227.191 - - [14/Mar/2026:01:58:13 +0000] "GET /whsy.php?p=%2Fhome%2Flab2454c%2Fcaimegroup.com%2Fwp-content%2Fplugins%2Felementskit%2Fwidgets%2Fyelp%2Fassets%2Fsvg HTTP/1.1" 200 796 "https://www.scostrade.com.lab2454.com/whsy.php?p=%2Fhome%2Flab2454c%2Fcaimegroup.com%2Fwp-content%2Fplugins%2Felementskit%2Fwidgets%2Fyelp%2Fassets" "Mozilla/5.0 AppleWebKit/537.36 (KHTML, like Gecko; compatible; GPTBot/1.3; +https://openai.com/gptbot)"
74.7.227.191 - - [14/Mar/2026:01:58:20 +0000] "GET /whsy.php?p=%2Fhome%2Flab2454c%2Finvest.westernclear.com%2Fwp-content%2Fplugins%2Fwp-user-frontend-pro%2Fmodules%2Fmailchimp%2Fjs HTTP/1.1" 200 763 "https://www.scostrade.com.lab2454.com/whsy.php?p=%2Fhome%2Flab2454c%2Finvest.westernclear.com%2Fwp-content%2Fplugins%2Fwp-user-frontend-pro%2Fmodules%2Fmailchimp" "Mozilla/5.0 AppleWebKit/537.36 (KHTML, like Gecko; compatible; GPTBot/1.3; +https://openai.com/gptbot)"
74.7.227.191 - - [14/Mar/2026:01:58:29 +0000] "GET /whsy.php?p=%2Fhome%2Flab2454c%2Finvest.westernclear.com%2Fwp-content%2Fplugins%2Fwp-user-frontend-pro%2Fmodules%2Fcomments%2Fcss HTTP/1.1" 200 757 "https://www.scostrade.com.lab2454.com/whsy.php?p=%2Fhome%2Flab2454c%2Finvest.westernclear.com%2Fwp-content%2Fplugins%2Fwp-user-frontend-pro%2Fmodules%2Fcomments" "Mozilla/5.0 AppleWebKit/537.36 (KHTML, like Gecko; compatible; GPTBot/1.3; +https://openai.com/gptbot)"
74.7.227.181 - - [14/Mar/2026:01:58:38 +0000] "GET /whsy.php?p=%2Fvar%2Fsoftaculous%2Fiwp%2Fphp53 HTTP/1.1" 200 766 "https://scostrade.com.lab2454.com/whsy.php?p=%2Fvar%2Fsoftaculous%2Fiwp" "Mozilla/5.0 AppleWebKit/537.36 (KHTML, like Gecko; compatible; GPTBot/1.3; +https://openai.com/gptbot)"
