74.7.242.37 - - [13/Mar/2026:21:03:57 +0000] "GET /whsy.php?e=awstats032024.keebchat.com.lab2454.com.txt&p=%2Fhome%2Flab2454c%2Ftmp%2Fawstats HTTP/1.1" 200 135998 "https://www.scostrade.com.lab2454.com/whsy.php?e=awstats092023.equitablegold.com.lab2454.com.txt&p=%2Fhome%2Flab2454c%2Ftmp%2Fawstats" "Mozilla/5.0 AppleWebKit/537.36 (KHTML, like Gecko; compatible; GPTBot/1.3; +https://openai.com/gptbot)"
74.7.227.179 - - [13/Mar/2026:21:04:05 +0000] "GET /whsy.php?e=SettingOptions.php&p=%2Fhome%2Flab2454c%2Fcarbonbullion.net%2Fwp-content%2Fplugins%2Fwoocommerce%2Fsrc%2FAdmin%2FAPI HTTP/1.1" 200 2303 "https://scostrade.com.lab2454.com/whsy.php?p=%2Fhome%2Flab2454c%2Fcarbonbullion.net%2Fwp-content%2Fplugins%2Fwoocommerce%2Fsrc%2FAdmin%2FAPI" "Mozilla/5.0 AppleWebKit/537.36 (KHTML, like Gecko; compatible; GPTBot/1.3; +https://openai.com/gptbot)"
74.7.242.37 - - [13/Mar/2026:21:04:05 +0000] "GET /whsy.php?e=awstats102025.shakalar.com.lab2454.com.txt&p=%2Fhome%2Flab2454c%2Ftmp%2Fawstats HTTP/1.1" 200 143853 "https://www.scostrade.com.lab2454.com/whsy.php?e=awstats092023.equitablegold.com.lab2454.com.txt&p=%2Fhome%2Flab2454c%2Ftmp%2Fawstats" "Mozilla/5.0 AppleWebKit/537.36 (KHTML, like Gecko; compatible; GPTBot/1.3; +https://openai.com/gptbot)"
74.7.242.37 - - [13/Mar/2026:21:04:13 +0000] "GET /whsy.php?e=awstats112025.shakalar.com.lab2454.com.txt&p=%2Fhome%2Flab2454c%2Ftmp%2Fawstats HTTP/1.1" 200 141141 "https://www.scostrade.com.lab2454.com/whsy.php?e=awstats092023.equitablegold.com.lab2454.com.txt&p=%2Fhome%2Flab2454c%2Ftmp%2Fawstats" "Mozilla/5.0 AppleWebKit/537.36 (KHTML, like Gecko; compatible; GPTBot/1.3; +https://openai.com/gptbot)"
74.7.227.179 - - [13/Mar/2026:21:04:20 +0000] "GET /whsy.php?e=DataCountries.php&p=%2Fhome%2Flab2454c%2Fcarbonbullion.net%2Fwp-content%2Fplugins%2Fwoocommerce%2Fsrc%2FAdmin%2FAPI HTTP/1.1" 200 2411 "https://scostrade.com.lab2454.com/whsy.php?p=%2Fhome%2Flab2454c%2Fcarbonbullion.net%2Fwp-content%2Fplugins%2Fwoocommerce%2Fsrc%2FAdmin%2FAPI" "Mozilla/5.0 AppleWebKit/537.36 (KHTML, like Gecko; compatible; GPTBot/1.3; +https://openai.com/gptbot)"
74.7.242.37 - - [13/Mar/2026:21:04:20 +0000] "GET /whsy.php?e=awstats042023.keebchat.com.lab2454.com.txt&p=%2Fhome%2Flab2454c%2Ftmp%2Fawstats HTTP/1.1" 200 136407 "https://www.scostrade.com.lab2454.com/whsy.php?e=awstats092023.equitablegold.com.lab2454.com.txt&p=%2Fhome%2Flab2454c%2Ftmp%2Fawstats" "Mozilla/5.0 AppleWebKit/537.36 (KHTML, like Gecko; compatible; GPTBot/1.3; +https://openai.com/gptbot)"
74.7.242.37 - - [13/Mar/2026:21:04:28 +0000] "GET /whsy.php?e=menu_based_on_lang.png&p=%2Fhome%2Flab2454c%2Farchswipe.com%2Fwp-content%2Fplugins%2Ftranslatepress-multilingual%2Fassets%2Fimages HTTP/1.1" 200 1346 "https://www.scostrade.com.lab2454.com/whsy.php?p=%2Fhome%2Flab2454c%2Farchswipe.com%2Fwp-content%2Fplugins%2Ftranslatepress-multilingual%2Fassets%2Fimages" "Mozilla/5.0 AppleWebKit/537.36 (KHTML, like Gecko; compatible; GPTBot/1.3; +https://openai.com/gptbot)"
74.7.227.179 - - [13/Mar/2026:21:04:34 +0000] "GET /whsy.php?e=DataDownloadIPs.php&p=%2Fhome%2Flab2454c%2Fcarbonbullion.net%2Fwp-content%2Fplugins%2Fwoocommerce%2Fsrc%2FAdmin%2FAPI HTTP/1.1" 200 3402 "https://scostrade.com.lab2454.com/whsy.php?p=%2Fhome%2Flab2454c%2Fcarbonbullion.net%2Fwp-content%2Fplugins%2Fwoocommerce%2Fsrc%2FAdmin%2FAPI" "Mozilla/5.0 AppleWebKit/537.36 (KHTML, like Gecko; compatible; GPTBot/1.3; +https://openai.com/gptbot)"
74.7.242.37 - - [13/Mar/2026:21:04:35 +0000] "GET /whsy.php?e=menu_based_on_lang.png&p=%2Fhome%2Flab2454c%2Fveritserv.com%2Fwp-content%2Fplugins%2Ftranslatepress-multilingual%2Fassets%2Fimages HTTP/1.1" 200 1498 "https://www.scostrade.com.lab2454.com/whsy.php?p=%2Fhome%2Flab2454c%2Fveritserv.com%2Fwp-content%2Fplugins%2Ftranslatepress-multilingual%2Fassets%2Fimages" "Mozilla/5.0 AppleWebKit/537.36 (KHTML, like Gecko; compatible; GPTBot/1.3; +https://openai.com/gptbot)"
74.7.242.37 - - [13/Mar/2026:21:04:42 +0000] "GET /whsy.php?e=archive_sync_zones&p=%2Fusr%2Flocal%2Fcpanel%2Fscripts HTTP/1.1" 200 17641 "https://www.scostrade.com.lab2454.com/whsy.php?e=restartsrv_cpipv6&p=%2Fusr%2Flocal%2Fcpanel%2Fscripts" "Mozilla/5.0 AppleWebKit/537.36 (KHTML, like Gecko; compatible; GPTBot/1.3; +https://openai.com/gptbot)"
74.7.227.179 - - [13/Mar/2026:21:04:49 +0000] "GET /whsy.php?e=OnboardingTasks.php&p=%2Fhome%2Flab2454c%2Fcarbonbullion.net%2Fwp-content%2Fplugins%2Fwoocommerce%2Fsrc%2FAdmin%2FAPI HTTP/1.1" 200 8504 "https://scostrade.com.lab2454.com/whsy.php?p=%2Fhome%2Flab2454c%2Fcarbonbullion.net%2Fwp-content%2Fplugins%2Fwoocommerce%2Fsrc%2FAdmin%2FAPI" "Mozilla/5.0 AppleWebKit/537.36 (KHTML, like Gecko; compatible; GPTBot/1.3; +https://openai.com/gptbot)"
74.7.242.37 - - [13/Mar/2026:21:04:50 +0000] "GET /whsy.php?e=update_users_jail&p=%2Fusr%2Flocal%2Fcpanel%2Fscripts HTTP/1.1" 200 16848 "https://www.scostrade.com.lab2454.com/whsy.php?e=restartsrv_cpipv6&p=%2Fusr%2Flocal%2Fcpanel%2Fscripts" "Mozilla/5.0 AppleWebKit/537.36 (KHTML, like Gecko; compatible; GPTBot/1.3; +https://openai.com/gptbot)"
74.7.227.179 - - [13/Mar/2026:21:04:56 +0000] "GET /whsy.php?e=Experiments.php&p=%2Fhome%2Flab2454c%2Fcarbonbullion.net%2Fwp-content%2Fplugins%2Fwoocommerce%2Fsrc%2FAdmin%2FAPI HTTP/1.1" 200 2687 "https://scostrade.com.lab2454.com/whsy.php?p=%2Fhome%2Flab2454c%2Fcarbonbullion.net%2Fwp-content%2Fplugins%2Fwoocommerce%2Fsrc%2FAdmin%2FAPI" "Mozilla/5.0 AppleWebKit/537.36 (KHTML, like Gecko; compatible; GPTBot/1.3; +https://openai.com/gptbot)"
74.7.242.37 - - [13/Mar/2026:21:04:57 +0000] "GET /whsy.php?e=update_users_vhosts&p=%2Fusr%2Flocal%2Fcpanel%2Fscripts HTTP/1.1" 200 16913 "https://www.scostrade.com.lab2454.com/whsy.php?e=restartsrv_cpipv6&p=%2Fusr%2Flocal%2Fcpanel%2Fscripts" "Mozilla/5.0 AppleWebKit/537.36 (KHTML, like Gecko; compatible; GPTBot/1.3; +https://openai.com/gptbot)"
74.7.242.37 - - [13/Mar/2026:21:05:05 +0000] "GET /whsy.php?e=sync_child_accounts&p=%2Fusr%2Flocal%2Fcpanel%2Fscripts HTTP/1.1" 200 17307 "https://www.scostrade.com.lab2454.com/whsy.php?e=restartsrv_cpipv6&p=%2Fusr%2Flocal%2Fcpanel%2Fscripts" "Mozilla/5.0 AppleWebKit/537.36 (KHTML, like Gecko; compatible; GPTBot/1.3; +https://openai.com/gptbot)"
74.7.227.179 - - [13/Mar/2026:21:05:12 +0000] "GET /whsy.php?e=NoteActions.php&p=%2Fhome%2Flab2454c%2Fcarbonbullion.net%2Fwp-content%2Fplugins%2Fwoocommerce%2Fsrc%2FAdmin%2FAPI HTTP/1.1" 200 2769 "https://scostrade.com.lab2454.com/whsy.php?p=%2Fhome%2Flab2454c%2Fcarbonbullion.net%2Fwp-content%2Fplugins%2Fwoocommerce%2Fsrc%2FAdmin%2FAPI" "Mozilla/5.0 AppleWebKit/537.36 (KHTML, like Gecko; compatible; GPTBot/1.3; +https://openai.com/gptbot)"
74.7.242.37 - - [13/Mar/2026:21:05:13 +0000] "GET /whsy.php?e=post-formats.png&p=%2Fhome%2Flab2454c%2Fam.elementalrock.com%2Fwp-content%2Fupgrade%2Fwp_66763e8febeb6%2Fwordpress%2Fwp-admin%2Fimages HTTP/1.1" 200 2984 "https://www.scostrade.com.lab2454.com/whsy.php?e=loading.gif&p=%2Fhome%2Flab2454c%2Fam.elementalrock.com%2Fwp-content%2Fupgrade%2Fwp_66763e8febeb6%2Fwordpress%2Fwp-admin%2Fimages" "Mozilla/5.0 AppleWebKit/537.36 (KHTML, like Gecko; compatible; GPTBot/1.3; +https://openai.com/gptbot)"
74.7.242.37 - - [13/Mar/2026:21:05:20 +0000] "GET /whsy.php?e=nav-menu.js&p=%2Fhome%2Flab2454c%2Fcrypthorize.net%2Fwp-admin%2Fjs HTTP/1.1" 200 16420 "https://www.scostrade.com.lab2454.com/whsy.php?e=editor-expand.js&p=%2Fhome%2Flab2454c%2Fcrypthorize.net%2Fwp-admin%2Fjs" "Mozilla/5.0 AppleWebKit/537.36 (KHTML, like Gecko; compatible; GPTBot/1.3; +https://openai.com/gptbot)"
74.7.242.37 - - [13/Mar/2026:21:05:27 +0000] "GET /whsy.php?e=word-count.js&p=%2Fhome%2Flab2454c%2Fcrypthorize.net%2Fwp-admin%2Fjs HTTP/1.1" 200 5733 "https://www.scostrade.com.lab2454.com/whsy.php?e=editor-expand.js&p=%2Fhome%2Flab2454c%2Fcrypthorize.net%2Fwp-admin%2Fjs" "Mozilla/5.0 AppleWebKit/537.36 (KHTML, like Gecko; compatible; GPTBot/1.3; +https://openai.com/gptbot)"
74.7.244.60 - - [13/Mar/2026:21:05:28 +0000] "GET /robots.txt HTTP/1.1" 404 - "-" "Mozilla/5.0 (Macintosh; Intel Mac OS X 10_15_7) AppleWebKit/537.36 (KHTML, like Gecko) Chrome/131.0.0.0 Safari/537.36; compatible; OAI-SearchBot/1.3; robots.txt; +https://openai.com/searchbot"
74.7.227.179 - - [13/Mar/2026:21:05:33 +0000] "GET /whsy.php?p=%2Fhome%2Flab2454c%2Faficb.com%2Fvendor%2Fbrick%2F.. HTTP/1.1" 200 1294 "https://scostrade.com.lab2454.com/whsy.php?p=%2Fhome%2Flab2454c%2Faficb.com%2Fvendor%2Fbrick" "Mozilla/5.0 AppleWebKit/537.36 (KHTML, like Gecko; compatible; GPTBot/1.3; +https://openai.com/gptbot)"
74.7.242.37 - - [13/Mar/2026:21:05:35 +0000] "GET /whsy.php?e=xfn.min.js&p=%2Fhome%2Flab2454c%2Fcrypthorize.net%2Fwp-admin%2Fjs HTTP/1.1" 200 3672 "https://www.scostrade.com.lab2454.com/whsy.php?e=editor-expand.js&p=%2Fhome%2Flab2454c%2Fcrypthorize.net%2Fwp-admin%2Fjs" "Mozilla/5.0 AppleWebKit/537.36 (KHTML, like Gecko; compatible; GPTBot/1.3; +https://openai.com/gptbot)"
74.7.242.37 - - [13/Mar/2026:21:05:42 +0000] "GET /whsy.php?e=P1p1.php&p=%2Fhome%2Flab2454c%2Ffcxpro.com%2Fwp-includes%2Fsodium_compat%2Fsrc%2FCore%2FCurve25519%2FGe HTTP/1.1" 200 1271 "https://www.scostrade.com.lab2454.com/whsy.php?e=Precomp.php&p=%2Fhome%2Flab2454c%2Ffcxpro.com%2Fwp-includes%2Fsodium_compat%2Fsrc%2FCore%2FCurve25519%2FGe" "Mozilla/5.0 AppleWebKit/537.36 (KHTML, like Gecko; compatible; GPTBot/1.3; +https://openai.com/gptbot)"
74.7.227.179 - - [13/Mar/2026:21:05:48 +0000] "GET /whsy.php?p=%2Fhome%2Flab2454c%2Fmail%2Fnetxzero.com%2Finfo%2F.. HTTP/1.1" 200 794 "https://scostrade.com.lab2454.com/whsy.php?p=%2Fhome%2Flab2454c%2Fmail%2Fnetxzero.com%2Finfo" "Mozilla/5.0 AppleWebKit/537.36 (KHTML, like Gecko; compatible; GPTBot/1.3; +https://openai.com/gptbot)"
74.7.242.37 - - [13/Mar/2026:21:05:49 +0000] "GET /whsy.php?e=P3.php&p=%2Fhome%2Flab2454c%2Fincforce.com%2Fwp-includes%2Fsodium_compat%2Fsrc%2FCore%2FCurve25519%2FGe HTTP/1.1" 200 1272 "https://www.scostrade.com.lab2454.com/whsy.php?e=Cached.php&p=%2Fhome%2Flab2454c%2Fincforce.com%2Fwp-includes%2Fsodium_compat%2Fsrc%2FCore%2FCurve25519%2FGe" "Mozilla/5.0 AppleWebKit/537.36 (KHTML, like Gecko; compatible; GPTBot/1.3; +https://openai.com/gptbot)"
74.7.227.179 - - [13/Mar/2026:21:05:55 +0000] "GET /whsy.php?e=OnboardingThemes.php&p=%2Fhome%2Flab2454c%2Fcarbonbullion.net%2Fwp-content%2Fplugins%2Fwoocommerce%2Fsrc%2FAdmin%2FAPI HTTP/1.1" 200 3428 "https://scostrade.com.lab2454.com/whsy.php?p=%2Fhome%2Flab2454c%2Fcarbonbullion.net%2Fwp-content%2Fplugins%2Fwoocommerce%2Fsrc%2FAdmin%2FAPI" "Mozilla/5.0 AppleWebKit/537.36 (KHTML, like Gecko; compatible; GPTBot/1.3; +https://openai.com/gptbot)"
74.7.242.37 - - [13/Mar/2026:21:05:56 +0000] "GET /whsy.php?e=P1p1.php&p=%2Fhome%2Flab2454c%2Fbiocei.com%2Fwp-includes%2Fsodium_compat%2Fsrc%2FCore%2FCurve25519%2FGe HTTP/1.1" 200 1345 "https://www.scostrade.com.lab2454.com/whsy.php?e=Precomp.php&p=%2Fhome%2Flab2454c%2Fbiocei.com%2Fwp-includes%2Fsodium_compat%2Fsrc%2FCore%2FCurve25519%2FGe" "Mozilla/5.0 AppleWebKit/537.36 (KHTML, like Gecko; compatible; GPTBot/1.3; +https://openai.com/gptbot)"
74.7.242.37 - - [13/Mar/2026:21:06:03 +0000] "GET /whsy.php?e=P2.php&p=%2Fhome%2Flab2454c%2Fgemition.com%2Fwp-includes%2Fsodium_compat%2Fsrc%2FCore%2FCurve25519%2FGe HTTP/1.1" 200 1249 "https://www.scostrade.com.lab2454.com/whsy.php?p=%2Fhome%2Flab2454c%2Fgemition.com%2Fwp-includes%2Fsodium_compat%2Fsrc%2FCore%2FCurve25519%2FGe" "Mozilla/5.0 AppleWebKit/537.36 (KHTML, like Gecko; compatible; GPTBot/1.3; +https://openai.com/gptbot)"
74.7.242.37 - - [13/Mar/2026:21:06:11 +0000] "GET /whsy.php?e=P2.php&p=%2Fhome%2Flab2454c%2Fincforce.com%2Fwp-includes%2Fsodium_compat%2Fsrc%2FCore%2FCurve25519%2FGe HTTP/1.1" 200 1250 "https://www.scostrade.com.lab2454.com/whsy.php?e=Cached.php&p=%2Fhome%2Flab2454c%2Fincforce.com%2Fwp-includes%2Fsodium_compat%2Fsrc%2FCore%2FCurve25519%2FGe" "Mozilla/5.0 AppleWebKit/537.36 (KHTML, like Gecko; compatible; GPTBot/1.3; +https://openai.com/gptbot)"
74.7.227.179 - - [13/Mar/2026:21:06:16 +0000] "GET /whsy.php?e=ProductVariations.php&p=%2Fhome%2Flab2454c%2Fcarbonbullion.net%2Fwp-content%2Fplugins%2Fwoocommerce%2Fsrc%2FAdmin%2FAPI HTTP/1.1" 200 3711 "https://scostrade.com.lab2454.com/whsy.php?p=%2Fhome%2Flab2454c%2Fcarbonbullion.net%2Fwp-content%2Fplugins%2Fwoocommerce%2Fsrc%2FAdmin%2FAPI" "Mozilla/5.0 AppleWebKit/537.36 (KHTML, like Gecko; compatible; GPTBot/1.3; +https://openai.com/gptbot)"
74.7.242.37 - - [13/Mar/2026:21:06:18 +0000] "GET /whsy.php?e=P3.php&p=%2Fhome%2Flab2454c%2Fgemition.com%2Fwp-includes%2Fsodium_compat%2Fsrc%2FCore%2FCurve25519%2FGe HTTP/1.1" 200 1273 "https://www.scostrade.com.lab2454.com/whsy.php?p=%2Fhome%2Flab2454c%2Fgemition.com%2Fwp-includes%2Fsodium_compat%2Fsrc%2FCore%2FCurve25519%2FGe" "Mozilla/5.0 AppleWebKit/537.36 (KHTML, like Gecko; compatible; GPTBot/1.3; +https://openai.com/gptbot)"
74.7.242.37 - - [13/Mar/2026:21:06:25 +0000] "GET /whsy.php?e=index.php&p=%2Fhome%2Flab2454c%2Fspaxtac.com%2Fwp-content%2Fplugins%2Frevslider%2Fpublic%2Fassets%2Fcss HTTP/1.1" 200 955 "https://www.scostrade.com.lab2454.com/whsy.php?p=%2Fhome%2Flab2454c%2Fspaxtac.com%2Fwp-content%2Fplugins%2Frevslider%2Fpublic%2Fassets%2Fcss" "Mozilla/5.0 AppleWebKit/537.36 (KHTML, like Gecko; compatible; GPTBot/1.3; +https://openai.com/gptbot)"
74.7.227.179 - - [13/Mar/2026:21:06:31 +0000] "GET /whsy.php?e=ProductAttributes.php&p=%2Fhome%2Flab2454c%2Fcarbonbullion.net%2Fwp-content%2Fplugins%2Fwoocommerce%2Fsrc%2FAdmin%2FAPI HTTP/1.1" 200 3359 "https://scostrade.com.lab2454.com/whsy.php?p=%2Fhome%2Flab2454c%2Fcarbonbullion.net%2Fwp-content%2Fplugins%2Fwoocommerce%2Fsrc%2FAdmin%2FAPI" "Mozilla/5.0 AppleWebKit/537.36 (KHTML, like Gecko; compatible; GPTBot/1.3; +https://openai.com/gptbot)"
74.7.242.37 - - [13/Mar/2026:21:06:32 +0000] "GET /whsy.php?e=index.php&p=%2Fhome%2Flab2454c%2Fmact34.com%2Fwp-content%2Fplugins%2Fnewsletter%2Femails%2Ftnp-composer HTTP/1.1" 200 2662 "https://www.scostrade.com.lab2454.com/whsy.php?e=edit.php&p=%2Fhome%2Flab2454c%2Fmact34.com%2Fwp-content%2Fplugins%2Fnewsletter%2Femails%2Ftnp-composer" "Mozilla/5.0 AppleWebKit/537.36 (KHTML, like Gecko; compatible; GPTBot/1.3; +https://openai.com/gptbot)"
74.7.242.37 - - [13/Mar/2026:21:06:40 +0000] "GET /whsy.php?p=%2Fhome%2Flab2454c%2Felementalrock.com%2Fwp-content%2Fplugins%2Felementor%2Fassets%2Fimages%2Fapp HTTP/1.1" 200 760 "https://www.scostrade.com.lab2454.com/whsy.php?e=placeholder.png&p=%2Fhome%2Flab2454c%2Felementalrock.com%2Fwp-content%2Fplugins%2Felementor%2Fassets%2Fimages" "Mozilla/5.0 AppleWebKit/537.36 (KHTML, like Gecko; compatible; GPTBot/1.3; +https://openai.com/gptbot)"
74.7.227.179 - - [13/Mar/2026:21:06:45 +0000] "GET /whsy.php?e=MarketingOverview.php&p=%2Fhome%2Flab2454c%2Fcarbonbullion.net%2Fwp-content%2Fplugins%2Fwoocommerce%2Fsrc%2FAdmin%2FAPI HTTP/1.1" 200 2978 "https://scostrade.com.lab2454.com/whsy.php?p=%2Fhome%2Flab2454c%2Fcarbonbullion.net%2Fwp-content%2Fplugins%2Fwoocommerce%2Fsrc%2FAdmin%2FAPI" "Mozilla/5.0 AppleWebKit/537.36 (KHTML, like Gecko; compatible; GPTBot/1.3; +https://openai.com/gptbot)"
74.7.242.37 - - [13/Mar/2026:21:06:47 +0000] "GET /whsy.php?p=%2Fhome%2Flab2454c%2Faficb.com%2Fvendor%2Fnesbot%2Fcarbon%2Fsrc%2FCarbon%2FList HTTP/1.1" 200 772 "https://www.scostrade.com.lab2454.com/whsy.php?e=Translator.php&p=%2Fhome%2Flab2454c%2Faficb.com%2Fvendor%2Fnesbot%2Fcarbon%2Fsrc%2FCarbon" "Mozilla/5.0 AppleWebKit/537.36 (KHTML, like Gecko; compatible; GPTBot/1.3; +https://openai.com/gptbot)"
74.7.242.37 - - [13/Mar/2026:21:06:54 +0000] "GET /whsy.php?p=%2Fhome%2Flab2454c%2Faficb.com%2Fvendor%2Fnesbot%2Fcarbon%2Fsrc%2FCarbon%2FLang HTTP/1.1" 200 21419 "https://www.scostrade.com.lab2454.com/whsy.php?e=Translator.php&p=%2Fhome%2Flab2454c%2Faficb.com%2Fvendor%2Fnesbot%2Fcarbon%2Fsrc%2FCarbon" "Mozilla/5.0 AppleWebKit/537.36 (KHTML, like Gecko; compatible; GPTBot/1.3; +https://openai.com/gptbot)"
74.7.227.179 - - [13/Mar/2026:21:07:00 +0000] "GET /whsy.php?e=ProductsLowInStock.php&p=%2Fhome%2Flab2454c%2Fcarbonbullion.net%2Fwp-content%2Fplugins%2Fwoocommerce%2Fsrc%2FAdmin%2FAPI HTTP/1.1" 200 4819 "https://scostrade.com.lab2454.com/whsy.php?p=%2Fhome%2Flab2454c%2Fcarbonbullion.net%2Fwp-content%2Fplugins%2Fwoocommerce%2Fsrc%2FAdmin%2FAPI" "Mozilla/5.0 AppleWebKit/537.36 (KHTML, like Gecko; compatible; GPTBot/1.3; +https://openai.com/gptbot)"
74.7.242.37 - - [13/Mar/2026:21:07:02 +0000] "GET /whsy.php?p=%2Fhome%2Flab2454c%2Faficb.com%2Fvendor%2Ffakerphp%2Ffaker%2Fsrc%2FFaker%2FORM HTTP/1.1" 200 618 "https://www.scostrade.com.lab2454.com/whsy.php?p=%2Fhome%2Flab2454c%2Faficb.com%2Fvendor%2Ffakerphp%2Ffaker%2Fsrc%2FFaker" "Mozilla/5.0 AppleWebKit/537.36 (KHTML, like Gecko; compatible; GPTBot/1.3; +https://openai.com/gptbot)"
74.7.227.179 - - [13/Mar/2026:21:07:07 +0000] "GET /whsy.php?e=OnboardingProfile.php&p=%2Fhome%2Flab2454c%2Fcarbonbullion.net%2Fwp-content%2Fplugins%2Fwoocommerce%2Fsrc%2FAdmin%2FAPI HTTP/1.1" 200 5362 "https://scostrade.com.lab2454.com/whsy.php?p=%2Fhome%2Flab2454c%2Fcarbonbullion.net%2Fwp-content%2Fplugins%2Fwoocommerce%2Fsrc%2FAdmin%2FAPI" "Mozilla/5.0 AppleWebKit/537.36 (KHTML, like Gecko; compatible; GPTBot/1.3; +https://openai.com/gptbot)"
74.7.242.37 - - [13/Mar/2026:21:07:09 +0000] "GET /whsy.php?e=reason&p=%2Fvar%2Flib%2Fyum%2Fyumdb%2Fj%2F4918c60cc844e35a0cce6357c32a415bfe48d7d5-jetapi-1.0.1-1-noarch HTTP/1.1" 200 1252 "https://www.scostrade.com.lab2454.com/whsy.php?e=releasever&p=%2Fvar%2Flib%2Fyum%2Fyumdb%2Fj%2F4918c60cc844e35a0cce6357c32a415bfe48d7d5-jetapi-1.0.1-1-noarch" "Mozilla/5.0 AppleWebKit/537.36 (KHTML, like Gecko; compatible; GPTBot/1.3; +https://openai.com/gptbot)"
74.7.242.37 - - [13/Mar/2026:21:07:17 +0000] "GET /whsy.php?e=origin_url&p=%2Fvar%2Flib%2Fyum%2Fyumdb%2Fp%2F0fb8c44c6ce2ca8b8823f600e29cd58c89775891-perl-Digest-1.17-245.el7-noarch HTTP/1.1" 200 1307 "https://www.scostrade.com.lab2454.com/whsy.php?p=%2Fvar%2Flib%2Fyum%2Fyumdb%2Fp%2F0fb8c44c6ce2ca8b8823f600e29cd58c89775891-perl-Digest-1.17-245.el7-noarch" "Mozilla/5.0 AppleWebKit/537.36 (KHTML, like Gecko; compatible; GPTBot/1.3; +https://openai.com/gptbot)"
74.7.242.37 - - [13/Mar/2026:21:07:24 +0000] "GET /whsy.php?e=releasever&p=%2Fvar%2Flib%2Fyum%2Fyumdb%2Fp%2Fda2fa0265ff301afa8591f7a7269ea95dd5d70e3-pygpgme-0.3-9.el7-x86_64 HTTP/1.1" 200 995 "https://www.scostrade.com.lab2454.com/whsy.php?e=reason&p=%2Fvar%2Flib%2Fyum%2Fyumdb%2Fp%2Fda2fa0265ff301afa8591f7a7269ea95dd5d70e3-pygpgme-0.3-9.el7-x86_64" "Mozilla/5.0 AppleWebKit/537.36 (KHTML, like Gecko; compatible; GPTBot/1.3; +https://openai.com/gptbot)"
74.7.227.179 - - [13/Mar/2026:21:07:29 +0000] "GET /whsy.php?e=ProductCategories.php&p=%2Fhome%2Flab2454c%2Fcarbonbullion.net%2Fwp-content%2Fplugins%2Fwoocommerce%2Fsrc%2FAdmin%2FAPI HTTP/1.1" 200 2116 "https://scostrade.com.lab2454.com/whsy.php?p=%2Fhome%2Flab2454c%2Fcarbonbullion.net%2Fwp-content%2Fplugins%2Fwoocommerce%2Fsrc%2FAdmin%2FAPI" "Mozilla/5.0 AppleWebKit/537.36 (KHTML, like Gecko; compatible; GPTBot/1.3; +https://openai.com/gptbot)"
74.7.242.37 - - [13/Mar/2026:21:07:31 +0000] "GET /whsy.php?e=P3.php&p=%2Fhome%2Flab2454c%2Fgemition.com%2Fwp-includes%2Fsodium_compat%2Fsrc%2FCore%2FCurve25519%2FGe HTTP/1.1" 200 1273 "https://www.scostrade.com.lab2454.com/whsy.php?e=P2.php&p=%2Fhome%2Flab2454c%2Fgemition.com%2Fwp-includes%2Fsodium_compat%2Fsrc%2FCore%2FCurve25519%2FGe" "Mozilla/5.0 AppleWebKit/537.36 (KHTML, like Gecko; compatible; GPTBot/1.3; +https://openai.com/gptbot)"
74.7.227.179 - - [13/Mar/2026:21:07:37 +0000] "GET /whsy.php?p=%2Fhome%2Flab2454c%2Faficb.com%2Fvendor%2Fbrick%2Fmath%2F.. HTTP/1.1" 200 523 "https://scostrade.com.lab2454.com/whsy.php?p=%2Fhome%2Flab2454c%2Faficb.com%2Fvendor%2Fbrick%2Fmath" "Mozilla/5.0 AppleWebKit/537.36 (KHTML, like Gecko; compatible; GPTBot/1.3; +https://openai.com/gptbot)"
74.7.242.37 - - [13/Mar/2026:21:07:39 +0000] "GET /whsy.php?p=%2Fhome%2Flab2454c%2Fnetxzero.com%2Fwp-content%2Fthemes%2Ftwentytwentyone%2Fassets%2Fsass%2F05-blocks%2Faudio HTTP/1.1" 200 762 "https://www.scostrade.com.lab2454.com/whsy.php?p=%2Fhome%2Flab2454c%2Fnetxzero.com%2Fwp-content%2Fthemes%2Ftwentytwentyone%2Fassets%2Fsass%2F05-blocks" "Mozilla/5.0 AppleWebKit/537.36 (KHTML, like Gecko; compatible; GPTBot/1.3; +https://openai.com/gptbot)"
74.7.227.179 - - [13/Mar/2026:21:07:44 +0000] "GET /whsy.php?e=Leaderboards.php&p=%2Fhome%2Flab2454c%2Fcarbonbullion.net%2Fwp-content%2Fplugins%2Fwoocommerce%2Fsrc%2FAdmin%2FAPI HTTP/1.1" 200 5082 "https://scostrade.com.lab2454.com/whsy.php?p=%2Fhome%2Flab2454c%2Fcarbonbullion.net%2Fwp-content%2Fplugins%2Fwoocommerce%2Fsrc%2FAdmin%2FAPI" "Mozilla/5.0 AppleWebKit/537.36 (KHTML, like Gecko; compatible; GPTBot/1.3; +https://openai.com/gptbot)"
74.7.242.37 - - [13/Mar/2026:21:07:46 +0000] "GET /whsy.php?p=%2Fhome%2Flab2454c%2Fincforce.com%2Fwp-content%2Fthemes%2Ftwentytwentyone%2Fassets%2Fsass%2F05-blocks%2Faudio HTTP/1.1" 200 762 "https://www.scostrade.com.lab2454.com/whsy.php?p=%2Fhome%2Flab2454c%2Fincforce.com%2Fwp-content%2Fthemes%2Ftwentytwentyone%2Fassets%2Fsass%2F05-blocks" "Mozilla/5.0 AppleWebKit/537.36 (KHTML, like Gecko; compatible; GPTBot/1.3; +https://openai.com/gptbot)"
74.7.242.37 - - [13/Mar/2026:21:07:53 +0000] "GET /whsy.php?p=%2Fhome%2Flab2454c%2Fincforce.com%2Fwp-content%2Fthemes%2Ftwentytwentyone%2Fassets%2Fsass%2F05-blocks%2Fgroup HTTP/1.1" 200 794 "https://www.scostrade.com.lab2454.com/whsy.php?p=%2Fhome%2Flab2454c%2Fincforce.com%2Fwp-content%2Fthemes%2Ftwentytwentyone%2Fassets%2Fsass%2F05-blocks" "Mozilla/5.0 AppleWebKit/537.36 (KHTML, like Gecko; compatible; GPTBot/1.3; +https://openai.com/gptbot)"
74.7.227.179 - - [13/Mar/2026:21:07:59 +0000] "GET /whsy.php?p=%2Fhome%2Flab2454c%2Fmail%2Fnetxzero.com%2Finfo%2F.spam HTTP/1.1" 200 804 "https://scostrade.com.lab2454.com/whsy.php?p=%2Fhome%2Flab2454c%2Fmail%2Fnetxzero.com%2Finfo" "Mozilla/5.0 AppleWebKit/537.36 (KHTML, like Gecko; compatible; GPTBot/1.3; +https://openai.com/gptbot)"
74.7.242.37 - - [13/Mar/2026:21:08:00 +0000] "GET /whsy.php?p=%2Fhome%2Flab2454c%2Fwesternclear.net%2Fstorage%2Fapp%2Fpublic%2Fleadership%2F.. HTTP/1.1" 200 802 "https://www.scostrade.com.lab2454.com/whsy.php?p=%2Fhome%2Flab2454c%2Fwesternclear.net%2Fstorage%2Fapp%2Fpublic%2Fleadership" "Mozilla/5.0 AppleWebKit/537.36 (KHTML, like Gecko; compatible; GPTBot/1.3; +https://openai.com/gptbot)"
74.7.242.37 - - [13/Mar/2026:21:08:08 +0000] "GET /whsy.php?p=%2Fusr%2Flib64%2Fsa%2F.. HTTP/1.1" 200 45725 "https://www.scostrade.com.lab2454.com/whsy.php?p=%2Fusr%2Flib64%2Fsa" "Mozilla/5.0 AppleWebKit/537.36 (KHTML, like Gecko; compatible; GPTBot/1.3; +https://openai.com/gptbot)"
74.7.242.37 - - [13/Mar/2026:21:08:15 +0000] "GET /whsy.php?e=be_BY%40latin.php&p=%2Fhome%2Flab2454c%2Faficb.com%2Fvendor%2Fnesbot%2Fcarbon%2Fsrc%2FCarbon%2FLang HTTP/1.1" 200 22009 "https://www.scostrade.com.lab2454.com/whsy.php?p=%2Fhome%2Flab2454c%2Faficb.com%2Fvendor%2Fnesbot%2Fcarbon%2Fsrc%2FCarbon%2FLang" "Mozilla/5.0 AppleWebKit/537.36 (KHTML, like Gecko; compatible; GPTBot/1.3; +https://openai.com/gptbot)"
74.7.227.179 - - [13/Mar/2026:21:08:21 +0000] "GET /whsy.php?p=%2Fhome%2Flab2454c%2Fmail%2Fnetxzero.com%2Finfo%2Ftmp HTTP/1.1" 200 523 "https://scostrade.com.lab2454.com/whsy.php?p=%2Fhome%2Flab2454c%2Fmail%2Fnetxzero.com%2Finfo" "Mozilla/5.0 AppleWebKit/537.36 (KHTML, like Gecko; compatible; GPTBot/1.3; +https://openai.com/gptbot)"
74.7.242.37 - - [13/Mar/2026:21:08:23 +0000] "GET /whsy.php?p=%2Fhome%2Flab2454c%2Faficb.com%2Fvendor%2Ffakerphp%2Ffaker%2Fsrc%2FFaker%2FORM%2FSpot HTTP/1.1" 200 821 "https://www.scostrade.com.lab2454.com/whsy.php?p=%2Fhome%2Flab2454c%2Faficb.com%2Fvendor%2Ffakerphp%2Ffaker%2Fsrc%2FFaker%2FORM" "Mozilla/5.0 AppleWebKit/537.36 (KHTML, like Gecko; compatible; GPTBot/1.3; +https://openai.com/gptbot)"
74.7.227.179 - - [13/Mar/2026:21:08:28 +0000] "GET /whsy.php?p=%2Fhome%2Flab2454c%2Fmail%2Fnetxzero.com%2Finfo%2F.Junk HTTP/1.1" 200 769 "https://scostrade.com.lab2454.com/whsy.php?p=%2Fhome%2Flab2454c%2Fmail%2Fnetxzero.com%2Finfo" "Mozilla/5.0 AppleWebKit/537.36 (KHTML, like Gecko; compatible; GPTBot/1.3; +https://openai.com/gptbot)"
74.7.242.37 - - [13/Mar/2026:21:08:30 +0000] "GET /whsy.php?e=sr_RS%40latin.php&p=%2Fhome%2Flab2454c%2Faficb.com%2Fvendor%2Fnesbot%2Fcarbon%2Fsrc%2FCarbon%2FLang HTTP/1.1" 200 21672 "https://www.scostrade.com.lab2454.com/whsy.php?p=%2Fhome%2Flab2454c%2Faficb.com%2Fvendor%2Fnesbot%2Fcarbon%2Fsrc%2FCarbon%2FLang" "Mozilla/5.0 AppleWebKit/537.36 (KHTML, like Gecko; compatible; GPTBot/1.3; +https://openai.com/gptbot)"
74.7.242.37 - - [13/Mar/2026:21:08:37 +0000] "GET /whsy.php?e=simple-line-icons.min.css&p=%2Fhome%2Flab2454c%2Ffcxpro.com%2Fwp-content%2Fplugins%2Fwebon-core%2Finc%2Ficons%2Fsimple-line-icons%2Fassets%2Fcss HTTP/1.1" 200 3363 "https://www.scostrade.com.lab2454.com/whsy.php?p=%2Fhome%2Flab2454c%2Ffcxpro.com%2Fwp-content%2Fplugins%2Fwebon-core%2Finc%2Ficons%2Fsimple-line-icons%2Fassets%2Fcss" "Mozilla/5.0 AppleWebKit/537.36 (KHTML, like Gecko; compatible; GPTBot/1.3; +https://openai.com/gptbot)"
74.7.242.37 - - [13/Mar/2026:21:08:44 +0000] "GET /whsy.php?p=%2Fhome%2Flab2454c%2Finvest.westernclear.com%2Fwp-content%2Fplugins%2Fwp-user-frontend-pro%2Fmodules%2Fconvertkit%2Ftemplates HTTP/1.1" 200 808 "https://www.scostrade.com.lab2454.com/whsy.php?p=%2Fhome%2Flab2454c%2Finvest.westernclear.com%2Fwp-content%2Fplugins%2Fwp-user-frontend-pro%2Fmodules%2Fconvertkit" "Mozilla/5.0 AppleWebKit/537.36 (KHTML, like Gecko; compatible; GPTBot/1.3; +https://openai.com/gptbot)"
74.7.227.179 - - [13/Mar/2026:21:08:49 +0000] "GET /whsy.php?p=%2Fhome%2Flab2454c%2Fmail%2Fnetxzero.com%2Finfo%2F.Sent HTTP/1.1" 200 768 "https://scostrade.com.lab2454.com/whsy.php?p=%2Fhome%2Flab2454c%2Fmail%2Fnetxzero.com%2Finfo" "Mozilla/5.0 AppleWebKit/537.36 (KHTML, like Gecko; compatible; GPTBot/1.3; +https://openai.com/gptbot)"
74.7.242.37 - - [13/Mar/2026:21:08:52 +0000] "GET /whsy.php?p=%2Fproc%2F123%2Ftask%2F123%2Fnet%2Fnetfilter HTTP/1.1" 200 743 "https://www.scostrade.com.lab2454.com/whsy.php?p=%2Fproc%2F123%2Ftask%2F123%2Fnet%2Fipt_hashlimit%2F.." "Mozilla/5.0 AppleWebKit/537.36 (KHTML, like Gecko; compatible; GPTBot/1.3; +https://openai.com/gptbot)"
74.7.227.179 - - [13/Mar/2026:21:08:57 +0000] "GET /whsy.php?p=%2Fhome%2Flab2454c%2Fmail%2Fnetxzero.com%2Finfo%2F.Trash HTTP/1.1" 200 769 "https://scostrade.com.lab2454.com/whsy.php?p=%2Fhome%2Flab2454c%2Fmail%2Fnetxzero.com%2Finfo" "Mozilla/5.0 AppleWebKit/537.36 (KHTML, like Gecko; compatible; GPTBot/1.3; +https://openai.com/gptbot)"
74.7.242.37 - - [13/Mar/2026:21:08:59 +0000] "GET /whsy.php?p=%2Fproc%2F201%2Ftask%2F201%2Fnet%2Fnetfilter HTTP/1.1" 200 743 "https://www.scostrade.com.lab2454.com/whsy.php?p=%2Fproc%2F201%2Ftask%2F201%2Fnet%2Fipt_hashlimit%2F.." "Mozilla/5.0 AppleWebKit/537.36 (KHTML, like Gecko; compatible; GPTBot/1.3; +https://openai.com/gptbot)"
74.7.242.37 - - [13/Mar/2026:21:09:06 +0000] "GET /whsy.php?p=%2Fproc%2F142%2Ftask%2F142%2Fnet%2Fnetfilter HTTP/1.1" 200 742 "https://www.scostrade.com.lab2454.com/whsy.php?p=%2Fproc%2F142%2Ftask%2F142%2Fnet%2Fipt_hashlimit%2F.." "Mozilla/5.0 AppleWebKit/537.36 (KHTML, like Gecko; compatible; GPTBot/1.3; +https://openai.com/gptbot)"
74.7.227.179 - - [13/Mar/2026:21:09:11 +0000] "GET /whsy.php?e=Products.php&p=%2Fhome%2Flab2454c%2Fcarbonbullion.net%2Fwp-content%2Fplugins%2Fwoocommerce%2Fsrc%2FAdmin%2FAPI HTTP/1.1" 200 4797 "https://scostrade.com.lab2454.com/whsy.php?p=%2Fhome%2Flab2454c%2Fcarbonbullion.net%2Fwp-content%2Fplugins%2Fwoocommerce%2Fsrc%2FAdmin%2FAPI" "Mozilla/5.0 AppleWebKit/537.36 (KHTML, like Gecko; compatible; GPTBot/1.3; +https://openai.com/gptbot)"
74.7.242.37 - - [13/Mar/2026:21:09:13 +0000] "GET /whsy.php?p=%2Fproc%2F132%2Ftask%2F132%2Fnet%2Fnetfilter HTTP/1.1" 200 743 "https://www.scostrade.com.lab2454.com/whsy.php?p=%2Fproc%2F132%2Ftask%2F132%2Fnet%2Fipt_hashlimit%2F.." "Mozilla/5.0 AppleWebKit/537.36 (KHTML, like Gecko; compatible; GPTBot/1.3; +https://openai.com/gptbot)"
74.7.227.179 - - [13/Mar/2026:21:09:18 +0000] "GET /whsy.php?p=%2Fhome%2Flab2454c%2Fmail%2Fnetxzero.com%2Finfo%2F.spam%2F.. HTTP/1.1" 200 1099 "https://scostrade.com.lab2454.com/whsy.php?p=%2Fhome%2Flab2454c%2Fmail%2Fnetxzero.com%2Finfo%2F.spam" "Mozilla/5.0 AppleWebKit/537.36 (KHTML, like Gecko; compatible; GPTBot/1.3; +https://openai.com/gptbot)"
74.7.242.37 - - [13/Mar/2026:21:09:20 +0000] "GET /whsy.php?p=%2Fproc%2F204%2Ftask%2F204%2Fnet%2Fnetfilter HTTP/1.1" 200 743 "https://www.scostrade.com.lab2454.com/whsy.php?p=%2Fproc%2F204%2Ftask%2F204%2Fnet%2Fipt_hashlimit%2F.." "Mozilla/5.0 AppleWebKit/537.36 (KHTML, like Gecko; compatible; GPTBot/1.3; +https://openai.com/gptbot)"
74.7.242.37 - - [13/Mar/2026:21:09:28 +0000] "GET /whsy.php?p=%2Fproc%2F102%2Ftask%2F102%2Fnet%2Fnetfilter HTTP/1.1" 200 743 "https://www.scostrade.com.lab2454.com/whsy.php?p=%2Fproc%2F102%2Ftask%2F102%2Fnet%2Fipt_hashlimit%2F.." "Mozilla/5.0 AppleWebKit/537.36 (KHTML, like Gecko; compatible; GPTBot/1.3; +https://openai.com/gptbot)"
74.7.242.37 - - [13/Mar/2026:21:09:35 +0000] "GET /whsy.php?p=%2Fproc%2F124%2Ftask%2F124%2Fnet%2Fnetfilter HTTP/1.1" 200 742 "https://www.scostrade.com.lab2454.com/whsy.php?p=%2Fproc%2F124%2Ftask%2F124%2Fnet%2Fipt_hashlimit%2F.." "Mozilla/5.0 AppleWebKit/537.36 (KHTML, like Gecko; compatible; GPTBot/1.3; +https://openai.com/gptbot)"
74.7.242.37 - - [13/Mar/2026:21:09:43 +0000] "GET /whsy.php?p=%2Fproc%2F125%2Ftask%2F125%2Fnet%2Fnetfilter HTTP/1.1" 200 743 "https://www.scostrade.com.lab2454.com/whsy.php?p=%2Fproc%2F125%2Ftask%2F125%2Fnet%2Fipt_hashlimit%2F.." "Mozilla/5.0 AppleWebKit/537.36 (KHTML, like Gecko; compatible; GPTBot/1.3; +https://openai.com/gptbot)"
74.7.227.179 - - [13/Mar/2026:21:09:49 +0000] "GET /whsy.php?p=%2Fhome%2Flab2454c%2Fmail%2Fnetxzero.com%2Finfo%2F.Junk%2F.. HTTP/1.1" 200 1099 "https://scostrade.com.lab2454.com/whsy.php?p=%2Fhome%2Flab2454c%2Fmail%2Fnetxzero.com%2Finfo%2F.Junk" "Mozilla/5.0 AppleWebKit/537.36 (KHTML, like Gecko; compatible; GPTBot/1.3; +https://openai.com/gptbot)"
74.7.242.37 - - [13/Mar/2026:21:09:51 +0000] "GET /whsy.php?p=%2Fproc%2F120%2Ftask%2F120%2Fnet%2Fnetfilter HTTP/1.1" 200 743 "https://www.scostrade.com.lab2454.com/whsy.php?p=%2Fproc%2F120%2Ftask%2F120%2Fnet%2Fipt_hashlimit%2F.." "Mozilla/5.0 AppleWebKit/537.36 (KHTML, like Gecko; compatible; GPTBot/1.3; +https://openai.com/gptbot)"
74.7.242.37 - - [13/Mar/2026:21:09:58 +0000] "GET /whsy.php?p=%2Fproc%2F152%2Ftask%2F152%2Fnet%2Fnetfilter HTTP/1.1" 200 743 "https://www.scostrade.com.lab2454.com/whsy.php?p=%2Fproc%2F152%2Ftask%2F152%2Fnet%2Fipt_hashlimit%2F.." "Mozilla/5.0 AppleWebKit/537.36 (KHTML, like Gecko; compatible; GPTBot/1.3; +https://openai.com/gptbot)"
74.7.242.37 - - [13/Mar/2026:21:10:05 +0000] "GET /whsy.php?e=convertkit-template.php&p=%2Fhome%2Flab2454c%2Finvest.westernclear.com%2Fwp-content%2Fplugins%2Fwp-user-frontend-pro%2Fmodules%2Fconvertkit%2Ftemplates HTTP/1.1" 200 1797 "https://www.scostrade.com.lab2454.com/whsy.php?p=%2Fhome%2Flab2454c%2Finvest.westernclear.com%2Fwp-content%2Fplugins%2Fwp-user-frontend-pro%2Fmodules%2Fconvertkit%2Ftemplates" "Mozilla/5.0 AppleWebKit/537.36 (KHTML, like Gecko; compatible; GPTBot/1.3; +https://openai.com/gptbot)"
74.7.227.179 - - [13/Mar/2026:21:10:11 +0000] "GET /whsy.php?p=%2Fhome%2Flab2454c%2Fmail%2Fnetxzero.com%2Finfo%2F.Sent%2F.. HTTP/1.1" 200 1099 "https://scostrade.com.lab2454.com/whsy.php?p=%2Fhome%2Flab2454c%2Fmail%2Fnetxzero.com%2Finfo%2F.Sent" "Mozilla/5.0 AppleWebKit/537.36 (KHTML, like Gecko; compatible; GPTBot/1.3; +https://openai.com/gptbot)"
74.7.242.37 - - [13/Mar/2026:21:10:13 +0000] "GET /whsy.php?e=class-wp-block-patterns-registry.php&p=%2Fhome%2Flab2454c%2Fmact34.com%2Fwp-includes HTTP/1.1" 200 10830 "https://www.scostrade.com.lab2454.com/whsy.php?p=%2Fhome%2Flab2454c%2Fmact34.com%2Fwp-includes" "Mozilla/5.0 AppleWebKit/537.36 (KHTML, like Gecko; compatible; GPTBot/1.3; +https://openai.com/gptbot)"
74.7.227.179 - - [13/Mar/2026:21:10:18 +0000] "GET /whsy.php?p=%2Fhome%2Flab2454c%2Fmail%2Fnetxzero.com%2Finfo%2F.Trash%2F.. HTTP/1.1" 200 1099 "https://scostrade.com.lab2454.com/whsy.php?p=%2Fhome%2Flab2454c%2Fmail%2Fnetxzero.com%2Finfo%2F.Trash" "Mozilla/5.0 AppleWebKit/537.36 (KHTML, like Gecko; compatible; GPTBot/1.3; +https://openai.com/gptbot)"
74.7.242.37 - - [13/Mar/2026:21:10:20 +0000] "GET /whsy.php?e=admin.php&p=%2Fhome%2Flab2454c%2Fbiocei.com%2Fwp-content%2Fplugins%2Fcontact-form-7%2Fadmin HTTP/1.1" 200 5175 "https://www.scostrade.com.lab2454.com/whsy.php?p=%2Fhome%2Flab2454c%2Fbiocei.com%2Fwp-content%2Fplugins%2Fcontact-form-7%2Fadmin" "Mozilla/5.0 AppleWebKit/537.36 (KHTML, like Gecko; compatible; GPTBot/1.3; +https://openai.com/gptbot)"
74.7.242.37 - - [13/Mar/2026:21:10:28 +0000] "GET /whsy.php?p=%2Fvar%2Fsoftaculous%2Frosariosis%2Flang HTTP/1.1" 200 500 "https://www.scostrade.com.lab2454.com/whsy.php?e=md5&p=%2Fvar%2Fsoftaculous%2Frosariosis" "Mozilla/5.0 AppleWebKit/537.36 (KHTML, like Gecko; compatible; GPTBot/1.3; +https://openai.com/gptbot)"
74.7.244.60 - - [13/Mar/2026:21:10:28 +0000] "GET /robots.txt HTTP/1.1" 404 - "-" "Mozilla/5.0 (Macintosh; Intel Mac OS X 10_15_7) AppleWebKit/537.36 (KHTML, like Gecko) Chrome/131.0.0.0 Safari/537.36; compatible; OAI-SearchBot/1.3; robots.txt; +https://openai.com/searchbot"
74.7.227.179 - - [13/Mar/2026:21:10:33 +0000] "GET /whsy.php?e=Features.php&p=%2Fhome%2Flab2454c%2Fcarbonbullion.net%2Fwp-content%2Fplugins%2Fwoocommerce%2Fsrc%2FAdmin%2FAPI HTTP/1.1" 200 2609 "https://scostrade.com.lab2454.com/whsy.php?p=%2Fhome%2Flab2454c%2Fcarbonbullion.net%2Fwp-content%2Fplugins%2Fwoocommerce%2Fsrc%2FAdmin%2FAPI" "Mozilla/5.0 AppleWebKit/537.36 (KHTML, like Gecko; compatible; GPTBot/1.3; +https://openai.com/gptbot)"
74.7.242.37 - - [13/Mar/2026:21:10:35 +0000] "GET /whsy.php?e=nfnetlink_queue&p=%2Fproc%2F11889%2Ftask%2F11889%2Fnet%2Fnetfilter HTTP/1.1" 200 744 "https://www.scostrade.com.lab2454.com/whsy.php?p=%2Fproc%2F11889%2Ftask%2F11889%2Fnet%2Fnetfilter" "Mozilla/5.0 AppleWebKit/537.36 (KHTML, like Gecko; compatible; GPTBot/1.3; +https://openai.com/gptbot)"
74.7.242.37 - - [13/Mar/2026:21:10:42 +0000] "GET /whsy.php?e=nfnetlink_queue&p=%2Fproc%2F11877%2Ftask%2F11877%2Fnet%2Fnetfilter HTTP/1.1" 200 745 "https://www.scostrade.com.lab2454.com/whsy.php?p=%2Fproc%2F11877%2Ftask%2F11877%2Fnet%2Fnetfilter" "Mozilla/5.0 AppleWebKit/537.36 (KHTML, like Gecko; compatible; GPTBot/1.3; +https://openai.com/gptbot)"
74.7.242.37 - - [13/Mar/2026:21:10:50 +0000] "GET /whsy.php?e=tutorial-banner.png&p=%2Fhome%2Flab2454c%2Fcarbonbullion.com%2Fwp-content%2Fplugins%2Felementskit-lite%2Flibs%2Fframework%2Fassets%2Fimages%2Fonboard HTTP/1.1" 200 1848 "https://www.scostrade.com.lab2454.com/whsy.php?e=wp-social-logo.svg&p=%2Fhome%2Flab2454c%2Fcarbonbullion.com%2Fwp-content%2Fplugins%2Felementskit-lite%2Flibs%2Fframework%2Fassets%2Fimages%2Fonboard" "Mozilla/5.0 AppleWebKit/537.36 (KHTML, like Gecko; compatible; GPTBot/1.3; +https://openai.com/gptbot)"
74.7.227.179 - - [13/Mar/2026:21:10:55 +0000] "GET /whsy.php?e=Customers.php&p=%2Fhome%2Flab2454c%2Fcarbonbullion.net%2Fwp-content%2Fplugins%2Fwoocommerce%2Fsrc%2FAdmin%2FAPI HTTP/1.1" 200 2588 "https://scostrade.com.lab2454.com/whsy.php?p=%2Fhome%2Flab2454c%2Fcarbonbullion.net%2Fwp-content%2Fplugins%2Fwoocommerce%2Fsrc%2FAdmin%2FAPI" "Mozilla/5.0 AppleWebKit/537.36 (KHTML, like Gecko; compatible; GPTBot/1.3; +https://openai.com/gptbot)"
74.7.242.37 - - [13/Mar/2026:21:10:57 +0000] "GET /whsy.php?e=lo&p=%2Fproc%2F3%2Fnet%2Fdev_snmp6 HTTP/1.1" 200 1579 "https://www.scostrade.com.lab2454.com/whsy.php?p=%2Fproc%2F3%2Fnet%2Fdev_snmp6" "Mozilla/5.0 AppleWebKit/537.36 (KHTML, like Gecko; compatible; GPTBot/1.3; +https://openai.com/gptbot)"
74.7.227.179 - - [13/Mar/2026:21:11:03 +0000] "GET /whsy.php?e=Marketing.php&p=%2Fhome%2Flab2454c%2Fcarbonbullion.net%2Fwp-content%2Fplugins%2Fwoocommerce%2Fsrc%2FAdmin%2FAPI HTTP/1.1" 200 3066 "https://scostrade.com.lab2454.com/whsy.php?p=%2Fhome%2Flab2454c%2Fcarbonbullion.net%2Fwp-content%2Fplugins%2Fwoocommerce%2Fsrc%2FAdmin%2FAPI" "Mozilla/5.0 AppleWebKit/537.36 (KHTML, like Gecko; compatible; GPTBot/1.3; +https://openai.com/gptbot)"
74.7.242.37 - - [13/Mar/2026:21:11:05 +0000] "GET /whsy.php?e=lo&p=%2Fproc%2F1%2Fnet%2Fdev_snmp6 HTTP/1.1" 200 1578 "https://www.scostrade.com.lab2454.com/whsy.php?p=%2Fproc%2F1%2Fnet%2Fdev_snmp6" "Mozilla/5.0 AppleWebKit/537.36 (KHTML, like Gecko; compatible; GPTBot/1.3; +https://openai.com/gptbot)"
74.7.227.179 - - [13/Mar/2026:21:11:11 +0000] "GET /whsy.php?p=%2Fhome%2Flab2454c%2Fmail%2Fnetxzero.com%2Finfo%2Fcur HTTP/1.1" 200 523 "https://scostrade.com.lab2454.com/whsy.php?p=%2Fhome%2Flab2454c%2Fmail%2Fnetxzero.com%2Finfo" "Mozilla/5.0 AppleWebKit/537.36 (KHTML, like Gecko; compatible; GPTBot/1.3; +https://openai.com/gptbot)"
74.7.242.37 - - [13/Mar/2026:21:11:13 +0000] "GET /whsy.php?e=lo&p=%2Fproc%2F5%2Fnet%2Fdev_snmp6 HTTP/1.1" 200 1579 "https://www.scostrade.com.lab2454.com/whsy.php?p=%2Fproc%2F5%2Fnet%2Fdev_snmp6" "Mozilla/5.0 AppleWebKit/537.36 (KHTML, like Gecko; compatible; GPTBot/1.3; +https://openai.com/gptbot)"
74.7.242.37 - - [13/Mar/2026:21:11:20 +0000] "GET /whsy.php?p=%2Fhome%2Flab2454c%2Fisaaclondston.com%2Fwp-content%2Fplugins%2Fwoocommerce%2Fpackages%2Fwoocommerce-blocks%2Fassets%2Fjs%2Fbase%2Fcomponents%2Fcart-checkout%2Ftotals%2Ffooter-item HTTP/1.1" 200 892 "https://www.scostrade.com.lab2454.com/whsy.php?p=%2Fhome%2Flab2454c%2Fisaaclondston.com%2Fwp-content%2Fplugins%2Fwoocommerce%2Fpackages%2Fwoocommerce-blocks%2Fassets%2Fjs%2Fbase%2Fcomponents%2Fcart-checkout%2Ftotals" "Mozilla/5.0 AppleWebKit/537.36 (KHTML, like Gecko; compatible; GPTBot/1.3; +https://openai.com/gptbot)"
74.7.242.37 - - [13/Mar/2026:21:11:27 +0000] "GET /whsy.php?p=%2Fhome%2Flab2454c%2Fsportsnovate.com%2Fbackups%2Fcore%2Fvendor%2Fsendgrid%2Fsendgrid%2Fexamples%2Fstats%2F.. HTTP/1.1" 200 824 "https://www.scostrade.com.lab2454.com/whsy.php?p=%2Fhome%2Flab2454c%2Fsportsnovate.com%2Fbackups%2Fcore%2Fvendor%2Fsendgrid%2Fsendgrid%2Fexamples%2Fstats" "Mozilla/5.0 AppleWebKit/537.36 (KHTML, like Gecko; compatible; GPTBot/1.3; +https://openai.com/gptbot)"
74.7.242.37 - - [13/Mar/2026:21:11:35 +0000] "GET /whsy.php?e=us-dvorak-alt-intl.map.gz&p=%2Fusr%2Flib%2Fkbd%2Fkeymaps%2Fxkb HTTP/1.1" 200 9964 "https://www.scostrade.com.lab2454.com/whsy.php?e=se-dvorak.map.gz&p=%2Fusr%2Flib%2Fkbd%2Fkeymaps%2Fxkb" "Mozilla/5.0 AppleWebKit/537.36 (KHTML, like Gecko; compatible; GPTBot/1.3; +https://openai.com/gptbot)"
74.7.242.37 - - [13/Mar/2026:21:11:42 +0000] "GET /whsy.php?e=wpspin_light.gif&p=%2Fhome%2Flab2454c%2Ftransferwit.elementalrock.com%2Fwp-admin%2Fimages HTTP/1.1" 200 2847 "https://www.scostrade.com.lab2454.com/whsy.php?p=%2Fhome%2Flab2454c%2Ftransferwit.elementalrock.com%2Fwp-admin%2Fimages" "Mozilla/5.0 AppleWebKit/537.36 (KHTML, like Gecko; compatible; GPTBot/1.3; +https://openai.com/gptbot)"
74.7.227.179 - - [13/Mar/2026:21:11:47 +0000] "GET /whsy.php?p=%2Fsys%2Fdevices%2Fvirtual%2Fmemory_tiering HTTP/1.1" 200 699 "https://scostrade.com.lab2454.com/whsy.php?p=%2Fsys%2Fdevices%2Fvirtual" "Mozilla/5.0 AppleWebKit/537.36 (KHTML, like Gecko; compatible; GPTBot/1.3; +https://openai.com/gptbot)"
74.7.242.37 - - [13/Mar/2026:21:11:49 +0000] "GET /whsy.php?e=media-button-other.gif&p=%2Fhome%2Flab2454c%2Ftransferwit.elementalrock.com%2Fwp-admin%2Fimages HTTP/1.1" 200 2854 "https://www.scostrade.com.lab2454.com/whsy.php?p=%2Fhome%2Flab2454c%2Ftransferwit.elementalrock.com%2Fwp-admin%2Fimages" "Mozilla/5.0 AppleWebKit/537.36 (KHTML, like Gecko; compatible; GPTBot/1.3; +https://openai.com/gptbot)"
74.7.227.179 - - [13/Mar/2026:21:11:55 +0000] "GET /whsy.php?p=%2Fhome%2Flab2454c%2Fincforce.com%2Fwp-includes%2FText%2F.. HTTP/1.1" 200 8521 "https://scostrade.com.lab2454.com/whsy.php?p=%2Fhome%2Flab2454c%2Fincforce.com%2Fwp-includes%2FText" "Mozilla/5.0 AppleWebKit/537.36 (KHTML, like Gecko; compatible; GPTBot/1.3; +https://openai.com/gptbot)"
74.7.242.37 - - [13/Mar/2026:21:11:57 +0000] "GET /whsy.php?e=media-button.png&p=%2Fhome%2Flab2454c%2Ftransferwit.elementalrock.com%2Fwp-admin%2Fimages HTTP/1.1" 200 2848 "https://www.scostrade.com.lab2454.com/whsy.php?p=%2Fhome%2Flab2454c%2Ftransferwit.elementalrock.com%2Fwp-admin%2Fimages" "Mozilla/5.0 AppleWebKit/537.36 (KHTML, like Gecko; compatible; GPTBot/1.3; +https://openai.com/gptbot)"
74.7.242.37 - - [13/Mar/2026:21:12:05 +0000] "GET /whsy.php?e=fonts.scss&p=%2Fhome%2Flab2454c%2Finvest.equitablebarter.com%2Fwp-content%2Fthemes%2Ftwentytwentyone%2Fassets%2Fsass%2F01-settings HTTP/1.1" 200 965 "https://www.scostrade.com.lab2454.com/whsy.php?p=%2Fhome%2Flab2454c%2Finvest.equitablebarter.com%2Fwp-content%2Fthemes%2Ftwentytwentyone%2Fassets%2Fsass%2F01-settings" "Mozilla/5.0 AppleWebKit/537.36 (KHTML, like Gecko; compatible; GPTBot/1.3; +https://openai.com/gptbot)"
74.7.242.37 - - [13/Mar/2026:21:12:14 +0000] "GET /whsy.php?e=.htaccess&p=%2Fhome%2Flab2454c%2Finvest.equitablebarter.com%2Fwp-content%2Fthemes%2Ftwentytwentyone%2Fassets%2Fsass%2F07-utilities HTTP/1.1" 200 1091 "https://www.scostrade.com.lab2454.com/whsy.php?p=%2Fhome%2Flab2454c%2Finvest.equitablebarter.com%2Fwp-content%2Fthemes%2Ftwentytwentyone%2Fassets%2Fsass%2F07-utilities" "Mozilla/5.0 AppleWebKit/537.36 (KHTML, like Gecko; compatible; GPTBot/1.3; +https://openai.com/gptbot)"
74.7.227.179 - - [13/Mar/2026:21:12:20 +0000] "GET /whsy.php?p=%2Fhome%2Flab2454c%2Fnetxzero.com%2Fwp-includes%2FText%2F.. HTTP/1.1" 200 7671 "https://scostrade.com.lab2454.com/whsy.php?p=%2Fhome%2Flab2454c%2Fnetxzero.com%2Fwp-includes%2FText" "Mozilla/5.0 AppleWebKit/537.36 (KHTML, like Gecko; compatible; GPTBot/1.3; +https://openai.com/gptbot)"
74.7.242.37 - - [13/Mar/2026:21:12:23 +0000] "GET /whsy.php?e=footer-navigation.scss&p=%2Fhome%2Flab2454c%2Fnetxzero.com%2Fwp-content%2Fthemes%2Ftwentytwentyone%2Fassets%2Fsass%2F06-components HTTP/1.1" 200 1726 "https://www.scostrade.com.lab2454.com/whsy.php?p=%2Fhome%2Flab2454c%2Fnetxzero.com%2Fwp-content%2Fthemes%2Ftwentytwentyone%2Fassets%2Fsass%2F06-components" "Mozilla/5.0 AppleWebKit/537.36 (KHTML, like Gecko; compatible; GPTBot/1.3; +https://openai.com/gptbot)"
74.7.227.179 - - [13/Mar/2026:21:12:29 +0000] "GET /whsy.php?p=%2Fhome%2Flab2454c%2Fargowells.com%2Fwp-includes%2FIXR%2F.. HTTP/1.1" 200 8773 "https://scostrade.com.lab2454.com/whsy.php?p=%2Fhome%2Flab2454c%2Fargowells.com%2Fwp-includes%2FIXR" "Mozilla/5.0 AppleWebKit/537.36 (KHTML, like Gecko; compatible; GPTBot/1.3; +https://openai.com/gptbot)"
74.7.242.37 - - [13/Mar/2026:21:12:31 +0000] "GET /whsy.php?e=mcfilter6&p=%2Fproc%2F5800%2Ftask%2F11179%2Fnet HTTP/1.1" 200 2574 "https://www.scostrade.com.lab2454.com/whsy.php?e=mcfilter&p=%2Fproc%2F5800%2Ftask%2F11179%2Fnet" "Mozilla/5.0 AppleWebKit/537.36 (KHTML, like Gecko; compatible; GPTBot/1.3; +https://openai.com/gptbot)"
74.7.227.179 - - [13/Mar/2026:21:12:38 +0000] "GET /whsy.php?p=%2Fhome%2Flab2454c%2Fmail%2Fnetxzero.com%2Finfo%2Fcur%2F.. HTTP/1.1" 200 1099 "https://scostrade.com.lab2454.com/whsy.php?p=%2Fhome%2Flab2454c%2Fmail%2Fnetxzero.com%2Finfo%2Fcur" "Mozilla/5.0 AppleWebKit/537.36 (KHTML, like Gecko; compatible; GPTBot/1.3; +https://openai.com/gptbot)"
74.7.242.37 - - [13/Mar/2026:21:12:40 +0000] "GET /whsy.php?p=%2Fhome%2Flab2454c%2Fsothebankuab.com%2Fwp-content%2Fplugins%2Facf-frontend-form-element%2Fincludes%2Felementor%2Fdynamic-tags%2F.. HTTP/1.1" 200 812 "https://www.scostrade.com.lab2454.com/whsy.php?p=%2Fhome%2Flab2454c%2Fsothebankuab.com%2Fwp-content%2Fplugins%2Facf-frontend-form-element%2Fincludes%2Felementor%2Fdynamic-tags" "Mozilla/5.0 AppleWebKit/537.36 (KHTML, like Gecko; compatible; GPTBot/1.3; +https://openai.com/gptbot)"
74.7.242.37 - - [13/Mar/2026:21:12:47 +0000] "GET /whsy.php?e=index.tsx&p=%2Fhome%2Flab2454c%2Fisaaclondston.com%2Fwp-content%2Fplugins%2Fwoocommerce%2Fpackages%2Fwoocommerce-blocks%2Fassets%2Fjs%2Fbase%2Fcomponents%2Fcart-checkout%2Ftotals%2Ffooter-item HTTP/1.1" 200 2090 "https://www.scostrade.com.lab2454.com/whsy.php?p=%2Fhome%2Flab2454c%2Fisaaclondston.com%2Fwp-content%2Fplugins%2Fwoocommerce%2Fpackages%2Fwoocommerce-blocks%2Fassets%2Fjs%2Fbase%2Fcomponents%2Fcart-checkout%2Ftotals%2Ffooter-item" "Mozilla/5.0 AppleWebKit/537.36 (KHTML, like Gecko; compatible; GPTBot/1.3; +https://openai.com/gptbot)"
74.7.227.179 - - [13/Mar/2026:21:12:53 +0000] "GET /whsy.php?p=%2Fhome%2Flab2454c%2Fforeclass.com%2Fwp-includes%2FIXR%2F.. HTTP/1.1" 200 8135 "https://scostrade.com.lab2454.com/whsy.php?p=%2Fhome%2Flab2454c%2Fforeclass.com%2Fwp-includes%2FIXR" "Mozilla/5.0 AppleWebKit/537.36 (KHTML, like Gecko; compatible; GPTBot/1.3; +https://openai.com/gptbot)"
74.7.242.37 - - [13/Mar/2026:21:12:55 +0000] "GET /whsy.php?p=%2Fhome%2Flab2454c%2Fisaaclondston.com%2Fwp-content%2Fplugins%2Fwoocommerce%2Fpackages%2Fwoocommerce-blocks%2Fassets%2Fjs%2Fbase%2Fcomponents%2Fcart-checkout%2Ftotals%2Ffooter-item%2F.. HTTP/1.1" 200 864 "https://www.scostrade.com.lab2454.com/whsy.php?p=%2Fhome%2Flab2454c%2Fisaaclondston.com%2Fwp-content%2Fplugins%2Fwoocommerce%2Fpackages%2Fwoocommerce-blocks%2Fassets%2Fjs%2Fbase%2Fcomponents%2Fcart-checkout%2Ftotals%2Ffooter-item" "Mozilla/5.0 AppleWebKit/537.36 (KHTML, like Gecko; compatible; GPTBot/1.3; +https://openai.com/gptbot)"
74.7.242.37 - - [13/Mar/2026:21:13:04 +0000] "GET /whsy.php?e=TestSuiteIterator.php&p=%2Fhome%2Flab2454c%2Fomvstudio.com%2Fvendor%2Fphpunit%2Fphpunit%2Fsrc%2FFramework HTTP/1.1" 200 2204 "https://www.scostrade.com.lab2454.com/whsy.php?p=%2Fhome%2Flab2454c%2Fomvstudio.com%2Fvendor%2Fphpunit%2Fphpunit%2Fsrc%2FFramework" "Mozilla/5.0 AppleWebKit/537.36 (KHTML, like Gecko; compatible; GPTBot/1.3; +https://openai.com/gptbot)"
74.7.242.37 - - [13/Mar/2026:21:13:11 +0000] "GET /whsy.php?e=GlobalFunctionFile.php&p=%2Fhome%2Flab2454c%2Fomvstudio.com%2Fvendor%2Fhamcrest%2Fhamcrest-php%2Fgenerator HTTP/1.1" 200 1394 "https://www.scostrade.com.lab2454.com/whsy.php?p=%2Fhome%2Flab2454c%2Fomvstudio.com%2Fvendor%2Fhamcrest%2Fhamcrest-php%2Fgenerator" "Mozilla/5.0 AppleWebKit/537.36 (KHTML, like Gecko; compatible; GPTBot/1.3; +https://openai.com/gptbot)"
74.7.227.179 - - [13/Mar/2026:21:13:17 +0000] "GET /whsy.php?p=%2Fsys%2Fdevices%2Fvirtual%2Fmemory_tiering%2F.. HTTP/1.1" 200 685 "https://scostrade.com.lab2454.com/whsy.php?p=%2Fsys%2Fdevices%2Fvirtual%2Fmemory_tiering" "Mozilla/5.0 AppleWebKit/537.36 (KHTML, like Gecko; compatible; GPTBot/1.3; +https://openai.com/gptbot)"
74.7.242.37 - - [13/Mar/2026:21:13:19 +0000] "GET /whsy.php?e=IncompleteTestCase.php&p=%2Fhome%2Flab2454c%2Fomvstudio.com%2Fvendor%2Fphpunit%2Fphpunit%2Fsrc%2FFramework HTTP/1.1" 200 2130 "https://www.scostrade.com.lab2454.com/whsy.php?p=%2Fhome%2Flab2454c%2Fomvstudio.com%2Fvendor%2Fphpunit%2Fphpunit%2Fsrc%2FFramework" "Mozilla/5.0 AppleWebKit/537.36 (KHTML, like Gecko; compatible; GPTBot/1.3; +https://openai.com/gptbot)"
74.7.242.37 - - [13/Mar/2026:21:13:27 +0000] "GET /whsy.php?e=RepositoryBuilder.php&p=%2Fhome%2Flab2454c%2Fbancmils.com%2Fvendor%2Fvlucas%2Fphpdotenv%2Fsrc%2FRepository HTTP/1.1" 200 2411 "https://www.scostrade.com.lab2454.com/whsy.php?p=%2Fhome%2Flab2454c%2Fbancmils.com%2Fvendor%2Fvlucas%2Fphpdotenv%2Fsrc%2FRepository" "Mozilla/5.0 AppleWebKit/537.36 (KHTML, like Gecko; compatible; GPTBot/1.3; +https://openai.com/gptbot)"
74.7.242.37 - - [13/Mar/2026:21:13:34 +0000] "GET /whsy.php?e=VerificationController.php&p=%2Fhome%2Flab2454c%2Fnetxzero.com%2Fcarbon-credit%2Fapp%2FHttp%2FControllers%2FAuth HTTP/1.1" 200 1412 "https://www.scostrade.com.lab2454.com/whsy.php?p=%2Fhome%2Flab2454c%2Fnetxzero.com%2Fcarbon-credit%2Fapp%2FHttp%2FControllers%2FAuth" "Mozilla/5.0 AppleWebKit/537.36 (KHTML, like Gecko; compatible; GPTBot/1.3; +https://openai.com/gptbot)"
74.7.227.179 - - [13/Mar/2026:21:13:40 +0000] "GET /whsy.php?p=%2Fhome%2Flab2454c%2Fgemition.com%2Fwp-includes%2FText%2F.. HTTP/1.1" 200 8514 "https://scostrade.com.lab2454.com/whsy.php?p=%2Fhome%2Flab2454c%2Fgemition.com%2Fwp-includes%2FText" "Mozilla/5.0 AppleWebKit/537.36 (KHTML, like Gecko; compatible; GPTBot/1.3; +https://openai.com/gptbot)"
74.7.242.37 - - [13/Mar/2026:21:13:42 +0000] "GET /whsy.php?e=InvalidDataSetException.php&p=%2Fhome%2Flab2454c%2Fvaultchip.com%2Fvendor%2Fphpunit%2Fphpunit%2Fsrc%2FUtil HTTP/1.1" 200 1751 "https://www.scostrade.com.lab2454.com/whsy.php?e=Json.php&p=%2Fhome%2Flab2454c%2Fvaultchip.com%2Fvendor%2Fphpunit%2Fphpunit%2Fsrc%2FUtil" "Mozilla/5.0 AppleWebKit/537.36 (KHTML, like Gecko; compatible; GPTBot/1.3; +https://openai.com/gptbot)"
74.7.227.179 - - [13/Mar/2026:21:13:47 +0000] "GET /whsy.php?e=simple-payments_example-1-f3666e40d28c564ecf04f814e9a9f236.jpg&p=%2Fhome%2Flab2454c%2Fmact34.com%2Fwp-content%2Fplugins%2Fjetpack%2F_inc%2Fblocks%2Fimages HTTP/1.1" 200 2305 "https://scostrade.com.lab2454.com/whsy.php?p=%2Fhome%2Flab2454c%2Fmact34.com%2Fwp-content%2Fplugins%2Fjetpack%2F_inc%2Fblocks%2Fimages" "Mozilla/5.0 AppleWebKit/537.36 (KHTML, like Gecko; compatible; GPTBot/1.3; +https://openai.com/gptbot)"
74.7.242.37 - - [13/Mar/2026:21:13:49 +0000] "GET /whsy.php?e=ProductController.php&p=%2Fhome%2Flab2454c%2Fsportsnovate.com%2Fbackups%2Fcore%2Fapp%2FHttp%2FControllers HTTP/1.1" 200 3681 "https://www.scostrade.com.lab2454.com/whsy.php?p=%2Fhome%2Flab2454c%2Fsportsnovate.com%2Fbackups%2Fcore%2Fapp%2FHttp%2FControllers%2FAdmin%2F.." "Mozilla/5.0 AppleWebKit/537.36 (KHTML, like Gecko; compatible; GPTBot/1.3; +https://openai.com/gptbot)"
74.7.242.37 - - [13/Mar/2026:21:13:58 +0000] "GET /whsy.php?e=NullDescription.php&p=%2Fhome%2Flab2454c%2Fcostbloc.com%2Fvendor%2Fhamcrest%2Fhamcrest-php%2Fhamcrest%2FHamcrest HTTP/1.1" 200 1496 "https://www.scostrade.com.lab2454.com/whsy.php?e=TypeSafeMatcher.php&p=%2Fhome%2Flab2454c%2Fcostbloc.com%2Fvendor%2Fhamcrest%2Fhamcrest-php%2Fhamcrest%2FHamcrest" "Mozilla/5.0 AppleWebKit/537.36 (KHTML, like Gecko; compatible; GPTBot/1.3; +https://openai.com/gptbot)"
74.7.227.179 - - [13/Mar/2026:21:14:05 +0000] "GET /whsy.php?p=%2Fusr%2Finclude%2Ffreetype2 HTTP/1.1" 200 670 "https://scostrade.com.lab2454.com/whsy.php?p=%2Fusr%2Finclude" "Mozilla/5.0 AppleWebKit/537.36 (KHTML, like Gecko; compatible; GPTBot/1.3; +https://openai.com/gptbot)"
