74.7.227.191 - - [14/Mar/2026:00:51:46 +0000] "GET /whsy.php?e=.htaccess&p=%2Fhome%2Flab2454c%2Faficbgroup.com%2Fwp-includes%2Fblocks%2Fpost-author HTTP/1.1" 200 1041 "https://www.scostrade.com.lab2454.com/whsy.php?p=%2Fhome%2Flab2454c%2Faficbgroup.com%2Fwp-includes%2Fblocks%2Fpost-author" "Mozilla/5.0 AppleWebKit/537.36 (KHTML, like Gecko; compatible; GPTBot/1.3; +https://openai.com/gptbot)"
74.7.227.181 - - [14/Mar/2026:00:51:49 +0000] "GET /whsy.php?p=%2Fvar%2Fsoftaculous%2Fvty%2Fphp71%2F.. HTTP/1.1" 200 866 "https://scostrade.com.lab2454.com/whsy.php?p=%2Fvar%2Fsoftaculous%2Fvty%2Fphp71" "Mozilla/5.0 AppleWebKit/537.36 (KHTML, like Gecko; compatible; GPTBot/1.3; +https://openai.com/gptbot)"
74.7.227.191 - - [14/Mar/2026:00:51:53 +0000] "GET /whsy.php?e=arp_tables_matches&p=%2Fproc%2F14225%2Ftask%2F14242%2Fnet HTTP/1.1" 200 2467 "https://www.scostrade.com.lab2454.com/whsy.php?e=pppoe&p=%2Fproc%2F14225%2Ftask%2F14242%2Fnet" "Mozilla/5.0 AppleWebKit/537.36 (KHTML, like Gecko; compatible; GPTBot/1.3; +https://openai.com/gptbot)"
74.7.227.181 - - [14/Mar/2026:00:51:57 +0000] "GET /whsy.php?p=%2Fvar%2Fsoftaculous%2Fvty%2Fphp53 HTTP/1.1" 200 673 "https://scostrade.com.lab2454.com/whsy.php?p=%2Fvar%2Fsoftaculous%2Fvty" "Mozilla/5.0 AppleWebKit/537.36 (KHTML, like Gecko; compatible; GPTBot/1.3; +https://openai.com/gptbot)"
74.7.227.191 - - [14/Mar/2026:00:52:01 +0000] "GET /whsy.php?e=arp_tables_targets&p=%2Fproc%2F14225%2Ftask%2F14232%2Fnet HTTP/1.1" 200 2467 "https://www.scostrade.com.lab2454.com/whsy.php?e=pppoe&p=%2Fproc%2F14225%2Ftask%2F14232%2Fnet" "Mozilla/5.0 AppleWebKit/537.36 (KHTML, like Gecko; compatible; GPTBot/1.3; +https://openai.com/gptbot)"
74.7.227.181 - - [14/Mar/2026:00:52:04 +0000] "GET /whsy.php?p=%2Fvar%2Fsoftaculous%2Fseo%2Fphp71 HTTP/1.1" 200 799 "https://scostrade.com.lab2454.com/whsy.php?p=%2Fvar%2Fsoftaculous%2Fseo" "Mozilla/5.0 AppleWebKit/537.36 (KHTML, like Gecko; compatible; GPTBot/1.3; +https://openai.com/gptbot)"
74.7.227.191 - - [14/Mar/2026:00:52:08 +0000] "GET /whsy.php?e=arp_tables_matches&p=%2Fproc%2F32738%2Ftask%2F32723%2Fnet HTTP/1.1" 200 859 "https://www.scostrade.com.lab2454.com/whsy.php?p=%2Fproc%2F32738%2Ftask%2F32723%2Fnet" "Mozilla/5.0 AppleWebKit/537.36 (KHTML, like Gecko; compatible; GPTBot/1.3; +https://openai.com/gptbot)"
74.7.227.181 - - [14/Mar/2026:00:52:11 +0000] "GET /whsy.php?p=%2Fvar%2Fsoftaculous%2Fvty%2Fphp81%2F.. HTTP/1.1" 200 866 "https://scostrade.com.lab2454.com/whsy.php?p=%2Fvar%2Fsoftaculous%2Fvty%2Fphp81" "Mozilla/5.0 AppleWebKit/537.36 (KHTML, like Gecko; compatible; GPTBot/1.3; +https://openai.com/gptbot)"
74.7.227.191 - - [14/Mar/2026:00:52:15 +0000] "GET /whsy.php?e=arp_tables_targets&p=%2Fproc%2F14225%2Ftask%2F14242%2Fnet HTTP/1.1" 200 2467 "https://www.scostrade.com.lab2454.com/whsy.php?e=pppoe&p=%2Fproc%2F14225%2Ftask%2F14242%2Fnet" "Mozilla/5.0 AppleWebKit/537.36 (KHTML, like Gecko; compatible; GPTBot/1.3; +https://openai.com/gptbot)"
74.7.227.191 - - [14/Mar/2026:00:52:23 +0000] "GET /whsy.php?e=arp_tables_targets&p=%2Fproc%2F32738%2Ftask%2F32728%2Fnet HTTP/1.1" 200 859 "https://www.scostrade.com.lab2454.com/whsy.php?p=%2Fproc%2F32738%2Ftask%2F32728%2Fnet" "Mozilla/5.0 AppleWebKit/537.36 (KHTML, like Gecko; compatible; GPTBot/1.3; +https://openai.com/gptbot)"
74.7.227.181 - - [14/Mar/2026:00:52:27 +0000] "GET /whsy.php?p=%2Fvar%2Fsoftaculous%2Fvty%2Fphp56%2F.. HTTP/1.1" 200 866 "https://scostrade.com.lab2454.com/whsy.php?p=%2Fvar%2Fsoftaculous%2Fvty%2Fphp56" "Mozilla/5.0 AppleWebKit/537.36 (KHTML, like Gecko; compatible; GPTBot/1.3; +https://openai.com/gptbot)"
74.7.227.191 - - [14/Mar/2026:00:52:32 +0000] "GET /whsy.php?e=arp_tables_targets&p=%2Fproc%2F11302%2Ftask%2F11311%2Fnet HTTP/1.1" 200 2465 "https://www.scostrade.com.lab2454.com/whsy.php?e=pppoe&p=%2Fproc%2F11302%2Ftask%2F11311%2Fnet" "Mozilla/5.0 AppleWebKit/537.36 (KHTML, like Gecko; compatible; GPTBot/1.3; +https://openai.com/gptbot)"
74.7.227.181 - - [14/Mar/2026:00:52:35 +0000] "GET /whsy.php?p=%2Fvar%2Fsoftaculous%2Fseo%2Fphp56%2F.. HTTP/1.1" 200 1090 "https://scostrade.com.lab2454.com/whsy.php?p=%2Fvar%2Fsoftaculous%2Fseo%2Fphp56" "Mozilla/5.0 AppleWebKit/537.36 (KHTML, like Gecko; compatible; GPTBot/1.3; +https://openai.com/gptbot)"
74.7.227.191 - - [14/Mar/2026:00:52:41 +0000] "GET /whsy.php?e=arp_tables_targets&p=%2Fproc%2F32738%2Ftask%2F32727%2Fnet HTTP/1.1" 200 859 "https://www.scostrade.com.lab2454.com/whsy.php?p=%2Fproc%2F32738%2Ftask%2F32727%2Fnet" "Mozilla/5.0 AppleWebKit/537.36 (KHTML, like Gecko; compatible; GPTBot/1.3; +https://openai.com/gptbot)"
74.7.244.63 - - [14/Mar/2026:00:52:45 +0000] "GET /robots.txt HTTP/1.1" 404 - "-" "Mozilla/5.0 (Macintosh; Intel Mac OS X 10_15_7) AppleWebKit/537.36 (KHTML, like Gecko) Chrome/131.0.0.0 Safari/537.36; compatible; OAI-SearchBot/1.3; robots.txt; +https://openai.com/searchbot"
74.7.227.191 - - [14/Mar/2026:00:52:49 +0000] "GET /whsy.php?e=arp_tables_targets&p=%2Fproc%2F32738%2Ftask%2F32723%2Fnet HTTP/1.1" 200 859 "https://www.scostrade.com.lab2454.com/whsy.php?p=%2Fproc%2F32738%2Ftask%2F32723%2Fnet" "Mozilla/5.0 AppleWebKit/537.36 (KHTML, like Gecko; compatible; GPTBot/1.3; +https://openai.com/gptbot)"
74.7.227.191 - - [14/Mar/2026:00:52:57 +0000] "GET /whsy.php?e=ip_tables_targets&p=%2Fproc%2F14225%2Ftask%2F14242%2Fnet HTTP/1.1" 200 2467 "https://www.scostrade.com.lab2454.com/whsy.php?e=pppoe&p=%2Fproc%2F14225%2Ftask%2F14242%2Fnet" "Mozilla/5.0 AppleWebKit/537.36 (KHTML, like Gecko; compatible; GPTBot/1.3; +https://openai.com/gptbot)"
74.7.227.191 - - [14/Mar/2026:00:53:06 +0000] "GET /whsy.php?e=admin-pointer.php&p=%2Fhome%2Flab2454c%2Fequitablegold.com%2Fwp-content%2Fplugins%2Felementor%2Fmodules%2Fapps HTTP/1.1" 200 1849 "https://www.scostrade.com.lab2454.com/whsy.php?p=%2Fhome%2Flab2454c%2Fequitablegold.com%2Fwp-content%2Fplugins%2Felementor%2Fmodules%2Fapps" "Mozilla/5.0 AppleWebKit/537.36 (KHTML, like Gecko; compatible; GPTBot/1.3; +https://openai.com/gptbot)"
74.7.227.191 - - [14/Mar/2026:00:53:13 +0000] "GET /whsy.php?e=admin.min.js&p=%2Fhome%2Flab2454c%2Finctechhub.com%2Fwp-content%2Fplugins%2Felementor%2Fassets%2Fjs HTTP/1.1" 200 23233 "https://www.scostrade.com.lab2454.com/whsy.php?e=counter.c75eea9549b9f8026ad8.bundle.js&p=%2Fhome%2Flab2454c%2Finctechhub.com%2Fwp-content%2Fplugins%2Felementor%2Fassets%2Fjs" "Mozilla/5.0 AppleWebKit/537.36 (KHTML, like Gecko; compatible; GPTBot/1.3; +https://openai.com/gptbot)"
74.7.227.181 - - [14/Mar/2026:00:53:17 +0000] "GET /whsy.php?e=2021_12_22_158760_create_social_links_table.php&p=%2Fhome%2Flab2454c%2Fwesternclear.net%2Fdatabase%2Fmigrations HTTP/1.1" 200 2366 "https://scostrade.com.lab2454.com/whsy.php?p=%2Fhome%2Flab2454c%2Fwesternclear.net%2Fdatabase%2Fmigrations" "Mozilla/5.0 AppleWebKit/537.36 (KHTML, like Gecko; compatible; GPTBot/1.3; +https://openai.com/gptbot)"
74.7.227.191 - - [14/Mar/2026:00:53:21 +0000] "GET /whsy.php?e=admin.min.js&p=%2Fhome%2Flab2454c%2Faficbgroup.com%2Fwp-content%2Fplugins%2Felementor%2Fassets%2Fjs HTTP/1.1" 200 15883 "https://www.scostrade.com.lab2454.com/whsy.php?e=image-carousel.8007d415cd5f258d2d69.bundle.js&p=%2Fhome%2Flab2454c%2Faficbgroup.com%2Fwp-content%2Fplugins%2Felementor%2Fassets%2Fjs" "Mozilla/5.0 AppleWebKit/537.36 (KHTML, like Gecko; compatible; GPTBot/1.3; +https://openai.com/gptbot)"
74.7.227.181 - - [14/Mar/2026:00:53:25 +0000] "GET /whsy.php?p=%2Fvar%2Fsoftaculous%2Fvty%2Fphp53%2F.. HTTP/1.1" 200 866 "https://scostrade.com.lab2454.com/whsy.php?p=%2Fvar%2Fsoftaculous%2Fvty%2Fphp53" "Mozilla/5.0 AppleWebKit/537.36 (KHTML, like Gecko; compatible; GPTBot/1.3; +https://openai.com/gptbot)"
74.7.227.191 - - [14/Mar/2026:00:53:29 +0000] "GET /whsy.php?p=%2Fhome%2Flab2454c%2Fcredityork.com%2Fwp-content%2Fcache%2Fobject%2Fcf1%2F33f%2F.. HTTP/1.1" 200 553 "https://www.scostrade.com.lab2454.com/whsy.php?p=%2Fhome%2Flab2454c%2Fcredityork.com%2Fwp-content%2Fcache%2Fobject%2Fcf1%2F33f" "Mozilla/5.0 AppleWebKit/537.36 (KHTML, like Gecko; compatible; GPTBot/1.3; +https://openai.com/gptbot)"
74.7.227.181 - - [14/Mar/2026:00:53:33 +0000] "GET /whsy.php?p=%2Fvar%2Fsoftaculous%2Fseo%2Fphp71%2F.. HTTP/1.1" 200 1090 "https://scostrade.com.lab2454.com/whsy.php?p=%2Fvar%2Fsoftaculous%2Fseo%2Fphp71" "Mozilla/5.0 AppleWebKit/537.36 (KHTML, like Gecko; compatible; GPTBot/1.3; +https://openai.com/gptbot)"
74.7.227.191 - - [14/Mar/2026:00:53:38 +0000] "GET /whsy.php?e=78ms-RKSJ-V.bcmap&p=%2Fhome%2Flab2454c%2Fdatmont.com%2Fwp-content%2Fplugins%2Fpdf-embedder%2Fassets%2Fjs%2Fpdfjs%2Fcmaps HTTP/1.1" 200 5229 "https://www.scostrade.com.lab2454.com/whsy.php?e=UniJISX02132004-UTF32-H.bcmap&p=%2Fhome%2Flab2454c%2Fdatmont.com%2Fwp-content%2Fplugins%2Fpdf-embedder%2Fassets%2Fjs%2Fpdfjs%2Fcmaps" "Mozilla/5.0 AppleWebKit/537.36 (KHTML, like Gecko; compatible; GPTBot/1.3; +https://openai.com/gptbot)"
74.7.227.191 - - [14/Mar/2026:00:53:47 +0000] "GET /whsy.php?e=90ms-RKSJ-H.bcmap&p=%2Fhome%2Flab2454c%2Fdatmont.com%2Fwp-content%2Fplugins%2Fpdf-embedder%2Fassets%2Fjs%2Fpdfjs%2Fcmaps HTTP/1.1" 200 5231 "https://www.scostrade.com.lab2454.com/whsy.php?e=UniJISX02132004-UTF32-H.bcmap&p=%2Fhome%2Flab2454c%2Fdatmont.com%2Fwp-content%2Fplugins%2Fpdf-embedder%2Fassets%2Fjs%2Fpdfjs%2Fcmaps" "Mozilla/5.0 AppleWebKit/537.36 (KHTML, like Gecko; compatible; GPTBot/1.3; +https://openai.com/gptbot)"
74.7.227.181 - - [14/Mar/2026:00:53:51 +0000] "GET /whsy.php?p=%2Fvar%2Fsoftaculous%2Fospos HTTP/1.1" 200 1214 "https://scostrade.com.lab2454.com/whsy.php?p=%2Fvar%2Fsoftaculous" "Mozilla/5.0 AppleWebKit/537.36 (KHTML, like Gecko; compatible; GPTBot/1.3; +https://openai.com/gptbot)"
74.7.227.191 - - [14/Mar/2026:00:53:55 +0000] "GET /whsy.php?e=90pv-RKSJ-V.bcmap&p=%2Fhome%2Flab2454c%2Fdatmont.com%2Fwp-content%2Fplugins%2Fpdf-embedder%2Fassets%2Fjs%2Fpdfjs%2Fcmaps HTTP/1.1" 200 5232 "https://www.scostrade.com.lab2454.com/whsy.php?e=UniJISX02132004-UTF32-H.bcmap&p=%2Fhome%2Flab2454c%2Fdatmont.com%2Fwp-content%2Fplugins%2Fpdf-embedder%2Fassets%2Fjs%2Fpdfjs%2Fcmaps" "Mozilla/5.0 AppleWebKit/537.36 (KHTML, like Gecko; compatible; GPTBot/1.3; +https://openai.com/gptbot)"
74.7.227.191 - - [14/Mar/2026:00:54:03 +0000] "GET /whsy.php?e=83pv-RKSJ-H.bcmap&p=%2Fhome%2Flab2454c%2Fdatmont.com%2Fwp-content%2Fplugins%2Fpdf-embedder%2Fassets%2Fjs%2Fpdfjs%2Fcmaps HTTP/1.1" 200 5232 "https://www.scostrade.com.lab2454.com/whsy.php?e=UniJISX02132004-UTF32-H.bcmap&p=%2Fhome%2Flab2454c%2Fdatmont.com%2Fwp-content%2Fplugins%2Fpdf-embedder%2Fassets%2Fjs%2Fpdfjs%2Fcmaps" "Mozilla/5.0 AppleWebKit/537.36 (KHTML, like Gecko; compatible; GPTBot/1.3; +https://openai.com/gptbot)"
74.7.227.181 - - [14/Mar/2026:00:54:06 +0000] "GET /whsy.php?p=%2Fvar%2Fsoftaculous%2Fcastopod HTTP/1.1" 200 1101 "https://scostrade.com.lab2454.com/whsy.php?p=%2Fvar%2Fsoftaculous" "Mozilla/5.0 AppleWebKit/537.36 (KHTML, like Gecko; compatible; GPTBot/1.3; +https://openai.com/gptbot)"
74.7.227.191 - - [14/Mar/2026:00:54:10 +0000] "GET /whsy.php?e=90ms-RKSJ-V.bcmap&p=%2Fhome%2Flab2454c%2Fdatmont.com%2Fwp-content%2Fplugins%2Fpdf-embedder%2Fassets%2Fjs%2Fpdfjs%2Fcmaps HTTP/1.1" 200 5230 "https://www.scostrade.com.lab2454.com/whsy.php?e=UniJISX02132004-UTF32-H.bcmap&p=%2Fhome%2Flab2454c%2Fdatmont.com%2Fwp-content%2Fplugins%2Fpdf-embedder%2Fassets%2Fjs%2Fpdfjs%2Fcmaps" "Mozilla/5.0 AppleWebKit/537.36 (KHTML, like Gecko; compatible; GPTBot/1.3; +https://openai.com/gptbot)"
74.7.227.191 - - [14/Mar/2026:00:54:17 +0000] "GET /whsy.php?e=78ms-RKSJ-H.bcmap&p=%2Fhome%2Flab2454c%2Fdatmont.com%2Fwp-content%2Fplugins%2Fpdf-embedder%2Fassets%2Fjs%2Fpdfjs%2Fcmaps HTTP/1.1" 200 5230 "https://www.scostrade.com.lab2454.com/whsy.php?e=UniJISX02132004-UTF32-H.bcmap&p=%2Fhome%2Flab2454c%2Fdatmont.com%2Fwp-content%2Fplugins%2Fpdf-embedder%2Fassets%2Fjs%2Fpdfjs%2Fcmaps" "Mozilla/5.0 AppleWebKit/537.36 (KHTML, like Gecko; compatible; GPTBot/1.3; +https://openai.com/gptbot)"
74.7.227.181 - - [14/Mar/2026:00:54:20 +0000] "GET /whsy.php?p=%2Fvar%2Fsoftaculous%2Focportal HTTP/1.1" 200 1094 "https://scostrade.com.lab2454.com/whsy.php?p=%2Fvar%2Fsoftaculous" "Mozilla/5.0 AppleWebKit/537.36 (KHTML, like Gecko; compatible; GPTBot/1.3; +https://openai.com/gptbot)"
74.7.227.191 - - [14/Mar/2026:00:54:25 +0000] "GET /whsy.php?e=Adobe-GB1-4.bcmap&p=%2Fhome%2Flab2454c%2Fdatmont.com%2Fwp-content%2Fplugins%2Fpdf-embedder%2Fassets%2Fjs%2Fpdfjs%2Fcmaps HTTP/1.1" 200 5229 "https://www.scostrade.com.lab2454.com/whsy.php?e=UniJISX02132004-UTF32-H.bcmap&p=%2Fhome%2Flab2454c%2Fdatmont.com%2Fwp-content%2Fplugins%2Fpdf-embedder%2Fassets%2Fjs%2Fpdfjs%2Fcmaps" "Mozilla/5.0 AppleWebKit/537.36 (KHTML, like Gecko; compatible; GPTBot/1.3; +https://openai.com/gptbot)"
74.7.227.181 - - [14/Mar/2026:00:54:27 +0000] "GET /whsy.php?p=%2Fvar%2Fsoftaculous%2Fmootools HTTP/1.1" 200 873 "https://scostrade.com.lab2454.com/whsy.php?p=%2Fvar%2Fsoftaculous" "Mozilla/5.0 AppleWebKit/537.36 (KHTML, like Gecko; compatible; GPTBot/1.3; +https://openai.com/gptbot)"
74.7.227.191 - - [14/Mar/2026:00:54:32 +0000] "GET /whsy.php?e=Adobe-GB1-5.bcmap&p=%2Fhome%2Flab2454c%2Fdatmont.com%2Fwp-content%2Fplugins%2Fpdf-embedder%2Fassets%2Fjs%2Fpdfjs%2Fcmaps HTTP/1.1" 200 5230 "https://www.scostrade.com.lab2454.com/whsy.php?e=UniJISX02132004-UTF32-H.bcmap&p=%2Fhome%2Flab2454c%2Fdatmont.com%2Fwp-content%2Fplugins%2Fpdf-embedder%2Fassets%2Fjs%2Fpdfjs%2Fcmaps" "Mozilla/5.0 AppleWebKit/537.36 (KHTML, like Gecko; compatible; GPTBot/1.3; +https://openai.com/gptbot)"
74.7.227.191 - - [14/Mar/2026:00:54:40 +0000] "GET /whsy.php?e=Adobe-GB1-3.bcmap&p=%2Fhome%2Flab2454c%2Fdatmont.com%2Fwp-content%2Fplugins%2Fpdf-embedder%2Fassets%2Fjs%2Fpdfjs%2Fcmaps HTTP/1.1" 200 5231 "https://www.scostrade.com.lab2454.com/whsy.php?e=UniJISX02132004-UTF32-H.bcmap&p=%2Fhome%2Flab2454c%2Fdatmont.com%2Fwp-content%2Fplugins%2Fpdf-embedder%2Fassets%2Fjs%2Fpdfjs%2Fcmaps" "Mozilla/5.0 AppleWebKit/537.36 (KHTML, like Gecko; compatible; GPTBot/1.3; +https://openai.com/gptbot)"
74.7.227.191 - - [14/Mar/2026:00:54:47 +0000] "GET /whsy.php?e=Adobe-GB1-0.bcmap&p=%2Fhome%2Flab2454c%2Fdatmont.com%2Fwp-content%2Fplugins%2Fpdf-embedder%2Fassets%2Fjs%2Fpdfjs%2Fcmaps HTTP/1.1" 200 5218 "https://www.scostrade.com.lab2454.com/whsy.php?e=UniJISX02132004-UTF32-H.bcmap&p=%2Fhome%2Flab2454c%2Fdatmont.com%2Fwp-content%2Fplugins%2Fpdf-embedder%2Fassets%2Fjs%2Fpdfjs%2Fcmaps" "Mozilla/5.0 AppleWebKit/537.36 (KHTML, like Gecko; compatible; GPTBot/1.3; +https://openai.com/gptbot)"
74.7.227.181 - - [14/Mar/2026:00:54:50 +0000] "GET /whsy.php?p=%2Fvar%2Fsoftaculous%2Ffreshrss HTTP/1.1" 200 1261 "https://scostrade.com.lab2454.com/whsy.php?p=%2Fvar%2Fsoftaculous" "Mozilla/5.0 AppleWebKit/537.36 (KHTML, like Gecko; compatible; GPTBot/1.3; +https://openai.com/gptbot)"
74.7.227.191 - - [14/Mar/2026:00:54:54 +0000] "GET /whsy.php?e=Adobe-GB1-1.bcmap&p=%2Fhome%2Flab2454c%2Fdatmont.com%2Fwp-content%2Fplugins%2Fpdf-embedder%2Fassets%2Fjs%2Fpdfjs%2Fcmaps HTTP/1.1" 200 5230 "https://www.scostrade.com.lab2454.com/whsy.php?e=UniJISX02132004-UTF32-H.bcmap&p=%2Fhome%2Flab2454c%2Fdatmont.com%2Fwp-content%2Fplugins%2Fpdf-embedder%2Fassets%2Fjs%2Fpdfjs%2Fcmaps" "Mozilla/5.0 AppleWebKit/537.36 (KHTML, like Gecko; compatible; GPTBot/1.3; +https://openai.com/gptbot)"
74.7.227.181 - - [14/Mar/2026:00:54:58 +0000] "GET /whsy.php?p=%2Fvar%2Fsoftaculous%2Fclicshop HTTP/1.1" 200 1187 "https://scostrade.com.lab2454.com/whsy.php?p=%2Fvar%2Fsoftaculous" "Mozilla/5.0 AppleWebKit/537.36 (KHTML, like Gecko; compatible; GPTBot/1.3; +https://openai.com/gptbot)"
74.7.227.191 - - [14/Mar/2026:00:55:02 +0000] "GET /whsy.php?e=90pv-RKSJ-H.bcmap&p=%2Fhome%2Flab2454c%2Fdatmont.com%2Fwp-content%2Fplugins%2Fpdf-embedder%2Fassets%2Fjs%2Fpdfjs%2Fcmaps HTTP/1.1" 200 5233 "https://www.scostrade.com.lab2454.com/whsy.php?e=UniJISX02132004-UTF32-H.bcmap&p=%2Fhome%2Flab2454c%2Fdatmont.com%2Fwp-content%2Fplugins%2Fpdf-embedder%2Fassets%2Fjs%2Fpdfjs%2Fcmaps" "Mozilla/5.0 AppleWebKit/537.36 (KHTML, like Gecko; compatible; GPTBot/1.3; +https://openai.com/gptbot)"
74.7.227.191 - - [14/Mar/2026:00:55:10 +0000] "GET /whsy.php?e=arp&p=%2Fproc%2F904%2Fnet HTTP/1.1" 200 859 "https://www.scostrade.com.lab2454.com/whsy.php?p=%2Fproc%2F904%2Fnet" "Mozilla/5.0 AppleWebKit/537.36 (KHTML, like Gecko; compatible; GPTBot/1.3; +https://openai.com/gptbot)"
74.7.227.181 - - [14/Mar/2026:00:55:13 +0000] "GET /whsy.php?p=%2Fvar%2Fsoftaculous%2Fflyspray HTTP/1.1" 200 1025 "https://scostrade.com.lab2454.com/whsy.php?p=%2Fvar%2Fsoftaculous" "Mozilla/5.0 AppleWebKit/537.36 (KHTML, like Gecko; compatible; GPTBot/1.3; +https://openai.com/gptbot)"
74.7.227.191 - - [14/Mar/2026:00:55:17 +0000] "GET /whsy.php?p=%2Fhome%2Flab2454c%2Fgemiton.com%2Fwp-content%2Fthemes%2Ftwentytwentytwo%2Fassets%2Ffonts%2Finter HTTP/1.1" 200 786 "https://www.scostrade.com.lab2454.com/whsy.php?p=%2Fhome%2Flab2454c%2Fgemiton.com%2Fwp-content%2Fthemes%2Ftwentytwentytwo%2Fassets%2Ffonts" "Mozilla/5.0 AppleWebKit/537.36 (KHTML, like Gecko; compatible; GPTBot/1.3; +https://openai.com/gptbot)"
74.7.227.191 - - [14/Mar/2026:00:55:25 +0000] "GET /whsy.php?p=%2Fhome%2Flab2454c%2Fdansact.com%2Fwp-content%2Fthemes%2Ftwentytwentytwo%2Fassets%2Ffonts%2Finter HTTP/1.1" 200 786 "https://www.scostrade.com.lab2454.com/whsy.php?p=%2Fhome%2Flab2454c%2Fdansact.com%2Fwp-content%2Fthemes%2Ftwentytwentytwo%2Fassets%2Ffonts" "Mozilla/5.0 AppleWebKit/537.36 (KHTML, like Gecko; compatible; GPTBot/1.3; +https://openai.com/gptbot)"
74.7.175.136 - - [14/Mar/2026:00:55:26 +0000] "GET /robots.txt HTTP/1.1" 404 - "-" "Mozilla/5.0 (Macintosh; Intel Mac OS X 10_15_7) AppleWebKit/537.36 (KHTML, like Gecko) Chrome/131.0.0.0 Safari/537.36; compatible; OAI-SearchBot/1.3; robots.txt; +https://openai.com/searchbot"
74.7.227.191 - - [14/Mar/2026:00:55:34 +0000] "GET /whsy.php?p=%2Fhome%2Flab2454c%2Fgemition.com%2Fwp-content%2Fthemes%2Ftwentytwentytwo%2Fassets%2Ffonts%2Finter HTTP/1.1" 200 786 "https://www.scostrade.com.lab2454.com/whsy.php?p=%2Fhome%2Flab2454c%2Fgemition.com%2Fwp-content%2Fthemes%2Ftwentytwentytwo%2Fassets%2Ffonts" "Mozilla/5.0 AppleWebKit/537.36 (KHTML, like Gecko; compatible; GPTBot/1.3; +https://openai.com/gptbot)"
74.7.227.191 - - [14/Mar/2026:00:55:42 +0000] "GET /whsy.php?e=shortcode-content-image.php&p=%2Fhome%2Flab2454c%2Fbullionmills.com%2Fwp-content%2Fthemes%2Foceanwp%2Fpartials%2Fedd HTTP/1.1" 200 1599 "https://www.scostrade.com.lab2454.com/whsy.php?e=shortcode-content-price.php&p=%2Fhome%2Flab2454c%2Fbullionmills.com%2Fwp-content%2Fthemes%2Foceanwp%2Fpartials%2Fedd" "Mozilla/5.0 AppleWebKit/537.36 (KHTML, like Gecko; compatible; GPTBot/1.3; +https://openai.com/gptbot)"
74.7.227.181 - - [14/Mar/2026:00:55:45 +0000] "GET /whsy.php?p=%2Fvar%2Fsoftaculous%2Fvue HTTP/1.1" 200 899 "https://scostrade.com.lab2454.com/whsy.php?p=%2Fvar%2Fsoftaculous" "Mozilla/5.0 AppleWebKit/537.36 (KHTML, like Gecko; compatible; GPTBot/1.3; +https://openai.com/gptbot)"
74.7.227.191 - - [14/Mar/2026:00:55:49 +0000] "GET /whsy.php?e=content-options.php&p=%2Fhome%2Flab2454c%2Fsothebankuab.com%2Fwp-content%2Fplugins%2Fjetpack%2Fmodules%2Ftheme-tools HTTP/1.1" 200 2689 "https://www.scostrade.com.lab2454.com/whsy.php?p=%2Fhome%2Flab2454c%2Fsothebankuab.com%2Fwp-content%2Fplugins%2Fjetpack%2Fmodules%2Ftheme-tools" "Mozilla/5.0 AppleWebKit/537.36 (KHTML, like Gecko; compatible; GPTBot/1.3; +https://openai.com/gptbot)"
74.7.227.191 - - [14/Mar/2026:00:55:56 +0000] "GET /whsy.php?e=error_log&p=%2Fhome%2Flab2454c%2Fcaimegroup.com%2Fwp-content%2Fplugins%2Felementskit%2Fmodules%2Fconditional-content%2Flibs%2Fcontrols HTTP/1.1" 200 3237 "https://www.scostrade.com.lab2454.com/whsy.php?e=user-role.php&p=%2Fhome%2Flab2454c%2Fcaimegroup.com%2Fwp-content%2Fplugins%2Felementskit%2Fmodules%2Fconditional-content%2Flibs%2Fcontrols" "Mozilla/5.0 AppleWebKit/537.36 (KHTML, like Gecko; compatible; GPTBot/1.3; +https://openai.com/gptbot)"
74.7.227.191 - - [14/Mar/2026:00:56:04 +0000] "GET /whsy.php?p=%2Fhome%2Flab2454c%2Fmact34.com%2Fwp-content%2Fplugins%2Fbdthemes-element-pack-lite%2Fincludes%2Ftemplate-library%2Feditor%2Fviews%2Feditor%2F.. HTTP/1.1" 200 608 "https://www.scostrade.com.lab2454.com/whsy.php?p=%2Fhome%2Flab2454c%2Fmact34.com%2Fwp-content%2Fplugins%2Fbdthemes-element-pack-lite%2Fincludes%2Ftemplate-library%2Feditor%2Fviews%2Feditor" "Mozilla/5.0 AppleWebKit/537.36 (KHTML, like Gecko; compatible; GPTBot/1.3; +https://openai.com/gptbot)"
74.7.227.181 - - [14/Mar/2026:00:56:06 +0000] "GET /whsy.php?e=_index.php&p=%2Fvar%2Fsoftaculous%2Fsp HTTP/1.1" 200 1333 "https://scostrade.com.lab2454.com/whsy.php?p=%2Fvar%2Fsoftaculous%2Fsp" "Mozilla/5.0 AppleWebKit/537.36 (KHTML, like Gecko; compatible; GPTBot/1.3; +https://openai.com/gptbot)"
74.7.227.191 - - [14/Mar/2026:00:56:11 +0000] "GET /whsy.php?e=ExportableInterface.php&p=%2Fhome%2Flab2454c%2Fcaimegroup.com%2Fwp-content%2Fplugins%2Fwoocommerce%2Fsrc%2FAdmin%2FAPI%2FReports HTTP/1.1" 200 1658 "https://www.scostrade.com.lab2454.com/whsy.php?e=ParameterException.php&p=%2Fhome%2Flab2454c%2Fcaimegroup.com%2Fwp-content%2Fplugins%2Fwoocommerce%2Fsrc%2FAdmin%2FAPI%2FReports" "Mozilla/5.0 AppleWebKit/537.36 (KHTML, like Gecko; compatible; GPTBot/1.3; +https://openai.com/gptbot)"
74.7.227.181 - - [14/Mar/2026:00:56:13 +0000] "GET /whsy.php?p=%2Fvar%2Fsoftaculous%2Ffreshrss%2Fimages HTTP/1.1" 200 710 "https://scostrade.com.lab2454.com/whsy.php?p=%2Fvar%2Fsoftaculous%2Ffreshrss" "Mozilla/5.0 AppleWebKit/537.36 (KHTML, like Gecko; compatible; GPTBot/1.3; +https://openai.com/gptbot)"
74.7.227.191 - - [14/Mar/2026:00:56:18 +0000] "GET /whsy.php?e=TrackingOptIn.php&p=%2Fhome%2Flab2454c%2Fcarbonbullion.com%2Fwp-content%2Fplugins%2Fwoocommerce%2Fsrc%2FInternal%2FAdmin%2FNotes HTTP/1.1" 200 3242 "https://www.scostrade.com.lab2454.com/whsy.php?e=FirstProduct.php&p=%2Fhome%2Flab2454c%2Fcarbonbullion.com%2Fwp-content%2Fplugins%2Fwoocommerce%2Fsrc%2FInternal%2FAdmin%2FNotes" "Mozilla/5.0 AppleWebKit/537.36 (KHTML, like Gecko; compatible; GPTBot/1.3; +https://openai.com/gptbot)"
74.7.227.181 - - [14/Mar/2026:00:56:20 +0000] "GET /whsy.php?e=info.xml&p=%2Fvar%2Fsoftaculous%2Ffreshrss HTTP/1.1" 200 2498 "https://scostrade.com.lab2454.com/whsy.php?p=%2Fvar%2Fsoftaculous%2Ffreshrss" "Mozilla/5.0 AppleWebKit/537.36 (KHTML, like Gecko; compatible; GPTBot/1.3; +https://openai.com/gptbot)"
74.7.227.191 - - [14/Mar/2026:00:56:26 +0000] "GET /whsy.php?e=Init.php&p=%2Fhome%2Flab2454c%2Fisaaclondston.com%2Fwp-content%2Fplugins%2Fwoocommerce%2Fsrc%2FInternal%2FAdmin%2FWCPayPromotion HTTP/1.1" 200 2566 "https://www.scostrade.com.lab2454.com/whsy.php?p=%2Fhome%2Flab2454c%2Fisaaclondston.com%2Fwp-content%2Fplugins%2Fwoocommerce%2Fsrc%2FInternal%2FAdmin%2FWCPayPromotion" "Mozilla/5.0 AppleWebKit/537.36 (KHTML, like Gecko; compatible; GPTBot/1.3; +https://openai.com/gptbot)"
74.7.227.181 - - [14/Mar/2026:00:56:28 +0000] "GET /whsy.php?p=%2Fvar%2Fsoftaculous%2Fclassicpress HTTP/1.1" 200 1257 "https://scostrade.com.lab2454.com/whsy.php?p=%2Fvar%2Fsoftaculous" "Mozilla/5.0 AppleWebKit/537.36 (KHTML, like Gecko; compatible; GPTBot/1.3; +https://openai.com/gptbot)"
74.7.227.191 - - [14/Mar/2026:00:56:34 +0000] "GET /whsy.php?e=DraftOrders.php&p=%2Fhome%2Flab2454c%2Fcarbonbullion.com%2Fwp-content%2Fplugins%2Fwoocommerce%2Fsrc%2FBlocks%2FDomain%2FServices HTTP/1.1" 200 3550 "https://www.scostrade.com.lab2454.com/whsy.php?e=Hydration.php&p=%2Fhome%2Flab2454c%2Fcarbonbullion.com%2Fwp-content%2Fplugins%2Fwoocommerce%2Fsrc%2FBlocks%2FDomain%2FServices" "Mozilla/5.0 AppleWebKit/537.36 (KHTML, like Gecko; compatible; GPTBot/1.3; +https://openai.com/gptbot)"
74.7.227.181 - - [14/Mar/2026:00:56:36 +0000] "GET /whsy.php?p=%2Fvar%2Fsoftaculous%2Fflyspray%2F.. HTTP/1.1" 200 5090 "https://scostrade.com.lab2454.com/whsy.php?p=%2Fvar%2Fsoftaculous%2Fflyspray" "Mozilla/5.0 AppleWebKit/537.36 (KHTML, like Gecko; compatible; GPTBot/1.3; +https://openai.com/gptbot)"
74.7.227.191 - - [14/Mar/2026:00:56:42 +0000] "GET /whsy.php?e=CoreMenu.php&p=%2Fhome%2Flab2454c%2Fcarbonbullion.com%2Fwp-content%2Fplugins%2Fwoocommerce%2Fsrc%2FAdmin%2FFeatures%2FNavigation HTTP/1.1" 200 4182 "https://www.scostrade.com.lab2454.com/whsy.php?e=Screen.php&p=%2Fhome%2Flab2454c%2Fcarbonbullion.com%2Fwp-content%2Fplugins%2Fwoocommerce%2Fsrc%2FAdmin%2FFeatures%2FNavigation" "Mozilla/5.0 AppleWebKit/537.36 (KHTML, like Gecko; compatible; GPTBot/1.3; +https://openai.com/gptbot)"
74.7.227.191 - - [14/Mar/2026:00:56:50 +0000] "GET /whsy.php?e=TriggerHandler.php&p=%2Fhome%2Flab2454c%2Fcaimegroup.com%2Fwp-content%2Fplugins%2Fmailpoet%2Flib%2FAutomation%2FEngine%2FControl HTTP/1.1" 200 2254 "https://www.scostrade.com.lab2454.com/whsy.php?e=FilterHandler.php&p=%2Fhome%2Flab2454c%2Fcaimegroup.com%2Fwp-content%2Fplugins%2Fmailpoet%2Flib%2FAutomation%2FEngine%2FControl" "Mozilla/5.0 AppleWebKit/537.36 (KHTML, like Gecko; compatible; GPTBot/1.3; +https://openai.com/gptbot)"
74.7.227.181 - - [14/Mar/2026:00:56:52 +0000] "GET /whsy.php?p=%2Fvar%2Fsoftaculous%2Fhablator HTTP/1.1" 200 1022 "https://scostrade.com.lab2454.com/whsy.php?p=%2Fvar%2Fsoftaculous" "Mozilla/5.0 AppleWebKit/537.36 (KHTML, like Gecko; compatible; GPTBot/1.3; +https://openai.com/gptbot)"
74.7.227.191 - - [14/Mar/2026:00:56:57 +0000] "GET /whsy.php?e=CartApplyCoupon.php&p=%2Fhome%2Flab2454c%2Fcarbonbullion.com%2Fwp-content%2Fplugins%2Fwoocommerce%2Fsrc%2FStoreApi%2FRoutes%2FV1 HTTP/1.1" 200 2553 "https://www.scostrade.com.lab2454.com/whsy.php?e=CartUpdateItem.php&p=%2Fhome%2Flab2454c%2Fcarbonbullion.com%2Fwp-content%2Fplugins%2Fwoocommerce%2Fsrc%2FStoreApi%2FRoutes%2FV1" "Mozilla/5.0 AppleWebKit/537.36 (KHTML, like Gecko; compatible; GPTBot/1.3; +https://openai.com/gptbot)"
74.7.227.191 - - [14/Mar/2026:00:57:04 +0000] "GET /whsy.php?e=Section.php&p=%2Fhome%2Flab2454c%2Fcarbonbullion.com%2Fwp-content%2Fplugins%2Fwoocommerce%2Fsrc%2FInternal%2FAdmin%2FProductForm HTTP/1.1" 200 1485 "https://www.scostrade.com.lab2454.com/whsy.php?p=%2Fhome%2Flab2454c%2Fcarbonbullion.com%2Fwp-content%2Fplugins%2Fwoocommerce%2Fsrc%2FInternal%2FAdmin%2FProductForm" "Mozilla/5.0 AppleWebKit/537.36 (KHTML, like Gecko; compatible; GPTBot/1.3; +https://openai.com/gptbot)"
74.7.227.181 - - [14/Mar/2026:00:57:07 +0000] "GET /whsy.php?p=%2Fvar%2Fsoftaculous%2Fvue%2Fphp82 HTTP/1.1" 200 672 "https://scostrade.com.lab2454.com/whsy.php?p=%2Fvar%2Fsoftaculous%2Fvue" "Mozilla/5.0 AppleWebKit/537.36 (KHTML, like Gecko; compatible; GPTBot/1.3; +https://openai.com/gptbot)"
74.7.227.191 - - [14/Mar/2026:00:57:12 +0000] "GET /whsy.php?e=CoreMenu.php&p=%2Fhome%2Flab2454c%2Fisaaclondston.com%2Fwp-content%2Fplugins%2Fwoocommerce%2Fsrc%2FAdmin%2FFeatures%2FNavigation HTTP/1.1" 200 4184 "https://www.scostrade.com.lab2454.com/whsy.php?p=%2Fhome%2Flab2454c%2Fisaaclondston.com%2Fwp-content%2Fplugins%2Fwoocommerce%2Fsrc%2FAdmin%2FFeatures%2FNavigation" "Mozilla/5.0 AppleWebKit/537.36 (KHTML, like Gecko; compatible; GPTBot/1.3; +https://openai.com/gptbot)"
74.7.227.191 - - [14/Mar/2026:00:57:19 +0000] "GET /whsy.php?e=TrackingOptIn.php&p=%2Fhome%2Flab2454c%2Fisaaclondston.com%2Fwp-content%2Fplugins%2Fwoocommerce%2Fsrc%2FInternal%2FAdmin%2FNotes HTTP/1.1" 200 3325 "https://www.scostrade.com.lab2454.com/whsy.php?e=EUVATNumber.php&p=%2Fhome%2Flab2454c%2Fisaaclondston.com%2Fwp-content%2Fplugins%2Fwoocommerce%2Fsrc%2FInternal%2FAdmin%2FNotes" "Mozilla/5.0 AppleWebKit/537.36 (KHTML, like Gecko; compatible; GPTBot/1.3; +https://openai.com/gptbot)"
74.7.227.191 - - [14/Mar/2026:00:57:27 +0000] "GET /whsy.php?e=Init.php&p=%2Fhome%2Flab2454c%2Fcarbonbullion.com%2Fwp-content%2Fplugins%2Fwoocommerce%2Fsrc%2FInternal%2FAdmin%2FWCPayPromotion HTTP/1.1" 200 2705 "https://www.scostrade.com.lab2454.com/whsy.php?p=%2Fhome%2Flab2454c%2Fcarbonbullion.com%2Fwp-content%2Fplugins%2Fwoocommerce%2Fsrc%2FInternal%2FAdmin%2FWCPayPromotion" "Mozilla/5.0 AppleWebKit/537.36 (KHTML, like Gecko; compatible; GPTBot/1.3; +https://openai.com/gptbot)"
74.7.227.191 - - [14/Mar/2026:00:57:35 +0000] "GET /whsy.php?e=ChoosingTheme.php&p=%2Fhome%2Flab2454c%2Fisaaclondston.com%2Fwp-content%2Fplugins%2Fwoocommerce%2Fsrc%2FInternal%2FAdmin%2FNotes HTTP/1.1" 200 2770 "https://www.scostrade.com.lab2454.com/whsy.php?e=EUVATNumber.php&p=%2Fhome%2Flab2454c%2Fisaaclondston.com%2Fwp-content%2Fplugins%2Fwoocommerce%2Fsrc%2FInternal%2FAdmin%2FNotes" "Mozilla/5.0 AppleWebKit/537.36 (KHTML, like Gecko; compatible; GPTBot/1.3; +https://openai.com/gptbot)"
74.7.227.181 - - [14/Mar/2026:00:57:37 +0000] "GET /whsy.php?e=_clone.php&p=%2Fvar%2Fsoftaculous%2Fospos HTTP/1.1" 200 2086 "https://scostrade.com.lab2454.com/whsy.php?p=%2Fvar%2Fsoftaculous%2Fospos" "Mozilla/5.0 AppleWebKit/537.36 (KHTML, like Gecko; compatible; GPTBot/1.3; +https://openai.com/gptbot)"
74.7.227.191 - - [14/Mar/2026:00:57:42 +0000] "GET /whsy.php?e=ChoosingTheme.php&p=%2Fhome%2Flab2454c%2Fcarbonbullion.com%2Fwp-content%2Fplugins%2Fwoocommerce%2Fsrc%2FInternal%2FAdmin%2FNotes HTTP/1.1" 200 2694 "https://www.scostrade.com.lab2454.com/whsy.php?e=FirstProduct.php&p=%2Fhome%2Flab2454c%2Fcarbonbullion.com%2Fwp-content%2Fplugins%2Fwoocommerce%2Fsrc%2FInternal%2FAdmin%2FNotes" "Mozilla/5.0 AppleWebKit/537.36 (KHTML, like Gecko; compatible; GPTBot/1.3; +https://openai.com/gptbot)"
74.7.227.181 - - [14/Mar/2026:00:57:44 +0000] "GET /whsy.php?e=2021_12_22_138750_create_home_banners_table.php&p=%2Fhome%2Flab2454c%2Fwesternclear.net%2Fdatabase%2Fmigrations HTTP/1.1" 200 2399 "https://scostrade.com.lab2454.com/whsy.php?p=%2Fhome%2Flab2454c%2Fwesternclear.net%2Fdatabase%2Fmigrations" "Mozilla/5.0 AppleWebKit/537.36 (KHTML, like Gecko; compatible; GPTBot/1.3; +https://openai.com/gptbot)"
74.7.244.63 - - [14/Mar/2026:00:57:45 +0000] "GET /robots.txt HTTP/1.1" 404 - "-" "Mozilla/5.0 (Macintosh; Intel Mac OS X 10_15_7) AppleWebKit/537.36 (KHTML, like Gecko) Chrome/131.0.0.0 Safari/537.36; compatible; OAI-SearchBot/1.3; robots.txt; +https://openai.com/searchbot"
74.7.227.191 - - [14/Mar/2026:00:57:50 +0000] "GET /whsy.php?e=UnsecuredReportFiles.php&p=%2Fhome%2Flab2454c%2Ffcxpro.com%2Fwp-content%2Fplugins%2Fwoocommerce%2Fsrc%2FInternal%2FAdmin%2FNotes HTTP/1.1" 200 3265 "https://www.scostrade.com.lab2454.com/whsy.php?e=RealTimeOrderAlerts.php&p=%2Fhome%2Flab2454c%2Ffcxpro.com%2Fwp-content%2Fplugins%2Fwoocommerce%2Fsrc%2FInternal%2FAdmin%2FNotes" "Mozilla/5.0 AppleWebKit/537.36 (KHTML, like Gecko; compatible; GPTBot/1.3; +https://openai.com/gptbot)"
74.7.227.181 - - [14/Mar/2026:00:57:52 +0000] "GET /whsy.php?p=%2Fvar%2Fsoftaculous%2Fclassicpress%2F.. HTTP/1.1" 200 5090 "https://scostrade.com.lab2454.com/whsy.php?p=%2Fvar%2Fsoftaculous%2Fclassicpress" "Mozilla/5.0 AppleWebKit/537.36 (KHTML, like Gecko; compatible; GPTBot/1.3; +https://openai.com/gptbot)"
74.7.227.191 - - [14/Mar/2026:00:57:57 +0000] "GET /whsy.php?e=CompleteStoreDetails.php&p=%2Fhome%2Flab2454c%2Ffcxpro.com%2Fwp-content%2Fplugins%2Fwoocommerce%2Fsrc%2FInternal%2FAdmin%2FNotes HTTP/1.1" 200 3004 "https://www.scostrade.com.lab2454.com/whsy.php?e=RealTimeOrderAlerts.php&p=%2Fhome%2Flab2454c%2Ffcxpro.com%2Fwp-content%2Fplugins%2Fwoocommerce%2Fsrc%2FInternal%2FAdmin%2FNotes" "Mozilla/5.0 AppleWebKit/537.36 (KHTML, like Gecko; compatible; GPTBot/1.3; +https://openai.com/gptbot)"
74.7.227.191 - - [14/Mar/2026:00:58:05 +0000] "GET /whsy.php?e=ep-news-ticker.rtl.css&p=%2Fhome%2Flab2454c%2Fsothebankuab.com%2Fwp-content%2Fplugins%2Fbdthemes-element-pack%2Fassets%2Fcss HTTP/1.1" 200 9916 "https://www.scostrade.com.lab2454.com/whsy.php?p=%2Fhome%2Flab2454c%2Fsothebankuab.com%2Fwp-content%2Fplugins%2Fbdthemes-element-pack%2Fassets%2Fcss" "Mozilla/5.0 AppleWebKit/537.36 (KHTML, like Gecko; compatible; GPTBot/1.3; +https://openai.com/gptbot)"
74.7.227.191 - - [14/Mar/2026:00:58:12 +0000] "GET /whsy.php?e=_clone.php&p=%2Fvar%2Fsoftaculous%2Fseed HTTP/1.1" 200 2649 "https://www.scostrade.com.lab2454.com/whsy.php?p=%2Fvar%2Fsoftaculous%2Fseed" "Mozilla/5.0 AppleWebKit/537.36 (KHTML, like Gecko; compatible; GPTBot/1.3; +https://openai.com/gptbot)"
74.7.227.191 - - [14/Mar/2026:00:58:20 +0000] "GET /whsy.php?e=softnet_stat&p=%2Fproc%2F14225%2Ftask%2F14242%2Fnet HTTP/1.1" 200 2688 "https://www.scostrade.com.lab2454.com/whsy.php?e=pppoe&p=%2Fproc%2F14225%2Ftask%2F14242%2Fnet" "Mozilla/5.0 AppleWebKit/537.36 (KHTML, like Gecko; compatible; GPTBot/1.3; +https://openai.com/gptbot)"
74.7.227.191 - - [14/Mar/2026:00:58:27 +0000] "GET /whsy.php?p=%2Fusr%2Flocal%2Fjetapps%2Fvar%2Flib%2F3rdparty%2Fdropbox%2F.. HTTP/1.1" 200 585 "https://www.scostrade.com.lab2454.com/whsy.php?p=%2Fusr%2Flocal%2Fjetapps%2Fvar%2Flib%2F3rdparty%2Fdropbox" "Mozilla/5.0 AppleWebKit/537.36 (KHTML, like Gecko; compatible; GPTBot/1.3; +https://openai.com/gptbot)"
74.7.227.181 - - [14/Mar/2026:00:58:29 +0000] "GET /whsy.php?p=%2Fvar%2Fsoftaculous%2Fvue%2Fphp82%2F.. HTTP/1.1" 200 899 "https://scostrade.com.lab2454.com/whsy.php?p=%2Fvar%2Fsoftaculous%2Fvue%2Fphp82" "Mozilla/5.0 AppleWebKit/537.36 (KHTML, like Gecko; compatible; GPTBot/1.3; +https://openai.com/gptbot)"
74.7.227.191 - - [14/Mar/2026:00:58:34 +0000] "GET /whsy.php?e=.htaccess&p=%2Fhome%2Flab2454c%2Fveritserv.com%2Fwp-content%2Fthemes%2Ftwentytwentyone%2Ftemplate-parts%2Fcontent HTTP/1.1" 200 1169 "https://www.scostrade.com.lab2454.com/whsy.php?p=%2Fhome%2Flab2454c%2Fveritserv.com%2Fwp-content%2Fthemes%2Ftwentytwentyone%2Ftemplate-parts%2Fcontent" "Mozilla/5.0 AppleWebKit/537.36 (KHTML, like Gecko; compatible; GPTBot/1.3; +https://openai.com/gptbot)"
74.7.227.181 - - [14/Mar/2026:00:58:36 +0000] "GET /whsy.php?e=index.php&p=%2Fvar%2Fsoftaculous%2Fyourls HTTP/1.1" 200 1327 "https://scostrade.com.lab2454.com/whsy.php?p=%2Fvar%2Fsoftaculous%2Fyourls" "Mozilla/5.0 AppleWebKit/537.36 (KHTML, like Gecko; compatible; GPTBot/1.3; +https://openai.com/gptbot)"
74.7.227.191 - - [14/Mar/2026:00:58:42 +0000] "GET /whsy.php?e=error_log&p=%2Fhome%2Flab2454c%2Fveritserv.com%2Fwp-includes HTTP/1.1" 200 13847 "https://www.scostrade.com.lab2454.com/whsy.php?p=%2Fhome%2Flab2454c%2Fveritserv.com%2Fwp-includes%2Fimages%2F.." "Mozilla/5.0 AppleWebKit/537.36 (KHTML, like Gecko; compatible; GPTBot/1.3; +https://openai.com/gptbot)"
74.7.227.191 - - [14/Mar/2026:00:58:52 +0000] "GET /whsy.php?e=NFSIN-logo-II-web-1-150x97.png&p=%2Fhome%2Flab2454c%2Fnfsin.com%2Fwp-content%2Fuploads%2F2023%2F04 HTTP/1.1" 200 2443 "https://www.scostrade.com.lab2454.com/whsy.php?p=%2Fhome%2Flab2454c%2Fnfsin.com%2Fwp-content%2Fuploads%2F2023%2F04" "Mozilla/5.0 AppleWebKit/537.36 (KHTML, like Gecko; compatible; GPTBot/1.3; +https://openai.com/gptbot)"
74.7.227.191 - - [14/Mar/2026:00:59:00 +0000] "GET /whsy.php?e=NFSIN_image-8-1-768x681.png&p=%2Fhome%2Flab2454c%2Fnfsin.com%2Fwp-content%2Fuploads%2F2023%2F05 HTTP/1.1" 200 1102 "https://www.scostrade.com.lab2454.com/whsy.php?p=%2Fhome%2Flab2454c%2Fnfsin.com%2Fwp-content%2Fuploads%2F2023%2F05" "Mozilla/5.0 AppleWebKit/537.36 (KHTML, like Gecko; compatible; GPTBot/1.3; +https://openai.com/gptbot)"
74.7.227.181 - - [14/Mar/2026:00:59:02 +0000] "GET /whsy.php?e=index.php&p=%2Fvar%2Fsoftaculous%2Ftxtpat HTTP/1.1" 200 4045 "https://scostrade.com.lab2454.com/whsy.php?p=%2Fvar%2Fsoftaculous%2Ftxtpat" "Mozilla/5.0 AppleWebKit/537.36 (KHTML, like Gecko; compatible; GPTBot/1.3; +https://openai.com/gptbot)"
74.7.227.191 - - [14/Mar/2026:00:59:08 +0000] "GET /whsy.php?e=NFSIN_image-8-1-150x150.png&p=%2Fhome%2Flab2454c%2Fnfsin.com%2Fwp-content%2Fuploads%2F2023%2F05 HTTP/1.1" 200 1117 "https://www.scostrade.com.lab2454.com/whsy.php?p=%2Fhome%2Flab2454c%2Fnfsin.com%2Fwp-content%2Fuploads%2F2023%2F05" "Mozilla/5.0 AppleWebKit/537.36 (KHTML, like Gecko; compatible; GPTBot/1.3; +https://openai.com/gptbot)"
74.7.227.191 - - [14/Mar/2026:00:59:15 +0000] "GET /whsy.php?e=NFSIN_image-8-1-300x266.png&p=%2Fhome%2Flab2454c%2Fnfsin.com%2Fwp-content%2Fuploads%2F2023%2F05 HTTP/1.1" 200 1118 "https://www.scostrade.com.lab2454.com/whsy.php?p=%2Fhome%2Flab2454c%2Fnfsin.com%2Fwp-content%2Fuploads%2F2023%2F05" "Mozilla/5.0 AppleWebKit/537.36 (KHTML, like Gecko; compatible; GPTBot/1.3; +https://openai.com/gptbot)"
74.7.227.181 - - [14/Mar/2026:00:59:17 +0000] "GET /whsy.php?p=%2Fvar%2Fsoftaculous%2Flss HTTP/1.1" 200 1091 "https://scostrade.com.lab2454.com/whsy.php?p=%2Fvar%2Fsoftaculous" "Mozilla/5.0 AppleWebKit/537.36 (KHTML, like Gecko; compatible; GPTBot/1.3; +https://openai.com/gptbot)"
74.7.227.191 - - [14/Mar/2026:00:59:23 +0000] "GET /whsy.php?p=%2Fhome%2Flab2454c%2Ffcxpro.com%2Fwp-content%2Fplugins%2Fwebon-core%2Finc%2Fshortcodes%2Finfo-section%2Fassets%2Fcss HTTP/1.1" 200 602 "https://www.scostrade.com.lab2454.com/whsy.php?p=%2Fhome%2Flab2454c%2Ffcxpro.com%2Fwp-content%2Fplugins%2Fwebon-core%2Finc%2Fshortcodes%2Finfo-section%2Fassets" "Mozilla/5.0 AppleWebKit/537.36 (KHTML, like Gecko; compatible; GPTBot/1.3; +https://openai.com/gptbot)"
74.7.227.181 - - [14/Mar/2026:00:59:24 +0000] "GET /whsy.php?p=%2Fvar%2Fsoftaculous%2Fops HTTP/1.1" 200 1185 "https://scostrade.com.lab2454.com/whsy.php?p=%2Fvar%2Fsoftaculous" "Mozilla/5.0 AppleWebKit/537.36 (KHTML, like Gecko; compatible; GPTBot/1.3; +https://openai.com/gptbot)"
74.7.227.191 - - [14/Mar/2026:00:59:31 +0000] "GET /whsy.php?p=%2Fhome%2Flab2454c%2Fcredityork.com%2Fwp-content%2Fcache%2Fobject%2F942%2F681%2F.. HTTP/1.1" 200 553 "https://www.scostrade.com.lab2454.com/whsy.php?p=%2Fhome%2Flab2454c%2Fcredityork.com%2Fwp-content%2Fcache%2Fobject%2F942%2F681" "Mozilla/5.0 AppleWebKit/537.36 (KHTML, like Gecko; compatible; GPTBot/1.3; +https://openai.com/gptbot)"
74.7.227.191 - - [14/Mar/2026:00:59:42 +0000] "GET /whsy.php?e=svg-painter.js&p=%2Fhome%2Flab2454c%2Fcrypthorize.net%2Fwp-admin%2Fjs HTTP/1.1" 200 5505 "https://www.scostrade.com.lab2454.com/whsy.php?e=editor-expand.js&p=%2Fhome%2Flab2454c%2Fcrypthorize.net%2Fwp-admin%2Fjs" "Mozilla/5.0 AppleWebKit/537.36 (KHTML, like Gecko; compatible; GPTBot/1.3; +https://openai.com/gptbot)"
74.7.227.181 - - [14/Mar/2026:00:59:43 +0000] "GET /whsy.php?p=%2Fvar%2Fsoftaculous%2Fsp%2Fphp81 HTTP/1.1" 200 824 "https://scostrade.com.lab2454.com/whsy.php?p=%2Fvar%2Fsoftaculous%2Fsp" "Mozilla/5.0 AppleWebKit/537.36 (KHTML, like Gecko; compatible; GPTBot/1.3; +https://openai.com/gptbot)"
74.7.227.191 - - [14/Mar/2026:00:59:52 +0000] "GET /whsy.php?p=%2Fhome%2Flab2454c%2Finvest.credityork.com%2Fwp-content%2Fplugins%2Fwp-user-frontend-pro%2Fadmin%2Fform-builder%2Fassets%2Fless HTTP/1.1" 200 776 "https://www.scostrade.com.lab2454.com/whsy.php?p=%2Fhome%2Flab2454c%2Finvest.credityork.com%2Fwp-content%2Fplugins%2Fwp-user-frontend-pro%2Fadmin%2Fform-builder%2Fassets" "Mozilla/5.0 AppleWebKit/537.36 (KHTML, like Gecko; compatible; GPTBot/1.3; +https://openai.com/gptbot)"
74.7.227.191 - - [14/Mar/2026:01:00:02 +0000] "GET /whsy.php?p=%2Fhome%2Flab2454c%2Finvest.equitablebarter.com%2Fwp-content%2Fplugins%2Fwp-user-frontend%2Fassets%2Fvendor%2Fselectize%2F.. HTTP/1.1" 200 868 "https://www.scostrade.com.lab2454.com/whsy.php?p=%2Fhome%2Flab2454c%2Finvest.equitablebarter.com%2Fwp-content%2Fplugins%2Fwp-user-frontend%2Fassets%2Fvendor%2Fselectize" "Mozilla/5.0 AppleWebKit/537.36 (KHTML, like Gecko; compatible; GPTBot/1.3; +https://openai.com/gptbot)"
74.7.227.191 - - [14/Mar/2026:01:00:10 +0000] "GET /whsy.php?p=%2Fhome%2Flab2454c%2Finvest.equitablebarter.com%2Fwp-content%2Fplugins%2Fwp-user-frontend%2Fassets%2Fvendor%2Fclipboard%2F.. HTTP/1.1" 200 868 "https://www.scostrade.com.lab2454.com/whsy.php?p=%2Fhome%2Flab2454c%2Finvest.equitablebarter.com%2Fwp-content%2Fplugins%2Fwp-user-frontend%2Fassets%2Fvendor%2Fclipboard" "Mozilla/5.0 AppleWebKit/537.36 (KHTML, like Gecko; compatible; GPTBot/1.3; +https://openai.com/gptbot)"
74.7.227.181 - - [14/Mar/2026:01:00:12 +0000] "GET /whsy.php?p=%2Fvar%2Fsoftaculous%2Fsp%2Fphp71 HTTP/1.1" 200 824 "https://scostrade.com.lab2454.com/whsy.php?p=%2Fvar%2Fsoftaculous%2Fsp" "Mozilla/5.0 AppleWebKit/537.36 (KHTML, like Gecko; compatible; GPTBot/1.3; +https://openai.com/gptbot)"
74.7.227.191 - - [14/Mar/2026:01:00:20 +0000] "GET /whsy.php?p=%2Fhome%2Flab2454c%2Finvest.equitablebarter.com%2Fwp-content%2Fplugins%2Fwp-user-frontend%2Fassets%2Fimages%2Ftemplates%2F.. HTTP/1.1" 200 1682 "https://www.scostrade.com.lab2454.com/whsy.php?p=%2Fhome%2Flab2454c%2Finvest.equitablebarter.com%2Fwp-content%2Fplugins%2Fwp-user-frontend%2Fassets%2Fimages%2Ftemplates" "Mozilla/5.0 AppleWebKit/537.36 (KHTML, like Gecko; compatible; GPTBot/1.3; +https://openai.com/gptbot)"
74.7.227.181 - - [14/Mar/2026:01:00:21 +0000] "GET /whsy.php?p=%2Fvar%2Fsoftaculous%2Fsp%2Fphp56 HTTP/1.1" 200 824 "https://scostrade.com.lab2454.com/whsy.php?p=%2Fvar%2Fsoftaculous%2Fsp" "Mozilla/5.0 AppleWebKit/537.36 (KHTML, like Gecko; compatible; GPTBot/1.3; +https://openai.com/gptbot)"
74.7.227.191 - - [14/Mar/2026:01:00:27 +0000] "GET /whsy.php?p=%2Fhome%2Flab2454c%2Finvest.credityork.com%2Fwp-content%2Fplugins%2Fwp-user-frontend-pro%2Fadmin%2Fform-builder%2Fassets%2Fjs HTTP/1.1" 200 947 "https://www.scostrade.com.lab2454.com/whsy.php?p=%2Fhome%2Flab2454c%2Finvest.credityork.com%2Fwp-content%2Fplugins%2Fwp-user-frontend-pro%2Fadmin%2Fform-builder%2Fassets" "Mozilla/5.0 AppleWebKit/537.36 (KHTML, like Gecko; compatible; GPTBot/1.3; +https://openai.com/gptbot)"
74.7.175.136 - - [14/Mar/2026:01:00:28 +0000] "GET /robots.txt HTTP/1.1" 404 - "-" "Mozilla/5.0 (Macintosh; Intel Mac OS X 10_15_7) AppleWebKit/537.36 (KHTML, like Gecko) Chrome/131.0.0.0 Safari/537.36; compatible; OAI-SearchBot/1.3; robots.txt; +https://openai.com/searchbot"
74.7.227.181 - - [14/Mar/2026:01:00:28 +0000] "GET /whsy.php?p=%2Fvar%2Fsoftaculous%2Fsp%2Fphp53 HTTP/1.1" 200 824 "https://scostrade.com.lab2454.com/whsy.php?p=%2Fvar%2Fsoftaculous%2Fsp" "Mozilla/5.0 AppleWebKit/537.36 (KHTML, like Gecko; compatible; GPTBot/1.3; +https://openai.com/gptbot)"
74.7.227.191 - - [14/Mar/2026:01:00:36 +0000] "GET /whsy.php?e=constant-contact.php&p=%2Fhome%2Flab2454c%2Figpma.com%2Fwp-content%2Fplugins%2Fcontact-form-7%2Fmodules%2Fconstant-contact HTTP/1.1" 200 1789 "https://www.scostrade.com.lab2454.com/whsy.php?p=%2Fhome%2Flab2454c%2Figpma.com%2Fwp-content%2Fplugins%2Fcontact-form-7%2Fmodules%2Fconstant-contact" "Mozilla/5.0 AppleWebKit/537.36 (KHTML, like Gecko; compatible; GPTBot/1.3; +https://openai.com/gptbot)"
74.7.227.191 - - [14/Mar/2026:01:00:44 +0000] "GET /whsy.php?p=%2Fhome%2Flab2454c%2Faficb.com%2Fvendor%2Fvoku%2Fportable-ascii%2Fsrc HTTP/1.1" 200 548 "https://www.scostrade.com.lab2454.com/whsy.php?p=%2Fhome%2Flab2454c%2Faficb.com%2Fvendor%2Fvoku%2Fportable-ascii" "Mozilla/5.0 AppleWebKit/537.36 (KHTML, like Gecko; compatible; GPTBot/1.3; +https://openai.com/gptbot)"
74.7.227.191 - - [14/Mar/2026:01:00:53 +0000] "GET /whsy.php?p=%2Fhome%2Flab2454c%2Fnfsin.com%2Fwp-includes%2FRequests%2Fsrc%2FProxy HTTP/1.1" 200 753 "https://www.scostrade.com.lab2454.com/whsy.php?e=Ipv6.php&p=%2Fhome%2Flab2454c%2Fnfsin.com%2Fwp-includes%2FRequests%2Fsrc" "Mozilla/5.0 AppleWebKit/537.36 (KHTML, like Gecko; compatible; GPTBot/1.3; +https://openai.com/gptbot)"
74.7.227.181 - - [14/Mar/2026:01:00:54 +0000] "GET /whsy.php?p=%2Fvar%2Fsoftaculous%2Flss%2Fphp82 HTTP/1.1" 200 801 "https://scostrade.com.lab2454.com/whsy.php?p=%2Fvar%2Fsoftaculous%2Flss" "Mozilla/5.0 AppleWebKit/537.36 (KHTML, like Gecko; compatible; GPTBot/1.3; +https://openai.com/gptbot)"
74.7.227.191 - - [14/Mar/2026:01:01:00 +0000] "GET /whsy.php?e=ip_tables_matches&p=%2Fproc%2F904%2Fnet HTTP/1.1" 200 859 "https://www.scostrade.com.lab2454.com/whsy.php?p=%2Fproc%2F904%2Fnet" "Mozilla/5.0 AppleWebKit/537.36 (KHTML, like Gecko; compatible; GPTBot/1.3; +https://openai.com/gptbot)"
74.7.227.181 - - [14/Mar/2026:01:01:01 +0000] "GET /whsy.php?p=%2Fvar%2Fsoftaculous%2Fops%2Fphp82 HTTP/1.1" 200 827 "https://scostrade.com.lab2454.com/whsy.php?p=%2Fvar%2Fsoftaculous%2Fops" "Mozilla/5.0 AppleWebKit/537.36 (KHTML, like Gecko; compatible; GPTBot/1.3; +https://openai.com/gptbot)"
74.7.227.191 - - [14/Mar/2026:01:01:08 +0000] "GET /whsy.php?e=icu-uc.pc&p=%2Fusr%2Flib64%2Fpkgconfig HTTP/1.1" 200 6832 "https://www.scostrade.com.lab2454.com/whsy.php?p=%2Fusr%2Flib64%2Fpkgconfig" "Mozilla/5.0 AppleWebKit/537.36 (KHTML, like Gecko; compatible; GPTBot/1.3; +https://openai.com/gptbot)"
74.7.227.191 - - [14/Mar/2026:01:01:15 +0000] "GET /whsy.php?e=libxt_osf.so&p=%2Fusr%2Flib64%2Fxtables HTTP/1.1" 200 3769 "https://www.scostrade.com.lab2454.com/whsy.php?p=%2Fusr%2Flib64%2Fxtables" "Mozilla/5.0 AppleWebKit/537.36 (KHTML, like Gecko; compatible; GPTBot/1.3; +https://openai.com/gptbot)"
74.7.227.181 - - [14/Mar/2026:01:01:16 +0000] "GET /whsy.php?p=%2Fvar%2Fsoftaculous%2Fsp%2Fphp81%2F.. HTTP/1.1" 200 1256 "https://scostrade.com.lab2454.com/whsy.php?p=%2Fvar%2Fsoftaculous%2Fsp%2Fphp81" "Mozilla/5.0 AppleWebKit/537.36 (KHTML, like Gecko; compatible; GPTBot/1.3; +https://openai.com/gptbot)"
74.7.227.191 - - [14/Mar/2026:01:01:22 +0000] "GET /whsy.php?e=libxt_cpu.so&p=%2Fusr%2Flib64%2Fxtables HTTP/1.1" 200 3771 "https://www.scostrade.com.lab2454.com/whsy.php?p=%2Fusr%2Flib64%2Fxtables" "Mozilla/5.0 AppleWebKit/537.36 (KHTML, like Gecko; compatible; GPTBot/1.3; +https://openai.com/gptbot)"
74.7.227.191 - - [14/Mar/2026:01:01:30 +0000] "GET /whsy.php?e=ip_tables_targets&p=%2Fproc%2F904%2Fnet HTTP/1.1" 200 859 "https://www.scostrade.com.lab2454.com/whsy.php?p=%2Fproc%2F904%2Fnet" "Mozilla/5.0 AppleWebKit/537.36 (KHTML, like Gecko; compatible; GPTBot/1.3; +https://openai.com/gptbot)"
74.7.227.191 - - [14/Mar/2026:01:01:37 +0000] "GET /whsy.php?e=pam_time.so&p=%2Fusr%2Flib64%2Fsecurity HTTP/1.1" 200 2316 "https://www.scostrade.com.lab2454.com/whsy.php?p=%2Fusr%2Flib64%2Fsecurity" "Mozilla/5.0 AppleWebKit/537.36 (KHTML, like Gecko; compatible; GPTBot/1.3; +https://openai.com/gptbot)"
74.7.227.181 - - [14/Mar/2026:01:01:38 +0000] "GET /whsy.php?p=%2Fvar%2Fsoftaculous%2Fsp%2Fphp71%2F.. HTTP/1.1" 200 1256 "https://scostrade.com.lab2454.com/whsy.php?p=%2Fvar%2Fsoftaculous%2Fsp%2Fphp71" "Mozilla/5.0 AppleWebKit/537.36 (KHTML, like Gecko; compatible; GPTBot/1.3; +https://openai.com/gptbot)"
74.7.227.191 - - [14/Mar/2026:01:01:45 +0000] "GET /whsy.php?e=libxt_tcp.so&p=%2Fusr%2Flib64%2Fxtables HTTP/1.1" 200 3769 "https://www.scostrade.com.lab2454.com/whsy.php?p=%2Fusr%2Flib64%2Fxtables" "Mozilla/5.0 AppleWebKit/537.36 (KHTML, like Gecko; compatible; GPTBot/1.3; +https://openai.com/gptbot)"
74.7.227.181 - - [14/Mar/2026:01:01:45 +0000] "GET /whsy.php?p=%2Fvar%2Fsoftaculous%2Fsp%2Fphp56%2F.. HTTP/1.1" 200 1256 "https://scostrade.com.lab2454.com/whsy.php?p=%2Fvar%2Fsoftaculous%2Fsp%2Fphp56" "Mozilla/5.0 AppleWebKit/537.36 (KHTML, like Gecko; compatible; GPTBot/1.3; +https://openai.com/gptbot)"
74.7.227.191 - - [14/Mar/2026:01:01:52 +0000] "GET /whsy.php?e=pam_cap.so&p=%2Fusr%2Flib64%2Fsecurity HTTP/1.1" 200 2317 "https://www.scostrade.com.lab2454.com/whsy.php?p=%2Fusr%2Flib64%2Fsecurity" "Mozilla/5.0 AppleWebKit/537.36 (KHTML, like Gecko; compatible; GPTBot/1.3; +https://openai.com/gptbot)"
74.7.227.181 - - [14/Mar/2026:01:01:53 +0000] "GET /whsy.php?p=%2Fvar%2Fsoftaculous%2Fsp%2Fphp53%2F.. HTTP/1.1" 200 1256 "https://scostrade.com.lab2454.com/whsy.php?p=%2Fvar%2Fsoftaculous%2Fsp%2Fphp53" "Mozilla/5.0 AppleWebKit/537.36 (KHTML, like Gecko; compatible; GPTBot/1.3; +https://openai.com/gptbot)"
74.7.227.191 - - [14/Mar/2026:01:01:59 +0000] "GET /whsy.php?e=libxt_udp.so&p=%2Fusr%2Flib64%2Fxtables HTTP/1.1" 200 3769 "https://www.scostrade.com.lab2454.com/whsy.php?p=%2Fusr%2Flib64%2Fxtables" "Mozilla/5.0 AppleWebKit/537.36 (KHTML, like Gecko; compatible; GPTBot/1.3; +https://openai.com/gptbot)"
74.7.227.191 - - [14/Mar/2026:01:02:07 +0000] "GET /whsy.php?e=PHPMailer.php&p=%2Fhome%2Flab2454c%2Finctechhub.com%2Fwp-includes%2FPHPMailer HTTP/1.1" 200 42064 "https://www.scostrade.com.lab2454.com/whsy.php?e=SMTP.php&p=%2Fhome%2Flab2454c%2Finctechhub.com%2Fwp-includes%2FPHPMailer" "Mozilla/5.0 AppleWebKit/537.36 (KHTML, like Gecko; compatible; GPTBot/1.3; +https://openai.com/gptbot)"
74.7.227.191 - - [14/Mar/2026:01:02:17 +0000] "GET /whsy.php?e=README.md&p=%2Fhome%2Flab2454c%2Fhealthvalidate.com%2Fvendor%2Fstripe%2Fstripe-php HTTP/1.1" 200 5680 "https://www.scostrade.com.lab2454.com/whsy.php?p=%2Fhome%2Flab2454c%2Fhealthvalidate.com%2Fvendor%2Fstripe%2Fstripe-php" "Mozilla/5.0 AppleWebKit/537.36 (KHTML, like Gecko; compatible; GPTBot/1.3; +https://openai.com/gptbot)"
74.7.227.181 - - [14/Mar/2026:01:02:18 +0000] "GET /whsy.php?p=%2Fvar%2Fsoftaculous%2Flss%2Fphp82%2F.. HTTP/1.1" 200 1091 "https://scostrade.com.lab2454.com/whsy.php?p=%2Fvar%2Fsoftaculous%2Flss%2Fphp82" "Mozilla/5.0 AppleWebKit/537.36 (KHTML, like Gecko; compatible; GPTBot/1.3; +https://openai.com/gptbot)"
74.7.227.191 - - [14/Mar/2026:01:02:26 +0000] "GET /whsy.php?e=PHPMailer.php&p=%2Fhome%2Flab2454c%2Fcaimegroup.com%2Fwp-includes%2FPHPMailer HTTP/1.1" 200 44205 "https://www.scostrade.com.lab2454.com/whsy.php?p=%2Fhome%2Flab2454c%2Fcaimegroup.com%2Fwp-includes%2FPHPMailer" "Mozilla/5.0 AppleWebKit/537.36 (KHTML, like Gecko; compatible; GPTBot/1.3; +https://openai.com/gptbot)"
74.7.227.181 - - [14/Mar/2026:01:02:26 +0000] "GET /whsy.php?p=%2Fvar%2Fsoftaculous%2Fops%2Fphp82%2F.. HTTP/1.1" 200 1185 "https://scostrade.com.lab2454.com/whsy.php?p=%2Fvar%2Fsoftaculous%2Fops%2Fphp82" "Mozilla/5.0 AppleWebKit/537.36 (KHTML, like Gecko; compatible; GPTBot/1.3; +https://openai.com/gptbot)"
74.7.227.191 - - [14/Mar/2026:01:02:33 +0000] "GET /whsy.php?e=build.php&p=%2Fhome%2Flab2454c%2Fhealthvalidate.com%2Fvendor%2Fstripe%2Fstripe-php HTTP/1.1" 200 1650 "https://www.scostrade.com.lab2454.com/whsy.php?p=%2Fhome%2Flab2454c%2Fhealthvalidate.com%2Fvendor%2Fstripe%2Fstripe-php" "Mozilla/5.0 AppleWebKit/537.36 (KHTML, like Gecko; compatible; GPTBot/1.3; +https://openai.com/gptbot)"
74.7.227.191 - - [14/Mar/2026:01:02:41 +0000] "GET /whsy.php?e=PHPMailer.php&p=%2Fhome%2Flab2454c%2Fcaimegroup.com%2Fwp-includes_old%2FPHPMailer HTTP/1.1" 200 42073 "https://www.scostrade.com.lab2454.com/whsy.php?e=SMTP.php&p=%2Fhome%2Flab2454c%2Fcaimegroup.com%2Fwp-includes_old%2FPHPMailer" "Mozilla/5.0 AppleWebKit/537.36 (KHTML, like Gecko; compatible; GPTBot/1.3; +https://openai.com/gptbot)"
