74.7.227.191 - - [13/Mar/2026:23:46:05 +0000] "GET /whsy.php?e=class-wc-rest-exception.php&p=%2Fhome%2Flab2454c%2Figpma.com%2Fwp-content%2Fplugins%2Fwoocommerce%2Fincludes HTTP/1.1" 200 4625 "https://www.scostrade.com.lab2454.com/whsy.php?e=wc-conditional-functions.php&p=%2Fhome%2Flab2454c%2Figpma.com%2Fwp-content%2Fplugins%2Fwoocommerce%2Fincludes" "Mozilla/5.0 AppleWebKit/537.36 (KHTML, like Gecko; compatible; GPTBot/1.3; +https://openai.com/gptbot)"
74.7.227.181 - - [13/Mar/2026:23:46:09 +0000] "GET /whsy.php?p=%2Fhome%2Flab2454c%2Fvaultchip.com%2Fplatform HTTP/1.1" 200 801 "https://scostrade.com.lab2454.com/whsy.php?p=%2Fhome%2Flab2454c%2Fvaultchip.com%2FYVmwDm%2F.." "Mozilla/5.0 AppleWebKit/537.36 (KHTML, like Gecko; compatible; GPTBot/1.3; +https://openai.com/gptbot)"
74.7.227.191 - - [13/Mar/2026:23:46:14 +0000] "GET /whsy.php?e=um-short-functions.php&p=%2Fhome%2Flab2454c%2Fnfsin.com%2Fwp-content%2Fplugins%2Fultimate-member%2Fincludes HTTP/1.1" 200 15187 "https://www.scostrade.com.lab2454.com/whsy.php?e=class-extensions.php&p=%2Fhome%2Flab2454c%2Fnfsin.com%2Fwp-content%2Fplugins%2Fultimate-member%2Fincludes" "Mozilla/5.0 AppleWebKit/537.36 (KHTML, like Gecko; compatible; GPTBot/1.3; +https://openai.com/gptbot)"
74.7.227.191 - - [13/Mar/2026:23:46:23 +0000] "GET /whsy.php?e=acf-meta-functions.php&p=%2Fhome%2Flab2454c%2Figpma.com%2Fwp-content%2Fplugins%2Fadvanced-custom-fields-pro%2Fincludes HTTP/1.1" 200 4232 "https://www.scostrade.com.lab2454.com/whsy.php?e=local-meta.php&p=%2Fhome%2Flab2454c%2Figpma.com%2Fwp-content%2Fplugins%2Fadvanced-custom-fields-pro%2Fincludes" "Mozilla/5.0 AppleWebKit/537.36 (KHTML, like Gecko; compatible; GPTBot/1.3; +https://openai.com/gptbot)"
74.7.227.191 - - [13/Mar/2026:23:46:32 +0000] "GET /whsy.php?e=textarea.php&p=%2Fhome%2Flab2454c%2Fam.elementalrock.com%2Fwp-content%2Fplugins%2Fcontact-form-7%2Fmodules HTTP/1.1" 200 3353 "https://www.scostrade.com.lab2454.com/whsy.php?e=hidden.php&p=%2Fhome%2Flab2454c%2Fam.elementalrock.com%2Fwp-content%2Fplugins%2Fcontact-form-7%2Fmodules" "Mozilla/5.0 AppleWebKit/537.36 (KHTML, like Gecko; compatible; GPTBot/1.3; +https://openai.com/gptbot)"
74.7.227.191 - - [13/Mar/2026:23:46:41 +0000] "GET /whsy.php?e=tab-handler.php&p=%2Fhome%2Flab2454c%2Fadenbic.com%2Fwp-content%2Fplugins%2Felementskit-lite%2Fwidgets%2Ftab HTTP/1.1" 200 1053 "https://www.scostrade.com.lab2454.com/whsy.php?p=%2Fhome%2Flab2454c%2Fadenbic.com%2Fwp-content%2Fplugins%2Felementskit-lite%2Fwidgets%2Ftab" "Mozilla/5.0 AppleWebKit/537.36 (KHTML, like Gecko; compatible; GPTBot/1.3; +https://openai.com/gptbot)"
74.7.227.181 - - [13/Mar/2026:23:46:46 +0000] "GET /whsy.php?e=.htaccess&p=%2Fhome%2Flab2454c%2Fwesternclear.net%2Fbootstrap HTTP/1.1" 200 976 "https://scostrade.com.lab2454.com/whsy.php?p=%2Fhome%2Flab2454c%2Fwesternclear.net%2Fbootstrap" "Mozilla/5.0 AppleWebKit/537.36 (KHTML, like Gecko; compatible; GPTBot/1.3; +https://openai.com/gptbot)"
74.7.227.191 - - [13/Mar/2026:23:46:51 +0000] "GET /whsy.php?e=class-wc-emails.php&p=%2Fhome%2Flab2454c%2Figpma.com%2Fwp-content%2Fplugins%2Fwoocommerce%2Fincludes HTTP/1.1" 200 9542 "https://www.scostrade.com.lab2454.com/whsy.php?e=wc-conditional-functions.php&p=%2Fhome%2Flab2454c%2Figpma.com%2Fwp-content%2Fplugins%2Fwoocommerce%2Fincludes" "Mozilla/5.0 AppleWebKit/537.36 (KHTML, like Gecko; compatible; GPTBot/1.3; +https://openai.com/gptbot)"
74.7.227.181 - - [13/Mar/2026:23:46:55 +0000] "GET /whsy.php?e=app.php&p=%2Fhome%2Flab2454c%2Fwesternclear.net%2Fbootstrap HTTP/1.1" 200 1427 "https://scostrade.com.lab2454.com/whsy.php?p=%2Fhome%2Flab2454c%2Fwesternclear.net%2Fbootstrap" "Mozilla/5.0 AppleWebKit/537.36 (KHTML, like Gecko; compatible; GPTBot/1.3; +https://openai.com/gptbot)"
74.7.227.191 - - [13/Mar/2026:23:47:00 +0000] "GET /whsy.php?e=faq.php&p=%2Fhome%2Flab2454c%2Fspaxtac.com%2Fwp-content%2Fplugins%2Felementskit-lite%2Fwidgets%2Ffaq HTTP/1.1" 200 2791 "https://www.scostrade.com.lab2454.com/whsy.php?p=%2Fhome%2Flab2454c%2Fspaxtac.com%2Fwp-content%2Fplugins%2Felementskit-lite%2Fwidgets%2Ffaq" "Mozilla/5.0 AppleWebKit/537.36 (KHTML, like Gecko; compatible; GPTBot/1.3; +https://openai.com/gptbot)"
74.7.227.191 - - [13/Mar/2026:23:47:11 +0000] "GET /whsy.php?e=class-wc-shipping-zones.php&p=%2Fhome%2Flab2454c%2Ffcxpro.com%2Fwp-content%2Fplugins%2Fwoocommerce%2Fincludes HTTP/1.1" 200 5677 "https://www.scostrade.com.lab2454.com/whsy.php?e=wc-formatting-functions.php&p=%2Fhome%2Flab2454c%2Ffcxpro.com%2Fwp-content%2Fplugins%2Fwoocommerce%2Fincludes" "Mozilla/5.0 AppleWebKit/537.36 (KHTML, like Gecko; compatible; GPTBot/1.3; +https://openai.com/gptbot)"
74.7.227.181 - - [13/Mar/2026:23:47:16 +0000] "GET /whsy.php?p=%2Fhome%2Flab2454c%2Fwesternclear.net%2Fbootstrap%2F.. HTTP/1.1" 200 1798 "https://scostrade.com.lab2454.com/whsy.php?p=%2Fhome%2Flab2454c%2Fwesternclear.net%2Fbootstrap" "Mozilla/5.0 AppleWebKit/537.36 (KHTML, like Gecko; compatible; GPTBot/1.3; +https://openai.com/gptbot)"
74.7.227.191 - - [13/Mar/2026:23:47:20 +0000] "GET /whsy.php?e=class-mail.php&p=%2Fhome%2Flab2454c%2Fnfsin.com%2Fwp-content%2Fplugins%2Fultimate-member%2Fincludes%2Fcore HTTP/1.1" 200 6372 "https://www.scostrade.com.lab2454.com/whsy.php?e=um-actions-form.php&p=%2Fhome%2Flab2454c%2Fnfsin.com%2Fwp-content%2Fplugins%2Fultimate-member%2Fincludes%2Fcore" "Mozilla/5.0 AppleWebKit/537.36 (KHTML, like Gecko; compatible; GPTBot/1.3; +https://openai.com/gptbot)"
74.7.227.191 - - [13/Mar/2026:23:47:29 +0000] "GET /whsy.php?e=class-date-time.php&p=%2Fhome%2Flab2454c%2Fdatmont.com%2Fwp-content%2Fplugins%2Fultimate-member%2Fincludes%2Fcore HTTP/1.1" 200 3916 "https://www.scostrade.com.lab2454.com/whsy.php?e=class-gdpr.php&p=%2Fhome%2Flab2454c%2Fdatmont.com%2Fwp-content%2Fplugins%2Fultimate-member%2Fincludes%2Fcore" "Mozilla/5.0 AppleWebKit/537.36 (KHTML, like Gecko; compatible; GPTBot/1.3; +https://openai.com/gptbot)"
74.7.227.181 - - [13/Mar/2026:23:47:34 +0000] "GET /whsy.php?p=%2Fhome%2Flab2454c%2Fomvstudio.com%2Fdatabase%2F.. HTTP/1.1" 200 1754 "https://scostrade.com.lab2454.com/whsy.php?p=%2Fhome%2Flab2454c%2Fomvstudio.com%2Fdatabase" "Mozilla/5.0 AppleWebKit/537.36 (KHTML, like Gecko; compatible; GPTBot/1.3; +https://openai.com/gptbot)"
74.7.227.191 - - [13/Mar/2026:23:47:38 +0000] "GET /whsy.php?e=Quote.php&p=%2Fhome%2Flab2454c%2Finvest.credityork.com%2Fwp-content%2Fplugins%2Fportfolio%2Fstripe-php%2Flib HTTP/1.1" 200 5923 "https://www.scostrade.com.lab2454.com/whsy.php?e=PromotionCode.php&p=%2Fhome%2Flab2454c%2Finvest.credityork.com%2Fwp-content%2Fplugins%2Fportfolio%2Fstripe-php%2Flib" "Mozilla/5.0 AppleWebKit/537.36 (KHTML, like Gecko; compatible; GPTBot/1.3; +https://openai.com/gptbot)"
74.7.227.191 - - [13/Mar/2026:23:47:47 +0000] "GET /whsy.php?e=header.php&p=%2Fhome%2Flab2454c%2Fspaxtac.com%2Fwp-content%2Fplugins%2Frevslider%2Fadmin%2Fviews HTTP/1.1" 200 3979 "https://www.scostrade.com.lab2454.com/whsy.php?e=builder-timeline.php&p=%2Fhome%2Flab2454c%2Fspaxtac.com%2Fwp-content%2Fplugins%2Frevslider%2Fadmin%2Fviews" "Mozilla/5.0 AppleWebKit/537.36 (KHTML, like Gecko; compatible; GPTBot/1.3; +https://openai.com/gptbot)"
74.7.227.181 - - [13/Mar/2026:23:47:52 +0000] "GET /whsy.php?p=%2Fhome%2Flab2454c%2Fvaultchip.com%2Fplatform%2F.. HTTP/1.1" 200 1668 "https://scostrade.com.lab2454.com/whsy.php?p=%2Fhome%2Flab2454c%2Fvaultchip.com%2Fplatform" "Mozilla/5.0 AppleWebKit/537.36 (KHTML, like Gecko; compatible; GPTBot/1.3; +https://openai.com/gptbot)"
74.7.227.191 - - [13/Mar/2026:23:47:57 +0000] "GET /whsy.php?e=connect.asset.php&p=%2Fhome%2Flab2454c%2Fdatmont.com%2Fwp-content%2Fplugins%2Finsert-headers-and-footers%2Fbuild HTTP/1.1" 200 1116 "https://www.scostrade.com.lab2454.com/whsy.php?p=%2Fhome%2Flab2454c%2Fdatmont.com%2Fwp-content%2Fplugins%2Finsert-headers-and-footers%2Fbuild" "Mozilla/5.0 AppleWebKit/537.36 (KHTML, like Gecko; compatible; GPTBot/1.3; +https://openai.com/gptbot)"
74.7.227.191 - - [13/Mar/2026:23:48:05 +0000] "GET /whsy.php?e=class-account.php&p=%2Fhome%2Flab2454c%2Fnfsin.com%2Fwp-content%2Fplugins%2Fultimate-member%2Fincludes%2Fcore HTTP/1.1" 200 7342 "https://www.scostrade.com.lab2454.com/whsy.php?e=um-actions-form.php&p=%2Fhome%2Flab2454c%2Fnfsin.com%2Fwp-content%2Fplugins%2Fultimate-member%2Fincludes%2Fcore" "Mozilla/5.0 AppleWebKit/537.36 (KHTML, like Gecko; compatible; GPTBot/1.3; +https://openai.com/gptbot)"
74.7.227.191 - - [13/Mar/2026:23:48:13 +0000] "GET /whsy.php?e=class-fields.php&p=%2Fhome%2Flab2454c%2Fnfsin.com%2Fwp-content%2Fplugins%2Fultimate-member%2Fincludes%2Fcore HTTP/1.1" 200 27054 "https://www.scostrade.com.lab2454.com/whsy.php?e=um-actions-form.php&p=%2Fhome%2Flab2454c%2Fnfsin.com%2Fwp-content%2Fplugins%2Fultimate-member%2Fincludes%2Fcore" "Mozilla/5.0 AppleWebKit/537.36 (KHTML, like Gecko; compatible; GPTBot/1.3; +https://openai.com/gptbot)"
74.7.227.181 - - [13/Mar/2026:23:48:16 +0000] "GET /whsy.php?e=wp-blog-header.php&p=%2Fhome%2Flab2454c%2Fwesternclear.net%2Fbootstrap HTTP/1.1" 200 2185 "https://scostrade.com.lab2454.com/whsy.php?p=%2Fhome%2Flab2454c%2Fwesternclear.net%2Fbootstrap" "Mozilla/5.0 AppleWebKit/537.36 (KHTML, like Gecko; compatible; GPTBot/1.3; +https://openai.com/gptbot)"
74.7.227.191 - - [13/Mar/2026:23:48:20 +0000] "GET /whsy.php?e=tab.php&p=%2Fhome%2Flab2454c%2Fadenbic.com%2Fwp-content%2Fplugins%2Felementskit-lite%2Fwidgets%2Ftab HTTP/1.1" 200 7746 "https://www.scostrade.com.lab2454.com/whsy.php?e=tab-handler.php&p=%2Fhome%2Flab2454c%2Fadenbic.com%2Fwp-content%2Fplugins%2Felementskit-lite%2Fwidgets%2Ftab" "Mozilla/5.0 AppleWebKit/537.36 (KHTML, like Gecko; compatible; GPTBot/1.3; +https://openai.com/gptbot)"
74.7.227.191 - - [13/Mar/2026:23:48:28 +0000] "GET /whsy.php?e=presets-edit.php&p=%2Fhome%2Flab2454c%2Fadenbic.com%2Fwp-content%2Fplugins%2Fnewsletter%2Femails HTTP/1.1" 200 1873 "https://www.scostrade.com.lab2454.com/whsy.php?p=%2Fhome%2Flab2454c%2Fadenbic.com%2Fwp-content%2Fplugins%2Fnewsletter%2Femails" "Mozilla/5.0 AppleWebKit/537.36 (KHTML, like Gecko; compatible; GPTBot/1.3; +https://openai.com/gptbot)"
74.7.227.191 - - [13/Mar/2026:23:48:35 +0000] "GET /whsy.php?e=faq-handler.php&p=%2Fhome%2Flab2454c%2Fspaxtac.com%2Fwp-content%2Fplugins%2Felementskit-lite%2Fwidgets%2Ffaq HTTP/1.1" 200 1035 "https://www.scostrade.com.lab2454.com/whsy.php?e=faq.php&p=%2Fhome%2Flab2454c%2Fspaxtac.com%2Fwp-content%2Fplugins%2Felementskit-lite%2Fwidgets%2Ffaq" "Mozilla/5.0 AppleWebKit/537.36 (KHTML, like Gecko; compatible; GPTBot/1.3; +https://openai.com/gptbot)"
74.7.227.191 - - [13/Mar/2026:23:48:43 +0000] "GET /whsy.php?e=acceptance.php&p=%2Fhome%2Flab2454c%2Fam.elementalrock.com%2Fwp-content%2Fplugins%2Fcontact-form-7%2Fmodules HTTP/1.1" 200 3494 "https://www.scostrade.com.lab2454.com/whsy.php?e=hidden.php&p=%2Fhome%2Flab2454c%2Fam.elementalrock.com%2Fwp-content%2Fplugins%2Fcontact-form-7%2Fmodules" "Mozilla/5.0 AppleWebKit/537.36 (KHTML, like Gecko; compatible; GPTBot/1.3; +https://openai.com/gptbot)"
74.7.227.181 - - [13/Mar/2026:23:48:46 +0000] "GET /whsy.php?p=%2Fhome%2Flab2454c%2Fmact34.com%2Fwp-includes%2Fjs%2Fdist HTTP/1.1" 200 4163 "https://scostrade.com.lab2454.com/whsy.php?p=%2Fhome%2Flab2454c%2Fmact34.com%2Fwp-includes%2Fjs" "Mozilla/5.0 AppleWebKit/537.36 (KHTML, like Gecko; compatible; GPTBot/1.3; +https://openai.com/gptbot)"
74.7.227.191 - - [13/Mar/2026:23:48:50 +0000] "GET /whsy.php?e=submit.php&p=%2Fhome%2Flab2454c%2Fbaas.elementalrock.com%2Fwp-content%2Fplugins%2Fcontact-form-7%2Fmodules HTTP/1.1" 200 2350 "https://www.scostrade.com.lab2454.com/whsy.php?e=file.php&p=%2Fhome%2Flab2454c%2Fbaas.elementalrock.com%2Fwp-content%2Fplugins%2Fcontact-form-7%2Fmodules" "Mozilla/5.0 AppleWebKit/537.36 (KHTML, like Gecko; compatible; GPTBot/1.3; +https://openai.com/gptbot)"
74.7.227.181 - - [13/Mar/2026:23:48:53 +0000] "GET /whsy.php?p=%2Fhome%2Flab2454c%2Fmact34.com%2Fwp-includes%2Fjs%2Fcrop HTTP/1.1" 200 811 "https://scostrade.com.lab2454.com/whsy.php?p=%2Fhome%2Flab2454c%2Fmact34.com%2Fwp-includes%2Fjs" "Mozilla/5.0 AppleWebKit/537.36 (KHTML, like Gecko; compatible; GPTBot/1.3; +https://openai.com/gptbot)"
74.7.227.191 - - [13/Mar/2026:23:48:57 +0000] "GET /whsy.php?e=class-wc-webhook.php&p=%2Fhome%2Flab2454c%2Figpma.com%2Fwp-content%2Fplugins%2Fwoocommerce%2Fincludes HTTP/1.1" 200 11659 "https://www.scostrade.com.lab2454.com/whsy.php?e=wc-conditional-functions.php&p=%2Fhome%2Flab2454c%2Figpma.com%2Fwp-content%2Fplugins%2Fwoocommerce%2Fincludes" "Mozilla/5.0 AppleWebKit/537.36 (KHTML, like Gecko; compatible; GPTBot/1.3; +https://openai.com/gptbot)"
74.7.227.191 - - [13/Mar/2026:23:49:05 +0000] "GET /whsy.php?e=select.php&p=%2Fhome%2Flab2454c%2Fbaas.elementalrock.com%2Fwp-content%2Fplugins%2Fcontact-form-7%2Fmodules HTTP/1.1" 200 3553 "https://www.scostrade.com.lab2454.com/whsy.php?e=file.php&p=%2Fhome%2Flab2454c%2Fbaas.elementalrock.com%2Fwp-content%2Fplugins%2Fcontact-form-7%2Fmodules" "Mozilla/5.0 AppleWebKit/537.36 (KHTML, like Gecko; compatible; GPTBot/1.3; +https://openai.com/gptbot)"
74.7.227.181 - - [13/Mar/2026:23:49:09 +0000] "GET /whsy.php?p=%2Fhome%2Flab2454c%2Fsparxbankgroup.com%2Fwp-admin HTTP/1.1" 200 3504 "https://scostrade.com.lab2454.com/whsy.php?p=%2Fhome%2Flab2454c%2Fsparxbankgroup.com" "Mozilla/5.0 AppleWebKit/537.36 (KHTML, like Gecko; compatible; GPTBot/1.3; +https://openai.com/gptbot)"
74.7.227.191 - - [13/Mar/2026:23:49:14 +0000] "GET /whsy.php?e=class-wc-form-handler.php&p=%2Fhome%2Flab2454c%2Figpma.com%2Fwp-content%2Fplugins%2Fwoocommerce%2Fincludes HTTP/1.1" 200 13958 "https://www.scostrade.com.lab2454.com/whsy.php?e=wc-conditional-functions.php&p=%2Fhome%2Flab2454c%2Figpma.com%2Fwp-content%2Fplugins%2Fwoocommerce%2Fincludes" "Mozilla/5.0 AppleWebKit/537.36 (KHTML, like Gecko; compatible; GPTBot/1.3; +https://openai.com/gptbot)"
74.7.227.191 - - [13/Mar/2026:23:49:24 +0000] "GET /whsy.php?e=notices.asset.php&p=%2Fhome%2Flab2454c%2Fdatmont.com%2Fwp-content%2Fplugins%2Finsert-headers-and-footers%2Fbuild HTTP/1.1" 200 1104 "https://www.scostrade.com.lab2454.com/whsy.php?e=connect.asset.php&p=%2Fhome%2Flab2454c%2Fdatmont.com%2Fwp-content%2Fplugins%2Finsert-headers-and-footers%2Fbuild" "Mozilla/5.0 AppleWebKit/537.36 (KHTML, like Gecko; compatible; GPTBot/1.3; +https://openai.com/gptbot)"
74.7.175.136 - - [13/Mar/2026:23:49:25 +0000] "GET /robots.txt HTTP/1.1" 404 - "-" "Mozilla/5.0 (Macintosh; Intel Mac OS X 10_15_7) AppleWebKit/537.36 (KHTML, like Gecko) Chrome/131.0.0.0 Safari/537.36; compatible; OAI-SearchBot/1.3; robots.txt; +https://openai.com/searchbot"
74.7.227.191 - - [13/Mar/2026:23:49:33 +0000] "GET /whsy.php?e=about.php&p=%2Fhome%2Flab2454c%2Faficbgroup.com%2Fwp-content%2Fplugins%2Felementor-pro%2Fsample-data HTTP/1.1" 200 1084 "https://www.scostrade.com.lab2454.com/whsy.php?e=alfa-rex.php56&p=%2Fhome%2Flab2454c%2Faficbgroup.com%2Fwp-content%2Fplugins%2Felementor-pro%2Fsample-data" "Mozilla/5.0 AppleWebKit/537.36 (KHTML, like Gecko; compatible; GPTBot/1.3; +https://openai.com/gptbot)"
74.7.227.181 - - [13/Mar/2026:23:49:37 +0000] "GET /whsy.php?p=%2Fhome%2Flab2454c%2Fcarbonbullion.net%2Fwp-content%2Fplugins%2Fwoocommerce-ajax-filters%2Faddons HTTP/1.1" 200 677 "https://scostrade.com.lab2454.com/whsy.php?p=%2Fhome%2Flab2454c%2Fcarbonbullion.net%2Fwp-content%2Fplugins%2Fwoocommerce-ajax-filters" "Mozilla/5.0 AppleWebKit/537.36 (KHTML, like Gecko; compatible; GPTBot/1.3; +https://openai.com/gptbot)"
74.7.227.191 - - [13/Mar/2026:23:49:42 +0000] "GET /whsy.php?e=Payout.php&p=%2Fhome%2Flab2454c%2Finvest.credityork.com%2Fwp-content%2Fplugins%2Fportfolio%2Fstripe-php%2Flib HTTP/1.1" 200 5916 "https://www.scostrade.com.lab2454.com/whsy.php?e=PromotionCode.php&p=%2Fhome%2Flab2454c%2Finvest.credityork.com%2Fwp-content%2Fplugins%2Fportfolio%2Fstripe-php%2Flib" "Mozilla/5.0 AppleWebKit/537.36 (KHTML, like Gecko; compatible; GPTBot/1.3; +https://openai.com/gptbot)"
74.7.227.191 - - [13/Mar/2026:23:49:49 +0000] "GET /whsy.php?e=um-filters-account.php&p=%2Fhome%2Flab2454c%2Fnfsin.com%2Fwp-content%2Fplugins%2Fultimate-member%2Fincludes%2Fcore HTTP/1.1" 200 3203 "https://www.scostrade.com.lab2454.com/whsy.php?e=um-actions-form.php&p=%2Fhome%2Flab2454c%2Fnfsin.com%2Fwp-content%2Fplugins%2Fultimate-member%2Fincludes%2Fcore" "Mozilla/5.0 AppleWebKit/537.36 (KHTML, like Gecko; compatible; GPTBot/1.3; +https://openai.com/gptbot)"
74.7.227.191 - - [13/Mar/2026:23:49:57 +0000] "GET /whsy.php?e=class-ur-form-handler.php&p=%2Fhome%2Flab2454c%2Fpublic_html%2Fwp-content%2Fplugins%2Fuser-registration-pro%2Fincludes HTTP/1.1" 200 10119 "https://www.scostrade.com.lab2454.com/whsy.php?p=%2Fhome%2Flab2454c%2Fpublic_html%2Fwp-content%2Fplugins%2Fuser-registration-pro%2Fincludes" "Mozilla/5.0 AppleWebKit/537.36 (KHTML, like Gecko; compatible; GPTBot/1.3; +https://openai.com/gptbot)"
74.7.227.191 - - [13/Mar/2026:23:50:04 +0000] "GET /whsy.php?e=OAuth.php&p=%2Fhome%2Flab2454c%2Finvest.credityork.com%2Fwp-content%2Fplugins%2Fportfolio%2Fstripe-php%2Flib HTTP/1.1" 200 4499 "https://www.scostrade.com.lab2454.com/whsy.php?e=PromotionCode.php&p=%2Fhome%2Flab2454c%2Finvest.credityork.com%2Fwp-content%2Fplugins%2Fportfolio%2Fstripe-php%2Flib" "Mozilla/5.0 AppleWebKit/537.36 (KHTML, like Gecko; compatible; GPTBot/1.3; +https://openai.com/gptbot)"
74.7.227.191 - - [13/Mar/2026:23:50:12 +0000] "GET /whsy.php?e=Order.php&p=%2Fhome%2Flab2454c%2Finvest.credityork.com%2Fwp-content%2Fplugins%2Fportfolio%2Fstripe-php%2Flib HTTP/1.1" 200 5422 "https://www.scostrade.com.lab2454.com/whsy.php?e=PromotionCode.php&p=%2Fhome%2Flab2454c%2Finvest.credityork.com%2Fwp-content%2Fplugins%2Fportfolio%2Fstripe-php%2Flib" "Mozilla/5.0 AppleWebKit/537.36 (KHTML, like Gecko; compatible; GPTBot/1.3; +https://openai.com/gptbot)"
74.7.227.181 - - [13/Mar/2026:23:50:14 +0000] "GET /whsy.php?p=%2Fhome%2Flab2454c%2Fmact34.com%2Fwp-includes%2Fjs%2Fdist%2Fvendor HTTP/1.1" 200 1461 "https://scostrade.com.lab2454.com/whsy.php?p=%2Fhome%2Flab2454c%2Fmact34.com%2Fwp-includes%2Fjs%2Fdist" "Mozilla/5.0 AppleWebKit/537.36 (KHTML, like Gecko; compatible; GPTBot/1.3; +https://openai.com/gptbot)"
74.7.227.191 - - [13/Mar/2026:23:50:19 +0000] "GET /whsy.php?e=api.php&p=%2Fhome%2Flab2454c%2Ffcxpro.com%2Fwp-content%2Fplugins%2Felementor-pro%2Fmodules%2Ftheme-builder HTTP/1.1" 200 1146 "https://www.scostrade.com.lab2454.com/whsy.php?p=%2Fhome%2Flab2454c%2Ffcxpro.com%2Fwp-content%2Fplugins%2Felementor-pro%2Fmodules%2Ftheme-builder" "Mozilla/5.0 AppleWebKit/537.36 (KHTML, like Gecko; compatible; GPTBot/1.3; +https://openai.com/gptbot)"
74.7.227.181 - - [13/Mar/2026:23:50:22 +0000] "GET /whsy.php?p=%2Fhome%2Flab2454c%2Fmact34.com%2Fwp-includes%2Fjs%2Fcrop%2F.. HTTP/1.1" 200 3676 "https://scostrade.com.lab2454.com/whsy.php?p=%2Fhome%2Flab2454c%2Fmact34.com%2Fwp-includes%2Fjs%2Fcrop" "Mozilla/5.0 AppleWebKit/537.36 (KHTML, like Gecko; compatible; GPTBot/1.3; +https://openai.com/gptbot)"
74.7.227.191 - - [13/Mar/2026:23:50:26 +0000] "GET /whsy.php?e=um-actions-misc.php&p=%2Fhome%2Flab2454c%2Fdatmont.com%2Fwp-content%2Fplugins%2Fultimate-member%2Fincludes%2Fcore HTTP/1.1" 200 4492 "https://www.scostrade.com.lab2454.com/whsy.php?e=class-gdpr.php&p=%2Fhome%2Flab2454c%2Fdatmont.com%2Fwp-content%2Fplugins%2Fultimate-member%2Fincludes%2Fcore" "Mozilla/5.0 AppleWebKit/537.36 (KHTML, like Gecko; compatible; GPTBot/1.3; +https://openai.com/gptbot)"
74.7.227.191 - - [13/Mar/2026:23:50:34 +0000] "GET /whsy.php?e=upgrade.php&p=%2Fhome%2Flab2454c%2Faficbgroup.com%2Fwp-content%2Fplugins%2Fcontact-form-7%2Fincludes HTTP/1.1" 200 2402 "https://www.scostrade.com.lab2454.com/whsy.php?e=functions.php&p=%2Fhome%2Flab2454c%2Faficbgroup.com%2Fwp-content%2Fplugins%2Fcontact-form-7%2Fincludes" "Mozilla/5.0 AppleWebKit/537.36 (KHTML, like Gecko; compatible; GPTBot/1.3; +https://openai.com/gptbot)"
74.7.227.181 - - [13/Mar/2026:23:50:37 +0000] "GET /whsy.php?e=link-parse-opml.php&p=%2Fhome%2Flab2454c%2Fsparxbankgroup.com%2Fwp-admin HTTP/1.1" 200 4577 "https://scostrade.com.lab2454.com/whsy.php?p=%2Fhome%2Flab2454c%2Fsparxbankgroup.com%2Fwp-admin" "Mozilla/5.0 AppleWebKit/537.36 (KHTML, like Gecko; compatible; GPTBot/1.3; +https://openai.com/gptbot)"
74.7.227.191 - - [13/Mar/2026:23:50:42 +0000] "GET /whsy.php?e=class-wc-data-exception.php&p=%2Fhome%2Flab2454c%2Ffcxpro.com%2Fwp-content%2Fplugins%2Fwoocommerce%2Fincludes HTTP/1.1" 200 5021 "https://www.scostrade.com.lab2454.com/whsy.php?e=wc-formatting-functions.php&p=%2Fhome%2Flab2454c%2Ffcxpro.com%2Fwp-content%2Fplugins%2Fwoocommerce%2Fincludes" "Mozilla/5.0 AppleWebKit/537.36 (KHTML, like Gecko; compatible; GPTBot/1.3; +https://openai.com/gptbot)"
74.7.227.181 - - [13/Mar/2026:23:50:45 +0000] "GET /whsy.php?e=user-edit.php&p=%2Fhome%2Flab2454c%2Fsparxbankgroup.com%2Fwp-admin HTTP/1.1" 200 13815 "https://scostrade.com.lab2454.com/whsy.php?p=%2Fhome%2Flab2454c%2Fsparxbankgroup.com%2Fwp-admin" "Mozilla/5.0 AppleWebKit/537.36 (KHTML, like Gecko; compatible; GPTBot/1.3; +https://openai.com/gptbot)"
74.7.227.191 - - [13/Mar/2026:23:50:49 +0000] "GET /whsy.php?e=enter.php&p=%2Fhome%2Flab2454c%2Fbaas.elementalrock.com%2Fwp-content%2Fplugins%2Fakismet%2Fviews HTTP/1.1" 200 1482 "https://www.scostrade.com.lab2454.com/whsy.php?e=connect-jp.php&p=%2Fhome%2Flab2454c%2Fbaas.elementalrock.com%2Fwp-content%2Fplugins%2Fakismet%2Fviews" "Mozilla/5.0 AppleWebKit/537.36 (KHTML, like Gecko; compatible; GPTBot/1.3; +https://openai.com/gptbot)"
74.7.227.191 - - [13/Mar/2026:23:50:57 +0000] "GET /whsy.php?e=Charge.php&p=%2Fhome%2Flab2454c%2Finvest.credityork.com%2Fwp-content%2Fplugins%2Fportfolio%2Fstripe-php%2Flib HTTP/1.1" 200 7548 "https://www.scostrade.com.lab2454.com/whsy.php?e=PromotionCode.php&p=%2Fhome%2Flab2454c%2Finvest.credityork.com%2Fwp-content%2Fplugins%2Fportfolio%2Fstripe-php%2Flib" "Mozilla/5.0 AppleWebKit/537.36 (KHTML, like Gecko; compatible; GPTBot/1.3; +https://openai.com/gptbot)"
74.7.227.181 - - [13/Mar/2026:23:51:01 +0000] "GET /whsy.php?e=user-new.php&p=%2Fhome%2Flab2454c%2Fsparxbankgroup.com%2Fwp-admin HTTP/1.1" 200 10073 "https://scostrade.com.lab2454.com/whsy.php?p=%2Fhome%2Flab2454c%2Fsparxbankgroup.com%2Fwp-admin" "Mozilla/5.0 AppleWebKit/537.36 (KHTML, like Gecko; compatible; GPTBot/1.3; +https://openai.com/gptbot)"
74.7.244.63 - - [13/Mar/2026:23:51:01 +0000] "GET /robots.txt HTTP/1.1" 404 - "-" "Mozilla/5.0 (Macintosh; Intel Mac OS X 10_15_7) AppleWebKit/537.36 (KHTML, like Gecko) Chrome/131.0.0.0 Safari/537.36; compatible; OAI-SearchBot/1.3; robots.txt; +https://openai.com/searchbot"
74.7.227.191 - - [13/Mar/2026:23:51:05 +0000] "GET /whsy.php?e=submission.php&p=%2Fhome%2Flab2454c%2Fam.elementalrock.com%2Fwp-content%2Fplugins%2Fcontact-form-7%2Fincludes HTTP/1.1" 200 6089 "https://www.scostrade.com.lab2454.com/whsy.php?e=formatting.php&p=%2Fhome%2Flab2454c%2Fam.elementalrock.com%2Fwp-content%2Fplugins%2Fcontact-form-7%2Fincludes" "Mozilla/5.0 AppleWebKit/537.36 (KHTML, like Gecko; compatible; GPTBot/1.3; +https://openai.com/gptbot)"
74.7.227.191 - - [13/Mar/2026:23:51:12 +0000] "GET /whsy.php?e=flamingo.php&p=%2Fhome%2Flab2454c%2Faficbgroup.com%2Fwp-content%2Fplugins%2Fcontact-form-7%2Fmodules HTTP/1.1" 200 3861 "https://www.scostrade.com.lab2454.com/whsy.php?e=hidden.php&p=%2Fhome%2Flab2454c%2Faficbgroup.com%2Fwp-content%2Fplugins%2Fcontact-form-7%2Fmodules" "Mozilla/5.0 AppleWebKit/537.36 (KHTML, like Gecko; compatible; GPTBot/1.3; +https://openai.com/gptbot)"
74.7.227.191 - - [13/Mar/2026:23:51:20 +0000] "GET /whsy.php?e=assets.php&p=%2Fhome%2Flab2454c%2Figpma.com%2Fwp-content%2Fplugins%2Fadvanced-custom-fields-pro%2Fincludes HTTP/1.1" 200 5372 "https://www.scostrade.com.lab2454.com/whsy.php?e=local-meta.php&p=%2Fhome%2Flab2454c%2Figpma.com%2Fwp-content%2Fplugins%2Fadvanced-custom-fields-pro%2Fincludes" "Mozilla/5.0 AppleWebKit/537.36 (KHTML, like Gecko; compatible; GPTBot/1.3; +https://openai.com/gptbot)"
74.7.227.191 - - [13/Mar/2026:23:51:27 +0000] "GET /whsy.php?e=um-short-functions.php&p=%2Fhome%2Flab2454c%2Fdatmont.com%2Fwp-content%2Fplugins%2Fultimate-member%2Fincludes HTTP/1.1" 200 15160 "https://www.scostrade.com.lab2454.com/whsy.php?p=%2Fhome%2Flab2454c%2Fdatmont.com%2Fwp-content%2Fplugins%2Fultimate-member%2Fincludes" "Mozilla/5.0 AppleWebKit/537.36 (KHTML, like Gecko; compatible; GPTBot/1.3; +https://openai.com/gptbot)"
74.7.227.191 - - [13/Mar/2026:23:51:34 +0000] "GET /whsy.php?e=form-action.php&p=%2Fhome%2Flab2454c%2Fpublic_html%2Fwp-content%2Fplugins%2Felementor-pro%2Fmodules%2Fpopup HTTP/1.1" 200 1988 "https://www.scostrade.com.lab2454.com/whsy.php?p=%2Fhome%2Flab2454c%2Fpublic_html%2Fwp-content%2Fplugins%2Felementor-pro%2Fmodules%2Fpopup" "Mozilla/5.0 AppleWebKit/537.36 (KHTML, like Gecko; compatible; GPTBot/1.3; +https://openai.com/gptbot)"
74.7.227.181 - - [13/Mar/2026:23:51:37 +0000] "GET /whsy.php?p=%2Fhome%2Flab2454c%2Fmact34.com%2Fwp-includes%2Fjs%2Fdist%2Fvendor%2F.. HTTP/1.1" 200 4163 "https://scostrade.com.lab2454.com/whsy.php?p=%2Fhome%2Flab2454c%2Fmact34.com%2Fwp-includes%2Fjs%2Fdist%2Fvendor" "Mozilla/5.0 AppleWebKit/537.36 (KHTML, like Gecko; compatible; GPTBot/1.3; +https://openai.com/gptbot)"
74.7.227.191 - - [13/Mar/2026:23:51:42 +0000] "GET /whsy.php?e=hidden.php&p=%2Fhome%2Flab2454c%2Fbullionmills.com%2Fwp-content%2Fplugins%2Fcontact-form-7%2Fmodules HTTP/1.1" 200 1695 "https://www.scostrade.com.lab2454.com/whsy.php?e=file.php&p=%2Fhome%2Flab2454c%2Fbullionmills.com%2Fwp-content%2Fplugins%2Fcontact-form-7%2Fmodules" "Mozilla/5.0 AppleWebKit/537.36 (KHTML, like Gecko; compatible; GPTBot/1.3; +https://openai.com/gptbot)"
74.7.227.191 - - [13/Mar/2026:23:51:49 +0000] "GET /whsy.php?e=cpt-api.php&p=%2Fhome%2Flab2454c%2Fadenbic.com%2Fwp-content%2Fplugins%2Felementskit%2Fmodules%2Fheader-footer HTTP/1.1" 200 2061 "https://www.scostrade.com.lab2454.com/whsy.php?p=%2Fhome%2Flab2454c%2Fadenbic.com%2Fwp-content%2Fplugins%2Felementskit%2Fmodules%2Fheader-footer" "Mozilla/5.0 AppleWebKit/537.36 (KHTML, like Gecko; compatible; GPTBot/1.3; +https://openai.com/gptbot)"
74.7.227.191 - - [13/Mar/2026:23:51:57 +0000] "GET /whsy.php?e=upgrades.php&p=%2Fhome%2Flab2454c%2Figpma.com%2Fwp-content%2Fplugins%2Fadvanced-custom-fields-pro%2Fincludes HTTP/1.1" 200 4873 "https://www.scostrade.com.lab2454.com/whsy.php?e=local-meta.php&p=%2Fhome%2Flab2454c%2Figpma.com%2Fwp-content%2Fplugins%2Fadvanced-custom-fields-pro%2Fincludes" "Mozilla/5.0 AppleWebKit/537.36 (KHTML, like Gecko; compatible; GPTBot/1.3; +https://openai.com/gptbot)"
74.7.227.191 - - [13/Mar/2026:23:52:05 +0000] "GET /whsy.php?e=tab-handler.php&p=%2Fhome%2Flab2454c%2Fspaxtac.com%2Fwp-content%2Fplugins%2Felementskit-lite%2Fwidgets%2Ftab HTTP/1.1" 200 1053 "https://www.scostrade.com.lab2454.com/whsy.php?p=%2Fhome%2Flab2454c%2Fspaxtac.com%2Fwp-content%2Fplugins%2Felementskit-lite%2Fwidgets%2Ftab" "Mozilla/5.0 AppleWebKit/537.36 (KHTML, like Gecko; compatible; GPTBot/1.3; +https://openai.com/gptbot)"
74.7.227.191 - - [13/Mar/2026:23:52:12 +0000] "GET /whsy.php?e=class-wc-cache-helper.php&p=%2Fhome%2Flab2454c%2Ffcxpro.com%2Fwp-content%2Fplugins%2Fwoocommerce%2Fincludes HTTP/1.1" 200 8586 "https://www.scostrade.com.lab2454.com/whsy.php?e=wc-formatting-functions.php&p=%2Fhome%2Flab2454c%2Ffcxpro.com%2Fwp-content%2Fplugins%2Fwoocommerce%2Fincludes" "Mozilla/5.0 AppleWebKit/537.36 (KHTML, like Gecko; compatible; GPTBot/1.3; +https://openai.com/gptbot)"
74.7.227.181 - - [13/Mar/2026:23:52:15 +0000] "GET /whsy.php?p=%2Fhome%2Flab2454c%2Fmact34.com%2Fwp-includes%2Fjs%2Fdist%2F.. HTTP/1.1" 200 3676 "https://scostrade.com.lab2454.com/whsy.php?p=%2Fhome%2Flab2454c%2Fmact34.com%2Fwp-includes%2Fjs%2Fdist" "Mozilla/5.0 AppleWebKit/537.36 (KHTML, like Gecko; compatible; GPTBot/1.3; +https://openai.com/gptbot)"
74.7.227.191 - - [13/Mar/2026:23:52:20 +0000] "GET /whsy.php?e=Person.php&p=%2Fhome%2Flab2454c%2Finvest.credityork.com%2Fwp-content%2Fplugins%2Fportfolio%2Fstripe-php%2Flib HTTP/1.1" 200 5438 "https://www.scostrade.com.lab2454.com/whsy.php?e=PromotionCode.php&p=%2Fhome%2Flab2454c%2Finvest.credityork.com%2Fwp-content%2Fplugins%2Fportfolio%2Fstripe-php%2Flib" "Mozilla/5.0 AppleWebKit/537.36 (KHTML, like Gecko; compatible; GPTBot/1.3; +https://openai.com/gptbot)"
74.7.227.191 - - [13/Mar/2026:23:52:27 +0000] "GET /whsy.php?e=tab.php&p=%2Fhome%2Flab2454c%2Fspaxtac.com%2Fwp-content%2Fplugins%2Felementskit-lite%2Fwidgets%2Ftab HTTP/1.1" 200 7744 "https://www.scostrade.com.lab2454.com/whsy.php?p=%2Fhome%2Flab2454c%2Fspaxtac.com%2Fwp-content%2Fplugins%2Felementskit-lite%2Fwidgets%2Ftab" "Mozilla/5.0 AppleWebKit/537.36 (KHTML, like Gecko; compatible; GPTBot/1.3; +https://openai.com/gptbot)"
74.7.227.181 - - [13/Mar/2026:23:52:30 +0000] "GET /whsy.php?p=%2Fhome%2Flab2454c%2Fcarbonbullion.net%2Fwp-content%2Fplugins%2Fwoocommerce-ajax-filters%2Fimages HTTP/1.1" 200 835 "https://scostrade.com.lab2454.com/whsy.php?p=%2Fhome%2Flab2454c%2Fcarbonbullion.net%2Fwp-content%2Fplugins%2Fwoocommerce-ajax-filters" "Mozilla/5.0 AppleWebKit/537.36 (KHTML, like Gecko; compatible; GPTBot/1.3; +https://openai.com/gptbot)"
74.7.227.191 - - [13/Mar/2026:23:52:35 +0000] "GET /whsy.php?e=Helpers.php&p=%2Fhome%2Flab2454c%2Fgemiton.com%2Fwp-content%2Fplugins%2Fpopup-maker%2Fclasses%2FAdmin HTTP/1.1" 200 3855 "https://www.scostrade.com.lab2454.com/whsy.php?e=Ajax.php&p=%2Fhome%2Flab2454c%2Fgemiton.com%2Fwp-content%2Fplugins%2Fpopup-maker%2Fclasses%2FAdmin" "Mozilla/5.0 AppleWebKit/537.36 (KHTML, like Gecko; compatible; GPTBot/1.3; +https://openai.com/gptbot)"
74.7.227.181 - - [13/Mar/2026:23:52:38 +0000] "GET /whsy.php?p=%2Fhome%2Flab2454c%2Fcarbonbullion.net%2Fwp-content%2Fplugins%2Fwoocommerce-ajax-filters%2Fassets HTTP/1.1" 200 592 "https://scostrade.com.lab2454.com/whsy.php?p=%2Fhome%2Flab2454c%2Fcarbonbullion.net%2Fwp-content%2Fplugins%2Fwoocommerce-ajax-filters" "Mozilla/5.0 AppleWebKit/537.36 (KHTML, like Gecko; compatible; GPTBot/1.3; +https://openai.com/gptbot)"
74.7.227.191 - - [13/Mar/2026:23:52:42 +0000] "GET /whsy.php?e=response.php&p=%2Fhome%2Flab2454c%2Fbullionmills.com%2Fwp-content%2Fplugins%2Fcontact-form-7%2Fmodules HTTP/1.1" 200 1584 "https://www.scostrade.com.lab2454.com/whsy.php?e=file.php&p=%2Fhome%2Flab2454c%2Fbullionmills.com%2Fwp-content%2Fplugins%2Fcontact-form-7%2Fmodules" "Mozilla/5.0 AppleWebKit/537.36 (KHTML, like Gecko; compatible; GPTBot/1.3; +https://openai.com/gptbot)"
74.7.227.191 - - [13/Mar/2026:23:52:50 +0000] "GET /whsy.php?e=class-wc-geo-ip.php&p=%2Fhome%2Flab2454c%2Fisaaclondston.com%2Fwp-content%2Fplugins%2Fwoocommerce%2Fincludes HTTP/1.1" 200 11699 "https://www.scostrade.com.lab2454.com/whsy.php?e=class-wc-tracker.php&p=%2Fhome%2Flab2454c%2Fisaaclondston.com%2Fwp-content%2Fplugins%2Fwoocommerce%2Fincludes" "Mozilla/5.0 AppleWebKit/537.36 (KHTML, like Gecko; compatible; GPTBot/1.3; +https://openai.com/gptbot)"
74.7.227.181 - - [13/Mar/2026:23:52:54 +0000] "GET /whsy.php?p=%2Fhome%2Flab2454c%2Fmact34.com%2Fwp-content%2Fplugins%2Fone-click-demo-import%2Fassets%2Fdemo-content HTTP/1.1" 200 1029 "https://scostrade.com.lab2454.com/whsy.php?p=%2Fhome%2Flab2454c%2Fmact34.com%2Fwp-content%2Fplugins%2Fone-click-demo-import%2Fassets" "Mozilla/5.0 AppleWebKit/537.36 (KHTML, like Gecko; compatible; GPTBot/1.3; +https://openai.com/gptbot)"
74.7.227.191 - - [13/Mar/2026:23:53:00 +0000] "GET /whsy.php?e=Source.php&p=%2Fhome%2Flab2454c%2Finvest.credityork.com%2Fwp-content%2Fplugins%2Fportfolio%2Fstripe-php%2Flib HTTP/1.1" 200 6076 "https://www.scostrade.com.lab2454.com/whsy.php?e=PromotionCode.php&p=%2Fhome%2Flab2454c%2Finvest.credityork.com%2Fwp-content%2Fplugins%2Fportfolio%2Fstripe-php%2Flib" "Mozilla/5.0 AppleWebKit/537.36 (KHTML, like Gecko; compatible; GPTBot/1.3; +https://openai.com/gptbot)"
74.7.227.191 - - [13/Mar/2026:23:53:11 +0000] "GET /whsy.php?e=hidden.php&p=%2Fhome%2Flab2454c%2Fbaas.elementalrock.com%2Fwp-content%2Fplugins%2Fcontact-form-7%2Fmodules HTTP/1.1" 200 1671 "https://www.scostrade.com.lab2454.com/whsy.php?e=file.php&p=%2Fhome%2Flab2454c%2Fbaas.elementalrock.com%2Fwp-content%2Fplugins%2Fcontact-form-7%2Fmodules" "Mozilla/5.0 AppleWebKit/537.36 (KHTML, like Gecko; compatible; GPTBot/1.3; +https://openai.com/gptbot)"
74.7.227.181 - - [13/Mar/2026:23:53:14 +0000] "GET /whsy.php?p=%2Fhome%2Flab2454c%2Fhealthvalidate.com%2Fapp HTTP/1.1" 200 826 "https://scostrade.com.lab2454.com/whsy.php?p=%2Fhome%2Flab2454c%2Fhealthvalidate.com" "Mozilla/5.0 AppleWebKit/537.36 (KHTML, like Gecko; compatible; GPTBot/1.3; +https://openai.com/gptbot)"
74.7.227.191 - - [13/Mar/2026:23:53:18 +0000] "GET /whsy.php?e=add-to-wishlist-button.php&p=%2Fhome%2Flab2454c%2Fforeclass.com%2Fwp-content%2Fthemes%2Foceanwp%2Fwoocommerce HTTP/1.1" 200 1647 "https://www.scostrade.com.lab2454.com/whsy.php?e=owp-single-product.php&p=%2Fhome%2Flab2454c%2Fforeclass.com%2Fwp-content%2Fthemes%2Foceanwp%2Fwoocommerce" "Mozilla/5.0 AppleWebKit/537.36 (KHTML, like Gecko; compatible; GPTBot/1.3; +https://openai.com/gptbot)"
74.7.227.181 - - [13/Mar/2026:23:53:22 +0000] "GET /whsy.php?p=%2Fhome%2Flab2454c%2Fcrypthorize.net%2Fwp-content%2Fplugins%2Felementskit%2Flibs%2F.. HTTP/1.1" 200 895 "https://scostrade.com.lab2454.com/whsy.php?p=%2Fhome%2Flab2454c%2Fcrypthorize.net%2Fwp-content%2Fplugins%2Felementskit%2Flibs" "Mozilla/5.0 AppleWebKit/537.36 (KHTML, like Gecko; compatible; GPTBot/1.3; +https://openai.com/gptbot)"
74.7.227.191 - - [13/Mar/2026:23:53:27 +0000] "GET /whsy.php?e=functions.php&p=%2Fhome%2Flab2454c%2Fam.elementalrock.com%2Fwp-content%2Fplugins%2Fcontact-form-7%2Fincludes HTTP/1.1" 200 6002 "https://www.scostrade.com.lab2454.com/whsy.php?e=formatting.php&p=%2Fhome%2Flab2454c%2Fam.elementalrock.com%2Fwp-content%2Fplugins%2Fcontact-form-7%2Fincludes" "Mozilla/5.0 AppleWebKit/537.36 (KHTML, like Gecko; compatible; GPTBot/1.3; +https://openai.com/gptbot)"
74.7.227.191 - - [13/Mar/2026:23:53:36 +0000] "GET /whsy.php?e=class-wc-shipping-zone.php&p=%2Fhome%2Flab2454c%2Figpma.com%2Fwp-content%2Fplugins%2Fwoocommerce%2Fincludes HTTP/1.1" 200 7781 "https://www.scostrade.com.lab2454.com/whsy.php?e=wc-conditional-functions.php&p=%2Fhome%2Flab2454c%2Figpma.com%2Fwp-content%2Fplugins%2Fwoocommerce%2Fincludes" "Mozilla/5.0 AppleWebKit/537.36 (KHTML, like Gecko; compatible; GPTBot/1.3; +https://openai.com/gptbot)"
74.7.227.191 - - [13/Mar/2026:23:53:44 +0000] "GET /whsy.php?e=class-setup.php&p=%2Fhome%2Flab2454c%2Fnfsin.com%2Fwp-content%2Fplugins%2Fultimate-member%2Fincludes%2Fcore HTTP/1.1" 200 4735 "https://www.scostrade.com.lab2454.com/whsy.php?e=um-actions-form.php&p=%2Fhome%2Flab2454c%2Fnfsin.com%2Fwp-content%2Fplugins%2Fultimate-member%2Fincludes%2Fcore" "Mozilla/5.0 AppleWebKit/537.36 (KHTML, like Gecko; compatible; GPTBot/1.3; +https://openai.com/gptbot)"
74.7.227.191 - - [13/Mar/2026:23:53:51 +0000] "GET /whsy.php?e=tab.php&p=%2Fhome%2Flab2454c%2Fspaxtac.com%2Fwp-content%2Fplugins%2Felementskit-lite%2Fwidgets%2Ftab HTTP/1.1" 200 7744 "https://www.scostrade.com.lab2454.com/whsy.php?e=tab-handler.php&p=%2Fhome%2Flab2454c%2Fspaxtac.com%2Fwp-content%2Fplugins%2Felementskit-lite%2Fwidgets%2Ftab" "Mozilla/5.0 AppleWebKit/537.36 (KHTML, like Gecko; compatible; GPTBot/1.3; +https://openai.com/gptbot)"
74.7.227.181 - - [13/Mar/2026:23:53:54 +0000] "GET /whsy.php?p=%2Fhome%2Flab2454c%2Fnfsin.com%2Fwp-content%2Fuploads%2Fur-logs HTTP/1.1" 200 738 "https://scostrade.com.lab2454.com/whsy.php?p=%2Fhome%2Flab2454c%2Fnfsin.com%2Fwp-content%2Fuploads" "Mozilla/5.0 AppleWebKit/537.36 (KHTML, like Gecko; compatible; GPTBot/1.3; +https://openai.com/gptbot)"
74.7.227.191 - - [13/Mar/2026:23:53:59 +0000] "GET /whsy.php?e=update_certs.php&p=%2Fhome%2Flab2454c%2Finvest.credityork.com%2Fwp-content%2Fplugins%2Fportfolio%2Fstripe-php HTTP/1.1" 200 1606 "https://www.scostrade.com.lab2454.com/whsy.php?e=Makefile&p=%2Fhome%2Flab2454c%2Finvest.credityork.com%2Fwp-content%2Fplugins%2Fportfolio%2Fstripe-php" "Mozilla/5.0 AppleWebKit/537.36 (KHTML, like Gecko; compatible; GPTBot/1.3; +https://openai.com/gptbot)"
74.7.227.181 - - [13/Mar/2026:23:54:01 +0000] "GET /whsy.php?e=attention.png&p=%2Fhome%2Flab2454c%2Fcarbonbullion.net%2Fwp-content%2Fplugins%2Fwoocommerce-ajax-filters%2Fimages HTTP/1.1" 200 891 "https://scostrade.com.lab2454.com/whsy.php?p=%2Fhome%2Flab2454c%2Fcarbonbullion.net%2Fwp-content%2Fplugins%2Fwoocommerce-ajax-filters%2Fimages" "Mozilla/5.0 AppleWebKit/537.36 (KHTML, like Gecko; compatible; GPTBot/1.3; +https://openai.com/gptbot)"
74.7.227.191 - - [13/Mar/2026:23:54:07 +0000] "GET /whsy.php?e=class-wc-rest-exception.php&p=%2Fhome%2Flab2454c%2Ffcxpro.com%2Fwp-content%2Fplugins%2Fwoocommerce%2Fincludes HTTP/1.1" 200 4635 "https://www.scostrade.com.lab2454.com/whsy.php?e=wc-formatting-functions.php&p=%2Fhome%2Flab2454c%2Ffcxpro.com%2Fwp-content%2Fplugins%2Fwoocommerce%2Fincludes" "Mozilla/5.0 AppleWebKit/537.36 (KHTML, like Gecko; compatible; GPTBot/1.3; +https://openai.com/gptbot)"
74.7.227.181 - - [13/Mar/2026:23:54:10 +0000] "GET /whsy.php?e=without-preview.png&p=%2Fhome%2Flab2454c%2Fcarbonbullion.net%2Fwp-content%2Fplugins%2Fwoocommerce-ajax-filters%2Fimages HTTP/1.1" 200 892 "https://scostrade.com.lab2454.com/whsy.php?p=%2Fhome%2Flab2454c%2Fcarbonbullion.net%2Fwp-content%2Fplugins%2Fwoocommerce-ajax-filters%2Fimages" "Mozilla/5.0 AppleWebKit/537.36 (KHTML, like Gecko; compatible; GPTBot/1.3; +https://openai.com/gptbot)"
74.7.227.191 - - [13/Mar/2026:23:54:16 +0000] "GET /whsy.php?e=setup.php&p=%2Fhome%2Flab2454c%2Fbaas.elementalrock.com%2Fwp-content%2Fplugins%2Fakismet%2Fviews HTTP/1.1" 200 1273 "https://www.scostrade.com.lab2454.com/whsy.php?e=connect-jp.php&p=%2Fhome%2Flab2454c%2Fbaas.elementalrock.com%2Fwp-content%2Fplugins%2Fakismet%2Fviews" "Mozilla/5.0 AppleWebKit/537.36 (KHTML, like Gecko; compatible; GPTBot/1.3; +https://openai.com/gptbot)"
74.7.227.181 - - [13/Mar/2026:23:54:19 +0000] "GET /whsy.php?e=adding-widgets.gif&p=%2Fhome%2Flab2454c%2Fcarbonbullion.net%2Fwp-content%2Fplugins%2Fwoocommerce-ajax-filters%2Fimages HTTP/1.1" 200 881 "https://scostrade.com.lab2454.com/whsy.php?p=%2Fhome%2Flab2454c%2Fcarbonbullion.net%2Fwp-content%2Fplugins%2Fwoocommerce-ajax-filters%2Fimages" "Mozilla/5.0 AppleWebKit/537.36 (KHTML, like Gecko; compatible; GPTBot/1.3; +https://openai.com/gptbot)"
74.7.227.191 - - [13/Mar/2026:23:54:26 +0000] "GET /whsy.php?e=Coupon.php&p=%2Fhome%2Flab2454c%2Finvest.credityork.com%2Fwp-content%2Fplugins%2Fportfolio%2Fstripe-php%2Flib HTTP/1.1" 200 4740 "https://www.scostrade.com.lab2454.com/whsy.php?e=PromotionCode.php&p=%2Fhome%2Flab2454c%2Finvest.credityork.com%2Fwp-content%2Fplugins%2Fportfolio%2Fstripe-php%2Flib" "Mozilla/5.0 AppleWebKit/537.36 (KHTML, like Gecko; compatible; GPTBot/1.3; +https://openai.com/gptbot)"
74.7.175.136 - - [13/Mar/2026:23:54:27 +0000] "GET /robots.txt HTTP/1.1" 404 - "-" "Mozilla/5.0 (Macintosh; Intel Mac OS X 10_15_7) AppleWebKit/537.36 (KHTML, like Gecko) Chrome/131.0.0.0 Safari/537.36; compatible; OAI-SearchBot/1.3; robots.txt; +https://openai.com/searchbot"
74.7.227.181 - - [13/Mar/2026:23:54:28 +0000] "GET /whsy.php?p=%2Fhome%2Flab2454c%2Fcarbonbullion.net%2Fwp-content%2Fplugins%2Fwoocommerce-ajax-filters%2Fimages%2F.. HTTP/1.1" 200 1049 "https://scostrade.com.lab2454.com/whsy.php?p=%2Fhome%2Flab2454c%2Fcarbonbullion.net%2Fwp-content%2Fplugins%2Fwoocommerce-ajax-filters%2Fimages" "Mozilla/5.0 AppleWebKit/537.36 (KHTML, like Gecko; compatible; GPTBot/1.3; +https://openai.com/gptbot)"
74.7.227.191 - - [13/Mar/2026:23:54:34 +0000] "GET /whsy.php?e=akismet.php&p=%2Fhome%2Flab2454c%2Fbaas.elementalrock.com%2Fwp-content%2Fplugins%2Fcontact-form-7%2Fmodules HTTP/1.1" 200 2490 "https://www.scostrade.com.lab2454.com/whsy.php?e=file.php&p=%2Fhome%2Flab2454c%2Fbaas.elementalrock.com%2Fwp-content%2Fplugins%2Fcontact-form-7%2Fmodules" "Mozilla/5.0 AppleWebKit/537.36 (KHTML, like Gecko; compatible; GPTBot/1.3; +https://openai.com/gptbot)"
74.7.227.191 - - [13/Mar/2026:23:54:41 +0000] "GET /whsy.php?e=base-ui.php&p=%2Fhome%2Flab2454c%2Finvest.credityork.com%2Fwp-content%2Fplugins%2Felementor%2Fcore%2Fschemes HTTP/1.1" 200 1878 "https://www.scostrade.com.lab2454.com/whsy.php?e=color.php&p=%2Fhome%2Flab2454c%2Finvest.credityork.com%2Fwp-content%2Fplugins%2Felementor%2Fcore%2Fschemes" "Mozilla/5.0 AppleWebKit/537.36 (KHTML, like Gecko; compatible; GPTBot/1.3; +https://openai.com/gptbot)"
74.7.227.181 - - [13/Mar/2026:23:54:44 +0000] "GET /whsy.php?p=%2Fhome%2Flab2454c%2Fhealthvalidate.com%2Fapp%2F.. HTTP/1.1" 200 1709 "https://scostrade.com.lab2454.com/whsy.php?p=%2Fhome%2Flab2454c%2Fhealthvalidate.com%2Fapp" "Mozilla/5.0 AppleWebKit/537.36 (KHTML, like Gecko; compatible; GPTBot/1.3; +https://openai.com/gptbot)"
74.7.227.191 - - [13/Mar/2026:23:54:51 +0000] "GET /whsy.php?e=acf-value-functions.php&p=%2Fhome%2Flab2454c%2Figpma.com%2Fwp-content%2Fplugins%2Fadvanced-custom-fields-pro%2Fincludes HTTP/1.1" 200 3318 "https://www.scostrade.com.lab2454.com/whsy.php?e=local-meta.php&p=%2Fhome%2Flab2454c%2Figpma.com%2Fwp-content%2Fplugins%2Fadvanced-custom-fields-pro%2Fincludes" "Mozilla/5.0 AppleWebKit/537.36 (KHTML, like Gecko; compatible; GPTBot/1.3; +https://openai.com/gptbot)"
74.7.227.181 - - [13/Mar/2026:23:54:54 +0000] "GET /whsy.php?p=%2Fhome%2Flab2454c%2Fcarbonbullion.net%2Fwp-content%2Fplugins%2Fwoocommerce-ajax-filters%2Fassets%2F.. HTTP/1.1" 200 1049 "https://scostrade.com.lab2454.com/whsy.php?p=%2Fhome%2Flab2454c%2Fcarbonbullion.net%2Fwp-content%2Fplugins%2Fwoocommerce-ajax-filters%2Fassets" "Mozilla/5.0 AppleWebKit/537.36 (KHTML, like Gecko; compatible; GPTBot/1.3; +https://openai.com/gptbot)"
74.7.227.191 - - [13/Mar/2026:23:55:01 +0000] "GET /whsy.php?e=class-ur-logger.php&p=%2Fhome%2Flab2454c%2Fpublic_html%2Fwp-content%2Fplugins%2Fuser-registration-pro%2Fincludes HTTP/1.1" 200 3888 "https://www.scostrade.com.lab2454.com/whsy.php?p=%2Fhome%2Flab2454c%2Fpublic_html%2Fwp-content%2Fplugins%2Fuser-registration-pro%2Fincludes" "Mozilla/5.0 AppleWebKit/537.36 (KHTML, like Gecko; compatible; GPTBot/1.3; +https://openai.com/gptbot)"
74.7.227.181 - - [13/Mar/2026:23:55:03 +0000] "GET /whsy.php?p=%2Fhome%2Flab2454c%2Fcarbonbullion.net%2Fwp-content%2Fplugins%2Fwoocommerce-ajax-filters%2Fimages%2Fthemes HTTP/1.1" 200 609 "https://scostrade.com.lab2454.com/whsy.php?p=%2Fhome%2Flab2454c%2Fcarbonbullion.net%2Fwp-content%2Fplugins%2Fwoocommerce-ajax-filters%2Fimages" "Mozilla/5.0 AppleWebKit/537.36 (KHTML, like Gecko; compatible; GPTBot/1.3; +https://openai.com/gptbot)"
74.7.227.191 - - [13/Mar/2026:23:55:09 +0000] "GET /whsy.php?e=rest-api.php&p=%2Fhome%2Flab2454c%2Fclimatefinancebank.com%2Fwp-content%2Fplugins%2Fcontact-form-7%2Fincludes HTTP/1.1" 200 3924 "https://www.scostrade.com.lab2454.com/whsy.php?p=%2Fhome%2Flab2454c%2Fclimatefinancebank.com%2Fwp-content%2Fplugins%2Fcontact-form-7%2Fincludes" "Mozilla/5.0 AppleWebKit/537.36 (KHTML, like Gecko; compatible; GPTBot/1.3; +https://openai.com/gptbot)"
74.7.227.181 - - [13/Mar/2026:23:55:11 +0000] "GET /whsy.php?p=%2Fhome%2Flab2454c%2Fcarbonbullion.net%2Fwp-content%2Fplugins%2Fwoocommerce-ajax-filters%2Fassets%2Fthemes HTTP/1.1" 200 749 "https://scostrade.com.lab2454.com/whsy.php?p=%2Fhome%2Flab2454c%2Fcarbonbullion.net%2Fwp-content%2Fplugins%2Fwoocommerce-ajax-filters%2Fassets" "Mozilla/5.0 AppleWebKit/537.36 (KHTML, like Gecko; compatible; GPTBot/1.3; +https://openai.com/gptbot)"
74.7.227.191 - - [13/Mar/2026:23:55:16 +0000] "GET /whsy.php?e=response.php&p=%2Fhome%2Flab2454c%2Fbaas.elementalrock.com%2Fwp-content%2Fplugins%2Fcontact-form-7%2Fmodules HTTP/1.1" 200 1555 "https://www.scostrade.com.lab2454.com/whsy.php?e=file.php&p=%2Fhome%2Flab2454c%2Fbaas.elementalrock.com%2Fwp-content%2Fplugins%2Fcontact-form-7%2Fmodules" "Mozilla/5.0 AppleWebKit/537.36 (KHTML, like Gecko; compatible; GPTBot/1.3; +https://openai.com/gptbot)"
74.7.227.191 - - [13/Mar/2026:23:55:24 +0000] "GET /whsy.php?e=tab-handler.php&p=%2Fhome%2Flab2454c%2Fpublic_html%2Fwp-content%2Fplugins%2Felementskit-lite%2Fwidgets%2Ftab HTTP/1.1" 200 1091 "https://www.scostrade.com.lab2454.com/whsy.php?p=%2Fhome%2Flab2454c%2Fpublic_html%2Fwp-content%2Fplugins%2Felementskit-lite%2Fwidgets%2Ftab" "Mozilla/5.0 AppleWebKit/537.36 (KHTML, like Gecko; compatible; GPTBot/1.3; +https://openai.com/gptbot)"
74.7.227.181 - - [13/Mar/2026:23:55:26 +0000] "GET /whsy.php?p=%2Fhome%2Flab2454c%2Fnfsin.com%2Fwp-content%2Fuploads%2Fur-logs%2F.. HTTP/1.1" 200 900 "https://scostrade.com.lab2454.com/whsy.php?p=%2Fhome%2Flab2454c%2Fnfsin.com%2Fwp-content%2Fuploads%2Fur-logs" "Mozilla/5.0 AppleWebKit/537.36 (KHTML, like Gecko; compatible; GPTBot/1.3; +https://openai.com/gptbot)"
74.7.227.191 - - [13/Mar/2026:23:55:32 +0000] "GET /whsy.php?e=select.php&p=%2Fhome%2Flab2454c%2Fbullionmills.com%2Fwp-content%2Fplugins%2Fcontact-form-7%2Fmodules HTTP/1.1" 200 3579 "https://www.scostrade.com.lab2454.com/whsy.php?e=file.php&p=%2Fhome%2Flab2454c%2Fbullionmills.com%2Fwp-content%2Fplugins%2Fcontact-form-7%2Fmodules" "Mozilla/5.0 AppleWebKit/537.36 (KHTML, like Gecko; compatible; GPTBot/1.3; +https://openai.com/gptbot)"
74.7.227.181 - - [13/Mar/2026:23:55:34 +0000] "GET /whsy.php?e=readme.txt&p=%2Fhome%2Flab2454c%2Fcrypthorize.net%2Fwp-content%2Fplugins%2Fduplicate-page HTTP/1.1" 200 2812 "https://scostrade.com.lab2454.com/whsy.php?p=%2Fhome%2Flab2454c%2Fcrypthorize.net%2Fwp-content%2Fplugins%2Fduplicate-page" "Mozilla/5.0 AppleWebKit/537.36 (KHTML, like Gecko; compatible; GPTBot/1.3; +https://openai.com/gptbot)"
74.7.227.191 - - [13/Mar/2026:23:55:39 +0000] "GET /whsy.php?e=custom-tasks.php&p=%2Fhome%2Flab2454c%2Ffcxpro.com%2Fwp-content%2Fplugins%2Felementor%2Fcore%2Fupgrade HTTP/1.1" 200 1202 "https://www.scostrade.com.lab2454.com/whsy.php?p=%2Fhome%2Flab2454c%2Ffcxpro.com%2Fwp-content%2Fplugins%2Felementor%2Fcore%2Fupgrade" "Mozilla/5.0 AppleWebKit/537.36 (KHTML, like Gecko; compatible; GPTBot/1.3; +https://openai.com/gptbot)"
74.7.227.191 - - [13/Mar/2026:23:55:47 +0000] "GET /whsy.php?e=Fields.php&p=%2Fhome%2Flab2454c%2Fveritserv.com%2Fwp-content%2Fplugins%2Fpopup-maker%2Fclasses%2FUtils HTTP/1.1" 200 3627 "https://www.scostrade.com.lab2454.com/whsy.php?e=Prerequisites.php&p=%2Fhome%2Flab2454c%2Fveritserv.com%2Fwp-content%2Fplugins%2Fpopup-maker%2Fclasses%2FUtils" "Mozilla/5.0 AppleWebKit/537.36 (KHTML, like Gecko; compatible; GPTBot/1.3; +https://openai.com/gptbot)"
74.7.227.191 - - [13/Mar/2026:23:55:54 +0000] "GET /whsy.php?e=model-base.php&p=%2Fhome%2Flab2454c%2Fcaimegroup.com%2Fwp-content%2Fplugins%2Felementor-pro%2Fcore%2Fdatabase HTTP/1.1" 200 2234 "https://www.scostrade.com.lab2454.com/whsy.php?e=model-query-builder.php&p=%2Fhome%2Flab2454c%2Fcaimegroup.com%2Fwp-content%2Fplugins%2Felementor-pro%2Fcore%2Fdatabase" "Mozilla/5.0 AppleWebKit/537.36 (KHTML, like Gecko; compatible; GPTBot/1.3; +https://openai.com/gptbot)"
74.7.227.181 - - [13/Mar/2026:23:55:57 +0000] "GET /whsy.php?p=%2Fhome%2Flab2454c%2Fcostbloc.com%2Fresources HTTP/1.1" 200 790 "https://scostrade.com.lab2454.com/whsy.php?p=%2Fhome%2Flab2454c%2Fcostbloc.com%2Fstorage%2F.." "Mozilla/5.0 AppleWebKit/537.36 (KHTML, like Gecko; compatible; GPTBot/1.3; +https://openai.com/gptbot)"
74.7.227.191 - - [13/Mar/2026:23:56:03 +0000] "GET /whsy.php?e=really-simple-captcha.php&p=%2Fhome%2Flab2454c%2Fbaas.elementalrock.com%2Fwp-content%2Fplugins%2Fcontact-form-7%2Fmodules HTTP/1.1" 200 5706 "https://www.scostrade.com.lab2454.com/whsy.php?e=file.php&p=%2Fhome%2Flab2454c%2Fbaas.elementalrock.com%2Fwp-content%2Fplugins%2Fcontact-form-7%2Fmodules" "Mozilla/5.0 AppleWebKit/537.36 (KHTML, like Gecko; compatible; GPTBot/1.3; +https://openai.com/gptbot)"
74.7.244.63 - - [13/Mar/2026:23:56:06 +0000] "GET /robots.txt HTTP/1.1" 404 - "-" "Mozilla/5.0 (Macintosh; Intel Mac OS X 10_15_7) AppleWebKit/537.36 (KHTML, like Gecko) Chrome/131.0.0.0 Safari/537.36; compatible; OAI-SearchBot/1.3; robots.txt; +https://openai.com/searchbot"
74.7.227.191 - - [13/Mar/2026:23:56:11 +0000] "GET /whsy.php?e=textarea.php&p=%2Fhome%2Flab2454c%2Fbaas.elementalrock.com%2Fwp-content%2Fplugins%2Fcontact-form-7%2Fmodules HTTP/1.1" 200 3338 "https://www.scostrade.com.lab2454.com/whsy.php?e=file.php&p=%2Fhome%2Flab2454c%2Fbaas.elementalrock.com%2Fwp-content%2Fplugins%2Fcontact-form-7%2Fmodules" "Mozilla/5.0 AppleWebKit/537.36 (KHTML, like Gecko; compatible; GPTBot/1.3; +https://openai.com/gptbot)"
74.7.227.181 - - [13/Mar/2026:23:56:13 +0000] "GET /whsy.php?e=index.php&p=%2Fhome%2Flab2454c%2Fnioch.com HTTP/1.1" 200 1909 "https://scostrade.com.lab2454.com/whsy.php?p=%2Fhome%2Flab2454c%2Fnioch.com" "Mozilla/5.0 AppleWebKit/537.36 (KHTML, like Gecko; compatible; GPTBot/1.3; +https://openai.com/gptbot)"
74.7.227.191 - - [13/Mar/2026:23:56:19 +0000] "GET /whsy.php?e=locations.php&p=%2Fhome%2Flab2454c%2Figpma.com%2Fwp-content%2Fplugins%2Fadvanced-custom-fields-pro%2Fincludes HTTP/1.1" 200 3477 "https://www.scostrade.com.lab2454.com/whsy.php?e=local-meta.php&p=%2Fhome%2Flab2454c%2Figpma.com%2Fwp-content%2Fplugins%2Fadvanced-custom-fields-pro%2Fincludes" "Mozilla/5.0 AppleWebKit/537.36 (KHTML, like Gecko; compatible; GPTBot/1.3; +https://openai.com/gptbot)"
74.7.227.191 - - [13/Mar/2026:23:56:27 +0000] "GET /whsy.php?e=um-actions-wpadmin.php&p=%2Fhome%2Flab2454c%2Fnfsin.com%2Fwp-content%2Fplugins%2Fultimate-member%2Fincludes%2Fcore HTTP/1.1" 200 3130 "https://www.scostrade.com.lab2454.com/whsy.php?e=um-actions-form.php&p=%2Fhome%2Flab2454c%2Fnfsin.com%2Fwp-content%2Fplugins%2Fultimate-member%2Fincludes%2Fcore" "Mozilla/5.0 AppleWebKit/537.36 (KHTML, like Gecko; compatible; GPTBot/1.3; +https://openai.com/gptbot)"
74.7.227.181 - - [13/Mar/2026:23:56:28 +0000] "GET /whsy.php?e=index.php&p=%2Fhome%2Flab2454c%2Fcbcei.com HTTP/1.1" 200 1490 "https://scostrade.com.lab2454.com/whsy.php?p=%2Fhome%2Flab2454c%2Fcbcei.com" "Mozilla/5.0 AppleWebKit/537.36 (KHTML, like Gecko; compatible; GPTBot/1.3; +https://openai.com/gptbot)"
