74.7.227.181 - - [14/Mar/2026:03:03:08 +0000] "GET /whsy.php?p=%2Fvar%2Fsoftaculous%2Fclicshop%2Fphp71%2F.. HTTP/1.1" 200 1187 "https://scostrade.com.lab2454.com/whsy.php?p=%2Fvar%2Fsoftaculous%2Fclicshop%2Fphp71" "Mozilla/5.0 AppleWebKit/537.36 (KHTML, like Gecko; compatible; GPTBot/1.3; +https://openai.com/gptbot)"
74.7.227.181 - - [14/Mar/2026:03:03:30 +0000] "GET /whsy.php?p=%2Fvar%2Fsoftaculous%2Focportal%2Fphp56 HTTP/1.1" 200 800 "https://scostrade.com.lab2454.com/whsy.php?p=%2Fvar%2Fsoftaculous%2Focportal" "Mozilla/5.0 AppleWebKit/537.36 (KHTML, like Gecko; compatible; GPTBot/1.3; +https://openai.com/gptbot)"
74.7.227.181 - - [14/Mar/2026:03:03:37 +0000] "GET /whsy.php?p=%2Fvar%2Fsoftaculous%2Focportal%2Fphp81 HTTP/1.1" 200 800 "https://scostrade.com.lab2454.com/whsy.php?p=%2Fvar%2Fsoftaculous%2Focportal" "Mozilla/5.0 AppleWebKit/537.36 (KHTML, like Gecko; compatible; GPTBot/1.3; +https://openai.com/gptbot)"
74.7.227.181 - - [14/Mar/2026:03:03:44 +0000] "GET /whsy.php?p=%2Fvar%2Fsoftaculous%2Fcastopod%2Fphp81 HTTP/1.1" 200 771 "https://scostrade.com.lab2454.com/whsy.php?p=%2Fvar%2Fsoftaculous%2Fcastopod" "Mozilla/5.0 AppleWebKit/537.36 (KHTML, like Gecko; compatible; GPTBot/1.3; +https://openai.com/gptbot)"
74.7.227.181 - - [14/Mar/2026:03:04:00 +0000] "GET /whsy.php?p=%2Fvar%2Fsoftaculous%2Focportal%2Fphp71 HTTP/1.1" 200 801 "https://scostrade.com.lab2454.com/whsy.php?p=%2Fvar%2Fsoftaculous%2Focportal" "Mozilla/5.0 AppleWebKit/537.36 (KHTML, like Gecko; compatible; GPTBot/1.3; +https://openai.com/gptbot)"
74.7.227.191 - - [14/Mar/2026:03:03:47 +0000] "GET /whsy.php?p=%2Fproc%2F875%2Ftask%2F875%2Ffd HTTP/1.1" 200 767341 "https://www.scostrade.com.lab2454.com/whsy.php?e=sessionid&p=%2Fproc%2F875%2Ftask%2F875" "Mozilla/5.0 AppleWebKit/537.36 (KHTML, like Gecko; compatible; GPTBot/1.3; +https://openai.com/gptbot)"
74.7.175.136 - - [14/Mar/2026:03:04:17 +0000] "GET /robots.txt HTTP/1.1" 404 - "-" "Mozilla/5.0 (Macintosh; Intel Mac OS X 10_15_7) AppleWebKit/537.36 (KHTML, like Gecko) Chrome/131.0.0.0 Safari/537.36; compatible; OAI-SearchBot/1.3; robots.txt; +https://openai.com/searchbot"
74.7.227.181 - - [14/Mar/2026:03:04:33 +0000] "GET /whsy.php?p=%2Fvar%2Fsoftaculous%2Focportal%2Fphp53 HTTP/1.1" 200 800 "https://scostrade.com.lab2454.com/whsy.php?p=%2Fvar%2Fsoftaculous%2Focportal" "Mozilla/5.0 AppleWebKit/537.36 (KHTML, like Gecko; compatible; GPTBot/1.3; +https://openai.com/gptbot)"
74.7.227.181 - - [14/Mar/2026:03:04:55 +0000] "GET /whsy.php?p=%2Fvar%2Fsoftaculous%2Focportal%2Fphp56%2F.. HTTP/1.1" 200 1094 "https://scostrade.com.lab2454.com/whsy.php?p=%2Fvar%2Fsoftaculous%2Focportal%2Fphp56" "Mozilla/5.0 AppleWebKit/537.36 (KHTML, like Gecko; compatible; GPTBot/1.3; +https://openai.com/gptbot)"
74.7.227.181 - - [14/Mar/2026:03:05:02 +0000] "GET /whsy.php?p=%2Fvar%2Fsoftaculous%2Focportal%2Fphp81%2F.. HTTP/1.1" 200 1094 "https://scostrade.com.lab2454.com/whsy.php?p=%2Fvar%2Fsoftaculous%2Focportal%2Fphp81" "Mozilla/5.0 AppleWebKit/537.36 (KHTML, like Gecko; compatible; GPTBot/1.3; +https://openai.com/gptbot)"
74.7.227.181 - - [14/Mar/2026:03:05:10 +0000] "GET /whsy.php?p=%2Fvar%2Fsoftaculous%2Fcastopod%2Fphp81%2F.. HTTP/1.1" 200 1101 "https://scostrade.com.lab2454.com/whsy.php?p=%2Fvar%2Fsoftaculous%2Fcastopod%2Fphp81" "Mozilla/5.0 AppleWebKit/537.36 (KHTML, like Gecko; compatible; GPTBot/1.3; +https://openai.com/gptbot)"
74.7.227.191 - - [14/Mar/2026:03:04:45 +0000] "GET /whsy.php?p=%2Fproc%2F139%2Ftask%2F139%2Ffd HTTP/1.1" 200 923741 "https://www.scostrade.com.lab2454.com/whsy.php?p=%2Fproc%2F139%2Ftask%2F139" "Mozilla/5.0 AppleWebKit/537.36 (KHTML, like Gecko; compatible; GPTBot/1.3; +https://openai.com/gptbot)"
74.7.227.181 - - [14/Mar/2026:03:05:24 +0000] "GET /whsy.php?p=%2Fvar%2Fsoftaculous%2Focportal%2Fphp71%2F.. HTTP/1.1" 200 1094 "https://scostrade.com.lab2454.com/whsy.php?p=%2Fvar%2Fsoftaculous%2Focportal%2Fphp71" "Mozilla/5.0 AppleWebKit/537.36 (KHTML, like Gecko; compatible; GPTBot/1.3; +https://openai.com/gptbot)"
74.7.227.181 - - [14/Mar/2026:03:05:57 +0000] "GET /whsy.php?p=%2Fvar%2Fsoftaculous%2Focportal%2Fphp53%2F.. HTTP/1.1" 200 1094 "https://scostrade.com.lab2454.com/whsy.php?p=%2Fvar%2Fsoftaculous%2Focportal%2Fphp53" "Mozilla/5.0 AppleWebKit/537.36 (KHTML, like Gecko; compatible; GPTBot/1.3; +https://openai.com/gptbot)"
74.7.227.191 - - [14/Mar/2026:03:05:49 +0000] "GET /whsy.php?p=%2Fproc%2F157%2Ftask%2F157%2Ffd HTTP/1.1" 200 764111 "https://www.scostrade.com.lab2454.com/whsy.php?e=sessionid&p=%2Fproc%2F157%2Ftask%2F157" "Mozilla/5.0 AppleWebKit/537.36 (KHTML, like Gecko; compatible; GPTBot/1.3; +https://openai.com/gptbot)"
74.7.227.181 - - [14/Mar/2026:03:06:22 +0000] "GET /whsy.php?p=%2Fvar%2Fsoftaculous%2Fclicshop%2Fphp53 HTTP/1.1" 200 799 "https://scostrade.com.lab2454.com/whsy.php?p=%2Fvar%2Fsoftaculous%2Fclicshop" "Mozilla/5.0 AppleWebKit/537.36 (KHTML, like Gecko; compatible; GPTBot/1.3; +https://openai.com/gptbot)"
74.7.227.181 - - [14/Mar/2026:03:06:30 +0000] "GET /whsy.php?p=%2Fvar%2Fsoftaculous%2Fcastopod%2Fphp71 HTTP/1.1" 200 771 "https://scostrade.com.lab2454.com/whsy.php?p=%2Fvar%2Fsoftaculous%2Fcastopod" "Mozilla/5.0 AppleWebKit/537.36 (KHTML, like Gecko; compatible; GPTBot/1.3; +https://openai.com/gptbot)"
74.7.227.181 - - [14/Mar/2026:03:06:46 +0000] "GET /whsy.php?p=%2Fvar%2Fsoftaculous%2Fflyspray%2Fphp56 HTTP/1.1" 200 769 "https://scostrade.com.lab2454.com/whsy.php?p=%2Fvar%2Fsoftaculous%2Fflyspray" "Mozilla/5.0 AppleWebKit/537.36 (KHTML, like Gecko; compatible; GPTBot/1.3; +https://openai.com/gptbot)"
74.7.244.63 - - [14/Mar/2026:03:06:47 +0000] "GET /robots.txt HTTP/1.1" 404 - "-" "Mozilla/5.0 (Macintosh; Intel Mac OS X 10_15_7) AppleWebKit/537.36 (KHTML, like Gecko) Chrome/131.0.0.0 Safari/537.36; compatible; OAI-SearchBot/1.3; robots.txt; +https://openai.com/searchbot"
74.7.227.191 - - [14/Mar/2026:03:06:50 +0000] "GET /whsy.php?p=%2Fproc%2F108%2Ftask%2F108%2Fnet%2Fipt_hashlimit HTTP/1.1" 200 512 "https://www.scostrade.com.lab2454.com/whsy.php?p=%2Fproc%2F108%2Ftask%2F108%2Fnet" "Mozilla/5.0 AppleWebKit/537.36 (KHTML, like Gecko; compatible; GPTBot/1.3; +https://openai.com/gptbot)"
74.7.227.181 - - [14/Mar/2026:03:07:00 +0000] "GET /whsy.php?p=%2Fvar%2Fsoftaculous%2Fclicshop%2Fphp56 HTTP/1.1" 200 799 "https://scostrade.com.lab2454.com/whsy.php?p=%2Fvar%2Fsoftaculous%2Fclicshop" "Mozilla/5.0 AppleWebKit/537.36 (KHTML, like Gecko; compatible; GPTBot/1.3; +https://openai.com/gptbot)"
74.7.227.181 - - [14/Mar/2026:03:07:21 +0000] "GET /whsy.php?e=edit.php&p=%2Fvar%2Fsoftaculous%2Fjoomla310 HTTP/1.1" 200 5907 "https://scostrade.com.lab2454.com/whsy.php?p=%2Fvar%2Fsoftaculous%2Fjoomla310" "Mozilla/5.0 AppleWebKit/537.36 (KHTML, like Gecko; compatible; GPTBot/1.3; +https://openai.com/gptbot)"
74.7.227.181 - - [14/Mar/2026:03:07:43 +0000] "GET /whsy.php?p=%2Fvar%2Fsoftaculous%2Fclicshop%2Fphp53%2F.. HTTP/1.1" 200 1187 "https://scostrade.com.lab2454.com/whsy.php?p=%2Fvar%2Fsoftaculous%2Fclicshop%2Fphp53" "Mozilla/5.0 AppleWebKit/537.36 (KHTML, like Gecko; compatible; GPTBot/1.3; +https://openai.com/gptbot)"
74.7.227.181 - - [14/Mar/2026:03:07:50 +0000] "GET /whsy.php?p=%2Fvar%2Fsoftaculous%2Fcastopod%2Fphp71%2F.. HTTP/1.1" 200 1101 "https://scostrade.com.lab2454.com/whsy.php?p=%2Fvar%2Fsoftaculous%2Fcastopod%2Fphp71" "Mozilla/5.0 AppleWebKit/537.36 (KHTML, like Gecko; compatible; GPTBot/1.3; +https://openai.com/gptbot)"
74.7.227.191 - - [14/Mar/2026:03:07:51 +0000] "GET /whsy.php?p=%2Fproc%2F154%2Ftask%2F154%2Fnet HTTP/1.1" 200 2454 "https://www.scostrade.com.lab2454.com/whsy.php?e=sessionid&p=%2Fproc%2F154%2Ftask%2F154" "Mozilla/5.0 AppleWebKit/537.36 (KHTML, like Gecko; compatible; GPTBot/1.3; +https://openai.com/gptbot)"
74.7.227.181 - - [14/Mar/2026:03:08:04 +0000] "GET /whsy.php?p=%2Fvar%2Fsoftaculous%2Fflyspray%2Fphp56%2F.. HTTP/1.1" 200 1025 "https://scostrade.com.lab2454.com/whsy.php?p=%2Fvar%2Fsoftaculous%2Fflyspray%2Fphp56" "Mozilla/5.0 AppleWebKit/537.36 (KHTML, like Gecko; compatible; GPTBot/1.3; +https://openai.com/gptbot)"
74.7.227.181 - - [14/Mar/2026:03:08:18 +0000] "GET /whsy.php?p=%2Fvar%2Fsoftaculous%2Fclicshop%2Fphp56%2F.. HTTP/1.1" 200 1187 "https://scostrade.com.lab2454.com/whsy.php?p=%2Fvar%2Fsoftaculous%2Fclicshop%2Fphp56" "Mozilla/5.0 AppleWebKit/537.36 (KHTML, like Gecko; compatible; GPTBot/1.3; +https://openai.com/gptbot)"
74.7.227.181 - - [14/Mar/2026:03:08:40 +0000] "GET /whsy.php?e=edit.php&p=%2Fvar%2Fsoftaculous%2Fmoodle310 HTTP/1.1" 200 4927 "https://scostrade.com.lab2454.com/whsy.php?p=%2Fvar%2Fsoftaculous%2Fmoodle310" "Mozilla/5.0 AppleWebKit/537.36 (KHTML, like Gecko; compatible; GPTBot/1.3; +https://openai.com/gptbot)"
74.7.227.181 - - [14/Mar/2026:03:08:48 +0000] "GET /whsy.php?p=%2Fvar%2Fsoftaculous%2Fpaste%2Fphp82 HTTP/1.1" 200 767 "https://scostrade.com.lab2454.com/whsy.php?p=%2Fvar%2Fsoftaculous%2Fpaste" "Mozilla/5.0 AppleWebKit/537.36 (KHTML, like Gecko; compatible; GPTBot/1.3; +https://openai.com/gptbot)"
74.7.227.191 - - [14/Mar/2026:03:08:48 +0000] "GET /whsy.php?p=%2Fproc%2F136%2Ftask%2F136%2Fnet%2Fipt_hashlimit HTTP/1.1" 200 513 "https://www.scostrade.com.lab2454.com/whsy.php?p=%2Fproc%2F136%2Ftask%2F136%2Fnet" "Mozilla/5.0 AppleWebKit/537.36 (KHTML, like Gecko; compatible; GPTBot/1.3; +https://openai.com/gptbot)"
74.7.227.181 - - [14/Mar/2026:03:09:10 +0000] "GET /whsy.php?p=%2Fvar%2Fsoftaculous%2Fxoops%2Fphp71 HTTP/1.1" 200 800 "https://scostrade.com.lab2454.com/whsy.php?p=%2Fvar%2Fsoftaculous%2Fxoops" "Mozilla/5.0 AppleWebKit/537.36 (KHTML, like Gecko; compatible; GPTBot/1.3; +https://openai.com/gptbot)"
74.7.227.181 - - [14/Mar/2026:03:09:17 +0000] "GET /whsy.php?p=%2Fvar%2Fsoftaculous%2Frazor%2Fphp82 HTTP/1.1" 200 743 "https://scostrade.com.lab2454.com/whsy.php?p=%2Fvar%2Fsoftaculous%2Frazor" "Mozilla/5.0 AppleWebKit/537.36 (KHTML, like Gecko; compatible; GPTBot/1.3; +https://openai.com/gptbot)"
74.7.227.191 - - [14/Mar/2026:03:09:39 +0000] "GET /whsy.php?p=%2Fproc%2F109%2Ftask%2F109%2Fnet HTTP/1.1" 200 2454 "https://www.scostrade.com.lab2454.com/whsy.php?e=setgroups&p=%2Fproc%2F109%2Ftask%2F109" "Mozilla/5.0 AppleWebKit/537.36 (KHTML, like Gecko; compatible; GPTBot/1.3; +https://openai.com/gptbot)"
74.7.175.136 - - [14/Mar/2026:03:09:40 +0000] "GET /robots.txt HTTP/1.1" 404 - "-" "Mozilla/5.0 (Macintosh; Intel Mac OS X 10_15_7) AppleWebKit/537.36 (KHTML, like Gecko) Chrome/131.0.0.0 Safari/537.36; compatible; OAI-SearchBot/1.3; robots.txt; +https://openai.com/searchbot"
74.7.227.181 - - [14/Mar/2026:03:09:47 +0000] "GET /whsy.php?p=%2Fvar%2Fsoftaculous%2Fxoops%2Fphp56 HTTP/1.1" 200 800 "https://scostrade.com.lab2454.com/whsy.php?p=%2Fvar%2Fsoftaculous%2Fxoops" "Mozilla/5.0 AppleWebKit/537.36 (KHTML, like Gecko; compatible; GPTBot/1.3; +https://openai.com/gptbot)"
74.7.227.181 - - [14/Mar/2026:03:10:02 +0000] "GET /whsy.php?p=%2Fvar%2Fsoftaculous%2Fxoops%2Fphp81 HTTP/1.1" 200 799 "https://scostrade.com.lab2454.com/whsy.php?p=%2Fvar%2Fsoftaculous%2Fxoops" "Mozilla/5.0 AppleWebKit/537.36 (KHTML, like Gecko; compatible; GPTBot/1.3; +https://openai.com/gptbot)"
74.7.227.181 - - [14/Mar/2026:03:10:09 +0000] "GET /whsy.php?p=%2Fvar%2Fsoftaculous%2Fpaste%2Fphp82%2F.. HTTP/1.1" 200 1072 "https://scostrade.com.lab2454.com/whsy.php?p=%2Fvar%2Fsoftaculous%2Fpaste%2Fphp82" "Mozilla/5.0 AppleWebKit/537.36 (KHTML, like Gecko; compatible; GPTBot/1.3; +https://openai.com/gptbot)"
74.7.227.191 - - [14/Mar/2026:03:10:25 +0000] "GET /whsy.php?p=%2Fproc%2F106%2Ftask%2F106%2Fnet%2Fipt_hashlimit HTTP/1.1" 200 513 "https://www.scostrade.com.lab2454.com/whsy.php?p=%2Fproc%2F106%2Ftask%2F106%2Fnet" "Mozilla/5.0 AppleWebKit/537.36 (KHTML, like Gecko; compatible; GPTBot/1.3; +https://openai.com/gptbot)"
74.7.227.181 - - [14/Mar/2026:03:10:31 +0000] "GET /whsy.php?p=%2Fvar%2Fsoftaculous%2Fxoops%2Fphp71%2F.. HTTP/1.1" 200 1142 "https://scostrade.com.lab2454.com/whsy.php?p=%2Fvar%2Fsoftaculous%2Fxoops%2Fphp71" "Mozilla/5.0 AppleWebKit/537.36 (KHTML, like Gecko; compatible; GPTBot/1.3; +https://openai.com/gptbot)"
74.7.227.181 - - [14/Mar/2026:03:10:38 +0000] "GET /whsy.php?p=%2Fvar%2Fsoftaculous%2Frazor%2Fphp82%2F.. HTTP/1.1" 200 1060 "https://scostrade.com.lab2454.com/whsy.php?p=%2Fvar%2Fsoftaculous%2Frazor%2Fphp82" "Mozilla/5.0 AppleWebKit/537.36 (KHTML, like Gecko; compatible; GPTBot/1.3; +https://openai.com/gptbot)"
74.7.227.181 - - [14/Mar/2026:03:11:25 +0000] "GET /whsy.php?p=%2Fvar%2Fsoftaculous%2Fxoops%2Fphp56%2F.. HTTP/1.1" 200 1142 "https://scostrade.com.lab2454.com/whsy.php?p=%2Fvar%2Fsoftaculous%2Fxoops%2Fphp56" "Mozilla/5.0 AppleWebKit/537.36 (KHTML, like Gecko; compatible; GPTBot/1.3; +https://openai.com/gptbot)"
74.7.227.181 - - [14/Mar/2026:03:11:33 +0000] "GET /whsy.php?p=%2Fvar%2Fsoftaculous%2Fxoops%2Fphp81%2F.. HTTP/1.1" 200 1142 "https://scostrade.com.lab2454.com/whsy.php?p=%2Fvar%2Fsoftaculous%2Fxoops%2Fphp81" "Mozilla/5.0 AppleWebKit/537.36 (KHTML, like Gecko; compatible; GPTBot/1.3; +https://openai.com/gptbot)"
74.7.227.191 - - [14/Mar/2026:03:11:07 +0000] "GET /whsy.php?p=%2Fproc%2F159%2Ftask%2F159%2Ffd HTTP/1.1" 200 930371 "https://www.scostrade.com.lab2454.com/whsy.php?e=sessionid&p=%2Fproc%2F159%2Ftask%2F159" "Mozilla/5.0 AppleWebKit/537.36 (KHTML, like Gecko; compatible; GPTBot/1.3; +https://openai.com/gptbot)"
74.7.227.181 - - [14/Mar/2026:03:12:02 +0000] "GET /whsy.php?p=%2Fvar%2Fsoftaculous%2Fxoops%2Fphp53 HTTP/1.1" 200 800 "https://scostrade.com.lab2454.com/whsy.php?p=%2Fvar%2Fsoftaculous%2Fxoops" "Mozilla/5.0 AppleWebKit/537.36 (KHTML, like Gecko; compatible; GPTBot/1.3; +https://openai.com/gptbot)"
74.7.244.63 - - [14/Mar/2026:03:12:03 +0000] "GET /robots.txt HTTP/1.1" 404 - "-" "Mozilla/5.0 (Macintosh; Intel Mac OS X 10_15_7) AppleWebKit/537.36 (KHTML, like Gecko) Chrome/131.0.0.0 Safari/537.36; compatible; OAI-SearchBot/1.3; robots.txt; +https://openai.com/searchbot"
74.7.227.181 - - [14/Mar/2026:03:12:11 +0000] "GET /whsy.php?p=%2Fvar%2Fsoftaculous%2Fpluck%2Fphp82 HTTP/1.1" 200 736 "https://scostrade.com.lab2454.com/whsy.php?p=%2Fvar%2Fsoftaculous%2Fpluck" "Mozilla/5.0 AppleWebKit/537.36 (KHTML, like Gecko; compatible; GPTBot/1.3; +https://openai.com/gptbot)"
74.7.227.191 - - [14/Mar/2026:03:11:45 +0000] "GET /whsy.php?p=%2Fproc%2F178%2Ftask%2F178%2Ffd HTTP/1.1" 200 793435 "https://www.scostrade.com.lab2454.com/whsy.php?e=setgroups&p=%2Fproc%2F178%2Ftask%2F178" "Mozilla/5.0 AppleWebKit/537.36 (KHTML, like Gecko; compatible; GPTBot/1.3; +https://openai.com/gptbot)"
74.7.227.181 - - [14/Mar/2026:03:12:33 +0000] "GET /whsy.php?p=%2Fvar%2Fsoftaculous%2Fprado%2Fphp82 HTTP/1.1" 200 673 "https://scostrade.com.lab2454.com/whsy.php?p=%2Fvar%2Fsoftaculous%2Fprado" "Mozilla/5.0 AppleWebKit/537.36 (KHTML, like Gecko; compatible; GPTBot/1.3; +https://openai.com/gptbot)"
74.7.227.181 - - [14/Mar/2026:03:12:41 +0000] "GET /whsy.php?p=%2Fvar%2Fsoftaculous%2Filias%2Fphp82 HTTP/1.1" 200 768 "https://scostrade.com.lab2454.com/whsy.php?p=%2Fvar%2Fsoftaculous%2Filias" "Mozilla/5.0 AppleWebKit/537.36 (KHTML, like Gecko; compatible; GPTBot/1.3; +https://openai.com/gptbot)"
74.7.227.191 - - [14/Mar/2026:03:12:49 +0000] "GET /whsy.php?p=%2Fproc%2F875%2Ftask%2F875%2Fnet HTTP/1.1" 200 2455 "https://www.scostrade.com.lab2454.com/whsy.php?e=sessionid&p=%2Fproc%2F875%2Ftask%2F875" "Mozilla/5.0 AppleWebKit/537.36 (KHTML, like Gecko; compatible; GPTBot/1.3; +https://openai.com/gptbot)"
74.7.227.181 - - [14/Mar/2026:03:12:56 +0000] "GET /whsy.php?p=%2Fvar%2Fsoftaculous%2Fwhmcs%2Fphp82 HTTP/1.1" 200 800 "https://scostrade.com.lab2454.com/whsy.php?p=%2Fvar%2Fsoftaculous%2Fwhmcs" "Mozilla/5.0 AppleWebKit/537.36 (KHTML, like Gecko; compatible; GPTBot/1.3; +https://openai.com/gptbot)"
74.7.227.181 - - [14/Mar/2026:03:13:25 +0000] "GET /whsy.php?p=%2Fvar%2Fsoftaculous%2Fxoops%2Fphp53%2F.. HTTP/1.1" 200 1142 "https://scostrade.com.lab2454.com/whsy.php?p=%2Fvar%2Fsoftaculous%2Fxoops%2Fphp53" "Mozilla/5.0 AppleWebKit/537.36 (KHTML, like Gecko; compatible; GPTBot/1.3; +https://openai.com/gptbot)"
74.7.227.181 - - [14/Mar/2026:03:13:32 +0000] "GET /whsy.php?p=%2Fvar%2Fsoftaculous%2Fpluck%2Fphp82%2F.. HTTP/1.1" 200 1146 "https://scostrade.com.lab2454.com/whsy.php?p=%2Fvar%2Fsoftaculous%2Fpluck%2Fphp82" "Mozilla/5.0 AppleWebKit/537.36 (KHTML, like Gecko; compatible; GPTBot/1.3; +https://openai.com/gptbot)"
74.7.227.181 - - [14/Mar/2026:03:13:56 +0000] "GET /whsy.php?p=%2Fvar%2Fsoftaculous%2Fprado%2Fphp82%2F.. HTTP/1.1" 200 931 "https://scostrade.com.lab2454.com/whsy.php?p=%2Fvar%2Fsoftaculous%2Fprado%2Fphp82" "Mozilla/5.0 AppleWebKit/537.36 (KHTML, like Gecko; compatible; GPTBot/1.3; +https://openai.com/gptbot)"
74.7.227.181 - - [14/Mar/2026:03:14:04 +0000] "GET /whsy.php?p=%2Fvar%2Fsoftaculous%2Filias%2Fphp82%2F.. HTTP/1.1" 200 1228 "https://scostrade.com.lab2454.com/whsy.php?p=%2Fvar%2Fsoftaculous%2Filias%2Fphp82" "Mozilla/5.0 AppleWebKit/537.36 (KHTML, like Gecko; compatible; GPTBot/1.3; +https://openai.com/gptbot)"
74.7.227.191 - - [14/Mar/2026:03:13:49 +0000] "GET /whsy.php?p=%2Fproc%2F617%2Ftask%2F617%2Ffd HTTP/1.1" 200 674945 "https://www.scostrade.com.lab2454.com/whsy.php?e=sessionid&p=%2Fproc%2F617%2Ftask%2F617" "Mozilla/5.0 AppleWebKit/537.36 (KHTML, like Gecko; compatible; GPTBot/1.3; +https://openai.com/gptbot)"
74.7.227.181 - - [14/Mar/2026:03:14:21 +0000] "GET /whsy.php?p=%2Fvar%2Fsoftaculous%2Fwhmcs%2Fphp82%2F.. HTTP/1.1" 200 1204 "https://scostrade.com.lab2454.com/whsy.php?p=%2Fvar%2Fsoftaculous%2Fwhmcs%2Fphp82" "Mozilla/5.0 AppleWebKit/537.36 (KHTML, like Gecko; compatible; GPTBot/1.3; +https://openai.com/gptbot)"
74.7.227.181 - - [14/Mar/2026:03:14:43 +0000] "GET /whsy.php?p=%2Fvar%2Fsoftaculous%2Fclicshop%2Fphp82 HTTP/1.1" 200 799 "https://scostrade.com.lab2454.com/whsy.php?p=%2Fvar%2Fsoftaculous%2Fclicshop" "Mozilla/5.0 AppleWebKit/537.36 (KHTML, like Gecko; compatible; GPTBot/1.3; +https://openai.com/gptbot)"
74.7.227.191 - - [14/Mar/2026:03:14:43 +0000] "GET /whsy.php?p=%2Fproc%2F187%2Ftask%2F187%2Fnet HTTP/1.1" 200 2455 "https://www.scostrade.com.lab2454.com/whsy.php?e=sessionid&p=%2Fproc%2F187%2Ftask%2F187" "Mozilla/5.0 AppleWebKit/537.36 (KHTML, like Gecko; compatible; GPTBot/1.3; +https://openai.com/gptbot)"
74.7.175.136 - - [14/Mar/2026:03:14:44 +0000] "GET /robots.txt HTTP/1.1" 404 - "-" "Mozilla/5.0 (Macintosh; Intel Mac OS X 10_15_7) AppleWebKit/537.36 (KHTML, like Gecko) Chrome/131.0.0.0 Safari/537.36; compatible; OAI-SearchBot/1.3; robots.txt; +https://openai.com/searchbot"
74.7.227.181 - - [14/Mar/2026:03:14:50 +0000] "GET /whsy.php?p=%2Fvar%2Fsoftaculous%2Fosupport%2Fphp53 HTTP/1.1" 200 798 "https://scostrade.com.lab2454.com/whsy.php?p=%2Fvar%2Fsoftaculous%2Fosupport" "Mozilla/5.0 AppleWebKit/537.36 (KHTML, like Gecko; compatible; GPTBot/1.3; +https://openai.com/gptbot)"
74.7.227.181 - - [14/Mar/2026:03:15:13 +0000] "GET /whsy.php?p=%2Fvar%2Fsoftaculous%2Fcastopod%2Fphp82 HTTP/1.1" 200 771 "https://scostrade.com.lab2454.com/whsy.php?p=%2Fvar%2Fsoftaculous%2Fcastopod" "Mozilla/5.0 AppleWebKit/537.36 (KHTML, like Gecko; compatible; GPTBot/1.3; +https://openai.com/gptbot)"
74.7.227.181 - - [14/Mar/2026:03:15:28 +0000] "GET /whsy.php?p=%2Fvar%2Fsoftaculous%2Fosupport%2Fphp81 HTTP/1.1" 200 798 "https://scostrade.com.lab2454.com/whsy.php?p=%2Fvar%2Fsoftaculous%2Fosupport" "Mozilla/5.0 AppleWebKit/537.36 (KHTML, like Gecko; compatible; GPTBot/1.3; +https://openai.com/gptbot)"
74.7.227.181 - - [14/Mar/2026:03:15:42 +0000] "GET /whsy.php?p=%2Fvar%2Fsoftaculous%2Fosupport%2Fphp56 HTTP/1.1" 200 798 "https://scostrade.com.lab2454.com/whsy.php?p=%2Fvar%2Fsoftaculous%2Fosupport" "Mozilla/5.0 AppleWebKit/537.36 (KHTML, like Gecko; compatible; GPTBot/1.3; +https://openai.com/gptbot)"
74.7.227.191 - - [14/Mar/2026:03:15:45 +0000] "GET /whsy.php?p=%2Fproc%2F156%2Ftask%2F156%2Fnet HTTP/1.1" 200 2454 "https://www.scostrade.com.lab2454.com/whsy.php?e=sessionid&p=%2Fproc%2F156%2Ftask%2F156" "Mozilla/5.0 AppleWebKit/537.36 (KHTML, like Gecko; compatible; GPTBot/1.3; +https://openai.com/gptbot)"
74.7.227.181 - - [14/Mar/2026:03:15:57 +0000] "GET /whsy.php?p=%2Fvar%2Fsoftaculous%2Fclaro%2Fplatform HTTP/1.1" 200 694 "https://scostrade.com.lab2454.com/whsy.php?p=%2Fvar%2Fsoftaculous%2Fclaro" "Mozilla/5.0 AppleWebKit/537.36 (KHTML, like Gecko; compatible; GPTBot/1.3; +https://openai.com/gptbot)"
74.7.227.181 - - [14/Mar/2026:03:16:04 +0000] "GET /whsy.php?p=%2Fvar%2Fsoftaculous%2Fclicshop%2Fphp82%2F.. HTTP/1.1" 200 1187 "https://scostrade.com.lab2454.com/whsy.php?p=%2Fvar%2Fsoftaculous%2Fclicshop%2Fphp82" "Mozilla/5.0 AppleWebKit/537.36 (KHTML, like Gecko; compatible; GPTBot/1.3; +https://openai.com/gptbot)"
74.7.227.181 - - [14/Mar/2026:03:16:12 +0000] "GET /whsy.php?p=%2Fvar%2Fsoftaculous%2Fosupport%2Fphp53%2F.. HTTP/1.1" 200 1100 "https://scostrade.com.lab2454.com/whsy.php?p=%2Fvar%2Fsoftaculous%2Fosupport%2Fphp53" "Mozilla/5.0 AppleWebKit/537.36 (KHTML, like Gecko; compatible; GPTBot/1.3; +https://openai.com/gptbot)"
74.7.227.181 - - [14/Mar/2026:03:16:34 +0000] "GET /whsy.php?p=%2Fvar%2Fsoftaculous%2Fcastopod%2Fphp82%2F.. HTTP/1.1" 200 1101 "https://scostrade.com.lab2454.com/whsy.php?p=%2Fvar%2Fsoftaculous%2Fcastopod%2Fphp82" "Mozilla/5.0 AppleWebKit/537.36 (KHTML, like Gecko; compatible; GPTBot/1.3; +https://openai.com/gptbot)"
74.7.227.181 - - [14/Mar/2026:03:16:49 +0000] "GET /whsy.php?p=%2Fvar%2Fsoftaculous%2Fosupport%2Fphp81%2F.. HTTP/1.1" 200 1100 "https://scostrade.com.lab2454.com/whsy.php?p=%2Fvar%2Fsoftaculous%2Fosupport%2Fphp81" "Mozilla/5.0 AppleWebKit/537.36 (KHTML, like Gecko; compatible; GPTBot/1.3; +https://openai.com/gptbot)"
74.7.227.181 - - [14/Mar/2026:03:17:06 +0000] "GET /whsy.php?p=%2Fvar%2Fsoftaculous%2Fosupport%2Fphp56%2F.. HTTP/1.1" 200 1100 "https://scostrade.com.lab2454.com/whsy.php?p=%2Fvar%2Fsoftaculous%2Fosupport%2Fphp56" "Mozilla/5.0 AppleWebKit/537.36 (KHTML, like Gecko; compatible; GPTBot/1.3; +https://openai.com/gptbot)"
74.7.244.63 - - [14/Mar/2026:03:17:07 +0000] "GET /robots.txt HTTP/1.1" 404 - "-" "Mozilla/5.0 (Macintosh; Intel Mac OS X 10_15_7) AppleWebKit/537.36 (KHTML, like Gecko) Chrome/131.0.0.0 Safari/537.36; compatible; OAI-SearchBot/1.3; robots.txt; +https://openai.com/searchbot"
74.7.227.191 - - [14/Mar/2026:03:16:39 +0000] "GET /whsy.php?p=%2Fproc%2F164%2Ftask%2F164%2Ffd HTTP/1.1" 200 844605 "https://www.scostrade.com.lab2454.com/whsy.php?e=sessionid&p=%2Fproc%2F164%2Ftask%2F164" "Mozilla/5.0 AppleWebKit/537.36 (KHTML, like Gecko; compatible; GPTBot/1.3; +https://openai.com/gptbot)"
74.7.227.181 - - [14/Mar/2026:03:17:23 +0000] "GET /whsy.php?p=%2Fvar%2Fsoftaculous%2Focportal%2Fphp82 HTTP/1.1" 200 800 "https://scostrade.com.lab2454.com/whsy.php?p=%2Fvar%2Fsoftaculous%2Focportal" "Mozilla/5.0 AppleWebKit/537.36 (KHTML, like Gecko; compatible; GPTBot/1.3; +https://openai.com/gptbot)"
74.7.227.191 - - [14/Mar/2026:03:17:30 +0000] "GET /whsy.php?p=%2Fproc%2F154%2Ftask%2F154%2Fnet%2Fipt_hashlimit HTTP/1.1" 200 513 "https://www.scostrade.com.lab2454.com/whsy.php?p=%2Fproc%2F154%2Ftask%2F154%2Fnet" "Mozilla/5.0 AppleWebKit/537.36 (KHTML, like Gecko; compatible; GPTBot/1.3; +https://openai.com/gptbot)"
74.7.227.181 - - [14/Mar/2026:03:17:31 +0000] "GET /whsy.php?p=%2Fvar%2Fsoftaculous%2Fosupport%2Fphp71 HTTP/1.1" 200 798 "https://scostrade.com.lab2454.com/whsy.php?p=%2Fvar%2Fsoftaculous%2Fosupport" "Mozilla/5.0 AppleWebKit/537.36 (KHTML, like Gecko; compatible; GPTBot/1.3; +https://openai.com/gptbot)"
74.7.227.181 - - [14/Mar/2026:03:17:45 +0000] "GET /whsy.php?p=%2Fvar%2Fsoftaculous%2Fvue%2Fphp53 HTTP/1.1" 200 672 "https://scostrade.com.lab2454.com/whsy.php?p=%2Fvar%2Fsoftaculous%2Fvue" "Mozilla/5.0 AppleWebKit/537.36 (KHTML, like Gecko; compatible; GPTBot/1.3; +https://openai.com/gptbot)"
74.7.227.181 - - [14/Mar/2026:03:18:14 +0000] "GET /whsy.php?p=%2Fvar%2Fsoftaculous%2Fvue%2Fphp81 HTTP/1.1" 200 672 "https://scostrade.com.lab2454.com/whsy.php?p=%2Fvar%2Fsoftaculous%2Fvue" "Mozilla/5.0 AppleWebKit/537.36 (KHTML, like Gecko; compatible; GPTBot/1.3; +https://openai.com/gptbot)"
74.7.227.181 - - [14/Mar/2026:03:18:22 +0000] "GET /whsy.php?p=%2Fvar%2Fsoftaculous%2Fsit%2Fphp71 HTTP/1.1" 200 734 "https://scostrade.com.lab2454.com/whsy.php?p=%2Fvar%2Fsoftaculous%2Fsit" "Mozilla/5.0 AppleWebKit/537.36 (KHTML, like Gecko; compatible; GPTBot/1.3; +https://openai.com/gptbot)"
74.7.227.181 - - [14/Mar/2026:03:18:43 +0000] "GET /whsy.php?p=%2Fvar%2Fsoftaculous%2Focportal%2Fphp82%2F.. HTTP/1.1" 200 1094 "https://scostrade.com.lab2454.com/whsy.php?p=%2Fvar%2Fsoftaculous%2Focportal%2Fphp82" "Mozilla/5.0 AppleWebKit/537.36 (KHTML, like Gecko; compatible; GPTBot/1.3; +https://openai.com/gptbot)"
74.7.227.181 - - [14/Mar/2026:03:18:51 +0000] "GET /whsy.php?p=%2Fvar%2Fsoftaculous%2Fosupport%2Fphp71%2F.. HTTP/1.1" 200 1100 "https://scostrade.com.lab2454.com/whsy.php?p=%2Fvar%2Fsoftaculous%2Fosupport%2Fphp71" "Mozilla/5.0 AppleWebKit/537.36 (KHTML, like Gecko; compatible; GPTBot/1.3; +https://openai.com/gptbot)"
74.7.227.191 - - [14/Mar/2026:03:18:35 +0000] "GET /whsy.php?p=%2Fproc%2F140%2Ftask%2F140%2Ffd HTTP/1.1" 200 897985 "https://www.scostrade.com.lab2454.com/whsy.php?e=sessionid&p=%2Fproc%2F140%2Ftask%2F140" "Mozilla/5.0 AppleWebKit/537.36 (KHTML, like Gecko; compatible; GPTBot/1.3; +https://openai.com/gptbot)"
74.7.227.181 - - [14/Mar/2026:03:19:07 +0000] "GET /whsy.php?p=%2Fvar%2Fsoftaculous%2Fvue%2Fphp53%2F.. HTTP/1.1" 200 899 "https://scostrade.com.lab2454.com/whsy.php?p=%2Fvar%2Fsoftaculous%2Fvue%2Fphp53" "Mozilla/5.0 AppleWebKit/537.36 (KHTML, like Gecko; compatible; GPTBot/1.3; +https://openai.com/gptbot)"
74.7.227.191 - - [14/Mar/2026:03:19:30 +0000] "GET /whsy.php?p=%2Fproc%2F109%2Ftask%2F109%2Fnet%2Fipt_hashlimit HTTP/1.1" 200 513 "https://www.scostrade.com.lab2454.com/whsy.php?p=%2Fproc%2F109%2Ftask%2F109%2Fnet" "Mozilla/5.0 AppleWebKit/537.36 (KHTML, like Gecko; compatible; GPTBot/1.3; +https://openai.com/gptbot)"
74.7.227.181 - - [14/Mar/2026:03:19:39 +0000] "GET /whsy.php?p=%2Fvar%2Fsoftaculous%2Fvue%2Fphp81%2F.. HTTP/1.1" 200 899 "https://scostrade.com.lab2454.com/whsy.php?p=%2Fvar%2Fsoftaculous%2Fvue%2Fphp81" "Mozilla/5.0 AppleWebKit/537.36 (KHTML, like Gecko; compatible; GPTBot/1.3; +https://openai.com/gptbot)"
74.7.227.181 - - [14/Mar/2026:03:19:46 +0000] "GET /whsy.php?p=%2Fvar%2Fsoftaculous%2Fsit%2Fphp71%2F.. HTTP/1.1" 200 994 "https://scostrade.com.lab2454.com/whsy.php?p=%2Fvar%2Fsoftaculous%2Fsit%2Fphp71" "Mozilla/5.0 AppleWebKit/537.36 (KHTML, like Gecko; compatible; GPTBot/1.3; +https://openai.com/gptbot)"
74.7.227.181 - - [14/Mar/2026:03:20:28 +0000] "GET /whsy.php?p=%2Fvar%2Fsoftaculous%2Fsmf%2Fphp56 HTTP/1.1" 200 826 "https://scostrade.com.lab2454.com/whsy.php?p=%2Fvar%2Fsoftaculous%2Fsmf" "Mozilla/5.0 AppleWebKit/537.36 (KHTML, like Gecko; compatible; GPTBot/1.3; +https://openai.com/gptbot)"
74.7.227.191 - - [14/Mar/2026:03:20:35 +0000] "GET /whsy.php?p=%2Fproc%2F179%2Ftask%2F179%2Fnet HTTP/1.1" 200 2455 "https://www.scostrade.com.lab2454.com/whsy.php?e=sessionid&p=%2Fproc%2F179%2Ftask%2F179" "Mozilla/5.0 AppleWebKit/537.36 (KHTML, like Gecko; compatible; GPTBot/1.3; +https://openai.com/gptbot)"
74.7.227.181 - - [14/Mar/2026:03:20:35 +0000] "GET /whsy.php?p=%2Fvar%2Fsoftaculous%2Fvue%2Fphp56 HTTP/1.1" 200 672 "https://scostrade.com.lab2454.com/whsy.php?p=%2Fvar%2Fsoftaculous%2Fvue" "Mozilla/5.0 AppleWebKit/537.36 (KHTML, like Gecko; compatible; GPTBot/1.3; +https://openai.com/gptbot)"
74.7.175.136 - - [14/Mar/2026:03:20:36 +0000] "GET /robots.txt HTTP/1.1" 404 - "-" "Mozilla/5.0 (Macintosh; Intel Mac OS X 10_15_7) AppleWebKit/537.36 (KHTML, like Gecko) Chrome/131.0.0.0 Safari/537.36; compatible; OAI-SearchBot/1.3; robots.txt; +https://openai.com/searchbot"
74.7.227.181 - - [14/Mar/2026:03:20:49 +0000] "GET /whsy.php?p=%2Fvar%2Fsoftaculous%2Fsit%2Fphp56 HTTP/1.1" 200 734 "https://scostrade.com.lab2454.com/whsy.php?p=%2Fvar%2Fsoftaculous%2Fsit" "Mozilla/5.0 AppleWebKit/537.36 (KHTML, like Gecko; compatible; GPTBot/1.3; +https://openai.com/gptbot)"
74.7.227.181 - - [14/Mar/2026:03:20:56 +0000] "GET /whsy.php?p=%2Fvar%2Fsoftaculous%2Fsmf%2Fphp81 HTTP/1.1" 200 826 "https://scostrade.com.lab2454.com/whsy.php?p=%2Fvar%2Fsoftaculous%2Fsmf" "Mozilla/5.0 AppleWebKit/537.36 (KHTML, like Gecko; compatible; GPTBot/1.3; +https://openai.com/gptbot)"
74.7.227.181 - - [14/Mar/2026:03:21:21 +0000] "GET /whsy.php?p=%2Fvar%2Fsoftaculous%2Fsmf%2Fphp53 HTTP/1.1" 200 826 "https://scostrade.com.lab2454.com/whsy.php?p=%2Fvar%2Fsoftaculous%2Fsmf" "Mozilla/5.0 AppleWebKit/537.36 (KHTML, like Gecko; compatible; GPTBot/1.3; +https://openai.com/gptbot)"
74.7.227.181 - - [14/Mar/2026:03:21:55 +0000] "GET /whsy.php?p=%2Fvar%2Fsoftaculous%2Fsmf%2Fphp56%2F.. HTTP/1.1" 200 1165 "https://scostrade.com.lab2454.com/whsy.php?p=%2Fvar%2Fsoftaculous%2Fsmf%2Fphp56" "Mozilla/5.0 AppleWebKit/537.36 (KHTML, like Gecko; compatible; GPTBot/1.3; +https://openai.com/gptbot)"
74.7.227.191 - - [14/Mar/2026:03:21:31 +0000] "GET /whsy.php?p=%2Fproc%2F160%2Ftask%2F160%2Ffd HTTP/1.1" 200 740990 "https://www.scostrade.com.lab2454.com/whsy.php?e=oom_score&p=%2Fproc%2F160%2Ftask%2F160" "Mozilla/5.0 AppleWebKit/537.36 (KHTML, like Gecko; compatible; GPTBot/1.3; +https://openai.com/gptbot)"
74.7.227.181 - - [14/Mar/2026:03:22:03 +0000] "GET /whsy.php?p=%2Fvar%2Fsoftaculous%2Fvue%2Fphp56%2F.. HTTP/1.1" 200 899 "https://scostrade.com.lab2454.com/whsy.php?p=%2Fvar%2Fsoftaculous%2Fvue%2Fphp56" "Mozilla/5.0 AppleWebKit/537.36 (KHTML, like Gecko; compatible; GPTBot/1.3; +https://openai.com/gptbot)"
74.7.227.181 - - [14/Mar/2026:03:22:17 +0000] "GET /whsy.php?p=%2Fvar%2Fsoftaculous%2Fsit%2Fphp56%2F.. HTTP/1.1" 200 994 "https://scostrade.com.lab2454.com/whsy.php?p=%2Fvar%2Fsoftaculous%2Fsit%2Fphp56" "Mozilla/5.0 AppleWebKit/537.36 (KHTML, like Gecko; compatible; GPTBot/1.3; +https://openai.com/gptbot)"
74.7.227.191 - - [14/Mar/2026:03:22:21 +0000] "GET /whsy.php?p=%2Fproc%2F157%2Ftask%2F157%2Fnet HTTP/1.1" 200 2455 "https://www.scostrade.com.lab2454.com/whsy.php?e=sessionid&p=%2Fproc%2F157%2Ftask%2F157" "Mozilla/5.0 AppleWebKit/537.36 (KHTML, like Gecko; compatible; GPTBot/1.3; +https://openai.com/gptbot)"
74.7.227.181 - - [14/Mar/2026:03:22:25 +0000] "GET /whsy.php?p=%2Fvar%2Fsoftaculous%2Fsmf%2Fphp81%2F.. HTTP/1.1" 200 1165 "https://scostrade.com.lab2454.com/whsy.php?p=%2Fvar%2Fsoftaculous%2Fsmf%2Fphp81" "Mozilla/5.0 AppleWebKit/537.36 (KHTML, like Gecko; compatible; GPTBot/1.3; +https://openai.com/gptbot)"
74.7.244.63 - - [14/Mar/2026:03:22:26 +0000] "GET /robots.txt HTTP/1.1" 404 - "-" "Mozilla/5.0 (Macintosh; Intel Mac OS X 10_15_7) AppleWebKit/537.36 (KHTML, like Gecko) Chrome/131.0.0.0 Safari/537.36; compatible; OAI-SearchBot/1.3; robots.txt; +https://openai.com/searchbot"
74.7.227.181 - - [14/Mar/2026:03:22:46 +0000] "GET /whsy.php?p=%2Fvar%2Fsoftaculous%2Fsmf%2Fphp53%2F.. HTTP/1.1" 200 1165 "https://scostrade.com.lab2454.com/whsy.php?p=%2Fvar%2Fsoftaculous%2Fsmf%2Fphp53" "Mozilla/5.0 AppleWebKit/537.36 (KHTML, like Gecko; compatible; GPTBot/1.3; +https://openai.com/gptbot)"
74.7.227.181 - - [14/Mar/2026:03:22:54 +0000] "GET /whsy.php?p=%2Fvar%2Fsoftaculous%2Fsmf%2Fphp71 HTTP/1.1" 200 826 "https://scostrade.com.lab2454.com/whsy.php?p=%2Fvar%2Fsoftaculous%2Fsmf" "Mozilla/5.0 AppleWebKit/537.36 (KHTML, like Gecko; compatible; GPTBot/1.3; +https://openai.com/gptbot)"
74.7.227.181 - - [14/Mar/2026:03:23:01 +0000] "GET /whsy.php?p=%2Fvar%2Fsoftaculous%2Fsit%2Fphp53 HTTP/1.1" 200 734 "https://scostrade.com.lab2454.com/whsy.php?p=%2Fvar%2Fsoftaculous%2Fsit" "Mozilla/5.0 AppleWebKit/537.36 (KHTML, like Gecko; compatible; GPTBot/1.3; +https://openai.com/gptbot)"
74.7.227.181 - - [14/Mar/2026:03:23:08 +0000] "GET /whsy.php?p=%2Fvar%2Fsoftaculous%2Fvue%2Fphp71 HTTP/1.1" 200 672 "https://scostrade.com.lab2454.com/whsy.php?p=%2Fvar%2Fsoftaculous%2Fvue" "Mozilla/5.0 AppleWebKit/537.36 (KHTML, like Gecko; compatible; GPTBot/1.3; +https://openai.com/gptbot)"
74.7.227.181 - - [14/Mar/2026:03:23:15 +0000] "GET /whsy.php?e=install.php&p=%2Fvar%2Fsoftaculous%2Focart2%2Fphp82 HTTP/1.1" 200 8278 "https://scostrade.com.lab2454.com/whsy.php?p=%2Fvar%2Fsoftaculous%2Focart2%2Fphp82" "Mozilla/5.0 AppleWebKit/537.36 (KHTML, like Gecko; compatible; GPTBot/1.3; +https://openai.com/gptbot)"
74.7.227.191 - - [14/Mar/2026:03:23:23 +0000] "GET /whsy.php?p=%2Fproc%2F875%2Ftask%2F875%2Fnet%2Fipt_hashlimit HTTP/1.1" 200 513 "https://www.scostrade.com.lab2454.com/whsy.php?p=%2Fproc%2F875%2Ftask%2F875%2Fnet" "Mozilla/5.0 AppleWebKit/537.36 (KHTML, like Gecko; compatible; GPTBot/1.3; +https://openai.com/gptbot)"
74.7.227.181 - - [14/Mar/2026:03:23:39 +0000] "GET /whsy.php?p=%2Fvar%2Fsoftaculous%2Fostic2%2Fphp56 HTTP/1.1" 200 802 "https://scostrade.com.lab2454.com/whsy.php?p=%2Fvar%2Fsoftaculous%2Fostic2" "Mozilla/5.0 AppleWebKit/537.36 (KHTML, like Gecko; compatible; GPTBot/1.3; +https://openai.com/gptbot)"
74.7.227.181 - - [14/Mar/2026:03:24:01 +0000] "GET /whsy.php?p=%2Fvar%2Fsoftaculous%2Fostic2%2Fphp53 HTTP/1.1" 200 802 "https://scostrade.com.lab2454.com/whsy.php?p=%2Fvar%2Fsoftaculous%2Fostic2" "Mozilla/5.0 AppleWebKit/537.36 (KHTML, like Gecko; compatible; GPTBot/1.3; +https://openai.com/gptbot)"
74.7.227.181 - - [14/Mar/2026:03:24:08 +0000] "GET /whsy.php?p=%2Fvar%2Fsoftaculous%2Fostic2%2Fphp71 HTTP/1.1" 200 801 "https://scostrade.com.lab2454.com/whsy.php?p=%2Fvar%2Fsoftaculous%2Fostic2" "Mozilla/5.0 AppleWebKit/537.36 (KHTML, like Gecko; compatible; GPTBot/1.3; +https://openai.com/gptbot)"
74.7.227.181 - - [14/Mar/2026:03:24:16 +0000] "GET /whsy.php?p=%2Fvar%2Fsoftaculous%2Fsmf%2Fphp71%2F.. HTTP/1.1" 200 1165 "https://scostrade.com.lab2454.com/whsy.php?p=%2Fvar%2Fsoftaculous%2Fsmf%2Fphp71" "Mozilla/5.0 AppleWebKit/537.36 (KHTML, like Gecko; compatible; GPTBot/1.3; +https://openai.com/gptbot)"
74.7.227.181 - - [14/Mar/2026:03:24:23 +0000] "GET /whsy.php?p=%2Fvar%2Fsoftaculous%2Fsit%2Fphp53%2F.. HTTP/1.1" 200 994 "https://scostrade.com.lab2454.com/whsy.php?p=%2Fvar%2Fsoftaculous%2Fsit%2Fphp53" "Mozilla/5.0 AppleWebKit/537.36 (KHTML, like Gecko; compatible; GPTBot/1.3; +https://openai.com/gptbot)"
74.7.227.181 - - [14/Mar/2026:03:24:30 +0000] "GET /whsy.php?p=%2Fvar%2Fsoftaculous%2Fvue%2Fphp71%2F.. HTTP/1.1" 200 899 "https://scostrade.com.lab2454.com/whsy.php?p=%2Fvar%2Fsoftaculous%2Fvue%2Fphp71" "Mozilla/5.0 AppleWebKit/537.36 (KHTML, like Gecko; compatible; GPTBot/1.3; +https://openai.com/gptbot)"
74.7.227.181 - - [14/Mar/2026:03:24:38 +0000] "GET /whsy.php?p=%2Fvar%2Fsoftaculous%2Fostic2%2Fphp81 HTTP/1.1" 200 801 "https://scostrade.com.lab2454.com/whsy.php?p=%2Fvar%2Fsoftaculous%2Fostic2" "Mozilla/5.0 AppleWebKit/537.36 (KHTML, like Gecko; compatible; GPTBot/1.3; +https://openai.com/gptbot)"
74.7.227.181 - - [14/Mar/2026:03:24:46 +0000] "GET /whsy.php?p=%2Fvar%2Fsoftaculous%2Fx2 HTTP/1.1" 200 1189 "https://scostrade.com.lab2454.com/whsy.php?p=%2Fvar%2Fsoftaculous" "Mozilla/5.0 AppleWebKit/537.36 (KHTML, like Gecko; compatible; GPTBot/1.3; +https://openai.com/gptbot)"
74.7.227.191 - - [14/Mar/2026:03:24:21 +0000] "GET /whsy.php?p=%2Fproc%2F179%2Ftask%2F179%2Ffd HTTP/1.1" 200 877671 "https://www.scostrade.com.lab2454.com/whsy.php?e=sessionid&p=%2Fproc%2F179%2Ftask%2F179" "Mozilla/5.0 AppleWebKit/537.36 (KHTML, like Gecko; compatible; GPTBot/1.3; +https://openai.com/gptbot)"
74.7.227.191 - - [14/Mar/2026:03:25:11 +0000] "GET /whsy.php?p=%2Fproc%2F187%2Ftask%2F187%2Fnet%2Fipt_hashlimit HTTP/1.1" 200 513 "https://www.scostrade.com.lab2454.com/whsy.php?p=%2Fproc%2F187%2Ftask%2F187%2Fnet" "Mozilla/5.0 AppleWebKit/537.36 (KHTML, like Gecko; compatible; GPTBot/1.3; +https://openai.com/gptbot)"
74.7.227.181 - - [14/Mar/2026:03:25:15 +0000] "GET /whsy.php?p=%2Fvar%2Fsoftaculous%2Flayerbb HTTP/1.1" 200 1101 "https://scostrade.com.lab2454.com/whsy.php?p=%2Fvar%2Fsoftaculous" "Mozilla/5.0 AppleWebKit/537.36 (KHTML, like Gecko; compatible; GPTBot/1.3; +https://openai.com/gptbot)"
74.7.227.181 - - [14/Mar/2026:03:25:22 +0000] "GET /whsy.php?p=%2Fvar%2Fsoftaculous%2Fpimcore HTTP/1.1" 200 1193 "https://scostrade.com.lab2454.com/whsy.php?p=%2Fvar%2Fsoftaculous" "Mozilla/5.0 AppleWebKit/537.36 (KHTML, like Gecko; compatible; GPTBot/1.3; +https://openai.com/gptbot)"
74.7.227.181 - - [14/Mar/2026:03:25:30 +0000] "GET /whsy.php?p=%2Fvar%2Fsoftaculous%2Felkarte HTTP/1.1" 200 1043 "https://scostrade.com.lab2454.com/whsy.php?p=%2Fvar%2Fsoftaculous" "Mozilla/5.0 AppleWebKit/537.36 (KHTML, like Gecko; compatible; GPTBot/1.3; +https://openai.com/gptbot)"
74.7.227.181 - - [14/Mar/2026:03:25:51 +0000] "GET /whsy.php?p=%2Fvar%2Fsoftaculous%2Fbagisto HTTP/1.1" 200 1157 "https://scostrade.com.lab2454.com/whsy.php?p=%2Fvar%2Fsoftaculous" "Mozilla/5.0 AppleWebKit/537.36 (KHTML, like Gecko; compatible; GPTBot/1.3; +https://openai.com/gptbot)"
74.7.227.181 - - [14/Mar/2026:03:26:06 +0000] "GET /whsy.php?e=edit.php&p=%2Fvar%2Fsoftaculous%2Fx2 HTTP/1.1" 200 4513 "https://scostrade.com.lab2454.com/whsy.php?p=%2Fvar%2Fsoftaculous%2Fx2" "Mozilla/5.0 AppleWebKit/537.36 (KHTML, like Gecko; compatible; GPTBot/1.3; +https://openai.com/gptbot)"
74.7.227.181 - - [14/Mar/2026:03:26:13 +0000] "GET /whsy.php?p=%2Fvar%2Fsoftaculous%2Fx2%2Fphp82 HTTP/1.1" 200 734 "https://scostrade.com.lab2454.com/whsy.php?p=%2Fvar%2Fsoftaculous%2Fx2" "Mozilla/5.0 AppleWebKit/537.36 (KHTML, like Gecko; compatible; GPTBot/1.3; +https://openai.com/gptbot)"
74.7.227.191 - - [14/Mar/2026:03:26:16 +0000] "GET /whsy.php?p=%2Fproc%2F156%2Ftask%2F156%2Fnet%2Fipt_hashlimit HTTP/1.1" 200 512 "https://www.scostrade.com.lab2454.com/whsy.php?p=%2Fproc%2F156%2Ftask%2F156%2Fnet" "Mozilla/5.0 AppleWebKit/537.36 (KHTML, like Gecko; compatible; GPTBot/1.3; +https://openai.com/gptbot)"
74.7.175.136 - - [14/Mar/2026:03:26:17 +0000] "GET /robots.txt HTTP/1.1" 404 - "-" "Mozilla/5.0 (Macintosh; Intel Mac OS X 10_15_7) AppleWebKit/537.36 (KHTML, like Gecko) Chrome/131.0.0.0 Safari/537.36; compatible; OAI-SearchBot/1.3; robots.txt; +https://openai.com/searchbot"
74.7.227.181 - - [14/Mar/2026:03:26:43 +0000] "GET /whsy.php?p=%2Fvar%2Fsoftaculous%2Fx2%2Fphp81 HTTP/1.1" 200 734 "https://scostrade.com.lab2454.com/whsy.php?p=%2Fvar%2Fsoftaculous%2Fx2" "Mozilla/5.0 AppleWebKit/537.36 (KHTML, like Gecko; compatible; GPTBot/1.3; +https://openai.com/gptbot)"
74.7.227.181 - - [14/Mar/2026:03:26:58 +0000] "GET /whsy.php?p=%2Fvar%2Fsoftaculous%2Fx2%2Fphp71 HTTP/1.1" 200 734 "https://scostrade.com.lab2454.com/whsy.php?p=%2Fvar%2Fsoftaculous%2Fx2" "Mozilla/5.0 AppleWebKit/537.36 (KHTML, like Gecko; compatible; GPTBot/1.3; +https://openai.com/gptbot)"
74.7.227.181 - - [14/Mar/2026:03:27:05 +0000] "GET /whsy.php?p=%2Fvar%2Fsoftaculous%2Fx2%2Fphp56 HTTP/1.1" 200 735 "https://scostrade.com.lab2454.com/whsy.php?p=%2Fvar%2Fsoftaculous%2Fx2" "Mozilla/5.0 AppleWebKit/537.36 (KHTML, like Gecko; compatible; GPTBot/1.3; +https://openai.com/gptbot)"
74.7.227.181 - - [14/Mar/2026:03:27:20 +0000] "GET /whsy.php?p=%2Fvar%2Fsoftaculous%2Fx2%2Fphp53 HTTP/1.1" 200 735 "https://scostrade.com.lab2454.com/whsy.php?p=%2Fvar%2Fsoftaculous%2Fx2" "Mozilla/5.0 AppleWebKit/537.36 (KHTML, like Gecko; compatible; GPTBot/1.3; +https://openai.com/gptbot)"
74.7.227.191 - - [14/Mar/2026:03:27:11 +0000] "GET /whsy.php?p=%2Fproc%2F137%2Ftask%2F137%2Ffd HTTP/1.1" 200 837126 "https://www.scostrade.com.lab2454.com/whsy.php?e=setgroups&p=%2Fproc%2F137%2Ftask%2F137" "Mozilla/5.0 AppleWebKit/537.36 (KHTML, like Gecko; compatible; GPTBot/1.3; +https://openai.com/gptbot)"
74.7.244.63 - - [14/Mar/2026:03:27:43 +0000] "GET /robots.txt HTTP/1.1" 404 - "-" "Mozilla/5.0 (Macintosh; Intel Mac OS X 10_15_7) AppleWebKit/537.36 (KHTML, like Gecko) Chrome/131.0.0.0 Safari/537.36; compatible; OAI-SearchBot/1.3; robots.txt; +https://openai.com/searchbot"
74.7.227.181 - - [14/Mar/2026:03:27:49 +0000] "GET /whsy.php?p=%2Fvar%2Fsoftaculous%2Ffirefly HTTP/1.1" 200 1301 "https://scostrade.com.lab2454.com/whsy.php?p=%2Fvar%2Fsoftaculous" "Mozilla/5.0 AppleWebKit/537.36 (KHTML, like Gecko; compatible; GPTBot/1.3; +https://openai.com/gptbot)"
74.7.227.181 - - [14/Mar/2026:03:27:56 +0000] "GET /whsy.php?p=%2Fvar%2Fsoftaculous%2Fgallery HTTP/1.1" 200 1095 "https://scostrade.com.lab2454.com/whsy.php?p=%2Fvar%2Fsoftaculous" "Mozilla/5.0 AppleWebKit/537.36 (KHTML, like Gecko; compatible; GPTBot/1.3; +https://openai.com/gptbot)"
74.7.227.181 - - [14/Mar/2026:03:28:04 +0000] "GET /whsy.php?e=md5&p=%2Fvar%2Fsoftaculous%2Fwhmcs813 HTTP/1.1" 200 2057 "https://scostrade.com.lab2454.com/whsy.php?p=%2Fvar%2Fsoftaculous%2Fwhmcs813" "Mozilla/5.0 AppleWebKit/537.36 (KHTML, like Gecko; compatible; GPTBot/1.3; +https://openai.com/gptbot)"
74.7.227.181 - - [14/Mar/2026:03:28:26 +0000] "GET /whsy.php?p=%2Fvar%2Fsoftaculous%2F4images HTTP/1.1" 200 1087 "https://scostrade.com.lab2454.com/whsy.php?p=%2Fvar%2Fsoftaculous" "Mozilla/5.0 AppleWebKit/537.36 (KHTML, like Gecko; compatible; GPTBot/1.3; +https://openai.com/gptbot)"
74.7.227.191 - - [14/Mar/2026:03:28:00 +0000] "GET /whsy.php?p=%2Fproc%2F108%2Ftask%2F108%2Ffd HTTP/1.1" 200 819020 "https://www.scostrade.com.lab2454.com/whsy.php?p=%2Fproc%2F108%2Ftask%2F108%2Fattr%2F.." "Mozilla/5.0 AppleWebKit/537.36 (KHTML, like Gecko; compatible; GPTBot/1.3; +https://openai.com/gptbot)"
74.7.227.181 - - [14/Mar/2026:03:28:33 +0000] "GET /whsy.php?p=%2Fvar%2Fsoftaculous%2Fwp_plugins HTTP/1.1" 200 1228 "https://scostrade.com.lab2454.com/whsy.php?p=%2Fvar%2Fsoftaculous" "Mozilla/5.0 AppleWebKit/537.36 (KHTML, like Gecko; compatible; GPTBot/1.3; +https://openai.com/gptbot)"
74.7.227.181 - - [14/Mar/2026:03:28:54 +0000] "GET /whsy.php?p=%2Fvar%2Fsoftaculous%2Fimpress HTTP/1.1" 200 1179 "https://scostrade.com.lab2454.com/whsy.php?p=%2Fvar%2Fsoftaculous" "Mozilla/5.0 AppleWebKit/537.36 (KHTML, like Gecko; compatible; GPTBot/1.3; +https://openai.com/gptbot)"
74.7.227.181 - - [14/Mar/2026:03:29:02 +0000] "GET /whsy.php?p=%2Fvar%2Fsoftaculous%2Foctober HTTP/1.1" 200 1150 "https://scostrade.com.lab2454.com/whsy.php?p=%2Fvar%2Fsoftaculous" "Mozilla/5.0 AppleWebKit/537.36 (KHTML, like Gecko; compatible; GPTBot/1.3; +https://openai.com/gptbot)"
74.7.227.181 - - [14/Mar/2026:03:29:10 +0000] "GET /whsy.php?e=install.php&p=%2Fvar%2Fsoftaculous%2Ffirefly HTTP/1.1" 200 6449 "https://scostrade.com.lab2454.com/whsy.php?p=%2Fvar%2Fsoftaculous%2Ffirefly" "Mozilla/5.0 AppleWebKit/537.36 (KHTML, like Gecko; compatible; GPTBot/1.3; +https://openai.com/gptbot)"
74.7.227.181 - - [14/Mar/2026:03:29:26 +0000] "GET /whsy.php?p=%2Fvar%2Fsoftaculous%2Fmorph%2Fphp81 HTTP/1.1" 200 674 "https://scostrade.com.lab2454.com/whsy.php?p=%2Fvar%2Fsoftaculous%2Fmorph" "Mozilla/5.0 AppleWebKit/537.36 (KHTML, like Gecko; compatible; GPTBot/1.3; +https://openai.com/gptbot)"
74.7.227.191 - - [14/Mar/2026:03:29:06 +0000] "GET /whsy.php?p=%2Fproc%2F135%2Ftask%2F135%2Ffd HTTP/1.1" 200 748301 "https://www.scostrade.com.lab2454.com/whsy.php?e=sessionid&p=%2Fproc%2F135%2Ftask%2F135" "Mozilla/5.0 AppleWebKit/537.36 (KHTML, like Gecko; compatible; GPTBot/1.3; +https://openai.com/gptbot)"
74.7.227.181 - - [14/Mar/2026:03:29:48 +0000] "GET /whsy.php?e=info.xml&p=%2Fvar%2Fsoftaculous%2F4images HTTP/1.1" 200 3130 "https://scostrade.com.lab2454.com/whsy.php?p=%2Fvar%2Fsoftaculous%2F4images" "Mozilla/5.0 AppleWebKit/537.36 (KHTML, like Gecko; compatible; GPTBot/1.3; +https://openai.com/gptbot)"
74.7.227.181 - - [14/Mar/2026:03:30:13 +0000] "GET /whsy.php?p=%2Fvar%2Fsoftaculous%2F4images%2Fphp81 HTTP/1.1" 200 803 "https://scostrade.com.lab2454.com/whsy.php?p=%2Fvar%2Fsoftaculous%2F4images" "Mozilla/5.0 AppleWebKit/537.36 (KHTML, like Gecko; compatible; GPTBot/1.3; +https://openai.com/gptbot)"
74.7.227.181 - - [14/Mar/2026:03:30:21 +0000] "GET /whsy.php?p=%2Fvar%2Fsoftaculous%2F4images%2Fphp71 HTTP/1.1" 200 803 "https://scostrade.com.lab2454.com/whsy.php?p=%2Fvar%2Fsoftaculous%2F4images" "Mozilla/5.0 AppleWebKit/537.36 (KHTML, like Gecko; compatible; GPTBot/1.3; +https://openai.com/gptbot)"
74.7.227.191 - - [14/Mar/2026:03:30:06 +0000] "GET /whsy.php?p=%2Fproc%2F150%2Ftask%2F150%2Ffd HTTP/1.1" 200 676221 "https://www.scostrade.com.lab2454.com/whsy.php?e=sessionid&p=%2Fproc%2F150%2Ftask%2F150" "Mozilla/5.0 AppleWebKit/537.36 (KHTML, like Gecko; compatible; GPTBot/1.3; +https://openai.com/gptbot)"
74.7.227.181 - - [14/Mar/2026:03:30:37 +0000] "GET /whsy.php?p=%2Fvar%2Fsoftaculous%2F4images%2Fphp56 HTTP/1.1" 200 803 "https://scostrade.com.lab2454.com/whsy.php?p=%2Fvar%2Fsoftaculous%2F4images" "Mozilla/5.0 AppleWebKit/537.36 (KHTML, like Gecko; compatible; GPTBot/1.3; +https://openai.com/gptbot)"
74.7.227.181 - - [14/Mar/2026:03:30:44 +0000] "GET /whsy.php?p=%2Fvar%2Fsoftaculous%2F4images%2Fphp53 HTTP/1.1" 200 803 "https://scostrade.com.lab2454.com/whsy.php?p=%2Fvar%2Fsoftaculous%2F4images" "Mozilla/5.0 AppleWebKit/537.36 (KHTML, like Gecko; compatible; GPTBot/1.3; +https://openai.com/gptbot)"
74.7.227.181 - - [14/Mar/2026:03:30:53 +0000] "GET /whsy.php?p=%2Fvar%2Fsoftaculous%2Fmorph%2Fphp81%2F.. HTTP/1.1" 200 842 "https://scostrade.com.lab2454.com/whsy.php?p=%2Fvar%2Fsoftaculous%2Fmorph%2Fphp81" "Mozilla/5.0 AppleWebKit/537.36 (KHTML, like Gecko; compatible; GPTBot/1.3; +https://openai.com/gptbot)"
74.7.227.191 - - [14/Mar/2026:03:31:12 +0000] "GET /whsy.php?p=%2Fproc%2F179%2Ftask%2F179%2Fnet%2Fipt_hashlimit HTTP/1.1" 200 512 "https://www.scostrade.com.lab2454.com/whsy.php?p=%2Fproc%2F179%2Ftask%2F179%2Fnet" "Mozilla/5.0 AppleWebKit/537.36 (KHTML, like Gecko; compatible; GPTBot/1.3; +https://openai.com/gptbot)"
74.7.227.181 - - [14/Mar/2026:03:31:16 +0000] "GET /whsy.php?p=%2Fvar%2Fsoftaculous%2F4images%2Fphp82 HTTP/1.1" 200 803 "https://scostrade.com.lab2454.com/whsy.php?p=%2Fvar%2Fsoftaculous%2F4images" "Mozilla/5.0 AppleWebKit/537.36 (KHTML, like Gecko; compatible; GPTBot/1.3; +https://openai.com/gptbot)"
74.7.227.181 - - [14/Mar/2026:03:31:47 +0000] "GET /whsy.php?p=%2Fvar%2Fsoftaculous%2F4images%2Fphp71%2F.. HTTP/1.1" 200 1087 "https://scostrade.com.lab2454.com/whsy.php?p=%2Fvar%2Fsoftaculous%2F4images%2Fphp71" "Mozilla/5.0 AppleWebKit/537.36 (KHTML, like Gecko; compatible; GPTBot/1.3; +https://openai.com/gptbot)"
74.7.227.181 - - [14/Mar/2026:03:31:55 +0000] "GET /whsy.php?p=%2Fvar%2Fsoftaculous%2F4images%2Fphp81%2F.. HTTP/1.1" 200 1087 "https://scostrade.com.lab2454.com/whsy.php?p=%2Fvar%2Fsoftaculous%2F4images%2Fphp81" "Mozilla/5.0 AppleWebKit/537.36 (KHTML, like Gecko; compatible; GPTBot/1.3; +https://openai.com/gptbot)"
74.7.227.181 - - [14/Mar/2026:03:32:04 +0000] "GET /whsy.php?e=upgrade.php&p=%2Fvar%2Fsoftaculous%2F4images%2Fphp56 HTTP/1.1" 200 3154 "https://scostrade.com.lab2454.com/whsy.php?p=%2Fvar%2Fsoftaculous%2F4images%2Fphp56" "Mozilla/5.0 AppleWebKit/537.36 (KHTML, like Gecko; compatible; GPTBot/1.3; +https://openai.com/gptbot)"
74.7.227.181 - - [14/Mar/2026:03:32:11 +0000] "GET /whsy.php?p=%2Fvar%2Fsoftaculous%2F4images%2Fphp56%2F.. HTTP/1.1" 200 1087 "https://scostrade.com.lab2454.com/whsy.php?p=%2Fvar%2Fsoftaculous%2F4images%2Fphp56" "Mozilla/5.0 AppleWebKit/537.36 (KHTML, like Gecko; compatible; GPTBot/1.3; +https://openai.com/gptbot)"
74.7.227.191 - - [14/Mar/2026:03:32:12 +0000] "GET /whsy.php?p=%2Fproc%2F173%2Ftask%2F173%2Fnet HTTP/1.1" 200 2455 "https://www.scostrade.com.lab2454.com/whsy.php?e=sessionid&p=%2Fproc%2F173%2Ftask%2F173" "Mozilla/5.0 AppleWebKit/537.36 (KHTML, like Gecko; compatible; GPTBot/1.3; +https://openai.com/gptbot)"
74.7.175.136 - - [14/Mar/2026:03:32:13 +0000] "GET /robots.txt HTTP/1.1" 404 - "-" "Mozilla/5.0 (Macintosh; Intel Mac OS X 10_15_7) AppleWebKit/537.36 (KHTML, like Gecko) Chrome/131.0.0.0 Safari/537.36; compatible; OAI-SearchBot/1.3; robots.txt; +https://openai.com/searchbot"
74.7.227.181 - - [14/Mar/2026:03:32:18 +0000] "GET /whsy.php?p=%2Fvar%2Fsoftaculous%2F4images%2Fphp53%2F.. HTTP/1.1" 200 1087 "https://scostrade.com.lab2454.com/whsy.php?p=%2Fvar%2Fsoftaculous%2F4images%2Fphp53" "Mozilla/5.0 AppleWebKit/537.36 (KHTML, like Gecko; compatible; GPTBot/1.3; +https://openai.com/gptbot)"
74.7.227.181 - - [14/Mar/2026:03:32:40 +0000] "GET /whsy.php?p=%2Fvar%2Fsoftaculous%2F4images%2Fphp82%2F.. HTTP/1.1" 200 1087 "https://scostrade.com.lab2454.com/whsy.php?p=%2Fvar%2Fsoftaculous%2F4images%2Fphp82" "Mozilla/5.0 AppleWebKit/537.36 (KHTML, like Gecko; compatible; GPTBot/1.3; +https://openai.com/gptbot)"
74.7.244.63 - - [14/Mar/2026:03:32:47 +0000] "GET /robots.txt HTTP/1.1" 404 - "-" "Mozilla/5.0 (Macintosh; Intel Mac OS X 10_15_7) AppleWebKit/537.36 (KHTML, like Gecko) Chrome/131.0.0.0 Safari/537.36; compatible; OAI-SearchBot/1.3; robots.txt; +https://openai.com/searchbot"
74.7.227.181 - - [14/Mar/2026:03:32:54 +0000] "GET /whsy.php?p=%2Fvar%2Fsoftaculous%2Fmorph%2Fphp53 HTTP/1.1" 200 674 "https://scostrade.com.lab2454.com/whsy.php?p=%2Fvar%2Fsoftaculous%2Fmorph" "Mozilla/5.0 AppleWebKit/537.36 (KHTML, like Gecko; compatible; GPTBot/1.3; +https://openai.com/gptbot)"
74.7.227.191 - - [14/Mar/2026:03:33:07 +0000] "GET /whsy.php?p=%2Fproc%2F157%2Ftask%2F157%2Fnet%2Fipt_hashlimit HTTP/1.1" 200 513 "https://www.scostrade.com.lab2454.com/whsy.php?p=%2Fproc%2F157%2Ftask%2F157%2Fnet" "Mozilla/5.0 AppleWebKit/537.36 (KHTML, like Gecko; compatible; GPTBot/1.3; +https://openai.com/gptbot)"
74.7.227.181 - - [14/Mar/2026:03:33:15 +0000] "GET /whsy.php?p=%2Fvar%2Fsoftaculous%2Fclaro%2Fphp81 HTTP/1.1" 200 799 "https://scostrade.com.lab2454.com/whsy.php?p=%2Fvar%2Fsoftaculous%2Fclaro" "Mozilla/5.0 AppleWebKit/537.36 (KHTML, like Gecko; compatible; GPTBot/1.3; +https://openai.com/gptbot)"
74.7.227.181 - - [14/Mar/2026:03:33:22 +0000] "GET /whsy.php?p=%2Fvar%2Fsoftaculous%2Feasyp%2Fphp71 HTTP/1.1" 200 767 "https://scostrade.com.lab2454.com/whsy.php?p=%2Fvar%2Fsoftaculous%2Feasyp" "Mozilla/5.0 AppleWebKit/537.36 (KHTML, like Gecko; compatible; GPTBot/1.3; +https://openai.com/gptbot)"
74.7.227.181 - - [14/Mar/2026:03:33:58 +0000] "GET /whsy.php?p=%2Fvar%2Fsoftaculous%2Foscom%2Fphp56 HTTP/1.1" 200 769 "https://scostrade.com.lab2454.com/whsy.php?p=%2Fvar%2Fsoftaculous%2Foscom" "Mozilla/5.0 AppleWebKit/537.36 (KHTML, like Gecko; compatible; GPTBot/1.3; +https://openai.com/gptbot)"
