74.7.227.191 - - [13/Mar/2026:23:56:34 +0000] "GET /whsy.php?e=app.php&p=%2Fhome%2Flab2454c%2Finvest.credityork.com%2Fwp-content%2Fplugins%2Felementor%2Fcore%2Fapp HTTP/1.1" 200 2884 "https://www.scostrade.com.lab2454.com/whsy.php?p=%2Fhome%2Flab2454c%2Finvest.credityork.com%2Fwp-content%2Fplugins%2Felementor%2Fcore%2Fapp" "Mozilla/5.0 AppleWebKit/537.36 (KHTML, like Gecko; compatible; GPTBot/1.3; +https://openai.com/gptbot)"
74.7.227.181 - - [13/Mar/2026:23:56:36 +0000] "GET /whsy.php?e=the7.js&p=%2Fhome%2Flab2454c%2Fcarbonbullion.net%2Fwp-content%2Fplugins%2Fwoocommerce-ajax-filters%2Fassets%2Fthemes HTTP/1.1" 200 1487 "https://scostrade.com.lab2454.com/whsy.php?p=%2Fhome%2Flab2454c%2Fcarbonbullion.net%2Fwp-content%2Fplugins%2Fwoocommerce-ajax-filters%2Fassets%2Fthemes" "Mozilla/5.0 AppleWebKit/537.36 (KHTML, like Gecko; compatible; GPTBot/1.3; +https://openai.com/gptbot)"
74.7.227.191 - - [13/Mar/2026:23:56:41 +0000] "GET /whsy.php?e=browser.php&p=%2Fhome%2Flab2454c%2Fnfsin.com%2Fwp-content%2Fplugins%2Fultimate-member%2Fincludes%2Flib HTTP/1.1" 200 8590 "https://www.scostrade.com.lab2454.com/whsy.php?p=%2Fhome%2Flab2454c%2Fnfsin.com%2Fwp-content%2Fplugins%2Fultimate-member%2Fincludes%2Flib" "Mozilla/5.0 AppleWebKit/537.36 (KHTML, like Gecko; compatible; GPTBot/1.3; +https://openai.com/gptbot)"
74.7.227.191 - - [13/Mar/2026:23:56:49 +0000] "GET /whsy.php?e=Popups.php&p=%2Fhome%2Flab2454c%2Fgemiton.com%2Fwp-content%2Fplugins%2Fpopup-maker%2Fclasses%2FAdmin HTTP/1.1" 200 11906 "https://www.scostrade.com.lab2454.com/whsy.php?e=Ajax.php&p=%2Fhome%2Flab2454c%2Fgemiton.com%2Fwp-content%2Fplugins%2Fpopup-maker%2Fclasses%2FAdmin" "Mozilla/5.0 AppleWebKit/537.36 (KHTML, like Gecko; compatible; GPTBot/1.3; +https://openai.com/gptbot)"
74.7.227.181 - - [13/Mar/2026:23:56:50 +0000] "GET /whsy.php?p=%2Fhome%2Flab2454c%2Figpma.com%2Fwp-admin%2Fimages%2F.. HTTP/1.1" 200 3494 "https://scostrade.com.lab2454.com/whsy.php?p=%2Fhome%2Flab2454c%2Figpma.com%2Fwp-admin%2Fimages" "Mozilla/5.0 AppleWebKit/537.36 (KHTML, like Gecko; compatible; GPTBot/1.3; +https://openai.com/gptbot)"
74.7.227.191 - - [13/Mar/2026:23:56:56 +0000] "GET /whsy.php?e=class-wc-webhook.php&p=%2Fhome%2Flab2454c%2Ffcxpro.com%2Fwp-content%2Fplugins%2Fwoocommerce%2Fincludes HTTP/1.1" 200 11658 "https://www.scostrade.com.lab2454.com/whsy.php?e=wc-formatting-functions.php&p=%2Fhome%2Flab2454c%2Ffcxpro.com%2Fwp-content%2Fplugins%2Fwoocommerce%2Fincludes" "Mozilla/5.0 AppleWebKit/537.36 (KHTML, like Gecko; compatible; GPTBot/1.3; +https://openai.com/gptbot)"
74.7.227.181 - - [13/Mar/2026:23:56:58 +0000] "GET /whsy.php?e=h5repack&p=%2Fusr%2Fbin HTTP/1.1" 200 40985 "https://scostrade.com.lab2454.com/whsy.php?p=%2F%2Fbin" "Mozilla/5.0 AppleWebKit/537.36 (KHTML, like Gecko; compatible; GPTBot/1.3; +https://openai.com/gptbot)"
74.7.227.191 - - [13/Mar/2026:23:57:04 +0000] "GET /whsy.php?e=checkbox.php&p=%2Fhome%2Flab2454c%2Fbullionmills.com%2Fwp-content%2Fplugins%2Fcontact-form-7%2Fmodules HTTP/1.1" 200 4012 "https://www.scostrade.com.lab2454.com/whsy.php?e=file.php&p=%2Fhome%2Flab2454c%2Fbullionmills.com%2Fwp-content%2Fplugins%2Fcontact-form-7%2Fmodules" "Mozilla/5.0 AppleWebKit/537.36 (KHTML, like Gecko; compatible; GPTBot/1.3; +https://openai.com/gptbot)"
74.7.227.191 - - [13/Mar/2026:23:57:12 +0000] "GET /whsy.php?e=class-wc-rate-limiter.php&p=%2Fhome%2Flab2454c%2Figpma.com%2Fwp-content%2Fplugins%2Fwoocommerce%2Fincludes HTTP/1.1" 200 5846 "https://www.scostrade.com.lab2454.com/whsy.php?e=wc-conditional-functions.php&p=%2Fhome%2Flab2454c%2Figpma.com%2Fwp-content%2Fplugins%2Fwoocommerce%2Fincludes" "Mozilla/5.0 AppleWebKit/537.36 (KHTML, like Gecko; compatible; GPTBot/1.3; +https://openai.com/gptbot)"
74.7.227.181 - - [13/Mar/2026:23:57:14 +0000] "GET /whsy.php?e=gd2topng&p=%2Fusr%2Fbin HTTP/1.1" 200 40986 "https://scostrade.com.lab2454.com/whsy.php?p=%2F%2Fbin" "Mozilla/5.0 AppleWebKit/537.36 (KHTML, like Gecko; compatible; GPTBot/1.3; +https://openai.com/gptbot)"
74.7.227.191 - - [13/Mar/2026:23:57:20 +0000] "GET /whsy.php?e=um-actions-global.php&p=%2Fhome%2Flab2454c%2Fnfsin.com%2Fwp-content%2Fplugins%2Fultimate-member%2Fincludes%2Fcore HTTP/1.1" 200 3206 "https://www.scostrade.com.lab2454.com/whsy.php?e=um-actions-form.php&p=%2Fhome%2Flab2454c%2Fnfsin.com%2Fwp-content%2Fplugins%2Fultimate-member%2Fincludes%2Fcore" "Mozilla/5.0 AppleWebKit/537.36 (KHTML, like Gecko; compatible; GPTBot/1.3; +https://openai.com/gptbot)"
74.7.227.181 - - [13/Mar/2026:23:57:22 +0000] "GET /whsy.php?e=p0f&p=%2Frun%2Fchkservd HTTP/1.1" 200 1492 "https://scostrade.com.lab2454.com/whsy.php?p=%2Frun%2Fchkservd" "Mozilla/5.0 AppleWebKit/537.36 (KHTML, like Gecko; compatible; GPTBot/1.3; +https://openai.com/gptbot)"
74.7.227.191 - - [13/Mar/2026:23:57:28 +0000] "GET /whsy.php?e=class-wc-tracker.php&p=%2Fhome%2Flab2454c%2Figpma.com%2Fwp-content%2Fplugins%2Fwoocommerce%2Fincludes HTTP/1.1" 200 11049 "https://www.scostrade.com.lab2454.com/whsy.php?e=wc-conditional-functions.php&p=%2Fhome%2Flab2454c%2Figpma.com%2Fwp-content%2Fplugins%2Fwoocommerce%2Fincludes" "Mozilla/5.0 AppleWebKit/537.36 (KHTML, like Gecko; compatible; GPTBot/1.3; +https://openai.com/gptbot)"
74.7.227.181 - - [13/Mar/2026:23:57:30 +0000] "GET /whsy.php?e=yidtruy7&p=%2Fvar%2Ftmp HTTP/1.1" 200 20966 "https://scostrade.com.lab2454.com/whsy.php?p=%2Fvar%2Ftmp" "Mozilla/5.0 AppleWebKit/537.36 (KHTML, like Gecko; compatible; GPTBot/1.3; +https://openai.com/gptbot)"
74.7.227.191 - - [13/Mar/2026:23:57:36 +0000] "GET /whsy.php?e=class-config.php&p=%2Fhome%2Flab2454c%2Fnfsin.com%2Fwp-content%2Fplugins%2Fultimate-member%2Fincludes HTTP/1.1" 200 7549 "https://www.scostrade.com.lab2454.com/whsy.php?e=class-extensions.php&p=%2Fhome%2Flab2454c%2Fnfsin.com%2Fwp-content%2Fplugins%2Fultimate-member%2Fincludes" "Mozilla/5.0 AppleWebKit/537.36 (KHTML, like Gecko; compatible; GPTBot/1.3; +https://openai.com/gptbot)"
74.7.227.181 - - [13/Mar/2026:23:57:38 +0000] "GET /whsy.php?e=pod2html&p=%2Fusr%2Fbin HTTP/1.1" 200 42526 "https://scostrade.com.lab2454.com/whsy.php?p=%2F%2Fbin" "Mozilla/5.0 AppleWebKit/537.36 (KHTML, like Gecko; compatible; GPTBot/1.3; +https://openai.com/gptbot)"
74.7.227.191 - - [13/Mar/2026:23:57:44 +0000] "GET /whsy.php?e=checkbox.php&p=%2Fhome%2Flab2454c%2Fbaas.elementalrock.com%2Fwp-content%2Fplugins%2Fcontact-form-7%2Fmodules HTTP/1.1" 200 3989 "https://www.scostrade.com.lab2454.com/whsy.php?e=file.php&p=%2Fhome%2Flab2454c%2Fbaas.elementalrock.com%2Fwp-content%2Fplugins%2Fcontact-form-7%2Fmodules" "Mozilla/5.0 AppleWebKit/537.36 (KHTML, like Gecko; compatible; GPTBot/1.3; +https://openai.com/gptbot)"
74.7.227.191 - - [13/Mar/2026:23:57:51 +0000] "GET /whsy.php?e=Refund.php&p=%2Fhome%2Flab2454c%2Finvest.credityork.com%2Fwp-content%2Fplugins%2Fportfolio%2Fstripe-php%2Flib HTTP/1.1" 200 5134 "https://www.scostrade.com.lab2454.com/whsy.php?e=PromotionCode.php&p=%2Fhome%2Flab2454c%2Finvest.credityork.com%2Fwp-content%2Fplugins%2Fportfolio%2Fstripe-php%2Flib" "Mozilla/5.0 AppleWebKit/537.36 (KHTML, like Gecko; compatible; GPTBot/1.3; +https://openai.com/gptbot)"
74.7.227.181 - - [13/Mar/2026:23:57:53 +0000] "GET /whsy.php?e=pngtogd2&p=%2Fusr%2Fbin HTTP/1.1" 200 40985 "https://scostrade.com.lab2454.com/whsy.php?p=%2F%2Fbin" "Mozilla/5.0 AppleWebKit/537.36 (KHTML, like Gecko; compatible; GPTBot/1.3; +https://openai.com/gptbot)"
74.7.227.191 - - [13/Mar/2026:23:57:58 +0000] "GET /whsy.php?e=textarea.php&p=%2Fhome%2Flab2454c%2Fbullionmills.com%2Fwp-content%2Fplugins%2Fcontact-form-7%2Fmodules HTTP/1.1" 200 3358 "https://www.scostrade.com.lab2454.com/whsy.php?e=file.php&p=%2Fhome%2Flab2454c%2Fbullionmills.com%2Fwp-content%2Fplugins%2Fcontact-form-7%2Fmodules" "Mozilla/5.0 AppleWebKit/537.36 (KHTML, like Gecko; compatible; GPTBot/1.3; +https://openai.com/gptbot)"
74.7.227.191 - - [13/Mar/2026:23:58:06 +0000] "GET /whsy.php?e=um-actions-global.php&p=%2Fhome%2Flab2454c%2Fdatmont.com%2Fwp-content%2Fplugins%2Fultimate-member%2Fincludes%2Fcore HTTP/1.1" 200 3171 "https://www.scostrade.com.lab2454.com/whsy.php?e=class-gdpr.php&p=%2Fhome%2Flab2454c%2Fdatmont.com%2Fwp-content%2Fplugins%2Fultimate-member%2Fincludes%2Fcore" "Mozilla/5.0 AppleWebKit/537.36 (KHTML, like Gecko; compatible; GPTBot/1.3; +https://openai.com/gptbot)"
74.7.227.181 - - [13/Mar/2026:23:58:08 +0000] "GET /whsy.php?e=yidtruy6&p=%2Fvar%2Ftmp HTTP/1.1" 200 20965 "https://scostrade.com.lab2454.com/whsy.php?p=%2Fvar%2Ftmp" "Mozilla/5.0 AppleWebKit/537.36 (KHTML, like Gecko; compatible; GPTBot/1.3; +https://openai.com/gptbot)"
74.7.227.191 - - [13/Mar/2026:23:58:14 +0000] "GET /whsy.php?e=tab.php&p=%2Fhome%2Flab2454c%2Fargowells.com%2Fwp-content%2Fplugins%2Felementskit-lite%2Fwidgets%2Ftab HTTP/1.1" 200 8186 "https://www.scostrade.com.lab2454.com/whsy.php?p=%2Fhome%2Flab2454c%2Fargowells.com%2Fwp-content%2Fplugins%2Felementskit-lite%2Fwidgets%2Ftab" "Mozilla/5.0 AppleWebKit/537.36 (KHTML, like Gecko; compatible; GPTBot/1.3; +https://openai.com/gptbot)"
74.7.227.191 - - [13/Mar/2026:23:58:21 +0000] "GET /whsy.php?e=class-blocks.php&p=%2Fhome%2Flab2454c%2Fnfsin.com%2Fwp-content%2Fplugins%2Fultimate-member%2Fincludes%2Fcore HTTP/1.1" 200 4011 "https://www.scostrade.com.lab2454.com/whsy.php?e=um-actions-form.php&p=%2Fhome%2Flab2454c%2Fnfsin.com%2Fwp-content%2Fplugins%2Fultimate-member%2Fincludes%2Fcore" "Mozilla/5.0 AppleWebKit/537.36 (KHTML, like Gecko; compatible; GPTBot/1.3; +https://openai.com/gptbot)"
74.7.227.191 - - [13/Mar/2026:23:58:29 +0000] "GET /whsy.php?e=Alerts.php&p=%2Fhome%2Flab2454c%2Fveritserv.com%2Fwp-content%2Fplugins%2Fpopup-maker%2Fclasses%2FUtils HTTP/1.1" 200 7522 "https://www.scostrade.com.lab2454.com/whsy.php?e=Prerequisites.php&p=%2Fhome%2Flab2454c%2Fveritserv.com%2Fwp-content%2Fplugins%2Fpopup-maker%2Fclasses%2FUtils" "Mozilla/5.0 AppleWebKit/537.36 (KHTML, like Gecko; compatible; GPTBot/1.3; +https://openai.com/gptbot)"
74.7.227.181 - - [13/Mar/2026:23:58:32 +0000] "GET /whsy.php?e=pod2text&p=%2Fusr%2Fbin HTTP/1.1" 200 45470 "https://scostrade.com.lab2454.com/whsy.php?p=%2F%2Fbin" "Mozilla/5.0 AppleWebKit/537.36 (KHTML, like Gecko; compatible; GPTBot/1.3; +https://openai.com/gptbot)"
74.7.227.191 - - [13/Mar/2026:23:58:36 +0000] "GET /whsy.php?e=class-wc-eval-math.php&p=%2Fhome%2Flab2454c%2Figpma.com%2Fwp-content%2Fplugins%2Fwoocommerce%2Fincludes%2Flibraries HTTP/1.1" 200 4842 "https://www.scostrade.com.lab2454.com/whsy.php?p=%2Fhome%2Flab2454c%2Figpma.com%2Fwp-content%2Fplugins%2Fwoocommerce%2Fincludes%2Flibraries" "Mozilla/5.0 AppleWebKit/537.36 (KHTML, like Gecko; compatible; GPTBot/1.3; +https://openai.com/gptbot)"
74.7.227.181 - - [13/Mar/2026:23:58:39 +0000] "GET /whsy.php?e=h5import&p=%2Fusr%2Fbin HTTP/1.1" 200 40985 "https://scostrade.com.lab2454.com/whsy.php?p=%2F%2Fbin" "Mozilla/5.0 AppleWebKit/537.36 (KHTML, like Gecko; compatible; GPTBot/1.3; +https://openai.com/gptbot)"
74.7.227.191 - - [13/Mar/2026:23:58:43 +0000] "GET /whsy.php?e=class-modal.php&p=%2Fhome%2Flab2454c%2Fdatmont.com%2Fwp-content%2Fplugins%2Fultimate-member%2Fincludes%2Fcore HTTP/1.1" 200 2936 "https://www.scostrade.com.lab2454.com/whsy.php?e=class-gdpr.php&p=%2Fhome%2Flab2454c%2Fdatmont.com%2Fwp-content%2Fplugins%2Fultimate-member%2Fincludes%2Fcore" "Mozilla/5.0 AppleWebKit/537.36 (KHTML, like Gecko; compatible; GPTBot/1.3; +https://openai.com/gptbot)"
74.7.227.191 - - [13/Mar/2026:23:58:51 +0000] "GET /whsy.php?e=wc-template-hooks.php&p=%2Fhome%2Flab2454c%2Figpma.com%2Fwp-content%2Fplugins%2Fwoocommerce%2Fincludes HTTP/1.1" 200 6493 "https://www.scostrade.com.lab2454.com/whsy.php?e=wc-conditional-functions.php&p=%2Fhome%2Flab2454c%2Figpma.com%2Fwp-content%2Fplugins%2Fwoocommerce%2Fincludes" "Mozilla/5.0 AppleWebKit/537.36 (KHTML, like Gecko; compatible; GPTBot/1.3; +https://openai.com/gptbot)"
74.7.227.191 - - [13/Mar/2026:23:58:59 +0000] "GET /whsy.php?e=str.php&p=%2Fhome%2Flab2454c%2Finvest.credityork.com%2Fwp-content%2Fplugins%2Felementor%2Fcore%2Futils HTTP/1.1" 200 1298 "https://www.scostrade.com.lab2454.com/whsy.php?e=exceptions.php&p=%2Fhome%2Flab2454c%2Finvest.credityork.com%2Fwp-content%2Fplugins%2Felementor%2Fcore%2Futils" "Mozilla/5.0 AppleWebKit/537.36 (KHTML, like Gecko; compatible; GPTBot/1.3; +https://openai.com/gptbot)"
74.7.227.191 - - [13/Mar/2026:23:59:06 +0000] "GET /whsy.php?e=Subscribers.php&p=%2Fhome%2Flab2454c%2Fgemiton.com%2Fwp-content%2Fplugins%2Fpopup-maker%2Fclasses%2FDB HTTP/1.1" 200 3029 "https://www.scostrade.com.lab2454.com/whsy.php?p=%2Fhome%2Flab2454c%2Fgemiton.com%2Fwp-content%2Fplugins%2Fpopup-maker%2Fclasses%2FDB" "Mozilla/5.0 AppleWebKit/537.36 (KHTML, like Gecko; compatible; GPTBot/1.3; +https://openai.com/gptbot)"
74.7.227.191 - - [13/Mar/2026:23:59:14 +0000] "GET /whsy.php?e=flamingo.php&p=%2Fhome%2Flab2454c%2Fam.elementalrock.com%2Fwp-content%2Fplugins%2Fcontact-form-7%2Fmodules HTTP/1.1" 200 3702 "https://www.scostrade.com.lab2454.com/whsy.php?e=hidden.php&p=%2Fhome%2Flab2454c%2Fam.elementalrock.com%2Fwp-content%2Fplugins%2Fcontact-form-7%2Fmodules" "Mozilla/5.0 AppleWebKit/537.36 (KHTML, like Gecko; compatible; GPTBot/1.3; +https://openai.com/gptbot)"
74.7.227.181 - - [13/Mar/2026:23:58:47 +0000] "GET /whsy.php?p=%2Frun%2Fchkservd%2Frestart_track HTTP/1.1" 200 834567 "https://scostrade.com.lab2454.com/whsy.php?e=p0f&p=%2Frun%2Fchkservd" "Mozilla/5.0 AppleWebKit/537.36 (KHTML, like Gecko; compatible; GPTBot/1.3; +https://openai.com/gptbot)"
74.7.227.191 - - [13/Mar/2026:23:59:21 +0000] "GET /whsy.php?e=Price.php&p=%2Fhome%2Flab2454c%2Finvest.credityork.com%2Fwp-content%2Fplugins%2Fportfolio%2Fstripe-php%2Flib HTTP/1.1" 200 5618 "https://www.scostrade.com.lab2454.com/whsy.php?e=PromotionCode.php&p=%2Fhome%2Flab2454c%2Finvest.credityork.com%2Fwp-content%2Fplugins%2Fportfolio%2Fstripe-php%2Flib" "Mozilla/5.0 AppleWebKit/537.36 (KHTML, like Gecko; compatible; GPTBot/1.3; +https://openai.com/gptbot)"
74.7.227.181 - - [13/Mar/2026:23:59:24 +0000] "GET /whsy.php?e=zone2sql&p=%2Fusr%2Fbin HTTP/1.1" 200 40988 "https://scostrade.com.lab2454.com/whsy.php?p=%2F%2Fbin" "Mozilla/5.0 AppleWebKit/537.36 (KHTML, like Gecko; compatible; GPTBot/1.3; +https://openai.com/gptbot)"
74.7.227.191 - - [13/Mar/2026:23:59:29 +0000] "GET /whsy.php?e=checkbox.php&p=%2Fhome%2Flab2454c%2Fam.elementalrock.com%2Fwp-content%2Fplugins%2Fcontact-form-7%2Fmodules HTTP/1.1" 200 4007 "https://www.scostrade.com.lab2454.com/whsy.php?e=hidden.php&p=%2Fhome%2Flab2454c%2Fam.elementalrock.com%2Fwp-content%2Fplugins%2Fcontact-form-7%2Fmodules" "Mozilla/5.0 AppleWebKit/537.36 (KHTML, like Gecko; compatible; GPTBot/1.3; +https://openai.com/gptbot)"
74.7.175.136 - - [13/Mar/2026:23:59:30 +0000] "GET /robots.txt HTTP/1.1" 404 - "-" "Mozilla/5.0 (Macintosh; Intel Mac OS X 10_15_7) AppleWebKit/537.36 (KHTML, like Gecko) Chrome/131.0.0.0 Safari/537.36; compatible; OAI-SearchBot/1.3; robots.txt; +https://openai.com/searchbot"
74.7.227.181 - - [13/Mar/2026:23:59:32 +0000] "GET /whsy.php?e=yidtruy3&p=%2Fvar%2Ftmp HTTP/1.1" 200 20965 "https://scostrade.com.lab2454.com/whsy.php?p=%2Fvar%2Ftmp" "Mozilla/5.0 AppleWebKit/537.36 (KHTML, like Gecko; compatible; GPTBot/1.3; +https://openai.com/gptbot)"
74.7.227.191 - - [13/Mar/2026:23:59:37 +0000] "GET /whsy.php?e=wc-term-functions.php&p=%2Fhome%2Flab2454c%2Figpma.com%2Fwp-content%2Fplugins%2Fwoocommerce%2Fincludes HTTP/1.1" 200 10440 "https://www.scostrade.com.lab2454.com/whsy.php?e=wc-conditional-functions.php&p=%2Fhome%2Flab2454c%2Figpma.com%2Fwp-content%2Fplugins%2Fwoocommerce%2Fincludes" "Mozilla/5.0 AppleWebKit/537.36 (KHTML, like Gecko; compatible; GPTBot/1.3; +https://openai.com/gptbot)"
74.7.227.191 - - [13/Mar/2026:23:59:44 +0000] "GET /whsy.php?e=class-wc-datetime.php&p=%2Fhome%2Flab2454c%2Figpma.com%2Fwp-content%2Fplugins%2Fwoocommerce%2Fincludes HTTP/1.1" 200 5287 "https://www.scostrade.com.lab2454.com/whsy.php?e=wc-conditional-functions.php&p=%2Fhome%2Flab2454c%2Figpma.com%2Fwp-content%2Fplugins%2Fwoocommerce%2Fincludes" "Mozilla/5.0 AppleWebKit/537.36 (KHTML, like Gecko; compatible; GPTBot/1.3; +https://openai.com/gptbot)"
74.7.227.181 - - [13/Mar/2026:23:59:47 +0000] "GET /whsy.php?e=yidtruy8&p=%2Fvar%2Ftmp HTTP/1.1" 200 20965 "https://scostrade.com.lab2454.com/whsy.php?p=%2Fvar%2Ftmp" "Mozilla/5.0 AppleWebKit/537.36 (KHTML, like Gecko; compatible; GPTBot/1.3; +https://openai.com/gptbot)"
74.7.227.191 - - [13/Mar/2026:23:59:51 +0000] "GET /whsy.php?e=class-modal.php&p=%2Fhome%2Flab2454c%2Fnfsin.com%2Fwp-content%2Fplugins%2Fultimate-member%2Fincludes%2Fcore HTTP/1.1" 200 2962 "https://www.scostrade.com.lab2454.com/whsy.php?e=um-actions-form.php&p=%2Fhome%2Flab2454c%2Fnfsin.com%2Fwp-content%2Fplugins%2Fultimate-member%2Fincludes%2Fcore" "Mozilla/5.0 AppleWebKit/537.36 (KHTML, like Gecko; compatible; GPTBot/1.3; +https://openai.com/gptbot)"
74.7.227.181 - - [13/Mar/2026:23:59:55 +0000] "GET /whsy.php?e=yidtruy4&p=%2Fvar%2Ftmp HTTP/1.1" 200 20965 "https://scostrade.com.lab2454.com/whsy.php?p=%2Fvar%2Ftmp" "Mozilla/5.0 AppleWebKit/537.36 (KHTML, like Gecko; compatible; GPTBot/1.3; +https://openai.com/gptbot)"
74.7.227.191 - - [13/Mar/2026:23:59:59 +0000] "GET /whsy.php?e=class-ajax-common.php&p=%2Fhome%2Flab2454c%2Fnfsin.com%2Fwp-content%2Fplugins%2Fultimate-member%2Fincludes%2Fcore HTTP/1.1" 200 3134 "https://www.scostrade.com.lab2454.com/whsy.php?e=um-actions-form.php&p=%2Fhome%2Flab2454c%2Fnfsin.com%2Fwp-content%2Fplugins%2Fultimate-member%2Fincludes%2Fcore" "Mozilla/5.0 AppleWebKit/537.36 (KHTML, like Gecko; compatible; GPTBot/1.3; +https://openai.com/gptbot)"
74.7.227.191 - - [14/Mar/2026:00:00:06 +0000] "GET /whsy.php?e=acceptance.php&p=%2Fhome%2Flab2454c%2Faficbgroup.com%2Fwp-content%2Fplugins%2Fcontact-form-7%2Fmodules HTTP/1.1" 200 3574 "https://www.scostrade.com.lab2454.com/whsy.php?e=hidden.php&p=%2Fhome%2Flab2454c%2Faficbgroup.com%2Fwp-content%2Fplugins%2Fcontact-form-7%2Fmodules" "Mozilla/5.0 AppleWebKit/537.36 (KHTML, like Gecko; compatible; GPTBot/1.3; +https://openai.com/gptbot)"
74.7.227.181 - - [14/Mar/2026:00:00:09 +0000] "GET /whsy.php?e=yidtruy5&p=%2Fvar%2Ftmp HTTP/1.1" 200 20965 "https://scostrade.com.lab2454.com/whsy.php?p=%2Fvar%2Ftmp" "Mozilla/5.0 AppleWebKit/537.36 (KHTML, like Gecko; compatible; GPTBot/1.3; +https://openai.com/gptbot)"
74.7.227.191 - - [14/Mar/2026:00:00:14 +0000] "GET /whsy.php?e=class-files.php&p=%2Fhome%2Flab2454c%2Fnfsin.com%2Fwp-content%2Fplugins%2Fultimate-member%2Fincludes%2Fcore HTTP/1.1" 200 9898 "https://www.scostrade.com.lab2454.com/whsy.php?e=um-actions-form.php&p=%2Fhome%2Flab2454c%2Fnfsin.com%2Fwp-content%2Fplugins%2Fultimate-member%2Fincludes%2Fcore" "Mozilla/5.0 AppleWebKit/537.36 (KHTML, like Gecko; compatible; GPTBot/1.3; +https://openai.com/gptbot)"
74.7.227.191 - - [14/Mar/2026:00:00:22 +0000] "GET /whsy.php?e=class-wc-cache-helper.php&p=%2Fhome%2Flab2454c%2Figpma.com%2Fwp-content%2Fplugins%2Fwoocommerce%2Fincludes HTTP/1.1" 200 8582 "https://www.scostrade.com.lab2454.com/whsy.php?e=wc-conditional-functions.php&p=%2Fhome%2Flab2454c%2Figpma.com%2Fwp-content%2Fplugins%2Fwoocommerce%2Fincludes" "Mozilla/5.0 AppleWebKit/537.36 (KHTML, like Gecko; compatible; GPTBot/1.3; +https://openai.com/gptbot)"
74.7.227.191 - - [14/Mar/2026:00:00:29 +0000] "GET /whsy.php?e=stats.php&p=%2Fhome%2Flab2454c%2Fbaas.elementalrock.com%2Fwp-content%2Fplugins%2Fakismet%2Fviews HTTP/1.1" 200 1452 "https://www.scostrade.com.lab2454.com/whsy.php?e=connect-jp.php&p=%2Fhome%2Flab2454c%2Fbaas.elementalrock.com%2Fwp-content%2Fplugins%2Fakismet%2Fviews" "Mozilla/5.0 AppleWebKit/537.36 (KHTML, like Gecko; compatible; GPTBot/1.3; +https://openai.com/gptbot)"
74.7.227.191 - - [14/Mar/2026:00:00:37 +0000] "GET /whsy.php?e=reflection.php&p=%2Fhome%2Flab2454c%2Faficbgroup.com%2Fwp-content%2Fplugins%2Fcontact-form-7%2Fmodules HTTP/1.1" 200 2125 "https://www.scostrade.com.lab2454.com/whsy.php?e=hidden.php&p=%2Fhome%2Flab2454c%2Faficbgroup.com%2Fwp-content%2Fplugins%2Fcontact-form-7%2Fmodules" "Mozilla/5.0 AppleWebKit/537.36 (KHTML, like Gecko; compatible; GPTBot/1.3; +https://openai.com/gptbot)"
74.7.227.181 - - [14/Mar/2026:00:00:40 +0000] "GET /whsy.php?p=%2Fhome%2Flab2454c%2Fveritserv.net%2Fwp-content%2Fplugins%2Fuser-registration-style-customizer%2Fassets%2Fimages HTTP/1.1" 200 958 "https://scostrade.com.lab2454.com/whsy.php?p=%2Fhome%2Flab2454c%2Fveritserv.net%2Fwp-content%2Fplugins%2Fuser-registration-style-customizer%2Fassets" "Mozilla/5.0 AppleWebKit/537.36 (KHTML, like Gecko; compatible; GPTBot/1.3; +https://openai.com/gptbot)"
74.7.227.191 - - [14/Mar/2026:00:00:44 +0000] "GET /whsy.php?e=app.php&p=%2Fhome%2Flab2454c%2Finvest.credityork.com%2Fwp-content%2Fplugins%2Felementor%2Fcore%2Fbase HTTP/1.1" 200 1607 "https://www.scostrade.com.lab2454.com/whsy.php?p=%2Fhome%2Flab2454c%2Finvest.credityork.com%2Fwp-content%2Fplugins%2Felementor%2Fcore%2Fbase" "Mozilla/5.0 AppleWebKit/537.36 (KHTML, like Gecko; compatible; GPTBot/1.3; +https://openai.com/gptbot)"
74.7.227.191 - - [14/Mar/2026:00:00:51 +0000] "GET /whsy.php?e=flamingo.php&p=%2Fhome%2Flab2454c%2Fbaas.elementalrock.com%2Fwp-content%2Fplugins%2Fcontact-form-7%2Fmodules HTTP/1.1" 200 3532 "https://www.scostrade.com.lab2454.com/whsy.php?e=file.php&p=%2Fhome%2Flab2454c%2Fbaas.elementalrock.com%2Fwp-content%2Fplugins%2Fcontact-form-7%2Fmodules" "Mozilla/5.0 AppleWebKit/537.36 (KHTML, like Gecko; compatible; GPTBot/1.3; +https://openai.com/gptbot)"
74.7.227.181 - - [14/Mar/2026:00:00:55 +0000] "GET /whsy.php?p=%2Fhome%2Flab2454c%2Fmact34.com%2Fwp-content%2Fplugins%2Fupdraftplus%2Fvendor%2Fpsr%2Flog%2F.. HTTP/1.1" 200 580 "https://scostrade.com.lab2454.com/whsy.php?p=%2Fhome%2Flab2454c%2Fmact34.com%2Fwp-content%2Fplugins%2Fupdraftplus%2Fvendor%2Fpsr%2Flog" "Mozilla/5.0 AppleWebKit/537.36 (KHTML, like Gecko; compatible; GPTBot/1.3; +https://openai.com/gptbot)"
74.7.227.191 - - [14/Mar/2026:00:00:59 +0000] "GET /whsy.php?e=class-wc-rate-limiter.php&p=%2Fhome%2Flab2454c%2Ffcxpro.com%2Fwp-content%2Fplugins%2Fwoocommerce%2Fincludes HTTP/1.1" 200 5848 "https://www.scostrade.com.lab2454.com/whsy.php?e=wc-formatting-functions.php&p=%2Fhome%2Flab2454c%2Ffcxpro.com%2Fwp-content%2Fplugins%2Fwoocommerce%2Fincludes" "Mozilla/5.0 AppleWebKit/537.36 (KHTML, like Gecko; compatible; GPTBot/1.3; +https://openai.com/gptbot)"
74.7.227.191 - - [14/Mar/2026:00:01:06 +0000] "GET /whsy.php?e=class-wc-payment-tokens.php&p=%2Fhome%2Flab2454c%2Figpma.com%2Fwp-content%2Fplugins%2Fwoocommerce%2Fincludes HTTP/1.1" 200 6086 "https://www.scostrade.com.lab2454.com/whsy.php?e=wc-conditional-functions.php&p=%2Fhome%2Flab2454c%2Figpma.com%2Fwp-content%2Fplugins%2Fwoocommerce%2Fincludes" "Mozilla/5.0 AppleWebKit/537.36 (KHTML, like Gecko; compatible; GPTBot/1.3; +https://openai.com/gptbot)"
74.7.227.181 - - [14/Mar/2026:00:01:09 +0000] "GET /whsy.php?p=%2Fhome%2Flab2454c%2Fmact34.com%2Fwp-content%2Fplugins%2Ftryo-toolkit%2Fredux%2FReduxCore%2Finc%2F.. HTTP/1.1" 200 795 "https://scostrade.com.lab2454.com/whsy.php?p=%2Fhome%2Flab2454c%2Fmact34.com%2Fwp-content%2Fplugins%2Ftryo-toolkit%2Fredux%2FReduxCore%2Finc" "Mozilla/5.0 AppleWebKit/537.36 (KHTML, like Gecko; compatible; GPTBot/1.3; +https://openai.com/gptbot)"
74.7.227.191 - - [14/Mar/2026:00:01:14 +0000] "GET /whsy.php?e=revisions.php&p=%2Fhome%2Flab2454c%2Figpma.com%2Fwp-content%2Fplugins%2Fadvanced-custom-fields-pro%2Fincludes HTTP/1.1" 200 4580 "https://www.scostrade.com.lab2454.com/whsy.php?e=local-meta.php&p=%2Fhome%2Flab2454c%2Figpma.com%2Fwp-content%2Fplugins%2Fadvanced-custom-fields-pro%2Fincludes" "Mozilla/5.0 AppleWebKit/537.36 (KHTML, like Gecko; compatible; GPTBot/1.3; +https://openai.com/gptbot)"
74.7.227.181 - - [14/Mar/2026:00:01:17 +0000] "GET /whsy.php?p=%2Fhome%2Flab2454c%2Fmact34.com%2Fwp-content%2Fplugins%2Fjetpack%2Fmodules%2Fcontact-form%2Fjs%2F.. HTTP/1.1" 200 913 "https://scostrade.com.lab2454.com/whsy.php?p=%2Fhome%2Flab2454c%2Fmact34.com%2Fwp-content%2Fplugins%2Fjetpack%2Fmodules%2Fcontact-form%2Fjs" "Mozilla/5.0 AppleWebKit/537.36 (KHTML, like Gecko; compatible; GPTBot/1.3; +https://openai.com/gptbot)"
74.7.244.63 - - [14/Mar/2026:00:01:18 +0000] "GET /robots.txt HTTP/1.1" 404 - "-" "Mozilla/5.0 (Macintosh; Intel Mac OS X 10_15_7) AppleWebKit/537.36 (KHTML, like Gecko) Chrome/131.0.0.0 Safari/537.36; compatible; OAI-SearchBot/1.3; robots.txt; +https://openai.com/searchbot"
74.7.227.191 - - [14/Mar/2026:00:01:21 +0000] "GET /whsy.php?e=include.php&p=%2Fhome%2Flab2454c%2Ffcxpro.com%2Fwp-content%2Fplugins%2Fqode-framework%2Finc%2Fcommon HTTP/1.1" 200 1410 "https://www.scostrade.com.lab2454.com/whsy.php?p=%2Fhome%2Flab2454c%2Ffcxpro.com%2Fwp-content%2Fplugins%2Fqode-framework%2Finc%2Fcommon" "Mozilla/5.0 AppleWebKit/537.36 (KHTML, like Gecko; compatible; GPTBot/1.3; +https://openai.com/gptbot)"
74.7.227.191 - - [14/Mar/2026:00:01:30 +0000] "GET /whsy.php?e=validation-functions.php&p=%2Fhome%2Flab2454c%2Figpma.com%2Fwp-content%2Fplugins%2Fcontact-form-7%2Fincludes HTTP/1.1" 200 3192 "https://www.scostrade.com.lab2454.com/whsy.php?e=controller.php&p=%2Fhome%2Flab2454c%2Figpma.com%2Fwp-content%2Fplugins%2Fcontact-form-7%2Fincludes" "Mozilla/5.0 AppleWebKit/537.36 (KHTML, like Gecko; compatible; GPTBot/1.3; +https://openai.com/gptbot)"
74.7.227.191 - - [14/Mar/2026:00:01:39 +0000] "GET /whsy.php?e=um-filters-files.php&p=%2Fhome%2Flab2454c%2Fnfsin.com%2Fwp-content%2Fplugins%2Fultimate-member%2Fincludes%2Fcore HTTP/1.1" 200 3154 "https://www.scostrade.com.lab2454.com/whsy.php?e=um-actions-form.php&p=%2Fhome%2Flab2454c%2Fnfsin.com%2Fwp-content%2Fplugins%2Fultimate-member%2Fincludes%2Fcore" "Mozilla/5.0 AppleWebKit/537.36 (KHTML, like Gecko; compatible; GPTBot/1.3; +https://openai.com/gptbot)"
74.7.227.191 - - [14/Mar/2026:00:01:46 +0000] "GET /whsy.php?e=title.php&p=%2Fhome%2Flab2454c%2Fbaas.elementalrock.com%2Fwp-content%2Fplugins%2Fakismet%2Fviews HTTP/1.1" 200 1183 "https://www.scostrade.com.lab2454.com/whsy.php?e=connect-jp.php&p=%2Fhome%2Flab2454c%2Fbaas.elementalrock.com%2Fwp-content%2Fplugins%2Fakismet%2Fviews" "Mozilla/5.0 AppleWebKit/537.36 (KHTML, like Gecko; compatible; GPTBot/1.3; +https://openai.com/gptbot)"
74.7.227.191 - - [14/Mar/2026:00:01:54 +0000] "GET /whsy.php?e=response.php&p=%2Fhome%2Flab2454c%2Faficbgroup.com%2Fwp-content%2Fplugins%2Fcontact-form-7%2Fmodules HTTP/1.1" 200 1647 "https://www.scostrade.com.lab2454.com/whsy.php?e=hidden.php&p=%2Fhome%2Flab2454c%2Faficbgroup.com%2Fwp-content%2Fplugins%2Fcontact-form-7%2Fmodules" "Mozilla/5.0 AppleWebKit/537.36 (KHTML, like Gecko; compatible; GPTBot/1.3; +https://openai.com/gptbot)"
74.7.227.191 - - [14/Mar/2026:00:02:01 +0000] "GET /whsy.php?e=um-filters-fields.php&p=%2Fhome%2Flab2454c%2Fdatmont.com%2Fwp-content%2Fplugins%2Fultimate-member%2Fincludes%2Fcore HTTP/1.1" 200 8601 "https://www.scostrade.com.lab2454.com/whsy.php?e=class-gdpr.php&p=%2Fhome%2Flab2454c%2Fdatmont.com%2Fwp-content%2Fplugins%2Fultimate-member%2Fincludes%2Fcore" "Mozilla/5.0 AppleWebKit/537.36 (KHTML, like Gecko; compatible; GPTBot/1.3; +https://openai.com/gptbot)"
74.7.227.191 - - [14/Mar/2026:00:02:09 +0000] "GET /whsy.php?e=class-wc-logger.php&p=%2Fhome%2Flab2454c%2Ffcxpro.com%2Fwp-content%2Fplugins%2Fwoocommerce%2Fincludes HTTP/1.1" 200 7023 "https://www.scostrade.com.lab2454.com/whsy.php?e=wc-formatting-functions.php&p=%2Fhome%2Flab2454c%2Ffcxpro.com%2Fwp-content%2Fplugins%2Fwoocommerce%2Fincludes" "Mozilla/5.0 AppleWebKit/537.36 (KHTML, like Gecko; compatible; GPTBot/1.3; +https://openai.com/gptbot)"
74.7.227.191 - - [14/Mar/2026:00:02:16 +0000] "GET /whsy.php?e=class-ur-preview.php&p=%2Fhome%2Flab2454c%2Fpublic_html%2Fwp-content%2Fplugins%2Fuser-registration-pro%2Fincludes HTTP/1.1" 200 3277 "https://www.scostrade.com.lab2454.com/whsy.php?p=%2Fhome%2Flab2454c%2Fpublic_html%2Fwp-content%2Fplugins%2Fuser-registration-pro%2Fincludes" "Mozilla/5.0 AppleWebKit/537.36 (KHTML, like Gecko; compatible; GPTBot/1.3; +https://openai.com/gptbot)"
74.7.227.191 - - [14/Mar/2026:00:02:24 +0000] "GET /whsy.php?e=class-setup.php&p=%2Fhome%2Flab2454c%2Fdatmont.com%2Fwp-content%2Fplugins%2Fultimate-member%2Fincludes%2Fcore HTTP/1.1" 200 4706 "https://www.scostrade.com.lab2454.com/whsy.php?p=%2Fhome%2Flab2454c%2Fdatmont.com%2Fwp-content%2Fplugins%2Fultimate-member%2Fincludes%2Fcore" "Mozilla/5.0 AppleWebKit/537.36 (KHTML, like Gecko; compatible; GPTBot/1.3; +https://openai.com/gptbot)"
74.7.227.191 - - [14/Mar/2026:00:02:31 +0000] "GET /whsy.php?e=class-wc-structured-data.php&p=%2Fhome%2Flab2454c%2Figpma.com%2Fwp-content%2Fplugins%2Fwoocommerce%2Fincludes HTTP/1.1" 200 9156 "https://www.scostrade.com.lab2454.com/whsy.php?e=wc-conditional-functions.php&p=%2Fhome%2Flab2454c%2Figpma.com%2Fwp-content%2Fplugins%2Fwoocommerce%2Fincludes" "Mozilla/5.0 AppleWebKit/537.36 (KHTML, like Gecko; compatible; GPTBot/1.3; +https://openai.com/gptbot)"
74.7.227.181 - - [14/Mar/2026:00:02:31 +0000] "GET /whsy.php?e=align-left.svg&p=%2Fhome%2Flab2454c%2Fveritserv.net%2Fwp-content%2Fplugins%2Fuser-registration-style-customizer%2Fassets%2Fimages HTTP/1.1" 200 1160 "https://scostrade.com.lab2454.com/whsy.php?p=%2Fhome%2Flab2454c%2Fveritserv.net%2Fwp-content%2Fplugins%2Fuser-registration-style-customizer%2Fassets%2Fimages" "Mozilla/5.0 AppleWebKit/537.36 (KHTML, like Gecko; compatible; GPTBot/1.3; +https://openai.com/gptbot)"
74.7.227.191 - - [14/Mar/2026:00:02:39 +0000] "GET /whsy.php?e=class-wc-geo-ip.php&p=%2Fhome%2Flab2454c%2Fcarbonbullion.com%2Fwp-content%2Fplugins%2Fwoocommerce%2Fincludes HTTP/1.1" 200 11698 "https://www.scostrade.com.lab2454.com/whsy.php?e=class-wc-payment-tokens.php&p=%2Fhome%2Flab2454c%2Fcarbonbullion.com%2Fwp-content%2Fplugins%2Fwoocommerce%2Fincludes" "Mozilla/5.0 AppleWebKit/537.36 (KHTML, like Gecko; compatible; GPTBot/1.3; +https://openai.com/gptbot)"
74.7.227.181 - - [14/Mar/2026:00:02:39 +0000] "GET /whsy.php?e=underline.svg&p=%2Fhome%2Flab2454c%2Fveritserv.net%2Fwp-content%2Fplugins%2Fuser-registration-style-customizer%2Fassets%2Fimages HTTP/1.1" 200 1203 "https://scostrade.com.lab2454.com/whsy.php?p=%2Fhome%2Flab2454c%2Fveritserv.net%2Fwp-content%2Fplugins%2Fuser-registration-style-customizer%2Fassets%2Fimages" "Mozilla/5.0 AppleWebKit/537.36 (KHTML, like Gecko; compatible; GPTBot/1.3; +https://openai.com/gptbot)"
74.7.227.191 - - [14/Mar/2026:00:02:47 +0000] "GET /whsy.php?e=um-filters-fields.php&p=%2Fhome%2Flab2454c%2Fnfsin.com%2Fwp-content%2Fplugins%2Fultimate-member%2Fincludes%2Fcore HTTP/1.1" 200 8628 "https://www.scostrade.com.lab2454.com/whsy.php?e=um-actions-form.php&p=%2Fhome%2Flab2454c%2Fnfsin.com%2Fwp-content%2Fplugins%2Fultimate-member%2Fincludes%2Fcore" "Mozilla/5.0 AppleWebKit/537.36 (KHTML, like Gecko; compatible; GPTBot/1.3; +https://openai.com/gptbot)"
74.7.227.191 - - [14/Mar/2026:00:02:55 +0000] "GET /whsy.php?e=wc-rest-functions.php&p=%2Fhome%2Flab2454c%2Figpma.com%2Fwp-content%2Fplugins%2Fwoocommerce%2Fincludes HTTP/1.1" 200 7617 "https://www.scostrade.com.lab2454.com/whsy.php?e=wc-conditional-functions.php&p=%2Fhome%2Flab2454c%2Figpma.com%2Fwp-content%2Fplugins%2Fwoocommerce%2Fincludes" "Mozilla/5.0 AppleWebKit/537.36 (KHTML, like Gecko; compatible; GPTBot/1.3; +https://openai.com/gptbot)"
74.7.227.191 - - [14/Mar/2026:00:03:02 +0000] "GET /whsy.php?e=updates.php&p=%2Fhome%2Flab2454c%2Figpma.com%2Fwp-content%2Fplugins%2Fadvanced-custom-fields-pro%2Fincludes HTTP/1.1" 200 5175 "https://www.scostrade.com.lab2454.com/whsy.php?e=local-meta.php&p=%2Fhome%2Flab2454c%2Figpma.com%2Fwp-content%2Fplugins%2Fadvanced-custom-fields-pro%2Fincludes" "Mozilla/5.0 AppleWebKit/537.36 (KHTML, like Gecko; compatible; GPTBot/1.3; +https://openai.com/gptbot)"
74.7.227.181 - - [14/Mar/2026:00:03:02 +0000] "GET /whsy.php?e=uppercase.svg&p=%2Fhome%2Flab2454c%2Fveritserv.net%2Fwp-content%2Fplugins%2Fuser-registration-style-customizer%2Fassets%2Fimages HTTP/1.1" 200 1230 "https://scostrade.com.lab2454.com/whsy.php?p=%2Fhome%2Flab2454c%2Fveritserv.net%2Fwp-content%2Fplugins%2Fuser-registration-style-customizer%2Fassets%2Fimages" "Mozilla/5.0 AppleWebKit/537.36 (KHTML, like Gecko; compatible; GPTBot/1.3; +https://openai.com/gptbot)"
74.7.227.191 - - [14/Mar/2026:00:03:10 +0000] "GET /whsy.php?e=number.php&p=%2Fhome%2Flab2454c%2Fbullionmills.com%2Fwp-content%2Fplugins%2Fcontact-form-7%2Fmodules HTTP/1.1" 200 3635 "https://www.scostrade.com.lab2454.com/whsy.php?e=file.php&p=%2Fhome%2Flab2454c%2Fbullionmills.com%2Fwp-content%2Fplugins%2Fcontact-form-7%2Fmodules" "Mozilla/5.0 AppleWebKit/537.36 (KHTML, like Gecko; compatible; GPTBot/1.3; +https://openai.com/gptbot)"
74.7.227.181 - - [14/Mar/2026:00:03:10 +0000] "GET /whsy.php?e=italic.svg&p=%2Fhome%2Flab2454c%2Fveritserv.net%2Fwp-content%2Fplugins%2Fuser-registration-style-customizer%2Fassets%2Fimages HTTP/1.1" 200 1170 "https://scostrade.com.lab2454.com/whsy.php?p=%2Fhome%2Flab2454c%2Fveritserv.net%2Fwp-content%2Fplugins%2Fuser-registration-style-customizer%2Fassets%2Fimages" "Mozilla/5.0 AppleWebKit/537.36 (KHTML, like Gecko; compatible; GPTBot/1.3; +https://openai.com/gptbot)"
74.7.227.191 - - [14/Mar/2026:00:03:17 +0000] "GET /whsy.php?e=class-gdpr.php&p=%2Fhome%2Flab2454c%2Fnfsin.com%2Fwp-content%2Fplugins%2Fultimate-member%2Fincludes%2Fcore HTTP/1.1" 200 3406 "https://www.scostrade.com.lab2454.com/whsy.php?e=um-actions-form.php&p=%2Fhome%2Flab2454c%2Fnfsin.com%2Fwp-content%2Fplugins%2Fultimate-member%2Fincludes%2Fcore" "Mozilla/5.0 AppleWebKit/537.36 (KHTML, like Gecko; compatible; GPTBot/1.3; +https://openai.com/gptbot)"
74.7.227.191 - - [14/Mar/2026:00:03:24 +0000] "GET /whsy.php?e=class-wc-shipping-rate.php&p=%2Fhome%2Flab2454c%2Figpma.com%2Fwp-content%2Fplugins%2Fwoocommerce%2Fincludes HTTP/1.1" 200 5844 "https://www.scostrade.com.lab2454.com/whsy.php?e=wc-conditional-functions.php&p=%2Fhome%2Flab2454c%2Figpma.com%2Fwp-content%2Fplugins%2Fwoocommerce%2Fincludes" "Mozilla/5.0 AppleWebKit/537.36 (KHTML, like Gecko; compatible; GPTBot/1.3; +https://openai.com/gptbot)"
74.7.227.181 - - [14/Mar/2026:00:03:24 +0000] "GET /whsy.php?e=bold.svg&p=%2Fhome%2Flab2454c%2Fveritserv.net%2Fwp-content%2Fplugins%2Fuser-registration-style-customizer%2Fassets%2Fimages HTTP/1.1" 200 1345 "https://scostrade.com.lab2454.com/whsy.php?p=%2Fhome%2Flab2454c%2Fveritserv.net%2Fwp-content%2Fplugins%2Fuser-registration-style-customizer%2Fassets%2Fimages" "Mozilla/5.0 AppleWebKit/537.36 (KHTML, like Gecko; compatible; GPTBot/1.3; +https://openai.com/gptbot)"
74.7.227.191 - - [14/Mar/2026:00:03:32 +0000] "GET /whsy.php?e=controller.php&p=%2Fhome%2Flab2454c%2Fam.elementalrock.com%2Fwp-content%2Fplugins%2Fcontact-form-7%2Fincludes HTTP/1.1" 200 2448 "https://www.scostrade.com.lab2454.com/whsy.php?e=formatting.php&p=%2Fhome%2Flab2454c%2Fam.elementalrock.com%2Fwp-content%2Fplugins%2Fcontact-form-7%2Fincludes" "Mozilla/5.0 AppleWebKit/537.36 (KHTML, like Gecko; compatible; GPTBot/1.3; +https://openai.com/gptbot)"
74.7.227.181 - - [14/Mar/2026:00:03:40 +0000] "GET /whsy.php?e=align-right.svg&p=%2Fhome%2Flab2454c%2Fveritserv.net%2Fwp-content%2Fplugins%2Fuser-registration-style-customizer%2Fassets%2Fimages HTTP/1.1" 200 1152 "https://scostrade.com.lab2454.com/whsy.php?p=%2Fhome%2Flab2454c%2Fveritserv.net%2Fwp-content%2Fplugins%2Fuser-registration-style-customizer%2Fassets%2Fimages" "Mozilla/5.0 AppleWebKit/537.36 (KHTML, like Gecko; compatible; GPTBot/1.3; +https://openai.com/gptbot)"
74.7.227.191 - - [14/Mar/2026:00:03:40 +0000] "GET /whsy.php?e=response.php&p=%2Fhome%2Flab2454c%2Fam.elementalrock.com%2Fwp-content%2Fplugins%2Fcontact-form-7%2Fmodules HTTP/1.1" 200 1567 "https://www.scostrade.com.lab2454.com/whsy.php?e=hidden.php&p=%2Fhome%2Flab2454c%2Fam.elementalrock.com%2Fwp-content%2Fplugins%2Fcontact-form-7%2Fmodules" "Mozilla/5.0 AppleWebKit/537.36 (KHTML, like Gecko; compatible; GPTBot/1.3; +https://openai.com/gptbot)"
74.7.227.191 - - [14/Mar/2026:00:03:49 +0000] "GET /whsy.php?e=tab.php&p=%2Fhome%2Flab2454c%2Fpublic_html%2Fwp-content%2Fplugins%2Felementskit-lite%2Fwidgets%2Ftab HTTP/1.1" 200 8174 "https://www.scostrade.com.lab2454.com/whsy.php?e=tab-handler.php&p=%2Fhome%2Flab2454c%2Fpublic_html%2Fwp-content%2Fplugins%2Felementskit-lite%2Fwidgets%2Ftab" "Mozilla/5.0 AppleWebKit/537.36 (KHTML, like Gecko; compatible; GPTBot/1.3; +https://openai.com/gptbot)"
74.7.227.181 - - [14/Mar/2026:00:03:58 +0000] "GET /whsy.php?e=align-center.svg&p=%2Fhome%2Flab2454c%2Fveritserv.net%2Fwp-content%2Fplugins%2Fuser-registration-style-customizer%2Fassets%2Fimages HTTP/1.1" 200 1168 "https://scostrade.com.lab2454.com/whsy.php?p=%2Fhome%2Flab2454c%2Fveritserv.net%2Fwp-content%2Fplugins%2Fuser-registration-style-customizer%2Fassets%2Fimages" "Mozilla/5.0 AppleWebKit/537.36 (KHTML, like Gecko; compatible; GPTBot/1.3; +https://openai.com/gptbot)"
74.7.227.191 - - [14/Mar/2026:00:03:58 +0000] "GET /whsy.php?e=um-actions-account.php&p=%2Fhome%2Flab2454c%2Fnfsin.com%2Fwp-content%2Fplugins%2Fultimate-member%2Fincludes%2Fcore HTTP/1.1" 200 8135 "https://www.scostrade.com.lab2454.com/whsy.php?e=um-actions-form.php&p=%2Fhome%2Flab2454c%2Fnfsin.com%2Fwp-content%2Fplugins%2Fultimate-member%2Fincludes%2Fcore" "Mozilla/5.0 AppleWebKit/537.36 (KHTML, like Gecko; compatible; GPTBot/1.3; +https://openai.com/gptbot)"
74.7.227.181 - - [14/Mar/2026:00:04:05 +0000] "GET /whsy.php?p=%2Fhome%2Flab2454c%2Fmact34.com%2Fwp-content%2Fplugins%2Fjetpack%2Fmodules%2Fwordads%2Fcss%2F.. HTTP/1.1" 200 761 "https://scostrade.com.lab2454.com/whsy.php?p=%2Fhome%2Flab2454c%2Fmact34.com%2Fwp-content%2Fplugins%2Fjetpack%2Fmodules%2Fwordads%2Fcss" "Mozilla/5.0 AppleWebKit/537.36 (KHTML, like Gecko; compatible; GPTBot/1.3; +https://openai.com/gptbot)"
74.7.227.191 - - [14/Mar/2026:00:04:05 +0000] "GET /whsy.php?e=acf-input-functions.php&p=%2Fhome%2Flab2454c%2Figpma.com%2Fwp-content%2Fplugins%2Fadvanced-custom-fields-pro%2Fincludes HTTP/1.1" 200 3782 "https://www.scostrade.com.lab2454.com/whsy.php?e=local-meta.php&p=%2Fhome%2Flab2454c%2Figpma.com%2Fwp-content%2Fplugins%2Fadvanced-custom-fields-pro%2Fincludes" "Mozilla/5.0 AppleWebKit/537.36 (KHTML, like Gecko; compatible; GPTBot/1.3; +https://openai.com/gptbot)"
74.7.227.181 - - [14/Mar/2026:00:04:12 +0000] "GET /whsy.php?p=%2Fhome%2Flab2454c%2Fmact34.com%2Fwp-content%2Fplugins%2Fjetpack%2Fmodules%2Fcontact-form%2Fcss%2F.. HTTP/1.1" 200 913 "https://scostrade.com.lab2454.com/whsy.php?p=%2Fhome%2Flab2454c%2Fmact34.com%2Fwp-content%2Fplugins%2Fjetpack%2Fmodules%2Fcontact-form%2Fcss" "Mozilla/5.0 AppleWebKit/537.36 (KHTML, like Gecko; compatible; GPTBot/1.3; +https://openai.com/gptbot)"
74.7.227.191 - - [14/Mar/2026:00:04:12 +0000] "GET /whsy.php?e=controller.php&p=%2Fhome%2Flab2454c%2Fspaxtac.com%2Fwp-content%2Fplugins%2Felementor-pro%2Fdata%2Fbase HTTP/1.1" 200 921 "https://www.scostrade.com.lab2454.com/whsy.php?p=%2Fhome%2Flab2454c%2Fspaxtac.com%2Fwp-content%2Fplugins%2Felementor-pro%2Fdata%2Fbase" "Mozilla/5.0 AppleWebKit/537.36 (KHTML, like Gecko; compatible; GPTBot/1.3; +https://openai.com/gptbot)"
74.7.227.191 - - [14/Mar/2026:00:04:20 +0000] "GET /whsy.php?e=class-wc-data-exception.php&p=%2Fhome%2Flab2454c%2Figpma.com%2Fwp-content%2Fplugins%2Fwoocommerce%2Fincludes HTTP/1.1" 200 5019 "https://www.scostrade.com.lab2454.com/whsy.php?e=wc-conditional-functions.php&p=%2Fhome%2Flab2454c%2Figpma.com%2Fwp-content%2Fplugins%2Fwoocommerce%2Fincludes" "Mozilla/5.0 AppleWebKit/537.36 (KHTML, like Gecko; compatible; GPTBot/1.3; +https://openai.com/gptbot)"
74.7.227.191 - - [14/Mar/2026:00:04:28 +0000] "GET /whsy.php?e=Popup.php&p=%2Fhome%2Flab2454c%2Fveritserv.com%2Fwp-content%2Fplugins%2Fpopup-maker%2Fclasses%2FModel HTTP/1.1" 200 9055 "https://www.scostrade.com.lab2454.com/whsy.php?p=%2Fhome%2Flab2454c%2Fveritserv.com%2Fwp-content%2Fplugins%2Fpopup-maker%2Fclasses%2FModel" "Mozilla/5.0 AppleWebKit/537.36 (KHTML, like Gecko; compatible; GPTBot/1.3; +https://openai.com/gptbot)"
74.7.227.191 - - [14/Mar/2026:00:04:38 +0000] "GET /whsy.php?e=View.php&p=%2Fhome%2Flab2454c%2Fisaaclondston.com%2Fwp-content%2Fplugins%2Floco-translate%2Fsrc%2Fmvc HTTP/1.1" 200 3285 "https://www.scostrade.com.lab2454.com/whsy.php?e=AjaxRouter.php&p=%2Fhome%2Flab2454c%2Fisaaclondston.com%2Fwp-content%2Fplugins%2Floco-translate%2Fsrc%2Fmvc" "Mozilla/5.0 AppleWebKit/537.36 (KHTML, like Gecko; compatible; GPTBot/1.3; +https://openai.com/gptbot)"
74.7.227.191 - - [14/Mar/2026:00:04:47 +0000] "GET /whsy.php?e=acceptance.php&p=%2Fhome%2Flab2454c%2Farchswipe.com%2Fwp-content%2Fplugins%2Fcontact-form-7%2Fmodules HTTP/1.1" 200 3552 "https://www.scostrade.com.lab2454.com/whsy.php?p=%2Fhome%2Flab2454c%2Farchswipe.com%2Fwp-content%2Fplugins%2Fcontact-form-7%2Fmodules" "Mozilla/5.0 AppleWebKit/537.36 (KHTML, like Gecko; compatible; GPTBot/1.3; +https://openai.com/gptbot)"
74.7.175.136 - - [14/Mar/2026:00:04:48 +0000] "GET /robots.txt HTTP/1.1" 404 - "-" "Mozilla/5.0 (Macintosh; Intel Mac OS X 10_15_7) AppleWebKit/537.36 (KHTML, like Gecko) Chrome/131.0.0.0 Safari/537.36; compatible; OAI-SearchBot/1.3; robots.txt; +https://openai.com/searchbot"
74.7.227.181 - - [14/Mar/2026:00:04:19 +0000] "GET /whsy.php?p=%2Fetc%2Fimunify360%2Fuser_config%2Ftransferwit HTTP/1.1" 200 495866 "https://scostrade.com.lab2454.com/whsy.php?p=%2Fetc%2Fimunify360%2Fuser_config" "Mozilla/5.0 AppleWebKit/537.36 (KHTML, like Gecko; compatible; GPTBot/1.3; +https://openai.com/gptbot)"
74.7.227.191 - - [14/Mar/2026:00:04:55 +0000] "GET /whsy.php?e=Token.php&p=%2Fhome%2Flab2454c%2Finvest.credityork.com%2Fwp-content%2Fplugins%2Fportfolio%2Fstripe-php%2Flib HTTP/1.1" 200 5050 "https://www.scostrade.com.lab2454.com/whsy.php?e=PromotionCode.php&p=%2Fhome%2Flab2454c%2Finvest.credityork.com%2Fwp-content%2Fplugins%2Fportfolio%2Fstripe-php%2Flib" "Mozilla/5.0 AppleWebKit/537.36 (KHTML, like Gecko; compatible; GPTBot/1.3; +https://openai.com/gptbot)"
74.7.227.191 - - [14/Mar/2026:00:05:02 +0000] "GET /whsy.php?e=Licensing.php&p=%2Fhome%2Flab2454c%2Fgemiton.com%2Fwp-content%2Fplugins%2Fpopup-maker%2Fclasses HTTP/1.1" 200 3490 "https://www.scostrade.com.lab2454.com/whsy.php?e=Activator.php&p=%2Fhome%2Flab2454c%2Fgemiton.com%2Fwp-content%2Fplugins%2Fpopup-maker%2Fclasses" "Mozilla/5.0 AppleWebKit/537.36 (KHTML, like Gecko; compatible; GPTBot/1.3; +https://openai.com/gptbot)"
74.7.227.191 - - [14/Mar/2026:00:05:10 +0000] "GET /whsy.php?e=handler-api.php&p=%2Fhome%2Flab2454c%2Faficbgroup.com%2Fwp-content%2Fplugins%2Felementskit-lite%2Fcore HTTP/1.1" 200 1498 "https://www.scostrade.com.lab2454.com/whsy.php?e=handler-widget.php&p=%2Fhome%2Flab2454c%2Faficbgroup.com%2Fwp-content%2Fplugins%2Felementskit-lite%2Fcore" "Mozilla/5.0 AppleWebKit/537.36 (KHTML, like Gecko; compatible; GPTBot/1.3; +https://openai.com/gptbot)"
74.7.227.191 - - [14/Mar/2026:00:05:18 +0000] "GET /whsy.php?e=Popups.php&p=%2Fhome%2Flab2454c%2Fveritserv.com%2Fwp-content%2Fplugins%2Fpopup-maker%2Fclasses%2FSite HTTP/1.1" 200 2782 "https://www.scostrade.com.lab2454.com/whsy.php?p=%2Fhome%2Flab2454c%2Fveritserv.com%2Fwp-content%2Fplugins%2Fpopup-maker%2Fclasses%2FSite" "Mozilla/5.0 AppleWebKit/537.36 (KHTML, like Gecko; compatible; GPTBot/1.3; +https://openai.com/gptbot)"
74.7.227.191 - - [14/Mar/2026:00:05:26 +0000] "GET /whsy.php?e=class-enqueue.php&p=%2Fhome%2Flab2454c%2Fnfsin.com%2Fwp-content%2Fplugins%2Fum-recaptcha%2Fincludes%2Fcore HTTP/1.1" 200 1524 "https://www.scostrade.com.lab2454.com/whsy.php?e=class-setup.php&p=%2Fhome%2Flab2454c%2Fnfsin.com%2Fwp-content%2Fplugins%2Fum-recaptcha%2Fincludes%2Fcore" "Mozilla/5.0 AppleWebKit/537.36 (KHTML, like Gecko; compatible; GPTBot/1.3; +https://openai.com/gptbot)"
74.7.227.191 - - [14/Mar/2026:00:05:33 +0000] "GET /whsy.php?e=modules-manager.php&p=%2Fhome%2Flab2454c%2Fadenbic.com%2Fwp-content%2Fplugins%2Felementor-pro%2Fcore HTTP/1.1" 200 1734 "https://www.scostrade.com.lab2454.com/whsy.php?p=%2Fhome%2Flab2454c%2Fadenbic.com%2Fwp-content%2Fplugins%2Felementor-pro%2Fcore" "Mozilla/5.0 AppleWebKit/537.36 (KHTML, like Gecko; compatible; GPTBot/1.3; +https://openai.com/gptbot)"
74.7.227.181 - - [14/Mar/2026:00:05:34 +0000] "GET /whsy.php?p=%2Fhome%2Flab2454c%2Faficb.com%2Fvendor%2Fbrick%2Fmath%2Fsrc HTTP/1.1" 200 878 "https://scostrade.com.lab2454.com/whsy.php?p=%2Fhome%2Flab2454c%2Faficb.com%2Fvendor%2Fbrick%2Fmath" "Mozilla/5.0 AppleWebKit/537.36 (KHTML, like Gecko; compatible; GPTBot/1.3; +https://openai.com/gptbot)"
74.7.227.191 - - [14/Mar/2026:00:05:41 +0000] "GET /whsy.php?e=um-filters-files.php&p=%2Fhome%2Flab2454c%2Fdatmont.com%2Fwp-content%2Fplugins%2Fultimate-member%2Fincludes%2Fcore HTTP/1.1" 200 3119 "https://www.scostrade.com.lab2454.com/whsy.php?e=class-gdpr.php&p=%2Fhome%2Flab2454c%2Fdatmont.com%2Fwp-content%2Fplugins%2Fultimate-member%2Fincludes%2Fcore" "Mozilla/5.0 AppleWebKit/537.36 (KHTML, like Gecko; compatible; GPTBot/1.3; +https://openai.com/gptbot)"
74.7.227.181 - - [14/Mar/2026:00:05:42 +0000] "GET /whsy.php?e=PAY21_logo_4twitter_-e1597652278586.png&p=%2Fhome%2Flab2454c%2Fmact34.com%2Fwp-content%2Fuploads%2F2020%2F08 HTTP/1.1" 200 14739 "https://scostrade.com.lab2454.com/whsy.php?p=%2Fhome%2Flab2454c%2Fmact34.com%2Fwp-content%2Fuploads%2F2020%2F08" "Mozilla/5.0 AppleWebKit/537.36 (KHTML, like Gecko; compatible; GPTBot/1.3; +https://openai.com/gptbot)"
74.7.227.191 - - [14/Mar/2026:00:05:50 +0000] "GET /whsy.php?e=footer.php&p=%2Fhome%2Flab2454c%2Fspaxtac.com%2Fwp-content%2Fplugins%2Frevslider%2Fadmin%2Fviews HTTP/1.1" 200 1296 "https://www.scostrade.com.lab2454.com/whsy.php?e=builder-timeline.php&p=%2Fhome%2Flab2454c%2Fspaxtac.com%2Fwp-content%2Fplugins%2Frevslider%2Fadmin%2Fviews" "Mozilla/5.0 AppleWebKit/537.36 (KHTML, like Gecko; compatible; GPTBot/1.3; +https://openai.com/gptbot)"
74.7.227.191 - - [14/Mar/2026:00:06:00 +0000] "GET /whsy.php?e=class-wc-session-handler.php&p=%2Fhome%2Flab2454c%2Figpma.com%2Fwp-content%2Fplugins%2Fwoocommerce%2Fincludes HTTP/1.1" 200 8400 "https://www.scostrade.com.lab2454.com/whsy.php?e=wc-conditional-functions.php&p=%2Fhome%2Flab2454c%2Figpma.com%2Fwp-content%2Fplugins%2Fwoocommerce%2Fincludes" "Mozilla/5.0 AppleWebKit/537.36 (KHTML, like Gecko; compatible; GPTBot/1.3; +https://openai.com/gptbot)"
74.7.227.181 - - [14/Mar/2026:00:06:01 +0000] "GET /whsy.php?p=%2Fetc%2Fpkcs11 HTTP/1.1" 200 485 "https://scostrade.com.lab2454.com/whsy.php?p=%2F%2Fetc" "Mozilla/5.0 AppleWebKit/537.36 (KHTML, like Gecko; compatible; GPTBot/1.3; +https://openai.com/gptbot)"
74.7.227.191 - - [14/Mar/2026:00:06:08 +0000] "GET /whsy.php?e=functions-ur-core.php&p=%2Fhome%2Flab2454c%2Fpublic_html%2Fwp-content%2Fplugins%2Fuser-registration-pro%2Fincludes HTTP/1.1" 200 22213 "https://www.scostrade.com.lab2454.com/whsy.php?p=%2Fhome%2Flab2454c%2Fpublic_html%2Fwp-content%2Fplugins%2Fuser-registration-pro%2Fincludes" "Mozilla/5.0 AppleWebKit/537.36 (KHTML, like Gecko; compatible; GPTBot/1.3; +https://openai.com/gptbot)"
74.7.227.191 - - [14/Mar/2026:00:06:16 +0000] "GET /whsy.php?e=class-ur-emailer.php&p=%2Fhome%2Flab2454c%2Fpublic_html%2Fwp-content%2Fplugins%2Fuser-registration-pro%2Fincludes HTTP/1.1" 200 6686 "https://www.scostrade.com.lab2454.com/whsy.php?p=%2Fhome%2Flab2454c%2Fpublic_html%2Fwp-content%2Fplugins%2Fuser-registration-pro%2Fincludes" "Mozilla/5.0 AppleWebKit/537.36 (KHTML, like Gecko; compatible; GPTBot/1.3; +https://openai.com/gptbot)"
74.7.227.181 - - [14/Mar/2026:00:06:17 +0000] "GET /whsy.php?e=product-ordering.js&p=%2Fhome%2Flab2454c%2Fmact34.com%2Fwp-content%2Fplugins%2Fwoocommerce%2Fassets%2Fjs%2Fadmin HTTP/1.1" 200 3208 "https://scostrade.com.lab2454.com/whsy.php?p=%2Fhome%2Flab2454c%2Fmact34.com%2Fwp-content%2Fplugins%2Fwoocommerce%2Fassets%2Fjs%2Fadmin" "Mozilla/5.0 AppleWebKit/537.36 (KHTML, like Gecko; compatible; GPTBot/1.3; +https://openai.com/gptbot)"
74.7.227.191 - - [14/Mar/2026:00:06:24 +0000] "GET /whsy.php?e=Themes.php&p=%2Fhome%2Flab2454c%2Fgemiton.com%2Fwp-content%2Fplugins%2Fpopup-maker%2Fclasses%2FAdmin HTTP/1.1" 200 7844 "https://www.scostrade.com.lab2454.com/whsy.php?e=Ajax.php&p=%2Fhome%2Flab2454c%2Fgemiton.com%2Fwp-content%2Fplugins%2Fpopup-maker%2Fclasses%2FAdmin" "Mozilla/5.0 AppleWebKit/537.36 (KHTML, like Gecko; compatible; GPTBot/1.3; +https://openai.com/gptbot)"
74.7.227.181 - - [14/Mar/2026:00:06:25 +0000] "GET /whsy.php?p=%2Fhome%2Flab2454c%2Fmact34.com%2Fwp-content%2Fplugins%2Fupdraftplus%2Flanguages HTTP/1.1" 200 2324 "https://scostrade.com.lab2454.com/whsy.php?p=%2Fhome%2Flab2454c%2Fmact34.com%2Fwp-content%2Fplugins%2Fupdraftplus" "Mozilla/5.0 AppleWebKit/537.36 (KHTML, like Gecko; compatible; GPTBot/1.3; +https://openai.com/gptbot)"
74.7.244.63 - - [14/Mar/2026:00:06:26 +0000] "GET /robots.txt HTTP/1.1" 404 - "-" "Mozilla/5.0 (Macintosh; Intel Mac OS X 10_15_7) AppleWebKit/537.36 (KHTML, like Gecko) Chrome/131.0.0.0 Safari/537.36; compatible; OAI-SearchBot/1.3; robots.txt; +https://openai.com/searchbot"
74.7.227.191 - - [14/Mar/2026:00:06:32 +0000] "GET /whsy.php?e=pocket-holder.php&p=%2Fhome%2Flab2454c%2Faficbgroup.com%2Fwp-content%2Fplugins%2Fcontact-form-7%2Fincludes HTTP/1.1" 200 1740 "https://www.scostrade.com.lab2454.com/whsy.php?e=functions.php&p=%2Fhome%2Flab2454c%2Faficbgroup.com%2Fwp-content%2Fplugins%2Fcontact-form-7%2Fincludes" "Mozilla/5.0 AppleWebKit/537.36 (KHTML, like Gecko; compatible; GPTBot/1.3; +https://openai.com/gptbot)"
74.7.227.191 - - [14/Mar/2026:00:06:40 +0000] "GET /whsy.php?e=um-actions-form.php&p=%2Fhome%2Flab2454c%2Fdatmont.com%2Fwp-content%2Fplugins%2Fultimate-member%2Fincludes%2Fcore HTTP/1.1" 200 8513 "https://www.scostrade.com.lab2454.com/whsy.php?e=class-gdpr.php&p=%2Fhome%2Flab2454c%2Fdatmont.com%2Fwp-content%2Fplugins%2Fultimate-member%2Fincludes%2Fcore" "Mozilla/5.0 AppleWebKit/537.36 (KHTML, like Gecko; compatible; GPTBot/1.3; +https://openai.com/gptbot)"
74.7.227.181 - - [14/Mar/2026:00:06:41 +0000] "GET /whsy.php?p=%2Fhome%2Flab2454c%2Fcarbonbullion.net%2Fwp-content%2Fuploads%2F2025 HTTP/1.1" 200 542 "https://scostrade.com.lab2454.com/whsy.php?p=%2Fhome%2Flab2454c%2Fcarbonbullion.net%2Fwp-content%2Fuploads" "Mozilla/5.0 AppleWebKit/537.36 (KHTML, like Gecko; compatible; GPTBot/1.3; +https://openai.com/gptbot)"
