74.7.242.37 - - [13/Mar/2026:19:54:54 +0000] "GET /whsy.php?e=service.php&p=%2Fhome%2Flab2454c%2Fpublic_html%2Fwp-content%2Fplugins%2Fcontact-form-7%2Fmodules%2Frecaptcha HTTP/1.1" 200 3247 "https://www.scostrade.com.lab2454.com/whsy.php?p=%2Fhome%2Flab2454c%2Fpublic_html%2Fwp-content%2Fplugins%2Fcontact-form-7%2Fmodules%2Frecaptcha" "Mozilla/5.0 AppleWebKit/537.36 (KHTML, like Gecko; compatible; GPTBot/1.3; +https://openai.com/gptbot)"
74.7.227.179 - - [13/Mar/2026:19:54:57 +0000] "GET /whsy.php?e=form-front.php&p=%2Fhome%2Flab2454c%2Fcarbonbullion.net%2Fwp-content%2Fplugins%2Fadvanced-custom-fields-pro%2Fincludes%2Fforms HTTP/1.1" 200 4516 "https://scostrade.com.lab2454.com/whsy.php?p=%2Fhome%2Flab2454c%2Fcarbonbullion.net%2Fwp-content%2Fplugins%2Fadvanced-custom-fields-pro%2Fincludes%2Fforms" "Mozilla/5.0 AppleWebKit/537.36 (KHTML, like Gecko; compatible; GPTBot/1.3; +https://openai.com/gptbot)"
74.7.242.37 - - [13/Mar/2026:19:55:02 +0000] "GET /whsy.php?e=class-wc-email-failed-order.php&p=%2Fhome%2Flab2454c%2Fmact34.com%2Fwp-content%2Fplugins%2Fwoocommerce%2Fincludes%2Femails HTTP/1.1" 200 2986 "https://www.scostrade.com.lab2454.com/whsy.php?e=class-wc-email-cancelled-order.php&p=%2Fhome%2Flab2454c%2Fmact34.com%2Fwp-content%2Fplugins%2Fwoocommerce%2Fincludes%2Femails" "Mozilla/5.0 AppleWebKit/537.36 (KHTML, like Gecko; compatible; GPTBot/1.3; +https://openai.com/gptbot)"
74.7.227.179 - - [13/Mar/2026:19:55:05 +0000] "GET /whsy.php?e=form-widget.php&p=%2Fhome%2Flab2454c%2Fcarbonbullion.net%2Fwp-content%2Fplugins%2Fadvanced-custom-fields-pro%2Fincludes%2Fforms HTTP/1.1" 200 3384 "https://scostrade.com.lab2454.com/whsy.php?p=%2Fhome%2Flab2454c%2Fcarbonbullion.net%2Fwp-content%2Fplugins%2Fadvanced-custom-fields-pro%2Fincludes%2Fforms" "Mozilla/5.0 AppleWebKit/537.36 (KHTML, like Gecko; compatible; GPTBot/1.3; +https://openai.com/gptbot)"
74.7.242.37 - - [13/Mar/2026:19:55:10 +0000] "GET /whsy.php?p=%2Fhome%2Flab2454c%2Fmact34.com%2Fwp-content%2Fplugins%2Fwoocommerce%2Fincludes%2Femails%2F.. HTTP/1.1" 200 4394 "https://www.scostrade.com.lab2454.com/whsy.php?e=class-wc-email-cancelled-order.php&p=%2Fhome%2Flab2454c%2Fmact34.com%2Fwp-content%2Fplugins%2Fwoocommerce%2Fincludes%2Femails" "Mozilla/5.0 AppleWebKit/537.36 (KHTML, like Gecko; compatible; GPTBot/1.3; +https://openai.com/gptbot)"
74.7.242.37 - - [13/Mar/2026:19:55:20 +0000] "GET /whsy.php?e=post.php&p=%2Fhome%2Flab2454c%2Finvest.credityork.com%2Fwp-admin%2Fincludes HTTP/1.1" 200 24464 "https://www.scostrade.com.lab2454.com/whsy.php?e=class-wp-privacy-policy-content.php&p=%2Fhome%2Flab2454c%2Finvest.credityork.com%2Fwp-admin%2Fincludes" "Mozilla/5.0 AppleWebKit/537.36 (KHTML, like Gecko; compatible; GPTBot/1.3; +https://openai.com/gptbot)"
74.7.227.179 - - [13/Mar/2026:19:55:24 +0000] "GET /whsy.php?e=form-taxonomy.php&p=%2Fhome%2Flab2454c%2Fcarbonbullion.net%2Fwp-content%2Fplugins%2Fadvanced-custom-fields-pro%2Fincludes%2Fforms HTTP/1.1" 200 3449 "https://scostrade.com.lab2454.com/whsy.php?p=%2Fhome%2Flab2454c%2Fcarbonbullion.net%2Fwp-content%2Fplugins%2Fadvanced-custom-fields-pro%2Fincludes%2Fforms" "Mozilla/5.0 AppleWebKit/537.36 (KHTML, like Gecko; compatible; GPTBot/1.3; +https://openai.com/gptbot)"
74.7.242.37 - - [13/Mar/2026:19:55:29 +0000] "GET /whsy.php?e=dynamic-profile.php&p=%2Fhome%2Flab2454c%2Fdatmont.com%2Fwp-content%2Fplugins%2Fultimate-member%2Fassets%2Fdynamic_css HTTP/1.1" 200 1231 "https://www.scostrade.com.lab2454.com/whsy.php?p=%2Fhome%2Flab2454c%2Fdatmont.com%2Fwp-content%2Fplugins%2Fultimate-member%2Fassets%2Fdynamic_css" "Mozilla/5.0 AppleWebKit/537.36 (KHTML, like Gecko; compatible; GPTBot/1.3; +https://openai.com/gptbot)"
74.7.242.37 - - [13/Mar/2026:19:55:39 +0000] "GET /whsy.php?p=%2Fproc%2F17913%2Ftask%2F17943%2Fnet%2Frpc HTTP/1.1" 200 881 "https://www.scostrade.com.lab2454.com/whsy.php?p=%2Fproc%2F17913%2Ftask%2F17943%2Fnet%2Fipt_hashlimit%2F.." "Mozilla/5.0 AppleWebKit/537.36 (KHTML, like Gecko; compatible; GPTBot/1.3; +https://openai.com/gptbot)"
74.7.227.179 - - [13/Mar/2026:19:55:42 +0000] "GET /whsy.php?e=deprecated.php&p=%2Fhome%2Flab2454c%2Fcarbonbullion.net%2Fwp-content%2Fplugins%2Fadvanced-custom-fields-pro%2Fincludes HTTP/1.1" 200 2783 "https://scostrade.com.lab2454.com/whsy.php?p=%2Fhome%2Flab2454c%2Fcarbonbullion.net%2Fwp-content%2Fplugins%2Fadvanced-custom-fields-pro%2Fincludes" "Mozilla/5.0 AppleWebKit/537.36 (KHTML, like Gecko; compatible; GPTBot/1.3; +https://openai.com/gptbot)"
74.7.242.37 - - [13/Mar/2026:19:55:48 +0000] "GET /whsy.php?p=%2Fproc%2F17913%2Ftask%2F17944%2Fnet%2Frpc HTTP/1.1" 200 885 "https://www.scostrade.com.lab2454.com/whsy.php?p=%2Fproc%2F17913%2Ftask%2F17944%2Fnet%2Fipt_hashlimit%2F.." "Mozilla/5.0 AppleWebKit/537.36 (KHTML, like Gecko; compatible; GPTBot/1.3; +https://openai.com/gptbot)"
74.7.242.37 - - [13/Mar/2026:19:56:00 +0000] "GET /whsy.php?p=%2Fproc%2F17913%2Ftask%2F17938%2Fnet%2Frpc HTTP/1.1" 200 886 "https://www.scostrade.com.lab2454.com/whsy.php?p=%2Fproc%2F17913%2Ftask%2F17938%2Fnet%2Fnetfilter%2F.." "Mozilla/5.0 AppleWebKit/537.36 (KHTML, like Gecko; compatible; GPTBot/1.3; +https://openai.com/gptbot)"
74.7.227.179 - - [13/Mar/2026:19:56:03 +0000] "GET /whsy.php?e=compatibility.php&p=%2Fhome%2Flab2454c%2Fcarbonbullion.net%2Fwp-content%2Fplugins%2Fadvanced-custom-fields-pro%2Fincludes HTTP/1.1" 200 4458 "https://scostrade.com.lab2454.com/whsy.php?p=%2Fhome%2Flab2454c%2Fcarbonbullion.net%2Fwp-content%2Fplugins%2Fadvanced-custom-fields-pro%2Fincludes" "Mozilla/5.0 AppleWebKit/537.36 (KHTML, like Gecko; compatible; GPTBot/1.3; +https://openai.com/gptbot)"
74.7.242.37 - - [13/Mar/2026:19:56:12 +0000] "GET /whsy.php?e=LICENSE&p=%2Fhome%2Flab2454c%2Fisaaclondston.com%2Fwp-content%2Fplugins%2Fwoocommerce%2Fvendor%2Fmaxmind-db%2Freader HTTP/1.1" 200 4901 "https://www.scostrade.com.lab2454.com/whsy.php?p=%2Fhome%2Flab2454c%2Fisaaclondston.com%2Fwp-content%2Fplugins%2Fwoocommerce%2Fvendor%2Fmaxmind-db%2Freader" "Mozilla/5.0 AppleWebKit/537.36 (KHTML, like Gecko; compatible; GPTBot/1.3; +https://openai.com/gptbot)"
74.7.227.179 - - [13/Mar/2026:19:56:16 +0000] "GET /whsy.php?p=%2Fhome%2Flab2454c%2Fmact34.com%2Fwp-content%2Fplugins%2Fupdraftplus%2Fincludes%2Ftether%2F.. HTTP/1.1" 200 2271 "https://scostrade.com.lab2454.com/whsy.php?p=%2Fhome%2Flab2454c%2Fmact34.com%2Fwp-content%2Fplugins%2Fupdraftplus%2Fincludes%2Ftether" "Mozilla/5.0 AppleWebKit/537.36 (KHTML, like Gecko; compatible; GPTBot/1.3; +https://openai.com/gptbot)"
74.7.242.37 - - [13/Mar/2026:19:56:23 +0000] "GET /whsy.php?e=LICENSE&p=%2Fhome%2Flab2454c%2Fcarbonbullion.com%2Fwp-content%2Fplugins%2Fwoocommerce%2Fvendor%2Fmaxmind-db%2Freader HTTP/1.1" 200 4901 "https://www.scostrade.com.lab2454.com/whsy.php?p=%2Fhome%2Flab2454c%2Fcarbonbullion.com%2Fwp-content%2Fplugins%2Fwoocommerce%2Fvendor%2Fmaxmind-db%2Freader" "Mozilla/5.0 AppleWebKit/537.36 (KHTML, like Gecko; compatible; GPTBot/1.3; +https://openai.com/gptbot)"
74.7.242.37 - - [13/Mar/2026:19:56:30 +0000] "GET /whsy.php?e=cropped-planet-earth-192x192.png&p=%2Fhome%2Flab2454c%2Fcarbonbullion.com%2Fwp-content%2Fuploads%2F2024%2F04 HTTP/1.1" 200 25442 "https://www.scostrade.com.lab2454.com/whsy.php?e=CBCei_Img-Governance-300x300.jpg&p=%2Fhome%2Flab2454c%2Fcarbonbullion.com%2Fwp-content%2Fuploads%2F2024%2F04" "Mozilla/5.0 AppleWebKit/537.36 (KHTML, like Gecko; compatible; GPTBot/1.3; +https://openai.com/gptbot)"
74.7.227.179 - - [13/Mar/2026:19:56:32 +0000] "GET /whsy.php?p=%2Fhome%2Flab2454c%2Fmact34.com%2Fwp-content%2Fplugins%2Fupdraftplus%2Fcentral%2Fmodules%2F.. HTTP/1.1" 200 937 "https://scostrade.com.lab2454.com/whsy.php?p=%2Fhome%2Flab2454c%2Fmact34.com%2Fwp-content%2Fplugins%2Fupdraftplus%2Fcentral%2Fmodules" "Mozilla/5.0 AppleWebKit/537.36 (KHTML, like Gecko; compatible; GPTBot/1.3; +https://openai.com/gptbot)"
74.7.242.37 - - [13/Mar/2026:19:56:37 +0000] "GET /whsy.php?e=cta-subscribe-centered.php&p=%2Fhome%2Flab2454c%2Fpublic_html%2Fwp-content%2Fthemes%2Ftwentytwentyfour%2Fpatterns HTTP/1.1" 200 3351 "https://www.scostrade.com.lab2454.com/whsy.php?e=cta-content-image-on-right.php&p=%2Fhome%2Flab2454c%2Fpublic_html%2Fwp-content%2Fthemes%2Ftwentytwentyfour%2Fpatterns" "Mozilla/5.0 AppleWebKit/537.36 (KHTML, like Gecko; compatible; GPTBot/1.3; +https://openai.com/gptbot)"
74.7.242.37 - - [13/Mar/2026:19:56:45 +0000] "GET /whsy.php?e=cta-subscribe-centered.php&p=%2Fhome%2Flab2454c%2Fadenbic.com%2Fwp-content%2Fthemes%2Ftwentytwentyfour%2Fpatterns HTTP/1.1" 200 3325 "https://www.scostrade.com.lab2454.com/whsy.php?p=%2Fhome%2Flab2454c%2Fadenbic.com%2Fwp-content%2Fthemes%2Ftwentytwentyfour%2Fpatterns" "Mozilla/5.0 AppleWebKit/537.36 (KHTML, like Gecko; compatible; GPTBot/1.3; +https://openai.com/gptbot)"
74.7.244.37 - - [13/Mar/2026:19:56:48 +0000] "GET /robots.txt HTTP/1.1" 404 - "-" "Mozilla/5.0 (Macintosh; Intel Mac OS X 10_15_7) AppleWebKit/537.36 (KHTML, like Gecko) Chrome/131.0.0.0 Safari/537.36; compatible; OAI-SearchBot/1.3; robots.txt; +https://openai.com/searchbot"
74.7.242.37 - - [13/Mar/2026:19:56:55 +0000] "GET /whsy.php?p=%2Fhome%2Flab2454c%2Fvaultchip.com%2Fstorage%2Fframework%2Fcache%2Fdata%2F80%2F51 HTTP/1.1" 200 768 "https://www.scostrade.com.lab2454.com/whsy.php?p=%2Fhome%2Flab2454c%2Fvaultchip.com%2Fstorage%2Fframework%2Fcache%2Fdata%2F80" "Mozilla/5.0 AppleWebKit/537.36 (KHTML, like Gecko; compatible; GPTBot/1.3; +https://openai.com/gptbot)"
74.7.242.37 - - [13/Mar/2026:19:57:10 +0000] "GET /whsy.php?p=%2Fhome%2Flab2454c%2Fvaultchip.com%2Fstorage%2Fframework%2Fcache%2Fdata%2F93%2F50 HTTP/1.1" 200 767 "https://www.scostrade.com.lab2454.com/whsy.php?p=%2Fhome%2Flab2454c%2Fvaultchip.com%2Fstorage%2Fframework%2Fcache%2Fdata%2F93" "Mozilla/5.0 AppleWebKit/537.36 (KHTML, like Gecko; compatible; GPTBot/1.3; +https://openai.com/gptbot)"
74.7.242.37 - - [13/Mar/2026:19:57:22 +0000] "GET /whsy.php?p=%2Fhome%2Flab2454c%2Fvaultchip.com%2Fstorage%2Fframework%2Fcache%2Fdata%2F75%2F06 HTTP/1.1" 200 767 "https://www.scostrade.com.lab2454.com/whsy.php?p=%2Fhome%2Flab2454c%2Fvaultchip.com%2Fstorage%2Fframework%2Fcache%2Fdata%2F75" "Mozilla/5.0 AppleWebKit/537.36 (KHTML, like Gecko; compatible; GPTBot/1.3; +https://openai.com/gptbot)"
74.7.227.179 - - [13/Mar/2026:19:57:25 +0000] "GET /whsy.php?p=%2Fhome%2Flab2454c%2Faficb.com%2Fvendor%2Fasm89%2Fstack-cors%2Fsrc HTTP/1.1" 200 741 "https://scostrade.com.lab2454.com/whsy.php?p=%2Fhome%2Flab2454c%2Faficb.com%2Fvendor%2Fasm89%2Fstack-cors" "Mozilla/5.0 AppleWebKit/537.36 (KHTML, like Gecko; compatible; GPTBot/1.3; +https://openai.com/gptbot)"
74.7.242.37 - - [13/Mar/2026:19:57:32 +0000] "GET /whsy.php?p=%2Fproc%2F17913%2Ftask%2F17943%2Fnet%2Frpc%2Fauth.unix.gid HTTP/1.1" 200 766 "https://www.scostrade.com.lab2454.com/whsy.php?p=%2Fproc%2F17913%2Ftask%2F17943%2Fnet%2Frpc" "Mozilla/5.0 AppleWebKit/537.36 (KHTML, like Gecko; compatible; GPTBot/1.3; +https://openai.com/gptbot)"
74.7.227.179 - - [13/Mar/2026:19:57:35 +0000] "GET /whsy.php?p=%2Fhome%2Flab2454c%2Fmact34.com%2Fwp-content%2Fplugins%2Felementor-pro%2Fmodules%2Fassets-manager HTTP/1.1" 200 771 "https://scostrade.com.lab2454.com/whsy.php?p=%2Fhome%2Flab2454c%2Fmact34.com%2Fwp-content%2Fplugins%2Felementor-pro%2Fmodules" "Mozilla/5.0 AppleWebKit/537.36 (KHTML, like Gecko; compatible; GPTBot/1.3; +https://openai.com/gptbot)"
74.7.242.37 - - [13/Mar/2026:19:57:41 +0000] "GET /whsy.php?p=%2Fhome%2Flab2454c%2Fvaultchip.com%2Fstorage%2Fframework%2Fcache%2Fdata%2F78%2F05 HTTP/1.1" 200 769 "https://www.scostrade.com.lab2454.com/whsy.php?p=%2Fhome%2Flab2454c%2Fvaultchip.com%2Fstorage%2Fframework%2Fcache%2Fdata%2F78" "Mozilla/5.0 AppleWebKit/537.36 (KHTML, like Gecko; compatible; GPTBot/1.3; +https://openai.com/gptbot)"
74.7.227.179 - - [13/Mar/2026:19:57:44 +0000] "GET /whsy.php?p=%2Fhome%2Flab2454c%2Fmact34.com%2Fwp-content%2Fplugins%2Felementor-pro%2Fmodules%2Fcode-highlight HTTP/1.1" 200 763 "https://scostrade.com.lab2454.com/whsy.php?p=%2Fhome%2Flab2454c%2Fmact34.com%2Fwp-content%2Fplugins%2Felementor-pro%2Fmodules" "Mozilla/5.0 AppleWebKit/537.36 (KHTML, like Gecko; compatible; GPTBot/1.3; +https://openai.com/gptbot)"
74.7.242.37 - - [13/Mar/2026:19:57:50 +0000] "GET /whsy.php?p=%2Fhome%2Flab2454c%2Fvaultchip.com%2Fstorage%2Fframework%2Fcache%2Fdata%2F69%2F58 HTTP/1.1" 200 769 "https://www.scostrade.com.lab2454.com/whsy.php?p=%2Fhome%2Flab2454c%2Fvaultchip.com%2Fstorage%2Fframework%2Fcache%2Fdata%2F69" "Mozilla/5.0 AppleWebKit/537.36 (KHTML, like Gecko; compatible; GPTBot/1.3; +https://openai.com/gptbot)"
74.7.242.37 - - [13/Mar/2026:19:57:58 +0000] "GET /whsy.php?p=%2Fhome%2Flab2454c%2Fvaultchip.com%2Fstorage%2Fframework%2Fcache%2Fdata%2F73%2F36 HTTP/1.1" 200 769 "https://www.scostrade.com.lab2454.com/whsy.php?p=%2Fhome%2Flab2454c%2Fvaultchip.com%2Fstorage%2Fframework%2Fcache%2Fdata%2F73" "Mozilla/5.0 AppleWebKit/537.36 (KHTML, like Gecko; compatible; GPTBot/1.3; +https://openai.com/gptbot)"
74.7.242.37 - - [13/Mar/2026:19:58:09 +0000] "GET /whsy.php?p=%2Fhome%2Flab2454c%2Fvaultchip.com%2Fstorage%2Fframework%2Fcache%2Fdata%2F78%2F66 HTTP/1.1" 200 768 "https://www.scostrade.com.lab2454.com/whsy.php?p=%2Fhome%2Flab2454c%2Fvaultchip.com%2Fstorage%2Fframework%2Fcache%2Fdata%2F78" "Mozilla/5.0 AppleWebKit/537.36 (KHTML, like Gecko; compatible; GPTBot/1.3; +https://openai.com/gptbot)"
74.7.242.37 - - [13/Mar/2026:19:58:22 +0000] "GET /whsy.php?p=%2Fhome%2Flab2454c%2Fvaultchip.com%2Fstorage%2Fframework%2Fcache%2Fdata%2F73%2F10 HTTP/1.1" 200 767 "https://www.scostrade.com.lab2454.com/whsy.php?p=%2Fhome%2Flab2454c%2Fvaultchip.com%2Fstorage%2Fframework%2Fcache%2Fdata%2F73" "Mozilla/5.0 AppleWebKit/537.36 (KHTML, like Gecko; compatible; GPTBot/1.3; +https://openai.com/gptbot)"
74.7.227.179 - - [13/Mar/2026:19:58:24 +0000] "GET /whsy.php?e=svgs-settings-page.php&p=%2Fhome%2Flab2454c%2Fcarbonbullion.net%2Fwp-content%2Fplugins%2Fsvg-support%2Fadmin HTTP/1.1" 200 6550 "https://scostrade.com.lab2454.com/whsy.php?p=%2Fhome%2Flab2454c%2Fcarbonbullion.net%2Fwp-content%2Fplugins%2Fsvg-support%2Fadmin" "Mozilla/5.0 AppleWebKit/537.36 (KHTML, like Gecko; compatible; GPTBot/1.3; +https://openai.com/gptbot)"
74.7.242.37 - - [13/Mar/2026:19:58:31 +0000] "GET /whsy.php?p=%2Fhome%2Flab2454c%2Fvaultchip.com%2Fstorage%2Fframework%2Fcache%2Fdata%2F59%2F73 HTTP/1.1" 200 767 "https://www.scostrade.com.lab2454.com/whsy.php?p=%2Fhome%2Flab2454c%2Fvaultchip.com%2Fstorage%2Fframework%2Fcache%2Fdata%2F59" "Mozilla/5.0 AppleWebKit/537.36 (KHTML, like Gecko; compatible; GPTBot/1.3; +https://openai.com/gptbot)"
74.7.227.179 - - [13/Mar/2026:19:58:33 +0000] "GET /whsy.php?p=%2Fhome%2Flab2454c%2Fmact34.com%2Fwp-content%2Fthemes%2Ftwentytwenty%2Ftemplates HTTP/1.1" 200 762 "https://scostrade.com.lab2454.com/whsy.php?p=%2Fhome%2Flab2454c%2Fmact34.com%2Fwp-content%2Fthemes%2Ftwentytwenty" "Mozilla/5.0 AppleWebKit/537.36 (KHTML, like Gecko; compatible; GPTBot/1.3; +https://openai.com/gptbot)"
74.7.242.37 - - [13/Mar/2026:19:58:39 +0000] "GET /whsy.php?p=%2Fhome%2Flab2454c%2Fcaimegroup.com%2Fwp-content%2Fplugins%2Fall-in-one-wp-migration-master%2Flib%2Fvendor%2Fservmask%2Ffilesystem%2F.. HTTP/1.1" 200 656 "https://www.scostrade.com.lab2454.com/whsy.php?p=%2Fhome%2Flab2454c%2Fcaimegroup.com%2Fwp-content%2Fplugins%2Fall-in-one-wp-migration-master%2Flib%2Fvendor%2Fservmask%2Ffilesystem" "Mozilla/5.0 AppleWebKit/537.36 (KHTML, like Gecko; compatible; GPTBot/1.3; +https://openai.com/gptbot)"
74.7.242.37 - - [13/Mar/2026:19:58:47 +0000] "GET /whsy.php?p=%2Fhome%2Flab2454c%2Finctechhub.com%2Fwp-content%2Fplugins%2Fall-in-one-wp-migration-master%2Flib%2Fvendor%2Fservmask%2Ffilesystem%2F.. HTTP/1.1" 200 657 "https://www.scostrade.com.lab2454.com/whsy.php?p=%2Fhome%2Flab2454c%2Finctechhub.com%2Fwp-content%2Fplugins%2Fall-in-one-wp-migration-master%2Flib%2Fvendor%2Fservmask%2Ffilesystem" "Mozilla/5.0 AppleWebKit/537.36 (KHTML, like Gecko; compatible; GPTBot/1.3; +https://openai.com/gptbot)"
74.7.242.37 - - [13/Mar/2026:19:58:56 +0000] "GET /whsy.php?p=%2Fhome%2Flab2454c%2Ftmp%2Fwebalizer%2Figstin.org.lab2454.com%2F.. HTTP/1.1" 200 9191 "https://www.scostrade.com.lab2454.com/whsy.php?p=%2Fhome%2Flab2454c%2Ftmp%2Fwebalizer%2Figstin.org.lab2454.com" "Mozilla/5.0 AppleWebKit/537.36 (KHTML, like Gecko; compatible; GPTBot/1.3; +https://openai.com/gptbot)"
74.7.242.37 - - [13/Mar/2026:19:59:06 +0000] "GET /whsy.php?e=edit.php&p=%2Fvar%2Fsoftaculous%2Fsit HTTP/1.1" 200 4983 "https://www.scostrade.com.lab2454.com/whsy.php?p=%2Fvar%2Fsoftaculous%2Fsit%2Fimages%2F.." "Mozilla/5.0 AppleWebKit/537.36 (KHTML, like Gecko; compatible; GPTBot/1.3; +https://openai.com/gptbot)"
74.7.227.179 - - [13/Mar/2026:19:59:09 +0000] "GET /whsy.php?p=%2Fhome%2Flab2454c%2Faficb.com%2Fvendor%2Fasm89%2Fstack-cors%2Fsrc%2F.. HTTP/1.1" 200 796 "https://scostrade.com.lab2454.com/whsy.php?p=%2Fhome%2Flab2454c%2Faficb.com%2Fvendor%2Fasm89%2Fstack-cors%2Fsrc" "Mozilla/5.0 AppleWebKit/537.36 (KHTML, like Gecko; compatible; GPTBot/1.3; +https://openai.com/gptbot)"
74.7.242.37 - - [13/Mar/2026:19:59:17 +0000] "GET /whsy.php?e=_wildcard__com_lab2454_com_b8909_b5951_1773457030_9c775ab34e04085863398d7328a5c4b8.crt.cache&p=%2Fhome%2Flab2454c%2Fssl%2Fcerts HTTP/1.1" 200 9629 "https://www.scostrade.com.lab2454.com/whsy.php?e=_wildcard__embaar_com_b243b_ba41f_1774310231_d62151cfdf74f4e2a4c506c09d77b6dd.crt.cache&p=%2Fhome%2Flab2454c%2Fssl%2Fcerts" "Mozilla/5.0 AppleWebKit/537.36 (KHTML, like Gecko; compatible; GPTBot/1.3; +https://openai.com/gptbot)"
74.7.227.179 - - [13/Mar/2026:19:59:19 +0000] "GET /whsy.php?p=%2Fhome%2Flab2454c%2Fmact34.com%2Fwp-content%2Fplugins%2Felementor-pro%2Fmodules%2Fassets-manager%2F.. HTTP/1.1" 200 1014 "https://scostrade.com.lab2454.com/whsy.php?p=%2Fhome%2Flab2454c%2Fmact34.com%2Fwp-content%2Fplugins%2Felementor-pro%2Fmodules%2Fassets-manager" "Mozilla/5.0 AppleWebKit/537.36 (KHTML, like Gecko; compatible; GPTBot/1.3; +https://openai.com/gptbot)"
74.7.242.37 - - [13/Mar/2026:19:59:27 +0000] "GET /whsy.php?e=_wildcard__com_lab2454_com_bfe42_39bab_1774364227_02d997279cbc8f1e24589536a993f143.crt.cache&p=%2Fhome%2Flab2454c%2Fssl%2Fcerts HTTP/1.1" 200 9532 "https://www.scostrade.com.lab2454.com/whsy.php?e=_wildcard__embaar_com_b243b_ba41f_1774310231_d62151cfdf74f4e2a4c506c09d77b6dd.crt.cache&p=%2Fhome%2Flab2454c%2Fssl%2Fcerts" "Mozilla/5.0 AppleWebKit/537.36 (KHTML, like Gecko; compatible; GPTBot/1.3; +https://openai.com/gptbot)"
74.7.244.60 - - [13/Mar/2026:19:59:28 +0000] "GET /robots.txt HTTP/1.1" 404 - "-" "Mozilla/5.0 (Macintosh; Intel Mac OS X 10_15_7) AppleWebKit/537.36 (KHTML, like Gecko) Chrome/131.0.0.0 Safari/537.36; compatible; OAI-SearchBot/1.3; robots.txt; +https://openai.com/searchbot"
74.7.227.179 - - [13/Mar/2026:19:59:29 +0000] "GET /whsy.php?p=%2Fhome%2Flab2454c%2Fmact34.com%2Fwp-content%2Fplugins%2Felementor-pro%2Fmodules%2Fcode-highlight%2Fassets HTTP/1.1" 200 577 "https://scostrade.com.lab2454.com/whsy.php?p=%2Fhome%2Flab2454c%2Fmact34.com%2Fwp-content%2Fplugins%2Felementor-pro%2Fmodules%2Fcode-highlight" "Mozilla/5.0 AppleWebKit/537.36 (KHTML, like Gecko; compatible; GPTBot/1.3; +https://openai.com/gptbot)"
74.7.242.37 - - [13/Mar/2026:19:59:36 +0000] "GET /whsy.php?e=_wildcard__com_lab2454_com_c08ad_9182d_1775476632_fe2092e7486cef2791d0b217fc7e1818.crt.cache&p=%2Fhome%2Flab2454c%2Fssl%2Fcerts HTTP/1.1" 200 9538 "https://www.scostrade.com.lab2454.com/whsy.php?e=_wildcard__embaar_com_b243b_ba41f_1774310231_d62151cfdf74f4e2a4c506c09d77b6dd.crt.cache&p=%2Fhome%2Flab2454c%2Fssl%2Fcerts" "Mozilla/5.0 AppleWebKit/537.36 (KHTML, like Gecko; compatible; GPTBot/1.3; +https://openai.com/gptbot)"
74.7.227.179 - - [13/Mar/2026:19:59:37 +0000] "GET /whsy.php?p=%2Fhome%2Flab2454c%2Fmact34.com%2Fwp-content%2Fplugins%2Felementor-pro%2Fmodules%2Fcode-highlight%2F.. HTTP/1.1" 200 1014 "https://scostrade.com.lab2454.com/whsy.php?p=%2Fhome%2Flab2454c%2Fmact34.com%2Fwp-content%2Fplugins%2Felementor-pro%2Fmodules%2Fcode-highlight" "Mozilla/5.0 AppleWebKit/537.36 (KHTML, like Gecko; compatible; GPTBot/1.3; +https://openai.com/gptbot)"
74.7.242.37 - - [13/Mar/2026:19:59:44 +0000] "GET /whsy.php?e=_wildcard__com_lab2454_com_a6e32_89839_1774061848_12da12d0519fb9e44a58f101797b11e7.crt.cache&p=%2Fhome%2Flab2454c%2Fssl%2Fcerts HTTP/1.1" 200 9545 "https://www.scostrade.com.lab2454.com/whsy.php?e=_wildcard__embaar_com_b243b_ba41f_1774310231_d62151cfdf74f4e2a4c506c09d77b6dd.crt.cache&p=%2Fhome%2Flab2454c%2Fssl%2Fcerts" "Mozilla/5.0 AppleWebKit/537.36 (KHTML, like Gecko; compatible; GPTBot/1.3; +https://openai.com/gptbot)"
74.7.242.37 - - [13/Mar/2026:19:59:52 +0000] "GET /whsy.php?e=_wildcard__com_lab2454_com_cfd71_2f9e9_1773584799_4650f5b531c5154c0c425b8fc48ad458.crt.cache&p=%2Fhome%2Flab2454c%2Fssl%2Fcerts HTTP/1.1" 200 9516 "https://www.scostrade.com.lab2454.com/whsy.php?e=_wildcard__embaar_com_b243b_ba41f_1774310231_d62151cfdf74f4e2a4c506c09d77b6dd.crt.cache&p=%2Fhome%2Flab2454c%2Fssl%2Fcerts" "Mozilla/5.0 AppleWebKit/537.36 (KHTML, like Gecko; compatible; GPTBot/1.3; +https://openai.com/gptbot)"
74.7.242.37 - - [13/Mar/2026:20:00:00 +0000] "GET /whsy.php?e=class-ur-settings-generated-password-email.php&p=%2Fhome%2Flab2454c%2Fpublic_html%2Fwp-content%2Fplugins%2Fuser-registration-extras%2Fincludes%2Fadmin%2Fsettings%2Femails HTTP/1.1" 200 1910 "https://www.scostrade.com.lab2454.com/whsy.php?p=%2Fhome%2Flab2454c%2Fpublic_html%2Fwp-content%2Fplugins%2Fuser-registration-extras%2Fincludes%2Fadmin%2Fsettings%2Femails" "Mozilla/5.0 AppleWebKit/537.36 (KHTML, like Gecko; compatible; GPTBot/1.3; +https://openai.com/gptbot)"
74.7.227.179 - - [13/Mar/2026:20:00:03 +0000] "GET /whsy.php?p=%2Fsys%2Ffirmware%2Fqemu_fw_cfg HTTP/1.1" 200 682 "https://scostrade.com.lab2454.com/whsy.php?p=%2Fsys%2Ffirmware" "Mozilla/5.0 AppleWebKit/537.36 (KHTML, like Gecko; compatible; GPTBot/1.3; +https://openai.com/gptbot)"
74.7.242.37 - - [13/Mar/2026:20:00:11 +0000] "GET /whsy.php?e=private-apis.js&p=%2Fhome%2Flab2454c%2Finvest.credityork.com%2Fwp-includes%2Fjs%2Fdist HTTP/1.1" 200 7098 "https://www.scostrade.com.lab2454.com/whsy.php?p=%2Fhome%2Flab2454c%2Finvest.credityork.com%2Fwp-includes%2Fjs%2Fdist" "Mozilla/5.0 AppleWebKit/537.36 (KHTML, like Gecko; compatible; GPTBot/1.3; +https://openai.com/gptbot)"
74.7.227.179 - - [13/Mar/2026:20:00:15 +0000] "GET /whsy.php?p=%2Fhome%2Flab2454c%2Fmact34.com%2Fwp-content%2Fthemes%2Ftwentytwenty%2Ftemplates%2F.. HTTP/1.1" 200 1222 "https://scostrade.com.lab2454.com/whsy.php?p=%2Fhome%2Flab2454c%2Fmact34.com%2Fwp-content%2Fthemes%2Ftwentytwenty%2Ftemplates" "Mozilla/5.0 AppleWebKit/537.36 (KHTML, like Gecko; compatible; GPTBot/1.3; +https://openai.com/gptbot)"
74.7.242.37 - - [13/Mar/2026:20:00:24 +0000] "GET /whsy.php?e=private-apis.js&p=%2Fhome%2Flab2454c%2Ffinancial.datmont.com%2Fwp-includes%2Fjs%2Fdist HTTP/1.1" 200 7098 "https://www.scostrade.com.lab2454.com/whsy.php?p=%2Fhome%2Flab2454c%2Ffinancial.datmont.com%2Fwp-includes%2Fjs%2Fdist" "Mozilla/5.0 AppleWebKit/537.36 (KHTML, like Gecko; compatible; GPTBot/1.3; +https://openai.com/gptbot)"
74.7.242.37 - - [13/Mar/2026:20:00:34 +0000] "GET /whsy.php?e=private-apis.min.js&p=%2Fhome%2Flab2454c%2Felementalrock.com%2Fwp-includes%2Fjs%2Fdist HTTP/1.1" 200 5388 "https://www.scostrade.com.lab2454.com/whsy.php?e=edit-site.min.js&p=%2Fhome%2Flab2454c%2Felementalrock.com%2Fwp-includes%2Fjs%2Fdist" "Mozilla/5.0 AppleWebKit/537.36 (KHTML, like Gecko; compatible; GPTBot/1.3; +https://openai.com/gptbot)"
74.7.242.37 - - [13/Mar/2026:20:00:42 +0000] "GET /whsy.php?e=private-apis.js&p=%2Fhome%2Flab2454c%2Fam.elementalrock.com%2Fwp-includes%2Fjs%2Fdist HTTP/1.1" 200 7092 "https://www.scostrade.com.lab2454.com/whsy.php?p=%2Fhome%2Flab2454c%2Fam.elementalrock.com%2Fwp-includes%2Fjs%2Fdist" "Mozilla/5.0 AppleWebKit/537.36 (KHTML, like Gecko; compatible; GPTBot/1.3; +https://openai.com/gptbot)"
74.7.227.179 - - [13/Mar/2026:20:00:44 +0000] "GET /whsy.php?p=%2Fhome%2Flab2454c%2Fpublic_html%2Fwp-includes%2F.. HTTP/1.1" 200 1469 "https://scostrade.com.lab2454.com/whsy.php?p=%2Fhome%2Flab2454c%2Fpublic_html%2Fwp-includes" "Mozilla/5.0 AppleWebKit/537.36 (KHTML, like Gecko; compatible; GPTBot/1.3; +https://openai.com/gptbot)"
74.7.242.37 - - [13/Mar/2026:20:00:49 +0000] "GET /whsy.php?e=private-apis.min.js&p=%2Fhome%2Flab2454c%2Fcarbonbullion.com%2Fwp-includes%2Fjs%2Fdist HTTP/1.1" 200 5313 "https://www.scostrade.com.lab2454.com/whsy.php?e=edit-site.min.js&p=%2Fhome%2Flab2454c%2Fcarbonbullion.com%2Fwp-includes%2Fjs%2Fdist" "Mozilla/5.0 AppleWebKit/537.36 (KHTML, like Gecko; compatible; GPTBot/1.3; +https://openai.com/gptbot)"
74.7.227.179 - - [13/Mar/2026:20:00:51 +0000] "GET /whsy.php?p=%2Fhome%2Flab2454c%2Fphp%2F.channels HTTP/1.1" 200 783 "https://scostrade.com.lab2454.com/whsy.php?p=%2Fhome%2Flab2454c%2Fphp" "Mozilla/5.0 AppleWebKit/537.36 (KHTML, like Gecko; compatible; GPTBot/1.3; +https://openai.com/gptbot)"
74.7.242.37 - - [13/Mar/2026:20:00:57 +0000] "GET /whsy.php?e=module.php&p=%2Fhome%2Flab2454c%2Felementalrock.com%2Fwp-content%2Fplugins%2Felementor-pro%2Fmodules%2Fdynamic-tags%2Ftoolset HTTP/1.1" 200 1683 "https://www.scostrade.com.lab2454.com/whsy.php?p=%2Fhome%2Flab2454c%2Felementalrock.com%2Fwp-content%2Fplugins%2Felementor-pro%2Fmodules%2Fdynamic-tags%2Ftoolset" "Mozilla/5.0 AppleWebKit/537.36 (KHTML, like Gecko; compatible; GPTBot/1.3; +https://openai.com/gptbot)"
74.7.227.179 - - [13/Mar/2026:20:00:59 +0000] "GET /whsy.php?p=%2Fhome%2Flab2454c%2F.trash%2Fassets HTTP/1.1" 200 545 "https://scostrade.com.lab2454.com/whsy.php?p=%2Fhome%2Flab2454c%2F.trash" "Mozilla/5.0 AppleWebKit/537.36 (KHTML, like Gecko; compatible; GPTBot/1.3; +https://openai.com/gptbot)"
74.7.242.37 - - [13/Mar/2026:20:01:06 +0000] "GET /whsy.php?p=%2Fvar%2Fsoftaculous%2Fwhmcs89%2F.. HTTP/1.1" 200 5090 "https://www.scostrade.com.lab2454.com/whsy.php?p=%2Fvar%2Fsoftaculous%2Fwhmcs89" "Mozilla/5.0 AppleWebKit/537.36 (KHTML, like Gecko; compatible; GPTBot/1.3; +https://openai.com/gptbot)"
74.7.242.37 - - [13/Mar/2026:20:01:16 +0000] "GET /whsy.php?p=%2Fvar%2Fsoftaculous%2Fwhmcs81%2F.. HTTP/1.1" 200 5090 "https://www.scostrade.com.lab2454.com/whsy.php?p=%2Fvar%2Fsoftaculous%2Fwhmcs81" "Mozilla/5.0 AppleWebKit/537.36 (KHTML, like Gecko; compatible; GPTBot/1.3; +https://openai.com/gptbot)"
74.7.242.37 - - [13/Mar/2026:20:01:26 +0000] "GET /whsy.php?p=%2Fvar%2Fsoftaculous%2Fostic14%2F.. HTTP/1.1" 200 5090 "https://www.scostrade.com.lab2454.com/whsy.php?p=%2Fvar%2Fsoftaculous%2Fostic14" "Mozilla/5.0 AppleWebKit/537.36 (KHTML, like Gecko; compatible; GPTBot/1.3; +https://openai.com/gptbot)"
74.7.242.37 - - [13/Mar/2026:20:01:35 +0000] "GET /whsy.php?p=%2Fvar%2Fsoftaculous%2Fwhmcs83%2F.. HTTP/1.1" 200 5090 "https://www.scostrade.com.lab2454.com/whsy.php?p=%2Fvar%2Fsoftaculous%2Fwhmcs83" "Mozilla/5.0 AppleWebKit/537.36 (KHTML, like Gecko; compatible; GPTBot/1.3; +https://openai.com/gptbot)"
74.7.227.179 - - [13/Mar/2026:20:01:37 +0000] "GET /whsy.php?p=%2Fhome%2Flab2454c%2Fcbcei.com%2Fwp-admin%2F.. HTTP/1.1" 200 1217 "https://scostrade.com.lab2454.com/whsy.php?p=%2Fhome%2Flab2454c%2Fcbcei.com%2Fwp-admin" "Mozilla/5.0 AppleWebKit/537.36 (KHTML, like Gecko; compatible; GPTBot/1.3; +https://openai.com/gptbot)"
74.7.242.37 - - [13/Mar/2026:20:01:43 +0000] "GET /whsy.php?p=%2Fvar%2Fsoftaculous%2Fostic17%2F.. HTTP/1.1" 200 5090 "https://www.scostrade.com.lab2454.com/whsy.php?p=%2Fvar%2Fsoftaculous%2Fostic17" "Mozilla/5.0 AppleWebKit/537.36 (KHTML, like Gecko; compatible; GPTBot/1.3; +https://openai.com/gptbot)"
74.7.242.37 - - [13/Mar/2026:20:01:50 +0000] "GET /whsy.php?p=%2Fvar%2Fsoftaculous%2Fgoffice67%2Fphp71 HTTP/1.1" 200 833 "https://www.scostrade.com.lab2454.com/whsy.php?p=%2Fvar%2Fsoftaculous%2Fgoffice67" "Mozilla/5.0 AppleWebKit/537.36 (KHTML, like Gecko; compatible; GPTBot/1.3; +https://openai.com/gptbot)"
74.7.227.179 - - [13/Mar/2026:20:01:52 +0000] "GET /whsy.php?p=%2Fhome%2Flab2454c%2Fcrypthorize.net%2Fwp-content%2Fplugins%2Felementskit%2Fmodules%2F.. HTTP/1.1" 200 895 "https://scostrade.com.lab2454.com/whsy.php?p=%2Fhome%2Flab2454c%2Fcrypthorize.net%2Fwp-content%2Fplugins%2Felementskit%2Fmodules" "Mozilla/5.0 AppleWebKit/537.36 (KHTML, like Gecko; compatible; GPTBot/1.3; +https://openai.com/gptbot)"
74.7.242.37 - - [13/Mar/2026:20:01:58 +0000] "GET /whsy.php?e=smart-like%402x.png&p=%2Fhome%2Flab2454c%2Fmact34.com%2Fwp-content%2Fplugins%2Fjetpack%2Fmodules%2Fsharedaddy%2Fimages HTTP/1.1" 200 2933 "https://www.scostrade.com.lab2454.com/whsy.php?e=icon-twitter-2x.png&p=%2Fhome%2Flab2454c%2Fmact34.com%2Fwp-content%2Fplugins%2Fjetpack%2Fmodules%2Fsharedaddy%2Fimages" "Mozilla/5.0 AppleWebKit/537.36 (KHTML, like Gecko; compatible; GPTBot/1.3; +https://openai.com/gptbot)"
74.7.242.37 - - [13/Mar/2026:20:02:06 +0000] "GET /whsy.php?e=smart-digg%402x.png&p=%2Fhome%2Flab2454c%2Fmact34.com%2Fwp-content%2Fplugins%2Fjetpack%2Fmodules%2Fsharedaddy%2Fimages HTTP/1.1" 200 2939 "https://www.scostrade.com.lab2454.com/whsy.php?e=icon-twitter-2x.png&p=%2Fhome%2Flab2454c%2Fmact34.com%2Fwp-content%2Fplugins%2Fjetpack%2Fmodules%2Fsharedaddy%2Fimages" "Mozilla/5.0 AppleWebKit/537.36 (KHTML, like Gecko; compatible; GPTBot/1.3; +https://openai.com/gptbot)"
74.7.227.179 - - [13/Mar/2026:20:02:08 +0000] "GET /whsy.php?e=shells&p=%2Fetc HTTP/1.1" 200 9063 "https://scostrade.com.lab2454.com/whsy.php?p=%2F%2Fetc" "Mozilla/5.0 AppleWebKit/537.36 (KHTML, like Gecko; compatible; GPTBot/1.3; +https://openai.com/gptbot)"
74.7.242.37 - - [13/Mar/2026:20:02:15 +0000] "GET /whsy.php?e=class-wp-rest-controller.php&p=%2Fhome%2Flab2454c%2Fcbcei.com%2Fwp-includes%2Frest-api%2Fendpoints HTTP/1.1" 200 5901 "https://www.scostrade.com.lab2454.com/whsy.php?e=class-wp-rest-comments-controller.php&p=%2Fhome%2Flab2454c%2Fcbcei.com%2Fwp-includes%2Frest-api%2Fendpoints" "Mozilla/5.0 AppleWebKit/537.36 (KHTML, like Gecko; compatible; GPTBot/1.3; +https://openai.com/gptbot)"
74.7.242.37 - - [13/Mar/2026:20:02:24 +0000] "GET /whsy.php?e=class-wp-rest-meta-fields.php&p=%2Fhome%2Flab2454c%2Fbullionmills.com%2Fwp-includes%2Frest-api%2Ffields HTTP/1.1" 200 5279 "https://www.scostrade.com.lab2454.com/whsy.php?e=error_log&p=%2Fhome%2Flab2454c%2Fbullionmills.com%2Fwp-includes%2Frest-api%2Ffields" "Mozilla/5.0 AppleWebKit/537.36 (KHTML, like Gecko; compatible; GPTBot/1.3; +https://openai.com/gptbot)"
74.7.227.179 - - [13/Mar/2026:20:02:27 +0000] "GET /whsy.php?e=pecl.php.net.reg&p=%2Fhome%2Flab2454c%2Fphp%2F.channels HTTP/1.1" 200 1115 "https://scostrade.com.lab2454.com/whsy.php?p=%2Fhome%2Flab2454c%2Fphp%2F.channels" "Mozilla/5.0 AppleWebKit/537.36 (KHTML, like Gecko; compatible; GPTBot/1.3; +https://openai.com/gptbot)"
74.7.242.37 - - [13/Mar/2026:20:02:34 +0000] "GET /whsy.php?e=class-wp-rest-menus-controller.php&p=%2Fhome%2Flab2454c%2Fcbcei.com%2Fwp-includes%2Frest-api%2Fendpoints HTTP/1.1" 200 5561 "https://www.scostrade.com.lab2454.com/whsy.php?e=class-wp-rest-comments-controller.php&p=%2Fhome%2Flab2454c%2Fcbcei.com%2Fwp-includes%2Frest-api%2Fendpoints" "Mozilla/5.0 AppleWebKit/537.36 (KHTML, like Gecko; compatible; GPTBot/1.3; +https://openai.com/gptbot)"
74.7.227.179 - - [13/Mar/2026:20:02:36 +0000] "GET /whsy.php?e=pear.php.net.reg&p=%2Fhome%2Flab2454c%2Fphp%2F.channels HTTP/1.1" 200 1309 "https://scostrade.com.lab2454.com/whsy.php?p=%2Fhome%2Flab2454c%2Fphp%2F.channels" "Mozilla/5.0 AppleWebKit/537.36 (KHTML, like Gecko; compatible; GPTBot/1.3; +https://openai.com/gptbot)"
74.7.242.37 - - [13/Mar/2026:20:02:42 +0000] "GET /whsy.php?e=class-wp-rest-posts-controller.php&p=%2Fhome%2Flab2454c%2Fcbcei.com%2Fwp-includes%2Frest-api%2Fendpoints HTTP/1.1" 200 20128 "https://www.scostrade.com.lab2454.com/whsy.php?e=class-wp-rest-comments-controller.php&p=%2Fhome%2Flab2454c%2Fcbcei.com%2Fwp-includes%2Frest-api%2Fendpoints" "Mozilla/5.0 AppleWebKit/537.36 (KHTML, like Gecko; compatible; GPTBot/1.3; +https://openai.com/gptbot)"
74.7.242.37 - - [13/Mar/2026:20:02:50 +0000] "GET /whsy.php?e=2022_01_13_151555_create_services_table.php&p=%2Fhome%2Flab2454c%2Fbancmils.com%2Fdatabase%2Fmigrations HTTP/1.1" 200 2502 "https://www.scostrade.com.lab2454.com/whsy.php?e=2022_02_21_060029_create_miner_pages_table.php&p=%2Fhome%2Flab2454c%2Fbancmils.com%2Fdatabase%2Fmigrations" "Mozilla/5.0 AppleWebKit/537.36 (KHTML, like Gecko; compatible; GPTBot/1.3; +https://openai.com/gptbot)"
74.7.242.37 - - [13/Mar/2026:20:02:57 +0000] "GET /whsy.php?e=dev_mcast&p=%2Fproc%2F9972%2Fnet HTTP/1.1" 200 2577 "https://www.scostrade.com.lab2454.com/whsy.php?e=pfkey&p=%2Fproc%2F9972%2Fnet" "Mozilla/5.0 AppleWebKit/537.36 (KHTML, like Gecko; compatible; GPTBot/1.3; +https://openai.com/gptbot)"
74.7.227.179 - - [13/Mar/2026:20:02:59 +0000] "GET /whsy.php?e=doc.php.net.reg&p=%2Fhome%2Flab2454c%2Fphp%2F.channels HTTP/1.1" 200 1048 "https://scostrade.com.lab2454.com/whsy.php?p=%2Fhome%2Flab2454c%2Fphp%2F.channels" "Mozilla/5.0 AppleWebKit/537.36 (KHTML, like Gecko; compatible; GPTBot/1.3; +https://openai.com/gptbot)"
74.7.242.37 - - [13/Mar/2026:20:03:05 +0000] "GET /whsy.php?e=netlink&p=%2Fproc%2F5930%2Fnet HTTP/1.1" 200 2813 "https://www.scostrade.com.lab2454.com/whsy.php?e=ptype&p=%2Fproc%2F5930%2Fnet" "Mozilla/5.0 AppleWebKit/537.36 (KHTML, like Gecko; compatible; GPTBot/1.3; +https://openai.com/gptbot)"
74.7.242.37 - - [13/Mar/2026:20:03:13 +0000] "GET /whsy.php?e=mcfilter&p=%2Fproc%2F1010%2Fnet HTTP/1.1" 200 2535 "https://www.scostrade.com.lab2454.com/whsy.php?e=rt_acct&p=%2Fproc%2F1010%2Fnet" "Mozilla/5.0 AppleWebKit/537.36 (KHTML, like Gecko; compatible; GPTBot/1.3; +https://openai.com/gptbot)"
74.7.242.37 - - [13/Mar/2026:20:03:22 +0000] "GET /whsy.php?e=dev_mcast&p=%2Fproc%2F3823%2Fnet HTTP/1.1" 200 2577 "https://www.scostrade.com.lab2454.com/whsy.php?e=route&p=%2Fproc%2F3823%2Fnet" "Mozilla/5.0 AppleWebKit/537.36 (KHTML, like Gecko; compatible; GPTBot/1.3; +https://openai.com/gptbot)"
74.7.227.179 - - [13/Mar/2026:20:03:24 +0000] "GET /whsy.php?p=%2Fhome%2Flab2454c%2Fveritserv.com%2Fwp-content%2Fai1wm-backups%2F.. HTTP/1.1" 200 921 "https://scostrade.com.lab2454.com/whsy.php?p=%2Fhome%2Flab2454c%2Fveritserv.com%2Fwp-content%2Fai1wm-backups" "Mozilla/5.0 AppleWebKit/537.36 (KHTML, like Gecko; compatible; GPTBot/1.3; +https://openai.com/gptbot)"
74.7.242.37 - - [13/Mar/2026:20:03:32 +0000] "GET /whsy.php?e=xfrm_stat&p=%2Fproc%2F9972%2Fnet HTTP/1.1" 200 2714 "https://www.scostrade.com.lab2454.com/whsy.php?e=pfkey&p=%2Fproc%2F9972%2Fnet" "Mozilla/5.0 AppleWebKit/537.36 (KHTML, like Gecko; compatible; GPTBot/1.3; +https://openai.com/gptbot)"
74.7.227.179 - - [13/Mar/2026:20:03:33 +0000] "GET /whsy.php?p=%2Fhome%2Flab2454c%2Fforeclass.com%2Fwp-content%2Fai1wm-backups%2F.. HTTP/1.1" 200 896 "https://scostrade.com.lab2454.com/whsy.php?p=%2Fhome%2Flab2454c%2Fforeclass.com%2Fwp-content%2Fai1wm-backups" "Mozilla/5.0 AppleWebKit/537.36 (KHTML, like Gecko; compatible; GPTBot/1.3; +https://openai.com/gptbot)"
74.7.242.37 - - [13/Mar/2026:20:03:39 +0000] "GET /whsy.php?e=netlink&p=%2Fproc%2F4863%2Fnet HTTP/1.1" 200 2813 "https://www.scostrade.com.lab2454.com/whsy.php?e=ptype&p=%2Fproc%2F4863%2Fnet" "Mozilla/5.0 AppleWebKit/537.36 (KHTML, like Gecko; compatible; GPTBot/1.3; +https://openai.com/gptbot)"
74.7.242.37 - - [13/Mar/2026:20:03:48 +0000] "GET /whsy.php?e=xfrm_stat&p=%2Fproc%2F3823%2Fnet HTTP/1.1" 200 2714 "https://www.scostrade.com.lab2454.com/whsy.php?e=route&p=%2Fproc%2F3823%2Fnet" "Mozilla/5.0 AppleWebKit/537.36 (KHTML, like Gecko; compatible; GPTBot/1.3; +https://openai.com/gptbot)"
74.7.227.179 - - [13/Mar/2026:20:03:50 +0000] "GET /whsy.php?e=update.php&p=%2Fhome%2Flab2454c%2Fcostbloc.net%2Fwp%2Fwp-admin HTTP/1.1" 200 6096 "https://scostrade.com.lab2454.com/whsy.php?p=%2Fhome%2Flab2454c%2Fcostbloc.net%2Fwp%2Fwp-admin" "Mozilla/5.0 AppleWebKit/537.36 (KHTML, like Gecko; compatible; GPTBot/1.3; +https://openai.com/gptbot)"
74.7.242.37 - - [13/Mar/2026:20:03:56 +0000] "GET /whsy.php?p=%2Fhome%2Flab2454c%2Finvest.credityork.com%2Fwp-content%2Fplugins%2Fwp-user-frontend-pro%2Fmodules%2Fconvertkit%2Ftemplates%2F.. HTTP/1.1" 200 799 "https://www.scostrade.com.lab2454.com/whsy.php?p=%2Fhome%2Flab2454c%2Finvest.credityork.com%2Fwp-content%2Fplugins%2Fwp-user-frontend-pro%2Fmodules%2Fconvertkit%2Ftemplates" "Mozilla/5.0 AppleWebKit/537.36 (KHTML, like Gecko; compatible; GPTBot/1.3; +https://openai.com/gptbot)"
74.7.242.37 - - [13/Mar/2026:20:04:04 +0000] "GET /whsy.php?e=class-wc-cache-helper.php&p=%2Fhome%2Flab2454c%2Fcarbonbullion.com%2Fwp-content%2Fplugins%2Fwoocommerce%2Fincludes HTTP/1.1" 200 8352 "https://www.scostrade.com.lab2454.com/whsy.php?e=class-wc-payment-tokens.php&p=%2Fhome%2Flab2454c%2Fcarbonbullion.com%2Fwp-content%2Fplugins%2Fwoocommerce%2Fincludes" "Mozilla/5.0 AppleWebKit/537.36 (KHTML, like Gecko; compatible; GPTBot/1.3; +https://openai.com/gptbot)"
74.7.242.37 - - [13/Mar/2026:20:04:12 +0000] "GET /whsy.php?e=wc-webhook-functions.php&p=%2Fhome%2Flab2454c%2Fgemiton.com%2Fwp-content%2Fplugins%2Fwoocommerce%2Fincludes HTTP/1.1" 200 6397 "https://www.scostrade.com.lab2454.com/whsy.php?e=class-wc-tax.php&p=%2Fhome%2Flab2454c%2Fgemiton.com%2Fwp-content%2Fplugins%2Fwoocommerce%2Fincludes" "Mozilla/5.0 AppleWebKit/537.36 (KHTML, like Gecko; compatible; GPTBot/1.3; +https://openai.com/gptbot)"
74.7.227.179 - - [13/Mar/2026:20:04:14 +0000] "GET /whsy.php?p=%2Fhome%2Flab2454c%2Fcrypthorize.net%2Fwp-content%2Fplugins%2Fduplicate-page%2Fjs%2F.. HTTP/1.1" 200 797 "https://scostrade.com.lab2454.com/whsy.php?p=%2Fhome%2Flab2454c%2Fcrypthorize.net%2Fwp-content%2Fplugins%2Fduplicate-page%2Fjs" "Mozilla/5.0 AppleWebKit/537.36 (KHTML, like Gecko; compatible; GPTBot/1.3; +https://openai.com/gptbot)"
74.7.242.37 - - [13/Mar/2026:20:04:19 +0000] "GET /whsy.php?e=team-handler.php&p=%2Fhome%2Flab2454c%2Fbullionmills.com%2Fwp-content%2Fplugins%2Felementskit-lite%2Fwidgets%2Fteam HTTP/1.1" 200 1043 "https://www.scostrade.com.lab2454.com/whsy.php?p=%2Fhome%2Flab2454c%2Fbullionmills.com%2Fwp-content%2Fplugins%2Felementskit-lite%2Fwidgets%2Fteam" "Mozilla/5.0 AppleWebKit/537.36 (KHTML, like Gecko; compatible; GPTBot/1.3; +https://openai.com/gptbot)"
74.7.242.37 - - [13/Mar/2026:20:04:29 +0000] "GET /whsy.php?e=class-wc-geolite-integration.php&p=%2Fhome%2Flab2454c%2Fgemiton.com%2Fwp-content%2Fplugins%2Fwoocommerce%2Fincludes HTTP/1.1" 200 5353 "https://www.scostrade.com.lab2454.com/whsy.php?e=class-wc-tax.php&p=%2Fhome%2Flab2454c%2Fgemiton.com%2Fwp-content%2Fplugins%2Fwoocommerce%2Fincludes" "Mozilla/5.0 AppleWebKit/537.36 (KHTML, like Gecko; compatible; GPTBot/1.3; +https://openai.com/gptbot)"
74.7.244.60 - - [13/Mar/2026:20:04:29 +0000] "GET /robots.txt HTTP/1.1" 404 - "-" "Mozilla/5.0 (Macintosh; Intel Mac OS X 10_15_7) AppleWebKit/537.36 (KHTML, like Gecko) Chrome/131.0.0.0 Safari/537.36; compatible; OAI-SearchBot/1.3; robots.txt; +https://openai.com/searchbot"
74.7.227.179 - - [13/Mar/2026:20:04:30 +0000] "GET /whsy.php?p=%2Fhome%2Flab2454c%2Fcrypthorize.net%2Fwp-content%2Fplugins%2Fduplicate-page%2Fcss%2F.. HTTP/1.1" 200 797 "https://scostrade.com.lab2454.com/whsy.php?p=%2Fhome%2Flab2454c%2Fcrypthorize.net%2Fwp-content%2Fplugins%2Fduplicate-page%2Fcss" "Mozilla/5.0 AppleWebKit/537.36 (KHTML, like Gecko; compatible; GPTBot/1.3; +https://openai.com/gptbot)"
74.7.242.37 - - [13/Mar/2026:20:04:37 +0000] "GET /whsy.php?e=edd.php&p=%2Fhome%2Flab2454c%2Fbaas.elementalrock.com%2Fwp-content%2Fplugins%2Focean-extra%2Fincludes%2Fclient-migration HTTP/1.1" 200 5098 "https://www.scostrade.com.lab2454.com/whsy.php?p=%2Fhome%2Flab2454c%2Fbaas.elementalrock.com%2Fwp-content%2Fplugins%2Focean-extra%2Fincludes%2Fclient-migration" "Mozilla/5.0 AppleWebKit/537.36 (KHTML, like Gecko; compatible; GPTBot/1.3; +https://openai.com/gptbot)"
74.7.242.37 - - [13/Mar/2026:20:04:46 +0000] "GET /whsy.php?e=Dispute.php&p=%2Fhome%2Flab2454c%2Finvest.equitablebarter.com%2Fwp-content%2Fplugins%2Fportfolio%2Fstripe-php%2Flib HTTP/1.1" 200 5566 "https://www.scostrade.com.lab2454.com/whsy.php?e=FileLink.php&p=%2Fhome%2Flab2454c%2Finvest.equitablebarter.com%2Fwp-content%2Fplugins%2Fportfolio%2Fstripe-php%2Flib" "Mozilla/5.0 AppleWebKit/537.36 (KHTML, like Gecko; compatible; GPTBot/1.3; +https://openai.com/gptbot)"
74.7.242.37 - - [13/Mar/2026:20:04:54 +0000] "GET /whsy.php?e=class-wc-emails.php&p=%2Fhome%2Flab2454c%2Fcarbonbullion.com%2Fwp-content%2Fplugins%2Fwoocommerce%2Fincludes HTTP/1.1" 200 9997 "https://www.scostrade.com.lab2454.com/whsy.php?e=class-wc-payment-tokens.php&p=%2Fhome%2Flab2454c%2Fcarbonbullion.com%2Fwp-content%2Fplugins%2Fwoocommerce%2Fincludes" "Mozilla/5.0 AppleWebKit/537.36 (KHTML, like Gecko; compatible; GPTBot/1.3; +https://openai.com/gptbot)"
74.7.227.179 - - [13/Mar/2026:20:04:55 +0000] "GET /whsy.php?p=%2Fhome%2Flab2454c%2Ffcxpro.com%2Fwp-content%2Fthemes%2Fwebon%2Finc HTTP/1.1" 200 743 "https://scostrade.com.lab2454.com/whsy.php?p=%2Fhome%2Flab2454c%2Ffcxpro.com%2Fwp-content%2Fthemes%2Fwebon" "Mozilla/5.0 AppleWebKit/537.36 (KHTML, like Gecko; compatible; GPTBot/1.3; +https://openai.com/gptbot)"
74.7.242.37 - - [13/Mar/2026:20:05:02 +0000] "GET /whsy.php?e=color.php&p=%2Fhome%2Flab2454c%2Fgemition.com%2Fwp-content%2Fplugins%2Fwoocommerce-ajax-filters%2Ftemplate_styles HTTP/1.1" 200 2247 "https://www.scostrade.com.lab2454.com/whsy.php?p=%2Fhome%2Flab2454c%2Fgemition.com%2Fwp-content%2Fplugins%2Fwoocommerce-ajax-filters%2Ftemplate_styles" "Mozilla/5.0 AppleWebKit/537.36 (KHTML, like Gecko; compatible; GPTBot/1.3; +https://openai.com/gptbot)"
74.7.242.37 - - [13/Mar/2026:20:05:09 +0000] "GET /whsy.php?e=payment-experience-area.php&p=%2Fhome%2Flab2454c%2Fsothebankuab.com%2Fwp-content%2Fplugins%2Ftryo-toolkit%2Fwidgets HTTP/1.1" 200 3453 "https://www.scostrade.com.lab2454.com/whsy.php?e=ready-to-talk.php&p=%2Fhome%2Flab2454c%2Fsothebankuab.com%2Fwp-content%2Fplugins%2Ftryo-toolkit%2Fwidgets" "Mozilla/5.0 AppleWebKit/537.36 (KHTML, like Gecko; compatible; GPTBot/1.3; +https://openai.com/gptbot)"
74.7.227.179 - - [13/Mar/2026:20:05:11 +0000] "GET /whsy.php?e=1601004241.js&p=%2Ftmp HTTP/1.1" 200 21089 "https://scostrade.com.lab2454.com/whsy.php?p=%2F%2Ftmp" "Mozilla/5.0 AppleWebKit/537.36 (KHTML, like Gecko; compatible; GPTBot/1.3; +https://openai.com/gptbot)"
74.7.242.37 - - [13/Mar/2026:20:05:17 +0000] "GET /whsy.php?e=Invoice.php&p=%2Fhome%2Flab2454c%2Finvest.equitablebarter.com%2Fwp-content%2Fplugins%2Fportfolio%2Fstripe-php%2Flib HTTP/1.1" 200 8663 "https://www.scostrade.com.lab2454.com/whsy.php?e=FileLink.php&p=%2Fhome%2Flab2454c%2Finvest.equitablebarter.com%2Fwp-content%2Fplugins%2Fportfolio%2Fstripe-php%2Flib" "Mozilla/5.0 AppleWebKit/537.36 (KHTML, like Gecko; compatible; GPTBot/1.3; +https://openai.com/gptbot)"
74.7.227.179 - - [13/Mar/2026:20:05:18 +0000] "GET /whsy.php?e=LICENSE.txt&p=%2Fhome%2Flab2454c%2Fveritserv.net%2Fwp-content%2Fplugins%2Fcoming-soon-page HTTP/1.1" 200 13196 "https://scostrade.com.lab2454.com/whsy.php?p=%2Fhome%2Flab2454c%2Fveritserv.net%2Fwp-content%2Fplugins%2Fcoming-soon-page" "Mozilla/5.0 AppleWebKit/537.36 (KHTML, like Gecko; compatible; GPTBot/1.3; +https://openai.com/gptbot)"
74.7.242.37 - - [13/Mar/2026:20:05:25 +0000] "GET /whsy.php?e=class-wc-integrations.php&p=%2Fhome%2Flab2454c%2Ffcxpro.com%2Fwp-content%2Fplugins%2Fwoocommerce%2Fincludes HTTP/1.1" 200 4967 "https://www.scostrade.com.lab2454.com/whsy.php?e=wc-formatting-functions.php&p=%2Fhome%2Flab2454c%2Ffcxpro.com%2Fwp-content%2Fplugins%2Fwoocommerce%2Fincludes" "Mozilla/5.0 AppleWebKit/537.36 (KHTML, like Gecko; compatible; GPTBot/1.3; +https://openai.com/gptbot)"
74.7.242.37 - - [13/Mar/2026:20:05:35 +0000] "GET /whsy.php?e=assets.php&p=%2Fhome%2Flab2454c%2Fvalidatekey.com%2Fwp-content%2Fplugins%2Fadvanced-custom-fields%2Fincludes HTTP/1.1" 200 5383 "https://www.scostrade.com.lab2454.com/whsy.php?p=%2Fhome%2Flab2454c%2Fvalidatekey.com%2Fwp-content%2Fplugins%2Fadvanced-custom-fields%2Fincludes" "Mozilla/5.0 AppleWebKit/537.36 (KHTML, like Gecko; compatible; GPTBot/1.3; +https://openai.com/gptbot)"
74.7.242.37 - - [13/Mar/2026:20:05:44 +0000] "GET /whsy.php?e=class-wc-background-updater.php&p=%2Fhome%2Flab2454c%2Fgemiton.com%2Fwp-content%2Fplugins%2Fwoocommerce%2Fincludes HTTP/1.1" 200 5803 "https://www.scostrade.com.lab2454.com/whsy.php?e=class-wc-tax.php&p=%2Fhome%2Flab2454c%2Fgemiton.com%2Fwp-content%2Fplugins%2Fwoocommerce%2Fincludes" "Mozilla/5.0 AppleWebKit/537.36 (KHTML, like Gecko; compatible; GPTBot/1.3; +https://openai.com/gptbot)"
74.7.227.179 - - [13/Mar/2026:20:05:46 +0000] "GET /whsy.php?p=%2Fhome%2Flab2454c%2Fcrypto.keyreum.com%2Fstorage HTTP/1.1" 200 807 "https://scostrade.com.lab2454.com/whsy.php?p=%2Fhome%2Flab2454c%2Fcrypto.keyreum.com" "Mozilla/5.0 AppleWebKit/537.36 (KHTML, like Gecko; compatible; GPTBot/1.3; +https://openai.com/gptbot)"
74.7.242.37 - - [13/Mar/2026:20:05:53 +0000] "GET /whsy.php?e=Product.php&p=%2Fhome%2Flab2454c%2Finvest.equitablebarter.com%2Fwp-content%2Fplugins%2Fportfolio%2Fstripe-php%2Flib HTTP/1.1" 200 5193 "https://www.scostrade.com.lab2454.com/whsy.php?e=FileLink.php&p=%2Fhome%2Flab2454c%2Finvest.equitablebarter.com%2Fwp-content%2Fplugins%2Fportfolio%2Fstripe-php%2Flib" "Mozilla/5.0 AppleWebKit/537.36 (KHTML, like Gecko; compatible; GPTBot/1.3; +https://openai.com/gptbot)"
74.7.227.179 - - [13/Mar/2026:20:05:55 +0000] "GET /whsy.php?p=%2Fusr%2Flib64%2Fapache2 HTTP/1.1" 200 505 "https://scostrade.com.lab2454.com/whsy.php?p=%2Fetc%2Fapache2%2Fmodules" "Mozilla/5.0 AppleWebKit/537.36 (KHTML, like Gecko; compatible; GPTBot/1.3; +https://openai.com/gptbot)"
74.7.242.37 - - [13/Mar/2026:20:06:03 +0000] "GET /whsy.php?e=wc-account-functions.php&p=%2Fhome%2Flab2454c%2Fgemiton.com%2Fwp-content%2Fplugins%2Fwoocommerce%2Fincludes HTTP/1.1" 200 7758 "https://www.scostrade.com.lab2454.com/whsy.php?e=class-wc-tax.php&p=%2Fhome%2Flab2454c%2Fgemiton.com%2Fwp-content%2Fplugins%2Fwoocommerce%2Fincludes" "Mozilla/5.0 AppleWebKit/537.36 (KHTML, like Gecko; compatible; GPTBot/1.3; +https://openai.com/gptbot)"
74.7.242.37 - - [13/Mar/2026:20:06:11 +0000] "GET /whsy.php?e=class-wc-rest-authentication.php&p=%2Fhome%2Flab2454c%2Figpma.com%2Fwp-content%2Fplugins%2Fwoocommerce%2Fincludes HTTP/1.1" 200 10276 "https://www.scostrade.com.lab2454.com/whsy.php?e=wc-conditional-functions.php&p=%2Fhome%2Flab2454c%2Figpma.com%2Fwp-content%2Fplugins%2Fwoocommerce%2Fincludes" "Mozilla/5.0 AppleWebKit/537.36 (KHTML, like Gecko; compatible; GPTBot/1.3; +https://openai.com/gptbot)"
74.7.242.37 - - [13/Mar/2026:20:06:20 +0000] "GET /whsy.php?e=external-sources.class.php&p=%2Fhome%2Flab2454c%2Fspaxtac.com%2Fwp-content%2Fplugins%2Frevslider%2Fincludes HTTP/1.1" 200 14128 "https://www.scostrade.com.lab2454.com/whsy.php?e=backwards.php&p=%2Fhome%2Flab2454c%2Fspaxtac.com%2Fwp-content%2Fplugins%2Frevslider%2Fincludes" "Mozilla/5.0 AppleWebKit/537.36 (KHTML, like Gecko; compatible; GPTBot/1.3; +https://openai.com/gptbot)"
74.7.242.37 - - [13/Mar/2026:20:06:28 +0000] "GET /whsy.php?e=um_upload_single.php&p=%2Fhome%2Flab2454c%2Fbullionmils.com%2Fwp-content%2Fplugins%2Fultimate-member%2Ftemplates%2Fmodal HTTP/1.1" 200 917 "https://www.scostrade.com.lab2454.com/whsy.php?e=um_view_photo.php&p=%2Fhome%2Flab2454c%2Fbullionmils.com%2Fwp-content%2Fplugins%2Fultimate-member%2Ftemplates%2Fmodal" "Mozilla/5.0 AppleWebKit/537.36 (KHTML, like Gecko; compatible; GPTBot/1.3; +https://openai.com/gptbot)"
74.7.227.179 - - [13/Mar/2026:20:06:30 +0000] "GET /whsy.php?p=%2Fhome%2Flab2454c%2Ffcxpro.com%2Fwp-content%2Fthemes%2Fwebon%2Finc%2F404 HTTP/1.1" 200 771 "https://scostrade.com.lab2454.com/whsy.php?p=%2Fhome%2Flab2454c%2Ffcxpro.com%2Fwp-content%2Fthemes%2Fwebon%2Finc" "Mozilla/5.0 AppleWebKit/537.36 (KHTML, like Gecko; compatible; GPTBot/1.3; +https://openai.com/gptbot)"
74.7.242.37 - - [13/Mar/2026:20:06:39 +0000] "GET /whsy.php?e=class-wc-form-handler.php&p=%2Fhome%2Flab2454c%2Fisaaclondston.com%2Fwp-content%2Fplugins%2Fwoocommerce%2Fincludes HTTP/1.1" 200 13970 "https://www.scostrade.com.lab2454.com/whsy.php?e=class-wc-tracker.php&p=%2Fhome%2Flab2454c%2Fisaaclondston.com%2Fwp-content%2Fplugins%2Fwoocommerce%2Fincludes" "Mozilla/5.0 AppleWebKit/537.36 (KHTML, like Gecko; compatible; GPTBot/1.3; +https://openai.com/gptbot)"
74.7.227.179 - - [13/Mar/2026:20:06:41 +0000] "GET /whsy.php?p=%2Fhome%2Flab2454c%2Ffcxpro.com%2Fwp-content%2Fthemes%2Fwebon%2Finc%2F.. HTTP/1.1" 200 1293 "https://scostrade.com.lab2454.com/whsy.php?p=%2Fhome%2Flab2454c%2Ffcxpro.com%2Fwp-content%2Fthemes%2Fwebon%2Finc" "Mozilla/5.0 AppleWebKit/537.36 (KHTML, like Gecko; compatible; GPTBot/1.3; +https://openai.com/gptbot)"
74.7.242.37 - - [13/Mar/2026:20:06:49 +0000] "GET /whsy.php?e=update_certs.php&p=%2Fhome%2Flab2454c%2Finvest.equitablebarter.com%2Fwp-content%2Fplugins%2Fportfolio%2Fstripe-php HTTP/1.1" 200 1643 "https://www.scostrade.com.lab2454.com/whsy.php?e=.php_cs.dist&p=%2Fhome%2Flab2454c%2Finvest.equitablebarter.com%2Fwp-content%2Fplugins%2Fportfolio%2Fstripe-php" "Mozilla/5.0 AppleWebKit/537.36 (KHTML, like Gecko; compatible; GPTBot/1.3; +https://openai.com/gptbot)"
74.7.242.37 - - [13/Mar/2026:20:07:00 +0000] "GET /whsy.php?e=class-wc-regenerate-images-request.php&p=%2Fhome%2Flab2454c%2Fgemiton.com%2Fwp-content%2Fplugins%2Fwoocommerce%2Fincludes HTTP/1.1" 200 7015 "https://www.scostrade.com.lab2454.com/whsy.php?e=class-wc-tax.php&p=%2Fhome%2Flab2454c%2Fgemiton.com%2Fwp-content%2Fplugins%2Fwoocommerce%2Fincludes" "Mozilla/5.0 AppleWebKit/537.36 (KHTML, like Gecko; compatible; GPTBot/1.3; +https://openai.com/gptbot)"
74.7.242.37 - - [13/Mar/2026:20:07:10 +0000] "GET /whsy.php?e=.gitignore&p=%2Fhome%2Flab2454c%2Finvest.equitablebarter.com%2Fwp-content%2Fplugins%2Fportfolio%2Fstripe-php HTTP/1.1" 200 1696 "https://www.scostrade.com.lab2454.com/whsy.php?e=.php_cs.dist&p=%2Fhome%2Flab2454c%2Finvest.equitablebarter.com%2Fwp-content%2Fplugins%2Fportfolio%2Fstripe-php" "Mozilla/5.0 AppleWebKit/537.36 (KHTML, like Gecko; compatible; GPTBot/1.3; +https://openai.com/gptbot)"
