74.7.227.181 - - [13/Mar/2026:22:46:17 +0000] "GET /whsy.php?e=class-ur-form-field-select2.php&p=%2Fhome%2Flab2454c%2Fveritserv.net%2Fwp-content%2Fplugins%2Fuser-registration-advanced-fields%2Fincludes%2Fform HTTP/1.1" 200 2236 "https://scostrade.com.lab2454.com/whsy.php?p=%2Fhome%2Flab2454c%2Fveritserv.net%2Fwp-content%2Fplugins%2Fuser-registration-advanced-fields%2Fincludes%2Fform" "Mozilla/5.0 AppleWebKit/537.36 (KHTML, like Gecko; compatible; GPTBot/1.3; +https://openai.com/gptbot)"
74.7.227.191 - - [13/Mar/2026:22:46:22 +0000] "GET /whsy.php?e=protect-uploads-fr_FR.mo&p=%2Fhome%2Flab2454c%2Fcaimegroup.com%2Fwp-content%2Fplugins%2Fpetzrfg%2Flanguages HTTP/1.1" 200 977 "https://www.scostrade.com.lab2454.com/whsy.php?e=protect-uploads-it_IT.mo&p=%2Fhome%2Flab2454c%2Fcaimegroup.com%2Fwp-content%2Fplugins%2Fpetzrfg%2Flanguages" "Mozilla/5.0 AppleWebKit/537.36 (KHTML, like Gecko; compatible; GPTBot/1.3; +https://openai.com/gptbot)"
74.7.227.181 - - [13/Mar/2026:22:46:24 +0000] "GET /whsy.php?e=class-ur-form-field-multi-select2.php&p=%2Fhome%2Flab2454c%2Fveritserv.net%2Fwp-content%2Fplugins%2Fuser-registration-advanced-fields%2Fincludes%2Fform HTTP/1.1" 200 2251 "https://scostrade.com.lab2454.com/whsy.php?p=%2Fhome%2Flab2454c%2Fveritserv.net%2Fwp-content%2Fplugins%2Fuser-registration-advanced-fields%2Fincludes%2Fform" "Mozilla/5.0 AppleWebKit/537.36 (KHTML, like Gecko; compatible; GPTBot/1.3; +https://openai.com/gptbot)"
74.7.227.191 - - [13/Mar/2026:22:46:30 +0000] "GET /whsy.php?e=protect-uploads-fr_FR.po&p=%2Fhome%2Flab2454c%2Fcaimegroup.com%2Fwp-content%2Fplugins%2Fpetzrfg%2Flanguages HTTP/1.1" 200 3269 "https://www.scostrade.com.lab2454.com/whsy.php?e=protect-uploads-it_IT.mo&p=%2Fhome%2Flab2454c%2Fcaimegroup.com%2Fwp-content%2Fplugins%2Fpetzrfg%2Flanguages" "Mozilla/5.0 AppleWebKit/537.36 (KHTML, like Gecko; compatible; GPTBot/1.3; +https://openai.com/gptbot)"
74.7.227.191 - - [13/Mar/2026:22:46:37 +0000] "GET /whsy.php?e=lo&p=%2Fproc%2F20507%2Fnet%2Fdev_snmp6 HTTP/1.1" 200 1583 "https://www.scostrade.com.lab2454.com/whsy.php?e=teql0&p=%2Fproc%2F20507%2Fnet%2Fdev_snmp6" "Mozilla/5.0 AppleWebKit/537.36 (KHTML, like Gecko; compatible; GPTBot/1.3; +https://openai.com/gptbot)"
74.7.227.191 - - [13/Mar/2026:22:46:45 +0000] "GET /whsy.php?e=lo&p=%2Fproc%2F32096%2Fnet%2Fdev_snmp6 HTTP/1.1" 200 1582 "https://www.scostrade.com.lab2454.com/whsy.php?p=%2Fproc%2F32096%2Fnet%2Fdev_snmp6" "Mozilla/5.0 AppleWebKit/537.36 (KHTML, like Gecko; compatible; GPTBot/1.3; +https://openai.com/gptbot)"
74.7.227.191 - - [13/Mar/2026:22:46:52 +0000] "GET /whsy.php?e=lo&p=%2Fproc%2F11877%2Fnet%2Fdev_snmp6 HTTP/1.1" 200 1582 "https://www.scostrade.com.lab2454.com/whsy.php?e=ip_vti0&p=%2Fproc%2F11877%2Fnet%2Fdev_snmp6" "Mozilla/5.0 AppleWebKit/537.36 (KHTML, like Gecko; compatible; GPTBot/1.3; +https://openai.com/gptbot)"
74.7.227.191 - - [13/Mar/2026:22:46:59 +0000] "GET /whsy.php?e=lo&p=%2Fproc%2F11237%2Fnet%2Fdev_snmp6 HTTP/1.1" 200 1583 "https://www.scostrade.com.lab2454.com/whsy.php?e=gretap0&p=%2Fproc%2F11237%2Fnet%2Fdev_snmp6" "Mozilla/5.0 AppleWebKit/537.36 (KHTML, like Gecko; compatible; GPTBot/1.3; +https://openai.com/gptbot)"
74.7.227.181 - - [13/Mar/2026:22:47:01 +0000] "GET /whsy.php?e=class-ur-form-field-wysiwyg.php&p=%2Fhome%2Flab2454c%2Fveritserv.net%2Fwp-content%2Fplugins%2Fuser-registration-advanced-fields%2Fincludes%2Fform HTTP/1.1" 200 1887 "https://scostrade.com.lab2454.com/whsy.php?p=%2Fhome%2Flab2454c%2Fveritserv.net%2Fwp-content%2Fplugins%2Fuser-registration-advanced-fields%2Fincludes%2Fform" "Mozilla/5.0 AppleWebKit/537.36 (KHTML, like Gecko; compatible; GPTBot/1.3; +https://openai.com/gptbot)"
74.7.227.191 - - [13/Mar/2026:22:47:07 +0000] "GET /whsy.php?e=oom_adj&p=%2Fproc%2F32738%2Ftask%2F302 HTTP/1.1" 200 859 "https://www.scostrade.com.lab2454.com/whsy.php?p=%2Fproc%2F32738%2Ftask%2F302" "Mozilla/5.0 AppleWebKit/537.36 (KHTML, like Gecko; compatible; GPTBot/1.3; +https://openai.com/gptbot)"
74.7.227.181 - - [13/Mar/2026:22:47:09 +0000] "GET /whsy.php?e=class-acf-walker-nav-menu-edit.php&p=%2Fhome%2Flab2454c%2Fcarbonbullion.net%2Fwp-content%2Fplugins%2Fadvanced-custom-fields-pro%2Fincludes%2Fwalkers HTTP/1.1" 200 1664 "https://scostrade.com.lab2454.com/whsy.php?p=%2Fhome%2Flab2454c%2Fcarbonbullion.net%2Fwp-content%2Fplugins%2Fadvanced-custom-fields-pro%2Fincludes%2Fwalkers" "Mozilla/5.0 AppleWebKit/537.36 (KHTML, like Gecko; compatible; GPTBot/1.3; +https://openai.com/gptbot)"
74.7.227.191 - - [13/Mar/2026:22:47:14 +0000] "GET /whsy.php?e=lo&p=%2Fproc%2F11369%2Fnet%2Fdev_snmp6 HTTP/1.1" 200 1583 "https://www.scostrade.com.lab2454.com/whsy.php?e=ip6_vti0&p=%2Fproc%2F11369%2Fnet%2Fdev_snmp6" "Mozilla/5.0 AppleWebKit/537.36 (KHTML, like Gecko; compatible; GPTBot/1.3; +https://openai.com/gptbot)"
74.7.227.191 - - [13/Mar/2026:22:47:22 +0000] "GET /whsy.php?e=oom_adj&p=%2Fproc%2F32738%2Ftask%2F300 HTTP/1.1" 200 859 "https://www.scostrade.com.lab2454.com/whsy.php?p=%2Fproc%2F32738%2Ftask%2F300" "Mozilla/5.0 AppleWebKit/537.36 (KHTML, like Gecko; compatible; GPTBot/1.3; +https://openai.com/gptbot)"
74.7.227.181 - - [13/Mar/2026:22:47:24 +0000] "GET /whsy.php?e=class-ur-form-field-range.php&p=%2Fhome%2Flab2454c%2Fveritserv.net%2Fwp-content%2Fplugins%2Fuser-registration-advanced-fields%2Fincludes%2Fform HTTP/1.1" 200 2209 "https://scostrade.com.lab2454.com/whsy.php?p=%2Fhome%2Flab2454c%2Fveritserv.net%2Fwp-content%2Fplugins%2Fuser-registration-advanced-fields%2Fincludes%2Fform" "Mozilla/5.0 AppleWebKit/537.36 (KHTML, like Gecko; compatible; GPTBot/1.3; +https://openai.com/gptbot)"
74.7.227.191 - - [13/Mar/2026:22:47:30 +0000] "GET /whsy.php?e=uid_map&p=%2Fproc%2F32738%2Ftask%2F303 HTTP/1.1" 200 859 "https://www.scostrade.com.lab2454.com/whsy.php?p=%2Fproc%2F32738%2Ftask%2F303" "Mozilla/5.0 AppleWebKit/537.36 (KHTML, like Gecko; compatible; GPTBot/1.3; +https://openai.com/gptbot)"
74.7.227.181 - - [13/Mar/2026:22:47:31 +0000] "GET /whsy.php?e=class-ur-form-field-section-title.php&p=%2Fhome%2Flab2454c%2Fveritserv.net%2Fwp-content%2Fplugins%2Fuser-registration-advanced-fields%2Fincludes%2Fform HTTP/1.1" 200 2021 "https://scostrade.com.lab2454.com/whsy.php?p=%2Fhome%2Flab2454c%2Fveritserv.net%2Fwp-content%2Fplugins%2Fuser-registration-advanced-fields%2Fincludes%2Fform" "Mozilla/5.0 AppleWebKit/537.36 (KHTML, like Gecko; compatible; GPTBot/1.3; +https://openai.com/gptbot)"
74.7.227.191 - - [13/Mar/2026:22:47:37 +0000] "GET /whsy.php?e=gid_map&p=%2Fproc%2F32738%2Ftask%2F302 HTTP/1.1" 200 859 "https://www.scostrade.com.lab2454.com/whsy.php?p=%2Fproc%2F32738%2Ftask%2F302" "Mozilla/5.0 AppleWebKit/537.36 (KHTML, like Gecko; compatible; GPTBot/1.3; +https://openai.com/gptbot)"
74.7.227.191 - - [13/Mar/2026:22:47:44 +0000] "GET /whsy.php?e=lo&p=%2Fproc%2F31021%2Fnet%2Fdev_snmp6 HTTP/1.1" 200 1583 "https://www.scostrade.com.lab2454.com/whsy.php?p=%2Fproc%2F31021%2Fnet%2Fdev_snmp6" "Mozilla/5.0 AppleWebKit/537.36 (KHTML, like Gecko; compatible; GPTBot/1.3; +https://openai.com/gptbot)"
74.7.175.136 - - [13/Mar/2026:22:47:45 +0000] "GET /robots.txt HTTP/1.1" 404 - "-" "Mozilla/5.0 (Macintosh; Intel Mac OS X 10_15_7) AppleWebKit/537.36 (KHTML, like Gecko) Chrome/131.0.0.0 Safari/537.36; compatible; OAI-SearchBot/1.3; robots.txt; +https://openai.com/searchbot"
74.7.227.191 - - [13/Mar/2026:22:47:52 +0000] "GET /whsy.php?e=lo&p=%2Fproc%2F28508%2Fnet%2Fdev_snmp6 HTTP/1.1" 200 1583 "https://www.scostrade.com.lab2454.com/whsy.php?p=%2Fproc%2F28508%2Fnet%2Fdev_snmp6" "Mozilla/5.0 AppleWebKit/537.36 (KHTML, like Gecko; compatible; GPTBot/1.3; +https://openai.com/gptbot)"
74.7.227.191 - - [13/Mar/2026:22:47:59 +0000] "GET /whsy.php?e=lo&p=%2Fproc%2F13196%2Fnet%2Fdev_snmp6 HTTP/1.1" 200 1582 "https://www.scostrade.com.lab2454.com/whsy.php?p=%2Fproc%2F13196%2Fnet%2Fdev_snmp6" "Mozilla/5.0 AppleWebKit/537.36 (KHTML, like Gecko; compatible; GPTBot/1.3; +https://openai.com/gptbot)"
74.7.227.181 - - [13/Mar/2026:22:48:01 +0000] "GET /whsy.php?e=class-ur-form-field-phone.php&p=%2Fhome%2Flab2454c%2Fveritserv.net%2Fwp-content%2Fplugins%2Fuser-registration-advanced-fields%2Fincludes%2Fform HTTP/1.1" 200 2259 "https://scostrade.com.lab2454.com/whsy.php?p=%2Fhome%2Flab2454c%2Fveritserv.net%2Fwp-content%2Fplugins%2Fuser-registration-advanced-fields%2Fincludes%2Fform" "Mozilla/5.0 AppleWebKit/537.36 (KHTML, like Gecko; compatible; GPTBot/1.3; +https://openai.com/gptbot)"
74.7.227.191 - - [13/Mar/2026:22:48:08 +0000] "GET /whsy.php?e=lo&p=%2Fproc%2F18646%2Fnet%2Fdev_snmp6 HTTP/1.1" 200 1582 "https://www.scostrade.com.lab2454.com/whsy.php?p=%2Fproc%2F18646%2Fnet%2Fdev_snmp6" "Mozilla/5.0 AppleWebKit/537.36 (KHTML, like Gecko; compatible; GPTBot/1.3; +https://openai.com/gptbot)"
74.7.227.191 - - [13/Mar/2026:22:48:16 +0000] "GET /whsy.php?e=lo&p=%2Fproc%2F11891%2Fnet%2Fdev_snmp6 HTTP/1.1" 200 1584 "https://www.scostrade.com.lab2454.com/whsy.php?e=ip6_vti0&p=%2Fproc%2F11891%2Fnet%2Fdev_snmp6" "Mozilla/5.0 AppleWebKit/537.36 (KHTML, like Gecko; compatible; GPTBot/1.3; +https://openai.com/gptbot)"
74.7.227.181 - - [13/Mar/2026:22:48:18 +0000] "GET /whsy.php?e=class-acf-walker-taxonomy-field.php&p=%2Fhome%2Flab2454c%2Fcarbonbullion.net%2Fwp-content%2Fplugins%2Fadvanced-custom-fields-pro%2Fincludes%2Fwalkers HTTP/1.1" 200 1905 "https://scostrade.com.lab2454.com/whsy.php?p=%2Fhome%2Flab2454c%2Fcarbonbullion.net%2Fwp-content%2Fplugins%2Fadvanced-custom-fields-pro%2Fincludes%2Fwalkers" "Mozilla/5.0 AppleWebKit/537.36 (KHTML, like Gecko; compatible; GPTBot/1.3; +https://openai.com/gptbot)"
74.7.227.191 - - [13/Mar/2026:22:48:24 +0000] "GET /whsy.php?e=lo&p=%2Fproc%2F12977%2Fnet%2Fdev_snmp6 HTTP/1.1" 200 859 "https://www.scostrade.com.lab2454.com/whsy.php?p=%2Fproc%2F12977%2Fnet%2Fdev_snmp6" "Mozilla/5.0 AppleWebKit/537.36 (KHTML, like Gecko; compatible; GPTBot/1.3; +https://openai.com/gptbot)"
74.7.227.181 - - [13/Mar/2026:22:48:26 +0000] "GET /whsy.php?e=class-ur-form-field-timepicker.php&p=%2Fhome%2Flab2454c%2Fveritserv.net%2Fwp-content%2Fplugins%2Fuser-registration-advanced-fields%2Fincludes%2Fform HTTP/1.1" 200 2002 "https://scostrade.com.lab2454.com/whsy.php?p=%2Fhome%2Flab2454c%2Fveritserv.net%2Fwp-content%2Fplugins%2Fuser-registration-advanced-fields%2Fincludes%2Fform" "Mozilla/5.0 AppleWebKit/537.36 (KHTML, like Gecko; compatible; GPTBot/1.3; +https://openai.com/gptbot)"
74.7.227.191 - - [13/Mar/2026:22:48:32 +0000] "GET /whsy.php?e=lo&p=%2Fproc%2F11889%2Fnet%2Fdev_snmp6 HTTP/1.1" 200 1583 "https://www.scostrade.com.lab2454.com/whsy.php?p=%2Fproc%2F11889%2Fnet%2Fdev_snmp6" "Mozilla/5.0 AppleWebKit/537.36 (KHTML, like Gecko; compatible; GPTBot/1.3; +https://openai.com/gptbot)"
74.7.227.191 - - [13/Mar/2026:22:48:39 +0000] "GET /whsy.php?e=lo&p=%2Fproc%2F18767%2Fnet%2Fdev_snmp6 HTTP/1.1" 200 1583 "https://www.scostrade.com.lab2454.com/whsy.php?e=ip6gre0&p=%2Fproc%2F18767%2Fnet%2Fdev_snmp6" "Mozilla/5.0 AppleWebKit/537.36 (KHTML, like Gecko; compatible; GPTBot/1.3; +https://openai.com/gptbot)"
74.7.227.191 - - [13/Mar/2026:22:48:46 +0000] "GET /whsy.php?e=lo&p=%2Fproc%2F27499%2Fnet%2Fdev_snmp6 HTTP/1.1" 200 859 "https://www.scostrade.com.lab2454.com/whsy.php?p=%2Fproc%2F27499%2Fnet%2Fdev_snmp6" "Mozilla/5.0 AppleWebKit/537.36 (KHTML, like Gecko; compatible; GPTBot/1.3; +https://openai.com/gptbot)"
74.7.244.63 - - [13/Mar/2026:22:48:49 +0000] "GET /robots.txt HTTP/1.1" 404 - "-" "Mozilla/5.0 (Macintosh; Intel Mac OS X 10_15_7) AppleWebKit/537.36 (KHTML, like Gecko) Chrome/131.0.0.0 Safari/537.36; compatible; OAI-SearchBot/1.3; robots.txt; +https://openai.com/searchbot"
74.7.227.191 - - [13/Mar/2026:22:48:54 +0000] "GET /whsy.php?e=uid_map&p=%2Fproc%2F32738%2Ftask%2F302 HTTP/1.1" 200 859 "https://www.scostrade.com.lab2454.com/whsy.php?p=%2Fproc%2F32738%2Ftask%2F302" "Mozilla/5.0 AppleWebKit/537.36 (KHTML, like Gecko; compatible; GPTBot/1.3; +https://openai.com/gptbot)"
74.7.227.181 - - [13/Mar/2026:22:48:56 +0000] "GET /whsy.php?p=%2Fhome%2Flab2454c%2Fmail%2Fnetxzero.com%2Finfo%2F.Sent%2Ftmp HTTP/1.1" 200 533 "https://scostrade.com.lab2454.com/whsy.php?p=%2Fhome%2Flab2454c%2Fmail%2Fnetxzero.com%2Finfo%2F.Sent" "Mozilla/5.0 AppleWebKit/537.36 (KHTML, like Gecko; compatible; GPTBot/1.3; +https://openai.com/gptbot)"
74.7.227.191 - - [13/Mar/2026:22:49:01 +0000] "GET /whsy.php?e=lo&p=%2Fproc%2F31060%2Fnet%2Fdev_snmp6 HTTP/1.1" 200 1583 "https://www.scostrade.com.lab2454.com/whsy.php?p=%2Fproc%2F31060%2Fnet%2Fdev_snmp6" "Mozilla/5.0 AppleWebKit/537.36 (KHTML, like Gecko; compatible; GPTBot/1.3; +https://openai.com/gptbot)"
74.7.227.181 - - [13/Mar/2026:22:49:03 +0000] "GET /whsy.php?p=%2Fhome%2Flab2454c%2Fcarbonbullion.net%2Fwp-content%2Fplugins%2Fwoocommerce%2Fvendor%2Fmaxmind-db HTTP/1.1" 200 579 "https://scostrade.com.lab2454.com/whsy.php?p=%2Fhome%2Flab2454c%2Fcarbonbullion.net%2Fwp-content%2Fplugins%2Fwoocommerce%2Fvendor" "Mozilla/5.0 AppleWebKit/537.36 (KHTML, like Gecko; compatible; GPTBot/1.3; +https://openai.com/gptbot)"
74.7.227.191 - - [13/Mar/2026:22:49:09 +0000] "GET /whsy.php?e=oom_adj&p=%2Fproc%2F32738%2Ftask%2F303 HTTP/1.1" 200 859 "https://www.scostrade.com.lab2454.com/whsy.php?p=%2Fproc%2F32738%2Ftask%2F303" "Mozilla/5.0 AppleWebKit/537.36 (KHTML, like Gecko; compatible; GPTBot/1.3; +https://openai.com/gptbot)"
74.7.227.181 - - [13/Mar/2026:22:49:10 +0000] "GET /whsy.php?p=%2Fhome%2Flab2454c%2Fcarbonbullion.net%2Fwp-content%2Fplugins%2Fwoocommerce-ajax-filters%2Ftemplate_styles HTTP/1.1" 200 1063 "https://scostrade.com.lab2454.com/whsy.php?p=%2Fhome%2Flab2454c%2Fcarbonbullion.net%2Fwp-content%2Fplugins%2Fwoocommerce-ajax-filters" "Mozilla/5.0 AppleWebKit/537.36 (KHTML, like Gecko; compatible; GPTBot/1.3; +https://openai.com/gptbot)"
74.7.227.191 - - [13/Mar/2026:22:49:16 +0000] "GET /whsy.php?e=lo&p=%2Fproc%2F18011%2Fnet%2Fdev_snmp6 HTTP/1.1" 200 1584 "https://www.scostrade.com.lab2454.com/whsy.php?p=%2Fproc%2F18011%2Fnet%2Fdev_snmp6" "Mozilla/5.0 AppleWebKit/537.36 (KHTML, like Gecko; compatible; GPTBot/1.3; +https://openai.com/gptbot)"
74.7.227.191 - - [13/Mar/2026:22:49:24 +0000] "GET /whsy.php?e=lo&p=%2Fproc%2F31032%2Fnet%2Fdev_snmp6 HTTP/1.1" 200 1585 "https://www.scostrade.com.lab2454.com/whsy.php?p=%2Fproc%2F31032%2Fnet%2Fdev_snmp6" "Mozilla/5.0 AppleWebKit/537.36 (KHTML, like Gecko; compatible; GPTBot/1.3; +https://openai.com/gptbot)"
74.7.227.191 - - [13/Mar/2026:22:49:31 +0000] "GET /whsy.php?e=lo&p=%2Fproc%2F31031%2Fnet%2Fdev_snmp6 HTTP/1.1" 200 1585 "https://www.scostrade.com.lab2454.com/whsy.php?p=%2Fproc%2F31031%2Fnet%2Fdev_snmp6" "Mozilla/5.0 AppleWebKit/537.36 (KHTML, like Gecko; compatible; GPTBot/1.3; +https://openai.com/gptbot)"
74.7.227.181 - - [13/Mar/2026:22:49:33 +0000] "GET /whsy.php?p=%2Fhome%2Flab2454c%2Fveritserv.net%2Fwp-content%2Fplugins%2Fuser-registration-advanced-fields%2Fincludes%2Fadmin HTTP/1.1" 200 798 "https://scostrade.com.lab2454.com/whsy.php?p=%2Fhome%2Flab2454c%2Fveritserv.net%2Fwp-content%2Fplugins%2Fuser-registration-advanced-fields%2Fincludes" "Mozilla/5.0 AppleWebKit/537.36 (KHTML, like Gecko; compatible; GPTBot/1.3; +https://openai.com/gptbot)"
74.7.227.191 - - [13/Mar/2026:22:49:40 +0000] "GET /whsy.php?e=lo&p=%2Fproc%2F25364%2Fnet%2Fdev_snmp6 HTTP/1.1" 200 859 "https://www.scostrade.com.lab2454.com/whsy.php?p=%2Fproc%2F25364%2Fnet%2Fdev_snmp6" "Mozilla/5.0 AppleWebKit/537.36 (KHTML, like Gecko; compatible; GPTBot/1.3; +https://openai.com/gptbot)"
74.7.227.191 - - [13/Mar/2026:22:49:49 +0000] "GET /whsy.php?p=%2Fhome%2Flab2454c%2Finvest.credityork.com%2Fwp-content%2Fplugins%2Fall-in-one-wp-migration-master%2Flib%2Fview%2Fassets%2Fcss HTTP/1.1" 200 1053 "https://www.scostrade.com.lab2454.com/whsy.php?p=%2Fhome%2Flab2454c%2Finvest.credityork.com%2Fwp-content%2Fplugins%2Fall-in-one-wp-migration-master%2Flib%2Fview%2Fassets" "Mozilla/5.0 AppleWebKit/537.36 (KHTML, like Gecko; compatible; GPTBot/1.3; +https://openai.com/gptbot)"
74.7.227.191 - - [13/Mar/2026:22:49:56 +0000] "GET /whsy.php?p=%2Fhome%2Flab2454c%2Finvest.credityork.com%2Fwp-content%2Fplugins%2Fall-in-one-wp-migration-master%2Flib%2Fview%2Fassets%2Ffont HTTP/1.1" 200 862 "https://www.scostrade.com.lab2454.com/whsy.php?p=%2Fhome%2Flab2454c%2Finvest.credityork.com%2Fwp-content%2Fplugins%2Fall-in-one-wp-migration-master%2Flib%2Fview%2Fassets" "Mozilla/5.0 AppleWebKit/537.36 (KHTML, like Gecko; compatible; GPTBot/1.3; +https://openai.com/gptbot)"
74.7.227.191 - - [13/Mar/2026:22:50:04 +0000] "GET /whsy.php?p=%2Fhome%2Flab2454c%2Finvest.credityork.com%2Fwp-content%2Fplugins%2Fall-in-one-wp-migration-master%2Flib%2Fview%2Fassets%2Fimg HTTP/1.1" 200 919 "https://www.scostrade.com.lab2454.com/whsy.php?p=%2Fhome%2Flab2454c%2Finvest.credityork.com%2Fwp-content%2Fplugins%2Fall-in-one-wp-migration-master%2Flib%2Fview%2Fassets" "Mozilla/5.0 AppleWebKit/537.36 (KHTML, like Gecko; compatible; GPTBot/1.3; +https://openai.com/gptbot)"
74.7.227.181 - - [13/Mar/2026:22:50:05 +0000] "GET /whsy.php?p=%2Fhome%2Flab2454c%2Fveritserv.net%2Fwp-content%2Fplugins%2Fuser-registration-style-customizer%2Fincludes HTTP/1.1" 200 827 "https://scostrade.com.lab2454.com/whsy.php?p=%2Fhome%2Flab2454c%2Fveritserv.net%2Fwp-content%2Fplugins%2Fuser-registration-style-customizer" "Mozilla/5.0 AppleWebKit/537.36 (KHTML, like Gecko; compatible; GPTBot/1.3; +https://openai.com/gptbot)"
74.7.227.191 - - [13/Mar/2026:22:50:11 +0000] "GET /whsy.php?e=edit.png&p=%2Fhome%2Flab2454c%2Fspaxtac.com%2Fwp-content%2Fplugins%2Fwp-file-manager%2Flib%2Fthemes%2Flight%2Fimages%2F16px HTTP/1.1" 200 2989 "https://www.scostrade.com.lab2454.com/whsy.php?p=%2Fhome%2Flab2454c%2Fspaxtac.com%2Fwp-content%2Fplugins%2Fwp-file-manager%2Flib%2Fthemes%2Flight%2Fimages%2F16px" "Mozilla/5.0 AppleWebKit/537.36 (KHTML, like Gecko; compatible; GPTBot/1.3; +https://openai.com/gptbot)"
74.7.227.191 - - [13/Mar/2026:22:50:19 +0000] "GET /whsy.php?e=open.svg&p=%2Fhome%2Flab2454c%2Fspaxtac.com%2Fwp-content%2Fplugins%2Fwp-file-manager%2Flib%2Fthemes%2Flight%2Fimages%2F16px HTTP/1.1" 200 3878 "https://www.scostrade.com.lab2454.com/whsy.php?p=%2Fhome%2Flab2454c%2Fspaxtac.com%2Fwp-content%2Fplugins%2Fwp-file-manager%2Flib%2Fthemes%2Flight%2Fimages%2F16px" "Mozilla/5.0 AppleWebKit/537.36 (KHTML, like Gecko; compatible; GPTBot/1.3; +https://openai.com/gptbot)"
74.7.227.181 - - [13/Mar/2026:22:50:20 +0000] "GET /whsy.php?p=%2Fhome%2Flab2454c%2Fmail%2Fnetxzero.com%2Finfo%2F.Sent%2Ftmp%2F.. HTTP/1.1" 200 768 "https://scostrade.com.lab2454.com/whsy.php?p=%2Fhome%2Flab2454c%2Fmail%2Fnetxzero.com%2Finfo%2F.Sent%2Ftmp" "Mozilla/5.0 AppleWebKit/537.36 (KHTML, like Gecko; compatible; GPTBot/1.3; +https://openai.com/gptbot)"
74.7.227.191 - - [13/Mar/2026:22:50:26 +0000] "GET /whsy.php?e=cut.svg&p=%2Fhome%2Flab2454c%2Fdatmont.com%2Fwp-content%2Fplugins%2Fwp-file-manager%2Flib%2Fthemes%2Flight%2Fimages%2F16px HTTP/1.1" 200 4361 "https://www.scostrade.com.lab2454.com/whsy.php?p=%2Fhome%2Flab2454c%2Fdatmont.com%2Fwp-content%2Fplugins%2Fwp-file-manager%2Flib%2Fthemes%2Flight%2Fimages%2F16px" "Mozilla/5.0 AppleWebKit/537.36 (KHTML, like Gecko; compatible; GPTBot/1.3; +https://openai.com/gptbot)"
74.7.227.181 - - [13/Mar/2026:22:50:28 +0000] "GET /whsy.php?p=%2Fhome%2Flab2454c%2Fcarbonbullion.net%2Fwp-content%2Fplugins%2Fwoocommerce%2Fvendor%2Fmaxmind-db%2F.. HTTP/1.1" 200 876 "https://scostrade.com.lab2454.com/whsy.php?p=%2Fhome%2Flab2454c%2Fcarbonbullion.net%2Fwp-content%2Fplugins%2Fwoocommerce%2Fvendor%2Fmaxmind-db" "Mozilla/5.0 AppleWebKit/537.36 (KHTML, like Gecko; compatible; GPTBot/1.3; +https://openai.com/gptbot)"
74.7.227.191 - - [13/Mar/2026:22:50:34 +0000] "GET /whsy.php?e=file.png&p=%2Fhome%2Flab2454c%2Fspaxtac.com%2Fwp-content%2Fplugins%2Fwp-file-manager%2Flib%2Fthemes%2Flight%2Fimages%2F16px HTTP/1.1" 200 2987 "https://www.scostrade.com.lab2454.com/whsy.php?p=%2Fhome%2Flab2454c%2Fspaxtac.com%2Fwp-content%2Fplugins%2Fwp-file-manager%2Flib%2Fthemes%2Flight%2Fimages%2F16px" "Mozilla/5.0 AppleWebKit/537.36 (KHTML, like Gecko; compatible; GPTBot/1.3; +https://openai.com/gptbot)"
74.7.227.181 - - [13/Mar/2026:22:50:36 +0000] "GET /whsy.php?e=checkbox.php&p=%2Fhome%2Flab2454c%2Fcarbonbullion.net%2Fwp-content%2Fplugins%2Fwoocommerce-ajax-filters%2Ftemplate_styles HTTP/1.1" 200 1649 "https://scostrade.com.lab2454.com/whsy.php?p=%2Fhome%2Flab2454c%2Fcarbonbullion.net%2Fwp-content%2Fplugins%2Fwoocommerce-ajax-filters%2Ftemplate_styles" "Mozilla/5.0 AppleWebKit/537.36 (KHTML, like Gecko; compatible; GPTBot/1.3; +https://openai.com/gptbot)"
74.7.227.191 - - [13/Mar/2026:22:50:42 +0000] "GET /whsy.php?e=pdf.svg&p=%2Fhome%2Flab2454c%2Fspaxtac.com%2Fwp-content%2Fplugins%2Fwp-file-manager%2Flib%2Fthemes%2Flight%2Fimages%2F16px HTTP/1.1" 200 4641 "https://www.scostrade.com.lab2454.com/whsy.php?p=%2Fhome%2Flab2454c%2Fspaxtac.com%2Fwp-content%2Fplugins%2Fwp-file-manager%2Flib%2Fthemes%2Flight%2Fimages%2F16px" "Mozilla/5.0 AppleWebKit/537.36 (KHTML, like Gecko; compatible; GPTBot/1.3; +https://openai.com/gptbot)"
74.7.227.191 - - [13/Mar/2026:22:50:50 +0000] "GET /whsy.php?e=back.png&p=%2Fhome%2Flab2454c%2Fdatmont.com%2Fwp-content%2Fplugins%2Fwp-file-manager%2Flib%2Fthemes%2Flight%2Fimages%2F16px HTTP/1.1" 200 2987 "https://www.scostrade.com.lab2454.com/whsy.php?p=%2Fhome%2Flab2454c%2Fdatmont.com%2Fwp-content%2Fplugins%2Fwp-file-manager%2Flib%2Fthemes%2Flight%2Fimages%2F16px" "Mozilla/5.0 AppleWebKit/537.36 (KHTML, like Gecko; compatible; GPTBot/1.3; +https://openai.com/gptbot)"
74.7.227.191 - - [13/Mar/2026:22:50:59 +0000] "GET /whsy.php?e=copy.svg&p=%2Fhome%2Flab2454c%2Fdatmont.com%2Fwp-content%2Fplugins%2Fwp-file-manager%2Flib%2Fthemes%2Flight%2Fimages%2F16px HTTP/1.1" 200 3923 "https://www.scostrade.com.lab2454.com/whsy.php?p=%2Fhome%2Flab2454c%2Fdatmont.com%2Fwp-content%2Fplugins%2Fwp-file-manager%2Flib%2Fthemes%2Flight%2Fimages%2F16px" "Mozilla/5.0 AppleWebKit/537.36 (KHTML, like Gecko; compatible; GPTBot/1.3; +https://openai.com/gptbot)"
74.7.227.191 - - [13/Mar/2026:22:51:08 +0000] "GET /whsy.php?e=undo.svg&p=%2Fhome%2Flab2454c%2Fdatmont.com%2Fwp-content%2Fplugins%2Fwp-file-manager%2Flib%2Fthemes%2Flight%2Fimages%2F16px HTTP/1.1" 200 3878 "https://www.scostrade.com.lab2454.com/whsy.php?p=%2Fhome%2Flab2454c%2Fdatmont.com%2Fwp-content%2Fplugins%2Fwp-file-manager%2Flib%2Fthemes%2Flight%2Fimages%2F16px" "Mozilla/5.0 AppleWebKit/537.36 (KHTML, like Gecko; compatible; GPTBot/1.3; +https://openai.com/gptbot)"
74.7.227.191 - - [13/Mar/2026:22:51:15 +0000] "GET /whsy.php?e=open.png&p=%2Fhome%2Flab2454c%2Fspaxtac.com%2Fwp-content%2Fplugins%2Fwp-file-manager%2Flib%2Fthemes%2Flight%2Fimages%2F16px HTTP/1.1" 200 2989 "https://www.scostrade.com.lab2454.com/whsy.php?p=%2Fhome%2Flab2454c%2Fspaxtac.com%2Fwp-content%2Fplugins%2Fwp-file-manager%2Flib%2Fthemes%2Flight%2Fimages%2F16px" "Mozilla/5.0 AppleWebKit/537.36 (KHTML, like Gecko; compatible; GPTBot/1.3; +https://openai.com/gptbot)"
74.7.227.191 - - [13/Mar/2026:22:51:24 +0000] "GET /whsy.php?e=file.svg&p=%2Fhome%2Flab2454c%2Fdatmont.com%2Fwp-content%2Fplugins%2Fwp-file-manager%2Flib%2Fthemes%2Flight%2Fimages%2F16px HTTP/1.1" 200 4107 "https://www.scostrade.com.lab2454.com/whsy.php?p=%2Fhome%2Flab2454c%2Fdatmont.com%2Fwp-content%2Fplugins%2Fwp-file-manager%2Flib%2Fthemes%2Flight%2Fimages%2F16px" "Mozilla/5.0 AppleWebKit/537.36 (KHTML, like Gecko; compatible; GPTBot/1.3; +https://openai.com/gptbot)"
74.7.227.191 - - [13/Mar/2026:22:51:32 +0000] "GET /whsy.php?e=copy.svg&p=%2Fhome%2Flab2454c%2Fspaxtac.com%2Fwp-content%2Fplugins%2Fwp-file-manager%2Flib%2Fthemes%2Flight%2Fimages%2F16px HTTP/1.1" 200 3927 "https://www.scostrade.com.lab2454.com/whsy.php?p=%2Fhome%2Flab2454c%2Fspaxtac.com%2Fwp-content%2Fplugins%2Fwp-file-manager%2Flib%2Fthemes%2Flight%2Fimages%2F16px" "Mozilla/5.0 AppleWebKit/537.36 (KHTML, like Gecko; compatible; GPTBot/1.3; +https://openai.com/gptbot)"
74.7.227.181 - - [13/Mar/2026:22:51:33 +0000] "GET /whsy.php?e=class-user-registration-style-customizer.php&p=%2Fhome%2Flab2454c%2Fveritserv.net%2Fwp-content%2Fplugins%2Fuser-registration-style-customizer%2Fincludes HTTP/1.1" 200 3917 "https://scostrade.com.lab2454.com/whsy.php?p=%2Fhome%2Flab2454c%2Fveritserv.net%2Fwp-content%2Fplugins%2Fuser-registration-style-customizer%2Fincludes" "Mozilla/5.0 AppleWebKit/537.36 (KHTML, like Gecko; compatible; GPTBot/1.3; +https://openai.com/gptbot)"
74.7.227.191 - - [13/Mar/2026:22:51:40 +0000] "GET /whsy.php?e=pdf.svg&p=%2Fhome%2Flab2454c%2Fdatmont.com%2Fwp-content%2Fplugins%2Fwp-file-manager%2Flib%2Fthemes%2Flight%2Fimages%2F16px HTTP/1.1" 200 4640 "https://www.scostrade.com.lab2454.com/whsy.php?p=%2Fhome%2Flab2454c%2Fdatmont.com%2Fwp-content%2Fplugins%2Fwp-file-manager%2Flib%2Fthemes%2Flight%2Fimages%2F16px" "Mozilla/5.0 AppleWebKit/537.36 (KHTML, like Gecko; compatible; GPTBot/1.3; +https://openai.com/gptbot)"
74.7.227.191 - - [13/Mar/2026:22:51:48 +0000] "GET /whsy.php?e=redo.svg&p=%2Fhome%2Flab2454c%2Fspaxtac.com%2Fwp-content%2Fplugins%2Fwp-file-manager%2Flib%2Fthemes%2Flight%2Fimages%2F16px HTTP/1.1" 200 3854 "https://www.scostrade.com.lab2454.com/whsy.php?e=edit.png&p=%2Fhome%2Flab2454c%2Fspaxtac.com%2Fwp-content%2Fplugins%2Fwp-file-manager%2Flib%2Fthemes%2Flight%2Fimages%2F16px" "Mozilla/5.0 AppleWebKit/537.36 (KHTML, like Gecko; compatible; GPTBot/1.3; +https://openai.com/gptbot)"
74.7.227.181 - - [13/Mar/2026:22:51:48 +0000] "GET /whsy.php?e=buttons.php&p=%2Fhome%2Flab2454c%2Fcarbonbullion.net%2Fwp-content%2Fplugins%2Fwoocommerce-ajax-filters%2Ftemplate_styles HTTP/1.1" 200 1657 "https://scostrade.com.lab2454.com/whsy.php?p=%2Fhome%2Flab2454c%2Fcarbonbullion.net%2Fwp-content%2Fplugins%2Fwoocommerce-ajax-filters%2Ftemplate_styles" "Mozilla/5.0 AppleWebKit/537.36 (KHTML, like Gecko; compatible; GPTBot/1.3; +https://openai.com/gptbot)"
74.7.227.191 - - [13/Mar/2026:22:51:55 +0000] "GET /whsy.php?e=cut.svg&p=%2Fhome%2Flab2454c%2Fspaxtac.com%2Fwp-content%2Fplugins%2Fwp-file-manager%2Flib%2Fthemes%2Flight%2Fimages%2F16px HTTP/1.1" 200 4363 "https://www.scostrade.com.lab2454.com/whsy.php?e=edit.png&p=%2Fhome%2Flab2454c%2Fspaxtac.com%2Fwp-content%2Fplugins%2Fwp-file-manager%2Flib%2Fthemes%2Flight%2Fimages%2F16px" "Mozilla/5.0 AppleWebKit/537.36 (KHTML, like Gecko; compatible; GPTBot/1.3; +https://openai.com/gptbot)"
74.7.227.191 - - [13/Mar/2026:22:52:03 +0000] "GET /whsy.php?e=copy.png&p=%2Fhome%2Flab2454c%2Fspaxtac.com%2Fwp-content%2Fplugins%2Fwp-file-manager%2Flib%2Fthemes%2Flight%2Fimages%2F16px HTTP/1.1" 200 2989 "https://www.scostrade.com.lab2454.com/whsy.php?e=edit.png&p=%2Fhome%2Flab2454c%2Fspaxtac.com%2Fwp-content%2Fplugins%2Fwp-file-manager%2Flib%2Fthemes%2Flight%2Fimages%2F16px" "Mozilla/5.0 AppleWebKit/537.36 (KHTML, like Gecko; compatible; GPTBot/1.3; +https://openai.com/gptbot)"
74.7.227.181 - - [13/Mar/2026:22:52:04 +0000] "GET /whsy.php?e=radio-check.php&p=%2Fhome%2Flab2454c%2Fcarbonbullion.net%2Fwp-content%2Fplugins%2Fwoocommerce-ajax-filters%2Ftemplate_styles HTTP/1.1" 200 1504 "https://scostrade.com.lab2454.com/whsy.php?p=%2Fhome%2Flab2454c%2Fcarbonbullion.net%2Fwp-content%2Fplugins%2Fwoocommerce-ajax-filters%2Ftemplate_styles" "Mozilla/5.0 AppleWebKit/537.36 (KHTML, like Gecko; compatible; GPTBot/1.3; +https://openai.com/gptbot)"
74.7.227.191 - - [13/Mar/2026:22:52:10 +0000] "GET /whsy.php?e=cut.png&p=%2Fhome%2Flab2454c%2Fdatmont.com%2Fwp-content%2Fplugins%2Fwp-file-manager%2Flib%2Fthemes%2Flight%2Fimages%2F16px HTTP/1.1" 200 2985 "https://www.scostrade.com.lab2454.com/whsy.php?p=%2Fhome%2Flab2454c%2Fdatmont.com%2Fwp-content%2Fplugins%2Fwp-file-manager%2Flib%2Fthemes%2Flight%2Fimages%2F16px" "Mozilla/5.0 AppleWebKit/537.36 (KHTML, like Gecko; compatible; GPTBot/1.3; +https://openai.com/gptbot)"
74.7.227.191 - - [13/Mar/2026:22:52:18 +0000] "GET /whsy.php?e=edit.svg&p=%2Fhome%2Flab2454c%2Fspaxtac.com%2Fwp-content%2Fplugins%2Fwp-file-manager%2Flib%2Fthemes%2Flight%2Fimages%2F16px HTTP/1.1" 200 3867 "https://www.scostrade.com.lab2454.com/whsy.php?e=edit.png&p=%2Fhome%2Flab2454c%2Fspaxtac.com%2Fwp-content%2Fplugins%2Fwp-file-manager%2Flib%2Fthemes%2Flight%2Fimages%2F16px" "Mozilla/5.0 AppleWebKit/537.36 (KHTML, like Gecko; compatible; GPTBot/1.3; +https://openai.com/gptbot)"
74.7.227.181 - - [13/Mar/2026:22:52:19 +0000] "GET /whsy.php?p=%2Fhome%2Flab2454c%2Fcarbonbullion.net%2Fwp-content%2Fplugins%2Fwoocommerce%2Fvendor%2Fmaxmind-db%2Freader HTTP/1.1" 200 852 "https://scostrade.com.lab2454.com/whsy.php?p=%2Fhome%2Flab2454c%2Fcarbonbullion.net%2Fwp-content%2Fplugins%2Fwoocommerce%2Fvendor%2Fmaxmind-db" "Mozilla/5.0 AppleWebKit/537.36 (KHTML, like Gecko; compatible; GPTBot/1.3; +https://openai.com/gptbot)"
74.7.227.191 - - [13/Mar/2026:22:52:26 +0000] "GET /whsy.php?e=edit.png&p=%2Fhome%2Flab2454c%2Fdatmont.com%2Fwp-content%2Fplugins%2Fwp-file-manager%2Flib%2Fthemes%2Flight%2Fimages%2F16px HTTP/1.1" 200 2988 "https://www.scostrade.com.lab2454.com/whsy.php?e=cut.svg&p=%2Fhome%2Flab2454c%2Fdatmont.com%2Fwp-content%2Fplugins%2Fwp-file-manager%2Flib%2Fthemes%2Flight%2Fimages%2F16px" "Mozilla/5.0 AppleWebKit/537.36 (KHTML, like Gecko; compatible; GPTBot/1.3; +https://openai.com/gptbot)"
74.7.227.191 - - [13/Mar/2026:22:52:34 +0000] "GET /whsy.php?e=undo.png&p=%2Fhome%2Flab2454c%2Fdatmont.com%2Fwp-content%2Fplugins%2Fwp-file-manager%2Flib%2Fthemes%2Flight%2Fimages%2F16px HTTP/1.1" 200 2988 "https://www.scostrade.com.lab2454.com/whsy.php?e=cut.svg&p=%2Fhome%2Flab2454c%2Fdatmont.com%2Fwp-content%2Fplugins%2Fwp-file-manager%2Flib%2Fthemes%2Flight%2Fimages%2F16px" "Mozilla/5.0 AppleWebKit/537.36 (KHTML, like Gecko; compatible; GPTBot/1.3; +https://openai.com/gptbot)"
74.7.227.191 - - [13/Mar/2026:22:52:42 +0000] "GET /whsy.php?e=copy.png&p=%2Fhome%2Flab2454c%2Fdatmont.com%2Fwp-content%2Fplugins%2Fwp-file-manager%2Flib%2Fthemes%2Flight%2Fimages%2F16px HTTP/1.1" 200 2988 "https://www.scostrade.com.lab2454.com/whsy.php?e=cut.svg&p=%2Fhome%2Flab2454c%2Fdatmont.com%2Fwp-content%2Fplugins%2Fwp-file-manager%2Flib%2Fthemes%2Flight%2Fimages%2F16px" "Mozilla/5.0 AppleWebKit/537.36 (KHTML, like Gecko; compatible; GPTBot/1.3; +https://openai.com/gptbot)"
74.7.227.181 - - [13/Mar/2026:22:52:43 +0000] "GET /whsy.php?e=square-check.php&p=%2Fhome%2Flab2454c%2Fcarbonbullion.net%2Fwp-content%2Fplugins%2Fwoocommerce-ajax-filters%2Ftemplate_styles HTTP/1.1" 200 1527 "https://scostrade.com.lab2454.com/whsy.php?p=%2Fhome%2Flab2454c%2Fcarbonbullion.net%2Fwp-content%2Fplugins%2Fwoocommerce-ajax-filters%2Ftemplate_styles" "Mozilla/5.0 AppleWebKit/537.36 (KHTML, like Gecko; compatible; GPTBot/1.3; +https://openai.com/gptbot)"
74.7.227.191 - - [13/Mar/2026:22:52:50 +0000] "GET /whsy.php?e=open.svg&p=%2Fhome%2Flab2454c%2Fdatmont.com%2Fwp-content%2Fplugins%2Fwp-file-manager%2Flib%2Fthemes%2Flight%2Fimages%2F16px HTTP/1.1" 200 3876 "https://www.scostrade.com.lab2454.com/whsy.php?e=cut.svg&p=%2Fhome%2Flab2454c%2Fdatmont.com%2Fwp-content%2Fplugins%2Fwp-file-manager%2Flib%2Fthemes%2Flight%2Fimages%2F16px" "Mozilla/5.0 AppleWebKit/537.36 (KHTML, like Gecko; compatible; GPTBot/1.3; +https://openai.com/gptbot)"
74.7.175.136 - - [13/Mar/2026:22:52:52 +0000] "GET /robots.txt HTTP/1.1" 404 - "-" "Mozilla/5.0 (Macintosh; Intel Mac OS X 10_15_7) AppleWebKit/537.36 (KHTML, like Gecko) Chrome/131.0.0.0 Safari/537.36; compatible; OAI-SearchBot/1.3; robots.txt; +https://openai.com/searchbot"
74.7.227.191 - - [13/Mar/2026:22:52:59 +0000] "GET /whsy.php?e=redo.svg&p=%2Fhome%2Flab2454c%2Fdatmont.com%2Fwp-content%2Fplugins%2Fwp-file-manager%2Flib%2Fthemes%2Flight%2Fimages%2F16px HTTP/1.1" 200 3852 "https://www.scostrade.com.lab2454.com/whsy.php?e=cut.svg&p=%2Fhome%2Flab2454c%2Fdatmont.com%2Fwp-content%2Fplugins%2Fwp-file-manager%2Flib%2Fthemes%2Flight%2Fimages%2F16px" "Mozilla/5.0 AppleWebKit/537.36 (KHTML, like Gecko; compatible; GPTBot/1.3; +https://openai.com/gptbot)"
74.7.227.181 - - [13/Mar/2026:22:53:00 +0000] "GET /whsy.php?e=color.php&p=%2Fhome%2Flab2454c%2Fcarbonbullion.net%2Fwp-content%2Fplugins%2Fwoocommerce-ajax-filters%2Ftemplate_styles HTTP/1.1" 200 2252 "https://scostrade.com.lab2454.com/whsy.php?p=%2Fhome%2Flab2454c%2Fcarbonbullion.net%2Fwp-content%2Fplugins%2Fwoocommerce-ajax-filters%2Ftemplate_styles" "Mozilla/5.0 AppleWebKit/537.36 (KHTML, like Gecko; compatible; GPTBot/1.3; +https://openai.com/gptbot)"
74.7.227.191 - - [13/Mar/2026:22:53:07 +0000] "GET /whsy.php?e=undo.svg&p=%2Fhome%2Flab2454c%2Fdatmont.com%2Fwp-content%2Fplugins%2Fwp-file-manager%2Flib%2Fthemes%2Flight%2Fimages%2F16px HTTP/1.1" 200 3878 "https://www.scostrade.com.lab2454.com/whsy.php?e=cut.svg&p=%2Fhome%2Flab2454c%2Fdatmont.com%2Fwp-content%2Fplugins%2Fwp-file-manager%2Flib%2Fthemes%2Flight%2Fimages%2F16px" "Mozilla/5.0 AppleWebKit/537.36 (KHTML, like Gecko; compatible; GPTBot/1.3; +https://openai.com/gptbot)"
74.7.227.181 - - [13/Mar/2026:22:53:08 +0000] "GET /whsy.php?e=slider.php&p=%2Fhome%2Flab2454c%2Fcarbonbullion.net%2Fwp-content%2Fplugins%2Fwoocommerce-ajax-filters%2Ftemplate_styles HTTP/1.1" 200 1685 "https://scostrade.com.lab2454.com/whsy.php?p=%2Fhome%2Flab2454c%2Fcarbonbullion.net%2Fwp-content%2Fplugins%2Fwoocommerce-ajax-filters%2Ftemplate_styles" "Mozilla/5.0 AppleWebKit/537.36 (KHTML, like Gecko; compatible; GPTBot/1.3; +https://openai.com/gptbot)"
74.7.227.191 - - [13/Mar/2026:22:53:16 +0000] "GET /whsy.php?e=file.png&p=%2Fhome%2Flab2454c%2Fdatmont.com%2Fwp-content%2Fplugins%2Fwp-file-manager%2Flib%2Fthemes%2Flight%2Fimages%2F16px HTTP/1.1" 200 2987 "https://www.scostrade.com.lab2454.com/whsy.php?e=cut.svg&p=%2Fhome%2Flab2454c%2Fdatmont.com%2Fwp-content%2Fplugins%2Fwp-file-manager%2Flib%2Fthemes%2Flight%2Fimages%2F16px" "Mozilla/5.0 AppleWebKit/537.36 (KHTML, like Gecko; compatible; GPTBot/1.3; +https://openai.com/gptbot)"
74.7.227.191 - - [13/Mar/2026:22:53:24 +0000] "GET /whsy.php?e=redo.png&p=%2Fhome%2Flab2454c%2Fspaxtac.com%2Fwp-content%2Fplugins%2Fwp-file-manager%2Flib%2Fthemes%2Flight%2Fimages%2F16px HTTP/1.1" 200 2989 "https://www.scostrade.com.lab2454.com/whsy.php?e=edit.png&p=%2Fhome%2Flab2454c%2Fspaxtac.com%2Fwp-content%2Fplugins%2Fwp-file-manager%2Flib%2Fthemes%2Flight%2Fimages%2F16px" "Mozilla/5.0 AppleWebKit/537.36 (KHTML, like Gecko; compatible; GPTBot/1.3; +https://openai.com/gptbot)"
74.7.227.191 - - [13/Mar/2026:22:53:32 +0000] "GET /whsy.php?e=cut.png&p=%2Fhome%2Flab2454c%2Fdatmont.com%2Fwp-content%2Fplugins%2Fwp-file-manager%2Flib%2Fthemes%2Flight%2Fimages%2F16px HTTP/1.1" 200 2985 "https://www.scostrade.com.lab2454.com/whsy.php?e=cut.svg&p=%2Fhome%2Flab2454c%2Fdatmont.com%2Fwp-content%2Fplugins%2Fwp-file-manager%2Flib%2Fthemes%2Flight%2Fimages%2F16px" "Mozilla/5.0 AppleWebKit/537.36 (KHTML, like Gecko; compatible; GPTBot/1.3; +https://openai.com/gptbot)"
74.7.227.191 - - [13/Mar/2026:22:53:40 +0000] "GET /whsy.php?e=pdf.svg&p=%2Fhome%2Flab2454c%2Fdatmont.com%2Fwp-content%2Fplugins%2Fwp-file-manager%2Flib%2Fthemes%2Flight%2Fimages%2F48px HTTP/1.1" 200 2602 "https://www.scostrade.com.lab2454.com/whsy.php?p=%2Fhome%2Flab2454c%2Fdatmont.com%2Fwp-content%2Fplugins%2Fwp-file-manager%2Flib%2Fthemes%2Flight%2Fimages%2F48px" "Mozilla/5.0 AppleWebKit/537.36 (KHTML, like Gecko; compatible; GPTBot/1.3; +https://openai.com/gptbot)"
74.7.227.181 - - [13/Mar/2026:22:53:40 +0000] "GET /whsy.php?e=radio.php&p=%2Fhome%2Flab2454c%2Fcarbonbullion.net%2Fwp-content%2Fplugins%2Fwoocommerce-ajax-filters%2Ftemplate_styles HTTP/1.1" 200 1533 "https://scostrade.com.lab2454.com/whsy.php?p=%2Fhome%2Flab2454c%2Fcarbonbullion.net%2Fwp-content%2Fplugins%2Fwoocommerce-ajax-filters%2Ftemplate_styles" "Mozilla/5.0 AppleWebKit/537.36 (KHTML, like Gecko; compatible; GPTBot/1.3; +https://openai.com/gptbot)"
74.7.227.191 - - [13/Mar/2026:22:53:47 +0000] "GET /whsy.php?e=redo.png&p=%2Fhome%2Flab2454c%2Fdatmont.com%2Fwp-content%2Fplugins%2Fwp-file-manager%2Flib%2Fthemes%2Flight%2Fimages%2F16px HTTP/1.1" 200 2988 "https://www.scostrade.com.lab2454.com/whsy.php?e=cut.svg&p=%2Fhome%2Flab2454c%2Fdatmont.com%2Fwp-content%2Fplugins%2Fwp-file-manager%2Flib%2Fthemes%2Flight%2Fimages%2F16px" "Mozilla/5.0 AppleWebKit/537.36 (KHTML, like Gecko; compatible; GPTBot/1.3; +https://openai.com/gptbot)"
74.7.227.181 - - [13/Mar/2026:22:53:48 +0000] "GET /whsy.php?e=LICENSE&p=%2Fhome%2Flab2454c%2Fcarbonbullion.net%2Fwp-content%2Fplugins%2Fwoocommerce%2Fvendor%2Fmaxmind-db%2Freader HTTP/1.1" 200 4901 "https://scostrade.com.lab2454.com/whsy.php?p=%2Fhome%2Flab2454c%2Fcarbonbullion.net%2Fwp-content%2Fplugins%2Fwoocommerce%2Fvendor%2Fmaxmind-db%2Freader" "Mozilla/5.0 AppleWebKit/537.36 (KHTML, like Gecko; compatible; GPTBot/1.3; +https://openai.com/gptbot)"
74.7.227.191 - - [13/Mar/2026:22:53:55 +0000] "GET /whsy.php?e=back.svg&p=%2Fhome%2Flab2454c%2Fspaxtac.com%2Fwp-content%2Fplugins%2Fwp-file-manager%2Flib%2Fthemes%2Flight%2Fimages%2F16px HTTP/1.1" 200 3748 "https://www.scostrade.com.lab2454.com/whsy.php?e=edit.png&p=%2Fhome%2Flab2454c%2Fspaxtac.com%2Fwp-content%2Fplugins%2Fwp-file-manager%2Flib%2Fthemes%2Flight%2Fimages%2F16px" "Mozilla/5.0 AppleWebKit/537.36 (KHTML, like Gecko; compatible; GPTBot/1.3; +https://openai.com/gptbot)"
74.7.244.63 - - [13/Mar/2026:22:53:56 +0000] "GET /robots.txt HTTP/1.1" 404 - "-" "Mozilla/5.0 (Macintosh; Intel Mac OS X 10_15_7) AppleWebKit/537.36 (KHTML, like Gecko) Chrome/131.0.0.0 Safari/537.36; compatible; OAI-SearchBot/1.3; robots.txt; +https://openai.com/searchbot"
74.7.227.191 - - [13/Mar/2026:22:54:02 +0000] "GET /whsy.php?e=file.svg&p=%2Fhome%2Flab2454c%2Fspaxtac.com%2Fwp-content%2Fplugins%2Fwp-file-manager%2Flib%2Fthemes%2Flight%2Fimages%2F16px HTTP/1.1" 200 4109 "https://www.scostrade.com.lab2454.com/whsy.php?e=edit.png&p=%2Fhome%2Flab2454c%2Fspaxtac.com%2Fwp-content%2Fplugins%2Fwp-file-manager%2Flib%2Fthemes%2Flight%2Fimages%2F16px" "Mozilla/5.0 AppleWebKit/537.36 (KHTML, like Gecko; compatible; GPTBot/1.3; +https://openai.com/gptbot)"
74.7.227.181 - - [13/Mar/2026:22:54:03 +0000] "GET /whsy.php?e=square.php&p=%2Fhome%2Flab2454c%2Fcarbonbullion.net%2Fwp-content%2Fplugins%2Fwoocommerce-ajax-filters%2Ftemplate_styles HTTP/1.1" 200 1517 "https://scostrade.com.lab2454.com/whsy.php?p=%2Fhome%2Flab2454c%2Fcarbonbullion.net%2Fwp-content%2Fplugins%2Fwoocommerce-ajax-filters%2Ftemplate_styles" "Mozilla/5.0 AppleWebKit/537.36 (KHTML, like Gecko; compatible; GPTBot/1.3; +https://openai.com/gptbot)"
74.7.227.191 - - [13/Mar/2026:22:54:10 +0000] "GET /whsy.php?e=back.png&p=%2Fhome%2Flab2454c%2Fspaxtac.com%2Fwp-content%2Fplugins%2Fwp-file-manager%2Flib%2Fthemes%2Flight%2Fimages%2F16px HTTP/1.1" 200 2988 "https://www.scostrade.com.lab2454.com/whsy.php?e=edit.png&p=%2Fhome%2Flab2454c%2Fspaxtac.com%2Fwp-content%2Fplugins%2Fwp-file-manager%2Flib%2Fthemes%2Flight%2Fimages%2F16px" "Mozilla/5.0 AppleWebKit/537.36 (KHTML, like Gecko; compatible; GPTBot/1.3; +https://openai.com/gptbot)"
74.7.227.181 - - [13/Mar/2026:22:54:10 +0000] "GET /whsy.php?e=select.php&p=%2Fhome%2Flab2454c%2Fcarbonbullion.net%2Fwp-content%2Fplugins%2Fwoocommerce-ajax-filters%2Ftemplate_styles HTTP/1.1" 200 1896 "https://scostrade.com.lab2454.com/whsy.php?p=%2Fhome%2Flab2454c%2Fcarbonbullion.net%2Fwp-content%2Fplugins%2Fwoocommerce-ajax-filters%2Ftemplate_styles" "Mozilla/5.0 AppleWebKit/537.36 (KHTML, like Gecko; compatible; GPTBot/1.3; +https://openai.com/gptbot)"
74.7.227.191 - - [13/Mar/2026:22:54:18 +0000] "GET /whsy.php?e=undo.svg&p=%2Fhome%2Flab2454c%2Fspaxtac.com%2Fwp-content%2Fplugins%2Fwp-file-manager%2Flib%2Fthemes%2Flight%2Fimages%2F16px HTTP/1.1" 200 3878 "https://www.scostrade.com.lab2454.com/whsy.php?e=edit.png&p=%2Fhome%2Flab2454c%2Fspaxtac.com%2Fwp-content%2Fplugins%2Fwp-file-manager%2Flib%2Fthemes%2Flight%2Fimages%2F16px" "Mozilla/5.0 AppleWebKit/537.36 (KHTML, like Gecko; compatible; GPTBot/1.3; +https://openai.com/gptbot)"
74.7.227.191 - - [13/Mar/2026:22:54:26 +0000] "GET /whsy.php?e=cut.png&p=%2Fhome%2Flab2454c%2Fspaxtac.com%2Fwp-content%2Fplugins%2Fwp-file-manager%2Flib%2Fthemes%2Flight%2Fimages%2F16px HTTP/1.1" 200 2986 "https://www.scostrade.com.lab2454.com/whsy.php?e=edit.png&p=%2Fhome%2Flab2454c%2Fspaxtac.com%2Fwp-content%2Fplugins%2Fwp-file-manager%2Flib%2Fthemes%2Flight%2Fimages%2F16px" "Mozilla/5.0 AppleWebKit/537.36 (KHTML, like Gecko; compatible; GPTBot/1.3; +https://openai.com/gptbot)"
74.7.227.191 - - [13/Mar/2026:22:54:33 +0000] "GET /whsy.php?e=open.png&p=%2Fhome%2Flab2454c%2Fdatmont.com%2Fwp-content%2Fplugins%2Fwp-file-manager%2Flib%2Fthemes%2Flight%2Fimages%2F16px HTTP/1.1" 200 2988 "https://www.scostrade.com.lab2454.com/whsy.php?e=cut.svg&p=%2Fhome%2Flab2454c%2Fdatmont.com%2Fwp-content%2Fplugins%2Fwp-file-manager%2Flib%2Fthemes%2Flight%2Fimages%2F16px" "Mozilla/5.0 AppleWebKit/537.36 (KHTML, like Gecko; compatible; GPTBot/1.3; +https://openai.com/gptbot)"
74.7.227.181 - - [13/Mar/2026:22:54:34 +0000] "GET /whsy.php?e=new-slider.php&p=%2Fhome%2Flab2454c%2Fcarbonbullion.net%2Fwp-content%2Fplugins%2Fwoocommerce-ajax-filters%2Ftemplate_styles HTTP/1.1" 200 1853 "https://scostrade.com.lab2454.com/whsy.php?p=%2Fhome%2Flab2454c%2Fcarbonbullion.net%2Fwp-content%2Fplugins%2Fwoocommerce-ajax-filters%2Ftemplate_styles" "Mozilla/5.0 AppleWebKit/537.36 (KHTML, like Gecko; compatible; GPTBot/1.3; +https://openai.com/gptbot)"
74.7.227.191 - - [13/Mar/2026:22:54:42 +0000] "GET /whsy.php?e=undo.png&p=%2Fhome%2Flab2454c%2Fspaxtac.com%2Fwp-content%2Fplugins%2Fwp-file-manager%2Flib%2Fthemes%2Flight%2Fimages%2F16px HTTP/1.1" 200 2990 "https://www.scostrade.com.lab2454.com/whsy.php?e=edit.png&p=%2Fhome%2Flab2454c%2Fspaxtac.com%2Fwp-content%2Fplugins%2Fwp-file-manager%2Flib%2Fthemes%2Flight%2Fimages%2F16px" "Mozilla/5.0 AppleWebKit/537.36 (KHTML, like Gecko; compatible; GPTBot/1.3; +https://openai.com/gptbot)"
74.7.227.191 - - [13/Mar/2026:22:54:49 +0000] "GET /whsy.php?e=edit.svg&p=%2Fhome%2Flab2454c%2Fdatmont.com%2Fwp-content%2Fplugins%2Fwp-file-manager%2Flib%2Fthemes%2Flight%2Fimages%2F16px HTTP/1.1" 200 3866 "https://www.scostrade.com.lab2454.com/whsy.php?e=cut.svg&p=%2Fhome%2Flab2454c%2Fdatmont.com%2Fwp-content%2Fplugins%2Fwp-file-manager%2Flib%2Fthemes%2Flight%2Fimages%2F16px" "Mozilla/5.0 AppleWebKit/537.36 (KHTML, like Gecko; compatible; GPTBot/1.3; +https://openai.com/gptbot)"
74.7.227.181 - - [13/Mar/2026:22:54:49 +0000] "GET /whsy.php?p=%2Fhome%2Flab2454c%2Fcarbonbullion.net%2Fwp-content%2Fplugins%2Fwoocommerce-ajax-filters%2Ftemplate_styles%2Fjs HTTP/1.1" 200 795 "https://scostrade.com.lab2454.com/whsy.php?p=%2Fhome%2Flab2454c%2Fcarbonbullion.net%2Fwp-content%2Fplugins%2Fwoocommerce-ajax-filters%2Ftemplate_styles" "Mozilla/5.0 AppleWebKit/537.36 (KHTML, like Gecko; compatible; GPTBot/1.3; +https://openai.com/gptbot)"
74.7.227.191 - - [13/Mar/2026:22:54:57 +0000] "GET /whsy.php?e=class-wc-cart-session.php&p=%2Fhome%2Flab2454c%2Fisaaclondston.com%2Fwp-content%2Fplugins%2Fwoocommerce%2Fincludes HTTP/1.1" 200 8756 "https://www.scostrade.com.lab2454.com/whsy.php?e=class-wc-tracker.php&p=%2Fhome%2Flab2454c%2Fisaaclondston.com%2Fwp-content%2Fplugins%2Fwoocommerce%2Fincludes" "Mozilla/5.0 AppleWebKit/537.36 (KHTML, like Gecko; compatible; GPTBot/1.3; +https://openai.com/gptbot)"
74.7.227.191 - - [13/Mar/2026:22:55:05 +0000] "GET /whsy.php?e=_wildcard__argowell_com_bc2cd_586ab_1775174232_8ac3f3186709d0f4acf7404f245b492a.crt.cache&p=%2Fhome%2Flab2454c%2Fssl%2Fcerts HTTP/1.1" 200 9487 "https://www.scostrade.com.lab2454.com/whsy.php?e=_wildcard__embaar_com_b243b_ba41f_1774310231_d62151cfdf74f4e2a4c506c09d77b6dd.crt.cache&p=%2Fhome%2Flab2454c%2Fssl%2Fcerts" "Mozilla/5.0 AppleWebKit/537.36 (KHTML, like Gecko; compatible; GPTBot/1.3; +https://openai.com/gptbot)"
74.7.227.181 - - [13/Mar/2026:22:55:05 +0000] "GET /whsy.php?p=%2Fhome%2Flab2454c%2Fveritserv.net%2Fwp-content%2Fplugins%2Fuser-registration-style-customizer%2Fincludes%2F.. HTTP/1.1" 200 1093 "https://scostrade.com.lab2454.com/whsy.php?p=%2Fhome%2Flab2454c%2Fveritserv.net%2Fwp-content%2Fplugins%2Fuser-registration-style-customizer%2Fincludes" "Mozilla/5.0 AppleWebKit/537.36 (KHTML, like Gecko; compatible; GPTBot/1.3; +https://openai.com/gptbot)"
74.7.227.191 - - [13/Mar/2026:22:55:12 +0000] "GET /whsy.php?e=children&p=%2Fproc%2F21111%2Ftask%2F21096 HTTP/1.1" 200 859 "https://www.scostrade.com.lab2454.com/whsy.php?p=%2Fproc%2F21111%2Ftask%2F21096" "Mozilla/5.0 AppleWebKit/537.36 (KHTML, like Gecko; compatible; GPTBot/1.3; +https://openai.com/gptbot)"
74.7.227.181 - - [13/Mar/2026:22:55:13 +0000] "GET /whsy.php?p=%2Fhome%2Flab2454c%2Fcarbonbullion.net%2Fwp-content%2Fplugins%2Fwoocommerce-ajax-filters%2Ftemplate_styles%2Fcss HTTP/1.1" 200 792 "https://scostrade.com.lab2454.com/whsy.php?p=%2Fhome%2Flab2454c%2Fcarbonbullion.net%2Fwp-content%2Fplugins%2Fwoocommerce-ajax-filters%2Ftemplate_styles" "Mozilla/5.0 AppleWebKit/537.36 (KHTML, like Gecko; compatible; GPTBot/1.3; +https://openai.com/gptbot)"
74.7.227.191 - - [13/Mar/2026:22:55:20 +0000] "GET /whsy.php?e=children&p=%2Fproc%2F21111%2Ftask%2F21086 HTTP/1.1" 200 859 "https://www.scostrade.com.lab2454.com/whsy.php?p=%2Fproc%2F21111%2Ftask%2F21086" "Mozilla/5.0 AppleWebKit/537.36 (KHTML, like Gecko; compatible; GPTBot/1.3; +https://openai.com/gptbot)"
74.7.227.191 - - [13/Mar/2026:22:55:27 +0000] "GET /whsy.php?e=children&p=%2Fproc%2F21111%2Ftask%2F21083 HTTP/1.1" 200 859 "https://www.scostrade.com.lab2454.com/whsy.php?p=%2Fproc%2F21111%2Ftask%2F21083" "Mozilla/5.0 AppleWebKit/537.36 (KHTML, like Gecko; compatible; GPTBot/1.3; +https://openai.com/gptbot)"
74.7.227.181 - - [13/Mar/2026:22:55:28 +0000] "GET /whsy.php?p=%2Fhome%2Flab2454c%2Fcarbonbullion.net%2Fwp-content%2Fplugins%2Fadvanced-custom-fields-pro%2Fincludes%2Flocations HTTP/1.1" 200 1418 "https://scostrade.com.lab2454.com/whsy.php?p=%2Fhome%2Flab2454c%2Fcarbonbullion.net%2Fwp-content%2Fplugins%2Fadvanced-custom-fields-pro%2Fincludes" "Mozilla/5.0 AppleWebKit/537.36 (KHTML, like Gecko; compatible; GPTBot/1.3; +https://openai.com/gptbot)"
74.7.227.191 - - [13/Mar/2026:22:55:35 +0000] "GET /whsy.php?e=children&p=%2Fproc%2F21111%2Ftask%2F21094 HTTP/1.1" 200 859 "https://www.scostrade.com.lab2454.com/whsy.php?p=%2Fproc%2F21111%2Ftask%2F21094" "Mozilla/5.0 AppleWebKit/537.36 (KHTML, like Gecko; compatible; GPTBot/1.3; +https://openai.com/gptbot)"
74.7.227.181 - - [13/Mar/2026:22:55:35 +0000] "GET /whsy.php?p=%2Fhome%2Flab2454c%2Fveritserv.net%2Fwp-content%2Fplugins%2Fuser-registration-style-customizer%2Fincludes%2Fviews HTTP/1.1" 200 774 "https://scostrade.com.lab2454.com/whsy.php?p=%2Fhome%2Flab2454c%2Fveritserv.net%2Fwp-content%2Fplugins%2Fuser-registration-style-customizer%2Fincludes" "Mozilla/5.0 AppleWebKit/537.36 (KHTML, like Gecko; compatible; GPTBot/1.3; +https://openai.com/gptbot)"
74.7.227.191 - - [13/Mar/2026:22:55:43 +0000] "GET /whsy.php?e=loginuid&p=%2Fproc%2F21111%2Ftask%2F21106 HTTP/1.1" 200 859 "https://www.scostrade.com.lab2454.com/whsy.php?p=%2Fproc%2F21111%2Ftask%2F21106" "Mozilla/5.0 AppleWebKit/537.36 (KHTML, like Gecko; compatible; GPTBot/1.3; +https://openai.com/gptbot)"
74.7.227.191 - - [13/Mar/2026:22:55:51 +0000] "GET /whsy.php?e=children&p=%2Fproc%2F21111%2Ftask%2F21078 HTTP/1.1" 200 859 "https://www.scostrade.com.lab2454.com/whsy.php?p=%2Fproc%2F21111%2Ftask%2F21078" "Mozilla/5.0 AppleWebKit/537.36 (KHTML, like Gecko; compatible; GPTBot/1.3; +https://openai.com/gptbot)"
74.7.227.181 - - [13/Mar/2026:22:55:51 +0000] "GET /whsy.php?p=%2Fhome%2Flab2454c%2Fcostbloc.net%2Fwp%2Fwp-content%2Fplugins HTTP/1.1" 200 776 "https://scostrade.com.lab2454.com/whsy.php?p=%2Fhome%2Flab2454c%2Fcostbloc.net%2Fwp%2Fwp-content" "Mozilla/5.0 AppleWebKit/537.36 (KHTML, like Gecko; compatible; GPTBot/1.3; +https://openai.com/gptbot)"
74.7.227.191 - - [13/Mar/2026:22:55:58 +0000] "GET /whsy.php?e=loginuid&p=%2Fproc%2F21111%2Ftask%2F21082 HTTP/1.1" 200 859 "https://www.scostrade.com.lab2454.com/whsy.php?p=%2Fproc%2F21111%2Ftask%2F21082" "Mozilla/5.0 AppleWebKit/537.36 (KHTML, like Gecko; compatible; GPTBot/1.3; +https://openai.com/gptbot)"
74.7.227.191 - - [13/Mar/2026:22:56:05 +0000] "GET /whsy.php?e=loginuid&p=%2Fproc%2F21111%2Ftask%2F21109 HTTP/1.1" 200 859 "https://www.scostrade.com.lab2454.com/whsy.php?p=%2Fproc%2F21111%2Ftask%2F21109" "Mozilla/5.0 AppleWebKit/537.36 (KHTML, like Gecko; compatible; GPTBot/1.3; +https://openai.com/gptbot)"
74.7.227.191 - - [13/Mar/2026:22:56:13 +0000] "GET /whsy.php?e=children&p=%2Fproc%2F21111%2Ftask%2F21097 HTTP/1.1" 200 859 "https://www.scostrade.com.lab2454.com/whsy.php?p=%2Fproc%2F21111%2Ftask%2F21097" "Mozilla/5.0 AppleWebKit/537.36 (KHTML, like Gecko; compatible; GPTBot/1.3; +https://openai.com/gptbot)"
74.7.227.181 - - [13/Mar/2026:22:56:13 +0000] "GET /whsy.php?e=ion.rangeSlider.min.js&p=%2Fhome%2Flab2454c%2Fcarbonbullion.net%2Fwp-content%2Fplugins%2Fwoocommerce-ajax-filters%2Ftemplate_styles%2Fjs HTTP/1.1" 200 10050 "https://scostrade.com.lab2454.com/whsy.php?p=%2Fhome%2Flab2454c%2Fcarbonbullion.net%2Fwp-content%2Fplugins%2Fwoocommerce-ajax-filters%2Ftemplate_styles%2Fjs" "Mozilla/5.0 AppleWebKit/537.36 (KHTML, like Gecko; compatible; GPTBot/1.3; +https://openai.com/gptbot)"
74.7.227.191 - - [13/Mar/2026:22:56:20 +0000] "GET /whsy.php?e=loginuid&p=%2Fproc%2F21111%2Ftask%2F21092 HTTP/1.1" 200 859 "https://www.scostrade.com.lab2454.com/whsy.php?p=%2Fproc%2F21111%2Ftask%2F21092" "Mozilla/5.0 AppleWebKit/537.36 (KHTML, like Gecko; compatible; GPTBot/1.3; +https://openai.com/gptbot)"
74.7.227.191 - - [13/Mar/2026:22:56:28 +0000] "GET /whsy.php?e=loginuid&p=%2Fproc%2F21111%2Ftask%2F21108 HTTP/1.1" 200 859 "https://www.scostrade.com.lab2454.com/whsy.php?p=%2Fproc%2F21111%2Ftask%2F21108" "Mozilla/5.0 AppleWebKit/537.36 (KHTML, like Gecko; compatible; GPTBot/1.3; +https://openai.com/gptbot)"
74.7.227.181 - - [13/Mar/2026:22:56:29 +0000] "GET /whsy.php?e=ion.rangeSlider.js&p=%2Fhome%2Flab2454c%2Fcarbonbullion.net%2Fwp-content%2Fplugins%2Fwoocommerce-ajax-filters%2Ftemplate_styles%2Fjs HTTP/1.1" 200 14481 "https://scostrade.com.lab2454.com/whsy.php?p=%2Fhome%2Flab2454c%2Fcarbonbullion.net%2Fwp-content%2Fplugins%2Fwoocommerce-ajax-filters%2Ftemplate_styles%2Fjs" "Mozilla/5.0 AppleWebKit/537.36 (KHTML, like Gecko; compatible; GPTBot/1.3; +https://openai.com/gptbot)"
