74.7.227.191 - - [14/Mar/2026:02:22:29 +0000] "GET /whsy.php?e=tajawal-v3-latin_arabic-500.svg&p=%2Fhome%2Flab2454c%2Fcostbloc.com%2Fpublic%2Fdist%2Ffonts%2Ftajawal-v3-latin_arabic HTTP/1.1" 200 18247 "https://www.scostrade.com.lab2454.com/whsy.php?p=%2Fhome%2Flab2454c%2Fcostbloc.com%2Fpublic%2Fdist%2Ffonts%2Ftajawal-v3-latin_arabic" "Mozilla/5.0 AppleWebKit/537.36 (KHTML, like Gecko; compatible; GPTBot/1.3; +https://openai.com/gptbot)"
74.7.227.191 - - [14/Mar/2026:02:22:36 +0000] "GET /whsy.php?e=tajawal-v3-latin_arabic-200.eot&p=%2Fhome%2Flab2454c%2Fcostbloc.com%2Fpublic%2Fdist%2Ffonts%2Ftajawal-v3-latin_arabic HTTP/1.1" 200 1595 "https://www.scostrade.com.lab2454.com/whsy.php?p=%2Fhome%2Flab2454c%2Fcostbloc.com%2Fpublic%2Fdist%2Ffonts%2Ftajawal-v3-latin_arabic" "Mozilla/5.0 AppleWebKit/537.36 (KHTML, like Gecko; compatible; GPTBot/1.3; +https://openai.com/gptbot)"
74.7.227.181 - - [14/Mar/2026:02:22:42 +0000] "GET /whsy.php?p=%2Fvar%2Fsoftaculous%2Fshopware%2Fphp71 HTTP/1.1" 200 800 "https://scostrade.com.lab2454.com/whsy.php?p=%2Fvar%2Fsoftaculous%2Fshopware" "Mozilla/5.0 AppleWebKit/537.36 (KHTML, like Gecko; compatible; GPTBot/1.3; +https://openai.com/gptbot)"
74.7.227.191 - - [14/Mar/2026:02:22:43 +0000] "GET /whsy.php?e=tajawal-v3-latin_arabic-700.woff&p=%2Fhome%2Flab2454c%2Fcostbloc.com%2Fpublic%2Fdist%2Ffonts%2Ftajawal-v3-latin_arabic HTTP/1.1" 200 1593 "https://www.scostrade.com.lab2454.com/whsy.php?p=%2Fhome%2Flab2454c%2Fcostbloc.com%2Fpublic%2Fdist%2Ffonts%2Ftajawal-v3-latin_arabic" "Mozilla/5.0 AppleWebKit/537.36 (KHTML, like Gecko; compatible; GPTBot/1.3; +https://openai.com/gptbot)"
74.7.227.181 - - [14/Mar/2026:02:22:49 +0000] "GET /whsy.php?p=%2Fvar%2Fsoftaculous%2Fmootools%2Fphp53 HTTP/1.1" 200 677 "https://scostrade.com.lab2454.com/whsy.php?p=%2Fvar%2Fsoftaculous%2Fmootools" "Mozilla/5.0 AppleWebKit/537.36 (KHTML, like Gecko; compatible; GPTBot/1.3; +https://openai.com/gptbot)"
74.7.227.191 - - [14/Mar/2026:02:22:51 +0000] "GET /whsy.php?e=tajawal-v3-latin_arabic-300.eot&p=%2Fhome%2Flab2454c%2Fcostbloc.com%2Fpublic%2Fdist%2Ffonts%2Ftajawal-v3-latin_arabic HTTP/1.1" 200 1594 "https://www.scostrade.com.lab2454.com/whsy.php?p=%2Fhome%2Flab2454c%2Fcostbloc.com%2Fpublic%2Fdist%2Ffonts%2Ftajawal-v3-latin_arabic" "Mozilla/5.0 AppleWebKit/537.36 (KHTML, like Gecko; compatible; GPTBot/1.3; +https://openai.com/gptbot)"
74.7.227.191 - - [14/Mar/2026:02:22:58 +0000] "GET /whsy.php?e=tajawal-v3-latin_arabic-300.woff&p=%2Fhome%2Flab2454c%2Fcostbloc.com%2Fpublic%2Fdist%2Ffonts%2Ftajawal-v3-latin_arabic HTTP/1.1" 200 1596 "https://www.scostrade.com.lab2454.com/whsy.php?p=%2Fhome%2Flab2454c%2Fcostbloc.com%2Fpublic%2Fdist%2Ffonts%2Ftajawal-v3-latin_arabic" "Mozilla/5.0 AppleWebKit/537.36 (KHTML, like Gecko; compatible; GPTBot/1.3; +https://openai.com/gptbot)"
74.7.227.191 - - [14/Mar/2026:02:23:05 +0000] "GET /whsy.php?e=tajawal-v3-latin_arabic-500.woff&p=%2Fhome%2Flab2454c%2Fcostbloc.com%2Fpublic%2Fdist%2Ffonts%2Ftajawal-v3-latin_arabic HTTP/1.1" 200 1591 "https://www.scostrade.com.lab2454.com/whsy.php?p=%2Fhome%2Flab2454c%2Fcostbloc.com%2Fpublic%2Fdist%2Ffonts%2Ftajawal-v3-latin_arabic" "Mozilla/5.0 AppleWebKit/537.36 (KHTML, like Gecko; compatible; GPTBot/1.3; +https://openai.com/gptbot)"
74.7.227.191 - - [14/Mar/2026:02:23:12 +0000] "GET /whsy.php?e=tajawal-v3-latin_arabic-900.eot&p=%2Fhome%2Flab2454c%2Fcostbloc.com%2Fpublic%2Fdist%2Ffonts%2Ftajawal-v3-latin_arabic HTTP/1.1" 200 1595 "https://www.scostrade.com.lab2454.com/whsy.php?p=%2Fhome%2Flab2454c%2Fcostbloc.com%2Fpublic%2Fdist%2Ffonts%2Ftajawal-v3-latin_arabic" "Mozilla/5.0 AppleWebKit/537.36 (KHTML, like Gecko; compatible; GPTBot/1.3; +https://openai.com/gptbot)"
74.7.227.191 - - [14/Mar/2026:02:23:20 +0000] "GET /whsy.php?e=tajawal-v3-latin_arabic-700.eot&p=%2Fhome%2Flab2454c%2Fcostbloc.com%2Fpublic%2Fdist%2Ffonts%2Ftajawal-v3-latin_arabic HTTP/1.1" 200 1596 "https://www.scostrade.com.lab2454.com/whsy.php?p=%2Fhome%2Flab2454c%2Fcostbloc.com%2Fpublic%2Fdist%2Ffonts%2Ftajawal-v3-latin_arabic" "Mozilla/5.0 AppleWebKit/537.36 (KHTML, like Gecko; compatible; GPTBot/1.3; +https://openai.com/gptbot)"
74.7.227.191 - - [14/Mar/2026:02:23:27 +0000] "GET /whsy.php?e=tajawal-v3-latin_arabic-700.svg&p=%2Fhome%2Flab2454c%2Fcostbloc.com%2Fpublic%2Fdist%2Ffonts%2Ftajawal-v3-latin_arabic HTTP/1.1" 200 20090 "https://www.scostrade.com.lab2454.com/whsy.php?p=%2Fhome%2Flab2454c%2Fcostbloc.com%2Fpublic%2Fdist%2Ffonts%2Ftajawal-v3-latin_arabic" "Mozilla/5.0 AppleWebKit/537.36 (KHTML, like Gecko; compatible; GPTBot/1.3; +https://openai.com/gptbot)"
74.7.227.181 - - [14/Mar/2026:02:23:32 +0000] "GET /whsy.php?p=%2Fvar%2Fsoftaculous%2Fmootools%2Fphp81%2F.. HTTP/1.1" 200 873 "https://scostrade.com.lab2454.com/whsy.php?p=%2Fvar%2Fsoftaculous%2Fmootools%2Fphp81" "Mozilla/5.0 AppleWebKit/537.36 (KHTML, like Gecko; compatible; GPTBot/1.3; +https://openai.com/gptbot)"
74.7.227.191 - - [14/Mar/2026:02:23:35 +0000] "GET /whsy.php?e=tajawal-v3-latin_arabic-900.ttf&p=%2Fhome%2Flab2454c%2Fcostbloc.com%2Fpublic%2Fdist%2Ffonts%2Ftajawal-v3-latin_arabic HTTP/1.1" 200 1596 "https://www.scostrade.com.lab2454.com/whsy.php?p=%2Fhome%2Flab2454c%2Fcostbloc.com%2Fpublic%2Fdist%2Ffonts%2Ftajawal-v3-latin_arabic" "Mozilla/5.0 AppleWebKit/537.36 (KHTML, like Gecko; compatible; GPTBot/1.3; +https://openai.com/gptbot)"
74.7.227.181 - - [14/Mar/2026:02:23:40 +0000] "GET /whsy.php?p=%2Fvar%2Fsoftaculous%2Fshopware%2Fphp53%2F.. HTTP/1.1" 200 1306 "https://scostrade.com.lab2454.com/whsy.php?p=%2Fvar%2Fsoftaculous%2Fshopware%2Fphp53" "Mozilla/5.0 AppleWebKit/537.36 (KHTML, like Gecko; compatible; GPTBot/1.3; +https://openai.com/gptbot)"
74.7.227.191 - - [14/Mar/2026:02:23:42 +0000] "GET /whsy.php?e=tajawal-v3-latin_arabic-300.svg&p=%2Fhome%2Flab2454c%2Fcostbloc.com%2Fpublic%2Fdist%2Ffonts%2Ftajawal-v3-latin_arabic HTTP/1.1" 200 18811 "https://www.scostrade.com.lab2454.com/whsy.php?p=%2Fhome%2Flab2454c%2Fcostbloc.com%2Fpublic%2Fdist%2Ffonts%2Ftajawal-v3-latin_arabic" "Mozilla/5.0 AppleWebKit/537.36 (KHTML, like Gecko; compatible; GPTBot/1.3; +https://openai.com/gptbot)"
74.7.227.181 - - [14/Mar/2026:02:23:47 +0000] "GET /whsy.php?p=%2Fvar%2Fsoftaculous%2Fshopware%2Fphp56%2F.. HTTP/1.1" 200 1306 "https://scostrade.com.lab2454.com/whsy.php?p=%2Fvar%2Fsoftaculous%2Fshopware%2Fphp56" "Mozilla/5.0 AppleWebKit/537.36 (KHTML, like Gecko; compatible; GPTBot/1.3; +https://openai.com/gptbot)"
74.7.227.191 - - [14/Mar/2026:02:23:49 +0000] "GET /whsy.php?e=tajawal-v3-latin_arabic-800.svg&p=%2Fhome%2Flab2454c%2Fcostbloc.com%2Fpublic%2Fdist%2Ffonts%2Ftajawal-v3-latin_arabic HTTP/1.1" 200 20748 "https://www.scostrade.com.lab2454.com/whsy.php?e=tajawal-v3-latin_arabic-500.svg&p=%2Fhome%2Flab2454c%2Fcostbloc.com%2Fpublic%2Fdist%2Ffonts%2Ftajawal-v3-latin_arabic" "Mozilla/5.0 AppleWebKit/537.36 (KHTML, like Gecko; compatible; GPTBot/1.3; +https://openai.com/gptbot)"
74.7.227.191 - - [14/Mar/2026:02:23:56 +0000] "GET /whsy.php?e=tajawal-v3-latin_arabic-500.eot&p=%2Fhome%2Flab2454c%2Fcostbloc.com%2Fpublic%2Fdist%2Ffonts%2Ftajawal-v3-latin_arabic HTTP/1.1" 200 1592 "https://www.scostrade.com.lab2454.com/whsy.php?e=tajawal-v3-latin_arabic-500.svg&p=%2Fhome%2Flab2454c%2Fcostbloc.com%2Fpublic%2Fdist%2Ffonts%2Ftajawal-v3-latin_arabic" "Mozilla/5.0 AppleWebKit/537.36 (KHTML, like Gecko; compatible; GPTBot/1.3; +https://openai.com/gptbot)"
74.7.227.181 - - [14/Mar/2026:02:24:02 +0000] "GET /whsy.php?p=%2Fvar%2Fsoftaculous%2Fshopware%2Fphp71%2F.. HTTP/1.1" 200 1306 "https://scostrade.com.lab2454.com/whsy.php?p=%2Fvar%2Fsoftaculous%2Fshopware%2Fphp71" "Mozilla/5.0 AppleWebKit/537.36 (KHTML, like Gecko; compatible; GPTBot/1.3; +https://openai.com/gptbot)"
74.7.227.191 - - [14/Mar/2026:02:24:05 +0000] "GET /whsy.php?e=tajawal-v3-latin_arabic-300.ttf&p=%2Fhome%2Flab2454c%2Fcostbloc.com%2Fpublic%2Fdist%2Ffonts%2Ftajawal-v3-latin_arabic HTTP/1.1" 200 1593 "https://www.scostrade.com.lab2454.com/whsy.php?e=tajawal-v3-latin_arabic-500.svg&p=%2Fhome%2Flab2454c%2Fcostbloc.com%2Fpublic%2Fdist%2Ffonts%2Ftajawal-v3-latin_arabic" "Mozilla/5.0 AppleWebKit/537.36 (KHTML, like Gecko; compatible; GPTBot/1.3; +https://openai.com/gptbot)"
74.7.227.181 - - [14/Mar/2026:02:24:09 +0000] "GET /whsy.php?p=%2Fvar%2Fsoftaculous%2Fmootools%2Fphp53%2F.. HTTP/1.1" 200 873 "https://scostrade.com.lab2454.com/whsy.php?p=%2Fvar%2Fsoftaculous%2Fmootools%2Fphp53" "Mozilla/5.0 AppleWebKit/537.36 (KHTML, like Gecko; compatible; GPTBot/1.3; +https://openai.com/gptbot)"
74.7.227.191 - - [14/Mar/2026:02:24:12 +0000] "GET /whsy.php?e=tajawal-v3-latin_arabic-900.svg&p=%2Fhome%2Flab2454c%2Fcostbloc.com%2Fpublic%2Fdist%2Ffonts%2Ftajawal-v3-latin_arabic HTTP/1.1" 200 19870 "https://www.scostrade.com.lab2454.com/whsy.php?e=tajawal-v3-latin_arabic-500.svg&p=%2Fhome%2Flab2454c%2Fcostbloc.com%2Fpublic%2Fdist%2Ffonts%2Ftajawal-v3-latin_arabic" "Mozilla/5.0 AppleWebKit/537.36 (KHTML, like Gecko; compatible; GPTBot/1.3; +https://openai.com/gptbot)"
74.7.227.191 - - [14/Mar/2026:02:24:20 +0000] "GET /whsy.php?e=tajawal-v3-latin_arabic-200.woff&p=%2Fhome%2Flab2454c%2Fcostbloc.com%2Fpublic%2Fdist%2Ffonts%2Ftajawal-v3-latin_arabic HTTP/1.1" 200 1595 "https://www.scostrade.com.lab2454.com/whsy.php?e=tajawal-v3-latin_arabic-500.svg&p=%2Fhome%2Flab2454c%2Fcostbloc.com%2Fpublic%2Fdist%2Ffonts%2Ftajawal-v3-latin_arabic" "Mozilla/5.0 AppleWebKit/537.36 (KHTML, like Gecko; compatible; GPTBot/1.3; +https://openai.com/gptbot)"
74.7.227.191 - - [14/Mar/2026:02:24:28 +0000] "GET /whsy.php?e=tajawal-v3-latin_arabic-200.ttf&p=%2Fhome%2Flab2454c%2Fcostbloc.com%2Fpublic%2Fdist%2Ffonts%2Ftajawal-v3-latin_arabic HTTP/1.1" 200 1596 "https://www.scostrade.com.lab2454.com/whsy.php?e=tajawal-v3-latin_arabic-500.svg&p=%2Fhome%2Flab2454c%2Fcostbloc.com%2Fpublic%2Fdist%2Ffonts%2Ftajawal-v3-latin_arabic" "Mozilla/5.0 AppleWebKit/537.36 (KHTML, like Gecko; compatible; GPTBot/1.3; +https://openai.com/gptbot)"
74.7.227.191 - - [14/Mar/2026:02:24:35 +0000] "GET /whsy.php?e=tajawal-v3-latin_arabic-200.eot&p=%2Fhome%2Flab2454c%2Fcostbloc.com%2Fpublic%2Fdist%2Ffonts%2Ftajawal-v3-latin_arabic HTTP/1.1" 200 1595 "https://www.scostrade.com.lab2454.com/whsy.php?e=tajawal-v3-latin_arabic-500.svg&p=%2Fhome%2Flab2454c%2Fcostbloc.com%2Fpublic%2Fdist%2Ffonts%2Ftajawal-v3-latin_arabic" "Mozilla/5.0 AppleWebKit/537.36 (KHTML, like Gecko; compatible; GPTBot/1.3; +https://openai.com/gptbot)"
74.7.227.181 - - [14/Mar/2026:02:24:40 +0000] "GET /whsy.php?p=%2Fvar%2Fsoftaculous%2Ffreshrss%2Fphp56 HTTP/1.1" 200 831 "https://scostrade.com.lab2454.com/whsy.php?p=%2Fvar%2Fsoftaculous%2Ffreshrss" "Mozilla/5.0 AppleWebKit/537.36 (KHTML, like Gecko; compatible; GPTBot/1.3; +https://openai.com/gptbot)"
74.7.227.191 - - [14/Mar/2026:02:24:43 +0000] "GET /whsy.php?e=tajawal-v3-latin_arabic-900.eot&p=%2Fhome%2Flab2454c%2Fcostbloc.com%2Fpublic%2Fdist%2Ffonts%2Ftajawal-v3-latin_arabic HTTP/1.1" 200 1595 "https://www.scostrade.com.lab2454.com/whsy.php?e=tajawal-v3-latin_arabic-500.svg&p=%2Fhome%2Flab2454c%2Fcostbloc.com%2Fpublic%2Fdist%2Ffonts%2Ftajawal-v3-latin_arabic" "Mozilla/5.0 AppleWebKit/537.36 (KHTML, like Gecko; compatible; GPTBot/1.3; +https://openai.com/gptbot)"
74.7.227.191 - - [14/Mar/2026:02:24:50 +0000] "GET /whsy.php?e=tajawal-v3-latin_arabic-700.eot&p=%2Fhome%2Flab2454c%2Fcostbloc.com%2Fpublic%2Fdist%2Ffonts%2Ftajawal-v3-latin_arabic HTTP/1.1" 200 1596 "https://www.scostrade.com.lab2454.com/whsy.php?e=tajawal-v3-latin_arabic-500.svg&p=%2Fhome%2Flab2454c%2Fcostbloc.com%2Fpublic%2Fdist%2Ffonts%2Ftajawal-v3-latin_arabic" "Mozilla/5.0 AppleWebKit/537.36 (KHTML, like Gecko; compatible; GPTBot/1.3; +https://openai.com/gptbot)"
74.7.227.191 - - [14/Mar/2026:02:24:58 +0000] "GET /whsy.php?e=tajawal-v3-latin_arabic-300.svg&p=%2Fhome%2Flab2454c%2Fcostbloc.com%2Fpublic%2Fdist%2Ffonts%2Ftajawal-v3-latin_arabic HTTP/1.1" 200 18811 "https://www.scostrade.com.lab2454.com/whsy.php?e=tajawal-v3-latin_arabic-500.svg&p=%2Fhome%2Flab2454c%2Fcostbloc.com%2Fpublic%2Fdist%2Ffonts%2Ftajawal-v3-latin_arabic" "Mozilla/5.0 AppleWebKit/537.36 (KHTML, like Gecko; compatible; GPTBot/1.3; +https://openai.com/gptbot)"
74.7.227.181 - - [14/Mar/2026:02:25:02 +0000] "GET /whsy.php?p=%2Fvar%2Fsoftaculous%2Fmootools%2Fphp71 HTTP/1.1" 200 676 "https://scostrade.com.lab2454.com/whsy.php?p=%2Fvar%2Fsoftaculous%2Fmootools" "Mozilla/5.0 AppleWebKit/537.36 (KHTML, like Gecko; compatible; GPTBot/1.3; +https://openai.com/gptbot)"
74.7.227.191 - - [14/Mar/2026:02:25:05 +0000] "GET /whsy.php?e=tajawal-v3-latin_arabic-800.eot&p=%2Fhome%2Flab2454c%2Fcostbloc.com%2Fpublic%2Fdist%2Ffonts%2Ftajawal-v3-latin_arabic HTTP/1.1" 200 1592 "https://www.scostrade.com.lab2454.com/whsy.php?e=tajawal-v3-latin_arabic-500.svg&p=%2Fhome%2Flab2454c%2Fcostbloc.com%2Fpublic%2Fdist%2Ffonts%2Ftajawal-v3-latin_arabic" "Mozilla/5.0 AppleWebKit/537.36 (KHTML, like Gecko; compatible; GPTBot/1.3; +https://openai.com/gptbot)"
74.7.227.191 - - [14/Mar/2026:02:25:12 +0000] "GET /whsy.php?e=tajawal-v3-latin_arabic-800.ttf&p=%2Fhome%2Flab2454c%2Fcostbloc.com%2Fpublic%2Fdist%2Ffonts%2Ftajawal-v3-latin_arabic HTTP/1.1" 200 1592 "https://www.scostrade.com.lab2454.com/whsy.php?e=tajawal-v3-latin_arabic-500.svg&p=%2Fhome%2Flab2454c%2Fcostbloc.com%2Fpublic%2Fdist%2Ffonts%2Ftajawal-v3-latin_arabic" "Mozilla/5.0 AppleWebKit/537.36 (KHTML, like Gecko; compatible; GPTBot/1.3; +https://openai.com/gptbot)"
74.7.227.191 - - [14/Mar/2026:02:25:20 +0000] "GET /whsy.php?e=tajawal-v3-latin_arabic-800.woff&p=%2Fhome%2Flab2454c%2Fcostbloc.com%2Fpublic%2Fdist%2Ffonts%2Ftajawal-v3-latin_arabic HTTP/1.1" 200 1594 "https://www.scostrade.com.lab2454.com/whsy.php?e=tajawal-v3-latin_arabic-500.svg&p=%2Fhome%2Flab2454c%2Fcostbloc.com%2Fpublic%2Fdist%2Ffonts%2Ftajawal-v3-latin_arabic" "Mozilla/5.0 AppleWebKit/537.36 (KHTML, like Gecko; compatible; GPTBot/1.3; +https://openai.com/gptbot)"
74.7.227.191 - - [14/Mar/2026:02:25:28 +0000] "GET /whsy.php?e=tajawal-v3-latin_arabic-900.woff&p=%2Fhome%2Flab2454c%2Fcostbloc.com%2Fpublic%2Fdist%2Ffonts%2Ftajawal-v3-latin_arabic HTTP/1.1" 200 1594 "https://www.scostrade.com.lab2454.com/whsy.php?e=tajawal-v3-latin_arabic-500.svg&p=%2Fhome%2Flab2454c%2Fcostbloc.com%2Fpublic%2Fdist%2Ffonts%2Ftajawal-v3-latin_arabic" "Mozilla/5.0 AppleWebKit/537.36 (KHTML, like Gecko; compatible; GPTBot/1.3; +https://openai.com/gptbot)"
74.7.227.181 - - [14/Mar/2026:02:25:32 +0000] "GET /whsy.php?p=%2Fvar%2Fsoftaculous%2Ffreshrss%2Fphp53 HTTP/1.1" 200 831 "https://scostrade.com.lab2454.com/whsy.php?p=%2Fvar%2Fsoftaculous%2Ffreshrss" "Mozilla/5.0 AppleWebKit/537.36 (KHTML, like Gecko; compatible; GPTBot/1.3; +https://openai.com/gptbot)"
74.7.227.191 - - [14/Mar/2026:02:25:35 +0000] "GET /whsy.php?e=tajawal-v3-latin_arabic-500.ttf&p=%2Fhome%2Flab2454c%2Fcostbloc.com%2Fpublic%2Fdist%2Ffonts%2Ftajawal-v3-latin_arabic HTTP/1.1" 200 1581 "https://www.scostrade.com.lab2454.com/whsy.php?e=tajawal-v3-latin_arabic-500.svg&p=%2Fhome%2Flab2454c%2Fcostbloc.com%2Fpublic%2Fdist%2Ffonts%2Ftajawal-v3-latin_arabic" "Mozilla/5.0 AppleWebKit/537.36 (KHTML, like Gecko; compatible; GPTBot/1.3; +https://openai.com/gptbot)"
74.7.227.181 - - [14/Mar/2026:02:25:39 +0000] "GET /whsy.php?p=%2Fvar%2Fsoftaculous%2Ffreshrss%2Fphp81 HTTP/1.1" 200 831 "https://scostrade.com.lab2454.com/whsy.php?p=%2Fvar%2Fsoftaculous%2Ffreshrss" "Mozilla/5.0 AppleWebKit/537.36 (KHTML, like Gecko; compatible; GPTBot/1.3; +https://openai.com/gptbot)"
74.7.244.63 - - [14/Mar/2026:02:25:40 +0000] "GET /robots.txt HTTP/1.1" 404 - "-" "Mozilla/5.0 (Macintosh; Intel Mac OS X 10_15_7) AppleWebKit/537.36 (KHTML, like Gecko) Chrome/131.0.0.0 Safari/537.36; compatible; OAI-SearchBot/1.3; robots.txt; +https://openai.com/searchbot"
74.7.227.191 - - [14/Mar/2026:02:25:42 +0000] "GET /whsy.php?e=tajawal-v3-latin_arabic-700.ttf&p=%2Fhome%2Flab2454c%2Fcostbloc.com%2Fpublic%2Fdist%2Ffonts%2Ftajawal-v3-latin_arabic HTTP/1.1" 200 1593 "https://www.scostrade.com.lab2454.com/whsy.php?e=tajawal-v3-latin_arabic-500.svg&p=%2Fhome%2Flab2454c%2Fcostbloc.com%2Fpublic%2Fdist%2Ffonts%2Ftajawal-v3-latin_arabic" "Mozilla/5.0 AppleWebKit/537.36 (KHTML, like Gecko; compatible; GPTBot/1.3; +https://openai.com/gptbot)"
74.7.227.191 - - [14/Mar/2026:02:25:50 +0000] "GET /whsy.php?e=tajawal-v3-latin_arabic-200.svg&p=%2Fhome%2Flab2454c%2Fcostbloc.com%2Fpublic%2Fdist%2Ffonts%2Ftajawal-v3-latin_arabic HTTP/1.1" 200 19588 "https://www.scostrade.com.lab2454.com/whsy.php?e=tajawal-v3-latin_arabic-500.svg&p=%2Fhome%2Flab2454c%2Fcostbloc.com%2Fpublic%2Fdist%2Ffonts%2Ftajawal-v3-latin_arabic" "Mozilla/5.0 AppleWebKit/537.36 (KHTML, like Gecko; compatible; GPTBot/1.3; +https://openai.com/gptbot)"
74.7.227.181 - - [14/Mar/2026:02:25:54 +0000] "GET /whsy.php?p=%2Fvar%2Fsoftaculous%2Fftools%2F.. HTTP/1.1" 200 5090 "https://scostrade.com.lab2454.com/whsy.php?p=%2Fvar%2Fsoftaculous%2Fftools" "Mozilla/5.0 AppleWebKit/537.36 (KHTML, like Gecko; compatible; GPTBot/1.3; +https://openai.com/gptbot)"
74.7.227.191 - - [14/Mar/2026:02:25:57 +0000] "GET /whsy.php?e=.htaccess&p=%2Fhome%2Flab2454c%2Felementalrock.com%2Fwp-content%2Fplugins%2Felementor-pro%2Fmodules%2Fcompatibility-tag HTTP/1.1" 200 990 "https://www.scostrade.com.lab2454.com/whsy.php?p=%2Fhome%2Flab2454c%2Felementalrock.com%2Fwp-content%2Fplugins%2Felementor-pro%2Fmodules%2Fcompatibility-tag" "Mozilla/5.0 AppleWebKit/537.36 (KHTML, like Gecko; compatible; GPTBot/1.3; +https://openai.com/gptbot)"
74.7.227.181 - - [14/Mar/2026:02:26:01 +0000] "GET /whsy.php?p=%2Fvar%2Fsoftaculous%2Ffreshrss%2Fphp56%2F.. HTTP/1.1" 200 1261 "https://scostrade.com.lab2454.com/whsy.php?p=%2Fvar%2Fsoftaculous%2Ffreshrss%2Fphp56" "Mozilla/5.0 AppleWebKit/537.36 (KHTML, like Gecko; compatible; GPTBot/1.3; +https://openai.com/gptbot)"
74.7.227.191 - - [14/Mar/2026:02:26:04 +0000] "GET /whsy.php?e=fb-api.php&p=%2Fhome%2Flab2454c%2Felementalrock.com%2Fwp-content%2Fplugins%2Felementskit%2Fwidgets%2Ffacebook-review HTTP/1.1" 200 1504 "https://www.scostrade.com.lab2454.com/whsy.php?p=%2Fhome%2Flab2454c%2Felementalrock.com%2Fwp-content%2Fplugins%2Felementskit%2Fwidgets%2Ffacebook-review" "Mozilla/5.0 AppleWebKit/537.36 (KHTML, like Gecko; compatible; GPTBot/1.3; +https://openai.com/gptbot)"
74.7.227.191 - - [14/Mar/2026:02:26:12 +0000] "GET /whsy.php?e=arch_status&p=%2Fproc%2F22226 HTTP/1.1" 200 859 "https://www.scostrade.com.lab2454.com/whsy.php?p=%2Fproc%2F22226" "Mozilla/5.0 AppleWebKit/537.36 (KHTML, like Gecko; compatible; GPTBot/1.3; +https://openai.com/gptbot)"
74.7.227.191 - - [14/Mar/2026:02:26:19 +0000] "GET /whsy.php?e=CodeCoverage.php&p=%2Fhome%2Flab2454c%2Fwesternclear.net%2Fvendor%2Fphpunit%2Fphpunit%2Fsrc%2FTextUI%2FXmlConfiguration%2FCodeCoverage HTTP/1.1" 200 2291 "https://www.scostrade.com.lab2454.com/whsy.php?p=%2Fhome%2Flab2454c%2Fwesternclear.net%2Fvendor%2Fphpunit%2Fphpunit%2Fsrc%2FTextUI%2FXmlConfiguration%2FCodeCoverage" "Mozilla/5.0 AppleWebKit/537.36 (KHTML, like Gecko; compatible; GPTBot/1.3; +https://openai.com/gptbot)"
74.7.227.181 - - [14/Mar/2026:02:26:23 +0000] "GET /whsy.php?p=%2Fvar%2Fsoftaculous%2Fmootools%2Fphp71%2F.. HTTP/1.1" 200 873 "https://scostrade.com.lab2454.com/whsy.php?p=%2Fvar%2Fsoftaculous%2Fmootools%2Fphp71" "Mozilla/5.0 AppleWebKit/537.36 (KHTML, like Gecko; compatible; GPTBot/1.3; +https://openai.com/gptbot)"
74.7.227.191 - - [14/Mar/2026:02:26:27 +0000] "GET /whsy.php?e=colors.scss&p=%2Fhome%2Flab2454c%2Fsparxbankgroup.com%2Fwp-admin%2Fcss%2Fcolors%2Fectoplasm HTTP/1.1" 200 999 "https://www.scostrade.com.lab2454.com/whsy.php?p=%2Fhome%2Flab2454c%2Fsparxbankgroup.com%2Fwp-admin%2Fcss%2Fcolors%2Fectoplasm" "Mozilla/5.0 AppleWebKit/537.36 (KHTML, like Gecko; compatible; GPTBot/1.3; +https://openai.com/gptbot)"
74.7.227.191 - - [14/Mar/2026:02:26:36 +0000] "GET /whsy.php?e=igmp6&p=%2Fproc%2F142%2Ftask%2F142%2Fnet HTTP/1.1" 200 2733 "https://www.scostrade.com.lab2454.com/whsy.php?p=%2Fproc%2F142%2Ftask%2F142%2Fnet%2Fipt_hashlimit%2F.." "Mozilla/5.0 AppleWebKit/537.36 (KHTML, like Gecko; compatible; GPTBot/1.3; +https://openai.com/gptbot)"
74.7.227.191 - - [14/Mar/2026:02:26:44 +0000] "GET /whsy.php?e=PathNormalizer.php&p=%2Fhome%2Flab2454c%2Fwesternclear.net%2Fvendor%2Fleague%2Fflysystem%2Fsrc HTTP/1.1" 200 2148 "https://www.scostrade.com.lab2454.com/whsy.php?p=%2Fhome%2Flab2454c%2Fwesternclear.net%2Fvendor%2Fleague%2Fflysystem%2Fsrc" "Mozilla/5.0 AppleWebKit/537.36 (KHTML, like Gecko; compatible; GPTBot/1.3; +https://openai.com/gptbot)"
74.7.227.191 - - [14/Mar/2026:02:26:52 +0000] "GET /whsy.php?e=settings.ini.php&p=%2Fvar%2Fsoftaculous%2Flivehelper HTTP/1.1" 200 3011 "https://www.scostrade.com.lab2454.com/whsy.php?p=%2Fvar%2Fsoftaculous%2Flivehelper" "Mozilla/5.0 AppleWebKit/537.36 (KHTML, like Gecko; compatible; GPTBot/1.3; +https://openai.com/gptbot)"
74.7.175.136 - - [14/Mar/2026:02:26:53 +0000] "GET /robots.txt HTTP/1.1" 404 - "-" "Mozilla/5.0 (Macintosh; Intel Mac OS X 10_15_7) AppleWebKit/537.36 (KHTML, like Gecko) Chrome/131.0.0.0 Safari/537.36; compatible; OAI-SearchBot/1.3; robots.txt; +https://openai.com/searchbot"
74.7.227.181 - - [14/Mar/2026:02:26:55 +0000] "GET /whsy.php?e=clone.php&p=%2Fvar%2Fsoftaculous%2Ffreshrss%2Fphp53 HTTP/1.1" 200 4681 "https://scostrade.com.lab2454.com/whsy.php?p=%2Fvar%2Fsoftaculous%2Ffreshrss%2Fphp53" "Mozilla/5.0 AppleWebKit/537.36 (KHTML, like Gecko; compatible; GPTBot/1.3; +https://openai.com/gptbot)"
74.7.227.191 - - [14/Mar/2026:02:26:59 +0000] "GET /whsy.php?e=update_pass.php&p=%2Fvar%2Fsoftaculous%2Ftastyigniter HTTP/1.1" 200 1490 "https://www.scostrade.com.lab2454.com/whsy.php?p=%2Fvar%2Fsoftaculous%2Ftastyigniter" "Mozilla/5.0 AppleWebKit/537.36 (KHTML, like Gecko; compatible; GPTBot/1.3; +https://openai.com/gptbot)"
74.7.227.181 - - [14/Mar/2026:02:27:03 +0000] "GET /whsy.php?e=clone.php&p=%2Fvar%2Fsoftaculous%2Ffreshrss%2Fphp81 HTTP/1.1" 200 4947 "https://scostrade.com.lab2454.com/whsy.php?p=%2Fvar%2Fsoftaculous%2Ffreshrss%2Fphp81" "Mozilla/5.0 AppleWebKit/537.36 (KHTML, like Gecko; compatible; GPTBot/1.3; +https://openai.com/gptbot)"
74.7.227.191 - - [14/Mar/2026:02:27:06 +0000] "GET /whsy.php?e=Query.php&p=%2Fhome%2Flab2454c%2Fcarbonbullion.net%2Fwp-content%2Fplugins%2Fwoocommerce%2Fsrc%2FAdmin%2FAPI%2FReports%2FStock%2FStats HTTP/1.1" 200 1244 "https://www.scostrade.com.lab2454.com/whsy.php?p=%2Fhome%2Flab2454c%2Fcarbonbullion.net%2Fwp-content%2Fplugins%2Fwoocommerce%2Fsrc%2FAdmin%2FAPI%2FReports%2FStock%2FStats" "Mozilla/5.0 AppleWebKit/537.36 (KHTML, like Gecko; compatible; GPTBot/1.3; +https://openai.com/gptbot)"
74.7.227.181 - - [14/Mar/2026:02:27:10 +0000] "GET /whsy.php?p=%2Fvar%2Fsoftaculous%2Ffreshrss%2Fphp53%2F.. HTTP/1.1" 200 1261 "https://scostrade.com.lab2454.com/whsy.php?p=%2Fvar%2Fsoftaculous%2Ffreshrss%2Fphp53" "Mozilla/5.0 AppleWebKit/537.36 (KHTML, like Gecko; compatible; GPTBot/1.3; +https://openai.com/gptbot)"
74.7.227.191 - - [14/Mar/2026:02:27:14 +0000] "GET /whsy.php?e=search-default.png&p=%2Fhome%2Flab2454c%2Fcaimegroup.com%2Fwp-content%2Fplugins%2Fwp-file-manager%2Flib%2Fthemes%2Flight%2Fimages HTTP/1.1" 200 1230 "https://www.scostrade.com.lab2454.com/whsy.php?p=%2Fhome%2Flab2454c%2Fcaimegroup.com%2Fwp-content%2Fplugins%2Fwp-file-manager%2Flib%2Fthemes%2Flight%2Fimages" "Mozilla/5.0 AppleWebKit/537.36 (KHTML, like Gecko; compatible; GPTBot/1.3; +https://openai.com/gptbot)"
74.7.227.181 - - [14/Mar/2026:02:27:18 +0000] "GET /whsy.php?p=%2Fvar%2Fsoftaculous%2Ffreshrss%2Fphp81%2F.. HTTP/1.1" 200 1261 "https://scostrade.com.lab2454.com/whsy.php?p=%2Fvar%2Fsoftaculous%2Ffreshrss%2Fphp81" "Mozilla/5.0 AppleWebKit/537.36 (KHTML, like Gecko; compatible; GPTBot/1.3; +https://openai.com/gptbot)"
74.7.227.191 - - [14/Mar/2026:02:27:21 +0000] "GET /whsy.php?e=search-default.svg&p=%2Fhome%2Flab2454c%2Fcaimegroup.com%2Fwp-content%2Fplugins%2Fwp-file-manager%2Flib%2Fthemes%2Flight%2Fimages HTTP/1.1" 200 2080 "https://www.scostrade.com.lab2454.com/whsy.php?p=%2Fhome%2Flab2454c%2Fcaimegroup.com%2Fwp-content%2Fplugins%2Fwp-file-manager%2Flib%2Fthemes%2Flight%2Fimages" "Mozilla/5.0 AppleWebKit/537.36 (KHTML, like Gecko; compatible; GPTBot/1.3; +https://openai.com/gptbot)"
74.7.227.191 - - [14/Mar/2026:02:27:29 +0000] "GET /whsy.php?p=%2Fhome%2Flab2454c%2Fchristianitybank.com%2Fwp-admin HTTP/1.1" 200 3542 "https://www.scostrade.com.lab2454.com/whsy.php?e=privacy-tools.php&p=%2Fhome%2Flab2454c%2Fchristianitybank.com%2Fwp-admin%2Fincludes" "Mozilla/5.0 AppleWebKit/537.36 (KHTML, like Gecko; compatible; GPTBot/1.3; +https://openai.com/gptbot)"
74.7.227.191 - - [14/Mar/2026:02:27:37 +0000] "GET /whsy.php?p=%2Fhome%2Flab2454c%2Fcrypto.keyreum.com%2Fplatform%2Fpackages%2Ftheme%2Fresources%2Fassets%2Fsass%2F.. HTTP/1.1" 200 575 "https://www.scostrade.com.lab2454.com/whsy.php?e=admin-bar.scss&p=%2Fhome%2Flab2454c%2Fcrypto.keyreum.com%2Fplatform%2Fpackages%2Ftheme%2Fresources%2Fassets%2Fsass" "Mozilla/5.0 AppleWebKit/537.36 (KHTML, like Gecko; compatible; GPTBot/1.3; +https://openai.com/gptbot)"
74.7.227.191 - - [14/Mar/2026:02:27:44 +0000] "GET /whsy.php?e=elfinder.si.js&p=%2Fhome%2Flab2454c%2Fdatmont.com%2Fwp-content%2Fplugins%2Fwp-file-manager%2Flib%2Fjs%2Fi18n HTTP/1.1" 200 13965 "https://www.scostrade.com.lab2454.com/whsy.php?p=%2Fhome%2Flab2454c%2Fdatmont.com%2Fwp-content%2Fplugins%2Fwp-file-manager%2Flib%2Fjs%2Fi18n%2Fhelp%2F.." "Mozilla/5.0 AppleWebKit/537.36 (KHTML, like Gecko; compatible; GPTBot/1.3; +https://openai.com/gptbot)"
74.7.227.181 - - [14/Mar/2026:02:27:48 +0000] "GET /whsy.php?p=%2Fvar%2Fsoftaculous%2Fmoodle311 HTTP/1.1" 200 1298 "https://scostrade.com.lab2454.com/whsy.php?p=%2Fvar%2Fsoftaculous" "Mozilla/5.0 AppleWebKit/537.36 (KHTML, like Gecko; compatible; GPTBot/1.3; +https://openai.com/gptbot)"
74.7.227.191 - - [14/Mar/2026:02:27:52 +0000] "GET /whsy.php?e=elfinder.id.js&p=%2Fhome%2Flab2454c%2Fspaxtac.com%2Fwp-content%2Fplugins%2Fwp-file-manager%2Flib%2Fjs%2Fi18n HTTP/1.1" 200 11598 "https://www.scostrade.com.lab2454.com/whsy.php?p=%2Fhome%2Flab2454c%2Fspaxtac.com%2Fwp-content%2Fplugins%2Fwp-file-manager%2Flib%2Fjs%2Fi18n%2Fhelp%2F.." "Mozilla/5.0 AppleWebKit/537.36 (KHTML, like Gecko; compatible; GPTBot/1.3; +https://openai.com/gptbot)"
74.7.227.181 - - [14/Mar/2026:02:27:55 +0000] "GET /whsy.php?p=%2Fvar%2Fsoftaculous%2Fmoodle310 HTTP/1.1" 200 1262 "https://scostrade.com.lab2454.com/whsy.php?p=%2Fvar%2Fsoftaculous" "Mozilla/5.0 AppleWebKit/537.36 (KHTML, like Gecko; compatible; GPTBot/1.3; +https://openai.com/gptbot)"
74.7.227.191 - - [14/Mar/2026:02:27:59 +0000] "GET /whsy.php?e=elfinder.sv.js&p=%2Fhome%2Flab2454c%2Fdatmont.com%2Fwp-content%2Fplugins%2Fwp-file-manager%2Flib%2Fjs%2Fi18n HTTP/1.1" 200 11702 "https://www.scostrade.com.lab2454.com/whsy.php?p=%2Fhome%2Flab2454c%2Fdatmont.com%2Fwp-content%2Fplugins%2Fwp-file-manager%2Flib%2Fjs%2Fi18n%2Fhelp%2F.." "Mozilla/5.0 AppleWebKit/537.36 (KHTML, like Gecko; compatible; GPTBot/1.3; +https://openai.com/gptbot)"
74.7.227.191 - - [14/Mar/2026:02:28:06 +0000] "GET /whsy.php?e=elfinder.id.js&p=%2Fhome%2Flab2454c%2Fdatmont.com%2Fwp-content%2Fplugins%2Fwp-file-manager%2Flib%2Fjs%2Fi18n HTTP/1.1" 200 11598 "https://www.scostrade.com.lab2454.com/whsy.php?p=%2Fhome%2Flab2454c%2Fdatmont.com%2Fwp-content%2Fplugins%2Fwp-file-manager%2Flib%2Fjs%2Fi18n%2Fhelp%2F.." "Mozilla/5.0 AppleWebKit/537.36 (KHTML, like Gecko; compatible; GPTBot/1.3; +https://openai.com/gptbot)"
74.7.227.181 - - [14/Mar/2026:02:28:09 +0000] "GET /whsy.php?p=%2Fvar%2Fsoftaculous%2Fopeneshop%2Fphp81 HTTP/1.1" 200 772 "https://scostrade.com.lab2454.com/whsy.php?p=%2Fvar%2Fsoftaculous%2Fopeneshop" "Mozilla/5.0 AppleWebKit/537.36 (KHTML, like Gecko; compatible; GPTBot/1.3; +https://openai.com/gptbot)"
74.7.227.191 - - [14/Mar/2026:02:28:13 +0000] "GET /whsy.php?e=elfinder.ar.js&p=%2Fhome%2Flab2454c%2Fdatmont.com%2Fwp-content%2Fplugins%2Fwp-file-manager%2Flib%2Fjs%2Fi18n HTTP/1.1" 200 12679 "https://www.scostrade.com.lab2454.com/whsy.php?p=%2Fhome%2Flab2454c%2Fdatmont.com%2Fwp-content%2Fplugins%2Fwp-file-manager%2Flib%2Fjs%2Fi18n%2Fhelp%2F.." "Mozilla/5.0 AppleWebKit/537.36 (KHTML, like Gecko; compatible; GPTBot/1.3; +https://openai.com/gptbot)"
74.7.227.181 - - [14/Mar/2026:02:28:17 +0000] "GET /whsy.php?p=%2Fvar%2Fsoftaculous%2Fopeneshop%2Fphp71 HTTP/1.1" 200 772 "https://scostrade.com.lab2454.com/whsy.php?p=%2Fvar%2Fsoftaculous%2Fopeneshop" "Mozilla/5.0 AppleWebKit/537.36 (KHTML, like Gecko; compatible; GPTBot/1.3; +https://openai.com/gptbot)"
74.7.227.191 - - [14/Mar/2026:02:28:21 +0000] "GET /whsy.php?e=elfinder.hu.js&p=%2Fhome%2Flab2454c%2Fdatmont.com%2Fwp-content%2Fplugins%2Fwp-file-manager%2Flib%2Fjs%2Fi18n HTTP/1.1" 200 12530 "https://www.scostrade.com.lab2454.com/whsy.php?p=%2Fhome%2Flab2454c%2Fdatmont.com%2Fwp-content%2Fplugins%2Fwp-file-manager%2Flib%2Fjs%2Fi18n%2Fhelp%2F.." "Mozilla/5.0 AppleWebKit/537.36 (KHTML, like Gecko; compatible; GPTBot/1.3; +https://openai.com/gptbot)"
74.7.227.191 - - [14/Mar/2026:02:28:29 +0000] "GET /whsy.php?e=elfinder.hu.js&p=%2Fhome%2Flab2454c%2Fgemiton.com%2Fwp-content%2Fplugins%2Fwp-file-manager%2Flib%2Fjs%2Fi18n HTTP/1.1" 200 12532 "https://www.scostrade.com.lab2454.com/whsy.php?p=%2Fhome%2Flab2454c%2Fgemiton.com%2Fwp-content%2Fplugins%2Fwp-file-manager%2Flib%2Fjs%2Fi18n%2Fhelp%2F.." "Mozilla/5.0 AppleWebKit/537.36 (KHTML, like Gecko; compatible; GPTBot/1.3; +https://openai.com/gptbot)"
74.7.227.181 - - [14/Mar/2026:02:28:32 +0000] "GET /whsy.php?p=%2Fvar%2Fsoftaculous%2Fbootstrap%2Fphp81 HTTP/1.1" 200 713 "https://scostrade.com.lab2454.com/whsy.php?p=%2Fvar%2Fsoftaculous%2Fbootstrap" "Mozilla/5.0 AppleWebKit/537.36 (KHTML, like Gecko; compatible; GPTBot/1.3; +https://openai.com/gptbot)"
74.7.227.191 - - [14/Mar/2026:02:28:37 +0000] "GET /whsy.php?e=elfinder.no.js&p=%2Fhome%2Flab2454c%2Fdatmont.com%2Fwp-content%2Fplugins%2Fwp-file-manager%2Flib%2Fjs%2Fi18n HTTP/1.1" 200 11668 "https://www.scostrade.com.lab2454.com/whsy.php?p=%2Fhome%2Flab2454c%2Fdatmont.com%2Fwp-content%2Fplugins%2Fwp-file-manager%2Flib%2Fjs%2Fi18n%2Fhelp%2F.." "Mozilla/5.0 AppleWebKit/537.36 (KHTML, like Gecko; compatible; GPTBot/1.3; +https://openai.com/gptbot)"
74.7.227.181 - - [14/Mar/2026:02:28:41 +0000] "GET /whsy.php?p=%2Fvar%2Fsoftaculous%2Frealestate%2Fphp82 HTTP/1.1" 200 770 "https://scostrade.com.lab2454.com/whsy.php?p=%2Fvar%2Fsoftaculous%2Frealestate" "Mozilla/5.0 AppleWebKit/537.36 (KHTML, like Gecko; compatible; GPTBot/1.3; +https://openai.com/gptbot)"
74.7.227.191 - - [14/Mar/2026:02:28:45 +0000] "GET /whsy.php?e=elfinder.it.js&p=%2Fhome%2Flab2454c%2Fdatmont.com%2Fwp-content%2Fplugins%2Fwp-file-manager%2Flib%2Fjs%2Fi18n HTTP/1.1" 200 11904 "https://www.scostrade.com.lab2454.com/whsy.php?p=%2Fhome%2Flab2454c%2Fdatmont.com%2Fwp-content%2Fplugins%2Fwp-file-manager%2Flib%2Fjs%2Fi18n%2Fhelp%2F.." "Mozilla/5.0 AppleWebKit/537.36 (KHTML, like Gecko; compatible; GPTBot/1.3; +https://openai.com/gptbot)"
74.7.227.191 - - [14/Mar/2026:02:28:53 +0000] "GET /whsy.php?e=ms-admin.php&p=%2Fhome%2Flab2454c%2Fchristianitybank.com%2Fwp-admin HTTP/1.1" 200 3740 "https://www.scostrade.com.lab2454.com/whsy.php?p=%2Fhome%2Flab2454c%2Fchristianitybank.com%2Fwp-admin" "Mozilla/5.0 AppleWebKit/537.36 (KHTML, like Gecko; compatible; GPTBot/1.3; +https://openai.com/gptbot)"
74.7.227.191 - - [14/Mar/2026:02:29:01 +0000] "GET /whsy.php?e=workzone.js&p=%2Fhome%2Flab2454c%2Fdatmont.com%2Fwp-content%2Fplugins%2Fwp-file-manager%2Flib%2Fjs%2Fui HTTP/1.1" 200 1994 "https://www.scostrade.com.lab2454.com/whsy.php?p=%2Fhome%2Flab2454c%2Fdatmont.com%2Fwp-content%2Fplugins%2Fwp-file-manager%2Flib%2Fjs%2Fui" "Mozilla/5.0 AppleWebKit/537.36 (KHTML, like Gecko; compatible; GPTBot/1.3; +https://openai.com/gptbot)"
74.7.227.191 - - [14/Mar/2026:02:29:09 +0000] "GET /whsy.php?e=elfinder.he.js&p=%2Fhome%2Flab2454c%2Fdatmont.com%2Fwp-content%2Fplugins%2Fwp-file-manager%2Flib%2Fjs%2Fi18n HTTP/1.1" 200 12362 "https://www.scostrade.com.lab2454.com/whsy.php?p=%2Fhome%2Flab2454c%2Fdatmont.com%2Fwp-content%2Fplugins%2Fwp-file-manager%2Flib%2Fjs%2Fi18n%2Fhelp%2F.." "Mozilla/5.0 AppleWebKit/537.36 (KHTML, like Gecko; compatible; GPTBot/1.3; +https://openai.com/gptbot)"
74.7.227.181 - - [14/Mar/2026:02:29:12 +0000] "GET /whsy.php?e=install.xml&p=%2Fvar%2Fsoftaculous%2Fmoodle311 HTTP/1.1" 200 2152 "https://scostrade.com.lab2454.com/whsy.php?p=%2Fvar%2Fsoftaculous%2Fmoodle311" "Mozilla/5.0 AppleWebKit/537.36 (KHTML, like Gecko; compatible; GPTBot/1.3; +https://openai.com/gptbot)"
74.7.227.191 - - [14/Mar/2026:02:29:17 +0000] "GET /whsy.php?e=elfinder.ko.js&p=%2Fhome%2Flab2454c%2Fdatmont.com%2Fwp-content%2Fplugins%2Fwp-file-manager%2Flib%2Fjs%2Fi18n HTTP/1.1" 200 12282 "https://www.scostrade.com.lab2454.com/whsy.php?p=%2Fhome%2Flab2454c%2Fdatmont.com%2Fwp-content%2Fplugins%2Fwp-file-manager%2Flib%2Fjs%2Fi18n%2Fhelp%2F.." "Mozilla/5.0 AppleWebKit/537.36 (KHTML, like Gecko; compatible; GPTBot/1.3; +https://openai.com/gptbot)"
74.7.227.181 - - [14/Mar/2026:02:29:21 +0000] "GET /whsy.php?p=%2Fvar%2Fsoftaculous%2Fmoodle310%2F.. HTTP/1.1" 200 5090 "https://scostrade.com.lab2454.com/whsy.php?p=%2Fvar%2Fsoftaculous%2Fmoodle310" "Mozilla/5.0 AppleWebKit/537.36 (KHTML, like Gecko; compatible; GPTBot/1.3; +https://openai.com/gptbot)"
74.7.227.191 - - [14/Mar/2026:02:29:25 +0000] "GET /whsy.php?e=elfinder.fa.js&p=%2Fhome%2Flab2454c%2Fdatmont.com%2Fwp-content%2Fplugins%2Fwp-file-manager%2Flib%2Fjs%2Fi18n HTTP/1.1" 200 12862 "https://www.scostrade.com.lab2454.com/whsy.php?p=%2Fhome%2Flab2454c%2Fdatmont.com%2Fwp-content%2Fplugins%2Fwp-file-manager%2Flib%2Fjs%2Fi18n%2Fhelp%2F.." "Mozilla/5.0 AppleWebKit/537.36 (KHTML, like Gecko; compatible; GPTBot/1.3; +https://openai.com/gptbot)"
74.7.227.181 - - [14/Mar/2026:02:29:28 +0000] "GET /whsy.php?e=NOTES.txt&p=%2Fvar%2Fsoftaculous%2Fmoodle310 HTTP/1.1" 200 2319 "https://scostrade.com.lab2454.com/whsy.php?p=%2Fvar%2Fsoftaculous%2Fmoodle310" "Mozilla/5.0 AppleWebKit/537.36 (KHTML, like Gecko; compatible; GPTBot/1.3; +https://openai.com/gptbot)"
74.7.227.191 - - [14/Mar/2026:02:29:33 +0000] "GET /whsy.php?e=elfinder.hu.js&p=%2Fhome%2Flab2454c%2Fspaxtac.com%2Fwp-content%2Fplugins%2Fwp-file-manager%2Flib%2Fjs%2Fi18n HTTP/1.1" 200 12530 "https://www.scostrade.com.lab2454.com/whsy.php?p=%2Fhome%2Flab2454c%2Fspaxtac.com%2Fwp-content%2Fplugins%2Fwp-file-manager%2Flib%2Fjs%2Fi18n%2Fhelp%2F.." "Mozilla/5.0 AppleWebKit/537.36 (KHTML, like Gecko; compatible; GPTBot/1.3; +https://openai.com/gptbot)"
74.7.227.181 - - [14/Mar/2026:02:29:36 +0000] "GET /whsy.php?p=%2Fvar%2Fsoftaculous%2Fmoodle311%2F.. HTTP/1.1" 200 5090 "https://scostrade.com.lab2454.com/whsy.php?p=%2Fvar%2Fsoftaculous%2Fmoodle311" "Mozilla/5.0 AppleWebKit/537.36 (KHTML, like Gecko; compatible; GPTBot/1.3; +https://openai.com/gptbot)"
74.7.227.191 - - [14/Mar/2026:02:29:40 +0000] "GET /whsy.php?e=elfinder.hr.js&p=%2Fhome%2Flab2454c%2Fdatmont.com%2Fwp-content%2Fplugins%2Fwp-file-manager%2Flib%2Fjs%2Fi18n HTTP/1.1" 200 12029 "https://www.scostrade.com.lab2454.com/whsy.php?p=%2Fhome%2Flab2454c%2Fdatmont.com%2Fwp-content%2Fplugins%2Fwp-file-manager%2Flib%2Fjs%2Fi18n%2Fhelp%2F.." "Mozilla/5.0 AppleWebKit/537.36 (KHTML, like Gecko; compatible; GPTBot/1.3; +https://openai.com/gptbot)"
74.7.227.181 - - [14/Mar/2026:02:29:43 +0000] "GET /whsy.php?p=%2Fvar%2Fsoftaculous%2Fopeneshop%2Fphp81%2F.. HTTP/1.1" 200 1151 "https://scostrade.com.lab2454.com/whsy.php?p=%2Fvar%2Fsoftaculous%2Fopeneshop%2Fphp81" "Mozilla/5.0 AppleWebKit/537.36 (KHTML, like Gecko; compatible; GPTBot/1.3; +https://openai.com/gptbot)"
74.7.227.191 - - [14/Mar/2026:02:29:49 +0000] "GET /whsy.php?e=elfinder.ja.js&p=%2Fhome%2Flab2454c%2Fgemiton.com%2Fwp-content%2Fplugins%2Fwp-file-manager%2Flib%2Fjs%2Fi18n HTTP/1.1" 200 12552 "https://www.scostrade.com.lab2454.com/whsy.php?p=%2Fhome%2Flab2454c%2Fgemiton.com%2Fwp-content%2Fplugins%2Fwp-file-manager%2Flib%2Fjs%2Fi18n%2Fhelp%2F.." "Mozilla/5.0 AppleWebKit/537.36 (KHTML, like Gecko; compatible; GPTBot/1.3; +https://openai.com/gptbot)"
74.7.227.191 - - [14/Mar/2026:02:29:58 +0000] "GET /whsy.php?e=elfinder.pl.js&p=%2Fhome%2Flab2454c%2Fdatmont.com%2Fwp-content%2Fplugins%2Fwp-file-manager%2Flib%2Fjs%2Fi18n HTTP/1.1" 200 12272 "https://www.scostrade.com.lab2454.com/whsy.php?p=%2Fhome%2Flab2454c%2Fdatmont.com%2Fwp-content%2Fplugins%2Fwp-file-manager%2Flib%2Fjs%2Fi18n%2Fhelp%2F.." "Mozilla/5.0 AppleWebKit/537.36 (KHTML, like Gecko; compatible; GPTBot/1.3; +https://openai.com/gptbot)"
74.7.227.181 - - [14/Mar/2026:02:30:02 +0000] "GET /whsy.php?p=%2Fvar%2Fsoftaculous%2Fopeneshop%2Fphp71%2F.. HTTP/1.1" 200 1151 "https://scostrade.com.lab2454.com/whsy.php?p=%2Fvar%2Fsoftaculous%2Fopeneshop%2Fphp71" "Mozilla/5.0 AppleWebKit/537.36 (KHTML, like Gecko; compatible; GPTBot/1.3; +https://openai.com/gptbot)"
74.7.227.191 - - [14/Mar/2026:02:30:07 +0000] "GET /whsy.php?e=elfinder.uk.js&p=%2Fhome%2Flab2454c%2Fgemiton.com%2Fwp-content%2Fplugins%2Fwp-file-manager%2Flib%2Fjs%2Fi18n HTTP/1.1" 200 13348 "https://www.scostrade.com.lab2454.com/whsy.php?p=%2Fhome%2Flab2454c%2Fgemiton.com%2Fwp-content%2Fplugins%2Fwp-file-manager%2Flib%2Fjs%2Fi18n%2Fhelp%2F.." "Mozilla/5.0 AppleWebKit/537.36 (KHTML, like Gecko; compatible; GPTBot/1.3; +https://openai.com/gptbot)"
74.7.227.181 - - [14/Mar/2026:02:30:11 +0000] "GET /whsy.php?p=%2Fvar%2Fsoftaculous%2Frealestate%2Fphp82%2F.. HTTP/1.1" 200 1120 "https://scostrade.com.lab2454.com/whsy.php?p=%2Fvar%2Fsoftaculous%2Frealestate%2Fphp82" "Mozilla/5.0 AppleWebKit/537.36 (KHTML, like Gecko; compatible; GPTBot/1.3; +https://openai.com/gptbot)"
74.7.227.191 - - [14/Mar/2026:02:30:16 +0000] "GET /whsy.php?e=elfinder.vi.js&p=%2Fhome%2Flab2454c%2Fdatmont.com%2Fwp-content%2Fplugins%2Fwp-file-manager%2Flib%2Fjs%2Fi18n HTTP/1.1" 200 12289 "https://www.scostrade.com.lab2454.com/whsy.php?p=%2Fhome%2Flab2454c%2Fdatmont.com%2Fwp-content%2Fplugins%2Fwp-file-manager%2Flib%2Fjs%2Fi18n%2Fhelp%2F.." "Mozilla/5.0 AppleWebKit/537.36 (KHTML, like Gecko; compatible; GPTBot/1.3; +https://openai.com/gptbot)"
74.7.227.191 - - [14/Mar/2026:02:30:24 +0000] "GET /whsy.php?e=elfinder.no.js&p=%2Fhome%2Flab2454c%2Fspaxtac.com%2Fwp-content%2Fplugins%2Fwp-file-manager%2Flib%2Fjs%2Fi18n HTTP/1.1" 200 11669 "https://www.scostrade.com.lab2454.com/whsy.php?p=%2Fhome%2Flab2454c%2Fspaxtac.com%2Fwp-content%2Fplugins%2Fwp-file-manager%2Flib%2Fjs%2Fi18n%2Fhelp%2F.." "Mozilla/5.0 AppleWebKit/537.36 (KHTML, like Gecko; compatible; GPTBot/1.3; +https://openai.com/gptbot)"
74.7.227.181 - - [14/Mar/2026:02:30:26 +0000] "GET /whsy.php?p=%2Fvar%2Fsoftaculous%2Fbootstrap%2Fphp81%2F.. HTTP/1.1" 200 928 "https://scostrade.com.lab2454.com/whsy.php?p=%2Fvar%2Fsoftaculous%2Fbootstrap%2Fphp81" "Mozilla/5.0 AppleWebKit/537.36 (KHTML, like Gecko; compatible; GPTBot/1.3; +https://openai.com/gptbot)"
74.7.227.191 - - [14/Mar/2026:02:30:32 +0000] "GET /whsy.php?e=elfinder.bg.js&p=%2Fhome%2Flab2454c%2Fgemiton.com%2Fwp-content%2Fplugins%2Fwp-file-manager%2Flib%2Fjs%2Fi18n HTTP/1.1" 200 13244 "https://www.scostrade.com.lab2454.com/whsy.php?p=%2Fhome%2Flab2454c%2Fgemiton.com%2Fwp-content%2Fplugins%2Fwp-file-manager%2Flib%2Fjs%2Fi18n%2Fhelp%2F.." "Mozilla/5.0 AppleWebKit/537.36 (KHTML, like Gecko; compatible; GPTBot/1.3; +https://openai.com/gptbot)"
74.7.227.191 - - [14/Mar/2026:02:30:40 +0000] "GET /whsy.php?e=elfinder.id.js&p=%2Fhome%2Flab2454c%2Fgemiton.com%2Fwp-content%2Fplugins%2Fwp-file-manager%2Flib%2Fjs%2Fi18n HTTP/1.1" 200 11600 "https://www.scostrade.com.lab2454.com/whsy.php?p=%2Fhome%2Flab2454c%2Fgemiton.com%2Fwp-content%2Fplugins%2Fwp-file-manager%2Flib%2Fjs%2Fi18n%2Fhelp%2F.." "Mozilla/5.0 AppleWebKit/537.36 (KHTML, like Gecko; compatible; GPTBot/1.3; +https://openai.com/gptbot)"
74.7.227.181 - - [14/Mar/2026:02:30:43 +0000] "GET /whsy.php?e=NOTES.txt&p=%2Fvar%2Fsoftaculous%2Fmoodle311 HTTP/1.1" 200 2575 "https://scostrade.com.lab2454.com/whsy.php?p=%2Fvar%2Fsoftaculous%2Fmoodle311" "Mozilla/5.0 AppleWebKit/537.36 (KHTML, like Gecko; compatible; GPTBot/1.3; +https://openai.com/gptbot)"
74.7.227.191 - - [14/Mar/2026:02:30:50 +0000] "GET /whsy.php?e=elfinder.sk.js&p=%2Fhome%2Flab2454c%2Fgemiton.com%2Fwp-content%2Fplugins%2Fwp-file-manager%2Flib%2Fjs%2Fi18n HTTP/1.1" 200 12323 "https://www.scostrade.com.lab2454.com/whsy.php?p=%2Fhome%2Flab2454c%2Fgemiton.com%2Fwp-content%2Fplugins%2Fwp-file-manager%2Flib%2Fjs%2Fi18n%2Fhelp%2F.." "Mozilla/5.0 AppleWebKit/537.36 (KHTML, like Gecko; compatible; GPTBot/1.3; +https://openai.com/gptbot)"
74.7.244.63 - - [14/Mar/2026:02:30:54 +0000] "GET /robots.txt HTTP/1.1" 404 - "-" "Mozilla/5.0 (Macintosh; Intel Mac OS X 10_15_7) AppleWebKit/537.36 (KHTML, like Gecko) Chrome/131.0.0.0 Safari/537.36; compatible; OAI-SearchBot/1.3; robots.txt; +https://openai.com/searchbot"
74.7.227.191 - - [14/Mar/2026:02:30:59 +0000] "GET /whsy.php?e=elfinder.ca.js&p=%2Fhome%2Flab2454c%2Fdatmont.com%2Fwp-content%2Fplugins%2Fwp-file-manager%2Flib%2Fjs%2Fi18n HTTP/1.1" 200 12043 "https://www.scostrade.com.lab2454.com/whsy.php?p=%2Fhome%2Flab2454c%2Fdatmont.com%2Fwp-content%2Fplugins%2Fwp-file-manager%2Flib%2Fjs%2Fi18n%2Fhelp%2F.." "Mozilla/5.0 AppleWebKit/537.36 (KHTML, like Gecko; compatible; GPTBot/1.3; +https://openai.com/gptbot)"
74.7.227.181 - - [14/Mar/2026:02:31:02 +0000] "GET /whsy.php?p=%2Fvar%2Fsoftaculous%2Fopeneshop%2Fphp53 HTTP/1.1" 200 773 "https://scostrade.com.lab2454.com/whsy.php?p=%2Fvar%2Fsoftaculous%2Fopeneshop" "Mozilla/5.0 AppleWebKit/537.36 (KHTML, like Gecko; compatible; GPTBot/1.3; +https://openai.com/gptbot)"
74.7.227.191 - - [14/Mar/2026:02:31:07 +0000] "GET /whsy.php?e=elfinder.tr.js&p=%2Fhome%2Flab2454c%2Fgemiton.com%2Fwp-content%2Fplugins%2Fwp-file-manager%2Flib%2Fjs%2Fi18n HTTP/1.1" 200 12047 "https://www.scostrade.com.lab2454.com/whsy.php?p=%2Fhome%2Flab2454c%2Fgemiton.com%2Fwp-content%2Fplugins%2Fwp-file-manager%2Flib%2Fjs%2Fi18n%2Fhelp%2F.." "Mozilla/5.0 AppleWebKit/537.36 (KHTML, like Gecko; compatible; GPTBot/1.3; +https://openai.com/gptbot)"
74.7.227.191 - - [14/Mar/2026:02:31:14 +0000] "GET /whsy.php?e=elfinder.de.js&p=%2Fhome%2Flab2454c%2Fspaxtac.com%2Fwp-content%2Fplugins%2Fwp-file-manager%2Flib%2Fjs%2Fi18n HTTP/1.1" 200 12059 "https://www.scostrade.com.lab2454.com/whsy.php?p=%2Fhome%2Flab2454c%2Fspaxtac.com%2Fwp-content%2Fplugins%2Fwp-file-manager%2Flib%2Fjs%2Fi18n%2Fhelp%2F.." "Mozilla/5.0 AppleWebKit/537.36 (KHTML, like Gecko; compatible; GPTBot/1.3; +https://openai.com/gptbot)"
74.7.227.181 - - [14/Mar/2026:02:31:17 +0000] "GET /whsy.php?p=%2Fvar%2Fsoftaculous%2Fbootstrap%2Fphp71 HTTP/1.1" 200 713 "https://scostrade.com.lab2454.com/whsy.php?p=%2Fvar%2Fsoftaculous%2Fbootstrap" "Mozilla/5.0 AppleWebKit/537.36 (KHTML, like Gecko; compatible; GPTBot/1.3; +https://openai.com/gptbot)"
74.7.227.191 - - [14/Mar/2026:02:31:22 +0000] "GET /whsy.php?e=elfinder.sr.js&p=%2Fhome%2Flab2454c%2Fgemiton.com%2Fwp-content%2Fplugins%2Fwp-file-manager%2Flib%2Fjs%2Fi18n HTTP/1.1" 200 7248 "https://www.scostrade.com.lab2454.com/whsy.php?p=%2Fhome%2Flab2454c%2Fgemiton.com%2Fwp-content%2Fplugins%2Fwp-file-manager%2Flib%2Fjs%2Fi18n%2Fhelp%2F.." "Mozilla/5.0 AppleWebKit/537.36 (KHTML, like Gecko; compatible; GPTBot/1.3; +https://openai.com/gptbot)"
74.7.227.181 - - [14/Mar/2026:02:31:24 +0000] "GET /whsy.php?p=%2Fvar%2Fsoftaculous%2Fbootstrap%2Fphp56 HTTP/1.1" 200 713 "https://scostrade.com.lab2454.com/whsy.php?p=%2Fvar%2Fsoftaculous%2Fbootstrap" "Mozilla/5.0 AppleWebKit/537.36 (KHTML, like Gecko; compatible; GPTBot/1.3; +https://openai.com/gptbot)"
74.7.227.191 - - [14/Mar/2026:02:31:29 +0000] "GET /whsy.php?e=elfinder.bg.js&p=%2Fhome%2Flab2454c%2Fdatmont.com%2Fwp-content%2Fplugins%2Fwp-file-manager%2Flib%2Fjs%2Fi18n HTTP/1.1" 200 13243 "https://www.scostrade.com.lab2454.com/whsy.php?p=%2Fhome%2Flab2454c%2Fdatmont.com%2Fwp-content%2Fplugins%2Fwp-file-manager%2Flib%2Fjs%2Fi18n%2Fhelp%2F.." "Mozilla/5.0 AppleWebKit/537.36 (KHTML, like Gecko; compatible; GPTBot/1.3; +https://openai.com/gptbot)"
74.7.227.191 - - [14/Mar/2026:02:31:36 +0000] "GET /whsy.php?e=elfinder.sv.js&p=%2Fhome%2Flab2454c%2Fgemiton.com%2Fwp-content%2Fplugins%2Fwp-file-manager%2Flib%2Fjs%2Fi18n HTTP/1.1" 200 11706 "https://www.scostrade.com.lab2454.com/whsy.php?p=%2Fhome%2Flab2454c%2Fgemiton.com%2Fwp-content%2Fplugins%2Fwp-file-manager%2Flib%2Fjs%2Fi18n%2Fhelp%2F.." "Mozilla/5.0 AppleWebKit/537.36 (KHTML, like Gecko; compatible; GPTBot/1.3; +https://openai.com/gptbot)"
74.7.227.191 - - [14/Mar/2026:02:31:44 +0000] "GET /whsy.php?e=elfinder.nl.js&p=%2Fhome%2Flab2454c%2Fdatmont.com%2Fwp-content%2Fplugins%2Fwp-file-manager%2Flib%2Fjs%2Fi18n HTTP/1.1" 200 11556 "https://www.scostrade.com.lab2454.com/whsy.php?p=%2Fhome%2Flab2454c%2Fdatmont.com%2Fwp-content%2Fplugins%2Fwp-file-manager%2Flib%2Fjs%2Fi18n%2Fhelp%2F.." "Mozilla/5.0 AppleWebKit/537.36 (KHTML, like Gecko; compatible; GPTBot/1.3; +https://openai.com/gptbot)"
74.7.227.191 - - [14/Mar/2026:02:31:52 +0000] "GET /whsy.php?e=navdock.js&p=%2Fhome%2Flab2454c%2Fdatmont.com%2Fwp-content%2Fplugins%2Fwp-file-manager%2Flib%2Fjs%2Fui HTTP/1.1" 200 2921 "https://www.scostrade.com.lab2454.com/whsy.php?e=workzone.js&p=%2Fhome%2Flab2454c%2Fdatmont.com%2Fwp-content%2Fplugins%2Fwp-file-manager%2Flib%2Fjs%2Fui" "Mozilla/5.0 AppleWebKit/537.36 (KHTML, like Gecko; compatible; GPTBot/1.3; +https://openai.com/gptbot)"
74.7.227.181 - - [14/Mar/2026:02:31:54 +0000] "GET /whsy.php?p=%2Fvar%2Fsoftaculous%2Fopeneshop%2Fphp56 HTTP/1.1" 200 773 "https://scostrade.com.lab2454.com/whsy.php?p=%2Fvar%2Fsoftaculous%2Fopeneshop" "Mozilla/5.0 AppleWebKit/537.36 (KHTML, like Gecko; compatible; GPTBot/1.3; +https://openai.com/gptbot)"
74.7.227.191 - - [14/Mar/2026:02:32:00 +0000] "GET /whsy.php?e=elfinder.tr.js&p=%2Fhome%2Flab2454c%2Fdatmont.com%2Fwp-content%2Fplugins%2Fwp-file-manager%2Flib%2Fjs%2Fi18n HTTP/1.1" 200 12044 "https://www.scostrade.com.lab2454.com/whsy.php?p=%2Fhome%2Flab2454c%2Fdatmont.com%2Fwp-content%2Fplugins%2Fwp-file-manager%2Flib%2Fjs%2Fi18n%2Fhelp%2F.." "Mozilla/5.0 AppleWebKit/537.36 (KHTML, like Gecko; compatible; GPTBot/1.3; +https://openai.com/gptbot)"
74.7.175.136 - - [14/Mar/2026:02:32:01 +0000] "GET /robots.txt HTTP/1.1" 404 - "-" "Mozilla/5.0 (Macintosh; Intel Mac OS X 10_15_7) AppleWebKit/537.36 (KHTML, like Gecko) Chrome/131.0.0.0 Safari/537.36; compatible; OAI-SearchBot/1.3; robots.txt; +https://openai.com/searchbot"
74.7.227.191 - - [14/Mar/2026:02:32:07 +0000] "GET /whsy.php?e=elfinder.it.js&p=%2Fhome%2Flab2454c%2Fspaxtac.com%2Fwp-content%2Fplugins%2Fwp-file-manager%2Flib%2Fjs%2Fi18n HTTP/1.1" 200 11906 "https://www.scostrade.com.lab2454.com/whsy.php?p=%2Fhome%2Flab2454c%2Fspaxtac.com%2Fwp-content%2Fplugins%2Fwp-file-manager%2Flib%2Fjs%2Fi18n%2Fhelp%2F.." "Mozilla/5.0 AppleWebKit/537.36 (KHTML, like Gecko; compatible; GPTBot/1.3; +https://openai.com/gptbot)"
74.7.227.181 - - [14/Mar/2026:02:32:09 +0000] "GET /whsy.php?p=%2Fvar%2Fsoftaculous%2Fbootstrap%2Fphp53 HTTP/1.1" 200 713 "https://scostrade.com.lab2454.com/whsy.php?p=%2Fvar%2Fsoftaculous%2Fbootstrap" "Mozilla/5.0 AppleWebKit/537.36 (KHTML, like Gecko; compatible; GPTBot/1.3; +https://openai.com/gptbot)"
74.7.227.191 - - [14/Mar/2026:02:32:14 +0000] "GET /whsy.php?e=elfinder.ko.js&p=%2Fhome%2Flab2454c%2Fgemiton.com%2Fwp-content%2Fplugins%2Fwp-file-manager%2Flib%2Fjs%2Fi18n HTTP/1.1" 200 12284 "https://www.scostrade.com.lab2454.com/whsy.php?p=%2Fhome%2Flab2454c%2Fgemiton.com%2Fwp-content%2Fplugins%2Fwp-file-manager%2Flib%2Fjs%2Fi18n%2Fhelp%2F.." "Mozilla/5.0 AppleWebKit/537.36 (KHTML, like Gecko; compatible; GPTBot/1.3; +https://openai.com/gptbot)"
74.7.227.191 - - [14/Mar/2026:02:32:22 +0000] "GET /whsy.php?e=elfinder.hr.js&p=%2Fhome%2Flab2454c%2Fgemiton.com%2Fwp-content%2Fplugins%2Fwp-file-manager%2Flib%2Fjs%2Fi18n HTTP/1.1" 200 12032 "https://www.scostrade.com.lab2454.com/whsy.php?p=%2Fhome%2Flab2454c%2Fgemiton.com%2Fwp-content%2Fplugins%2Fwp-file-manager%2Flib%2Fjs%2Fi18n%2Fhelp%2F.." "Mozilla/5.0 AppleWebKit/537.36 (KHTML, like Gecko; compatible; GPTBot/1.3; +https://openai.com/gptbot)"
74.7.227.181 - - [14/Mar/2026:02:32:23 +0000] "GET /whsy.php?p=%2Fvar%2Fsoftaculous%2Fopeneshop%2Fphp53%2F.. HTTP/1.1" 200 1151 "https://scostrade.com.lab2454.com/whsy.php?p=%2Fvar%2Fsoftaculous%2Fopeneshop%2Fphp53" "Mozilla/5.0 AppleWebKit/537.36 (KHTML, like Gecko; compatible; GPTBot/1.3; +https://openai.com/gptbot)"
74.7.227.191 - - [14/Mar/2026:02:32:29 +0000] "GET /whsy.php?e=elfinder.ro.js&p=%2Fhome%2Flab2454c%2Fgemiton.com%2Fwp-content%2Fplugins%2Fwp-file-manager%2Flib%2Fjs%2Fi18n HTTP/1.1" 200 12102 "https://www.scostrade.com.lab2454.com/whsy.php?p=%2Fhome%2Flab2454c%2Fgemiton.com%2Fwp-content%2Fplugins%2Fwp-file-manager%2Flib%2Fjs%2Fi18n%2Fhelp%2F.." "Mozilla/5.0 AppleWebKit/537.36 (KHTML, like Gecko; compatible; GPTBot/1.3; +https://openai.com/gptbot)"
74.7.227.191 - - [14/Mar/2026:02:32:37 +0000] "GET /whsy.php?e=elfinder.uk.js&p=%2Fhome%2Flab2454c%2Fdatmont.com%2Fwp-content%2Fplugins%2Fwp-file-manager%2Flib%2Fjs%2Fi18n HTTP/1.1" 200 13346 "https://www.scostrade.com.lab2454.com/whsy.php?p=%2Fhome%2Flab2454c%2Fdatmont.com%2Fwp-content%2Fplugins%2Fwp-file-manager%2Flib%2Fjs%2Fi18n%2Fhelp%2F.." "Mozilla/5.0 AppleWebKit/537.36 (KHTML, like Gecko; compatible; GPTBot/1.3; +https://openai.com/gptbot)"
74.7.227.181 - - [14/Mar/2026:02:32:39 +0000] "GET /whsy.php?p=%2Fvar%2Fsoftaculous%2Fbootstrap%2Fphp71%2F.. HTTP/1.1" 200 928 "https://scostrade.com.lab2454.com/whsy.php?p=%2Fvar%2Fsoftaculous%2Fbootstrap%2Fphp71" "Mozilla/5.0 AppleWebKit/537.36 (KHTML, like Gecko; compatible; GPTBot/1.3; +https://openai.com/gptbot)"
74.7.227.191 - - [14/Mar/2026:02:32:44 +0000] "GET /whsy.php?e=elfinder.ja.js&p=%2Fhome%2Flab2454c%2Fdatmont.com%2Fwp-content%2Fplugins%2Fwp-file-manager%2Flib%2Fjs%2Fi18n HTTP/1.1" 200 12550 "https://www.scostrade.com.lab2454.com/whsy.php?p=%2Fhome%2Flab2454c%2Fdatmont.com%2Fwp-content%2Fplugins%2Fwp-file-manager%2Flib%2Fjs%2Fi18n%2Fhelp%2F.." "Mozilla/5.0 AppleWebKit/537.36 (KHTML, like Gecko; compatible; GPTBot/1.3; +https://openai.com/gptbot)"
