74.7.242.37 - - [13/Mar/2026:19:31:04 +0000] "GET /whsy.php?e=udp6&p=%2Fproc%2F29103%2Fnet HTTP/1.1" 200 859 "https://www.scostrade.com.lab2454.com/whsy.php?p=%2Fproc%2F29103%2Fnet" "Mozilla/5.0 AppleWebKit/537.36 (KHTML, like Gecko; compatible; GPTBot/1.3; +https://openai.com/gptbot)"
74.7.242.37 - - [13/Mar/2026:19:31:12 +0000] "GET /whsy.php?e=raw6&p=%2Fproc%2F31502%2Fnet HTTP/1.1" 200 859 "https://www.scostrade.com.lab2454.com/whsy.php?p=%2Fproc%2F31502%2Fnet" "Mozilla/5.0 AppleWebKit/537.36 (KHTML, like Gecko; compatible; GPTBot/1.3; +https://openai.com/gptbot)"
74.7.242.37 - - [13/Mar/2026:19:31:19 +0000] "GET /whsy.php?e=udp6&p=%2Fproc%2F31029%2Fnet HTTP/1.1" 200 2681 "https://www.scostrade.com.lab2454.com/whsy.php?p=%2Fproc%2F31029%2Fnet" "Mozilla/5.0 AppleWebKit/537.36 (KHTML, like Gecko; compatible; GPTBot/1.3; +https://openai.com/gptbot)"
74.7.227.179 - - [13/Mar/2026:19:31:19 +0000] "GET /whsy.php?e=svgsupport.pot&p=%2Fhome%2Flab2454c%2Fcarbonbullion.net%2Fwp-content%2Fplugins%2Fsvg-support%2Flanguages HTTP/1.1" 200 3392 "https://scostrade.com.lab2454.com/whsy.php?p=%2Fhome%2Flab2454c%2Fcarbonbullion.net%2Fwp-content%2Fplugins%2Fsvg-support%2Flanguages" "Mozilla/5.0 AppleWebKit/537.36 (KHTML, like Gecko; compatible; GPTBot/1.3; +https://openai.com/gptbot)"
74.7.242.37 - - [13/Mar/2026:19:31:26 +0000] "GET /whsy.php?e=raw6&p=%2Fproc%2F31067%2Fnet HTTP/1.1" 200 2583 "https://www.scostrade.com.lab2454.com/whsy.php?e=protocols&p=%2Fproc%2F31067%2Fnet" "Mozilla/5.0 AppleWebKit/537.36 (KHTML, like Gecko; compatible; GPTBot/1.3; +https://openai.com/gptbot)"
74.7.227.179 - - [13/Mar/2026:19:31:26 +0000] "GET /whsy.php?e=sample_products.csv&p=%2Fhome%2Flab2454c%2Fcarbonbullion.net%2Fwp-content%2Fplugins%2Fwoocommerce%2Fsample-data HTTP/1.1" 200 3278 "https://scostrade.com.lab2454.com/whsy.php?p=%2Fhome%2Flab2454c%2Fcarbonbullion.net%2Fwp-content%2Fplugins%2Fwoocommerce%2Fsample-data" "Mozilla/5.0 AppleWebKit/537.36 (KHTML, like Gecko; compatible; GPTBot/1.3; +https://openai.com/gptbot)"
74.7.242.37 - - [13/Mar/2026:19:31:34 +0000] "GET /whsy.php?e=udp6&p=%2Fproc%2F14456%2Fnet HTTP/1.1" 200 859 "https://www.scostrade.com.lab2454.com/whsy.php?p=%2Fproc%2F14456%2Fnet" "Mozilla/5.0 AppleWebKit/537.36 (KHTML, like Gecko; compatible; GPTBot/1.3; +https://openai.com/gptbot)"
74.7.242.37 - - [13/Mar/2026:19:31:44 +0000] "GET /whsy.php?e=raw6&p=%2Fproc%2F32095%2Fnet HTTP/1.1" 200 859 "https://www.scostrade.com.lab2454.com/whsy.php?p=%2Fproc%2F32095%2Fnet" "Mozilla/5.0 AppleWebKit/537.36 (KHTML, like Gecko; compatible; GPTBot/1.3; +https://openai.com/gptbot)"
74.7.227.179 - - [13/Mar/2026:19:31:44 +0000] "GET /whsy.php?e=experimental_sample_9_products.csv&p=%2Fhome%2Flab2454c%2Fcarbonbullion.net%2Fwp-content%2Fplugins%2Fwoocommerce%2Fsample-data HTTP/1.1" 200 2157 "https://scostrade.com.lab2454.com/whsy.php?p=%2Fhome%2Flab2454c%2Fcarbonbullion.net%2Fwp-content%2Fplugins%2Fwoocommerce%2Fsample-data" "Mozilla/5.0 AppleWebKit/537.36 (KHTML, like Gecko; compatible; GPTBot/1.3; +https://openai.com/gptbot)"
74.7.242.37 - - [13/Mar/2026:19:31:52 +0000] "GET /whsy.php?p=%2Fproc%2F31027%2Fnet%2Fnfsfs HTTP/1.1" 200 700 "https://www.scostrade.com.lab2454.com/whsy.php?e=udp6&p=%2Fproc%2F31027%2Fnet" "Mozilla/5.0 AppleWebKit/537.36 (KHTML, like Gecko; compatible; GPTBot/1.3; +https://openai.com/gptbot)"
74.7.242.37 - - [13/Mar/2026:19:32:03 +0000] "GET /whsy.php?e=raw6&p=%2Fproc%2F31027%2Fnet HTTP/1.1" 200 2583 "https://www.scostrade.com.lab2454.com/whsy.php?e=udp6&p=%2Fproc%2F31027%2Fnet" "Mozilla/5.0 AppleWebKit/537.36 (KHTML, like Gecko; compatible; GPTBot/1.3; +https://openai.com/gptbot)"
74.7.227.179 - - [13/Mar/2026:19:32:03 +0000] "GET /whsy.php?e=experimental_fashion_sample_9_products.csv&p=%2Fhome%2Flab2454c%2Fcarbonbullion.net%2Fwp-content%2Fplugins%2Fwoocommerce%2Fsample-data HTTP/1.1" 200 2282 "https://scostrade.com.lab2454.com/whsy.php?p=%2Fhome%2Flab2454c%2Fcarbonbullion.net%2Fwp-content%2Fplugins%2Fwoocommerce%2Fsample-data" "Mozilla/5.0 AppleWebKit/537.36 (KHTML, like Gecko; compatible; GPTBot/1.3; +https://openai.com/gptbot)"
74.7.242.37 - - [13/Mar/2026:19:32:11 +0000] "GET /whsy.php?e=raw6&p=%2Fproc%2F17913%2Fnet HTTP/1.1" 200 2583 "https://www.scostrade.com.lab2454.com/whsy.php?p=%2Fproc%2F17913%2Fnet" "Mozilla/5.0 AppleWebKit/537.36 (KHTML, like Gecko; compatible; GPTBot/1.3; +https://openai.com/gptbot)"
74.7.242.37 - - [13/Mar/2026:19:32:20 +0000] "GET /whsy.php?e=raw6&p=%2Fproc%2F30577%2Fnet HTTP/1.1" 200 2584 "https://www.scostrade.com.lab2454.com/whsy.php?e=ip_vs&p=%2Fproc%2F30577%2Fnet" "Mozilla/5.0 AppleWebKit/537.36 (KHTML, like Gecko; compatible; GPTBot/1.3; +https://openai.com/gptbot)"
74.7.242.37 - - [13/Mar/2026:19:32:27 +0000] "GET /whsy.php?e=raw6&p=%2Fproc%2F18643%2Fnet HTTP/1.1" 200 2583 "https://www.scostrade.com.lab2454.com/whsy.php?p=%2Fproc%2F18643%2Fnet" "Mozilla/5.0 AppleWebKit/537.36 (KHTML, like Gecko; compatible; GPTBot/1.3; +https://openai.com/gptbot)"
74.7.227.179 - - [13/Mar/2026:19:32:28 +0000] "GET /whsy.php?p=%2Fhome%2Flab2454c%2Fcarbonbullion.net%2Fwp-content%2Fplugins%2Fsvg-support%2Flanguages%2F.. HTTP/1.1" 200 907 "https://scostrade.com.lab2454.com/whsy.php?p=%2Fhome%2Flab2454c%2Fcarbonbullion.net%2Fwp-content%2Fplugins%2Fsvg-support%2Flanguages" "Mozilla/5.0 AppleWebKit/537.36 (KHTML, like Gecko; compatible; GPTBot/1.3; +https://openai.com/gptbot)"
74.7.242.37 - - [13/Mar/2026:19:32:38 +0000] "GET /whsy.php?e=raw6&p=%2Fproc%2F21378%2Fnet HTTP/1.1" 200 859 "https://www.scostrade.com.lab2454.com/whsy.php?p=%2Fproc%2F21378%2Fnet" "Mozilla/5.0 AppleWebKit/537.36 (KHTML, like Gecko; compatible; GPTBot/1.3; +https://openai.com/gptbot)"
74.7.242.37 - - [13/Mar/2026:19:32:48 +0000] "GET /whsy.php?e=udp6&p=%2Fproc%2F31030%2Fnet HTTP/1.1" 200 2681 "https://www.scostrade.com.lab2454.com/whsy.php?p=%2Fproc%2F31030%2Fnet" "Mozilla/5.0 AppleWebKit/537.36 (KHTML, like Gecko; compatible; GPTBot/1.3; +https://openai.com/gptbot)"
74.7.242.37 - - [13/Mar/2026:19:33:00 +0000] "GET /whsy.php?e=udp6&p=%2Fproc%2F31028%2Fnet HTTP/1.1" 200 2681 "https://www.scostrade.com.lab2454.com/whsy.php?p=%2Fproc%2F31028%2Fnet" "Mozilla/5.0 AppleWebKit/537.36 (KHTML, like Gecko; compatible; GPTBot/1.3; +https://openai.com/gptbot)"
74.7.227.179 - - [13/Mar/2026:19:33:00 +0000] "GET /whsy.php?e=LegacyProxy.php&p=%2Fhome%2Flab2454c%2Fcarbonbullion.net%2Fwp-content%2Fplugins%2Fwoocommerce%2Fsrc%2FProxies HTTP/1.1" 200 2203 "https://scostrade.com.lab2454.com/whsy.php?p=%2Fhome%2Flab2454c%2Fcarbonbullion.net%2Fwp-content%2Fplugins%2Fwoocommerce%2Fsrc%2FProxies" "Mozilla/5.0 AppleWebKit/537.36 (KHTML, like Gecko; compatible; GPTBot/1.3; +https://openai.com/gptbot)"
74.7.242.37 - - [13/Mar/2026:19:33:08 +0000] "GET /whsy.php?e=raw6&p=%2Fproc%2F18578%2Fnet HTTP/1.1" 200 859 "https://www.scostrade.com.lab2454.com/whsy.php?p=%2Fproc%2F18578%2Fnet" "Mozilla/5.0 AppleWebKit/537.36 (KHTML, like Gecko; compatible; GPTBot/1.3; +https://openai.com/gptbot)"
74.7.242.37 - - [13/Mar/2026:19:33:15 +0000] "GET /whsy.php?e=raw6&p=%2Fproc%2F31029%2Fnet HTTP/1.1" 200 2582 "https://www.scostrade.com.lab2454.com/whsy.php?e=udp6&p=%2Fproc%2F31029%2Fnet" "Mozilla/5.0 AppleWebKit/537.36 (KHTML, like Gecko; compatible; GPTBot/1.3; +https://openai.com/gptbot)"
74.7.227.179 - - [13/Mar/2026:19:33:16 +0000] "GET /whsy.php?e=ActionsProxy.php&p=%2Fhome%2Flab2454c%2Fcarbonbullion.net%2Fwp-content%2Fplugins%2Fwoocommerce%2Fsrc%2FProxies HTTP/1.1" 200 1276 "https://scostrade.com.lab2454.com/whsy.php?p=%2Fhome%2Flab2454c%2Fcarbonbullion.net%2Fwp-content%2Fplugins%2Fwoocommerce%2Fsrc%2FProxies" "Mozilla/5.0 AppleWebKit/537.36 (KHTML, like Gecko; compatible; GPTBot/1.3; +https://openai.com/gptbot)"
74.7.242.37 - - [13/Mar/2026:19:33:23 +0000] "GET /whsy.php?e=raw6&p=%2Fproc%2F13841%2Fnet HTTP/1.1" 200 859 "https://www.scostrade.com.lab2454.com/whsy.php?p=%2Fproc%2F13841%2Fnet" "Mozilla/5.0 AppleWebKit/537.36 (KHTML, like Gecko; compatible; GPTBot/1.3; +https://openai.com/gptbot)"
74.7.227.179 - - [13/Mar/2026:19:33:23 +0000] "GET /whsy.php?p=%2Fhome%2Flab2454c%2Fcarbonbullion.net%2Fwp-content%2Fplugins%2Fwoocommerce%2Fassets HTTP/1.1" 200 594 "https://scostrade.com.lab2454.com/whsy.php?p=%2Fhome%2Flab2454c%2Fcarbonbullion.net%2Fwp-content%2Fplugins%2Fwoocommerce" "Mozilla/5.0 AppleWebKit/537.36 (KHTML, like Gecko; compatible; GPTBot/1.3; +https://openai.com/gptbot)"
74.7.242.37 - - [13/Mar/2026:19:33:30 +0000] "GET /whsy.php?e=raw6&p=%2Fproc%2F31779%2Fnet HTTP/1.1" 200 859 "https://www.scostrade.com.lab2454.com/whsy.php?p=%2Fproc%2F31779%2Fnet" "Mozilla/5.0 AppleWebKit/537.36 (KHTML, like Gecko; compatible; GPTBot/1.3; +https://openai.com/gptbot)"
74.7.242.37 - - [13/Mar/2026:19:33:39 +0000] "GET /whsy.php?e=raw6&p=%2Fproc%2F11053%2Fnet HTTP/1.1" 200 2583 "https://www.scostrade.com.lab2454.com/whsy.php?p=%2Fproc%2F11053%2Fnet" "Mozilla/5.0 AppleWebKit/537.36 (KHTML, like Gecko; compatible; GPTBot/1.3; +https://openai.com/gptbot)"
74.7.227.179 - - [13/Mar/2026:19:33:40 +0000] "GET /whsy.php?p=%2Fopt%2Fbitninja-threat-hunting%2Fconfig%2F.. HTTP/1.1" 200 872 "https://scostrade.com.lab2454.com/whsy.php?p=%2Fopt%2Fbitninja-threat-hunting%2Fconfig" "Mozilla/5.0 AppleWebKit/537.36 (KHTML, like Gecko; compatible; GPTBot/1.3; +https://openai.com/gptbot)"
74.7.242.37 - - [13/Mar/2026:19:33:53 +0000] "GET /whsy.php?e=raw6&p=%2Fproc%2F11384%2Fnet HTTP/1.1" 200 2583 "https://www.scostrade.com.lab2454.com/whsy.php?e=ip_vs&p=%2Fproc%2F11384%2Fnet" "Mozilla/5.0 AppleWebKit/537.36 (KHTML, like Gecko; compatible; GPTBot/1.3; +https://openai.com/gptbot)"
74.7.227.179 - - [13/Mar/2026:19:33:54 +0000] "GET /whsy.php?p=%2Fhome%2Flab2454c%2Fcarbonbullion.net%2Fwp-content%2Fplugins%2Fwoocommerce%2Fvendor HTTP/1.1" 200 876 "https://scostrade.com.lab2454.com/whsy.php?p=%2Fhome%2Flab2454c%2Fcarbonbullion.net%2Fwp-content%2Fplugins%2Fwoocommerce" "Mozilla/5.0 AppleWebKit/537.36 (KHTML, like Gecko; compatible; GPTBot/1.3; +https://openai.com/gptbot)"
74.7.244.60 - - [13/Mar/2026:19:33:54 +0000] "GET /robots.txt HTTP/1.1" 404 - "-" "Mozilla/5.0 (Macintosh; Intel Mac OS X 10_15_7) AppleWebKit/537.36 (KHTML, like Gecko) Chrome/131.0.0.0 Safari/537.36; compatible; OAI-SearchBot/1.3; robots.txt; +https://openai.com/searchbot"
74.7.242.37 - - [13/Mar/2026:19:34:04 +0000] "GET /whsy.php?e=raw6&p=%2Fproc%2F18767%2Fnet HTTP/1.1" 200 2584 "https://www.scostrade.com.lab2454.com/whsy.php?e=udp6&p=%2Fproc%2F18767%2Fnet" "Mozilla/5.0 AppleWebKit/537.36 (KHTML, like Gecko; compatible; GPTBot/1.3; +https://openai.com/gptbot)"
74.7.242.37 - - [13/Mar/2026:19:34:13 +0000] "GET /whsy.php?e=udp6&p=%2Fproc%2F18646%2Fnet HTTP/1.1" 200 2681 "https://www.scostrade.com.lab2454.com/whsy.php?e=ip_vs&p=%2Fproc%2F18646%2Fnet" "Mozilla/5.0 AppleWebKit/537.36 (KHTML, like Gecko; compatible; GPTBot/1.3; +https://openai.com/gptbot)"
74.7.242.37 - - [13/Mar/2026:19:34:21 +0000] "GET /whsy.php?e=raw6&p=%2Fproc%2F14943%2Fnet HTTP/1.1" 200 859 "https://www.scostrade.com.lab2454.com/whsy.php?p=%2Fproc%2F14943%2Fnet" "Mozilla/5.0 AppleWebKit/537.36 (KHTML, like Gecko; compatible; GPTBot/1.3; +https://openai.com/gptbot)"
74.7.242.37 - - [13/Mar/2026:19:34:28 +0000] "GET /whsy.php?e=raw6&p=%2Fproc%2F31030%2Fnet HTTP/1.1" 200 2581 "https://www.scostrade.com.lab2454.com/whsy.php?e=udp6&p=%2Fproc%2F31030%2Fnet" "Mozilla/5.0 AppleWebKit/537.36 (KHTML, like Gecko; compatible; GPTBot/1.3; +https://openai.com/gptbot)"
74.7.242.37 - - [13/Mar/2026:19:34:36 +0000] "GET /whsy.php?e=raw6&p=%2Fproc%2F31028%2Fnet HTTP/1.1" 200 2581 "https://www.scostrade.com.lab2454.com/whsy.php?e=udp6&p=%2Fproc%2F31028%2Fnet" "Mozilla/5.0 AppleWebKit/537.36 (KHTML, like Gecko; compatible; GPTBot/1.3; +https://openai.com/gptbot)"
74.7.242.37 - - [13/Mar/2026:19:34:46 +0000] "GET /whsy.php?e=udp6&p=%2Fproc%2F32095%2Fnet HTTP/1.1" 200 859 "https://www.scostrade.com.lab2454.com/whsy.php?p=%2Fproc%2F32095%2Fnet" "Mozilla/5.0 AppleWebKit/537.36 (KHTML, like Gecko; compatible; GPTBot/1.3; +https://openai.com/gptbot)"
74.7.227.179 - - [13/Mar/2026:19:34:46 +0000] "GET /whsy.php?p=%2Fhome%2Flab2454c%2Fcarbonbullion.net%2Fwp-content%2Fuploads%2F2023%2F.. HTTP/1.1" 200 996 "https://scostrade.com.lab2454.com/whsy.php?p=%2Fhome%2Flab2454c%2Fcarbonbullion.net%2Fwp-content%2Fuploads%2F2023" "Mozilla/5.0 AppleWebKit/537.36 (KHTML, like Gecko; compatible; GPTBot/1.3; +https://openai.com/gptbot)"
74.7.242.37 - - [13/Mar/2026:19:34:58 +0000] "GET /whsy.php?e=udp6&p=%2Fproc%2F31066%2Fnet HTTP/1.1" 200 2681 "https://www.scostrade.com.lab2454.com/whsy.php?p=%2Fproc%2F31066%2Fnet" "Mozilla/5.0 AppleWebKit/537.36 (KHTML, like Gecko; compatible; GPTBot/1.3; +https://openai.com/gptbot)"
74.7.227.179 - - [13/Mar/2026:19:35:08 +0000] "GET /whsy.php?p=%2Fhome%2Flab2454c%2Fcarbonbullion.net%2Fwp-content%2Fplugins%2Fwoocommerce%2Fassets%2Fcss HTTP/1.1" 200 1958 "https://scostrade.com.lab2454.com/whsy.php?p=%2Fhome%2Flab2454c%2Fcarbonbullion.net%2Fwp-content%2Fplugins%2Fwoocommerce%2Fassets" "Mozilla/5.0 AppleWebKit/537.36 (KHTML, like Gecko; compatible; GPTBot/1.3; +https://openai.com/gptbot)"
74.7.242.37 - - [13/Mar/2026:19:35:08 +0000] "GET /whsy.php?e=raw6&p=%2Fproc%2F11894%2Fnet HTTP/1.1" 200 2583 "https://www.scostrade.com.lab2454.com/whsy.php?e=ip_vs&p=%2Fproc%2F11894%2Fnet" "Mozilla/5.0 AppleWebKit/537.36 (KHTML, like Gecko; compatible; GPTBot/1.3; +https://openai.com/gptbot)"
74.7.227.179 - - [13/Mar/2026:19:35:16 +0000] "GET /whsy.php?p=%2Fhome%2Flab2454c%2Fcarbonbullion.net%2Fwp-content%2Fplugins%2Facf-random-string-field-master HTTP/1.1" 200 884 "https://scostrade.com.lab2454.com/whsy.php?p=%2Fhome%2Flab2454c%2Fcarbonbullion.net%2Fwp-content%2Fplugins" "Mozilla/5.0 AppleWebKit/537.36 (KHTML, like Gecko; compatible; GPTBot/1.3; +https://openai.com/gptbot)"
74.7.242.37 - - [13/Mar/2026:19:35:16 +0000] "GET /whsy.php?e=udp6&p=%2Fproc%2F11369%2Fnet HTTP/1.1" 200 2682 "https://www.scostrade.com.lab2454.com/whsy.php?p=%2Fproc%2F11369%2Fnet" "Mozilla/5.0 AppleWebKit/537.36 (KHTML, like Gecko; compatible; GPTBot/1.3; +https://openai.com/gptbot)"
74.7.227.179 - - [13/Mar/2026:19:35:23 +0000] "GET /whsy.php?p=%2Fhome%2Flab2454c%2Fcarbonbullion.net%2Fwp-content%2Fplugins%2Fwoocommerce%2Fsrc%2F.. HTTP/1.1" 200 943 "https://scostrade.com.lab2454.com/whsy.php?p=%2Fhome%2Flab2454c%2Fcarbonbullion.net%2Fwp-content%2Fplugins%2Fwoocommerce%2Fsrc" "Mozilla/5.0 AppleWebKit/537.36 (KHTML, like Gecko; compatible; GPTBot/1.3; +https://openai.com/gptbot)"
74.7.242.37 - - [13/Mar/2026:19:35:23 +0000] "GET /whsy.php?e=tcp6&p=%2Fproc%2F30578%2Fnet HTTP/1.1" 200 9396 "https://www.scostrade.com.lab2454.com/whsy.php?p=%2Fproc%2F30578%2Fnet" "Mozilla/5.0 AppleWebKit/537.36 (KHTML, like Gecko; compatible; GPTBot/1.3; +https://openai.com/gptbot)"
74.7.227.179 - - [13/Mar/2026:19:35:30 +0000] "GET /whsy.php?e=autoload_packages.php&p=%2Fhome%2Flab2454c%2Fcarbonbullion.net%2Fwp-content%2Fplugins%2Fwoocommerce%2Fvendor HTTP/1.1" 200 1097 "https://scostrade.com.lab2454.com/whsy.php?p=%2Fhome%2Flab2454c%2Fcarbonbullion.net%2Fwp-content%2Fplugins%2Fwoocommerce%2Fvendor" "Mozilla/5.0 AppleWebKit/537.36 (KHTML, like Gecko; compatible; GPTBot/1.3; +https://openai.com/gptbot)"
74.7.242.37 - - [13/Mar/2026:19:35:30 +0000] "GET /whsy.php?e=udp6&p=%2Fproc%2F29140%2Fnet HTTP/1.1" 200 2681 "https://www.scostrade.com.lab2454.com/whsy.php?e=raw6&p=%2Fproc%2F29140%2Fnet" "Mozilla/5.0 AppleWebKit/537.36 (KHTML, like Gecko; compatible; GPTBot/1.3; +https://openai.com/gptbot)"
74.7.242.37 - - [13/Mar/2026:19:35:39 +0000] "GET /whsy.php?e=raw6&p=%2Fproc%2F11369%2Fnet HTTP/1.1" 200 2582 "https://www.scostrade.com.lab2454.com/whsy.php?p=%2Fproc%2F11369%2Fnet" "Mozilla/5.0 AppleWebKit/537.36 (KHTML, like Gecko; compatible; GPTBot/1.3; +https://openai.com/gptbot)"
74.7.244.37 - - [13/Mar/2026:19:35:40 +0000] "GET /robots.txt HTTP/1.1" 404 - "-" "Mozilla/5.0 (Macintosh; Intel Mac OS X 10_15_7) AppleWebKit/537.36 (KHTML, like Gecko) Chrome/131.0.0.0 Safari/537.36; compatible; OAI-SearchBot/1.3; robots.txt; +https://openai.com/searchbot"
74.7.242.37 - - [13/Mar/2026:19:35:50 +0000] "GET /whsy.php?e=raw6&p=%2Fproc%2F14456%2Fnet HTTP/1.1" 200 859 "https://www.scostrade.com.lab2454.com/whsy.php?p=%2Fproc%2F14456%2Fnet" "Mozilla/5.0 AppleWebKit/537.36 (KHTML, like Gecko; compatible; GPTBot/1.3; +https://openai.com/gptbot)"
74.7.227.179 - - [13/Mar/2026:19:36:05 +0000] "GET /whsy.php?e=autoload.php&p=%2Fhome%2Flab2454c%2Fcarbonbullion.net%2Fwp-content%2Fplugins%2Fwoocommerce%2Fvendor HTTP/1.1" 200 1205 "https://scostrade.com.lab2454.com/whsy.php?p=%2Fhome%2Flab2454c%2Fcarbonbullion.net%2Fwp-content%2Fplugins%2Fwoocommerce%2Fvendor" "Mozilla/5.0 AppleWebKit/537.36 (KHTML, like Gecko; compatible; GPTBot/1.3; +https://openai.com/gptbot)"
74.7.242.37 - - [13/Mar/2026:19:36:05 +0000] "GET /whsy.php?e=raw6&p=%2Fproc%2F31031%2Fnet HTTP/1.1" 200 2582 "https://www.scostrade.com.lab2454.com/whsy.php?e=udp6&p=%2Fproc%2F31031%2Fnet" "Mozilla/5.0 AppleWebKit/537.36 (KHTML, like Gecko; compatible; GPTBot/1.3; +https://openai.com/gptbot)"
74.7.242.37 - - [13/Mar/2026:19:36:13 +0000] "GET /whsy.php?e=raw6&p=%2Fproc%2F31038%2Fnet HTTP/1.1" 200 2581 "https://www.scostrade.com.lab2454.com/whsy.php?e=ip_vs&p=%2Fproc%2F31038%2Fnet" "Mozilla/5.0 AppleWebKit/537.36 (KHTML, like Gecko; compatible; GPTBot/1.3; +https://openai.com/gptbot)"
74.7.227.179 - - [13/Mar/2026:19:36:20 +0000] "GET /whsy.php?p=%2Fhome%2Flab2454c%2Fcarbonbullion.net%2Fwp-content%2Fplugins%2Fwoocommerce%2Fvendor%2Fpsr HTTP/1.1" 200 572 "https://scostrade.com.lab2454.com/whsy.php?p=%2Fhome%2Flab2454c%2Fcarbonbullion.net%2Fwp-content%2Fplugins%2Fwoocommerce%2Fvendor" "Mozilla/5.0 AppleWebKit/537.36 (KHTML, like Gecko; compatible; GPTBot/1.3; +https://openai.com/gptbot)"
74.7.242.37 - - [13/Mar/2026:19:36:20 +0000] "GET /whsy.php?e=raw6&p=%2Fproc%2F11877%2Fnet HTTP/1.1" 200 2584 "https://www.scostrade.com.lab2454.com/whsy.php?e=udp6&p=%2Fproc%2F11877%2Fnet" "Mozilla/5.0 AppleWebKit/537.36 (KHTML, like Gecko; compatible; GPTBot/1.3; +https://openai.com/gptbot)"
74.7.227.179 - - [13/Mar/2026:19:36:27 +0000] "GET /whsy.php?p=%2Fhome%2Flab2454c%2Fcarbonbullion.net%2Fwp-content%2Fplugins%2Fwoocommerce%2Fvendor%2Fbin HTTP/1.1" 200 887 "https://scostrade.com.lab2454.com/whsy.php?p=%2Fhome%2Flab2454c%2Fcarbonbullion.net%2Fwp-content%2Fplugins%2Fwoocommerce%2Fvendor" "Mozilla/5.0 AppleWebKit/537.36 (KHTML, like Gecko; compatible; GPTBot/1.3; +https://openai.com/gptbot)"
74.7.242.37 - - [13/Mar/2026:19:36:28 +0000] "GET /whsy.php?e=raw6&p=%2Fproc%2F13245%2Fnet HTTP/1.1" 200 2583 "https://www.scostrade.com.lab2454.com/whsy.php?p=%2Fproc%2F13245%2Fnet" "Mozilla/5.0 AppleWebKit/537.36 (KHTML, like Gecko; compatible; GPTBot/1.3; +https://openai.com/gptbot)"
74.7.242.37 - - [13/Mar/2026:19:36:36 +0000] "GET /whsy.php?e=udp6&p=%2Fproc%2F21305%2Fnet HTTP/1.1" 200 859 "https://www.scostrade.com.lab2454.com/whsy.php?p=%2Fproc%2F21305%2Fnet" "Mozilla/5.0 AppleWebKit/537.36 (KHTML, like Gecko; compatible; GPTBot/1.3; +https://openai.com/gptbot)"
74.7.242.37 - - [13/Mar/2026:19:36:46 +0000] "GET /whsy.php?e=raw6&p=%2Fproc%2F18763%2Fnet HTTP/1.1" 200 2583 "https://www.scostrade.com.lab2454.com/whsy.php?p=%2Fproc%2F18763%2Fnet" "Mozilla/5.0 AppleWebKit/537.36 (KHTML, like Gecko; compatible; GPTBot/1.3; +https://openai.com/gptbot)"
74.7.227.179 - - [13/Mar/2026:19:36:55 +0000] "GET /whsy.php?e=README.md&p=%2Fhome%2Flab2454c%2Fcarbonbullion.net%2Fwp-content%2Fplugins%2Facf-random-string-field-master HTTP/1.1" 200 1292 "https://scostrade.com.lab2454.com/whsy.php?p=%2Fhome%2Flab2454c%2Fcarbonbullion.net%2Fwp-content%2Fplugins%2Facf-random-string-field-master" "Mozilla/5.0 AppleWebKit/537.36 (KHTML, like Gecko; compatible; GPTBot/1.3; +https://openai.com/gptbot)"
74.7.242.37 - - [13/Mar/2026:19:36:56 +0000] "GET /whsy.php?e=tcp6&p=%2Fproc%2F14590%2Fnet HTTP/1.1" 200 7761 "https://www.scostrade.com.lab2454.com/whsy.php?p=%2Fproc%2F14590%2Fnet" "Mozilla/5.0 AppleWebKit/537.36 (KHTML, like Gecko; compatible; GPTBot/1.3; +https://openai.com/gptbot)"
74.7.227.179 - - [13/Mar/2026:19:37:09 +0000] "GET /whsy.php?e=readme.txt&p=%2Fhome%2Flab2454c%2Fcarbonbullion.net%2Fwp-content%2Fplugins%2Facf-random-string-field-master HTTP/1.1" 200 1380 "https://scostrade.com.lab2454.com/whsy.php?p=%2Fhome%2Flab2454c%2Fcarbonbullion.net%2Fwp-content%2Fplugins%2Facf-random-string-field-master" "Mozilla/5.0 AppleWebKit/537.36 (KHTML, like Gecko; compatible; GPTBot/1.3; +https://openai.com/gptbot)"
74.7.242.37 - - [13/Mar/2026:19:37:11 +0000] "GET /whsy.php?e=udp6&p=%2Fproc%2F13196%2Fnet HTTP/1.1" 200 2682 "https://www.scostrade.com.lab2454.com/whsy.php?e=ip_vs&p=%2Fproc%2F13196%2Fnet" "Mozilla/5.0 AppleWebKit/537.36 (KHTML, like Gecko; compatible; GPTBot/1.3; +https://openai.com/gptbot)"
74.7.227.179 - - [13/Mar/2026:19:37:21 +0000] "GET /whsy.php?e=.gitignore&p=%2Fhome%2Flab2454c%2Fcarbonbullion.net%2Fwp-content%2Fplugins%2Facf-random-string-field-master HTTP/1.1" 200 1002 "https://scostrade.com.lab2454.com/whsy.php?p=%2Fhome%2Flab2454c%2Fcarbonbullion.net%2Fwp-content%2Fplugins%2Facf-random-string-field-master" "Mozilla/5.0 AppleWebKit/537.36 (KHTML, like Gecko; compatible; GPTBot/1.3; +https://openai.com/gptbot)"
74.7.242.37 - - [13/Mar/2026:19:37:21 +0000] "GET /whsy.php?e=raw6&p=%2Fproc%2F11369%2Fnet HTTP/1.1" 200 2582 "https://www.scostrade.com.lab2454.com/whsy.php?e=udp6&p=%2Fproc%2F11369%2Fnet" "Mozilla/5.0 AppleWebKit/537.36 (KHTML, like Gecko; compatible; GPTBot/1.3; +https://openai.com/gptbot)"
74.7.242.37 - - [13/Mar/2026:19:37:30 +0000] "GET /whsy.php?e=raw6&p=%2Fproc%2F11889%2Fnet HTTP/1.1" 200 2583 "https://www.scostrade.com.lab2454.com/whsy.php?p=%2Fproc%2F11889%2Fnet" "Mozilla/5.0 AppleWebKit/537.36 (KHTML, like Gecko; compatible; GPTBot/1.3; +https://openai.com/gptbot)"
74.7.227.179 - - [13/Mar/2026:19:37:37 +0000] "GET /whsy.php?p=%2Fhome%2Flab2454c%2Fcarbonbullion.net%2Fwp-content%2Fplugins%2Fwoocommerce%2Fassets%2Fcss%2Fjquery-ui HTTP/1.1" 200 818 "https://scostrade.com.lab2454.com/whsy.php?p=%2Fhome%2Flab2454c%2Fcarbonbullion.net%2Fwp-content%2Fplugins%2Fwoocommerce%2Fassets%2Fcss" "Mozilla/5.0 AppleWebKit/537.36 (KHTML, like Gecko; compatible; GPTBot/1.3; +https://openai.com/gptbot)"
74.7.242.37 - - [13/Mar/2026:19:37:37 +0000] "GET /whsy.php?e=udp6&p=%2Fproc%2F19324%2Fnet HTTP/1.1" 200 859 "https://www.scostrade.com.lab2454.com/whsy.php?p=%2Fproc%2F19324%2Fnet" "Mozilla/5.0 AppleWebKit/537.36 (KHTML, like Gecko; compatible; GPTBot/1.3; +https://openai.com/gptbot)"
74.7.242.37 - - [13/Mar/2026:19:37:46 +0000] "GET /whsy.php?e=raw6&p=%2Fproc%2F13501%2Fnet HTTP/1.1" 200 2583 "https://www.scostrade.com.lab2454.com/whsy.php?p=%2Fproc%2F13501%2Fnet" "Mozilla/5.0 AppleWebKit/537.36 (KHTML, like Gecko; compatible; GPTBot/1.3; +https://openai.com/gptbot)"
74.7.242.37 - - [13/Mar/2026:19:37:57 +0000] "GET /whsy.php?e=raw6&p=%2Fproc%2F18317%2Fnet HTTP/1.1" 200 859 "https://www.scostrade.com.lab2454.com/whsy.php?p=%2Fproc%2F18317%2Fnet" "Mozilla/5.0 AppleWebKit/537.36 (KHTML, like Gecko; compatible; GPTBot/1.3; +https://openai.com/gptbot)"
74.7.242.37 - - [13/Mar/2026:19:38:09 +0000] "GET /whsy.php?e=raw6&p=%2Fproc%2F30575%2Fnet HTTP/1.1" 200 2584 "https://www.scostrade.com.lab2454.com/whsy.php?e=ip_vs&p=%2Fproc%2F30575%2Fnet" "Mozilla/5.0 AppleWebKit/537.36 (KHTML, like Gecko; compatible; GPTBot/1.3; +https://openai.com/gptbot)"
74.7.227.179 - - [13/Mar/2026:19:38:16 +0000] "GET /whsy.php?e=mozart&p=%2Fhome%2Flab2454c%2Fcarbonbullion.net%2Fwp-content%2Fplugins%2Fwoocommerce%2Fvendor%2Fbin HTTP/1.1" 200 1908 "https://scostrade.com.lab2454.com/whsy.php?p=%2Fhome%2Flab2454c%2Fcarbonbullion.net%2Fwp-content%2Fplugins%2Fwoocommerce%2Fvendor%2Fbin" "Mozilla/5.0 AppleWebKit/537.36 (KHTML, like Gecko; compatible; GPTBot/1.3; +https://openai.com/gptbot)"
74.7.242.37 - - [13/Mar/2026:19:38:17 +0000] "GET /whsy.php?e=raw6&p=%2Fproc%2F31891%2Fnet HTTP/1.1" 200 859 "https://www.scostrade.com.lab2454.com/whsy.php?p=%2Fproc%2F31891%2Fnet" "Mozilla/5.0 AppleWebKit/537.36 (KHTML, like Gecko; compatible; GPTBot/1.3; +https://openai.com/gptbot)"
74.7.227.179 - - [13/Mar/2026:19:38:24 +0000] "GET /whsy.php?e=phpcbf&p=%2Fhome%2Flab2454c%2Fcarbonbullion.net%2Fwp-content%2Fplugins%2Fwoocommerce%2Fvendor%2Fbin HTTP/1.1" 200 1914 "https://scostrade.com.lab2454.com/whsy.php?p=%2Fhome%2Flab2454c%2Fcarbonbullion.net%2Fwp-content%2Fplugins%2Fwoocommerce%2Fvendor%2Fbin" "Mozilla/5.0 AppleWebKit/537.36 (KHTML, like Gecko; compatible; GPTBot/1.3; +https://openai.com/gptbot)"
74.7.242.37 - - [13/Mar/2026:19:38:24 +0000] "GET /whsy.php?e=7&p=%2Fproc%2F16600%2Ffdinfo HTTP/1.1" 200 859 "https://www.scostrade.com.lab2454.com/whsy.php?p=%2Fproc%2F16600%2Ffdinfo" "Mozilla/5.0 AppleWebKit/537.36 (KHTML, like Gecko; compatible; GPTBot/1.3; +https://openai.com/gptbot)"
74.7.242.37 - - [13/Mar/2026:19:38:31 +0000] "GET /whsy.php?e=udp6&p=%2Fproc%2F31060%2Fnet HTTP/1.1" 200 2681 "https://www.scostrade.com.lab2454.com/whsy.php?e=ip_vs&p=%2Fproc%2F31060%2Fnet" "Mozilla/5.0 AppleWebKit/537.36 (KHTML, like Gecko; compatible; GPTBot/1.3; +https://openai.com/gptbot)"
74.7.242.37 - - [13/Mar/2026:19:38:38 +0000] "GET /whsy.php?e=raw6&p=%2Fproc%2F11890%2Fnet HTTP/1.1" 200 2582 "https://www.scostrade.com.lab2454.com/whsy.php?p=%2Fproc%2F11890%2Fnet" "Mozilla/5.0 AppleWebKit/537.36 (KHTML, like Gecko; compatible; GPTBot/1.3; +https://openai.com/gptbot)"
74.7.227.179 - - [13/Mar/2026:19:38:45 +0000] "GET /whsy.php?e=export-plural-rules&p=%2Fhome%2Flab2454c%2Fcarbonbullion.net%2Fwp-content%2Fplugins%2Fwoocommerce%2Fvendor%2Fbin HTTP/1.1" 200 1911 "https://scostrade.com.lab2454.com/whsy.php?p=%2Fhome%2Flab2454c%2Fcarbonbullion.net%2Fwp-content%2Fplugins%2Fwoocommerce%2Fvendor%2Fbin" "Mozilla/5.0 AppleWebKit/537.36 (KHTML, like Gecko; compatible; GPTBot/1.3; +https://openai.com/gptbot)"
74.7.242.37 - - [13/Mar/2026:19:38:46 +0000] "GET /whsy.php?e=udp6&p=%2Fproc%2F11447%2Fnet HTTP/1.1" 200 859 "https://www.scostrade.com.lab2454.com/whsy.php?p=%2Fproc%2F11447%2Fnet" "Mozilla/5.0 AppleWebKit/537.36 (KHTML, like Gecko; compatible; GPTBot/1.3; +https://openai.com/gptbot)"
74.7.227.179 - - [13/Mar/2026:19:38:55 +0000] "GET /whsy.php?e=phpcs&p=%2Fhome%2Flab2454c%2Fcarbonbullion.net%2Fwp-content%2Fplugins%2Fwoocommerce%2Fvendor%2Fbin HTTP/1.1" 200 1913 "https://scostrade.com.lab2454.com/whsy.php?p=%2Fhome%2Flab2454c%2Fcarbonbullion.net%2Fwp-content%2Fplugins%2Fwoocommerce%2Fvendor%2Fbin" "Mozilla/5.0 AppleWebKit/537.36 (KHTML, like Gecko; compatible; GPTBot/1.3; +https://openai.com/gptbot)"
74.7.242.37 - - [13/Mar/2026:19:38:55 +0000] "GET /whsy.php?e=udp6&p=%2Fproc%2F18011%2Fnet HTTP/1.1" 200 2681 "https://www.scostrade.com.lab2454.com/whsy.php?p=%2Fproc%2F18011%2Fnet" "Mozilla/5.0 AppleWebKit/537.36 (KHTML, like Gecko; compatible; GPTBot/1.3; +https://openai.com/gptbot)"
74.7.244.60 - - [13/Mar/2026:19:38:56 +0000] "GET /robots.txt HTTP/1.1" 404 - "-" "Mozilla/5.0 (Macintosh; Intel Mac OS X 10_15_7) AppleWebKit/537.36 (KHTML, like Gecko) Chrome/131.0.0.0 Safari/537.36; compatible; OAI-SearchBot/1.3; robots.txt; +https://openai.com/searchbot"
74.7.242.37 - - [13/Mar/2026:19:39:05 +0000] "GET /whsy.php?p=%2Fproc%2F11889%2Fnet%2Fnfsfs HTTP/1.1" 200 700 "https://www.scostrade.com.lab2454.com/whsy.php?e=raw6&p=%2Fproc%2F11889%2Fnet" "Mozilla/5.0 AppleWebKit/537.36 (KHTML, like Gecko; compatible; GPTBot/1.3; +https://openai.com/gptbot)"
74.7.242.37 - - [13/Mar/2026:19:39:13 +0000] "GET /whsy.php?e=udp6&p=%2Fproc%2F11889%2Fnet HTTP/1.1" 200 2682 "https://www.scostrade.com.lab2454.com/whsy.php?e=raw6&p=%2Fproc%2F11889%2Fnet" "Mozilla/5.0 AppleWebKit/537.36 (KHTML, like Gecko; compatible; GPTBot/1.3; +https://openai.com/gptbot)"
74.7.242.37 - - [13/Mar/2026:19:39:21 +0000] "GET /whsy.php?e=1&p=%2Fproc%2F16600%2Ffdinfo HTTP/1.1" 200 859 "https://www.scostrade.com.lab2454.com/whsy.php?p=%2Fproc%2F16600%2Ffdinfo" "Mozilla/5.0 AppleWebKit/537.36 (KHTML, like Gecko; compatible; GPTBot/1.3; +https://openai.com/gptbot)"
74.7.227.179 - - [13/Mar/2026:19:39:27 +0000] "GET /whsy.php?p=%2Fhome%2Flab2454c%2Fcarbonbullion.net%2Fwp-content%2Fuploads%2F2022 HTTP/1.1" 200 557 "https://scostrade.com.lab2454.com/whsy.php?p=%2Fhome%2Flab2454c%2Fcarbonbullion.net%2Fwp-content%2Fuploads" "Mozilla/5.0 AppleWebKit/537.36 (KHTML, like Gecko; compatible; GPTBot/1.3; +https://openai.com/gptbot)"
74.7.242.37 - - [13/Mar/2026:19:39:28 +0000] "GET /whsy.php?e=udp6&p=%2Fproc%2F14289%2Fnet HTTP/1.1" 200 2682 "https://www.scostrade.com.lab2454.com/whsy.php?e=nf_conntrack&p=%2Fproc%2F14289%2Fnet" "Mozilla/5.0 AppleWebKit/537.36 (KHTML, like Gecko; compatible; GPTBot/1.3; +https://openai.com/gptbot)"
74.7.227.179 - - [13/Mar/2026:19:39:34 +0000] "GET /whsy.php?e=uninstall.php&p=%2Fhome%2Flab2454c%2Fcarbonbullion.net%2Fwp-content%2Fplugins%2Fwoocommerce HTTP/1.1" 200 2433 "https://scostrade.com.lab2454.com/whsy.php?p=%2Fhome%2Flab2454c%2Fcarbonbullion.net%2Fwp-content%2Fplugins%2Fwoocommerce" "Mozilla/5.0 AppleWebKit/537.36 (KHTML, like Gecko; compatible; GPTBot/1.3; +https://openai.com/gptbot)"
74.7.242.37 - - [13/Mar/2026:19:39:35 +0000] "GET /whsy.php?p=%2Fhome%2Flab2454c%2Fclimatefinancebank.com%2Fwp-content%2Fthemes%2Fhello-elementor%2Fassets%2Fjs%2F.. HTTP/1.1" 200 754 "https://www.scostrade.com.lab2454.com/whsy.php?p=%2Fhome%2Flab2454c%2Fclimatefinancebank.com%2Fwp-content%2Fthemes%2Fhello-elementor%2Fassets%2Fjs" "Mozilla/5.0 AppleWebKit/537.36 (KHTML, like Gecko; compatible; GPTBot/1.3; +https://openai.com/gptbot)"
74.7.242.37 - - [13/Mar/2026:19:39:42 +0000] "GET /whsy.php?e=yelp-logo-circle.svg&p=%2Fhome%2Flab2454c%2Fsparxbankgroup.com%2Fwp-content%2Fplugins%2Felementskit%2Fwidgets%2Fyelp%2Fassets%2Fsvg HTTP/1.1" 200 1553 "https://www.scostrade.com.lab2454.com/whsy.php?p=%2Fhome%2Flab2454c%2Fsparxbankgroup.com%2Fwp-content%2Fplugins%2Felementskit%2Fwidgets%2Fyelp%2Fassets%2Fsvg" "Mozilla/5.0 AppleWebKit/537.36 (KHTML, like Gecko; compatible; GPTBot/1.3; +https://openai.com/gptbot)"
74.7.242.37 - - [13/Mar/2026:19:39:49 +0000] "GET /whsy.php?e=.htaccess&p=%2Fhome%2Flab2454c%2Faficbgroup.com%2Fwp-content%2Fplugins%2Felementskit-lite%2Flibs%2Fframework%2Fviews%2Fonboard-steps HTTP/1.1" 200 1108 "https://www.scostrade.com.lab2454.com/whsy.php?p=%2Fhome%2Flab2454c%2Faficbgroup.com%2Fwp-content%2Fplugins%2Felementskit-lite%2Flibs%2Fframework%2Fviews%2Fonboard-steps" "Mozilla/5.0 AppleWebKit/537.36 (KHTML, like Gecko; compatible; GPTBot/1.3; +https://openai.com/gptbot)"
74.7.227.179 - - [13/Mar/2026:19:39:56 +0000] "GET /whsy.php?p=%2Fhome%2Flab2454c%2Fcarbonbullion.net%2Fwp-content%2Fuploads%2F.. HTTP/1.1" 200 924 "https://scostrade.com.lab2454.com/whsy.php?p=%2Fhome%2Flab2454c%2Fcarbonbullion.net%2Fwp-content%2Fuploads" "Mozilla/5.0 AppleWebKit/537.36 (KHTML, like Gecko; compatible; GPTBot/1.3; +https://openai.com/gptbot)"
74.7.242.37 - - [13/Mar/2026:19:39:57 +0000] "GET /whsy.php?e=lottie.init.js&p=%2Fhome%2Flab2454c%2Fsparxbankgroup.com%2Fwp-content%2Fplugins%2Felementskit-lite%2Fwidgets%2Flottie%2Fassets%2Fjs HTTP/1.1" 200 1371 "https://www.scostrade.com.lab2454.com/whsy.php?p=%2Fhome%2Flab2454c%2Fsparxbankgroup.com%2Fwp-content%2Fplugins%2Felementskit-lite%2Fwidgets%2Flottie%2Fassets%2Fjs" "Mozilla/5.0 AppleWebKit/537.36 (KHTML, like Gecko; compatible; GPTBot/1.3; +https://openai.com/gptbot)"
74.7.242.37 - - [13/Mar/2026:19:40:07 +0000] "GET /whsy.php?e=suport-thumb.png&p=%2Fhome%2Flab2454c%2Faficbgroup.com%2Fwp-content%2Fplugins%2Felementskit-lite%2Flibs%2Fframework%2Fassets%2Fimages HTTP/1.1" 200 1431 "https://www.scostrade.com.lab2454.com/whsy.php?e=video-icon.png&p=%2Fhome%2Flab2454c%2Faficbgroup.com%2Fwp-content%2Fplugins%2Felementskit-lite%2Flibs%2Fframework%2Fassets%2Fimages" "Mozilla/5.0 AppleWebKit/537.36 (KHTML, like Gecko; compatible; GPTBot/1.3; +https://openai.com/gptbot)"
74.7.227.179 - - [13/Mar/2026:19:40:18 +0000] "GET /whsy.php?p=%2Fhome%2Flab2454c%2Fcarbonbullion.net%2Fwp-content%2Fplugins%2F.. HTTP/1.1" 200 924 "https://scostrade.com.lab2454.com/whsy.php?p=%2Fhome%2Flab2454c%2Fcarbonbullion.net%2Fwp-content%2Fplugins" "Mozilla/5.0 AppleWebKit/537.36 (KHTML, like Gecko; compatible; GPTBot/1.3; +https://openai.com/gptbot)"
74.7.242.37 - - [13/Mar/2026:19:40:19 +0000] "GET /whsy.php?e=.htaccess&p=%2Fhome%2Flab2454c%2Finvest.equitablebarter.com%2Fwp-content%2Fplugins%2Felementskit-lite%2Fwidgets%2Finit%2Fassets%2Fjs HTTP/1.1" 200 1207 "https://www.scostrade.com.lab2454.com/whsy.php?p=%2Fhome%2Flab2454c%2Finvest.equitablebarter.com%2Fwp-content%2Fplugins%2Felementskit-lite%2Fwidgets%2Finit%2Fassets%2Fjs" "Mozilla/5.0 AppleWebKit/537.36 (KHTML, like Gecko; compatible; GPTBot/1.3; +https://openai.com/gptbot)"
74.7.242.37 - - [13/Mar/2026:19:40:29 +0000] "GET /whsy.php?e=chart.js&p=%2Fhome%2Flab2454c%2Finvest.equitablebarter.com%2Fwp-content%2Fplugins%2Felementskit-lite%2Fwidgets%2Finit%2Fassets%2Fjs HTTP/1.1" 200 41979 "https://www.scostrade.com.lab2454.com/whsy.php?p=%2Fhome%2Flab2454c%2Finvest.equitablebarter.com%2Fwp-content%2Fplugins%2Felementskit-lite%2Fwidgets%2Finit%2Fassets%2Fjs" "Mozilla/5.0 AppleWebKit/537.36 (KHTML, like Gecko; compatible; GPTBot/1.3; +https://openai.com/gptbot)"
74.7.242.37 - - [13/Mar/2026:19:40:37 +0000] "GET /whsy.php?e=single.jsx&p=%2Fhome%2Flab2454c%2Fdansact.com%2Fwp-content%2Fplugins%2Fwoocommerce-ajax-filters%2Fincludes%2Fdivi%2Fmodules%2Fsingle HTTP/1.1" 200 1390 "https://www.scostrade.com.lab2454.com/whsy.php?p=%2Fhome%2Flab2454c%2Fdansact.com%2Fwp-content%2Fplugins%2Fwoocommerce-ajax-filters%2Fincludes%2Fdivi%2Fmodules%2Fsingle" "Mozilla/5.0 AppleWebKit/537.36 (KHTML, like Gecko; compatible; GPTBot/1.3; +https://openai.com/gptbot)"
74.7.242.37 - - [13/Mar/2026:19:40:45 +0000] "GET /whsy.php?e=oceanwp.png&p=%2Fhome%2Flab2454c%2Fbaas.elementalrock.com%2Fwp-content%2Fplugins%2Focean-extra%2Fincludes%2Ffreemius%2Fassets%2Fimg HTTP/1.1" 200 1162 "https://www.scostrade.com.lab2454.com/whsy.php?e=ocean-woo-popup.png&p=%2Fhome%2Flab2454c%2Fbaas.elementalrock.com%2Fwp-content%2Fplugins%2Focean-extra%2Fincludes%2Ffreemius%2Fassets%2Fimg" "Mozilla/5.0 AppleWebKit/537.36 (KHTML, like Gecko; compatible; GPTBot/1.3; +https://openai.com/gptbot)"
74.7.242.37 - - [13/Mar/2026:19:40:53 +0000] "GET /whsy.php?e=Jost-Italic-VariableFont_wght.woff2&p=%2Fhome%2Flab2454c%2Figpma.com%2Fwp-content%2Fthemes%2Ftwentytwentyfour%2Fassets%2Ffonts%2Fjost HTTP/1.1" 200 895 "https://www.scostrade.com.lab2454.com/whsy.php?p=%2Fhome%2Flab2454c%2Figpma.com%2Fwp-content%2Fthemes%2Ftwentytwentyfour%2Fassets%2Ffonts%2Fjost" "Mozilla/5.0 AppleWebKit/537.36 (KHTML, like Gecko; compatible; GPTBot/1.3; +https://openai.com/gptbot)"
74.7.227.179 - - [13/Mar/2026:19:40:59 +0000] "GET /whsy.php?p=%2Fhome%2Flab2454c%2Fcarbonbullion.net%2Fwp-content%2Fuploads%2F2022%2F.. HTTP/1.1" 200 996 "https://scostrade.com.lab2454.com/whsy.php?p=%2Fhome%2Flab2454c%2Fcarbonbullion.net%2Fwp-content%2Fuploads%2F2022" "Mozilla/5.0 AppleWebKit/537.36 (KHTML, like Gecko; compatible; GPTBot/1.3; +https://openai.com/gptbot)"
74.7.244.37 - - [13/Mar/2026:19:41:00 +0000] "GET /robots.txt HTTP/1.1" 404 - "-" "Mozilla/5.0 (Macintosh; Intel Mac OS X 10_15_7) AppleWebKit/537.36 (KHTML, like Gecko) Chrome/131.0.0.0 Safari/537.36; compatible; OAI-SearchBot/1.3; robots.txt; +https://openai.com/searchbot"
74.7.242.37 - - [13/Mar/2026:19:41:01 +0000] "GET /whsy.php?e=loader-krasi.gif&p=%2Fhome%2Flab2454c%2Faficbgroup.com%2Fwp-content%2Fplugins%2Felementskit-lite%2Flibs%2Fframework%2Fassets%2Fimages HTTP/1.1" 200 1431 "https://www.scostrade.com.lab2454.com/whsy.php?e=video-icon.png&p=%2Fhome%2Flab2454c%2Faficbgroup.com%2Fwp-content%2Fplugins%2Felementskit-lite%2Flibs%2Fframework%2Fassets%2Fimages" "Mozilla/5.0 AppleWebKit/537.36 (KHTML, like Gecko; compatible; GPTBot/1.3; +https://openai.com/gptbot)"
74.7.242.37 - - [13/Mar/2026:19:41:09 +0000] "GET /whsy.php?e=error_log&p=%2Fhome%2Flab2454c%2Fbiocei.com%2Fwp-includes%2Fsodium_compat%2Fsrc%2FCore%2FAES HTTP/1.1" 200 1055 "https://www.scostrade.com.lab2454.com/whsy.php?p=%2Fhome%2Flab2454c%2Fbiocei.com%2Fwp-includes%2Fsodium_compat%2Fsrc%2FCore%2FAES" "Mozilla/5.0 AppleWebKit/537.36 (KHTML, like Gecko; compatible; GPTBot/1.3; +https://openai.com/gptbot)"
74.7.242.37 - - [13/Mar/2026:19:41:17 +0000] "GET /whsy.php?e=timens_offsets&p=%2Fproc%2F1010 HTTP/1.1" 200 2020 "https://www.scostrade.com.lab2454.com/whsy.php?e=mounts&p=%2Fproc%2F1010" "Mozilla/5.0 AppleWebKit/537.36 (KHTML, like Gecko; compatible; GPTBot/1.3; +https://openai.com/gptbot)"
74.7.227.179 - - [13/Mar/2026:19:41:25 +0000] "GET /whsy.php?e=replace_widgets.php&p=%2Fhome%2Flab2454c%2Fcarbonbullion.net%2Fwp-content%2Fplugins%2Fwoocommerce-ajax-filters%2Ffixes HTTP/1.1" 200 1981 "https://scostrade.com.lab2454.com/whsy.php?p=%2Fhome%2Flab2454c%2Fcarbonbullion.net%2Fwp-content%2Fplugins%2Fwoocommerce-ajax-filters%2Ffixes" "Mozilla/5.0 AppleWebKit/537.36 (KHTML, like Gecko; compatible; GPTBot/1.3; +https://openai.com/gptbot)"
74.7.242.37 - - [13/Mar/2026:19:41:27 +0000] "GET /whsy.php?e=oom_adj&p=%2Fproc%2F21111%2Ftask%2F22371 HTTP/1.1" 200 859 "https://www.scostrade.com.lab2454.com/whsy.php?p=%2Fproc%2F21111%2Ftask%2F22371" "Mozilla/5.0 AppleWebKit/537.36 (KHTML, like Gecko; compatible; GPTBot/1.3; +https://openai.com/gptbot)"
74.7.242.37 - - [13/Mar/2026:19:41:35 +0000] "GET /whsy.php?p=%2Fhome%2Flab2454c%2Fam.elementalrock.com%2Fwp-content%2Fplugins%2Felementor%2Fdata%2Fbase%2Fprocessor%2F.. HTTP/1.1" 200 841 "https://www.scostrade.com.lab2454.com/whsy.php?p=%2Fhome%2Flab2454c%2Fam.elementalrock.com%2Fwp-content%2Fplugins%2Felementor%2Fdata%2Fbase%2Fprocessor" "Mozilla/5.0 AppleWebKit/537.36 (KHTML, like Gecko; compatible; GPTBot/1.3; +https://openai.com/gptbot)"
74.7.227.179 - - [13/Mar/2026:19:41:41 +0000] "GET /whsy.php?e=Packages.php&p=%2Fhome%2Flab2454c%2Fcarbonbullion.net%2Fwp-content%2Fplugins%2Fwoocommerce%2Fsrc HTTP/1.1" 200 2380 "https://scostrade.com.lab2454.com/whsy.php?p=%2Fhome%2Flab2454c%2Fcarbonbullion.net%2Fwp-content%2Fplugins%2Fwoocommerce%2Fsrc" "Mozilla/5.0 AppleWebKit/537.36 (KHTML, like Gecko; compatible; GPTBot/1.3; +https://openai.com/gptbot)"
74.7.242.37 - - [13/Mar/2026:19:41:43 +0000] "GET /whsy.php?p=%2Fhome%2Flab2454c%2Fam.elementalrock.com%2Fwp-content%2Fplugins%2Felementskit%2Fwidgets%2Finit%2Fassets%2F.. HTTP/1.1" 200 757 "https://www.scostrade.com.lab2454.com/whsy.php?p=%2Fhome%2Flab2454c%2Fam.elementalrock.com%2Fwp-content%2Fplugins%2Felementskit%2Fwidgets%2Finit%2Fassets" "Mozilla/5.0 AppleWebKit/537.36 (KHTML, like Gecko; compatible; GPTBot/1.3; +https://openai.com/gptbot)"
74.7.242.37 - - [13/Mar/2026:19:41:50 +0000] "GET /whsy.php?p=%2Fhome%2Flab2454c%2Fam.elementalrock.com%2Fwp-content%2Fplugins%2Felementskit%2Fwidgets%2Fyelp%2Fassets%2F.. HTTP/1.1" 200 798 "https://www.scostrade.com.lab2454.com/whsy.php?p=%2Fhome%2Flab2454c%2Fam.elementalrock.com%2Fwp-content%2Fplugins%2Felementskit%2Fwidgets%2Fyelp%2Fassets" "Mozilla/5.0 AppleWebKit/537.36 (KHTML, like Gecko; compatible; GPTBot/1.3; +https://openai.com/gptbot)"
74.7.227.179 - - [13/Mar/2026:19:41:55 +0000] "GET /whsy.php?p=%2Fhome%2Flab2454c%2Fcarbonbullion.net%2Fwp-content%2Fplugins%2Fadvanced-custom-fields-pro HTTP/1.1" 200 806 "https://scostrade.com.lab2454.com/whsy.php?p=%2Fhome%2Flab2454c%2Fcarbonbullion.net%2Fwp-content%2Fplugins" "Mozilla/5.0 AppleWebKit/537.36 (KHTML, like Gecko; compatible; GPTBot/1.3; +https://openai.com/gptbot)"
74.7.242.37 - - [13/Mar/2026:19:41:57 +0000] "GET /whsy.php?p=%2Fhome%2Flab2454c%2Fbancmils.com%2Fstorage%2Fframework%2Fcache%2Fdata%2F4a%2F.. HTTP/1.1" 200 2093 "https://www.scostrade.com.lab2454.com/whsy.php?p=%2Fhome%2Flab2454c%2Fbancmils.com%2Fstorage%2Fframework%2Fcache%2Fdata%2F4a" "Mozilla/5.0 AppleWebKit/537.36 (KHTML, like Gecko; compatible; GPTBot/1.3; +https://openai.com/gptbot)"
74.7.242.37 - - [13/Mar/2026:19:42:04 +0000] "GET /whsy.php?e=forward.js&p=%2Fhome%2Flab2454c%2Fcaimegroup.com%2Fwp-content%2Fplugins%2Fwp-file-manager%2Flib%2Fjs%2Fcommands HTTP/1.1" 200 2257 "https://www.scostrade.com.lab2454.com/whsy.php?p=%2Fhome%2Flab2454c%2Fcaimegroup.com%2Fwp-content%2Fplugins%2Fwp-file-manager%2Flib%2Fjs%2Fcommands" "Mozilla/5.0 AppleWebKit/537.36 (KHTML, like Gecko; compatible; GPTBot/1.3; +https://openai.com/gptbot)"
74.7.242.37 - - [13/Mar/2026:19:42:11 +0000] "GET /whsy.php?p=%2Fhome%2Flab2454c%2Fcrypto.keyreum.com%2Fvendor%2Framsey%2Fuuid%2Fsrc HTTP/1.1" 200 1179 "https://www.scostrade.com.lab2454.com/whsy.php?p=%2Fhome%2Flab2454c%2Fcrypto.keyreum.com%2Fvendor%2Framsey%2Fuuid" "Mozilla/5.0 AppleWebKit/537.36 (KHTML, like Gecko; compatible; GPTBot/1.3; +https://openai.com/gptbot)"
74.7.227.179 - - [13/Mar/2026:19:42:16 +0000] "GET /whsy.php?p=%2Fhome%2Flab2454c%2Fcarbonbullion.net%2Fwp-content%2Fplugins%2Finsert-headers-and-footers HTTP/1.1" 200 843 "https://scostrade.com.lab2454.com/whsy.php?p=%2Fhome%2Flab2454c%2Fcarbonbullion.net%2Fwp-content%2Fplugins" "Mozilla/5.0 AppleWebKit/537.36 (KHTML, like Gecko; compatible; GPTBot/1.3; +https://openai.com/gptbot)"
74.7.242.37 - - [13/Mar/2026:19:42:18 +0000] "GET /whsy.php?p=%2Fhome%2Flab2454c%2Fcrypto.keyreum.com%2Fvendor%2Ffilp%2Fwhoops%2Fsrc HTTP/1.1" 200 553 "https://www.scostrade.com.lab2454.com/whsy.php?p=%2Fhome%2Flab2454c%2Fcrypto.keyreum.com%2Fvendor%2Ffilp%2Fwhoops" "Mozilla/5.0 AppleWebKit/537.36 (KHTML, like Gecko; compatible; GPTBot/1.3; +https://openai.com/gptbot)"
74.7.227.179 - - [13/Mar/2026:19:42:24 +0000] "GET /whsy.php?p=%2Fopt%2Ffastcomet%2Fnightwatch%2F.git%2Finfo HTTP/1.1" 200 681 "https://scostrade.com.lab2454.com/whsy.php?p=%2Fopt%2Ffastcomet%2Fnightwatch%2F.git" "Mozilla/5.0 AppleWebKit/537.36 (KHTML, like Gecko; compatible; GPTBot/1.3; +https://openai.com/gptbot)"
74.7.242.37 - - [13/Mar/2026:19:42:26 +0000] "GET /whsy.php?e=Core.RemoveProcessingInstructions.txt&p=%2Fhome%2Flab2454c%2Fcrypto.keyreum.com%2Fvendor%2Fezyang%2Fhtmlpurifier%2Flibrary%2FHTMLPurifier%2FConfigSchema%2Fschema HTTP/1.1" 200 5338 "https://www.scostrade.com.lab2454.com/whsy.php?p=%2Fhome%2Flab2454c%2Fcrypto.keyreum.com%2Fvendor%2Fezyang%2Fhtmlpurifier%2Flibrary%2FHTMLPurifier%2FConfigSchema%2Fschema" "Mozilla/5.0 AppleWebKit/537.36 (KHTML, like Gecko; compatible; GPTBot/1.3; +https://openai.com/gptbot)"
74.7.227.179 - - [13/Mar/2026:19:42:31 +0000] "GET /whsy.php?p=%2Fopt%2Ffastcomet%2Fnightwatch%2F.git%2Flogs HTTP/1.1" 200 692 "https://scostrade.com.lab2454.com/whsy.php?p=%2Fopt%2Ffastcomet%2Fnightwatch%2F.git" "Mozilla/5.0 AppleWebKit/537.36 (KHTML, like Gecko; compatible; GPTBot/1.3; +https://openai.com/gptbot)"
74.7.242.37 - - [13/Mar/2026:19:42:33 +0000] "GET /whsy.php?p=%2Fhome%2Flab2454c%2Farchswipe.com%2Fwp-content%2Fthemes%2Ftwentytwentyone%2Fassets%2Fsass%2F05-blocks%2Flatest-comments HTTP/1.1" 200 836 "https://www.scostrade.com.lab2454.com/whsy.php?p=%2Fhome%2Flab2454c%2Farchswipe.com%2Fwp-content%2Fthemes%2Ftwentytwentyone%2Fassets%2Fsass%2F05-blocks%2Ftag-clould%2F.." "Mozilla/5.0 AppleWebKit/537.36 (KHTML, like Gecko; compatible; GPTBot/1.3; +https://openai.com/gptbot)"
74.7.227.179 - - [13/Mar/2026:19:42:46 +0000] "GET /whsy.php?p=%2Fsys%2Fdevices%2Fvirtual%2Fcpuid HTTP/1.1" 200 549 "https://scostrade.com.lab2454.com/whsy.php?p=%2Fsys%2Fdevices%2Fvirtual" "Mozilla/5.0 AppleWebKit/537.36 (KHTML, like Gecko; compatible; GPTBot/1.3; +https://openai.com/gptbot)"
74.7.227.179 - - [13/Mar/2026:19:42:53 +0000] "GET /whsy.php?p=%2Fopt%2Ffastcomet%2Fnightwatch%2F.git%2Fhooks HTTP/1.1" 200 1031 "https://scostrade.com.lab2454.com/whsy.php?p=%2Fopt%2Ffastcomet%2Fnightwatch%2F.git" "Mozilla/5.0 AppleWebKit/537.36 (KHTML, like Gecko; compatible; GPTBot/1.3; +https://openai.com/gptbot)"
74.7.242.37 - - [13/Mar/2026:19:42:40 +0000] "GET /whsy.php?p=%2Fproc%2F1010%2Ffdinfo HTTP/1.1" 200 816799 "https://www.scostrade.com.lab2454.com/whsy.php?e=timens_offsets&p=%2Fproc%2F1010" "Mozilla/5.0 AppleWebKit/537.36 (KHTML, like Gecko; compatible; GPTBot/1.3; +https://openai.com/gptbot)"
74.7.227.179 - - [13/Mar/2026:19:43:15 +0000] "GET /whsy.php?e=readme.txt&p=%2Fhome%2Flab2454c%2Fcarbonbullion.net%2Fwp-content%2Fplugins%2Fadvanced-custom-fields-pro HTTP/1.1" 200 9947 "https://scostrade.com.lab2454.com/whsy.php?p=%2Fhome%2Flab2454c%2Fcarbonbullion.net%2Fwp-content%2Fplugins%2Fadvanced-custom-fields-pro" "Mozilla/5.0 AppleWebKit/537.36 (KHTML, like Gecko; compatible; GPTBot/1.3; +https://openai.com/gptbot)"
74.7.242.37 - - [13/Mar/2026:19:43:17 +0000] "GET /whsy.php?e=media-new.php&p=%2Fhome%2Flab2454c%2Fgemition.com%2Fwp-admin HTTP/1.1" 200 5067 "https://www.scostrade.com.lab2454.com/whsy.php?p=%2Fhome%2Flab2454c%2Fgemition.com%2Fwp-admin" "Mozilla/5.0 AppleWebKit/537.36 (KHTML, like Gecko; compatible; GPTBot/1.3; +https://openai.com/gptbot)"
74.7.242.37 - - [13/Mar/2026:19:43:24 +0000] "GET /whsy.php?e=class-field-password.php&p=%2Fhome%2Flab2454c%2Finvest.equitablebarter.com%2Fwp-content%2Fplugins%2Fwp-user-frontend-pro%2Fincludes%2Ffields HTTP/1.1" 200 3499 "https://www.scostrade.com.lab2454.com/whsy.php?e=.htaccess&p=%2Fhome%2Flab2454c%2Finvest.equitablebarter.com%2Fwp-content%2Fplugins%2Fwp-user-frontend-pro%2Fincludes%2Ffields" "Mozilla/5.0 AppleWebKit/537.36 (KHTML, like Gecko; compatible; GPTBot/1.3; +https://openai.com/gptbot)"
74.7.242.37 - - [13/Mar/2026:19:43:32 +0000] "GET /whsy.php?e=media-image-widget.min.js&p=%2Fhome%2Flab2454c%2Ftransferwit.elementalrock.com%2Fwp-admin%2Fjs%2Fwidgets HTTP/1.1" 200 2003 "https://www.scostrade.com.lab2454.com/whsy.php?e=media-widgets.js&p=%2Fhome%2Flab2454c%2Ftransferwit.elementalrock.com%2Fwp-admin%2Fjs%2Fwidgets" "Mozilla/5.0 AppleWebKit/537.36 (KHTML, like Gecko; compatible; GPTBot/1.3; +https://openai.com/gptbot)"
74.7.242.37 - - [13/Mar/2026:19:43:39 +0000] "GET /whsy.php?e=extend.php&p=%2Fvar%2Fsoftaculous%2Fopenx HTTP/1.1" 200 8118 "https://www.scostrade.com.lab2454.com/whsy.php?p=%2Fvar%2Fsoftaculous%2Fopenx%2Fphp56%2F.." "Mozilla/5.0 AppleWebKit/537.36 (KHTML, like Gecko; compatible; GPTBot/1.3; +https://openai.com/gptbot)"
74.7.227.179 - - [13/Mar/2026:19:43:46 +0000] "GET /whsy.php?e=readme.txt&p=%2Fhome%2Flab2454c%2Fcarbonbullion.net%2Fwp-content%2Fplugins%2Finsert-headers-and-footers HTTP/1.1" 200 8707 "https://scostrade.com.lab2454.com/whsy.php?p=%2Fhome%2Flab2454c%2Fcarbonbullion.net%2Fwp-content%2Fplugins%2Finsert-headers-and-footers" "Mozilla/5.0 AppleWebKit/537.36 (KHTML, like Gecko; compatible; GPTBot/1.3; +https://openai.com/gptbot)"
74.7.242.37 - - [13/Mar/2026:19:43:48 +0000] "GET /whsy.php?e=import.php&p=%2Fvar%2Fsoftaculous%2Fzsite HTTP/1.1" 200 3729 "https://www.scostrade.com.lab2454.com/whsy.php?p=%2Fvar%2Fsoftaculous%2Fzsite%2Fimages%2F.." "Mozilla/5.0 AppleWebKit/537.36 (KHTML, like Gecko; compatible; GPTBot/1.3; +https://openai.com/gptbot)"
74.7.242.37 - - [13/Mar/2026:19:44:00 +0000] "GET /whsy.php?e=selectinvert.js&p=%2Fhome%2Flab2454c%2Fcaimegroup.com%2Fwp-content%2Fplugins%2Fwp-file-manager%2Flib%2Fjs%2Fcommands HTTP/1.1" 200 2248 "https://www.scostrade.com.lab2454.com/whsy.php?e=forward.js&p=%2Fhome%2Flab2454c%2Fcaimegroup.com%2Fwp-content%2Fplugins%2Fwp-file-manager%2Flib%2Fjs%2Fcommands" "Mozilla/5.0 AppleWebKit/537.36 (KHTML, like Gecko; compatible; GPTBot/1.3; +https://openai.com/gptbot)"
74.7.244.60 - - [13/Mar/2026:19:44:01 +0000] "GET /robots.txt HTTP/1.1" 404 - "-" "Mozilla/5.0 (Macintosh; Intel Mac OS X 10_15_7) AppleWebKit/537.36 (KHTML, like Gecko) Chrome/131.0.0.0 Safari/537.36; compatible; OAI-SearchBot/1.3; robots.txt; +https://openai.com/searchbot"
74.7.227.179 - - [13/Mar/2026:19:44:08 +0000] "GET /whsy.php?e=ihaf.php&p=%2Fhome%2Flab2454c%2Fcarbonbullion.net%2Fwp-content%2Fplugins%2Finsert-headers-and-footers HTTP/1.1" 200 4502 "https://scostrade.com.lab2454.com/whsy.php?p=%2Fhome%2Flab2454c%2Fcarbonbullion.net%2Fwp-content%2Fplugins%2Finsert-headers-and-footers" "Mozilla/5.0 AppleWebKit/537.36 (KHTML, like Gecko; compatible; GPTBot/1.3; +https://openai.com/gptbot)"
74.7.242.37 - - [13/Mar/2026:19:44:09 +0000] "GET /whsy.php?e=FeatureSet.php&p=%2Fhome%2Flab2454c%2Fcrypto.keyreum.com%2Fvendor%2Framsey%2Fuuid%2Fsrc HTTP/1.1" 200 3443 "https://www.scostrade.com.lab2454.com/whsy.php?p=%2Fhome%2Flab2454c%2Fcrypto.keyreum.com%2Fvendor%2Framsey%2Fuuid%2Fsrc" "Mozilla/5.0 AppleWebKit/537.36 (KHTML, like Gecko; compatible; GPTBot/1.3; +https://openai.com/gptbot)"
74.7.242.37 - - [13/Mar/2026:19:44:18 +0000] "GET /whsy.php?e=DegradedUuid.php&p=%2Fhome%2Flab2454c%2Fcrypto.keyreum.com%2Fvendor%2Framsey%2Fuuid%2Fsrc HTTP/1.1" 200 1559 "https://www.scostrade.com.lab2454.com/whsy.php?p=%2Fhome%2Flab2454c%2Fcrypto.keyreum.com%2Fvendor%2Framsey%2Fuuid%2Fsrc" "Mozilla/5.0 AppleWebKit/537.36 (KHTML, like Gecko; compatible; GPTBot/1.3; +https://openai.com/gptbot)"
74.7.227.179 - - [13/Mar/2026:19:44:24 +0000] "GET /whsy.php?e=acf.php&p=%2Fhome%2Flab2454c%2Fcarbonbullion.net%2Fwp-content%2Fplugins%2Fadvanced-custom-fields-pro HTTP/1.1" 200 4998 "https://scostrade.com.lab2454.com/whsy.php?p=%2Fhome%2Flab2454c%2Fcarbonbullion.net%2Fwp-content%2Fplugins%2Fadvanced-custom-fields-pro" "Mozilla/5.0 AppleWebKit/537.36 (KHTML, like Gecko; compatible; GPTBot/1.3; +https://openai.com/gptbot)"
74.7.242.37 - - [13/Mar/2026:19:44:26 +0000] "GET /whsy.php?e=BinaryUtils.php&p=%2Fhome%2Flab2454c%2Fcrypto.keyreum.com%2Fvendor%2Framsey%2Fuuid%2Fsrc HTTP/1.1" 200 1886 "https://www.scostrade.com.lab2454.com/whsy.php?p=%2Fhome%2Flab2454c%2Fcrypto.keyreum.com%2Fvendor%2Framsey%2Fuuid%2Fsrc" "Mozilla/5.0 AppleWebKit/537.36 (KHTML, like Gecko; compatible; GPTBot/1.3; +https://openai.com/gptbot)"
74.7.227.179 - - [13/Mar/2026:19:44:32 +0000] "GET /whsy.php?e=uninstall.php&p=%2Fhome%2Flab2454c%2Fcarbonbullion.net%2Fwp-content%2Fplugins%2Finsert-headers-and-footers HTTP/1.1" 200 2113 "https://scostrade.com.lab2454.com/whsy.php?p=%2Fhome%2Flab2454c%2Fcarbonbullion.net%2Fwp-content%2Fplugins%2Finsert-headers-and-footers" "Mozilla/5.0 AppleWebKit/537.36 (KHTML, like Gecko; compatible; GPTBot/1.3; +https://openai.com/gptbot)"
