74.7.242.37 - - [13/Mar/2026:20:41:23 +0000] "GET /whsy.php?p=%2Fhome%2Flab2454c%2Fkeebchat.com%2Fcore%2Flibs%2Fs3%2Fvendor%2Faws%2Faws-sdk-php%2Fsrc%2Fdata%2Fram HTTP/1.1" 200 600 "https://www.scostrade.com.lab2454.com/whsy.php?p=%2Fhome%2Flab2454c%2Fkeebchat.com%2Fcore%2Flibs%2Fs3%2Fvendor%2Faws%2Faws-sdk-php%2Fsrc%2Fdata" "Mozilla/5.0 AppleWebKit/537.36 (KHTML, like Gecko; compatible; GPTBot/1.3; +https://openai.com/gptbot)"
74.7.227.179 - - [13/Mar/2026:20:41:24 +0000] "GET /whsy.php?e=awstats112025.sparxnovate.net.lab2454.com.txt&p=%2Fhome%2Flab2454c%2Ftmp%2Fawstats HTTP/1.1" 200 136880 "https://scostrade.com.lab2454.com/whsy.php?p=%2Fhome%2Flab2454c%2Ftmp%2Fawstats" "Mozilla/5.0 AppleWebKit/537.36 (KHTML, like Gecko; compatible; GPTBot/1.3; +https://openai.com/gptbot)"
74.7.242.37 - - [13/Mar/2026:20:41:36 +0000] "GET /whsy.php?p=%2Fhome%2Flab2454c%2Fkeebchat.com%2Fcore%2Flibs%2Fs3%2Fvendor%2Faws%2Faws-sdk-php%2Fsrc%2Fdata%2Fmq HTTP/1.1" 200 601 "https://www.scostrade.com.lab2454.com/whsy.php?p=%2Fhome%2Flab2454c%2Fkeebchat.com%2Fcore%2Flibs%2Fs3%2Fvendor%2Faws%2Faws-sdk-php%2Fsrc%2Fdata" "Mozilla/5.0 AppleWebKit/537.36 (KHTML, like Gecko; compatible; GPTBot/1.3; +https://openai.com/gptbot)"
74.7.227.179 - - [13/Mar/2026:20:41:37 +0000] "GET /whsy.php?e=awstats052025.sparxnovate.net.lab2454.com.txt&p=%2Fhome%2Flab2454c%2Ftmp%2Fawstats HTTP/1.1" 200 136474 "https://scostrade.com.lab2454.com/whsy.php?p=%2Fhome%2Flab2454c%2Ftmp%2Fawstats" "Mozilla/5.0 AppleWebKit/537.36 (KHTML, like Gecko; compatible; GPTBot/1.3; +https://openai.com/gptbot)"
74.7.242.37 - - [13/Mar/2026:20:41:44 +0000] "GET /whsy.php?p=%2Fhome%2Flab2454c%2Fkeebchat.com%2Fcore%2Flibs%2Fs3%2Fvendor%2Faws%2Faws-sdk-php%2Fsrc%2Fdata%2Fwafv2 HTTP/1.1" 200 602 "https://www.scostrade.com.lab2454.com/whsy.php?p=%2Fhome%2Flab2454c%2Fkeebchat.com%2Fcore%2Flibs%2Fs3%2Fvendor%2Faws%2Faws-sdk-php%2Fsrc%2Fdata" "Mozilla/5.0 AppleWebKit/537.36 (KHTML, like Gecko; compatible; GPTBot/1.3; +https://openai.com/gptbot)"
74.7.227.179 - - [13/Mar/2026:20:41:45 +0000] "GET /whsy.php?e=awstats072025.sparxnovate.net.lab2454.com.txt&p=%2Fhome%2Flab2454c%2Ftmp%2Fawstats HTTP/1.1" 200 136160 "https://scostrade.com.lab2454.com/whsy.php?p=%2Fhome%2Flab2454c%2Ftmp%2Fawstats" "Mozilla/5.0 AppleWebKit/537.36 (KHTML, like Gecko; compatible; GPTBot/1.3; +https://openai.com/gptbot)"
74.7.242.37 - - [13/Mar/2026:20:41:52 +0000] "GET /whsy.php?p=%2Fhome%2Flab2454c%2Fkeebchat.com%2Fcore%2Flibs%2Fs3%2Fvendor%2Faws%2Faws-sdk-php%2Fsrc%2Fdata%2Fs3 HTTP/1.1" 200 594 "https://www.scostrade.com.lab2454.com/whsy.php?p=%2Fhome%2Flab2454c%2Fkeebchat.com%2Fcore%2Flibs%2Fs3%2Fvendor%2Faws%2Faws-sdk-php%2Fsrc%2Fdata" "Mozilla/5.0 AppleWebKit/537.36 (KHTML, like Gecko; compatible; GPTBot/1.3; +https://openai.com/gptbot)"
74.7.242.37 - - [13/Mar/2026:20:42:00 +0000] "GET /whsy.php?p=%2Fhome%2Flab2454c%2Fkeebchat.com%2Fcore%2Flibs%2Fs3%2Fvendor%2Faws%2Faws-sdk-php%2Fsrc%2Fdata%2Fsms-voice HTTP/1.1" 200 605 "https://www.scostrade.com.lab2454.com/whsy.php?p=%2Fhome%2Flab2454c%2Fkeebchat.com%2Fcore%2Flibs%2Fs3%2Fvendor%2Faws%2Faws-sdk-php%2Fsrc%2Fdata" "Mozilla/5.0 AppleWebKit/537.36 (KHTML, like Gecko; compatible; GPTBot/1.3; +https://openai.com/gptbot)"
74.7.227.179 - - [13/Mar/2026:20:42:01 +0000] "GET /whsy.php?e=awstats032024.costbloc.com.lab2454.com.txt&p=%2Fhome%2Flab2454c%2Ftmp%2Fawstats HTTP/1.1" 200 135822 "https://scostrade.com.lab2454.com/whsy.php?p=%2Fhome%2Flab2454c%2Ftmp%2Fawstats" "Mozilla/5.0 AppleWebKit/537.36 (KHTML, like Gecko; compatible; GPTBot/1.3; +https://openai.com/gptbot)"
74.7.242.37 - - [13/Mar/2026:20:42:07 +0000] "GET /whsy.php?p=%2Fhome%2Flab2454c%2Fkeebchat.com%2Fcore%2Flibs%2Fs3%2Fvendor%2Faws%2Faws-sdk-php%2Fsrc%2Fdata%2Fsso-oidc HTTP/1.1" 200 602 "https://www.scostrade.com.lab2454.com/whsy.php?p=%2Fhome%2Flab2454c%2Fkeebchat.com%2Fcore%2Flibs%2Fs3%2Fvendor%2Faws%2Faws-sdk-php%2Fsrc%2Fdata" "Mozilla/5.0 AppleWebKit/537.36 (KHTML, like Gecko; compatible; GPTBot/1.3; +https://openai.com/gptbot)"
74.7.242.37 - - [13/Mar/2026:20:42:20 +0000] "GET /whsy.php?p=%2Fhome%2Flab2454c%2Fkeebchat.com%2Fcore%2Flibs%2Fs3%2Fvendor%2Faws%2Faws-sdk-php%2Fsrc%2Fdata%2Fswf HTTP/1.1" 200 601 "https://www.scostrade.com.lab2454.com/whsy.php?p=%2Fhome%2Flab2454c%2Fkeebchat.com%2Fcore%2Flibs%2Fs3%2Fvendor%2Faws%2Faws-sdk-php%2Fsrc%2Fdata" "Mozilla/5.0 AppleWebKit/537.36 (KHTML, like Gecko; compatible; GPTBot/1.3; +https://openai.com/gptbot)"
74.7.227.179 - - [13/Mar/2026:20:42:22 +0000] "GET /whsy.php?e=Loader.php&p=%2Fhome%2Flab2454c%2Fcarbonbullion.net%2Fwp-content%2Fplugins%2Fwoocommerce%2Fsrc%2FAdmin HTTP/1.1" 200 2055 "https://scostrade.com.lab2454.com/whsy.php?p=%2Fhome%2Flab2454c%2Fcarbonbullion.net%2Fwp-content%2Fplugins%2Fwoocommerce%2Fsrc%2FAdmin" "Mozilla/5.0 AppleWebKit/537.36 (KHTML, like Gecko; compatible; GPTBot/1.3; +https://openai.com/gptbot)"
74.7.242.37 - - [13/Mar/2026:20:42:32 +0000] "GET /whsy.php?p=%2Fhome%2Flab2454c%2Fkeebchat.com%2Fcore%2Flibs%2Fs3%2Fvendor%2Faws%2Faws-sdk-php%2Fsrc%2Fdata%2Fcur HTTP/1.1" 200 600 "https://www.scostrade.com.lab2454.com/whsy.php?p=%2Fhome%2Flab2454c%2Fkeebchat.com%2Fcore%2Flibs%2Fs3%2Fvendor%2Faws%2Faws-sdk-php%2Fsrc%2Fdata" "Mozilla/5.0 AppleWebKit/537.36 (KHTML, like Gecko; compatible; GPTBot/1.3; +https://openai.com/gptbot)"
74.7.227.179 - - [13/Mar/2026:20:42:34 +0000] "GET /whsy.php?e=awstats102022.crypthorize.net.lab2454.com.txt&p=%2Fhome%2Flab2454c%2Ftmp%2Fawstats HTTP/1.1" 200 138302 "https://scostrade.com.lab2454.com/whsy.php?p=%2Fhome%2Flab2454c%2Ftmp%2Fawstats" "Mozilla/5.0 AppleWebKit/537.36 (KHTML, like Gecko; compatible; GPTBot/1.3; +https://openai.com/gptbot)"
74.7.242.37 - - [13/Mar/2026:20:42:41 +0000] "GET /whsy.php?p=%2Fhome%2Flab2454c%2Fkeebchat.com%2Fcore%2Flibs%2Fs3%2Fvendor%2Faws%2Faws-sdk-php%2Fsrc%2Fdata%2Fdms HTTP/1.1" 200 599 "https://www.scostrade.com.lab2454.com/whsy.php?p=%2Fhome%2Flab2454c%2Fkeebchat.com%2Fcore%2Flibs%2Fs3%2Fvendor%2Faws%2Faws-sdk-php%2Fsrc%2Fdata" "Mozilla/5.0 AppleWebKit/537.36 (KHTML, like Gecko; compatible; GPTBot/1.3; +https://openai.com/gptbot)"
74.7.227.179 - - [13/Mar/2026:20:42:42 +0000] "GET /whsy.php?e=awstats052022.crypthorize.net.lab2454.com.txt&p=%2Fhome%2Flab2454c%2Ftmp%2Fawstats HTTP/1.1" 200 137995 "https://scostrade.com.lab2454.com/whsy.php?p=%2Fhome%2Flab2454c%2Ftmp%2Fawstats" "Mozilla/5.0 AppleWebKit/537.36 (KHTML, like Gecko; compatible; GPTBot/1.3; +https://openai.com/gptbot)"
74.7.242.37 - - [13/Mar/2026:20:42:48 +0000] "GET /whsy.php?p=%2Fhome%2Flab2454c%2Fkeebchat.com%2Fcore%2Flibs%2Fs3%2Fvendor%2Faws%2Faws-sdk-php%2Fsrc%2Fdata%2Fsso HTTP/1.1" 200 600 "https://www.scostrade.com.lab2454.com/whsy.php?p=%2Fhome%2Flab2454c%2Fkeebchat.com%2Fcore%2Flibs%2Fs3%2Fvendor%2Faws%2Faws-sdk-php%2Fsrc%2Fdata" "Mozilla/5.0 AppleWebKit/537.36 (KHTML, like Gecko; compatible; GPTBot/1.3; +https://openai.com/gptbot)"
74.7.242.37 - - [13/Mar/2026:20:42:55 +0000] "GET /whsy.php?p=%2Fhome%2Flab2454c%2Fkeebchat.com%2Fcore%2Flibs%2Fs3%2Fvendor%2Faws%2Faws-sdk-php%2Fsrc%2Fdata%2Fdlm HTTP/1.1" 200 599 "https://www.scostrade.com.lab2454.com/whsy.php?p=%2Fhome%2Flab2454c%2Fkeebchat.com%2Fcore%2Flibs%2Fs3%2Fvendor%2Faws%2Faws-sdk-php%2Fsrc%2Fdata" "Mozilla/5.0 AppleWebKit/537.36 (KHTML, like Gecko; compatible; GPTBot/1.3; +https://openai.com/gptbot)"
74.7.227.179 - - [13/Mar/2026:20:42:57 +0000] "GET /whsy.php?e=awstats092022.crypthorize.net.lab2454.com.txt&p=%2Fhome%2Flab2454c%2Ftmp%2Fawstats HTTP/1.1" 200 144083 "https://scostrade.com.lab2454.com/whsy.php?p=%2Fhome%2Flab2454c%2Ftmp%2Fawstats" "Mozilla/5.0 AppleWebKit/537.36 (KHTML, like Gecko; compatible; GPTBot/1.3; +https://openai.com/gptbot)"
74.7.242.37 - - [13/Mar/2026:20:43:02 +0000] "GET /whsy.php?p=%2Fhome%2Flab2454c%2Fkeebchat.com%2Fcore%2Flibs%2Fs3%2Fvendor%2Faws%2Faws-sdk-php%2Fsrc%2Fdata%2Fkafka HTTP/1.1" 200 601 "https://www.scostrade.com.lab2454.com/whsy.php?p=%2Fhome%2Flab2454c%2Fkeebchat.com%2Fcore%2Flibs%2Fs3%2Fvendor%2Faws%2Faws-sdk-php%2Fsrc%2Fdata" "Mozilla/5.0 AppleWebKit/537.36 (KHTML, like Gecko; compatible; GPTBot/1.3; +https://openai.com/gptbot)"
74.7.227.179 - - [13/Mar/2026:20:43:04 +0000] "GET /whsy.php?e=awstats012023.crypthorize.net.lab2454.com.txt&p=%2Fhome%2Flab2454c%2Ftmp%2Fawstats HTTP/1.1" 200 137428 "https://scostrade.com.lab2454.com/whsy.php?p=%2Fhome%2Flab2454c%2Ftmp%2Fawstats" "Mozilla/5.0 AppleWebKit/537.36 (KHTML, like Gecko; compatible; GPTBot/1.3; +https://openai.com/gptbot)"
74.7.242.37 - - [13/Mar/2026:20:43:09 +0000] "GET /whsy.php?p=%2Fhome%2Flab2454c%2Fkeebchat.com%2Fcore%2Flibs%2Fs3%2Fvendor%2Faws%2Faws-sdk-php%2Fsrc%2Fdata%2Femail HTTP/1.1" 200 601 "https://www.scostrade.com.lab2454.com/whsy.php?p=%2Fhome%2Flab2454c%2Fkeebchat.com%2Fcore%2Flibs%2Fs3%2Fvendor%2Faws%2Faws-sdk-php%2Fsrc%2Fdata" "Mozilla/5.0 AppleWebKit/537.36 (KHTML, like Gecko; compatible; GPTBot/1.3; +https://openai.com/gptbot)"
74.7.227.179 - - [13/Mar/2026:20:43:13 +0000] "GET /whsy.php?e=awstats102023.crypthorize.net.lab2454.com.txt&p=%2Fhome%2Flab2454c%2Ftmp%2Fawstats HTTP/1.1" 200 140862 "https://scostrade.com.lab2454.com/whsy.php?p=%2Fhome%2Flab2454c%2Ftmp%2Fawstats" "Mozilla/5.0 AppleWebKit/537.36 (KHTML, like Gecko; compatible; GPTBot/1.3; +https://openai.com/gptbot)"
74.7.242.37 - - [13/Mar/2026:20:43:20 +0000] "GET /whsy.php?p=%2Fhome%2Flab2454c%2Fkeebchat.com%2Fcore%2Flibs%2Fs3%2Fvendor%2Faws%2Faws-sdk-php%2Fsrc%2Fdata%2Fsqs HTTP/1.1" 200 600 "https://www.scostrade.com.lab2454.com/whsy.php?p=%2Fhome%2Flab2454c%2Fkeebchat.com%2Fcore%2Flibs%2Fs3%2Fvendor%2Faws%2Faws-sdk-php%2Fsrc%2Fdata" "Mozilla/5.0 AppleWebKit/537.36 (KHTML, like Gecko; compatible; GPTBot/1.3; +https://openai.com/gptbot)"
74.7.227.179 - - [13/Mar/2026:20:43:26 +0000] "GET /whsy.php?e=awstats112023.crypthorize.net.lab2454.com.txt&p=%2Fhome%2Flab2454c%2Ftmp%2Fawstats HTTP/1.1" 200 140762 "https://scostrade.com.lab2454.com/whsy.php?p=%2Fhome%2Flab2454c%2Ftmp%2Fawstats" "Mozilla/5.0 AppleWebKit/537.36 (KHTML, like Gecko; compatible; GPTBot/1.3; +https://openai.com/gptbot)"
74.7.242.37 - - [13/Mar/2026:20:43:33 +0000] "GET /whsy.php?p=%2Fhome%2Flab2454c%2Fkeebchat.com%2Fcore%2Flibs%2Fs3%2Fvendor%2Faws%2Faws-sdk-php%2Fsrc%2Fdata%2Fs3%2F.. HTTP/1.1" 200 3269 "https://www.scostrade.com.lab2454.com/whsy.php?p=%2Fhome%2Flab2454c%2Fkeebchat.com%2Fcore%2Flibs%2Fs3%2Fvendor%2Faws%2Faws-sdk-php%2Fsrc%2Fdata%2Fs3" "Mozilla/5.0 AppleWebKit/537.36 (KHTML, like Gecko; compatible; GPTBot/1.3; +https://openai.com/gptbot)"
74.7.244.37 - - [13/Mar/2026:20:43:39 +0000] "GET /robots.txt HTTP/1.1" 404 - "-" "Mozilla/5.0 (Macintosh; Intel Mac OS X 10_15_7) AppleWebKit/537.36 (KHTML, like Gecko) Chrome/131.0.0.0 Safari/537.36; compatible; OAI-SearchBot/1.3; robots.txt; +https://openai.com/searchbot"
74.7.242.37 - - [13/Mar/2026:20:43:43 +0000] "GET /whsy.php?p=%2Fhome%2Flab2454c%2Fkeebchat.com%2Fcore%2Flibs%2Fs3%2Fvendor%2Faws%2Faws-sdk-php%2Fsrc%2Fdata%2Fxray HTTP/1.1" 200 600 "https://www.scostrade.com.lab2454.com/whsy.php?p=%2Fhome%2Flab2454c%2Fkeebchat.com%2Fcore%2Flibs%2Fs3%2Fvendor%2Faws%2Faws-sdk-php%2Fsrc%2Fdata" "Mozilla/5.0 AppleWebKit/537.36 (KHTML, like Gecko; compatible; GPTBot/1.3; +https://openai.com/gptbot)"
74.7.242.37 - - [13/Mar/2026:20:43:50 +0000] "GET /whsy.php?p=%2Fhome%2Flab2454c%2Fkeebchat.com%2Fcore%2Flibs%2Fs3%2Fvendor%2Faws%2Faws-sdk-php%2Fsrc%2Fdata%2Fsesv2 HTTP/1.1" 200 601 "https://www.scostrade.com.lab2454.com/whsy.php?p=%2Fhome%2Flab2454c%2Fkeebchat.com%2Fcore%2Flibs%2Fs3%2Fvendor%2Faws%2Faws-sdk-php%2Fsrc%2Fdata" "Mozilla/5.0 AppleWebKit/537.36 (KHTML, like Gecko; compatible; GPTBot/1.3; +https://openai.com/gptbot)"
74.7.242.37 - - [13/Mar/2026:20:43:57 +0000] "GET /whsy.php?p=%2Fhome%2Flab2454c%2Fkeebchat.com%2Fcore%2Flibs%2Fs3%2Fvendor%2Faws%2Faws-sdk-php%2Fsrc%2Fdata%2Fsns HTTP/1.1" 200 599 "https://www.scostrade.com.lab2454.com/whsy.php?p=%2Fhome%2Flab2454c%2Fkeebchat.com%2Fcore%2Flibs%2Fs3%2Fvendor%2Faws%2Faws-sdk-php%2Fsrc%2Fdata" "Mozilla/5.0 AppleWebKit/537.36 (KHTML, like Gecko; compatible; GPTBot/1.3; +https://openai.com/gptbot)"
74.7.227.179 - - [13/Mar/2026:20:44:01 +0000] "GET /whsy.php?e=awstats032022.crypthorize.net.lab2454.com.txt&p=%2Fhome%2Flab2454c%2Ftmp%2Fawstats HTTP/1.1" 200 138080 "https://scostrade.com.lab2454.com/whsy.php?p=%2Fhome%2Flab2454c%2Ftmp%2Fawstats" "Mozilla/5.0 AppleWebKit/537.36 (KHTML, like Gecko; compatible; GPTBot/1.3; +https://openai.com/gptbot)"
74.7.242.37 - - [13/Mar/2026:20:44:04 +0000] "GET /whsy.php?p=%2Fhome%2Flab2454c%2Fkeebchat.com%2Fcore%2Flibs%2Fs3%2Fvendor%2Faws%2Faws-sdk-php%2Fsrc%2Fdata%2Flogs HTTP/1.1" 200 601 "https://www.scostrade.com.lab2454.com/whsy.php?p=%2Fhome%2Flab2454c%2Fkeebchat.com%2Fcore%2Flibs%2Fs3%2Fvendor%2Faws%2Faws-sdk-php%2Fsrc%2Fdata" "Mozilla/5.0 AppleWebKit/537.36 (KHTML, like Gecko; compatible; GPTBot/1.3; +https://openai.com/gptbot)"
74.7.227.179 - - [13/Mar/2026:20:44:09 +0000] "GET /whsy.php?e=awstats062024.crypthorize.net.lab2454.com.txt&p=%2Fhome%2Flab2454c%2Ftmp%2Fawstats HTTP/1.1" 200 137280 "https://scostrade.com.lab2454.com/whsy.php?p=%2Fhome%2Flab2454c%2Ftmp%2Fawstats" "Mozilla/5.0 AppleWebKit/537.36 (KHTML, like Gecko; compatible; GPTBot/1.3; +https://openai.com/gptbot)"
74.7.242.37 - - [13/Mar/2026:20:44:12 +0000] "GET /whsy.php?p=%2Fhome%2Flab2454c%2Fkeebchat.com%2Fcore%2Flibs%2Fs3%2Fvendor%2Faws%2Faws-sdk-php%2Fsrc%2Fdata%2Fchime HTTP/1.1" 200 602 "https://www.scostrade.com.lab2454.com/whsy.php?p=%2Fhome%2Flab2454c%2Fkeebchat.com%2Fcore%2Flibs%2Fs3%2Fvendor%2Faws%2Faws-sdk-php%2Fsrc%2Fdata" "Mozilla/5.0 AppleWebKit/537.36 (KHTML, like Gecko; compatible; GPTBot/1.3; +https://openai.com/gptbot)"
74.7.227.179 - - [13/Mar/2026:20:44:17 +0000] "GET /whsy.php?e=awstats052024.crypthorize.net.lab2454.com.txt&p=%2Fhome%2Flab2454c%2Ftmp%2Fawstats HTTP/1.1" 200 137443 "https://scostrade.com.lab2454.com/whsy.php?p=%2Fhome%2Flab2454c%2Ftmp%2Fawstats" "Mozilla/5.0 AppleWebKit/537.36 (KHTML, like Gecko; compatible; GPTBot/1.3; +https://openai.com/gptbot)"
74.7.242.37 - - [13/Mar/2026:20:44:22 +0000] "GET /whsy.php?p=%2Fhome%2Flab2454c%2Fkeebchat.com%2Fcore%2Flibs%2Fs3%2Fvendor%2Faws%2Faws-sdk-php%2Fsrc%2Fdata%2Frds-data HTTP/1.1" 200 601 "https://www.scostrade.com.lab2454.com/whsy.php?p=%2Fhome%2Flab2454c%2Fkeebchat.com%2Fcore%2Flibs%2Fs3%2Fvendor%2Faws%2Faws-sdk-php%2Fsrc%2Fdata" "Mozilla/5.0 AppleWebKit/537.36 (KHTML, like Gecko; compatible; GPTBot/1.3; +https://openai.com/gptbot)"
74.7.242.37 - - [13/Mar/2026:20:44:36 +0000] "GET /whsy.php?p=%2Fhome%2Flab2454c%2Fkeebchat.com%2Fcore%2Flibs%2Fs3%2Fvendor%2Faws%2Faws-sdk-php%2Fsrc%2Fdata%2Frds HTTP/1.1" 200 613 "https://www.scostrade.com.lab2454.com/whsy.php?p=%2Fhome%2Flab2454c%2Fkeebchat.com%2Fcore%2Flibs%2Fs3%2Fvendor%2Faws%2Faws-sdk-php%2Fsrc%2Fdata" "Mozilla/5.0 AppleWebKit/537.36 (KHTML, like Gecko; compatible; GPTBot/1.3; +https://openai.com/gptbot)"
74.7.227.179 - - [13/Mar/2026:20:44:41 +0000] "GET /whsy.php?e=awstats112022.crypthorize.net.lab2454.com.txt&p=%2Fhome%2Flab2454c%2Ftmp%2Fawstats HTTP/1.1" 200 143331 "https://scostrade.com.lab2454.com/whsy.php?p=%2Fhome%2Flab2454c%2Ftmp%2Fawstats" "Mozilla/5.0 AppleWebKit/537.36 (KHTML, like Gecko; compatible; GPTBot/1.3; +https://openai.com/gptbot)"
74.7.242.37 - - [13/Mar/2026:20:44:45 +0000] "GET /whsy.php?p=%2Fhome%2Flab2454c%2Fkeebchat.com%2Fcore%2Flibs%2Fs3%2Fvendor%2Faws%2Faws-sdk-php%2Fsrc%2Fdata%2Fssm HTTP/1.1" 200 599 "https://www.scostrade.com.lab2454.com/whsy.php?p=%2Fhome%2Flab2454c%2Fkeebchat.com%2Fcore%2Flibs%2Fs3%2Fvendor%2Faws%2Faws-sdk-php%2Fsrc%2Fdata" "Mozilla/5.0 AppleWebKit/537.36 (KHTML, like Gecko; compatible; GPTBot/1.3; +https://openai.com/gptbot)"
74.7.242.37 - - [13/Mar/2026:20:44:53 +0000] "GET /whsy.php?e=class.akismet.php&p=%2Fhome%2Flab2454c%2Fforeclass.com%2Fwp-content%2Fplugins%2Fakismet HTTP/1.1" 200 16516 "https://www.scostrade.com.lab2454.com/whsy.php?e=class.akismet-widget.php&p=%2Fhome%2Flab2454c%2Fforeclass.com%2Fwp-content%2Fplugins%2Fakismet" "Mozilla/5.0 AppleWebKit/537.36 (KHTML, like Gecko; compatible; GPTBot/1.3; +https://openai.com/gptbot)"
74.7.244.60 - - [13/Mar/2026:20:44:53 +0000] "GET /robots.txt HTTP/1.1" 404 - "-" "Mozilla/5.0 (Macintosh; Intel Mac OS X 10_15_7) AppleWebKit/537.36 (KHTML, like Gecko) Chrome/131.0.0.0 Safari/537.36; compatible; OAI-SearchBot/1.3; robots.txt; +https://openai.com/searchbot"
74.7.242.37 - - [13/Mar/2026:20:45:00 +0000] "GET /whsy.php?p=%2Fhome%2Flab2454c%2Fsothebankuab.com%2Fwp-content%2Fplugins%2Fgoogle-analytics-for-wordpress HTTP/1.1" 200 843 "https://www.scostrade.com.lab2454.com/whsy.php?e=mi-dw-bg.png&p=%2Fhome%2Flab2454c%2Fsothebankuab.com%2Fwp-content%2Fplugins%2Fgoogle-analytics-for-wordpress%2Flite%2Fassets%2Fimg" "Mozilla/5.0 AppleWebKit/537.36 (KHTML, like Gecko; compatible; GPTBot/1.3; +https://openai.com/gptbot)"
74.7.227.179 - - [13/Mar/2026:20:45:05 +0000] "GET /whsy.php?e=awstats012026.sparxnovate.net.lab2454.com.txt&p=%2Fhome%2Flab2454c%2Ftmp%2Fawstats HTTP/1.1" 200 136821 "https://scostrade.com.lab2454.com/whsy.php?p=%2Fhome%2Flab2454c%2Ftmp%2Fawstats" "Mozilla/5.0 AppleWebKit/537.36 (KHTML, like Gecko; compatible; GPTBot/1.3; +https://openai.com/gptbot)"
74.7.242.37 - - [13/Mar/2026:20:45:07 +0000] "GET /whsy.php?p=%2Fhome%2Flab2454c%2Fvaultchip.com%2Fvendor%2Fphpoffice%2Fphpspreadsheet%2Fsrc%2FPhpSpreadsheet%2FWorksheet%2FAutoFilter HTTP/1.1" 200 777 "https://www.scostrade.com.lab2454.com/whsy.php?e=Row.php&p=%2Fhome%2Flab2454c%2Fvaultchip.com%2Fvendor%2Fphpoffice%2Fphpspreadsheet%2Fsrc%2FPhpSpreadsheet%2FWorksheet" "Mozilla/5.0 AppleWebKit/537.36 (KHTML, like Gecko; compatible; GPTBot/1.3; +https://openai.com/gptbot)"
74.7.227.179 - - [13/Mar/2026:20:45:12 +0000] "GET /whsy.php?e=awstats082022.crypthorize.net.lab2454.com.txt&p=%2Fhome%2Flab2454c%2Ftmp%2Fawstats HTTP/1.1" 200 141488 "https://scostrade.com.lab2454.com/whsy.php?p=%2Fhome%2Flab2454c%2Ftmp%2Fawstats" "Mozilla/5.0 AppleWebKit/537.36 (KHTML, like Gecko; compatible; GPTBot/1.3; +https://openai.com/gptbot)"
74.7.242.37 - - [13/Mar/2026:20:45:14 +0000] "GET /whsy.php?p=%2Fhome%2Flab2454c%2Fcredityorkgroup.com%2Fvendor%2Fphpoffice%2Fphpspreadsheet%2Fsrc%2FPhpSpreadsheet%2FReader%2FSecurity HTTP/1.1" 200 770 "https://www.scostrade.com.lab2454.com/whsy.php?p=%2Fhome%2Flab2454c%2Fcredityorkgroup.com%2Fvendor%2Fphpoffice%2Fphpspreadsheet%2Fsrc%2FPhpSpreadsheet%2FReader" "Mozilla/5.0 AppleWebKit/537.36 (KHTML, like Gecko; compatible; GPTBot/1.3; +https://openai.com/gptbot)"
74.7.227.179 - - [13/Mar/2026:20:45:19 +0000] "GET /whsy.php?e=awstats062023.crypthorize.net.lab2454.com.txt&p=%2Fhome%2Flab2454c%2Ftmp%2Fawstats HTTP/1.1" 200 139523 "https://scostrade.com.lab2454.com/whsy.php?p=%2Fhome%2Flab2454c%2Ftmp%2Fawstats" "Mozilla/5.0 AppleWebKit/537.36 (KHTML, like Gecko; compatible; GPTBot/1.3; +https://openai.com/gptbot)"
74.7.242.37 - - [13/Mar/2026:20:45:21 +0000] "GET /whsy.php?p=%2Fhome%2Flab2454c%2Finternationalminersbank.com%2Fbackup%2Fvendor%2Fdoctrine%2Finflector%2Flib%2FDoctrine%2FInflector HTTP/1.1" 200 1006 "https://www.scostrade.com.lab2454.com/whsy.php?p=%2Fhome%2Flab2454c%2Finternationalminersbank.com%2Fbackup%2Fvendor%2Fdoctrine%2Finflector%2Flib%2FDoctrine" "Mozilla/5.0 AppleWebKit/537.36 (KHTML, like Gecko; compatible; GPTBot/1.3; +https://openai.com/gptbot)"
74.7.227.179 - - [13/Mar/2026:20:45:28 +0000] "GET /whsy.php?e=awstats122023.crypthorize.net.lab2454.com.txt&p=%2Fhome%2Flab2454c%2Ftmp%2Fawstats HTTP/1.1" 200 137823 "https://scostrade.com.lab2454.com/whsy.php?p=%2Fhome%2Flab2454c%2Ftmp%2Fawstats" "Mozilla/5.0 AppleWebKit/537.36 (KHTML, like Gecko; compatible; GPTBot/1.3; +https://openai.com/gptbot)"
74.7.242.37 - - [13/Mar/2026:20:45:30 +0000] "GET /whsy.php?p=%2Fhome%2Flab2454c%2Finternationalminersbank.com%2Fbackup%2Fvendor%2Fmockery%2Fmockery%2Flibrary%2FMockery%2FGenerator HTTP/1.1" 200 1129 "https://www.scostrade.com.lab2454.com/whsy.php?p=%2Fhome%2Flab2454c%2Finternationalminersbank.com%2Fbackup%2Fvendor%2Fmockery%2Fmockery%2Flibrary%2FMockery" "Mozilla/5.0 AppleWebKit/537.36 (KHTML, like Gecko; compatible; GPTBot/1.3; +https://openai.com/gptbot)"
74.7.242.37 - - [13/Mar/2026:20:45:39 +0000] "GET /whsy.php?e=class-wp-xmlrpc-server.php&p=%2Fhome%2Flab2454c%2Fgemiton.com%2Fwp-includes HTTP/1.1" 200 44206 "https://www.scostrade.com.lab2454.com/whsy.php?p=%2Fhome%2Flab2454c%2Fgemiton.com%2Fwp-includes" "Mozilla/5.0 AppleWebKit/537.36 (KHTML, like Gecko; compatible; GPTBot/1.3; +https://openai.com/gptbot)"
74.7.242.37 - - [13/Mar/2026:20:45:50 +0000] "GET /whsy.php?e=class-wp-http-encoding.php&p=%2Fhome%2Flab2454c%2Ffcxpro.com%2Fwp-includes HTTP/1.1" 200 9800 "https://www.scostrade.com.lab2454.com/whsy.php?e=widgets.php&p=%2Fhome%2Flab2454c%2Ffcxpro.com%2Fwp-includes" "Mozilla/5.0 AppleWebKit/537.36 (KHTML, like Gecko; compatible; GPTBot/1.3; +https://openai.com/gptbot)"
74.7.227.179 - - [13/Mar/2026:20:45:56 +0000] "GET /whsy.php?e=awstats032023.crypthorize.net.lab2454.com.txt&p=%2Fhome%2Flab2454c%2Ftmp%2Fawstats HTTP/1.1" 200 140847 "https://scostrade.com.lab2454.com/whsy.php?p=%2Fhome%2Flab2454c%2Ftmp%2Fawstats" "Mozilla/5.0 AppleWebKit/537.36 (KHTML, like Gecko; compatible; GPTBot/1.3; +https://openai.com/gptbot)"
74.7.242.37 - - [13/Mar/2026:20:45:57 +0000] "GET /whsy.php?e=class-wp-http-cookie.php&p=%2Fhome%2Flab2454c%2Faficbgroup.com%2Fwp-includes HTTP/1.1" 200 10934 "https://www.scostrade.com.lab2454.com/whsy.php?e=bookmark.php&p=%2Fhome%2Flab2454c%2Faficbgroup.com%2Fwp-includes" "Mozilla/5.0 AppleWebKit/537.36 (KHTML, like Gecko; compatible; GPTBot/1.3; +https://openai.com/gptbot)"
74.7.242.37 - - [13/Mar/2026:20:46:04 +0000] "GET /whsy.php?e=class-wp-xmlrpc-server.php&p=%2Fhome%2Flab2454c%2Fgemition.com%2Fwp-includes HTTP/1.1" 200 44209 "https://www.scostrade.com.lab2454.com/whsy.php?p=%2Fhome%2Flab2454c%2Fgemition.com%2Fwp-includes" "Mozilla/5.0 AppleWebKit/537.36 (KHTML, like Gecko; compatible; GPTBot/1.3; +https://openai.com/gptbot)"
74.7.227.179 - - [13/Mar/2026:20:46:10 +0000] "GET /whsy.php?e=awstats042024.crypthorize.net.lab2454.com.txt&p=%2Fhome%2Flab2454c%2Ftmp%2Fawstats HTTP/1.1" 200 135936 "https://scostrade.com.lab2454.com/whsy.php?p=%2Fhome%2Flab2454c%2Ftmp%2Fawstats" "Mozilla/5.0 AppleWebKit/537.36 (KHTML, like Gecko; compatible; GPTBot/1.3; +https://openai.com/gptbot)"
74.7.242.37 - - [13/Mar/2026:20:46:11 +0000] "GET /whsy.php?e=block.json&p=%2Fhome%2Flab2454c%2Fgemiton.com%2Fwp-includes%2Fblocks%2Favatar HTTP/1.1" 200 1486 "https://www.scostrade.com.lab2454.com/whsy.php?e=style.min.css&p=%2Fhome%2Flab2454c%2Fgemiton.com%2Fwp-includes%2Fblocks%2Favatar" "Mozilla/5.0 AppleWebKit/537.36 (KHTML, like Gecko; compatible; GPTBot/1.3; +https://openai.com/gptbot)"
74.7.242.37 - - [13/Mar/2026:20:46:18 +0000] "GET /whsy.php?e=edit.php&p=%2Fvar%2Fsoftaculous%2Fmagento24%2Fphp53 HTTP/1.1" 200 4250 "https://www.scostrade.com.lab2454.com/whsy.php?p=%2Fvar%2Fsoftaculous%2Fmagento24%2Fphp53" "Mozilla/5.0 AppleWebKit/537.36 (KHTML, like Gecko; compatible; GPTBot/1.3; +https://openai.com/gptbot)"
74.7.227.179 - - [13/Mar/2026:20:46:26 +0000] "GET /whsy.php?e=awstats072023.crypthorize.net.lab2454.com.txt&p=%2Fhome%2Flab2454c%2Ftmp%2Fawstats HTTP/1.1" 200 141644 "https://scostrade.com.lab2454.com/whsy.php?p=%2Fhome%2Flab2454c%2Ftmp%2Fawstats" "Mozilla/5.0 AppleWebKit/537.36 (KHTML, like Gecko; compatible; GPTBot/1.3; +https://openai.com/gptbot)"
74.7.242.37 - - [13/Mar/2026:20:46:27 +0000] "GET /whsy.php?e=edit.php&p=%2Fvar%2Fsoftaculous%2Fgoffice67%2Fphp53 HTTP/1.1" 200 5314 "https://www.scostrade.com.lab2454.com/whsy.php?p=%2Fvar%2Fsoftaculous%2Fgoffice67%2Fphp53" "Mozilla/5.0 AppleWebKit/537.36 (KHTML, like Gecko; compatible; GPTBot/1.3; +https://openai.com/gptbot)"
74.7.242.37 - - [13/Mar/2026:20:46:36 +0000] "GET /whsy.php?e=edit.php&p=%2Fvar%2Fsoftaculous%2Fmagento24%2Fphp81 HTTP/1.1" 200 4296 "https://www.scostrade.com.lab2454.com/whsy.php?p=%2Fvar%2Fsoftaculous%2Fmagento24%2Fphp81" "Mozilla/5.0 AppleWebKit/537.36 (KHTML, like Gecko; compatible; GPTBot/1.3; +https://openai.com/gptbot)"
74.7.242.37 - - [13/Mar/2026:20:46:45 +0000] "GET /whsy.php?e=edit.php&p=%2Fvar%2Fsoftaculous%2Fmagento17%2Fphp82 HTTP/1.1" 200 4281 "https://www.scostrade.com.lab2454.com/whsy.php?p=%2Fvar%2Fsoftaculous%2Fmagento17%2Fphp82" "Mozilla/5.0 AppleWebKit/537.36 (KHTML, like Gecko; compatible; GPTBot/1.3; +https://openai.com/gptbot)"
74.7.242.37 - - [13/Mar/2026:20:46:53 +0000] "GET /whsy.php?p=%2Fhome%2Flab2454c%2Finternationalminersbank.com%2Fbackup%2Fvendor%2Fdoctrine%2Finflector%2Flib%2FDoctrine%2FInflector%2FRules HTTP/1.1" 200 1062 "https://www.scostrade.com.lab2454.com/whsy.php?p=%2Fhome%2Flab2454c%2Finternationalminersbank.com%2Fbackup%2Fvendor%2Fdoctrine%2Finflector%2Flib%2FDoctrine%2FInflector" "Mozilla/5.0 AppleWebKit/537.36 (KHTML, like Gecko; compatible; GPTBot/1.3; +https://openai.com/gptbot)"
74.7.242.37 - - [13/Mar/2026:20:47:01 +0000] "GET /whsy.php?p=%2Fhome%2Flab2454c%2Finternationalminersbank.com%2Fbackup%2Fvendor%2Fmockery%2Fmockery%2Flibrary%2FMockery%2FGenerator%2FStringManipulation HTTP/1.1" 200 611 "https://www.scostrade.com.lab2454.com/whsy.php?p=%2Fhome%2Flab2454c%2Finternationalminersbank.com%2Fbackup%2Fvendor%2Fmockery%2Fmockery%2Flibrary%2FMockery%2FGenerator" "Mozilla/5.0 AppleWebKit/537.36 (KHTML, like Gecko; compatible; GPTBot/1.3; +https://openai.com/gptbot)"
74.7.242.37 - - [13/Mar/2026:20:47:08 +0000] "GET /whsy.php?e=upgrade.php&p=%2Fvar%2Fsoftaculous%2Ftiki10%2Fphp56 HTTP/1.1" 200 9662 "https://www.scostrade.com.lab2454.com/whsy.php?p=%2Fvar%2Fsoftaculous%2Ftiki10%2Fphp56" "Mozilla/5.0 AppleWebKit/537.36 (KHTML, like Gecko; compatible; GPTBot/1.3; +https://openai.com/gptbot)"
74.7.227.179 - - [13/Mar/2026:20:47:08 +0000] "GET /whsy.php?e=awstats022023.crypthorize.net.lab2454.com.txt&p=%2Fhome%2Flab2454c%2Ftmp%2Fawstats HTTP/1.1" 200 139157 "https://scostrade.com.lab2454.com/whsy.php?p=%2Fhome%2Flab2454c%2Ftmp%2Fawstats" "Mozilla/5.0 AppleWebKit/537.36 (KHTML, like Gecko; compatible; GPTBot/1.3; +https://openai.com/gptbot)"
74.7.242.37 - - [13/Mar/2026:20:47:15 +0000] "GET /whsy.php?e=class-wp-application-passwords.php&p=%2Fhome%2Flab2454c%2Ffcxpro.com%2Fwp-includes HTTP/1.1" 200 10341 "https://www.scostrade.com.lab2454.com/whsy.php?e=class-wp-http-encoding.php&p=%2Fhome%2Flab2454c%2Ffcxpro.com%2Fwp-includes" "Mozilla/5.0 AppleWebKit/537.36 (KHTML, like Gecko; compatible; GPTBot/1.3; +https://openai.com/gptbot)"
74.7.227.179 - - [13/Mar/2026:20:47:16 +0000] "GET /whsy.php?e=awstats012024.crypthorize.net.lab2454.com.txt&p=%2Fhome%2Flab2454c%2Ftmp%2Fawstats HTTP/1.1" 200 136949 "https://scostrade.com.lab2454.com/whsy.php?p=%2Fhome%2Flab2454c%2Ftmp%2Fawstats" "Mozilla/5.0 AppleWebKit/537.36 (KHTML, like Gecko; compatible; GPTBot/1.3; +https://openai.com/gptbot)"
74.7.242.37 - - [13/Mar/2026:20:47:23 +0000] "GET /whsy.php?e=class-walker-page-dropdown.php&p=%2Fhome%2Flab2454c%2Ffcxpro.com%2Fwp-includes HTTP/1.1" 200 8817 "https://www.scostrade.com.lab2454.com/whsy.php?e=class-wp-http-encoding.php&p=%2Fhome%2Flab2454c%2Ffcxpro.com%2Fwp-includes" "Mozilla/5.0 AppleWebKit/537.36 (KHTML, like Gecko; compatible; GPTBot/1.3; +https://openai.com/gptbot)"
74.7.242.37 - - [13/Mar/2026:20:47:32 +0000] "GET /whsy.php?e=spl-autoload-compat.php&p=%2Fhome%2Flab2454c%2Ffcxpro.com%2Fwp-includes HTTP/1.1" 200 7973 "https://www.scostrade.com.lab2454.com/whsy.php?e=class-wp-http-encoding.php&p=%2Fhome%2Flab2454c%2Ffcxpro.com%2Fwp-includes" "Mozilla/5.0 AppleWebKit/537.36 (KHTML, like Gecko; compatible; GPTBot/1.3; +https://openai.com/gptbot)"
74.7.227.179 - - [13/Mar/2026:20:47:34 +0000] "GET /whsy.php?e=awstats052023.crypthorize.net.lab2454.com.txt&p=%2Fhome%2Flab2454c%2Ftmp%2Fawstats HTTP/1.1" 200 139374 "https://scostrade.com.lab2454.com/whsy.php?p=%2Fhome%2Flab2454c%2Ftmp%2Fawstats" "Mozilla/5.0 AppleWebKit/537.36 (KHTML, like Gecko; compatible; GPTBot/1.3; +https://openai.com/gptbot)"
74.7.242.37 - - [13/Mar/2026:20:47:43 +0000] "GET /whsy.php?e=class-wp-oembed-controller.php&p=%2Fhome%2Flab2454c%2Ffcxpro.com%2Fwp-includes HTTP/1.1" 200 9745 "https://www.scostrade.com.lab2454.com/whsy.php?e=class-wp-http-encoding.php&p=%2Fhome%2Flab2454c%2Ffcxpro.com%2Fwp-includes" "Mozilla/5.0 AppleWebKit/537.36 (KHTML, like Gecko; compatible; GPTBot/1.3; +https://openai.com/gptbot)"
74.7.242.37 - - [13/Mar/2026:20:47:52 +0000] "GET /whsy.php?e=class-wp-customize-section.php&p=%2Fhome%2Flab2454c%2Ffcxpro.com%2Fwp-includes HTTP/1.1" 200 10859 "https://www.scostrade.com.lab2454.com/whsy.php?e=class-wp-http-encoding.php&p=%2Fhome%2Flab2454c%2Ffcxpro.com%2Fwp-includes" "Mozilla/5.0 AppleWebKit/537.36 (KHTML, like Gecko; compatible; GPTBot/1.3; +https://openai.com/gptbot)"
74.7.227.179 - - [13/Mar/2026:20:47:54 +0000] "GET /whsy.php?e=awstats082023.crypthorize.net.lab2454.com.txt&p=%2Fhome%2Flab2454c%2Ftmp%2Fawstats HTTP/1.1" 200 142483 "https://scostrade.com.lab2454.com/whsy.php?p=%2Fhome%2Flab2454c%2Ftmp%2Fawstats" "Mozilla/5.0 AppleWebKit/537.36 (KHTML, like Gecko; compatible; GPTBot/1.3; +https://openai.com/gptbot)"
74.7.242.37 - - [13/Mar/2026:20:48:00 +0000] "GET /whsy.php?e=embed-template.php&p=%2Fhome%2Flab2454c%2Ffcxpro.com%2Fwp-includes HTTP/1.1" 200 7875 "https://www.scostrade.com.lab2454.com/whsy.php?e=class-wp-http-encoding.php&p=%2Fhome%2Flab2454c%2Ffcxpro.com%2Fwp-includes" "Mozilla/5.0 AppleWebKit/537.36 (KHTML, like Gecko; compatible; GPTBot/1.3; +https://openai.com/gptbot)"
74.7.242.37 - - [13/Mar/2026:20:48:07 +0000] "GET /whsy.php?p=%2Fhome%2Flab2454c%2Ffcxpro.com%2Fwp-includes%2Ffonts HTTP/1.1" 200 834 "https://www.scostrade.com.lab2454.com/whsy.php?e=class-wp-http-encoding.php&p=%2Fhome%2Flab2454c%2Ffcxpro.com%2Fwp-includes" "Mozilla/5.0 AppleWebKit/537.36 (KHTML, like Gecko; compatible; GPTBot/1.3; +https://openai.com/gptbot)"
74.7.242.37 - - [13/Mar/2026:20:48:14 +0000] "GET /whsy.php?e=feed-atom.php&p=%2Fhome%2Flab2454c%2Ffcxpro.com%2Fwp-includes HTTP/1.1" 200 8827 "https://www.scostrade.com.lab2454.com/whsy.php?e=class-wp-http-encoding.php&p=%2Fhome%2Flab2454c%2Ffcxpro.com%2Fwp-includes" "Mozilla/5.0 AppleWebKit/537.36 (KHTML, like Gecko; compatible; GPTBot/1.3; +https://openai.com/gptbot)"
74.7.242.37 - - [13/Mar/2026:20:48:22 +0000] "GET /whsy.php?p=%2Fhome%2Flab2454c%2Finternationalminersbank.com%2Fbackup%2Fvendor%2Fdoctrine%2Finflector%2Flib%2FDoctrine%2FInflector%2FRules%2FNorwegianBokmal HTTP/1.1" 200 901 "https://www.scostrade.com.lab2454.com/whsy.php?p=%2Fhome%2Flab2454c%2Finternationalminersbank.com%2Fbackup%2Fvendor%2Fdoctrine%2Finflector%2Flib%2FDoctrine%2FInflector%2FRules" "Mozilla/5.0 AppleWebKit/537.36 (KHTML, like Gecko; compatible; GPTBot/1.3; +https://openai.com/gptbot)"
74.7.242.37 - - [13/Mar/2026:20:48:30 +0000] "GET /whsy.php?p=%2Fhome%2Flab2454c%2Finternationalminersbank.com%2Fbackup%2Fvendor%2Fmockery%2Fmockery%2Flibrary%2FMockery%2FGenerator%2FStringManipulation%2FPass HTTP/1.1" 200 1266 "https://www.scostrade.com.lab2454.com/whsy.php?p=%2Fhome%2Flab2454c%2Finternationalminersbank.com%2Fbackup%2Fvendor%2Fmockery%2Fmockery%2Flibrary%2FMockery%2FGenerator%2FStringManipulation" "Mozilla/5.0 AppleWebKit/537.36 (KHTML, like Gecko; compatible; GPTBot/1.3; +https://openai.com/gptbot)"
74.7.227.179 - - [13/Mar/2026:20:48:33 +0000] "GET /whsy.php?e=awstats062022.crypthorize.net.lab2454.com.txt&p=%2Fhome%2Flab2454c%2Ftmp%2Fawstats HTTP/1.1" 200 138590 "https://scostrade.com.lab2454.com/whsy.php?p=%2Fhome%2Flab2454c%2Ftmp%2Fawstats" "Mozilla/5.0 AppleWebKit/537.36 (KHTML, like Gecko; compatible; GPTBot/1.3; +https://openai.com/gptbot)"
74.7.242.37 - - [13/Mar/2026:20:48:40 +0000] "GET /whsy.php?e=formatting.php&p=%2Fhome%2Flab2454c%2Ffcxpro.com%2Fwp-includes HTTP/1.1" 200 74662 "https://www.scostrade.com.lab2454.com/whsy.php?e=class-wp-http-encoding.php&p=%2Fhome%2Flab2454c%2Ffcxpro.com%2Fwp-includes" "Mozilla/5.0 AppleWebKit/537.36 (KHTML, like Gecko; compatible; GPTBot/1.3; +https://openai.com/gptbot)"
74.7.242.37 - - [13/Mar/2026:20:48:50 +0000] "GET /whsy.php?e=edit.php&p=%2Fvar%2Fsoftaculous%2Fmagento17%2Fphp81 HTTP/1.1" 200 4273 "https://www.scostrade.com.lab2454.com/whsy.php?p=%2Fvar%2Fsoftaculous%2Fmagento17%2Fphp81" "Mozilla/5.0 AppleWebKit/537.36 (KHTML, like Gecko; compatible; GPTBot/1.3; +https://openai.com/gptbot)"
74.7.244.37 - - [13/Mar/2026:20:48:53 +0000] "GET /robots.txt HTTP/1.1" 404 - "-" "Mozilla/5.0 (Macintosh; Intel Mac OS X 10_15_7) AppleWebKit/537.36 (KHTML, like Gecko) Chrome/131.0.0.0 Safari/537.36; compatible; OAI-SearchBot/1.3; robots.txt; +https://openai.com/searchbot"
74.7.242.37 - - [13/Mar/2026:20:48:58 +0000] "GET /whsy.php?e=edit.php&p=%2Fvar%2Fsoftaculous%2Fgoffice67%2Fphp81 HTTP/1.1" 200 5339 "https://www.scostrade.com.lab2454.com/whsy.php?p=%2Fvar%2Fsoftaculous%2Fgoffice67%2Fphp81" "Mozilla/5.0 AppleWebKit/537.36 (KHTML, like Gecko; compatible; GPTBot/1.3; +https://openai.com/gptbot)"
74.7.227.179 - - [13/Mar/2026:20:49:02 +0000] "GET /whsy.php?e=awstats042023.crypthorize.net.lab2454.com.txt&p=%2Fhome%2Flab2454c%2Ftmp%2Fawstats HTTP/1.1" 200 140069 "https://scostrade.com.lab2454.com/whsy.php?p=%2Fhome%2Flab2454c%2Ftmp%2Fawstats" "Mozilla/5.0 AppleWebKit/537.36 (KHTML, like Gecko; compatible; GPTBot/1.3; +https://openai.com/gptbot)"
74.7.242.37 - - [13/Mar/2026:20:49:08 +0000] "GET /whsy.php?e=edit.php&p=%2Fvar%2Fsoftaculous%2Fmagento18%2Fphp71 HTTP/1.1" 200 4843 "https://www.scostrade.com.lab2454.com/whsy.php?p=%2Fvar%2Fsoftaculous%2Fmagento18%2Fphp71" "Mozilla/5.0 AppleWebKit/537.36 (KHTML, like Gecko; compatible; GPTBot/1.3; +https://openai.com/gptbot)"
74.7.227.179 - - [13/Mar/2026:20:49:12 +0000] "GET /whsy.php?e=awstats072022.crypthorize.net.lab2454.com.txt&p=%2Fhome%2Flab2454c%2Ftmp%2Fawstats HTTP/1.1" 200 137988 "https://scostrade.com.lab2454.com/whsy.php?p=%2Fhome%2Flab2454c%2Ftmp%2Fawstats" "Mozilla/5.0 AppleWebKit/537.36 (KHTML, like Gecko; compatible; GPTBot/1.3; +https://openai.com/gptbot)"
74.7.242.37 - - [13/Mar/2026:20:49:18 +0000] "GET /whsy.php?e=upgrade.php&p=%2Fvar%2Fsoftaculous%2Ftiki10%2Fphp53 HTTP/1.1" 200 9525 "https://www.scostrade.com.lab2454.com/whsy.php?p=%2Fvar%2Fsoftaculous%2Ftiki10%2Fphp53" "Mozilla/5.0 AppleWebKit/537.36 (KHTML, like Gecko; compatible; GPTBot/1.3; +https://openai.com/gptbot)"
74.7.227.179 - - [13/Mar/2026:20:49:21 +0000] "GET /whsy.php?e=awstats032024.crypthorize.net.lab2454.com.txt&p=%2Fhome%2Flab2454c%2Ftmp%2Fawstats HTTP/1.1" 200 138205 "https://scostrade.com.lab2454.com/whsy.php?p=%2Fhome%2Flab2454c%2Ftmp%2Fawstats" "Mozilla/5.0 AppleWebKit/537.36 (KHTML, like Gecko; compatible; GPTBot/1.3; +https://openai.com/gptbot)"
74.7.242.37 - - [13/Mar/2026:20:49:26 +0000] "GET /whsy.php?e=edit.php&p=%2Fvar%2Fsoftaculous%2Fmagento17%2Fphp56 HTTP/1.1" 200 4499 "https://www.scostrade.com.lab2454.com/whsy.php?p=%2Fvar%2Fsoftaculous%2Fmagento17%2Fphp56" "Mozilla/5.0 AppleWebKit/537.36 (KHTML, like Gecko; compatible; GPTBot/1.3; +https://openai.com/gptbot)"
74.7.227.179 - - [13/Mar/2026:20:49:29 +0000] "GET /whsy.php?e=awstats122022.crypthorize.net.lab2454.com.txt&p=%2Fhome%2Flab2454c%2Ftmp%2Fawstats HTTP/1.1" 200 142539 "https://scostrade.com.lab2454.com/whsy.php?p=%2Fhome%2Flab2454c%2Ftmp%2Fawstats" "Mozilla/5.0 AppleWebKit/537.36 (KHTML, like Gecko; compatible; GPTBot/1.3; +https://openai.com/gptbot)"
74.7.242.37 - - [13/Mar/2026:20:49:34 +0000] "GET /whsy.php?e=edit.php&p=%2Fvar%2Fsoftaculous%2Fmagento24%2Fphp56 HTTP/1.1" 200 4491 "https://www.scostrade.com.lab2454.com/whsy.php?p=%2Fvar%2Fsoftaculous%2Fmagento24%2Fphp56" "Mozilla/5.0 AppleWebKit/537.36 (KHTML, like Gecko; compatible; GPTBot/1.3; +https://openai.com/gptbot)"
74.7.242.37 - - [13/Mar/2026:20:49:42 +0000] "GET /whsy.php?e=edit.php&p=%2Fvar%2Fsoftaculous%2Fmagento24%2Fphp71 HTTP/1.1" 200 4859 "https://www.scostrade.com.lab2454.com/whsy.php?p=%2Fvar%2Fsoftaculous%2Fmagento24%2Fphp71" "Mozilla/5.0 AppleWebKit/537.36 (KHTML, like Gecko; compatible; GPTBot/1.3; +https://openai.com/gptbot)"
74.7.227.179 - - [13/Mar/2026:20:49:47 +0000] "GET /whsy.php?e=awstats092023.crypthorize.net.lab2454.com.txt&p=%2Fhome%2Flab2454c%2Ftmp%2Fawstats HTTP/1.1" 200 141452 "https://scostrade.com.lab2454.com/whsy.php?p=%2Fhome%2Flab2454c%2Ftmp%2Fawstats" "Mozilla/5.0 AppleWebKit/537.36 (KHTML, like Gecko; compatible; GPTBot/1.3; +https://openai.com/gptbot)"
74.7.242.37 - - [13/Mar/2026:20:49:51 +0000] "GET /whsy.php?e=loop-grid-cta.min.css&p=%2Fhome%2Flab2454c%2Fequitablegold.com%2Fwp-content%2Fplugins%2Felementor-pro%2Fassets%2Fcss HTTP/1.1" 200 4300 "https://www.scostrade.com.lab2454.com/whsy.php?p=%2Fhome%2Flab2454c%2Fequitablegold.com%2Fwp-content%2Fplugins%2Felementor-pro%2Fassets%2Fcss" "Mozilla/5.0 AppleWebKit/537.36 (KHTML, like Gecko; compatible; GPTBot/1.3; +https://openai.com/gptbot)"
74.7.242.37 - - [13/Mar/2026:20:50:00 +0000] "GET /whsy.php?e=styles.css&p=%2Fhome%2Flab2454c%2Fbullionmills.com%2Fwp-content%2Fplugins%2Fcontact-form-7%2Fadmin%2Fcss HTTP/1.1" 200 2683 "https://www.scostrade.com.lab2454.com/whsy.php?p=%2Fhome%2Flab2454c%2Fbullionmills.com%2Fwp-content%2Fplugins%2Fcontact-form-7%2Fadmin%2Fcss" "Mozilla/5.0 AppleWebKit/537.36 (KHTML, like Gecko; compatible; GPTBot/1.3; +https://openai.com/gptbot)"
74.7.244.60 - - [13/Mar/2026:20:50:01 +0000] "GET /robots.txt HTTP/1.1" 404 - "-" "Mozilla/5.0 (Macintosh; Intel Mac OS X 10_15_7) AppleWebKit/537.36 (KHTML, like Gecko) Chrome/131.0.0.0 Safari/537.36; compatible; OAI-SearchBot/1.3; robots.txt; +https://openai.com/searchbot"
74.7.242.37 - - [13/Mar/2026:20:50:08 +0000] "GET /whsy.php?p=%2Fhome%2Flab2454c%2Finternationalminersbank.com%2Fbackup%2Fvendor%2Fmockery%2Fmockery%2Flibrary%2FMockery%2FGenerator%2FStringManipulation%2FPass%2F.. HTTP/1.1" 200 611 "https://www.scostrade.com.lab2454.com/whsy.php?p=%2Fhome%2Flab2454c%2Finternationalminersbank.com%2Fbackup%2Fvendor%2Fmockery%2Fmockery%2Flibrary%2FMockery%2FGenerator%2FStringManipulation%2FPass" "Mozilla/5.0 AppleWebKit/537.36 (KHTML, like Gecko; compatible; GPTBot/1.3; +https://openai.com/gptbot)"
74.7.242.37 - - [13/Mar/2026:20:50:16 +0000] "GET /whsy.php?e=widget-motion-fx-rtl.min.css&p=%2Fhome%2Flab2454c%2Fequitablegold.com%2Fwp-content%2Fplugins%2Felementor-pro%2Fassets%2Fcss HTTP/1.1" 200 3681 "https://www.scostrade.com.lab2454.com/whsy.php?p=%2Fhome%2Flab2454c%2Fequitablegold.com%2Fwp-content%2Fplugins%2Felementor-pro%2Fassets%2Fcss" "Mozilla/5.0 AppleWebKit/537.36 (KHTML, like Gecko; compatible; GPTBot/1.3; +https://openai.com/gptbot)"
74.7.227.179 - - [13/Mar/2026:20:50:20 +0000] "GET /whsy.php?e=awstats022024.carbonbullion.net.lab2454.com.txt&p=%2Fhome%2Flab2454c%2Ftmp%2Fawstats HTTP/1.1" 200 141451 "https://scostrade.com.lab2454.com/whsy.php?p=%2Fhome%2Flab2454c%2Ftmp%2Fawstats" "Mozilla/5.0 AppleWebKit/537.36 (KHTML, like Gecko; compatible; GPTBot/1.3; +https://openai.com/gptbot)"
74.7.242.37 - - [13/Mar/2026:20:50:23 +0000] "GET /whsy.php?e=styles.css&p=%2Fhome%2Flab2454c%2Fbaas.elementalrock.com%2Fwp-content%2Fplugins%2Fcontact-form-7%2Fadmin%2Fcss HTTP/1.1" 200 2687 "https://www.scostrade.com.lab2454.com/whsy.php?p=%2Fhome%2Flab2454c%2Fbaas.elementalrock.com%2Fwp-content%2Fplugins%2Fcontact-form-7%2Fadmin%2Fcss" "Mozilla/5.0 AppleWebKit/537.36 (KHTML, like Gecko; compatible; GPTBot/1.3; +https://openai.com/gptbot)"
74.7.242.37 - - [13/Mar/2026:20:50:30 +0000] "GET /whsy.php?e=custom-pro-widget-nav-menu.min.css&p=%2Fhome%2Flab2454c%2Fequitablegold.com%2Fwp-content%2Fuploads%2Felementor%2Fcss HTTP/1.1" 200 4580 "https://www.scostrade.com.lab2454.com/whsy.php?e=post-6.css&p=%2Fhome%2Flab2454c%2Fequitablegold.com%2Fwp-content%2Fuploads%2Felementor%2Fcss" "Mozilla/5.0 AppleWebKit/537.36 (KHTML, like Gecko; compatible; GPTBot/1.3; +https://openai.com/gptbot)"
74.7.227.179 - - [13/Mar/2026:20:50:35 +0000] "GET /whsy.php?e=awstats012024.carbonbullion.net.lab2454.com.txt&p=%2Fhome%2Flab2454c%2Ftmp%2Fawstats HTTP/1.1" 200 141860 "https://scostrade.com.lab2454.com/whsy.php?p=%2Fhome%2Flab2454c%2Ftmp%2Fawstats" "Mozilla/5.0 AppleWebKit/537.36 (KHTML, like Gecko; compatible; GPTBot/1.3; +https://openai.com/gptbot)"
74.7.242.37 - - [13/Mar/2026:20:50:38 +0000] "GET /whsy.php?e=app-rtl.min.css&p=%2Fhome%2Flab2454c%2Fequitablegold.com%2Fwp-content%2Fplugins%2Felementor-pro%2Fassets%2Fcss HTTP/1.1" 200 5233 "https://www.scostrade.com.lab2454.com/whsy.php?p=%2Fhome%2Flab2454c%2Fequitablegold.com%2Fwp-content%2Fplugins%2Felementor-pro%2Fassets%2Fcss" "Mozilla/5.0 AppleWebKit/537.36 (KHTML, like Gecko; compatible; GPTBot/1.3; +https://openai.com/gptbot)"
74.7.227.179 - - [13/Mar/2026:20:50:44 +0000] "GET /whsy.php?e=awstats032024.carbonbullion.net.lab2454.com.txt&p=%2Fhome%2Flab2454c%2Ftmp%2Fawstats HTTP/1.1" 200 141421 "https://scostrade.com.lab2454.com/whsy.php?p=%2Fhome%2Flab2454c%2Ftmp%2Fawstats" "Mozilla/5.0 AppleWebKit/537.36 (KHTML, like Gecko; compatible; GPTBot/1.3; +https://openai.com/gptbot)"
74.7.242.37 - - [13/Mar/2026:20:50:47 +0000] "GET /whsy.php?e=widget-flip-box-rtl.min.css&p=%2Fhome%2Flab2454c%2Fequitablegold.com%2Fwp-content%2Fplugins%2Felementor-pro%2Fassets%2Fcss HTTP/1.1" 200 4618 "https://www.scostrade.com.lab2454.com/whsy.php?p=%2Fhome%2Flab2454c%2Fequitablegold.com%2Fwp-content%2Fplugins%2Felementor-pro%2Fassets%2Fcss" "Mozilla/5.0 AppleWebKit/537.36 (KHTML, like Gecko; compatible; GPTBot/1.3; +https://openai.com/gptbot)"
74.7.242.37 - - [13/Mar/2026:20:50:59 +0000] "GET /whsy.php?e=widget-mega-menu-rtl.min.css&p=%2Fhome%2Flab2454c%2Fequitablegold.com%2Fwp-content%2Fplugins%2Felementor-pro%2Fassets%2Fcss HTTP/1.1" 200 6267 "https://www.scostrade.com.lab2454.com/whsy.php?p=%2Fhome%2Flab2454c%2Fequitablegold.com%2Fwp-content%2Fplugins%2Felementor-pro%2Fassets%2Fcss" "Mozilla/5.0 AppleWebKit/537.36 (KHTML, like Gecko; compatible; GPTBot/1.3; +https://openai.com/gptbot)"
74.7.242.37 - - [13/Mar/2026:20:51:09 +0000] "GET /whsy.php?e=widget-nav-menu-rtl.min.css&p=%2Fhome%2Flab2454c%2Fequitablegold.com%2Fwp-content%2Fplugins%2Felementor-pro%2Fassets%2Fcss HTTP/1.1" 200 6749 "https://www.scostrade.com.lab2454.com/whsy.php?p=%2Fhome%2Flab2454c%2Fequitablegold.com%2Fwp-content%2Fplugins%2Felementor-pro%2Fassets%2Fcss" "Mozilla/5.0 AppleWebKit/537.36 (KHTML, like Gecko; compatible; GPTBot/1.3; +https://openai.com/gptbot)"
74.7.227.179 - - [13/Mar/2026:20:51:15 +0000] "GET /whsy.php?e=awstats042024.carbonbullion.net.lab2454.com.txt&p=%2Fhome%2Flab2454c%2Ftmp%2Fawstats HTTP/1.1" 200 143337 "https://scostrade.com.lab2454.com/whsy.php?p=%2Fhome%2Flab2454c%2Ftmp%2Fawstats" "Mozilla/5.0 AppleWebKit/537.36 (KHTML, like Gecko; compatible; GPTBot/1.3; +https://openai.com/gptbot)"
74.7.242.37 - - [13/Mar/2026:20:51:17 +0000] "GET /whsy.php?e=um-raty.min.css&p=%2Fhome%2Flab2454c%2Fargowells.com%2Fwp-content%2Fplugins%2Fultimate-member%2Fassets%2Flibs%2Fraty HTTP/1.1" 200 1214 "https://www.scostrade.com.lab2454.com/whsy.php?e=um-raty.min.js&p=%2Fhome%2Flab2454c%2Fargowells.com%2Fwp-content%2Fplugins%2Fultimate-member%2Fassets%2Flibs%2Fraty" "Mozilla/5.0 AppleWebKit/537.36 (KHTML, like Gecko; compatible; GPTBot/1.3; +https://openai.com/gptbot)"
74.7.227.179 - - [13/Mar/2026:20:51:23 +0000] "GET /whsy.php?e=awstats052024.carbonbullion.net.lab2454.com.txt&p=%2Fhome%2Flab2454c%2Ftmp%2Fawstats HTTP/1.1" 200 140490 "https://scostrade.com.lab2454.com/whsy.php?p=%2Fhome%2Flab2454c%2Ftmp%2Fawstats" "Mozilla/5.0 AppleWebKit/537.36 (KHTML, like Gecko; compatible; GPTBot/1.3; +https://openai.com/gptbot)"
74.7.242.37 - - [13/Mar/2026:20:51:25 +0000] "GET /whsy.php?e=mcfilter&p=%2Fproc%2F11302%2Ftask%2F11311%2Fnet HTTP/1.1" 200 2562 "https://www.scostrade.com.lab2454.com/whsy.php?e=pppoe&p=%2Fproc%2F11302%2Ftask%2F11311%2Fnet" "Mozilla/5.0 AppleWebKit/537.36 (KHTML, like Gecko; compatible; GPTBot/1.3; +https://openai.com/gptbot)"
74.7.242.37 - - [13/Mar/2026:20:51:33 +0000] "GET /whsy.php?e=content&p=%2Fproc%2F1010%2Fnet%2Frpc%2Fauth.unix.ip HTTP/1.1" 200 743 "https://www.scostrade.com.lab2454.com/whsy.php?p=%2Fproc%2F1010%2Fnet%2Frpc%2Fauth.unix.ip" "Mozilla/5.0 AppleWebKit/537.36 (KHTML, like Gecko; compatible; GPTBot/1.3; +https://openai.com/gptbot)"
74.7.227.179 - - [13/Mar/2026:20:51:39 +0000] "GET /whsy.php?e=awstats062024.carbonbullion.net.lab2454.com.txt&p=%2Fhome%2Flab2454c%2Ftmp%2Fawstats HTTP/1.1" 200 138893 "https://scostrade.com.lab2454.com/whsy.php?p=%2Fhome%2Flab2454c%2Ftmp%2Fawstats" "Mozilla/5.0 AppleWebKit/537.36 (KHTML, like Gecko; compatible; GPTBot/1.3; +https://openai.com/gptbot)"
74.7.242.37 - - [13/Mar/2026:20:51:42 +0000] "GET /whsy.php?e=widget-motion-fx-rtl.min.css&p=%2Fhome%2Flab2454c%2Fequitablegold.com%2Fwp-content%2Fplugins%2Felementor-pro%2Fassets%2Fcss HTTP/1.1" 200 3681 "https://www.scostrade.com.lab2454.com/whsy.php?e=loop-grid-cta.min.css&p=%2Fhome%2Flab2454c%2Fequitablegold.com%2Fwp-content%2Fplugins%2Felementor-pro%2Fassets%2Fcss" "Mozilla/5.0 AppleWebKit/537.36 (KHTML, like Gecko; compatible; GPTBot/1.3; +https://openai.com/gptbot)"
74.7.227.179 - - [13/Mar/2026:20:51:49 +0000] "GET /whsy.php?e=awstats082023.carbonbullion.net.lab2454.com.txt&p=%2Fhome%2Flab2454c%2Ftmp%2Fawstats HTTP/1.1" 200 143041 "https://scostrade.com.lab2454.com/whsy.php?p=%2Fhome%2Flab2454c%2Ftmp%2Fawstats" "Mozilla/5.0 AppleWebKit/537.36 (KHTML, like Gecko; compatible; GPTBot/1.3; +https://openai.com/gptbot)"
74.7.242.37 - - [13/Mar/2026:20:51:51 +0000] "GET /whsy.php?e=HasMonitoringEventsTrait.php&p=%2Fhome%2Flab2454c%2Fbaas.elementalrock.com%2Fwp-content%2Fplugins%2Fupdraftplus%2Fvendor%2Faws%2Faws-sdk-php%2Fsrc HTTP/1.1" 200 2636 "https://www.scostrade.com.lab2454.com/whsy.php?e=IdempotencyTokenMiddleware.php&p=%2Fhome%2Flab2454c%2Fbaas.elementalrock.com%2Fwp-content%2Fplugins%2Fupdraftplus%2Fvendor%2Faws%2Faws-sdk-php%2Fsrc" "Mozilla/5.0 AppleWebKit/537.36 (KHTML, like Gecko; compatible; GPTBot/1.3; +https://openai.com/gptbot)"
74.7.242.37 - - [13/Mar/2026:20:52:00 +0000] "GET /whsy.php?e=CredentialsTest.php&p=%2Fhome%2Flab2454c%2Ftransferwit.elementalrock.com%2Fwp-content%2Fplugins%2Fupdraftplus%2Fvendor%2Faws%2Faws-crt-php%2Ftests HTTP/1.1" 200 1750 "https://www.scostrade.com.lab2454.com/whsy.php?p=%2Fhome%2Flab2454c%2Ftransferwit.elementalrock.com%2Fwp-content%2Fplugins%2Fupdraftplus%2Fvendor%2Faws%2Faws-crt-php%2Ftests" "Mozilla/5.0 AppleWebKit/537.36 (KHTML, like Gecko; compatible; GPTBot/1.3; +https://openai.com/gptbot)"
74.7.242.37 - - [13/Mar/2026:20:52:09 +0000] "GET /whsy.php?e=app-rtl.min.css&p=%2Fhome%2Flab2454c%2Fequitablegold.com%2Fwp-content%2Fplugins%2Felementor-pro%2Fassets%2Fcss HTTP/1.1" 200 5233 "https://www.scostrade.com.lab2454.com/whsy.php?e=loop-grid-cta.min.css&p=%2Fhome%2Flab2454c%2Fequitablegold.com%2Fwp-content%2Fplugins%2Felementor-pro%2Fassets%2Fcss" "Mozilla/5.0 AppleWebKit/537.36 (KHTML, like Gecko; compatible; GPTBot/1.3; +https://openai.com/gptbot)"
74.7.242.37 - - [13/Mar/2026:20:52:17 +0000] "GET /whsy.php?e=widget-flip-box-rtl.min.css&p=%2Fhome%2Flab2454c%2Fequitablegold.com%2Fwp-content%2Fplugins%2Felementor-pro%2Fassets%2Fcss HTTP/1.1" 200 4618 "https://www.scostrade.com.lab2454.com/whsy.php?e=loop-grid-cta.min.css&p=%2Fhome%2Flab2454c%2Fequitablegold.com%2Fwp-content%2Fplugins%2Felementor-pro%2Fassets%2Fcss" "Mozilla/5.0 AppleWebKit/537.36 (KHTML, like Gecko; compatible; GPTBot/1.3; +https://openai.com/gptbot)"
74.7.227.179 - - [13/Mar/2026:20:52:24 +0000] "GET /whsy.php?e=awstats092023.carbonbullion.net.lab2454.com.txt&p=%2Fhome%2Flab2454c%2Ftmp%2Fawstats HTTP/1.1" 200 143393 "https://scostrade.com.lab2454.com/whsy.php?p=%2Fhome%2Flab2454c%2Ftmp%2Fawstats" "Mozilla/5.0 AppleWebKit/537.36 (KHTML, like Gecko; compatible; GPTBot/1.3; +https://openai.com/gptbot)"
74.7.242.37 - - [13/Mar/2026:20:52:25 +0000] "GET /whsy.php?e=widget-mega-menu-rtl.min.css&p=%2Fhome%2Flab2454c%2Fequitablegold.com%2Fwp-content%2Fplugins%2Felementor-pro%2Fassets%2Fcss HTTP/1.1" 200 6267 "https://www.scostrade.com.lab2454.com/whsy.php?e=loop-grid-cta.min.css&p=%2Fhome%2Flab2454c%2Fequitablegold.com%2Fwp-content%2Fplugins%2Felementor-pro%2Fassets%2Fcss" "Mozilla/5.0 AppleWebKit/537.36 (KHTML, like Gecko; compatible; GPTBot/1.3; +https://openai.com/gptbot)"
74.7.242.37 - - [13/Mar/2026:20:52:32 +0000] "GET /whsy.php?e=widget-nav-menu-rtl.min.css&p=%2Fhome%2Flab2454c%2Fequitablegold.com%2Fwp-content%2Fplugins%2Felementor-pro%2Fassets%2Fcss HTTP/1.1" 200 6749 "https://www.scostrade.com.lab2454.com/whsy.php?e=loop-grid-cta.min.css&p=%2Fhome%2Flab2454c%2Fequitablegold.com%2Fwp-content%2Fplugins%2Felementor-pro%2Fassets%2Fcss" "Mozilla/5.0 AppleWebKit/537.36 (KHTML, like Gecko; compatible; GPTBot/1.3; +https://openai.com/gptbot)"
74.7.227.179 - - [13/Mar/2026:20:52:39 +0000] "GET /whsy.php?e=awstats052023.carbonbullion.net.lab2454.com.txt&p=%2Fhome%2Flab2454c%2Ftmp%2Fawstats HTTP/1.1" 200 142910 "https://scostrade.com.lab2454.com/whsy.php?p=%2Fhome%2Flab2454c%2Ftmp%2Fawstats" "Mozilla/5.0 AppleWebKit/537.36 (KHTML, like Gecko; compatible; GPTBot/1.3; +https://openai.com/gptbot)"
74.7.242.37 - - [13/Mar/2026:20:52:39 +0000] "GET /whsy.php?p=%2Fhome%2Flab2454c%2Fgemition.com%2Fwp-content%2Fthemes%2Figpma%2Finc%2Fassets%2Fimages%2F.. HTTP/1.1" 200 810 "https://www.scostrade.com.lab2454.com/whsy.php?e=project-management.png&p=%2Fhome%2Flab2454c%2Fgemition.com%2Fwp-content%2Fthemes%2Figpma%2Finc%2Fassets%2Fimages" "Mozilla/5.0 AppleWebKit/537.36 (KHTML, like Gecko; compatible; GPTBot/1.3; +https://openai.com/gptbot)"
74.7.242.37 - - [13/Mar/2026:20:52:47 +0000] "GET /whsy.php?e=postcss.config.js&p=%2Fhome%2Flab2454c%2Faficbgroup.com%2Fwp-content%2Fthemes%2Ftwentytwentyone HTTP/1.1" 200 1632 "https://www.scostrade.com.lab2454.com/whsy.php?p=%2Fhome%2Flab2454c%2Faficbgroup.com%2Fwp-content%2Fthemes%2Ftwentytwentyone" "Mozilla/5.0 AppleWebKit/537.36 (KHTML, like Gecko; compatible; GPTBot/1.3; +https://openai.com/gptbot)"
