74.7.175.136 - - [14/Mar/2026:02:11:42 +0000] "GET /robots.txt HTTP/1.1" 404 - "-" "Mozilla/5.0 (Macintosh; Intel Mac OS X 10_15_7) AppleWebKit/537.36 (KHTML, like Gecko) Chrome/131.0.0.0 Safari/537.36; compatible; OAI-SearchBot/1.3; robots.txt; +https://openai.com/searchbot"
74.7.227.191 - - [14/Mar/2026:02:11:51 +0000] "GET /whsy.php?e=oc_FR.php&p=%2Fhome%2Flab2454c%2Fsportsnovate.com%2Fbackups%2Fcore%2Fvendor%2Fnesbot%2Fcarbon%2Fsrc%2FCarbon%2FLang HTTP/1.1" 200 21837 "https://www.scostrade.com.lab2454.com/whsy.php?p=%2Fhome%2Flab2454c%2Fsportsnovate.com%2Fbackups%2Fcore%2Fvendor%2Fnesbot%2Fcarbon%2Fsrc%2FCarbon%2FLang" "Mozilla/5.0 AppleWebKit/537.36 (KHTML, like Gecko; compatible; GPTBot/1.3; +https://openai.com/gptbot)"
74.7.227.181 - - [14/Mar/2026:02:11:52 +0000] "GET /whsy.php?p=%2Fvar%2Fsoftaculous%2Fhotaru%2Fphp82 HTTP/1.1" 200 737 "https://scostrade.com.lab2454.com/whsy.php?p=%2Fvar%2Fsoftaculous%2Fhotaru" "Mozilla/5.0 AppleWebKit/537.36 (KHTML, like Gecko; compatible; GPTBot/1.3; +https://openai.com/gptbot)"
74.7.227.191 - - [14/Mar/2026:02:12:00 +0000] "GET /whsy.php?e=sv_FI.php&p=%2Fhome%2Flab2454c%2Fsportsnovate.com%2Fbackups%2Fcore%2Fvendor%2Fnesbot%2Fcarbon%2Fsrc%2FCarbon%2FLang HTTP/1.1" 200 21838 "https://www.scostrade.com.lab2454.com/whsy.php?p=%2Fhome%2Flab2454c%2Fsportsnovate.com%2Fbackups%2Fcore%2Fvendor%2Fnesbot%2Fcarbon%2Fsrc%2FCarbon%2FLang" "Mozilla/5.0 AppleWebKit/537.36 (KHTML, like Gecko; compatible; GPTBot/1.3; +https://openai.com/gptbot)"
74.7.227.181 - - [14/Mar/2026:02:12:02 +0000] "GET /whsy.php?p=%2Fvar%2Fsoftaculous%2Ftht%2Fphp56 HTTP/1.1" 200 800 "https://scostrade.com.lab2454.com/whsy.php?p=%2Fvar%2Fsoftaculous%2Ftht" "Mozilla/5.0 AppleWebKit/537.36 (KHTML, like Gecko; compatible; GPTBot/1.3; +https://openai.com/gptbot)"
74.7.227.191 - - [14/Mar/2026:02:12:08 +0000] "GET /whsy.php?e=en_NF.php&p=%2Fhome%2Flab2454c%2Fsportsnovate.com%2Fbackups%2Fcore%2Fvendor%2Fnesbot%2Fcarbon%2Fsrc%2FCarbon%2FLang HTTP/1.1" 200 21881 "https://www.scostrade.com.lab2454.com/whsy.php?p=%2Fhome%2Flab2454c%2Fsportsnovate.com%2Fbackups%2Fcore%2Fvendor%2Fnesbot%2Fcarbon%2Fsrc%2FCarbon%2FLang" "Mozilla/5.0 AppleWebKit/537.36 (KHTML, like Gecko; compatible; GPTBot/1.3; +https://openai.com/gptbot)"
74.7.227.181 - - [14/Mar/2026:02:12:09 +0000] "GET /whsy.php?p=%2Fvar%2Fsoftaculous%2Fowa%2Fphp82 HTTP/1.1" 200 800 "https://scostrade.com.lab2454.com/whsy.php?p=%2Fvar%2Fsoftaculous%2Fowa" "Mozilla/5.0 AppleWebKit/537.36 (KHTML, like Gecko; compatible; GPTBot/1.3; +https://openai.com/gptbot)"
74.7.227.191 - - [14/Mar/2026:02:12:16 +0000] "GET /whsy.php?e=en_FI.php&p=%2Fhome%2Flab2454c%2Fsportsnovate.com%2Fbackups%2Fcore%2Fvendor%2Fnesbot%2Fcarbon%2Fsrc%2FCarbon%2FLang HTTP/1.1" 200 21879 "https://www.scostrade.com.lab2454.com/whsy.php?p=%2Fhome%2Flab2454c%2Fsportsnovate.com%2Fbackups%2Fcore%2Fvendor%2Fnesbot%2Fcarbon%2Fsrc%2FCarbon%2FLang" "Mozilla/5.0 AppleWebKit/537.36 (KHTML, like Gecko; compatible; GPTBot/1.3; +https://openai.com/gptbot)"
74.7.227.191 - - [14/Mar/2026:02:12:26 +0000] "GET /whsy.php?e=se_FI.php&p=%2Fhome%2Flab2454c%2Fsportsnovate.com%2Fbackups%2Fcore%2Fvendor%2Fnesbot%2Fcarbon%2Fsrc%2FCarbon%2FLang HTTP/1.1" 200 22153 "https://www.scostrade.com.lab2454.com/whsy.php?p=%2Fhome%2Flab2454c%2Fsportsnovate.com%2Fbackups%2Fcore%2Fvendor%2Fnesbot%2Fcarbon%2Fsrc%2FCarbon%2FLang" "Mozilla/5.0 AppleWebKit/537.36 (KHTML, like Gecko; compatible; GPTBot/1.3; +https://openai.com/gptbot)"
74.7.227.181 - - [14/Mar/2026:02:12:27 +0000] "GET /whsy.php?p=%2Fvar%2Fsoftaculous%2Fmagento241%2F.. HTTP/1.1" 200 5090 "https://scostrade.com.lab2454.com/whsy.php?p=%2Fvar%2Fsoftaculous%2Fmagento241" "Mozilla/5.0 AppleWebKit/537.36 (KHTML, like Gecko; compatible; GPTBot/1.3; +https://openai.com/gptbot)"
74.7.227.191 - - [14/Mar/2026:02:12:36 +0000] "GET /whsy.php?e=en_LC.php&p=%2Fhome%2Flab2454c%2Fsportsnovate.com%2Fbackups%2Fcore%2Fvendor%2Fnesbot%2Fcarbon%2Fsrc%2FCarbon%2FLang HTTP/1.1" 200 21879 "https://www.scostrade.com.lab2454.com/whsy.php?p=%2Fhome%2Flab2454c%2Fsportsnovate.com%2Fbackups%2Fcore%2Fvendor%2Fnesbot%2Fcarbon%2Fsrc%2FCarbon%2FLang" "Mozilla/5.0 AppleWebKit/537.36 (KHTML, like Gecko; compatible; GPTBot/1.3; +https://openai.com/gptbot)"
74.7.227.181 - - [14/Mar/2026:02:12:37 +0000] "GET /whsy.php?p=%2Fvar%2Fsoftaculous%2Fmagento246%2Fphp71 HTTP/1.1" 200 800 "https://scostrade.com.lab2454.com/whsy.php?p=%2Fvar%2Fsoftaculous%2Fmagento246" "Mozilla/5.0 AppleWebKit/537.36 (KHTML, like Gecko; compatible; GPTBot/1.3; +https://openai.com/gptbot)"
74.7.227.191 - - [14/Mar/2026:02:12:45 +0000] "GET /whsy.php?e=en_FJ.php&p=%2Fhome%2Flab2454c%2Fsportsnovate.com%2Fbackups%2Fcore%2Fvendor%2Fnesbot%2Fcarbon%2Fsrc%2FCarbon%2FLang HTTP/1.1" 200 21880 "https://www.scostrade.com.lab2454.com/whsy.php?p=%2Fhome%2Flab2454c%2Fsportsnovate.com%2Fbackups%2Fcore%2Fvendor%2Fnesbot%2Fcarbon%2Fsrc%2FCarbon%2FLang" "Mozilla/5.0 AppleWebKit/537.36 (KHTML, like Gecko; compatible; GPTBot/1.3; +https://openai.com/gptbot)"
74.7.227.181 - - [14/Mar/2026:02:12:46 +0000] "GET /whsy.php?p=%2Fvar%2Fsoftaculous%2Fmagento247%2F.. HTTP/1.1" 200 5090 "https://scostrade.com.lab2454.com/whsy.php?p=%2Fvar%2Fsoftaculous%2Fmagento247" "Mozilla/5.0 AppleWebKit/537.36 (KHTML, like Gecko; compatible; GPTBot/1.3; +https://openai.com/gptbot)"
74.7.227.191 - - [14/Mar/2026:02:12:53 +0000] "GET /whsy.php?e=br_FR.php&p=%2Fhome%2Flab2454c%2Fsportsnovate.com%2Fbackups%2Fcore%2Fvendor%2Fnesbot%2Fcarbon%2Fsrc%2FCarbon%2FLang HTTP/1.1" 200 21838 "https://www.scostrade.com.lab2454.com/whsy.php?p=%2Fhome%2Flab2454c%2Fsportsnovate.com%2Fbackups%2Fcore%2Fvendor%2Fnesbot%2Fcarbon%2Fsrc%2FCarbon%2FLang" "Mozilla/5.0 AppleWebKit/537.36 (KHTML, like Gecko; compatible; GPTBot/1.3; +https://openai.com/gptbot)"
74.7.227.181 - - [14/Mar/2026:02:12:54 +0000] "GET /whsy.php?p=%2Fvar%2Fsoftaculous%2Fmagento246%2F.. HTTP/1.1" 200 5090 "https://scostrade.com.lab2454.com/whsy.php?p=%2Fvar%2Fsoftaculous%2Fmagento246" "Mozilla/5.0 AppleWebKit/537.36 (KHTML, like Gecko; compatible; GPTBot/1.3; +https://openai.com/gptbot)"
74.7.227.191 - - [14/Mar/2026:02:13:02 +0000] "GET /whsy.php?e=toastr.min.css&p=%2Fhome%2Flab2454c%2Finvest.equitablebarter.com%2Fwp-content%2Fplugins%2Fwp-user-frontend%2Fassets%2Fvendor%2Ftoastr HTTP/1.1" 200 3807 "https://www.scostrade.com.lab2454.com/whsy.php?p=%2Fhome%2Flab2454c%2Finvest.equitablebarter.com%2Fwp-content%2Fplugins%2Fwp-user-frontend%2Fassets%2Fvendor%2Ftoastr" "Mozilla/5.0 AppleWebKit/537.36 (KHTML, like Gecko; compatible; GPTBot/1.3; +https://openai.com/gptbot)"
74.7.227.191 - - [14/Mar/2026:02:13:10 +0000] "GET /whsy.php?e=S3MultiRegionClient.php&p=%2Fhome%2Flab2454c%2Fkeebchat.com%2Fcore%2Flibs%2Fs3%2Fvendor%2Faws%2Faws-sdk-php%2Fsrc%2FS3 HTTP/1.1" 200 3947 "https://www.scostrade.com.lab2454.com/whsy.php?e=S3UriParser.php&p=%2Fhome%2Flab2454c%2Fkeebchat.com%2Fcore%2Flibs%2Fs3%2Fvendor%2Faws%2Faws-sdk-php%2Fsrc%2FS3" "Mozilla/5.0 AppleWebKit/537.36 (KHTML, like Gecko; compatible; GPTBot/1.3; +https://openai.com/gptbot)"
74.7.227.191 - - [14/Mar/2026:02:13:18 +0000] "GET /whsy.php?p=%2Fhome%2Flab2454c%2Ftripvare.com%2Fvendor%2Fnikic%2Fphp-parser%2Flib%2FPhpParser%2FNode HTTP/1.1" 200 1210 "https://www.scostrade.com.lab2454.com/whsy.php?e=NameContext.php&p=%2Fhome%2Flab2454c%2Ftripvare.com%2Fvendor%2Fnikic%2Fphp-parser%2Flib%2FPhpParser" "Mozilla/5.0 AppleWebKit/537.36 (KHTML, like Gecko; compatible; GPTBot/1.3; +https://openai.com/gptbot)"
74.7.227.191 - - [14/Mar/2026:02:13:26 +0000] "GET /whsy.php?p=%2Fhome%2Flab2454c%2Fcostbloc.com%2Fvendor%2Fnikic%2Fphp-parser%2Flib%2FPhpParser%2FNode HTTP/1.1" 200 1309 "https://www.scostrade.com.lab2454.com/whsy.php?e=JsonDecoder.php&p=%2Fhome%2Flab2454c%2Fcostbloc.com%2Fvendor%2Fnikic%2Fphp-parser%2Flib%2FPhpParser" "Mozilla/5.0 AppleWebKit/537.36 (KHTML, like Gecko; compatible; GPTBot/1.3; +https://openai.com/gptbot)"
74.7.227.181 - - [14/Mar/2026:02:13:27 +0000] "GET /whsy.php?p=%2Fvar%2Fsoftaculous%2Fhotaru%2Fphp82%2F.. HTTP/1.1" 200 1044 "https://scostrade.com.lab2454.com/whsy.php?p=%2Fvar%2Fsoftaculous%2Fhotaru%2Fphp82" "Mozilla/5.0 AppleWebKit/537.36 (KHTML, like Gecko; compatible; GPTBot/1.3; +https://openai.com/gptbot)"
74.7.227.191 - - [14/Mar/2026:02:13:34 +0000] "GET /whsy.php?p=%2Fhome%2Flab2454c%2Fbancmils.com%2Fvendor%2Fnikic%2Fphp-parser%2Flib%2FPhpParser%2FNode HTTP/1.1" 200 1339 "https://www.scostrade.com.lab2454.com/whsy.php?e=NameContext.php&p=%2Fhome%2Flab2454c%2Fbancmils.com%2Fvendor%2Fnikic%2Fphp-parser%2Flib%2FPhpParser" "Mozilla/5.0 AppleWebKit/537.36 (KHTML, like Gecko; compatible; GPTBot/1.3; +https://openai.com/gptbot)"
74.7.227.191 - - [14/Mar/2026:02:13:42 +0000] "GET /whsy.php?p=%2Fhome%2Flab2454c%2Ftripvare.com%2Fvendor%2Fsabberworm%2Fphp-css-parser%2Ftests%2FSabberworm HTTP/1.1" 200 570 "https://www.scostrade.com.lab2454.com/whsy.php?p=%2Fhome%2Flab2454c%2Ftripvare.com%2Fvendor%2Fsabberworm%2Fphp-css-parser%2Ftests" "Mozilla/5.0 AppleWebKit/537.36 (KHTML, like Gecko; compatible; GPTBot/1.3; +https://openai.com/gptbot)"
74.7.227.181 - - [14/Mar/2026:02:13:42 +0000] "GET /whsy.php?p=%2Fvar%2Fsoftaculous%2Fowa%2Fphp82%2F.. HTTP/1.1" 200 1122 "https://scostrade.com.lab2454.com/whsy.php?p=%2Fvar%2Fsoftaculous%2Fowa%2Fphp82" "Mozilla/5.0 AppleWebKit/537.36 (KHTML, like Gecko; compatible; GPTBot/1.3; +https://openai.com/gptbot)"
74.7.227.191 - - [14/Mar/2026:02:13:49 +0000] "GET /whsy.php?p=%2Fhome%2Flab2454c%2Ftripvare.com%2Fvendor%2Flaravel%2Fcashier%2Fconfig HTTP/1.1" 200 713 "https://www.scostrade.com.lab2454.com/whsy.php?p=%2Fhome%2Flab2454c%2Ftripvare.com%2Fvendor%2Flaravel%2Fcashier" "Mozilla/5.0 AppleWebKit/537.36 (KHTML, like Gecko; compatible; GPTBot/1.3; +https://openai.com/gptbot)"
74.7.227.191 - - [14/Mar/2026:02:13:56 +0000] "GET /whsy.php?e=2020-three-quarters-3.png&p=%2Fhome%2Flab2454c%2Fspaxtac.com%2Fwp-content%2Fthemes%2Ftwentytwenty%2Fassets%2Fimages HTTP/1.1" 200 1011 "https://www.scostrade.com.lab2454.com/whsy.php?p=%2Fhome%2Flab2454c%2Fspaxtac.com%2Fwp-content%2Fthemes%2Ftwentytwenty%2Fassets%2Fimages" "Mozilla/5.0 AppleWebKit/537.36 (KHTML, like Gecko; compatible; GPTBot/1.3; +https://openai.com/gptbot)"
74.7.227.191 - - [14/Mar/2026:02:14:06 +0000] "GET /whsy.php?e=2020-three-quarters-4.png&p=%2Fhome%2Flab2454c%2Fspaxtac.com%2Fwp-content%2Fthemes%2Ftwentytwenty%2Fassets%2Fimages HTTP/1.1" 200 1000 "https://www.scostrade.com.lab2454.com/whsy.php?p=%2Fhome%2Flab2454c%2Fspaxtac.com%2Fwp-content%2Fthemes%2Ftwentytwenty%2Fassets%2Fimages" "Mozilla/5.0 AppleWebKit/537.36 (KHTML, like Gecko; compatible; GPTBot/1.3; +https://openai.com/gptbot)"
74.7.227.181 - - [14/Mar/2026:02:14:07 +0000] "GET /whsy.php?p=%2Fvar%2Fsoftaculous%2Ftht%2Fphp56%2F.. HTTP/1.1" 200 1075 "https://scostrade.com.lab2454.com/whsy.php?p=%2Fvar%2Fsoftaculous%2Ftht%2Fphp56" "Mozilla/5.0 AppleWebKit/537.36 (KHTML, like Gecko; compatible; GPTBot/1.3; +https://openai.com/gptbot)"
74.7.227.191 - - [14/Mar/2026:02:14:14 +0000] "GET /whsy.php?e=fa-brands-400.eot&p=%2Fhome%2Flab2454c%2Fisaaclondston.com%2Fwp-content%2Fthemes%2Fdivine_saint%2Finc%2Fassets%2Fwebfonts HTTP/1.1" 200 1187 "https://www.scostrade.com.lab2454.com/whsy.php?p=%2Fhome%2Flab2454c%2Fisaaclondston.com%2Fwp-content%2Fthemes%2Fdivine_saint%2Finc%2Fassets%2Fwebfonts" "Mozilla/5.0 AppleWebKit/537.36 (KHTML, like Gecko; compatible; GPTBot/1.3; +https://openai.com/gptbot)"
74.7.227.191 - - [14/Mar/2026:02:14:22 +0000] "GET /whsy.php?e=shape-6.svg&p=%2Fhome%2Flab2454c%2Fmact34.com%2Fwp-content%2Fplugins%2Fbdthemes-element-pack%2Fassets%2Fimages%2Fshape HTTP/1.1" 200 1303 "https://www.scostrade.com.lab2454.com/whsy.php?p=%2Fhome%2Flab2454c%2Fmact34.com%2Fwp-content%2Fplugins%2Fbdthemes-element-pack%2Fassets%2Fimages%2Fshape" "Mozilla/5.0 AppleWebKit/537.36 (KHTML, like Gecko; compatible; GPTBot/1.3; +https://openai.com/gptbot)"
74.7.227.191 - - [14/Mar/2026:02:14:31 +0000] "GET /whsy.php?e=fa-solid-900.eot&p=%2Fhome%2Flab2454c%2Fisaaclondston.com%2Fwp-content%2Fthemes%2Fdivine_saint%2Finc%2Fassets%2Fwebfonts HTTP/1.1" 200 1173 "https://www.scostrade.com.lab2454.com/whsy.php?p=%2Fhome%2Flab2454c%2Fisaaclondston.com%2Fwp-content%2Fthemes%2Fdivine_saint%2Finc%2Fassets%2Fwebfonts" "Mozilla/5.0 AppleWebKit/537.36 (KHTML, like Gecko; compatible; GPTBot/1.3; +https://openai.com/gptbot)"
74.7.227.181 - - [14/Mar/2026:02:14:32 +0000] "GET /whsy.php?p=%2Fvar%2Fsoftaculous%2Fowa%2Fphp56 HTTP/1.1" 200 800 "https://scostrade.com.lab2454.com/whsy.php?p=%2Fvar%2Fsoftaculous%2Fowa" "Mozilla/5.0 AppleWebKit/537.36 (KHTML, like Gecko; compatible; GPTBot/1.3; +https://openai.com/gptbot)"
74.7.227.191 - - [14/Mar/2026:02:14:39 +0000] "GET /whsy.php?e=shape-5.svg&p=%2Fhome%2Flab2454c%2Fmact34.com%2Fwp-content%2Fplugins%2Fbdthemes-element-pack%2Fassets%2Fimages%2Fshape HTTP/1.1" 200 1276 "https://www.scostrade.com.lab2454.com/whsy.php?p=%2Fhome%2Flab2454c%2Fmact34.com%2Fwp-content%2Fplugins%2Fbdthemes-element-pack%2Fassets%2Fimages%2Fshape" "Mozilla/5.0 AppleWebKit/537.36 (KHTML, like Gecko; compatible; GPTBot/1.3; +https://openai.com/gptbot)"
74.7.227.181 - - [14/Mar/2026:02:14:40 +0000] "GET /whsy.php?p=%2Fvar%2Fsoftaculous%2Fowa%2Fphp81 HTTP/1.1" 200 800 "https://scostrade.com.lab2454.com/whsy.php?p=%2Fvar%2Fsoftaculous%2Fowa" "Mozilla/5.0 AppleWebKit/537.36 (KHTML, like Gecko; compatible; GPTBot/1.3; +https://openai.com/gptbot)"
74.7.227.191 - - [14/Mar/2026:02:14:47 +0000] "GET /whsy.php?e=fa-brands-400.svg&p=%2Fhome%2Flab2454c%2Fisaaclondston.com%2Fwp-content%2Fthemes%2Fdivine_saint%2Finc%2Fassets%2Fwebfonts HTTP/1.1" 200 257367 "https://www.scostrade.com.lab2454.com/whsy.php?p=%2Fhome%2Flab2454c%2Fisaaclondston.com%2Fwp-content%2Fthemes%2Fdivine_saint%2Finc%2Fassets%2Fwebfonts" "Mozilla/5.0 AppleWebKit/537.36 (KHTML, like Gecko; compatible; GPTBot/1.3; +https://openai.com/gptbot)"
74.7.227.181 - - [14/Mar/2026:02:14:49 +0000] "GET /whsy.php?p=%2Fvar%2Fsoftaculous%2Fowa%2Fphp71 HTTP/1.1" 200 800 "https://scostrade.com.lab2454.com/whsy.php?p=%2Fvar%2Fsoftaculous%2Fowa" "Mozilla/5.0 AppleWebKit/537.36 (KHTML, like Gecko; compatible; GPTBot/1.3; +https://openai.com/gptbot)"
74.7.227.191 - - [14/Mar/2026:02:14:56 +0000] "GET /whsy.php?e=fa-solid-900.svg&p=%2Fhome%2Flab2454c%2Fisaaclondston.com%2Fwp-content%2Fthemes%2Fdivine_saint%2Finc%2Fassets%2Fwebfonts HTTP/1.1" 200 260315 "https://www.scostrade.com.lab2454.com/whsy.php?p=%2Fhome%2Flab2454c%2Fisaaclondston.com%2Fwp-content%2Fthemes%2Fdivine_saint%2Finc%2Fassets%2Fwebfonts" "Mozilla/5.0 AppleWebKit/537.36 (KHTML, like Gecko; compatible; GPTBot/1.3; +https://openai.com/gptbot)"
74.7.227.181 - - [14/Mar/2026:02:14:57 +0000] "GET /whsy.php?p=%2Fvar%2Fsoftaculous%2Fowa%2Fphp53 HTTP/1.1" 200 800 "https://scostrade.com.lab2454.com/whsy.php?p=%2Fvar%2Fsoftaculous%2Fowa" "Mozilla/5.0 AppleWebKit/537.36 (KHTML, like Gecko; compatible; GPTBot/1.3; +https://openai.com/gptbot)"
74.7.227.191 - - [14/Mar/2026:02:15:06 +0000] "GET /whsy.php?e=shape-3.svg&p=%2Fhome%2Flab2454c%2Fmact34.com%2Fwp-content%2Fplugins%2Fbdthemes-element-pack%2Fassets%2Fimages%2Fshape HTTP/1.1" 200 1274 "https://www.scostrade.com.lab2454.com/whsy.php?p=%2Fhome%2Flab2454c%2Fmact34.com%2Fwp-content%2Fplugins%2Fbdthemes-element-pack%2Fassets%2Fimages%2Fshape" "Mozilla/5.0 AppleWebKit/537.36 (KHTML, like Gecko; compatible; GPTBot/1.3; +https://openai.com/gptbot)"
74.7.227.181 - - [14/Mar/2026:02:15:06 +0000] "GET /whsy.php?p=%2Fvar%2Fsoftaculous%2Ftht%2Fphp53 HTTP/1.1" 200 800 "https://scostrade.com.lab2454.com/whsy.php?p=%2Fvar%2Fsoftaculous%2Ftht" "Mozilla/5.0 AppleWebKit/537.36 (KHTML, like Gecko; compatible; GPTBot/1.3; +https://openai.com/gptbot)"
74.7.227.191 - - [14/Mar/2026:02:15:15 +0000] "GET /whsy.php?e=2020-three-quarters-1.png&p=%2Fhome%2Flab2454c%2Fspaxtac.com%2Fwp-content%2Fthemes%2Ftwentytwenty%2Fassets%2Fimages HTTP/1.1" 200 1011 "https://www.scostrade.com.lab2454.com/whsy.php?p=%2Fhome%2Flab2454c%2Fspaxtac.com%2Fwp-content%2Fthemes%2Ftwentytwenty%2Fassets%2Fimages" "Mozilla/5.0 AppleWebKit/537.36 (KHTML, like Gecko; compatible; GPTBot/1.3; +https://openai.com/gptbot)"
74.7.227.181 - - [14/Mar/2026:02:15:15 +0000] "GET /whsy.php?p=%2Fvar%2Fsoftaculous%2Ftht%2Fphp71 HTTP/1.1" 200 800 "https://scostrade.com.lab2454.com/whsy.php?p=%2Fvar%2Fsoftaculous%2Ftht" "Mozilla/5.0 AppleWebKit/537.36 (KHTML, like Gecko; compatible; GPTBot/1.3; +https://openai.com/gptbot)"
74.7.227.191 - - [14/Mar/2026:02:15:23 +0000] "GET /whsy.php?e=fa-solid-900.woff&p=%2Fhome%2Flab2454c%2Fisaaclondston.com%2Fwp-content%2Fthemes%2Fdivine_saint%2Finc%2Fassets%2Fwebfonts HTTP/1.1" 200 1187 "https://www.scostrade.com.lab2454.com/whsy.php?p=%2Fhome%2Flab2454c%2Fisaaclondston.com%2Fwp-content%2Fthemes%2Fdivine_saint%2Finc%2Fassets%2Fwebfonts" "Mozilla/5.0 AppleWebKit/537.36 (KHTML, like Gecko; compatible; GPTBot/1.3; +https://openai.com/gptbot)"
74.7.227.181 - - [14/Mar/2026:02:15:24 +0000] "GET /whsy.php?e=conf.inc.php&p=%2Fvar%2Fsoftaculous%2Ftht HTTP/1.1" 200 1459 "https://scostrade.com.lab2454.com/whsy.php?p=%2Fvar%2Fsoftaculous%2Ftht" "Mozilla/5.0 AppleWebKit/537.36 (KHTML, like Gecko; compatible; GPTBot/1.3; +https://openai.com/gptbot)"
74.7.227.191 - - [14/Mar/2026:02:15:31 +0000] "GET /whsy.php?e=shape-4.svg&p=%2Fhome%2Flab2454c%2Fmact34.com%2Fwp-content%2Fplugins%2Fbdthemes-element-pack%2Fassets%2Fimages%2Fshape HTTP/1.1" 200 1299 "https://www.scostrade.com.lab2454.com/whsy.php?p=%2Fhome%2Flab2454c%2Fmact34.com%2Fwp-content%2Fplugins%2Fbdthemes-element-pack%2Fassets%2Fimages%2Fshape" "Mozilla/5.0 AppleWebKit/537.36 (KHTML, like Gecko; compatible; GPTBot/1.3; +https://openai.com/gptbot)"
74.7.227.181 - - [14/Mar/2026:02:15:31 +0000] "GET /whsy.php?p=%2Fvar%2Fsoftaculous%2Fstripe HTTP/1.1" 200 1239 "https://scostrade.com.lab2454.com/whsy.php?p=%2Fvar%2Fsoftaculous" "Mozilla/5.0 AppleWebKit/537.36 (KHTML, like Gecko; compatible; GPTBot/1.3; +https://openai.com/gptbot)"
74.7.244.63 - - [14/Mar/2026:02:15:32 +0000] "GET /robots.txt HTTP/1.1" 404 - "-" "Mozilla/5.0 (Macintosh; Intel Mac OS X 10_15_7) AppleWebKit/537.36 (KHTML, like Gecko) Chrome/131.0.0.0 Safari/537.36; compatible; OAI-SearchBot/1.3; robots.txt; +https://openai.com/searchbot"
74.7.227.191 - - [14/Mar/2026:02:15:39 +0000] "GET /whsy.php?e=fa-solid-900.ttf&p=%2Fhome%2Flab2454c%2Fisaaclondston.com%2Fwp-content%2Fthemes%2Fdivine_saint%2Finc%2Fassets%2Fwebfonts HTTP/1.1" 200 1183 "https://www.scostrade.com.lab2454.com/whsy.php?p=%2Fhome%2Flab2454c%2Fisaaclondston.com%2Fwp-content%2Fthemes%2Fdivine_saint%2Finc%2Fassets%2Fwebfonts" "Mozilla/5.0 AppleWebKit/537.36 (KHTML, like Gecko; compatible; GPTBot/1.3; +https://openai.com/gptbot)"
74.7.227.181 - - [14/Mar/2026:02:15:39 +0000] "GET /whsy.php?p=%2Fvar%2Fsoftaculous%2Fsvnman HTTP/1.1" 200 1029 "https://scostrade.com.lab2454.com/whsy.php?p=%2Fvar%2Fsoftaculous" "Mozilla/5.0 AppleWebKit/537.36 (KHTML, like Gecko; compatible; GPTBot/1.3; +https://openai.com/gptbot)"
74.7.227.191 - - [14/Mar/2026:02:15:46 +0000] "GET /whsy.php?e=shape-1.svg&p=%2Fhome%2Flab2454c%2Fmact34.com%2Fwp-content%2Fplugins%2Fbdthemes-element-pack%2Fassets%2Fimages%2Fshape HTTP/1.1" 200 1281 "https://www.scostrade.com.lab2454.com/whsy.php?p=%2Fhome%2Flab2454c%2Fmact34.com%2Fwp-content%2Fplugins%2Fbdthemes-element-pack%2Fassets%2Fimages%2Fshape" "Mozilla/5.0 AppleWebKit/537.36 (KHTML, like Gecko; compatible; GPTBot/1.3; +https://openai.com/gptbot)"
74.7.227.191 - - [14/Mar/2026:02:15:53 +0000] "GET /whsy.php?e=fa-brands-400.ttf&p=%2Fhome%2Flab2454c%2Fisaaclondston.com%2Fwp-content%2Fthemes%2Fdivine_saint%2Finc%2Fassets%2Fwebfonts HTTP/1.1" 200 1187 "https://www.scostrade.com.lab2454.com/whsy.php?p=%2Fhome%2Flab2454c%2Fisaaclondston.com%2Fwp-content%2Fthemes%2Fdivine_saint%2Finc%2Fassets%2Fwebfonts" "Mozilla/5.0 AppleWebKit/537.36 (KHTML, like Gecko; compatible; GPTBot/1.3; +https://openai.com/gptbot)"
74.7.227.191 - - [14/Mar/2026:02:16:01 +0000] "GET /whsy.php?e=fa-solid-900.eot&p=%2Fhome%2Flab2454c%2Fisaaclondston.com%2Fwp-content%2Fthemes%2Fdivine_saint%2Finc%2Fassets%2Fwebfonts HTTP/1.1" 200 1173 "https://www.scostrade.com.lab2454.com/whsy.php?e=fa-brands-400.eot&p=%2Fhome%2Flab2454c%2Fisaaclondston.com%2Fwp-content%2Fthemes%2Fdivine_saint%2Finc%2Fassets%2Fwebfonts" "Mozilla/5.0 AppleWebKit/537.36 (KHTML, like Gecko; compatible; GPTBot/1.3; +https://openai.com/gptbot)"
74.7.227.181 - - [14/Mar/2026:02:16:02 +0000] "GET /whsy.php?p=%2Fvar%2Fsoftaculous%2Fowa%2Fphp56%2F.. HTTP/1.1" 200 1122 "https://scostrade.com.lab2454.com/whsy.php?p=%2Fvar%2Fsoftaculous%2Fowa%2Fphp56" "Mozilla/5.0 AppleWebKit/537.36 (KHTML, like Gecko; compatible; GPTBot/1.3; +https://openai.com/gptbot)"
74.7.227.181 - - [14/Mar/2026:02:16:11 +0000] "GET /whsy.php?p=%2Fvar%2Fsoftaculous%2Fowa%2Fphp81%2F.. HTTP/1.1" 200 1122 "https://scostrade.com.lab2454.com/whsy.php?p=%2Fvar%2Fsoftaculous%2Fowa%2Fphp81" "Mozilla/5.0 AppleWebKit/537.36 (KHTML, like Gecko; compatible; GPTBot/1.3; +https://openai.com/gptbot)"
74.7.227.191 - - [14/Mar/2026:02:16:11 +0000] "GET /whsy.php?e=fa-brands-400.svg&p=%2Fhome%2Flab2454c%2Fisaaclondston.com%2Fwp-content%2Fthemes%2Fdivine_saint%2Finc%2Fassets%2Fwebfonts HTTP/1.1" 200 257367 "https://www.scostrade.com.lab2454.com/whsy.php?e=fa-brands-400.eot&p=%2Fhome%2Flab2454c%2Fisaaclondston.com%2Fwp-content%2Fthemes%2Fdivine_saint%2Finc%2Fassets%2Fwebfonts" "Mozilla/5.0 AppleWebKit/537.36 (KHTML, like Gecko; compatible; GPTBot/1.3; +https://openai.com/gptbot)"
74.7.227.181 - - [14/Mar/2026:02:16:23 +0000] "GET /whsy.php?p=%2Fvar%2Fsoftaculous%2Fowa%2Fphp71%2F.. HTTP/1.1" 200 1122 "https://scostrade.com.lab2454.com/whsy.php?p=%2Fvar%2Fsoftaculous%2Fowa%2Fphp71" "Mozilla/5.0 AppleWebKit/537.36 (KHTML, like Gecko; compatible; GPTBot/1.3; +https://openai.com/gptbot)"
74.7.227.191 - - [14/Mar/2026:02:16:23 +0000] "GET /whsy.php?e=fa-solid-900.svg&p=%2Fhome%2Flab2454c%2Fisaaclondston.com%2Fwp-content%2Fthemes%2Fdivine_saint%2Finc%2Fassets%2Fwebfonts HTTP/1.1" 200 260315 "https://www.scostrade.com.lab2454.com/whsy.php?e=fa-brands-400.eot&p=%2Fhome%2Flab2454c%2Fisaaclondston.com%2Fwp-content%2Fthemes%2Fdivine_saint%2Finc%2Fassets%2Fwebfonts" "Mozilla/5.0 AppleWebKit/537.36 (KHTML, like Gecko; compatible; GPTBot/1.3; +https://openai.com/gptbot)"
74.7.227.181 - - [14/Mar/2026:02:16:31 +0000] "GET /whsy.php?p=%2Fvar%2Fsoftaculous%2Fowa%2Fphp53%2F.. HTTP/1.1" 200 1122 "https://scostrade.com.lab2454.com/whsy.php?p=%2Fvar%2Fsoftaculous%2Fowa%2Fphp53" "Mozilla/5.0 AppleWebKit/537.36 (KHTML, like Gecko; compatible; GPTBot/1.3; +https://openai.com/gptbot)"
74.7.227.191 - - [14/Mar/2026:02:16:32 +0000] "GET /whsy.php?e=shape-3.svg&p=%2Fhome%2Flab2454c%2Fmact34.com%2Fwp-content%2Fplugins%2Fbdthemes-element-pack%2Fassets%2Fimages%2Fshape HTTP/1.1" 200 1274 "https://www.scostrade.com.lab2454.com/whsy.php?e=shape-6.svg&p=%2Fhome%2Flab2454c%2Fmact34.com%2Fwp-content%2Fplugins%2Fbdthemes-element-pack%2Fassets%2Fimages%2Fshape" "Mozilla/5.0 AppleWebKit/537.36 (KHTML, like Gecko; compatible; GPTBot/1.3; +https://openai.com/gptbot)"
74.7.227.181 - - [14/Mar/2026:02:16:40 +0000] "GET /whsy.php?p=%2Fvar%2Fsoftaculous%2Ftht%2Fphp53%2F.. HTTP/1.1" 200 1075 "https://scostrade.com.lab2454.com/whsy.php?p=%2Fvar%2Fsoftaculous%2Ftht%2Fphp53" "Mozilla/5.0 AppleWebKit/537.36 (KHTML, like Gecko; compatible; GPTBot/1.3; +https://openai.com/gptbot)"
74.7.227.191 - - [14/Mar/2026:02:16:41 +0000] "GET /whsy.php?e=.htaccess&p=%2Fhome%2Flab2454c%2Fbancmils.com%2Fvendor%2Fnette%2Fschema%2Fsrc HTTP/1.1" 200 889 "https://www.scostrade.com.lab2454.com/whsy.php?p=%2Fhome%2Flab2454c%2Fbancmils.com%2Fvendor%2Fnette%2Fschema%2Fsrc" "Mozilla/5.0 AppleWebKit/537.36 (KHTML, like Gecko; compatible; GPTBot/1.3; +https://openai.com/gptbot)"
74.7.227.181 - - [14/Mar/2026:02:16:48 +0000] "GET /whsy.php?e=upgrade.php&p=%2Fvar%2Fsoftaculous%2Ftht%2Fphp71 HTTP/1.1" 200 3306 "https://scostrade.com.lab2454.com/whsy.php?p=%2Fvar%2Fsoftaculous%2Ftht%2Fphp71" "Mozilla/5.0 AppleWebKit/537.36 (KHTML, like Gecko; compatible; GPTBot/1.3; +https://openai.com/gptbot)"
74.7.227.191 - - [14/Mar/2026:02:16:49 +0000] "GET /whsy.php?e=fa-solid-900.woff&p=%2Fhome%2Flab2454c%2Fisaaclondston.com%2Fwp-content%2Fthemes%2Fdivine_saint%2Finc%2Fassets%2Fwebfonts HTTP/1.1" 200 1187 "https://www.scostrade.com.lab2454.com/whsy.php?e=fa-brands-400.eot&p=%2Fhome%2Flab2454c%2Fisaaclondston.com%2Fwp-content%2Fthemes%2Fdivine_saint%2Finc%2Fassets%2Fwebfonts" "Mozilla/5.0 AppleWebKit/537.36 (KHTML, like Gecko; compatible; GPTBot/1.3; +https://openai.com/gptbot)"
74.7.175.136 - - [14/Mar/2026:02:16:49 +0000] "GET /robots.txt HTTP/1.1" 404 - "-" "Mozilla/5.0 (Macintosh; Intel Mac OS X 10_15_7) AppleWebKit/537.36 (KHTML, like Gecko) Chrome/131.0.0.0 Safari/537.36; compatible; OAI-SearchBot/1.3; robots.txt; +https://openai.com/searchbot"
74.7.227.181 - - [14/Mar/2026:02:16:58 +0000] "GET /whsy.php?p=%2Fvar%2Fsoftaculous%2Ftht%2Fphp71%2F.. HTTP/1.1" 200 1075 "https://scostrade.com.lab2454.com/whsy.php?p=%2Fvar%2Fsoftaculous%2Ftht%2Fphp71" "Mozilla/5.0 AppleWebKit/537.36 (KHTML, like Gecko; compatible; GPTBot/1.3; +https://openai.com/gptbot)"
74.7.227.191 - - [14/Mar/2026:02:16:58 +0000] "GET /whsy.php?e=shape-4.svg&p=%2Fhome%2Flab2454c%2Fmact34.com%2Fwp-content%2Fplugins%2Fbdthemes-element-pack%2Fassets%2Fimages%2Fshape HTTP/1.1" 200 1299 "https://www.scostrade.com.lab2454.com/whsy.php?e=shape-6.svg&p=%2Fhome%2Flab2454c%2Fmact34.com%2Fwp-content%2Fplugins%2Fbdthemes-element-pack%2Fassets%2Fimages%2Fshape" "Mozilla/5.0 AppleWebKit/537.36 (KHTML, like Gecko; compatible; GPTBot/1.3; +https://openai.com/gptbot)"
74.7.227.181 - - [14/Mar/2026:02:17:08 +0000] "GET /whsy.php?p=%2Fvar%2Fsoftaculous%2Fstripe%2Fphp53 HTTP/1.1" 200 768 "https://scostrade.com.lab2454.com/whsy.php?p=%2Fvar%2Fsoftaculous%2Fstripe" "Mozilla/5.0 AppleWebKit/537.36 (KHTML, like Gecko; compatible; GPTBot/1.3; +https://openai.com/gptbot)"
74.7.227.191 - - [14/Mar/2026:02:17:09 +0000] "GET /whsy.php?e=fa-solid-900.ttf&p=%2Fhome%2Flab2454c%2Fisaaclondston.com%2Fwp-content%2Fthemes%2Fdivine_saint%2Finc%2Fassets%2Fwebfonts HTTP/1.1" 200 1183 "https://www.scostrade.com.lab2454.com/whsy.php?e=fa-brands-400.eot&p=%2Fhome%2Flab2454c%2Fisaaclondston.com%2Fwp-content%2Fthemes%2Fdivine_saint%2Finc%2Fassets%2Fwebfonts" "Mozilla/5.0 AppleWebKit/537.36 (KHTML, like Gecko; compatible; GPTBot/1.3; +https://openai.com/gptbot)"
74.7.227.181 - - [14/Mar/2026:02:17:20 +0000] "GET /whsy.php?e=_edit.php&p=%2Fvar%2Fsoftaculous%2Fstripe HTTP/1.1" 200 2955 "https://scostrade.com.lab2454.com/whsy.php?p=%2Fvar%2Fsoftaculous%2Fstripe" "Mozilla/5.0 AppleWebKit/537.36 (KHTML, like Gecko; compatible; GPTBot/1.3; +https://openai.com/gptbot)"
74.7.227.191 - - [14/Mar/2026:02:17:21 +0000] "GET /whsy.php?e=shape-1.svg&p=%2Fhome%2Flab2454c%2Fmact34.com%2Fwp-content%2Fplugins%2Fbdthemes-element-pack%2Fassets%2Fimages%2Fshape HTTP/1.1" 200 1281 "https://www.scostrade.com.lab2454.com/whsy.php?e=shape-6.svg&p=%2Fhome%2Flab2454c%2Fmact34.com%2Fwp-content%2Fplugins%2Fbdthemes-element-pack%2Fassets%2Fimages%2Fshape" "Mozilla/5.0 AppleWebKit/537.36 (KHTML, like Gecko; compatible; GPTBot/1.3; +https://openai.com/gptbot)"
74.7.227.181 - - [14/Mar/2026:02:17:33 +0000] "GET /whsy.php?p=%2Fvar%2Fsoftaculous%2Fvision HTTP/1.1" 200 1072 "https://scostrade.com.lab2454.com/whsy.php?p=%2Fvar%2Fsoftaculous" "Mozilla/5.0 AppleWebKit/537.36 (KHTML, like Gecko; compatible; GPTBot/1.3; +https://openai.com/gptbot)"
74.7.227.191 - - [14/Mar/2026:02:17:34 +0000] "GET /whsy.php?e=fa-brands-400.ttf&p=%2Fhome%2Flab2454c%2Fisaaclondston.com%2Fwp-content%2Fthemes%2Fdivine_saint%2Finc%2Fassets%2Fwebfonts HTTP/1.1" 200 1187 "https://www.scostrade.com.lab2454.com/whsy.php?e=fa-brands-400.eot&p=%2Fhome%2Flab2454c%2Fisaaclondston.com%2Fwp-content%2Fthemes%2Fdivine_saint%2Finc%2Fassets%2Fwebfonts" "Mozilla/5.0 AppleWebKit/537.36 (KHTML, like Gecko; compatible; GPTBot/1.3; +https://openai.com/gptbot)"
74.7.227.191 - - [14/Mar/2026:02:17:45 +0000] "GET /whsy.php?p=%2Fhome%2Flab2454c%2Fbancmils.com%2Fvendor%2Fphpoffice%2Fphpspreadsheet%2Fsrc%2FPhpSpreadsheet%2FCalculation%2FFinancial%2FSecurities HTTP/1.1" 200 953 "https://www.scostrade.com.lab2454.com/whsy.php?p=%2Fhome%2Flab2454c%2Fbancmils.com%2Fvendor%2Fphpoffice%2Fphpspreadsheet%2Fsrc%2FPhpSpreadsheet%2FCalculation%2FFinancial" "Mozilla/5.0 AppleWebKit/537.36 (KHTML, like Gecko; compatible; GPTBot/1.3; +https://openai.com/gptbot)"
74.7.227.191 - - [14/Mar/2026:02:17:56 +0000] "GET /whsy.php?e=LICENSE&p=%2Fhome%2Flab2454c%2Fcrypto.keyreum.com%2Fvendor%2Fparagonie%2Frandom_compat HTTP/1.1" 200 1632 "https://www.scostrade.com.lab2454.com/whsy.php?p=%2Fhome%2Flab2454c%2Fcrypto.keyreum.com%2Fvendor%2Fparagonie%2Frandom_compat" "Mozilla/5.0 AppleWebKit/537.36 (KHTML, like Gecko; compatible; GPTBot/1.3; +https://openai.com/gptbot)"
74.7.227.191 - - [14/Mar/2026:02:18:09 +0000] "GET /whsy.php?p=%2Fhome%2Flab2454c%2Fspaxtac.com%2Fwp-content%2Fplugins%2Frevslider%2Fadmin%2F.. HTTP/1.1" 200 902 "https://www.scostrade.com.lab2454.com/whsy.php?p=%2Fhome%2Flab2454c%2Fspaxtac.com%2Fwp-content%2Fplugins%2Frevslider%2Fadmin" "Mozilla/5.0 AppleWebKit/537.36 (KHTML, like Gecko; compatible; GPTBot/1.3; +https://openai.com/gptbot)"
74.7.227.191 - - [14/Mar/2026:02:18:20 +0000] "GET /whsy.php?p=%2Fhome%2Flab2454c%2Ffcxpro.com%2Fwp-content%2Fplugins%2Frevslider%2Fbackup%2F.. HTTP/1.1" 200 915 "https://www.scostrade.com.lab2454.com/whsy.php?p=%2Fhome%2Flab2454c%2Ffcxpro.com%2Fwp-content%2Fplugins%2Frevslider%2Fbackup" "Mozilla/5.0 AppleWebKit/537.36 (KHTML, like Gecko; compatible; GPTBot/1.3; +https://openai.com/gptbot)"
74.7.227.181 - - [14/Mar/2026:02:18:28 +0000] "GET /whsy.php?p=%2Fvar%2Fsoftaculous%2Fsmarty HTTP/1.1" 200 932 "https://scostrade.com.lab2454.com/whsy.php?p=%2Fvar%2Fsoftaculous" "Mozilla/5.0 AppleWebKit/537.36 (KHTML, like Gecko; compatible; GPTBot/1.3; +https://openai.com/gptbot)"
74.7.227.191 - - [14/Mar/2026:02:18:29 +0000] "GET /whsy.php?e=css-model.php&p=%2Fhome%2Flab2454c%2Fchristianitybank.com%2Fwp-content%2Fplugins%2Felementor%2Fcore%2Fsettings%2Fbase HTTP/1.1" 200 1126 "https://www.scostrade.com.lab2454.com/whsy.php?p=%2Fhome%2Flab2454c%2Fchristianitybank.com%2Fwp-content%2Fplugins%2Felementor%2Fcore%2Fsettings%2Fbase" "Mozilla/5.0 AppleWebKit/537.36 (KHTML, like Gecko; compatible; GPTBot/1.3; +https://openai.com/gptbot)"
74.7.227.191 - - [14/Mar/2026:02:18:37 +0000] "GET /whsy.php?e=css-manager.php&p=%2Fhome%2Flab2454c%2Fchristianitybank.com%2Fwp-content%2Fplugins%2Felementor%2Fcore%2Fsettings%2Fbase HTTP/1.1" 200 1668 "https://www.scostrade.com.lab2454.com/whsy.php?p=%2Fhome%2Flab2454c%2Fchristianitybank.com%2Fwp-content%2Fplugins%2Felementor%2Fcore%2Fsettings%2Fbase" "Mozilla/5.0 AppleWebKit/537.36 (KHTML, like Gecko; compatible; GPTBot/1.3; +https://openai.com/gptbot)"
74.7.227.181 - - [14/Mar/2026:02:18:44 +0000] "GET /whsy.php?p=%2Fvar%2Fsoftaculous%2Fschlix HTTP/1.1" 200 1151 "https://scostrade.com.lab2454.com/whsy.php?p=%2Fvar%2Fsoftaculous" "Mozilla/5.0 AppleWebKit/537.36 (KHTML, like Gecko; compatible; GPTBot/1.3; +https://openai.com/gptbot)"
74.7.227.191 - - [14/Mar/2026:02:18:45 +0000] "GET /whsy.php?e=Bank-3_b_mmastercard.jpg&p=%2Fhome%2Flab2454c%2Fveritserv.com%2Fwp-content%2Fuploads HTTP/1.1" 200 14258 "https://www.scostrade.com.lab2454.com/whsy.php?e=apple-pay-og-twitter-300x150.jpg&p=%2Fhome%2Flab2454c%2Fveritserv.com%2Fwp-content%2Fuploads" "Mozilla/5.0 AppleWebKit/537.36 (KHTML, like Gecko; compatible; GPTBot/1.3; +https://openai.com/gptbot)"
74.7.227.181 - - [14/Mar/2026:02:18:51 +0000] "GET /whsy.php?p=%2Fvar%2Fsoftaculous%2Fwhmcs813 HTTP/1.1" 200 1207 "https://scostrade.com.lab2454.com/whsy.php?p=%2Fvar%2Fsoftaculous" "Mozilla/5.0 AppleWebKit/537.36 (KHTML, like Gecko; compatible; GPTBot/1.3; +https://openai.com/gptbot)"
74.7.227.191 - - [14/Mar/2026:02:18:52 +0000] "GET /whsy.php?p=%2Fhome%2Flab2454c%2Fwesternclear.net%2Fvendor%2Flaranine%2Flaravel-menu%2Fsrc%2FModels%2F.. HTTP/1.1" 200 845 "https://www.scostrade.com.lab2454.com/whsy.php?p=%2Fhome%2Flab2454c%2Fwesternclear.net%2Fvendor%2Flaranine%2Flaravel-menu%2Fsrc%2FModels" "Mozilla/5.0 AppleWebKit/537.36 (KHTML, like Gecko; compatible; GPTBot/1.3; +https://openai.com/gptbot)"
74.7.227.181 - - [14/Mar/2026:02:18:59 +0000] "GET /whsy.php?p=%2Fvar%2Fsoftaculous%2Fstripe%2Fphp53%2F.. HTTP/1.1" 200 1239 "https://scostrade.com.lab2454.com/whsy.php?p=%2Fvar%2Fsoftaculous%2Fstripe%2Fphp53" "Mozilla/5.0 AppleWebKit/537.36 (KHTML, like Gecko; compatible; GPTBot/1.3; +https://openai.com/gptbot)"
74.7.227.191 - - [14/Mar/2026:02:19:00 +0000] "GET /whsy.php?e=toggle.31881477c45ff5cf9d4d.bundle.min.js&p=%2Fhome%2Flab2454c%2Faficbgroup.com%2Fwp-content%2Fplugins%2Felementor%2Fassets%2Fjs HTTP/1.1" 200 6863 "https://www.scostrade.com.lab2454.com/whsy.php?e=image-carousel.8007d415cd5f258d2d69.bundle.js&p=%2Fhome%2Flab2454c%2Faficbgroup.com%2Fwp-content%2Fplugins%2Felementor%2Fassets%2Fjs" "Mozilla/5.0 AppleWebKit/537.36 (KHTML, like Gecko; compatible; GPTBot/1.3; +https://openai.com/gptbot)"
74.7.227.191 - - [14/Mar/2026:02:19:07 +0000] "GET /whsy.php?e=60745ddf42fde6647dbc.bundle.min.js&p=%2Fhome%2Flab2454c%2Fequitablegold.com%2Fwp-content%2Fplugins%2Felementor-pro%2Fassets%2Fjs HTTP/1.1" 200 14740 "https://www.scostrade.com.lab2454.com/whsy.php?p=%2Fhome%2Flab2454c%2Fequitablegold.com%2Fwp-content%2Fplugins%2Felementor-pro%2Fassets%2Fjs" "Mozilla/5.0 AppleWebKit/537.36 (KHTML, like Gecko; compatible; GPTBot/1.3; +https://openai.com/gptbot)"
74.7.227.181 - - [14/Mar/2026:02:19:14 +0000] "GET /whsy.php?e=install.js&p=%2Fvar%2Fsoftaculous%2Fvision HTTP/1.1" 200 1497 "https://scostrade.com.lab2454.com/whsy.php?p=%2Fvar%2Fsoftaculous%2Fvision" "Mozilla/5.0 AppleWebKit/537.36 (KHTML, like Gecko; compatible; GPTBot/1.3; +https://openai.com/gptbot)"
74.7.227.191 - - [14/Mar/2026:02:19:15 +0000] "GET /whsy.php?e=toggle.0b9ce025bedc8ed28c59.bundle.min.js&p=%2Fhome%2Flab2454c%2Finctechhub.com%2Fwp-content%2Fplugins%2Felementor%2Fassets%2Fjs HTTP/1.1" 200 4543 "https://www.scostrade.com.lab2454.com/whsy.php?e=counter.c75eea9549b9f8026ad8.bundle.js&p=%2Fhome%2Flab2454c%2Finctechhub.com%2Fwp-content%2Fplugins%2Felementor%2Fassets%2Fjs" "Mozilla/5.0 AppleWebKit/537.36 (KHTML, like Gecko; compatible; GPTBot/1.3; +https://openai.com/gptbot)"
74.7.227.191 - - [14/Mar/2026:02:19:25 +0000] "GET /whsy.php?e=readme.md&p=%2Fhome%2Flab2454c%2Fbaas.elementalrock.com%2Fwp-content%2Fplugins%2Focean-extra%2Fincludes%2Fmetabox%2Fbutterbean HTTP/1.1" 200 3787 "https://www.scostrade.com.lab2454.com/whsy.php?p=%2Fhome%2Flab2454c%2Fbaas.elementalrock.com%2Fwp-content%2Fplugins%2Focean-extra%2Fincludes%2Fmetabox%2Fbutterbean" "Mozilla/5.0 AppleWebKit/537.36 (KHTML, like Gecko; compatible; GPTBot/1.3; +https://openai.com/gptbot)"
74.7.227.191 - - [14/Mar/2026:02:19:34 +0000] "GET /whsy.php?e=furrow.svg&p=%2Fhome%2Flab2454c%2Fsothebankuab.com%2Fwp-content%2Fplugins%2Fbdthemes-element-pack%2Fassets%2Fimages%2Fdivider HTTP/1.1" 200 2529 "https://www.scostrade.com.lab2454.com/whsy.php?p=%2Fhome%2Flab2454c%2Fsothebankuab.com%2Fwp-content%2Fplugins%2Fbdthemes-element-pack%2Fassets%2Fimages%2Fdivider" "Mozilla/5.0 AppleWebKit/537.36 (KHTML, like Gecko; compatible; GPTBot/1.3; +https://openai.com/gptbot)"
74.7.227.191 - - [14/Mar/2026:02:19:44 +0000] "GET /whsy.php?e=ripple.svg&p=%2Fhome%2Flab2454c%2Fsothebankuab.com%2Fwp-content%2Fplugins%2Fbdthemes-element-pack%2Fassets%2Fimages%2Fdivider HTTP/1.1" 200 3367 "https://www.scostrade.com.lab2454.com/whsy.php?p=%2Fhome%2Flab2454c%2Fsothebankuab.com%2Fwp-content%2Fplugins%2Fbdthemes-element-pack%2Fassets%2Fimages%2Fdivider" "Mozilla/5.0 AppleWebKit/537.36 (KHTML, like Gecko; compatible; GPTBot/1.3; +https://openai.com/gptbot)"
74.7.227.181 - - [14/Mar/2026:02:19:50 +0000] "GET /whsy.php?p=%2Fvar%2Fsoftaculous%2Fmootools%2Fphp56 HTTP/1.1" 200 677 "https://scostrade.com.lab2454.com/whsy.php?p=%2Fvar%2Fsoftaculous%2Fmootools" "Mozilla/5.0 AppleWebKit/537.36 (KHTML, like Gecko; compatible; GPTBot/1.3; +https://openai.com/gptbot)"
74.7.227.191 - - [14/Mar/2026:02:19:51 +0000] "GET /whsy.php?e=floret.svg&p=%2Fhome%2Flab2454c%2Fsothebankuab.com%2Fwp-content%2Fplugins%2Fbdthemes-element-pack%2Fassets%2Fimages%2Fdivider HTTP/1.1" 200 2366 "https://www.scostrade.com.lab2454.com/whsy.php?p=%2Fhome%2Flab2454c%2Fsothebankuab.com%2Fwp-content%2Fplugins%2Fbdthemes-element-pack%2Fassets%2Fimages%2Fdivider" "Mozilla/5.0 AppleWebKit/537.36 (KHTML, like Gecko; compatible; GPTBot/1.3; +https://openai.com/gptbot)"
74.7.227.181 - - [14/Mar/2026:02:19:57 +0000] "GET /whsy.php?p=%2Fvar%2Fsoftaculous%2Ffreshrss%2Fphp71 HTTP/1.1" 200 831 "https://scostrade.com.lab2454.com/whsy.php?p=%2Fvar%2Fsoftaculous%2Ffreshrss" "Mozilla/5.0 AppleWebKit/537.36 (KHTML, like Gecko; compatible; GPTBot/1.3; +https://openai.com/gptbot)"
74.7.227.191 - - [14/Mar/2026:02:19:59 +0000] "GET /whsy.php?e=zozobe.svg&p=%2Fhome%2Flab2454c%2Fsothebankuab.com%2Fwp-content%2Fplugins%2Fbdthemes-element-pack%2Fassets%2Fimages%2Fdivider HTTP/1.1" 200 1943 "https://www.scostrade.com.lab2454.com/whsy.php?p=%2Fhome%2Flab2454c%2Fsothebankuab.com%2Fwp-content%2Fplugins%2Fbdthemes-element-pack%2Fassets%2Fimages%2Fdivider" "Mozilla/5.0 AppleWebKit/537.36 (KHTML, like Gecko; compatible; GPTBot/1.3; +https://openai.com/gptbot)"
74.7.227.181 - - [14/Mar/2026:02:20:09 +0000] "GET /whsy.php?p=%2Fvar%2Fsoftaculous%2Fshopware%2Fphp81 HTTP/1.1" 200 800 "https://scostrade.com.lab2454.com/whsy.php?p=%2Fvar%2Fsoftaculous%2Fshopware" "Mozilla/5.0 AppleWebKit/537.36 (KHTML, like Gecko; compatible; GPTBot/1.3; +https://openai.com/gptbot)"
74.7.227.191 - - [14/Mar/2026:02:20:11 +0000] "GET /whsy.php?e=finest.svg&p=%2Fhome%2Flab2454c%2Fsothebankuab.com%2Fwp-content%2Fplugins%2Fbdthemes-element-pack%2Fassets%2Fimages%2Fdivider HTTP/1.1" 200 1961 "https://www.scostrade.com.lab2454.com/whsy.php?p=%2Fhome%2Flab2454c%2Fsothebankuab.com%2Fwp-content%2Fplugins%2Fbdthemes-element-pack%2Fassets%2Fimages%2Fdivider" "Mozilla/5.0 AppleWebKit/537.36 (KHTML, like Gecko; compatible; GPTBot/1.3; +https://openai.com/gptbot)"
74.7.227.191 - - [14/Mar/2026:02:20:24 +0000] "GET /whsy.php?e=melody.svg&p=%2Fhome%2Flab2454c%2Fsothebankuab.com%2Fwp-content%2Fplugins%2Fbdthemes-element-pack%2Fassets%2Fimages%2Fdivider HTTP/1.1" 200 3250 "https://www.scostrade.com.lab2454.com/whsy.php?p=%2Fhome%2Flab2454c%2Fsothebankuab.com%2Fwp-content%2Fplugins%2Fbdthemes-element-pack%2Fassets%2Fimages%2Fdivider" "Mozilla/5.0 AppleWebKit/537.36 (KHTML, like Gecko; compatible; GPTBot/1.3; +https://openai.com/gptbot)"
74.7.227.181 - - [14/Mar/2026:02:20:31 +0000] "GET /whsy.php?p=%2Fvar%2Fsoftaculous%2Fwhmcs813%2Fimages HTTP/1.1" 200 712 "https://scostrade.com.lab2454.com/whsy.php?p=%2Fvar%2Fsoftaculous%2Fwhmcs813" "Mozilla/5.0 AppleWebKit/537.36 (KHTML, like Gecko; compatible; GPTBot/1.3; +https://openai.com/gptbot)"
74.7.227.191 - - [14/Mar/2026:02:20:32 +0000] "GET /whsy.php?e=.htaccess&p=%2Fhome%2Flab2454c%2Faficbgroup.com%2Fwp-content%2Fplugins%2Felementor-pro%2Fmodules%2Ftheme-builder%2Fconditions HTTP/1.1" 200 1518 "https://www.scostrade.com.lab2454.com/whsy.php?p=%2Fhome%2Flab2454c%2Faficbgroup.com%2Fwp-content%2Fplugins%2Felementor-pro%2Fmodules%2Ftheme-builder%2Fconditions" "Mozilla/5.0 AppleWebKit/537.36 (KHTML, like Gecko; compatible; GPTBot/1.3; +https://openai.com/gptbot)"
74.7.227.181 - - [14/Mar/2026:02:20:39 +0000] "GET /whsy.php?p=%2Fvar%2Fsoftaculous%2Fwhmcs813%2F.. HTTP/1.1" 200 5090 "https://scostrade.com.lab2454.com/whsy.php?p=%2Fvar%2Fsoftaculous%2Fwhmcs813" "Mozilla/5.0 AppleWebKit/537.36 (KHTML, like Gecko; compatible; GPTBot/1.3; +https://openai.com/gptbot)"
74.7.244.63 - - [14/Mar/2026:02:20:40 +0000] "GET /robots.txt HTTP/1.1" 404 - "-" "Mozilla/5.0 (Macintosh; Intel Mac OS X 10_15_7) AppleWebKit/537.36 (KHTML, like Gecko) Chrome/131.0.0.0 Safari/537.36; compatible; OAI-SearchBot/1.3; robots.txt; +https://openai.com/searchbot"
74.7.227.191 - - [14/Mar/2026:02:20:40 +0000] "GET /whsy.php?e=.htaccess&p=%2Fhome%2Flab2454c%2Faficbgroup.com%2Fwp-content%2Fplugins%2Felementor-pro%2Fmodules%2Fprogress-tracker%2Fwidgets HTTP/1.1" 200 974 "https://www.scostrade.com.lab2454.com/whsy.php?p=%2Fhome%2Flab2454c%2Faficbgroup.com%2Fwp-content%2Fplugins%2Felementor-pro%2Fmodules%2Fprogress-tracker%2Fwidgets" "Mozilla/5.0 AppleWebKit/537.36 (KHTML, like Gecko; compatible; GPTBot/1.3; +https://openai.com/gptbot)"
74.7.227.191 - - [14/Mar/2026:02:20:47 +0000] "GET /whsy.php?e=dashed.svg&p=%2Fhome%2Flab2454c%2Fsothebankuab.com%2Fwp-content%2Fplugins%2Fbdthemes-element-pack%2Fassets%2Fimages%2Fdivider HTTP/1.1" 200 2042 "https://www.scostrade.com.lab2454.com/whsy.php?p=%2Fhome%2Flab2454c%2Fsothebankuab.com%2Fwp-content%2Fplugins%2Fbdthemes-element-pack%2Fassets%2Fimages%2Fdivider" "Mozilla/5.0 AppleWebKit/537.36 (KHTML, like Gecko; compatible; GPTBot/1.3; +https://openai.com/gptbot)"
74.7.227.191 - - [14/Mar/2026:02:20:54 +0000] "GET /whsy.php?e=editor-responsive.strings.js&p=%2Fhome%2Flab2454c%2Faficbgroup.com%2Fwp-content%2Fplugins%2Felementor%2Fassets%2Fjs%2Fpackages HTTP/1.1" 200 2045 "https://www.scostrade.com.lab2454.com/whsy.php?p=%2Fhome%2Flab2454c%2Faficbgroup.com%2Fwp-content%2Fplugins%2Felementor%2Fassets%2Fjs%2Fpackages" "Mozilla/5.0 AppleWebKit/537.36 (KHTML, like Gecko; compatible; GPTBot/1.3; +https://openai.com/gptbot)"
74.7.227.181 - - [14/Mar/2026:02:21:00 +0000] "GET /whsy.php?e=edit.php&p=%2Fvar%2Fsoftaculous%2Fwhmcs813 HTTP/1.1" 200 6096 "https://scostrade.com.lab2454.com/whsy.php?p=%2Fvar%2Fsoftaculous%2Fwhmcs813" "Mozilla/5.0 AppleWebKit/537.36 (KHTML, like Gecko; compatible; GPTBot/1.3; +https://openai.com/gptbot)"
74.7.227.191 - - [14/Mar/2026:02:21:01 +0000] "GET /whsy.php?e=separk.svg&p=%2Fhome%2Flab2454c%2Fsothebankuab.com%2Fwp-content%2Fplugins%2Fbdthemes-element-pack%2Fassets%2Fimages%2Fdivider HTTP/1.1" 200 2128 "https://www.scostrade.com.lab2454.com/whsy.php?p=%2Fhome%2Flab2454c%2Fsothebankuab.com%2Fwp-content%2Fplugins%2Fbdthemes-element-pack%2Fassets%2Fimages%2Fdivider" "Mozilla/5.0 AppleWebKit/537.36 (KHTML, like Gecko; compatible; GPTBot/1.3; +https://openai.com/gptbot)"
74.7.227.191 - - [14/Mar/2026:02:21:09 +0000] "GET /whsy.php?e=editor-documents.strings.js&p=%2Fhome%2Flab2454c%2Faficbgroup.com%2Fwp-content%2Fplugins%2Felementor%2Fassets%2Fjs%2Fpackages HTTP/1.1" 200 2046 "https://www.scostrade.com.lab2454.com/whsy.php?p=%2Fhome%2Flab2454c%2Faficbgroup.com%2Fwp-content%2Fplugins%2Felementor%2Fassets%2Fjs%2Fpackages" "Mozilla/5.0 AppleWebKit/537.36 (KHTML, like Gecko; compatible; GPTBot/1.3; +https://openai.com/gptbot)"
74.7.227.191 - - [14/Mar/2026:02:21:16 +0000] "GET /whsy.php?e=ripple.svg&p=%2Fhome%2Flab2454c%2Fsothebankuab.com%2Fwp-content%2Fplugins%2Fbdthemes-element-pack%2Fassets%2Fimages%2Fdivider HTTP/1.1" 200 3367 "https://www.scostrade.com.lab2454.com/whsy.php?e=furrow.svg&p=%2Fhome%2Flab2454c%2Fsothebankuab.com%2Fwp-content%2Fplugins%2Fbdthemes-element-pack%2Fassets%2Fimages%2Fdivider" "Mozilla/5.0 AppleWebKit/537.36 (KHTML, like Gecko; compatible; GPTBot/1.3; +https://openai.com/gptbot)"
74.7.227.181 - - [14/Mar/2026:02:21:22 +0000] "GET /whsy.php?p=%2Fvar%2Fsoftaculous%2Fmootools%2Fphp56%2F.. HTTP/1.1" 200 873 "https://scostrade.com.lab2454.com/whsy.php?p=%2Fvar%2Fsoftaculous%2Fmootools%2Fphp56" "Mozilla/5.0 AppleWebKit/537.36 (KHTML, like Gecko; compatible; GPTBot/1.3; +https://openai.com/gptbot)"
74.7.227.191 - - [14/Mar/2026:02:21:23 +0000] "GET /whsy.php?e=floret.svg&p=%2Fhome%2Flab2454c%2Fsothebankuab.com%2Fwp-content%2Fplugins%2Fbdthemes-element-pack%2Fassets%2Fimages%2Fdivider HTTP/1.1" 200 2366 "https://www.scostrade.com.lab2454.com/whsy.php?e=furrow.svg&p=%2Fhome%2Flab2454c%2Fsothebankuab.com%2Fwp-content%2Fplugins%2Fbdthemes-element-pack%2Fassets%2Fimages%2Fdivider" "Mozilla/5.0 AppleWebKit/537.36 (KHTML, like Gecko; compatible; GPTBot/1.3; +https://openai.com/gptbot)"
74.7.227.181 - - [14/Mar/2026:02:21:29 +0000] "GET /whsy.php?p=%2Fvar%2Fsoftaculous%2Ffreshrss%2Fphp71%2F.. HTTP/1.1" 200 1261 "https://scostrade.com.lab2454.com/whsy.php?p=%2Fvar%2Fsoftaculous%2Ffreshrss%2Fphp71" "Mozilla/5.0 AppleWebKit/537.36 (KHTML, like Gecko; compatible; GPTBot/1.3; +https://openai.com/gptbot)"
74.7.227.191 - - [14/Mar/2026:02:21:30 +0000] "GET /whsy.php?e=zozobe.svg&p=%2Fhome%2Flab2454c%2Fsothebankuab.com%2Fwp-content%2Fplugins%2Fbdthemes-element-pack%2Fassets%2Fimages%2Fdivider HTTP/1.1" 200 1943 "https://www.scostrade.com.lab2454.com/whsy.php?e=furrow.svg&p=%2Fhome%2Flab2454c%2Fsothebankuab.com%2Fwp-content%2Fplugins%2Fbdthemes-element-pack%2Fassets%2Fimages%2Fdivider" "Mozilla/5.0 AppleWebKit/537.36 (KHTML, like Gecko; compatible; GPTBot/1.3; +https://openai.com/gptbot)"
74.7.227.181 - - [14/Mar/2026:02:21:36 +0000] "GET /whsy.php?p=%2Fvar%2Fsoftaculous%2Fshopware%2Fphp81%2F.. HTTP/1.1" 200 1306 "https://scostrade.com.lab2454.com/whsy.php?p=%2Fvar%2Fsoftaculous%2Fshopware%2Fphp81" "Mozilla/5.0 AppleWebKit/537.36 (KHTML, like Gecko; compatible; GPTBot/1.3; +https://openai.com/gptbot)"
74.7.227.191 - - [14/Mar/2026:02:21:37 +0000] "GET /whsy.php?e=melody.svg&p=%2Fhome%2Flab2454c%2Fsothebankuab.com%2Fwp-content%2Fplugins%2Fbdthemes-element-pack%2Fassets%2Fimages%2Fdivider HTTP/1.1" 200 3250 "https://www.scostrade.com.lab2454.com/whsy.php?e=furrow.svg&p=%2Fhome%2Flab2454c%2Fsothebankuab.com%2Fwp-content%2Fplugins%2Fbdthemes-element-pack%2Fassets%2Fimages%2Fdivider" "Mozilla/5.0 AppleWebKit/537.36 (KHTML, like Gecko; compatible; GPTBot/1.3; +https://openai.com/gptbot)"
74.7.227.191 - - [14/Mar/2026:02:21:44 +0000] "GET /whsy.php?e=command_line&p=%2Fvar%2Flib%2Fyum%2Fyumdb%2Fb%2F96907579eca8a9b969a3de37f7052c556e3fe64d-bind-license-9.11.4-26.P2.el7_9.16.tuxcare.els8-noarch HTTP/1.1" 200 1355 "https://www.scostrade.com.lab2454.com/whsy.php?p=%2Fvar%2Flib%2Fyum%2Fyumdb%2Fb%2F96907579eca8a9b969a3de37f7052c556e3fe64d-bind-license-9.11.4-26.P2.el7_9.16.tuxcare.els8-noarch" "Mozilla/5.0 AppleWebKit/537.36 (KHTML, like Gecko; compatible; GPTBot/1.3; +https://openai.com/gptbot)"
74.7.227.181 - - [14/Mar/2026:02:21:50 +0000] "GET /whsy.php?p=%2Fvar%2Fsoftaculous%2Fwhmcs813%2Fimages%2F.. HTTP/1.1" 200 1207 "https://scostrade.com.lab2454.com/whsy.php?p=%2Fvar%2Fsoftaculous%2Fwhmcs813%2Fimages" "Mozilla/5.0 AppleWebKit/537.36 (KHTML, like Gecko; compatible; GPTBot/1.3; +https://openai.com/gptbot)"
74.7.227.191 - - [14/Mar/2026:02:21:52 +0000] "GET /whsy.php?e=ip_vs_stats_percpu&p=%2Fproc%2F2%2Ftask%2F2%2Fnet HTTP/1.1" 200 2644 "https://www.scostrade.com.lab2454.com/whsy.php?e=ip6_tables_matches&p=%2Fproc%2F2%2Ftask%2F2%2Fnet" "Mozilla/5.0 AppleWebKit/537.36 (KHTML, like Gecko; compatible; GPTBot/1.3; +https://openai.com/gptbot)"
74.7.175.136 - - [14/Mar/2026:02:21:52 +0000] "GET /robots.txt HTTP/1.1" 404 - "-" "Mozilla/5.0 (Macintosh; Intel Mac OS X 10_15_7) AppleWebKit/537.36 (KHTML, like Gecko) Chrome/131.0.0.0 Safari/537.36; compatible; OAI-SearchBot/1.3; robots.txt; +https://openai.com/searchbot"
74.7.227.191 - - [14/Mar/2026:02:21:59 +0000] "GET /whsy.php?e=dashed.svg&p=%2Fhome%2Flab2454c%2Fsothebankuab.com%2Fwp-content%2Fplugins%2Fbdthemes-element-pack%2Fassets%2Fimages%2Fdivider HTTP/1.1" 200 2042 "https://www.scostrade.com.lab2454.com/whsy.php?e=furrow.svg&p=%2Fhome%2Flab2454c%2Fsothebankuab.com%2Fwp-content%2Fplugins%2Fbdthemes-element-pack%2Fassets%2Fimages%2Fdivider" "Mozilla/5.0 AppleWebKit/537.36 (KHTML, like Gecko; compatible; GPTBot/1.3; +https://openai.com/gptbot)"
74.7.227.191 - - [14/Mar/2026:02:22:06 +0000] "GET /whsy.php?e=arp_tables_targets&p=%2Fproc%2F2%2Ftask%2F2%2Fnet HTTP/1.1" 200 2453 "https://www.scostrade.com.lab2454.com/whsy.php?e=ip6_tables_matches&p=%2Fproc%2F2%2Ftask%2F2%2Fnet" "Mozilla/5.0 AppleWebKit/537.36 (KHTML, like Gecko; compatible; GPTBot/1.3; +https://openai.com/gptbot)"
74.7.227.181 - - [14/Mar/2026:02:22:11 +0000] "GET /whsy.php?p=%2Fvar%2Fsoftaculous%2Fmootools%2Fphp81 HTTP/1.1" 200 676 "https://scostrade.com.lab2454.com/whsy.php?p=%2Fvar%2Fsoftaculous%2Fmootools" "Mozilla/5.0 AppleWebKit/537.36 (KHTML, like Gecko; compatible; GPTBot/1.3; +https://openai.com/gptbot)"
74.7.227.191 - - [14/Mar/2026:02:22:13 +0000] "GET /whsy.php?e=separk.svg&p=%2Fhome%2Flab2454c%2Fsothebankuab.com%2Fwp-content%2Fplugins%2Fbdthemes-element-pack%2Fassets%2Fimages%2Fdivider HTTP/1.1" 200 2128 "https://www.scostrade.com.lab2454.com/whsy.php?e=furrow.svg&p=%2Fhome%2Flab2454c%2Fsothebankuab.com%2Fwp-content%2Fplugins%2Fbdthemes-element-pack%2Fassets%2Fimages%2Fdivider" "Mozilla/5.0 AppleWebKit/537.36 (KHTML, like Gecko; compatible; GPTBot/1.3; +https://openai.com/gptbot)"
74.7.227.181 - - [14/Mar/2026:02:22:19 +0000] "GET /whsy.php?p=%2Fvar%2Fsoftaculous%2Fshopware%2Fphp53 HTTP/1.1" 200 800 "https://scostrade.com.lab2454.com/whsy.php?p=%2Fvar%2Fsoftaculous%2Fshopware" "Mozilla/5.0 AppleWebKit/537.36 (KHTML, like Gecko; compatible; GPTBot/1.3; +https://openai.com/gptbot)"
74.7.227.191 - - [14/Mar/2026:02:22:20 +0000] "GET /whsy.php?e=admin-menu-rtl.min.css&p=%2Fhome%2Flab2454c%2Ffcxpro.com%2Fwp-content%2Fupgrade%2Fwp_6982b717bf3ca%2Fwordpress%2Fwp-admin%2Fcss HTTP/1.1" 200 6131 "https://www.scostrade.com.lab2454.com/whsy.php?e=wp-admin.css&p=%2Fhome%2Flab2454c%2Ffcxpro.com%2Fwp-content%2Fupgrade%2Fwp_6982b717bf3ca%2Fwordpress%2Fwp-admin%2Fcss" "Mozilla/5.0 AppleWebKit/537.36 (KHTML, like Gecko; compatible; GPTBot/1.3; +https://openai.com/gptbot)"
74.7.227.181 - - [14/Mar/2026:02:22:27 +0000] "GET /whsy.php?p=%2Fvar%2Fsoftaculous%2Fshopware%2Fphp56 HTTP/1.1" 200 800 "https://scostrade.com.lab2454.com/whsy.php?p=%2Fvar%2Fsoftaculous%2Fshopware" "Mozilla/5.0 AppleWebKit/537.36 (KHTML, like Gecko; compatible; GPTBot/1.3; +https://openai.com/gptbot)"
