74.7.227.49 - - [14/Mar/2026:09:49:14 +0000] "GET /whsy.php?p=%2Fhome%2Flab2454c%2Fdatmont.com%2Fwp-content%2Fthemes%2Figsin%2Finc%2Fassets HTTP/1.1" 200 585 "http://bullclimate.com.lab2454.com/whsy.php?p=%2Fhome%2Flab2454c%2Fdatmont.com%2Fwp-content%2Fthemes%2Figsin%2Finc" "Mozilla/5.0 AppleWebKit/537.36 (KHTML, like Gecko; compatible; GPTBot/1.3; +https://openai.com/gptbot)"
74.7.227.133 - - [14/Mar/2026:09:50:11 +0000] "GET /whsy.php?e=product-12-300x262.jpg&p=%2Fhome%2Flab2454c%2Fgemiton.com%2Fwp-content%2Fuploads%2F2022%2F06 HTTP/1.1" 200 4478 "http://www.bullclimate.com.lab2454.com/whsy.php?p=%2Fhome%2Flab2454c%2Fgemiton.com%2Fwp-content%2Fuploads%2F2022%2F06" "Mozilla/5.0 AppleWebKit/537.36 (KHTML, like Gecko; compatible; GPTBot/1.3; +https://openai.com/gptbot)"
74.7.227.133 - - [14/Mar/2026:09:50:18 +0000] "GET /whsy.php?e=product-3-100x100.jpg&p=%2Fhome%2Flab2454c%2Fgemiton.com%2Fwp-content%2Fuploads%2F2022%2F06 HTTP/1.1" 200 4475 "http://www.bullclimate.com.lab2454.com/whsy.php?p=%2Fhome%2Flab2454c%2Fgemiton.com%2Fwp-content%2Fuploads%2F2022%2F06" "Mozilla/5.0 AppleWebKit/537.36 (KHTML, like Gecko; compatible; GPTBot/1.3; +https://openai.com/gptbot)"
74.7.227.133 - - [14/Mar/2026:09:50:25 +0000] "GET /whsy.php?e=product-5-300x255.jpg&p=%2Fhome%2Flab2454c%2Fgemiton.com%2Fwp-content%2Fuploads%2F2022%2F06 HTTP/1.1" 200 4475 "http://www.bullclimate.com.lab2454.com/whsy.php?p=%2Fhome%2Flab2454c%2Fgemiton.com%2Fwp-content%2Fuploads%2F2022%2F06" "Mozilla/5.0 AppleWebKit/537.36 (KHTML, like Gecko; compatible; GPTBot/1.3; +https://openai.com/gptbot)"
74.7.227.133 - - [14/Mar/2026:09:50:32 +0000] "GET /whsy.php?e=product-6-100x100.jpg&p=%2Fhome%2Flab2454c%2Fgemiton.com%2Fwp-content%2Fuploads%2F2022%2F06 HTTP/1.1" 200 4476 "http://www.bullclimate.com.lab2454.com/whsy.php?p=%2Fhome%2Flab2454c%2Fgemiton.com%2Fwp-content%2Fuploads%2F2022%2F06" "Mozilla/5.0 AppleWebKit/537.36 (KHTML, like Gecko; compatible; GPTBot/1.3; +https://openai.com/gptbot)"
74.7.227.49 - - [14/Mar/2026:09:50:33 +0000] "GET /whsy.php?p=%2Fhome%2Flab2454c%2Fdatmont.com%2Fwp-content%2Fthemes%2Figsin%2Finc%2Fassets%2Fcss HTTP/1.1" 200 837 "http://bullclimate.com.lab2454.com/whsy.php?p=%2Fhome%2Flab2454c%2Fdatmont.com%2Fwp-content%2Fthemes%2Figsin%2Finc%2Fassets" "Mozilla/5.0 AppleWebKit/537.36 (KHTML, like Gecko; compatible; GPTBot/1.3; +https://openai.com/gptbot)"
74.7.227.133 - - [14/Mar/2026:09:50:40 +0000] "GET /whsy.php?e=product-11-150x150.jpg&p=%2Fhome%2Flab2454c%2Fgemiton.com%2Fwp-content%2Fuploads%2F2022%2F06 HTTP/1.1" 200 4476 "http://www.bullclimate.com.lab2454.com/whsy.php?p=%2Fhome%2Flab2454c%2Fgemiton.com%2Fwp-content%2Fuploads%2F2022%2F06" "Mozilla/5.0 AppleWebKit/537.36 (KHTML, like Gecko; compatible; GPTBot/1.3; +https://openai.com/gptbot)"
74.7.227.49 - - [14/Mar/2026:09:50:41 +0000] "GET /whsy.php?p=%2Fhome%2Flab2454c%2Fdatmont.com%2Fwp-content%2Fthemes%2Figsin%2Finc%2Fassets%2Fjs HTTP/1.1" 200 802 "http://bullclimate.com.lab2454.com/whsy.php?p=%2Fhome%2Flab2454c%2Fdatmont.com%2Fwp-content%2Fthemes%2Figsin%2Finc%2Fassets" "Mozilla/5.0 AppleWebKit/537.36 (KHTML, like Gecko; compatible; GPTBot/1.3; +https://openai.com/gptbot)"
74.7.227.133 - - [14/Mar/2026:09:50:47 +0000] "GET /whsy.php?e=product-12-150x150.jpg&p=%2Fhome%2Flab2454c%2Fgemiton.com%2Fwp-content%2Fuploads%2F2022%2F06 HTTP/1.1" 200 4476 "http://www.bullclimate.com.lab2454.com/whsy.php?p=%2Fhome%2Flab2454c%2Fgemiton.com%2Fwp-content%2Fuploads%2F2022%2F06" "Mozilla/5.0 AppleWebKit/537.36 (KHTML, like Gecko; compatible; GPTBot/1.3; +https://openai.com/gptbot)"
74.7.227.133 - - [14/Mar/2026:09:50:54 +0000] "GET /whsy.php?e=product-5-300x262.jpg&p=%2Fhome%2Flab2454c%2Fgemiton.com%2Fwp-content%2Fuploads%2F2022%2F06 HTTP/1.1" 200 4479 "http://www.bullclimate.com.lab2454.com/whsy.php?p=%2Fhome%2Flab2454c%2Fgemiton.com%2Fwp-content%2Fuploads%2F2022%2F06" "Mozilla/5.0 AppleWebKit/537.36 (KHTML, like Gecko; compatible; GPTBot/1.3; +https://openai.com/gptbot)"
74.7.227.133 - - [14/Mar/2026:09:51:01 +0000] "GET /whsy.php?e=product-4-300x255.jpg&p=%2Fhome%2Flab2454c%2Fgemiton.com%2Fwp-content%2Fuploads%2F2022%2F06 HTTP/1.1" 200 4475 "http://www.bullclimate.com.lab2454.com/whsy.php?p=%2Fhome%2Flab2454c%2Fgemiton.com%2Fwp-content%2Fuploads%2F2022%2F06" "Mozilla/5.0 AppleWebKit/537.36 (KHTML, like Gecko; compatible; GPTBot/1.3; +https://openai.com/gptbot)"
74.7.227.133 - - [14/Mar/2026:09:51:09 +0000] "GET /whsy.php?e=product-6-300x255.jpg&p=%2Fhome%2Flab2454c%2Fgemiton.com%2Fwp-content%2Fuploads%2F2022%2F06 HTTP/1.1" 200 4478 "http://www.bullclimate.com.lab2454.com/whsy.php?p=%2Fhome%2Flab2454c%2Fgemiton.com%2Fwp-content%2Fuploads%2F2022%2F06" "Mozilla/5.0 AppleWebKit/537.36 (KHTML, like Gecko; compatible; GPTBot/1.3; +https://openai.com/gptbot)"
74.7.227.133 - - [14/Mar/2026:09:51:17 +0000] "GET /whsy.php?e=product-11-300x262.jpg&p=%2Fhome%2Flab2454c%2Fgemiton.com%2Fwp-content%2Fuploads%2F2022%2F06 HTTP/1.1" 200 4482 "http://www.bullclimate.com.lab2454.com/whsy.php?p=%2Fhome%2Flab2454c%2Fgemiton.com%2Fwp-content%2Fuploads%2F2022%2F06" "Mozilla/5.0 AppleWebKit/537.36 (KHTML, like Gecko; compatible; GPTBot/1.3; +https://openai.com/gptbot)"
74.7.227.133 - - [14/Mar/2026:09:51:25 +0000] "GET /whsy.php?e=product-7-300x255.jpg&p=%2Fhome%2Flab2454c%2Fgemiton.com%2Fwp-content%2Fuploads%2F2022%2F06 HTTP/1.1" 200 4475 "http://www.bullclimate.com.lab2454.com/whsy.php?p=%2Fhome%2Flab2454c%2Fgemiton.com%2Fwp-content%2Fuploads%2F2022%2F06" "Mozilla/5.0 AppleWebKit/537.36 (KHTML, like Gecko; compatible; GPTBot/1.3; +https://openai.com/gptbot)"
74.7.227.133 - - [14/Mar/2026:09:51:34 +0000] "GET /whsy.php?e=product-8-300x255.jpg&p=%2Fhome%2Flab2454c%2Fgemiton.com%2Fwp-content%2Fuploads%2F2022%2F06 HTTP/1.1" 200 4472 "http://www.bullclimate.com.lab2454.com/whsy.php?p=%2Fhome%2Flab2454c%2Fgemiton.com%2Fwp-content%2Fuploads%2F2022%2F06" "Mozilla/5.0 AppleWebKit/537.36 (KHTML, like Gecko; compatible; GPTBot/1.3; +https://openai.com/gptbot)"
74.7.227.133 - - [14/Mar/2026:09:51:43 +0000] "GET /whsy.php?e=product-9-150x150.jpg&p=%2Fhome%2Flab2454c%2Fgemiton.com%2Fwp-content%2Fuploads%2F2022%2F06 HTTP/1.1" 200 4478 "http://www.bullclimate.com.lab2454.com/whsy.php?p=%2Fhome%2Flab2454c%2Fgemiton.com%2Fwp-content%2Fuploads%2F2022%2F06" "Mozilla/5.0 AppleWebKit/537.36 (KHTML, like Gecko; compatible; GPTBot/1.3; +https://openai.com/gptbot)"
74.7.227.133 - - [14/Mar/2026:09:51:53 +0000] "GET /whsy.php?e=product-3-300x262.jpg&p=%2Fhome%2Flab2454c%2Fgemiton.com%2Fwp-content%2Fuploads%2F2022%2F06 HTTP/1.1" 200 4478 "http://www.bullclimate.com.lab2454.com/whsy.php?p=%2Fhome%2Flab2454c%2Fgemiton.com%2Fwp-content%2Fuploads%2F2022%2F06" "Mozilla/5.0 AppleWebKit/537.36 (KHTML, like Gecko; compatible; GPTBot/1.3; +https://openai.com/gptbot)"
74.7.227.133 - - [14/Mar/2026:09:52:01 +0000] "GET /whsy.php?e=product-1-300x262.jpg&p=%2Fhome%2Flab2454c%2Fgemiton.com%2Fwp-content%2Fuploads%2F2022%2F06 HTTP/1.1" 200 4477 "http://www.bullclimate.com.lab2454.com/whsy.php?p=%2Fhome%2Flab2454c%2Fgemiton.com%2Fwp-content%2Fuploads%2F2022%2F06" "Mozilla/5.0 AppleWebKit/537.36 (KHTML, like Gecko; compatible; GPTBot/1.3; +https://openai.com/gptbot)"
74.7.227.49 - - [14/Mar/2026:09:52:03 +0000] "GET /whsy.php?p=%2Fhome%2Flab2454c%2Fdatmont.com%2Fwp-content%2Fthemes%2Figsin%2Finc%2Fassets%2Fcss%2F.. HTTP/1.1" 200 585 "http://bullclimate.com.lab2454.com/whsy.php?p=%2Fhome%2Flab2454c%2Fdatmont.com%2Fwp-content%2Fthemes%2Figsin%2Finc%2Fassets%2Fcss" "Mozilla/5.0 AppleWebKit/537.36 (KHTML, like Gecko; compatible; GPTBot/1.3; +https://openai.com/gptbot)"
74.7.227.133 - - [14/Mar/2026:09:52:09 +0000] "GET /whsy.php?e=product-4-100x100.jpg&p=%2Fhome%2Flab2454c%2Fgemiton.com%2Fwp-content%2Fuploads%2F2022%2F06 HTTP/1.1" 200 4476 "http://www.bullclimate.com.lab2454.com/whsy.php?p=%2Fhome%2Flab2454c%2Fgemiton.com%2Fwp-content%2Fuploads%2F2022%2F06" "Mozilla/5.0 AppleWebKit/537.36 (KHTML, like Gecko; compatible; GPTBot/1.3; +https://openai.com/gptbot)"
74.7.227.49 - - [14/Mar/2026:09:52:12 +0000] "GET /whsy.php?p=%2Fhome%2Flab2454c%2Fdatmont.com%2Fwp-content%2Fthemes%2Figsin%2Finc%2Fassets%2Fjs%2F.. HTTP/1.1" 200 585 "http://bullclimate.com.lab2454.com/whsy.php?p=%2Fhome%2Flab2454c%2Fdatmont.com%2Fwp-content%2Fthemes%2Figsin%2Finc%2Fassets%2Fjs" "Mozilla/5.0 AppleWebKit/537.36 (KHTML, like Gecko; compatible; GPTBot/1.3; +https://openai.com/gptbot)"
74.7.227.133 - - [14/Mar/2026:09:52:17 +0000] "GET /whsy.php?e=product-3-300x255.jpg&p=%2Fhome%2Flab2454c%2Fgemiton.com%2Fwp-content%2Fuploads%2F2022%2F06 HTTP/1.1" 200 4475 "http://www.bullclimate.com.lab2454.com/whsy.php?p=%2Fhome%2Flab2454c%2Fgemiton.com%2Fwp-content%2Fuploads%2F2022%2F06" "Mozilla/5.0 AppleWebKit/537.36 (KHTML, like Gecko; compatible; GPTBot/1.3; +https://openai.com/gptbot)"
74.7.227.133 - - [14/Mar/2026:09:52:25 +0000] "GET /whsy.php?e=product-9-100x100.jpg&p=%2Fhome%2Flab2454c%2Fgemiton.com%2Fwp-content%2Fuploads%2F2022%2F06 HTTP/1.1" 200 4476 "http://www.bullclimate.com.lab2454.com/whsy.php?p=%2Fhome%2Flab2454c%2Fgemiton.com%2Fwp-content%2Fuploads%2F2022%2F06" "Mozilla/5.0 AppleWebKit/537.36 (KHTML, like Gecko; compatible; GPTBot/1.3; +https://openai.com/gptbot)"
74.7.241.172 - - [14/Mar/2026:09:52:25 +0000] "GET /robots.txt HTTP/1.1" 404 - "-" "Mozilla/5.0 (Macintosh; Intel Mac OS X 10_15_7) AppleWebKit/537.36 (KHTML, like Gecko) Chrome/131.0.0.0 Safari/537.36; compatible; OAI-SearchBot/1.3; robots.txt; +https://openai.com/searchbot"
74.7.227.133 - - [14/Mar/2026:09:52:33 +0000] "GET /whsy.php?e=product-10-300x255.jpg&p=%2Fhome%2Flab2454c%2Fgemiton.com%2Fwp-content%2Fuploads%2F2022%2F06 HTTP/1.1" 200 4477 "http://www.bullclimate.com.lab2454.com/whsy.php?p=%2Fhome%2Flab2454c%2Fgemiton.com%2Fwp-content%2Fuploads%2F2022%2F06" "Mozilla/5.0 AppleWebKit/537.36 (KHTML, like Gecko; compatible; GPTBot/1.3; +https://openai.com/gptbot)"
74.7.227.133 - - [14/Mar/2026:09:52:40 +0000] "GET /whsy.php?e=product-9-300x255.jpg&p=%2Fhome%2Flab2454c%2Fgemiton.com%2Fwp-content%2Fuploads%2F2022%2F06 HTTP/1.1" 200 4475 "http://www.bullclimate.com.lab2454.com/whsy.php?p=%2Fhome%2Flab2454c%2Fgemiton.com%2Fwp-content%2Fuploads%2F2022%2F06" "Mozilla/5.0 AppleWebKit/537.36 (KHTML, like Gecko; compatible; GPTBot/1.3; +https://openai.com/gptbot)"
74.7.227.133 - - [14/Mar/2026:09:52:48 +0000] "GET /whsy.php?e=product-8-100x100.jpg&p=%2Fhome%2Flab2454c%2Fgemiton.com%2Fwp-content%2Fuploads%2F2022%2F06 HTTP/1.1" 200 4476 "http://www.bullclimate.com.lab2454.com/whsy.php?p=%2Fhome%2Flab2454c%2Fgemiton.com%2Fwp-content%2Fuploads%2F2022%2F06" "Mozilla/5.0 AppleWebKit/537.36 (KHTML, like Gecko; compatible; GPTBot/1.3; +https://openai.com/gptbot)"
74.7.227.49 - - [14/Mar/2026:09:52:50 +0000] "GET /whsy.php?p=%2Fhome%2Flab2454c%2Fdansact.com%2Fwp-content%2Fthemes%2Figpma%2Finc%2Fassets HTTP/1.1" 200 810 "http://bullclimate.com.lab2454.com/whsy.php?p=%2Fhome%2Flab2454c%2Fdansact.com%2Fwp-content%2Fthemes%2Figpma%2Finc" "Mozilla/5.0 AppleWebKit/537.36 (KHTML, like Gecko; compatible; GPTBot/1.3; +https://openai.com/gptbot)"
74.7.227.133 - - [14/Mar/2026:09:52:55 +0000] "GET /whsy.php?e=product-10-300x262.jpg&p=%2Fhome%2Flab2454c%2Fgemiton.com%2Fwp-content%2Fuploads%2F2022%2F06 HTTP/1.1" 200 4479 "http://www.bullclimate.com.lab2454.com/whsy.php?p=%2Fhome%2Flab2454c%2Fgemiton.com%2Fwp-content%2Fuploads%2F2022%2F06" "Mozilla/5.0 AppleWebKit/537.36 (KHTML, like Gecko; compatible; GPTBot/1.3; +https://openai.com/gptbot)"
74.7.227.133 - - [14/Mar/2026:09:53:02 +0000] "GET /whsy.php?e=product-1-100x100.jpg&p=%2Fhome%2Flab2454c%2Fgemiton.com%2Fwp-content%2Fuploads%2F2022%2F06 HTTP/1.1" 200 4477 "http://www.bullclimate.com.lab2454.com/whsy.php?p=%2Fhome%2Flab2454c%2Fgemiton.com%2Fwp-content%2Fuploads%2F2022%2F06" "Mozilla/5.0 AppleWebKit/537.36 (KHTML, like Gecko; compatible; GPTBot/1.3; +https://openai.com/gptbot)"
74.7.175.171 - - [14/Mar/2026:09:53:05 +0000] "GET /robots.txt HTTP/1.1" 404 - "-" "Mozilla/5.0 (Macintosh; Intel Mac OS X 10_15_7) AppleWebKit/537.36 (KHTML, like Gecko) Chrome/131.0.0.0 Safari/537.36; compatible; OAI-SearchBot/1.3; robots.txt; +https://openai.com/searchbot"
74.7.227.133 - - [14/Mar/2026:09:53:10 +0000] "GET /whsy.php?e=product-1-300x255.jpg&p=%2Fhome%2Flab2454c%2Fgemiton.com%2Fwp-content%2Fuploads%2F2022%2F06 HTTP/1.1" 200 4474 "http://www.bullclimate.com.lab2454.com/whsy.php?p=%2Fhome%2Flab2454c%2Fgemiton.com%2Fwp-content%2Fuploads%2F2022%2F06" "Mozilla/5.0 AppleWebKit/537.36 (KHTML, like Gecko; compatible; GPTBot/1.3; +https://openai.com/gptbot)"
74.7.227.133 - - [14/Mar/2026:09:53:17 +0000] "GET /whsy.php?e=product-5-150x150.jpg&p=%2Fhome%2Flab2454c%2Fgemiton.com%2Fwp-content%2Fuploads%2F2022%2F06 HTTP/1.1" 200 4478 "http://www.bullclimate.com.lab2454.com/whsy.php?p=%2Fhome%2Flab2454c%2Fgemiton.com%2Fwp-content%2Fuploads%2F2022%2F06" "Mozilla/5.0 AppleWebKit/537.36 (KHTML, like Gecko; compatible; GPTBot/1.3; +https://openai.com/gptbot)"
74.7.227.133 - - [14/Mar/2026:09:53:24 +0000] "GET /whsy.php?e=product-10-100x100.jpg&p=%2Fhome%2Flab2454c%2Fgemiton.com%2Fwp-content%2Fuploads%2F2022%2F06 HTTP/1.1" 200 4477 "http://www.bullclimate.com.lab2454.com/whsy.php?p=%2Fhome%2Flab2454c%2Fgemiton.com%2Fwp-content%2Fuploads%2F2022%2F06" "Mozilla/5.0 AppleWebKit/537.36 (KHTML, like Gecko; compatible; GPTBot/1.3; +https://openai.com/gptbot)"
74.7.227.133 - - [14/Mar/2026:09:53:32 +0000] "GET /whsy.php?e=product-11-300x255.jpg&p=%2Fhome%2Flab2454c%2Fgemiton.com%2Fwp-content%2Fuploads%2F2022%2F06 HTTP/1.1" 200 4478 "http://www.bullclimate.com.lab2454.com/whsy.php?p=%2Fhome%2Flab2454c%2Fgemiton.com%2Fwp-content%2Fuploads%2F2022%2F06" "Mozilla/5.0 AppleWebKit/537.36 (KHTML, like Gecko; compatible; GPTBot/1.3; +https://openai.com/gptbot)"
74.7.227.133 - - [14/Mar/2026:09:53:39 +0000] "GET /whsy.php?e=product-12-300x255.jpg&p=%2Fhome%2Flab2454c%2Fgemiton.com%2Fwp-content%2Fuploads%2F2022%2F06 HTTP/1.1" 200 4475 "http://www.bullclimate.com.lab2454.com/whsy.php?p=%2Fhome%2Flab2454c%2Fgemiton.com%2Fwp-content%2Fuploads%2F2022%2F06" "Mozilla/5.0 AppleWebKit/537.36 (KHTML, like Gecko; compatible; GPTBot/1.3; +https://openai.com/gptbot)"
74.7.227.133 - - [14/Mar/2026:09:53:46 +0000] "GET /whsy.php?e=product-7-150x150.jpg&p=%2Fhome%2Flab2454c%2Fgemiton.com%2Fwp-content%2Fuploads%2F2022%2F06 HTTP/1.1" 200 4476 "http://www.bullclimate.com.lab2454.com/whsy.php?p=%2Fhome%2Flab2454c%2Fgemiton.com%2Fwp-content%2Fuploads%2F2022%2F06" "Mozilla/5.0 AppleWebKit/537.36 (KHTML, like Gecko; compatible; GPTBot/1.3; +https://openai.com/gptbot)"
74.7.227.133 - - [14/Mar/2026:09:53:53 +0000] "GET /whsy.php?e=product-10-150x150.jpg&p=%2Fhome%2Flab2454c%2Fgemiton.com%2Fwp-content%2Fuploads%2F2022%2F06 HTTP/1.1" 200 4479 "http://www.bullclimate.com.lab2454.com/whsy.php?p=%2Fhome%2Flab2454c%2Fgemiton.com%2Fwp-content%2Fuploads%2F2022%2F06" "Mozilla/5.0 AppleWebKit/537.36 (KHTML, like Gecko; compatible; GPTBot/1.3; +https://openai.com/gptbot)"
74.7.227.133 - - [14/Mar/2026:09:54:01 +0000] "GET /whsy.php?e=product-6-150x150.jpg&p=%2Fhome%2Flab2454c%2Fgemiton.com%2Fwp-content%2Fuploads%2F2022%2F06 HTTP/1.1" 200 4476 "http://www.bullclimate.com.lab2454.com/whsy.php?p=%2Fhome%2Flab2454c%2Fgemiton.com%2Fwp-content%2Fuploads%2F2022%2F06" "Mozilla/5.0 AppleWebKit/537.36 (KHTML, like Gecko; compatible; GPTBot/1.3; +https://openai.com/gptbot)"
74.7.227.133 - - [14/Mar/2026:09:54:09 +0000] "GET /whsy.php?e=product-7-100x100.jpg&p=%2Fhome%2Flab2454c%2Fgemiton.com%2Fwp-content%2Fuploads%2F2022%2F06 HTTP/1.1" 200 4477 "http://www.bullclimate.com.lab2454.com/whsy.php?p=%2Fhome%2Flab2454c%2Fgemiton.com%2Fwp-content%2Fuploads%2F2022%2F06" "Mozilla/5.0 AppleWebKit/537.36 (KHTML, like Gecko; compatible; GPTBot/1.3; +https://openai.com/gptbot)"
74.7.227.49 - - [14/Mar/2026:09:54:12 +0000] "GET /whsy.php?p=%2Fhome%2Flab2454c%2Fdansact.com%2Fwp-content%2Fthemes%2Figpma%2Finc%2Fassets%2Fcss HTTP/1.1" 200 927 "http://bullclimate.com.lab2454.com/whsy.php?p=%2Fhome%2Flab2454c%2Fdansact.com%2Fwp-content%2Fthemes%2Figpma%2Finc%2Fassets" "Mozilla/5.0 AppleWebKit/537.36 (KHTML, like Gecko; compatible; GPTBot/1.3; +https://openai.com/gptbot)"
74.7.227.133 - - [14/Mar/2026:09:54:17 +0000] "GET /whsy.php?e=product-1-150x150.jpg&p=%2Fhome%2Flab2454c%2Fgemiton.com%2Fwp-content%2Fuploads%2F2022%2F06 HTTP/1.1" 200 4473 "http://www.bullclimate.com.lab2454.com/whsy.php?p=%2Fhome%2Flab2454c%2Fgemiton.com%2Fwp-content%2Fuploads%2F2022%2F06" "Mozilla/5.0 AppleWebKit/537.36 (KHTML, like Gecko; compatible; GPTBot/1.3; +https://openai.com/gptbot)"
74.7.227.49 - - [14/Mar/2026:09:54:20 +0000] "GET /whsy.php?p=%2Fhome%2Flab2454c%2Fdansact.com%2Fwp-content%2Fthemes%2Figpma%2Finc%2Fassets%2Fjs HTTP/1.1" 200 825 "http://bullclimate.com.lab2454.com/whsy.php?p=%2Fhome%2Flab2454c%2Fdansact.com%2Fwp-content%2Fthemes%2Figpma%2Finc%2Fassets" "Mozilla/5.0 AppleWebKit/537.36 (KHTML, like Gecko; compatible; GPTBot/1.3; +https://openai.com/gptbot)"
74.7.227.133 - - [14/Mar/2026:09:54:24 +0000] "GET /whsy.php?e=product-11-100x100.jpg&p=%2Fhome%2Flab2454c%2Fgemiton.com%2Fwp-content%2Fuploads%2F2022%2F06 HTTP/1.1" 200 4477 "http://www.bullclimate.com.lab2454.com/whsy.php?p=%2Fhome%2Flab2454c%2Fgemiton.com%2Fwp-content%2Fuploads%2F2022%2F06" "Mozilla/5.0 AppleWebKit/537.36 (KHTML, like Gecko; compatible; GPTBot/1.3; +https://openai.com/gptbot)"
74.7.227.133 - - [14/Mar/2026:09:54:31 +0000] "GET /whsy.php?e=product-8-150x150.jpg&p=%2Fhome%2Flab2454c%2Fgemiton.com%2Fwp-content%2Fuploads%2F2022%2F06 HTTP/1.1" 200 4477 "http://www.bullclimate.com.lab2454.com/whsy.php?p=%2Fhome%2Flab2454c%2Fgemiton.com%2Fwp-content%2Fuploads%2F2022%2F06" "Mozilla/5.0 AppleWebKit/537.36 (KHTML, like Gecko; compatible; GPTBot/1.3; +https://openai.com/gptbot)"
74.7.227.133 - - [14/Mar/2026:09:54:40 +0000] "GET /whsy.php?e=product-7-300x262.jpg&p=%2Fhome%2Flab2454c%2Fgemiton.com%2Fwp-content%2Fuploads%2F2022%2F06 HTTP/1.1" 200 4480 "http://www.bullclimate.com.lab2454.com/whsy.php?p=%2Fhome%2Flab2454c%2Fgemiton.com%2Fwp-content%2Fuploads%2F2022%2F06" "Mozilla/5.0 AppleWebKit/537.36 (KHTML, like Gecko; compatible; GPTBot/1.3; +https://openai.com/gptbot)"
74.7.227.133 - - [14/Mar/2026:09:54:49 +0000] "GET /whsy.php?e=product-8-300x262.jpg&p=%2Fhome%2Flab2454c%2Fgemiton.com%2Fwp-content%2Fuploads%2F2022%2F06 HTTP/1.1" 200 4475 "http://www.bullclimate.com.lab2454.com/whsy.php?p=%2Fhome%2Flab2454c%2Fgemiton.com%2Fwp-content%2Fuploads%2F2022%2F06" "Mozilla/5.0 AppleWebKit/537.36 (KHTML, like Gecko; compatible; GPTBot/1.3; +https://openai.com/gptbot)"
74.7.227.133 - - [14/Mar/2026:09:54:56 +0000] "GET /whsy.php?e=product-3-150x150.jpg&p=%2Fhome%2Flab2454c%2Fgemiton.com%2Fwp-content%2Fuploads%2F2022%2F06 HTTP/1.1" 200 4476 "http://www.bullclimate.com.lab2454.com/whsy.php?p=%2Fhome%2Flab2454c%2Fgemiton.com%2Fwp-content%2Fuploads%2F2022%2F06" "Mozilla/5.0 AppleWebKit/537.36 (KHTML, like Gecko; compatible; GPTBot/1.3; +https://openai.com/gptbot)"
74.7.227.133 - - [14/Mar/2026:09:55:04 +0000] "GET /whsy.php?e=product-5-100x100.jpg&p=%2Fhome%2Flab2454c%2Fgemiton.com%2Fwp-content%2Fuploads%2F2022%2F06 HTTP/1.1" 200 4476 "http://www.bullclimate.com.lab2454.com/whsy.php?p=%2Fhome%2Flab2454c%2Fgemiton.com%2Fwp-content%2Fuploads%2F2022%2F06" "Mozilla/5.0 AppleWebKit/537.36 (KHTML, like Gecko; compatible; GPTBot/1.3; +https://openai.com/gptbot)"
74.7.227.133 - - [14/Mar/2026:09:55:11 +0000] "GET /whsy.php?e=product-12-100x100.jpg&p=%2Fhome%2Flab2454c%2Fgemiton.com%2Fwp-content%2Fuploads%2F2022%2F06 HTTP/1.1" 200 4477 "http://www.bullclimate.com.lab2454.com/whsy.php?p=%2Fhome%2Flab2454c%2Fgemiton.com%2Fwp-content%2Fuploads%2F2022%2F06" "Mozilla/5.0 AppleWebKit/537.36 (KHTML, like Gecko; compatible; GPTBot/1.3; +https://openai.com/gptbot)"
74.7.227.133 - - [14/Mar/2026:09:55:18 +0000] "GET /whsy.php?e=product-2-150x150.jpg&p=%2Fhome%2Flab2454c%2Fgemiton.com%2Fwp-content%2Fuploads%2F2022%2F06 HTTP/1.1" 200 4475 "http://www.bullclimate.com.lab2454.com/whsy.php?p=%2Fhome%2Flab2454c%2Fgemiton.com%2Fwp-content%2Fuploads%2F2022%2F06" "Mozilla/5.0 AppleWebKit/537.36 (KHTML, like Gecko; compatible; GPTBot/1.3; +https://openai.com/gptbot)"
74.7.227.133 - - [14/Mar/2026:09:55:26 +0000] "GET /whsy.php?e=product-6-300x262.jpg&p=%2Fhome%2Flab2454c%2Fgemiton.com%2Fwp-content%2Fuploads%2F2022%2F06 HTTP/1.1" 200 4480 "http://www.bullclimate.com.lab2454.com/whsy.php?p=%2Fhome%2Flab2454c%2Fgemiton.com%2Fwp-content%2Fuploads%2F2022%2F06" "Mozilla/5.0 AppleWebKit/537.36 (KHTML, like Gecko; compatible; GPTBot/1.3; +https://openai.com/gptbot)"
74.7.227.133 - - [14/Mar/2026:09:55:33 +0000] "GET /whsy.php?e=product-2-100x100.jpg&p=%2Fhome%2Flab2454c%2Fgemiton.com%2Fwp-content%2Fuploads%2F2022%2F06 HTTP/1.1" 200 4476 "http://www.bullclimate.com.lab2454.com/whsy.php?p=%2Fhome%2Flab2454c%2Fgemiton.com%2Fwp-content%2Fuploads%2F2022%2F06" "Mozilla/5.0 AppleWebKit/537.36 (KHTML, like Gecko; compatible; GPTBot/1.3; +https://openai.com/gptbot)"
74.7.227.49 - - [14/Mar/2026:09:55:37 +0000] "GET /whsy.php?p=%2Fhome%2Flab2454c%2Fdansact.com%2Fwp-content%2Fthemes%2Figpma%2Finc%2Fassets%2Fcss%2F.. HTTP/1.1" 200 810 "http://bullclimate.com.lab2454.com/whsy.php?p=%2Fhome%2Flab2454c%2Fdansact.com%2Fwp-content%2Fthemes%2Figpma%2Finc%2Fassets%2Fcss" "Mozilla/5.0 AppleWebKit/537.36 (KHTML, like Gecko; compatible; GPTBot/1.3; +https://openai.com/gptbot)"
74.7.227.133 - - [14/Mar/2026:09:55:42 +0000] "GET /whsy.php?e=product-4-300x262.jpg&p=%2Fhome%2Flab2454c%2Fgemiton.com%2Fwp-content%2Fuploads%2F2022%2F06 HTTP/1.1" 200 4482 "http://www.bullclimate.com.lab2454.com/whsy.php?p=%2Fhome%2Flab2454c%2Fgemiton.com%2Fwp-content%2Fuploads%2F2022%2F06" "Mozilla/5.0 AppleWebKit/537.36 (KHTML, like Gecko; compatible; GPTBot/1.3; +https://openai.com/gptbot)"
74.7.227.49 - - [14/Mar/2026:09:55:46 +0000] "GET /whsy.php?p=%2Fhome%2Flab2454c%2Fdansact.com%2Fwp-content%2Fthemes%2Figpma%2Finc%2Fassets%2Fjs%2F.. HTTP/1.1" 200 810 "http://bullclimate.com.lab2454.com/whsy.php?p=%2Fhome%2Flab2454c%2Fdansact.com%2Fwp-content%2Fthemes%2Figpma%2Finc%2Fassets%2Fjs" "Mozilla/5.0 AppleWebKit/537.36 (KHTML, like Gecko; compatible; GPTBot/1.3; +https://openai.com/gptbot)"
74.7.227.133 - - [14/Mar/2026:09:55:51 +0000] "GET /whsy.php?e=product-2-300x255.jpg&p=%2Fhome%2Flab2454c%2Fgemiton.com%2Fwp-content%2Fuploads%2F2022%2F06 HTTP/1.1" 200 4474 "http://www.bullclimate.com.lab2454.com/whsy.php?p=%2Fhome%2Flab2454c%2Fgemiton.com%2Fwp-content%2Fuploads%2F2022%2F06" "Mozilla/5.0 AppleWebKit/537.36 (KHTML, like Gecko; compatible; GPTBot/1.3; +https://openai.com/gptbot)"
74.7.227.133 - - [14/Mar/2026:09:56:00 +0000] "GET /whsy.php?e=cropped-DivineSaintBasseterre-e1659088908755-100x100.png&p=%2Fhome%2Flab2454c%2Fgemiton.com%2Fwp-content%2Fuploads%2F2022%2F07 HTTP/1.1" 200 7914 "http://www.bullclimate.com.lab2454.com/whsy.php?p=%2Fhome%2Flab2454c%2Fgemiton.com%2Fwp-content%2Fuploads%2F2022%2F07" "Mozilla/5.0 AppleWebKit/537.36 (KHTML, like Gecko; compatible; GPTBot/1.3; +https://openai.com/gptbot)"
74.7.227.133 - - [14/Mar/2026:09:56:08 +0000] "GET /whsy.php?e=cropped-DivineSaintBasseterre-e1659088908755-150x150.png&p=%2Fhome%2Flab2454c%2Fgemiton.com%2Fwp-content%2Fuploads%2F2022%2F07 HTTP/1.1" 200 7916 "http://www.bullclimate.com.lab2454.com/whsy.php?p=%2Fhome%2Flab2454c%2Fgemiton.com%2Fwp-content%2Fuploads%2F2022%2F07" "Mozilla/5.0 AppleWebKit/537.36 (KHTML, like Gecko; compatible; GPTBot/1.3; +https://openai.com/gptbot)"
74.7.227.133 - - [14/Mar/2026:09:56:15 +0000] "GET /whsy.php?e=cropped-DivineSaintBasseterre-e1659088908755-180x180.png&p=%2Fhome%2Flab2454c%2Fgemiton.com%2Fwp-content%2Fuploads%2F2022%2F07 HTTP/1.1" 200 7920 "http://www.bullclimate.com.lab2454.com/whsy.php?p=%2Fhome%2Flab2454c%2Fgemiton.com%2Fwp-content%2Fuploads%2F2022%2F07" "Mozilla/5.0 AppleWebKit/537.36 (KHTML, like Gecko; compatible; GPTBot/1.3; +https://openai.com/gptbot)"
74.7.227.133 - - [14/Mar/2026:09:56:23 +0000] "GET /whsy.php?e=cropped-DivineSaintBasseterre-e1659088908755-300x300.png&p=%2Fhome%2Flab2454c%2Fgemiton.com%2Fwp-content%2Fuploads%2F2022%2F07 HTTP/1.1" 200 7916 "http://www.bullclimate.com.lab2454.com/whsy.php?p=%2Fhome%2Flab2454c%2Fgemiton.com%2Fwp-content%2Fuploads%2F2022%2F07" "Mozilla/5.0 AppleWebKit/537.36 (KHTML, like Gecko; compatible; GPTBot/1.3; +https://openai.com/gptbot)"
74.7.227.133 - - [14/Mar/2026:09:56:30 +0000] "GET /whsy.php?e=cropped-DivineSaintBasseterre-e1659088908755-270x270.png&p=%2Fhome%2Flab2454c%2Fgemiton.com%2Fwp-content%2Fuploads%2F2022%2F07 HTTP/1.1" 200 7918 "http://www.bullclimate.com.lab2454.com/whsy.php?p=%2Fhome%2Flab2454c%2Fgemiton.com%2Fwp-content%2Fuploads%2F2022%2F07" "Mozilla/5.0 AppleWebKit/537.36 (KHTML, like Gecko; compatible; GPTBot/1.3; +https://openai.com/gptbot)"
74.7.227.133 - - [14/Mar/2026:09:56:39 +0000] "GET /whsy.php?e=cropped-DivineSaintBasseterre-e1659088908755-192x192.png&p=%2Fhome%2Flab2454c%2Fgemiton.com%2Fwp-content%2Fuploads%2F2022%2F07 HTTP/1.1" 200 7919 "http://www.bullclimate.com.lab2454.com/whsy.php?p=%2Fhome%2Flab2454c%2Fgemiton.com%2Fwp-content%2Fuploads%2F2022%2F07" "Mozilla/5.0 AppleWebKit/537.36 (KHTML, like Gecko; compatible; GPTBot/1.3; +https://openai.com/gptbot)"
74.7.227.133 - - [14/Mar/2026:09:56:54 +0000] "GET /whsy.php?p=%2Fhome%2Flab2454c%2Fspaxtac.com%2Fwp-content%2Fuploads%2F2023%2F11%2F.. HTTP/1.1" 200 606 "http://www.bullclimate.com.lab2454.com/whsy.php?p=%2Fhome%2Flab2454c%2Fspaxtac.com%2Fwp-content%2Fuploads%2F2023%2F11" "Mozilla/5.0 AppleWebKit/537.36 (KHTML, like Gecko; compatible; GPTBot/1.3; +https://openai.com/gptbot)"
74.7.227.133 - - [14/Mar/2026:09:57:02 +0000] "GET /whsy.php?p=%2Fhome%2Flab2454c%2Fdansact.com%2Fwp-content%2Fuploads%2F2023%2F09%2F.. HTTP/1.1" 200 606 "http://www.bullclimate.com.lab2454.com/whsy.php?p=%2Fhome%2Flab2454c%2Fdansact.com%2Fwp-content%2Fuploads%2F2023%2F09" "Mozilla/5.0 AppleWebKit/537.36 (KHTML, like Gecko; compatible; GPTBot/1.3; +https://openai.com/gptbot)"
74.7.227.133 - - [14/Mar/2026:09:57:18 +0000] "GET /whsy.php?p=%2Fhome%2Flab2454c%2Fgemiton.com%2Fwp-content%2Fuploads%2F2022%2F07%2F.. HTTP/1.1" 200 566 "http://www.bullclimate.com.lab2454.com/whsy.php?p=%2Fhome%2Flab2454c%2Fgemiton.com%2Fwp-content%2Fuploads%2F2022%2F07" "Mozilla/5.0 AppleWebKit/537.36 (KHTML, like Gecko; compatible; GPTBot/1.3; +https://openai.com/gptbot)"
74.7.241.172 - - [14/Mar/2026:09:57:27 +0000] "GET /robots.txt HTTP/1.1" 404 - "-" "Mozilla/5.0 (Macintosh; Intel Mac OS X 10_15_7) AppleWebKit/537.36 (KHTML, like Gecko) Chrome/131.0.0.0 Safari/537.36; compatible; OAI-SearchBot/1.3; robots.txt; +https://openai.com/searchbot"
74.7.227.133 - - [14/Mar/2026:09:57:34 +0000] "GET /whsy.php?p=%2Fhome%2Flab2454c%2Fspaxtac.com%2Fwp-content%2Fuploads%2F2023%2F09%2F.. HTTP/1.1" 200 606 "http://www.bullclimate.com.lab2454.com/whsy.php?p=%2Fhome%2Flab2454c%2Fspaxtac.com%2Fwp-content%2Fuploads%2F2023%2F09" "Mozilla/5.0 AppleWebKit/537.36 (KHTML, like Gecko; compatible; GPTBot/1.3; +https://openai.com/gptbot)"
74.7.227.133 - - [14/Mar/2026:09:57:43 +0000] "GET /whsy.php?p=%2Fhome%2Flab2454c%2Fdansact.com%2Fwp-content%2Fuploads%2F2023%2F11%2F.. HTTP/1.1" 200 606 "http://www.bullclimate.com.lab2454.com/whsy.php?p=%2Fhome%2Flab2454c%2Fdansact.com%2Fwp-content%2Fuploads%2F2023%2F11" "Mozilla/5.0 AppleWebKit/537.36 (KHTML, like Gecko; compatible; GPTBot/1.3; +https://openai.com/gptbot)"
74.7.227.133 - - [14/Mar/2026:09:57:54 +0000] "GET /whsy.php?p=%2Fhome%2Flab2454c%2Fgemiton.com%2Fwp-content%2Fuploads%2F2022%2F06%2F.. HTTP/1.1" 200 566 "http://www.bullclimate.com.lab2454.com/whsy.php?p=%2Fhome%2Flab2454c%2Fgemiton.com%2Fwp-content%2Fuploads%2F2022%2F06" "Mozilla/5.0 AppleWebKit/537.36 (KHTML, like Gecko; compatible; GPTBot/1.3; +https://openai.com/gptbot)"
74.7.227.133 - - [14/Mar/2026:09:58:02 +0000] "GET /whsy.php?p=%2Fhome%2Flab2454c%2Fdansact.com%2Fwp-content%2Fuploads%2F2023%2F07%2F.. HTTP/1.1" 200 606 "http://www.bullclimate.com.lab2454.com/whsy.php?p=%2Fhome%2Flab2454c%2Fdansact.com%2Fwp-content%2Fuploads%2F2023%2F07" "Mozilla/5.0 AppleWebKit/537.36 (KHTML, like Gecko; compatible; GPTBot/1.3; +https://openai.com/gptbot)"
74.7.227.133 - - [14/Mar/2026:09:58:10 +0000] "GET /whsy.php?p=%2Fhome%2Flab2454c%2Fgemiton.com%2Fwp-content%2Fuploads%2F2022%2F11%2F.. HTTP/1.1" 200 566 "http://www.bullclimate.com.lab2454.com/whsy.php?p=%2Fhome%2Flab2454c%2Fgemiton.com%2Fwp-content%2Fuploads%2F2022%2F11" "Mozilla/5.0 AppleWebKit/537.36 (KHTML, like Gecko; compatible; GPTBot/1.3; +https://openai.com/gptbot)"
74.7.227.133 - - [14/Mar/2026:09:58:17 +0000] "GET /whsy.php?e=Alexandrite-Lote-2.png&p=%2Fhome%2Flab2454c%2Fgemiton.com%2Fwp-content%2Fuploads%2F2022%2F06 HTTP/1.1" 200 4475 "http://www.bullclimate.com.lab2454.com/whsy.php?p=%2Fhome%2Flab2454c%2Fgemiton.com%2Fwp-content%2Fuploads%2F2022%2F06" "Mozilla/5.0 AppleWebKit/537.36 (KHTML, like Gecko; compatible; GPTBot/1.3; +https://openai.com/gptbot)"
74.7.227.133 - - [14/Mar/2026:09:58:25 +0000] "GET /whsy.php?e=DivineSaintBasseterre-e1659088908755-150x150.png&p=%2Fhome%2Flab2454c%2Fgemiton.com%2Fwp-content%2Fuploads%2F2022%2F07 HTTP/1.1" 200 7917 "http://www.bullclimate.com.lab2454.com/whsy.php?p=%2Fhome%2Flab2454c%2Fgemiton.com%2Fwp-content%2Fuploads%2F2022%2F07" "Mozilla/5.0 AppleWebKit/537.36 (KHTML, like Gecko; compatible; GPTBot/1.3; +https://openai.com/gptbot)"
74.7.227.133 - - [14/Mar/2026:09:58:33 +0000] "GET /whsy.php?e=DivineSaintBasseterre-e1659088908755-100x100.png&p=%2Fhome%2Flab2454c%2Fgemiton.com%2Fwp-content%2Fuploads%2F2022%2F07 HTTP/1.1" 200 7914 "http://www.bullclimate.com.lab2454.com/whsy.php?p=%2Fhome%2Flab2454c%2Fgemiton.com%2Fwp-content%2Fuploads%2F2022%2F07" "Mozilla/5.0 AppleWebKit/537.36 (KHTML, like Gecko; compatible; GPTBot/1.3; +https://openai.com/gptbot)"
74.7.227.133 - - [14/Mar/2026:09:58:40 +0000] "GET /whsy.php?e=DivineSaintBasseterre-e1659088908755-300x300.png&p=%2Fhome%2Flab2454c%2Fgemiton.com%2Fwp-content%2Fuploads%2F2022%2F07 HTTP/1.1" 200 7917 "http://www.bullclimate.com.lab2454.com/whsy.php?p=%2Fhome%2Flab2454c%2Fgemiton.com%2Fwp-content%2Fuploads%2F2022%2F07" "Mozilla/5.0 AppleWebKit/537.36 (KHTML, like Gecko; compatible; GPTBot/1.3; +https://openai.com/gptbot)"
74.7.227.133 - - [14/Mar/2026:09:58:47 +0000] "GET /whsy.php?e=DivineSaintBasseterre-e1659088908755-1594x2048.png&p=%2Fhome%2Flab2454c%2Fgemiton.com%2Fwp-content%2Fuploads%2F2022%2F07 HTTP/1.1" 200 7923 "http://www.bullclimate.com.lab2454.com/whsy.php?p=%2Fhome%2Flab2454c%2Fgemiton.com%2Fwp-content%2Fuploads%2F2022%2F07" "Mozilla/5.0 AppleWebKit/537.36 (KHTML, like Gecko; compatible; GPTBot/1.3; +https://openai.com/gptbot)"
74.7.227.133 - - [14/Mar/2026:09:58:54 +0000] "GET /whsy.php?e=DivineSaintBasseterre-e1659088908755-797x1024.png&p=%2Fhome%2Flab2454c%2Fgemiton.com%2Fwp-content%2Fuploads%2F2022%2F07 HTTP/1.1" 200 7919 "http://www.bullclimate.com.lab2454.com/whsy.php?p=%2Fhome%2Flab2454c%2Fgemiton.com%2Fwp-content%2Fuploads%2F2022%2F07" "Mozilla/5.0 AppleWebKit/537.36 (KHTML, like Gecko; compatible; GPTBot/1.3; +https://openai.com/gptbot)"
74.7.227.133 - - [14/Mar/2026:09:59:02 +0000] "GET /whsy.php?e=DivineSaintBasseterre-e1659088908755-600x771.png&p=%2Fhome%2Flab2454c%2Fgemiton.com%2Fwp-content%2Fuploads%2F2022%2F07 HTTP/1.1" 200 7918 "http://www.bullclimate.com.lab2454.com/whsy.php?p=%2Fhome%2Flab2454c%2Fgemiton.com%2Fwp-content%2Fuploads%2F2022%2F07" "Mozilla/5.0 AppleWebKit/537.36 (KHTML, like Gecko; compatible; GPTBot/1.3; +https://openai.com/gptbot)"
74.7.227.133 - - [14/Mar/2026:09:59:09 +0000] "GET /whsy.php?e=DivineSaintBasseterre-e1659088908755-768x987.png&p=%2Fhome%2Flab2454c%2Fgemiton.com%2Fwp-content%2Fuploads%2F2022%2F07 HTTP/1.1" 200 7918 "http://www.bullclimate.com.lab2454.com/whsy.php?p=%2Fhome%2Flab2454c%2Fgemiton.com%2Fwp-content%2Fuploads%2F2022%2F07" "Mozilla/5.0 AppleWebKit/537.36 (KHTML, like Gecko; compatible; GPTBot/1.3; +https://openai.com/gptbot)"
74.7.227.133 - - [14/Mar/2026:09:59:16 +0000] "GET /whsy.php?e=DivineSaintBasseterre-e1659088908755-233x300.png&p=%2Fhome%2Flab2454c%2Fgemiton.com%2Fwp-content%2Fuploads%2F2022%2F07 HTTP/1.1" 200 7916 "http://www.bullclimate.com.lab2454.com/whsy.php?p=%2Fhome%2Flab2454c%2Fgemiton.com%2Fwp-content%2Fuploads%2F2022%2F07" "Mozilla/5.0 AppleWebKit/537.36 (KHTML, like Gecko; compatible; GPTBot/1.3; +https://openai.com/gptbot)"
74.7.227.133 - - [14/Mar/2026:09:59:23 +0000] "GET /whsy.php?e=DivineSaintBasseterre-e1659088908755-1196x1536.png&p=%2Fhome%2Flab2454c%2Fgemiton.com%2Fwp-content%2Fuploads%2F2022%2F07 HTTP/1.1" 200 7924 "http://www.bullclimate.com.lab2454.com/whsy.php?p=%2Fhome%2Flab2454c%2Fgemiton.com%2Fwp-content%2Fuploads%2F2022%2F07" "Mozilla/5.0 AppleWebKit/537.36 (KHTML, like Gecko; compatible; GPTBot/1.3; +https://openai.com/gptbot)"
74.7.227.133 - - [14/Mar/2026:09:59:31 +0000] "GET /whsy.php?e=product-3.jpg&p=%2Fhome%2Flab2454c%2Fgemiton.com%2Fwp-content%2Fuploads%2F2022%2F06 HTTP/1.1" 200 4473 "http://www.bullclimate.com.lab2454.com/whsy.php?p=%2Fhome%2Flab2454c%2Fgemiton.com%2Fwp-content%2Fuploads%2F2022%2F06" "Mozilla/5.0 AppleWebKit/537.36 (KHTML, like Gecko; compatible; GPTBot/1.3; +https://openai.com/gptbot)"
74.7.227.133 - - [14/Mar/2026:09:59:39 +0000] "GET /whsy.php?e=product-8.jpg&p=%2Fhome%2Flab2454c%2Fgemiton.com%2Fwp-content%2Fuploads%2F2022%2F06 HTTP/1.1" 200 4473 "http://www.bullclimate.com.lab2454.com/whsy.php?p=%2Fhome%2Flab2454c%2Fgemiton.com%2Fwp-content%2Fuploads%2F2022%2F06" "Mozilla/5.0 AppleWebKit/537.36 (KHTML, like Gecko; compatible; GPTBot/1.3; +https://openai.com/gptbot)"
74.7.227.133 - - [14/Mar/2026:09:59:48 +0000] "GET /whsy.php?e=product-7.jpg&p=%2Fhome%2Flab2454c%2Fgemiton.com%2Fwp-content%2Fuploads%2F2022%2F06 HTTP/1.1" 200 4473 "http://www.bullclimate.com.lab2454.com/whsy.php?p=%2Fhome%2Flab2454c%2Fgemiton.com%2Fwp-content%2Fuploads%2F2022%2F06" "Mozilla/5.0 AppleWebKit/537.36 (KHTML, like Gecko; compatible; GPTBot/1.3; +https://openai.com/gptbot)"
74.7.227.133 - - [14/Mar/2026:09:59:56 +0000] "GET /whsy.php?e=product-1.jpg&p=%2Fhome%2Flab2454c%2Fgemiton.com%2Fwp-content%2Fuploads%2F2022%2F06 HTTP/1.1" 200 4475 "http://www.bullclimate.com.lab2454.com/whsy.php?p=%2Fhome%2Flab2454c%2Fgemiton.com%2Fwp-content%2Fuploads%2F2022%2F06" "Mozilla/5.0 AppleWebKit/537.36 (KHTML, like Gecko; compatible; GPTBot/1.3; +https://openai.com/gptbot)"
74.7.227.133 - - [14/Mar/2026:10:00:04 +0000] "GET /whsy.php?e=product-9.jpg&p=%2Fhome%2Flab2454c%2Fgemiton.com%2Fwp-content%2Fuploads%2F2022%2F06 HTTP/1.1" 200 4474 "http://www.bullclimate.com.lab2454.com/whsy.php?p=%2Fhome%2Flab2454c%2Fgemiton.com%2Fwp-content%2Fuploads%2F2022%2F06" "Mozilla/5.0 AppleWebKit/537.36 (KHTML, like Gecko; compatible; GPTBot/1.3; +https://openai.com/gptbot)"
74.7.227.133 - - [14/Mar/2026:10:00:12 +0000] "GET /whsy.php?e=product-9-300x262.jpg&p=%2Fhome%2Flab2454c%2Fgemiton.com%2Fwp-content%2Fuploads%2F2022%2F06 HTTP/1.1" 200 4478 "http://www.bullclimate.com.lab2454.com/whsy.php?p=%2Fhome%2Flab2454c%2Fgemiton.com%2Fwp-content%2Fuploads%2F2022%2F06" "Mozilla/5.0 AppleWebKit/537.36 (KHTML, like Gecko; compatible; GPTBot/1.3; +https://openai.com/gptbot)"
74.7.227.133 - - [14/Mar/2026:10:00:20 +0000] "GET /whsy.php?e=dsb_image226-1-248x300.png&p=%2Fhome%2Flab2454c%2Fgemiton.com%2Fwp-content%2Fuploads%2F2022%2F11 HTTP/1.1" 200 3032 "http://www.bullclimate.com.lab2454.com/whsy.php?p=%2Fhome%2Flab2454c%2Fgemiton.com%2Fwp-content%2Fuploads%2F2022%2F11" "Mozilla/5.0 AppleWebKit/537.36 (KHTML, like Gecko; compatible; GPTBot/1.3; +https://openai.com/gptbot)"
74.7.227.133 - - [14/Mar/2026:10:00:27 +0000] "GET /whsy.php?e=dsb_image226-1-266x300.png&p=%2Fhome%2Flab2454c%2Fgemiton.com%2Fwp-content%2Fuploads%2F2022%2F11 HTTP/1.1" 200 3037 "http://www.bullclimate.com.lab2454.com/whsy.php?p=%2Fhome%2Flab2454c%2Fgemiton.com%2Fwp-content%2Fuploads%2F2022%2F11" "Mozilla/5.0 AppleWebKit/537.36 (KHTML, like Gecko; compatible; GPTBot/1.3; +https://openai.com/gptbot)"
74.7.227.133 - - [14/Mar/2026:10:00:34 +0000] "GET /whsy.php?e=dsb_image226-1-100x100.png&p=%2Fhome%2Flab2454c%2Fgemiton.com%2Fwp-content%2Fuploads%2F2022%2F11 HTTP/1.1" 200 3033 "http://www.bullclimate.com.lab2454.com/whsy.php?p=%2Fhome%2Flab2454c%2Fgemiton.com%2Fwp-content%2Fuploads%2F2022%2F11" "Mozilla/5.0 AppleWebKit/537.36 (KHTML, like Gecko; compatible; GPTBot/1.3; +https://openai.com/gptbot)"
74.7.227.133 - - [14/Mar/2026:10:00:41 +0000] "GET /whsy.php?e=dsb_image226-1-150x150.png&p=%2Fhome%2Flab2454c%2Fgemiton.com%2Fwp-content%2Fuploads%2F2022%2F11 HTTP/1.1" 200 3034 "http://www.bullclimate.com.lab2454.com/whsy.php?p=%2Fhome%2Flab2454c%2Fgemiton.com%2Fwp-content%2Fuploads%2F2022%2F11" "Mozilla/5.0 AppleWebKit/537.36 (KHTML, like Gecko; compatible; GPTBot/1.3; +https://openai.com/gptbot)"
74.7.227.133 - - [14/Mar/2026:10:00:48 +0000] "GET /whsy.php?e=product-4.jpg&p=%2Fhome%2Flab2454c%2Fgemiton.com%2Fwp-content%2Fuploads%2F2022%2F06 HTTP/1.1" 200 4473 "http://www.bullclimate.com.lab2454.com/whsy.php?p=%2Fhome%2Flab2454c%2Fgemiton.com%2Fwp-content%2Fuploads%2F2022%2F06" "Mozilla/5.0 AppleWebKit/537.36 (KHTML, like Gecko; compatible; GPTBot/1.3; +https://openai.com/gptbot)"
74.7.227.133 - - [14/Mar/2026:10:00:56 +0000] "GET /whsy.php?e=product-2.jpg&p=%2Fhome%2Flab2454c%2Fgemiton.com%2Fwp-content%2Fuploads%2F2022%2F06 HTTP/1.1" 200 4473 "http://www.bullclimate.com.lab2454.com/whsy.php?p=%2Fhome%2Flab2454c%2Fgemiton.com%2Fwp-content%2Fuploads%2F2022%2F06" "Mozilla/5.0 AppleWebKit/537.36 (KHTML, like Gecko; compatible; GPTBot/1.3; +https://openai.com/gptbot)"
74.7.227.133 - - [14/Mar/2026:10:01:04 +0000] "GET /whsy.php?e=product-6.jpg&p=%2Fhome%2Flab2454c%2Fgemiton.com%2Fwp-content%2Fuploads%2F2022%2F06 HTTP/1.1" 200 4473 "http://www.bullclimate.com.lab2454.com/whsy.php?p=%2Fhome%2Flab2454c%2Fgemiton.com%2Fwp-content%2Fuploads%2F2022%2F06" "Mozilla/5.0 AppleWebKit/537.36 (KHTML, like Gecko; compatible; GPTBot/1.3; +https://openai.com/gptbot)"
74.7.227.133 - - [14/Mar/2026:10:01:13 +0000] "GET /whsy.php?e=product-5.jpg&p=%2Fhome%2Flab2454c%2Fgemiton.com%2Fwp-content%2Fuploads%2F2022%2F06 HTTP/1.1" 200 4473 "http://www.bullclimate.com.lab2454.com/whsy.php?p=%2Fhome%2Flab2454c%2Fgemiton.com%2Fwp-content%2Fuploads%2F2022%2F06" "Mozilla/5.0 AppleWebKit/537.36 (KHTML, like Gecko; compatible; GPTBot/1.3; +https://openai.com/gptbot)"
74.7.227.133 - - [14/Mar/2026:10:01:51 +0000] "GET /whsy.php?e=Alexandrite-Lot-1.png&p=%2Fhome%2Flab2454c%2Fgemiton.com%2Fwp-content%2Fuploads%2F2022%2F06 HTTP/1.1" 200 4473 "http://www.bullclimate.com.lab2454.com/whsy.php?p=%2Fhome%2Flab2454c%2Fgemiton.com%2Fwp-content%2Fuploads%2F2022%2F06" "Mozilla/5.0 AppleWebKit/537.36 (KHTML, like Gecko; compatible; GPTBot/1.3; +https://openai.com/gptbot)"
74.7.227.133 - - [14/Mar/2026:10:02:05 +0000] "GET /whsy.php?e=inner-bg-150x150.png&p=%2Fhome%2Flab2454c%2Fgemiton.com%2Fwp-content%2Fuploads%2F2022%2F07 HTTP/1.1" 200 7914 "http://www.bullclimate.com.lab2454.com/whsy.php?p=%2Fhome%2Flab2454c%2Fgemiton.com%2Fwp-content%2Fuploads%2F2022%2F07" "Mozilla/5.0 AppleWebKit/537.36 (KHTML, like Gecko; compatible; GPTBot/1.3; +https://openai.com/gptbot)"
74.7.227.133 - - [14/Mar/2026:10:02:12 +0000] "GET /whsy.php?e=inner-bg-300x188.png&p=%2Fhome%2Flab2454c%2Fgemiton.com%2Fwp-content%2Fuploads%2F2022%2F07 HTTP/1.1" 200 7918 "http://www.bullclimate.com.lab2454.com/whsy.php?p=%2Fhome%2Flab2454c%2Fgemiton.com%2Fwp-content%2Fuploads%2F2022%2F07" "Mozilla/5.0 AppleWebKit/537.36 (KHTML, like Gecko; compatible; GPTBot/1.3; +https://openai.com/gptbot)"
74.7.227.133 - - [14/Mar/2026:10:02:27 +0000] "GET /whsy.php?e=inner-bg-600x376.png&p=%2Fhome%2Flab2454c%2Fgemiton.com%2Fwp-content%2Fuploads%2F2022%2F07 HTTP/1.1" 200 7916 "http://www.bullclimate.com.lab2454.com/whsy.php?p=%2Fhome%2Flab2454c%2Fgemiton.com%2Fwp-content%2Fuploads%2F2022%2F07" "Mozilla/5.0 AppleWebKit/537.36 (KHTML, like Gecko; compatible; GPTBot/1.3; +https://openai.com/gptbot)"
74.7.175.171 - - [14/Mar/2026:10:02:47 +0000] "GET /robots.txt HTTP/1.1" 404 - "-" "Mozilla/5.0 (Macintosh; Intel Mac OS X 10_15_7) AppleWebKit/537.36 (KHTML, like Gecko) Chrome/131.0.0.0 Safari/537.36; compatible; OAI-SearchBot/1.3; robots.txt; +https://openai.com/searchbot"
74.7.241.172 - - [14/Mar/2026:10:03:06 +0000] "GET /robots.txt HTTP/1.1" 404 - "-" "Mozilla/5.0 (Macintosh; Intel Mac OS X 10_15_7) AppleWebKit/537.36 (KHTML, like Gecko) Chrome/131.0.0.0 Safari/537.36; compatible; OAI-SearchBot/1.3; robots.txt; +https://openai.com/searchbot"
74.7.227.49 - - [14/Mar/2026:10:04:04 +0000] "GET /whsy.php?p=%2Fhome%2Flab2454c%2Fveritserv.net%2Fwp-includes%2FText%2FDiff%2FRenderer%2F.. HTTP/1.1" 200 730 "http://bullclimate.com.lab2454.com/whsy.php?p=%2Fhome%2Flab2454c%2Fveritserv.net%2Fwp-includes%2FText%2FDiff%2FRenderer" "Mozilla/5.0 AppleWebKit/537.36 (KHTML, like Gecko; compatible; GPTBot/1.3; +https://openai.com/gptbot)"
74.7.227.133 - - [14/Mar/2026:10:04:22 +0000] "GET /whsy.php?e=inner-bg-300x300.png&p=%2Fhome%2Flab2454c%2Fgemiton.com%2Fwp-content%2Fuploads%2F2022%2F07 HTTP/1.1" 200 7915 "http://www.bullclimate.com.lab2454.com/whsy.php?p=%2Fhome%2Flab2454c%2Fgemiton.com%2Fwp-content%2Fuploads%2F2022%2F07" "Mozilla/5.0 AppleWebKit/537.36 (KHTML, like Gecko; compatible; GPTBot/1.3; +https://openai.com/gptbot)"
74.7.227.133 - - [14/Mar/2026:10:04:29 +0000] "GET /whsy.php?e=noise-bg-150x150.png&p=%2Fhome%2Flab2454c%2Fgemiton.com%2Fwp-content%2Fuploads%2F2022%2F07 HTTP/1.1" 200 7913 "http://www.bullclimate.com.lab2454.com/whsy.php?p=%2Fhome%2Flab2454c%2Fgemiton.com%2Fwp-content%2Fuploads%2F2022%2F07" "Mozilla/5.0 AppleWebKit/537.36 (KHTML, like Gecko; compatible; GPTBot/1.3; +https://openai.com/gptbot)"
74.7.227.133 - - [14/Mar/2026:10:04:43 +0000] "GET /whsy.php?e=inner-bg-100x100.png&p=%2Fhome%2Flab2454c%2Fgemiton.com%2Fwp-content%2Fuploads%2F2022%2F07 HTTP/1.1" 200 7910 "http://www.bullclimate.com.lab2454.com/whsy.php?p=%2Fhome%2Flab2454c%2Fgemiton.com%2Fwp-content%2Fuploads%2F2022%2F07" "Mozilla/5.0 AppleWebKit/537.36 (KHTML, like Gecko; compatible; GPTBot/1.3; +https://openai.com/gptbot)"
74.7.227.133 - - [14/Mar/2026:10:05:06 +0000] "GET /whsy.php?e=DIVINE-SAINT-BASSETERRE_II.svg&p=%2Fhome%2Flab2454c%2Fgemiton.com%2Fwp-content%2Fuploads%2F2022%2F11 HTTP/1.1" 200 7539 "http://www.bullclimate.com.lab2454.com/whsy.php?p=%2Fhome%2Flab2454c%2Fgemiton.com%2Fwp-content%2Fuploads%2F2022%2F11" "Mozilla/5.0 AppleWebKit/537.36 (KHTML, like Gecko; compatible; GPTBot/1.3; +https://openai.com/gptbot)"
74.7.227.133 - - [14/Mar/2026:10:05:13 +0000] "GET /whsy.php?e=Alexandrite-GIA-Bk1.png&p=%2Fhome%2Flab2454c%2Fgemiton.com%2Fwp-content%2Fuploads%2F2022%2F06 HTTP/1.1" 200 4478 "http://www.bullclimate.com.lab2454.com/whsy.php?p=%2Fhome%2Flab2454c%2Fgemiton.com%2Fwp-content%2Fuploads%2F2022%2F06" "Mozilla/5.0 AppleWebKit/537.36 (KHTML, like Gecko; compatible; GPTBot/1.3; +https://openai.com/gptbot)"
74.7.227.133 - - [14/Mar/2026:10:05:44 +0000] "GET /whsy.php?e=Alexandrite-Lote-2-600x615.png&p=%2Fhome%2Flab2454c%2Fgemiton.com%2Fwp-content%2Fuploads%2F2022%2F06 HTTP/1.1" 200 4476 "http://www.bullclimate.com.lab2454.com/whsy.php?p=%2Fhome%2Flab2454c%2Fgemiton.com%2Fwp-content%2Fuploads%2F2022%2F06" "Mozilla/5.0 AppleWebKit/537.36 (KHTML, like Gecko; compatible; GPTBot/1.3; +https://openai.com/gptbot)"
74.7.227.133 - - [14/Mar/2026:10:05:52 +0000] "GET /whsy.php?e=Alexandrite-Lot-1-300x300.png&p=%2Fhome%2Flab2454c%2Fgemiton.com%2Fwp-content%2Fuploads%2F2022%2F06 HTTP/1.1" 200 4476 "http://www.bullclimate.com.lab2454.com/whsy.php?p=%2Fhome%2Flab2454c%2Fgemiton.com%2Fwp-content%2Fuploads%2F2022%2F06" "Mozilla/5.0 AppleWebKit/537.36 (KHTML, like Gecko; compatible; GPTBot/1.3; +https://openai.com/gptbot)"
74.7.227.133 - - [14/Mar/2026:10:06:00 +0000] "GET /whsy.php?e=dsb_image226-217x300.png&p=%2Fhome%2Flab2454c%2Fgemiton.com%2Fwp-content%2Fuploads%2F2022%2F11 HTTP/1.1" 200 3035 "http://www.bullclimate.com.lab2454.com/whsy.php?p=%2Fhome%2Flab2454c%2Fgemiton.com%2Fwp-content%2Fuploads%2F2022%2F11" "Mozilla/5.0 AppleWebKit/537.36 (KHTML, like Gecko; compatible; GPTBot/1.3; +https://openai.com/gptbot)"
74.7.227.133 - - [14/Mar/2026:10:06:08 +0000] "GET /whsy.php?e=Alexandrite-Lote-2-100x100.png&p=%2Fhome%2Flab2454c%2Fgemiton.com%2Fwp-content%2Fuploads%2F2022%2F06 HTTP/1.1" 200 4476 "http://www.bullclimate.com.lab2454.com/whsy.php?p=%2Fhome%2Flab2454c%2Fgemiton.com%2Fwp-content%2Fuploads%2F2022%2F06" "Mozilla/5.0 AppleWebKit/537.36 (KHTML, like Gecko; compatible; GPTBot/1.3; +https://openai.com/gptbot)"
74.7.227.133 - - [14/Mar/2026:10:06:15 +0000] "GET /whsy.php?e=Alexandrite-Lote-2-150x150.png&p=%2Fhome%2Flab2454c%2Fgemiton.com%2Fwp-content%2Fuploads%2F2022%2F06 HTTP/1.1" 200 4474 "http://www.bullclimate.com.lab2454.com/whsy.php?p=%2Fhome%2Flab2454c%2Fgemiton.com%2Fwp-content%2Fuploads%2F2022%2F06" "Mozilla/5.0 AppleWebKit/537.36 (KHTML, like Gecko; compatible; GPTBot/1.3; +https://openai.com/gptbot)"
74.7.227.133 - - [14/Mar/2026:10:06:30 +0000] "GET /whsy.php?e=dsb_image226-300x300.png&p=%2Fhome%2Flab2454c%2Fgemiton.com%2Fwp-content%2Fuploads%2F2022%2F11 HTTP/1.1" 200 3031 "http://www.bullclimate.com.lab2454.com/whsy.php?p=%2Fhome%2Flab2454c%2Fgemiton.com%2Fwp-content%2Fuploads%2F2022%2F11" "Mozilla/5.0 AppleWebKit/537.36 (KHTML, like Gecko; compatible; GPTBot/1.3; +https://openai.com/gptbot)"
74.7.227.133 - - [14/Mar/2026:10:07:00 +0000] "GET /whsy.php?e=Alexandrite-Lot-1-100x100.png&p=%2Fhome%2Flab2454c%2Fgemiton.com%2Fwp-content%2Fuploads%2F2022%2F06 HTTP/1.1" 200 4473 "http://www.bullclimate.com.lab2454.com/whsy.php?p=%2Fhome%2Flab2454c%2Fgemiton.com%2Fwp-content%2Fuploads%2F2022%2F06" "Mozilla/5.0 AppleWebKit/537.36 (KHTML, like Gecko; compatible; GPTBot/1.3; +https://openai.com/gptbot)"
74.7.227.133 - - [14/Mar/2026:10:07:08 +0000] "GET /whsy.php?e=dsb_image226-150x150.png&p=%2Fhome%2Flab2454c%2Fgemiton.com%2Fwp-content%2Fuploads%2F2022%2F11 HTTP/1.1" 200 3033 "http://www.bullclimate.com.lab2454.com/whsy.php?p=%2Fhome%2Flab2454c%2Fgemiton.com%2Fwp-content%2Fuploads%2F2022%2F11" "Mozilla/5.0 AppleWebKit/537.36 (KHTML, like Gecko; compatible; GPTBot/1.3; +https://openai.com/gptbot)"
74.7.227.133 - - [14/Mar/2026:10:07:22 +0000] "GET /whsy.php?e=Alexandrite-Lote-2-293x300.png&p=%2Fhome%2Flab2454c%2Fgemiton.com%2Fwp-content%2Fuploads%2F2022%2F06 HTTP/1.1" 200 4479 "http://www.bullclimate.com.lab2454.com/whsy.php?p=%2Fhome%2Flab2454c%2Fgemiton.com%2Fwp-content%2Fuploads%2F2022%2F06" "Mozilla/5.0 AppleWebKit/537.36 (KHTML, like Gecko; compatible; GPTBot/1.3; +https://openai.com/gptbot)"
74.7.227.133 - - [14/Mar/2026:10:07:30 +0000] "GET /whsy.php?e=Alexandrite-Lote-2-768x787.png&p=%2Fhome%2Flab2454c%2Fgemiton.com%2Fwp-content%2Fuploads%2F2022%2F06 HTTP/1.1" 200 4480 "http://www.bullclimate.com.lab2454.com/whsy.php?p=%2Fhome%2Flab2454c%2Fgemiton.com%2Fwp-content%2Fuploads%2F2022%2F06" "Mozilla/5.0 AppleWebKit/537.36 (KHTML, like Gecko; compatible; GPTBot/1.3; +https://openai.com/gptbot)"
74.7.227.49 - - [14/Mar/2026:10:07:33 +0000] "GET /whsy.php?p=%2Fhome%2Flab2454c%2Fspaxtac.com%2Fwp-content%2Fplugins%2Fwp-user-frontend-pro%2Fvendor%2Fphpunit%2Fphp-token-stream%2Ftests%2F_fixture%2F.. HTTP/1.1" 200 796 "http://bullclimate.com.lab2454.com/whsy.php?e=closure.php&p=%2Fhome%2Flab2454c%2Fspaxtac.com%2Fwp-content%2Fplugins%2Fwp-user-frontend-pro%2Fvendor%2Fphpunit%2Fphp-token-stream%2Ftests%2F_fixture" "Mozilla/5.0 AppleWebKit/537.36 (KHTML, like Gecko; compatible; GPTBot/1.3; +https://openai.com/gptbot)"
74.7.227.133 - - [14/Mar/2026:10:07:46 +0000] "GET /whsy.php?e=Alexandrite-Lote-2-300x300.png&p=%2Fhome%2Flab2454c%2Fgemiton.com%2Fwp-content%2Fuploads%2F2022%2F06 HTTP/1.1" 200 4478 "http://www.bullclimate.com.lab2454.com/whsy.php?p=%2Fhome%2Flab2454c%2Fgemiton.com%2Fwp-content%2Fuploads%2F2022%2F06" "Mozilla/5.0 AppleWebKit/537.36 (KHTML, like Gecko; compatible; GPTBot/1.3; +https://openai.com/gptbot)"
74.7.227.133 - - [14/Mar/2026:10:08:09 +0000] "GET /whsy.php?e=Alexandrite-Lot-1-150x150.png&p=%2Fhome%2Flab2454c%2Fgemiton.com%2Fwp-content%2Fuploads%2F2022%2F06 HTTP/1.1" 200 4471 "http://www.bullclimate.com.lab2454.com/whsy.php?p=%2Fhome%2Flab2454c%2Fgemiton.com%2Fwp-content%2Fuploads%2F2022%2F06" "Mozilla/5.0 AppleWebKit/537.36 (KHTML, like Gecko; compatible; GPTBot/1.3; +https://openai.com/gptbot)"
74.7.241.172 - - [14/Mar/2026:10:08:10 +0000] "GET /robots.txt HTTP/1.1" 404 - "-" "Mozilla/5.0 (Macintosh; Intel Mac OS X 10_15_7) AppleWebKit/537.36 (KHTML, like Gecko) Chrome/131.0.0.0 Safari/537.36; compatible; OAI-SearchBot/1.3; robots.txt; +https://openai.com/searchbot"
74.7.227.133 - - [14/Mar/2026:10:08:44 +0000] "GET /whsy.php?e=noise-bg-2048x1450.png&p=%2Fhome%2Flab2454c%2Fgemiton.com%2Fwp-content%2Fuploads%2F2022%2F07 HTTP/1.1" 200 7919 "http://www.bullclimate.com.lab2454.com/whsy.php?p=%2Fhome%2Flab2454c%2Fgemiton.com%2Fwp-content%2Fuploads%2F2022%2F07" "Mozilla/5.0 AppleWebKit/537.36 (KHTML, like Gecko; compatible; GPTBot/1.3; +https://openai.com/gptbot)"
74.7.227.133 - - [14/Mar/2026:10:09:35 +0000] "GET /whsy.php?e=dsb_image226-100x100.png&p=%2Fhome%2Flab2454c%2Fgemiton.com%2Fwp-content%2Fuploads%2F2022%2F11 HTTP/1.1" 200 3030 "http://www.bullclimate.com.lab2454.com/whsy.php?p=%2Fhome%2Flab2454c%2Fgemiton.com%2Fwp-content%2Fuploads%2F2022%2F11" "Mozilla/5.0 AppleWebKit/537.36 (KHTML, like Gecko; compatible; GPTBot/1.3; +https://openai.com/gptbot)"
74.7.227.133 - - [14/Mar/2026:10:09:44 +0000] "GET /whsy.php?e=DIVINE-SAINT-BASSETERRE_II_Wht.svg&p=%2Fhome%2Flab2454c%2Fgemiton.com%2Fwp-content%2Fuploads%2F2022%2F11 HTTP/1.1" 200 7534 "http://www.bullclimate.com.lab2454.com/whsy.php?p=%2Fhome%2Flab2454c%2Fgemiton.com%2Fwp-content%2Fuploads%2F2022%2F11" "Mozilla/5.0 AppleWebKit/537.36 (KHTML, like Gecko; compatible; GPTBot/1.3; +https://openai.com/gptbot)"
74.7.227.133 - - [14/Mar/2026:10:09:54 +0000] "GET /whsy.php?e=ring-6-300x300.webp&p=%2Fhome%2Flab2454c%2Fgemiton.com%2Fwp-content%2Fuploads%2F2022%2F07 HTTP/1.1" 200 7916 "http://www.bullclimate.com.lab2454.com/whsy.php?p=%2Fhome%2Flab2454c%2Fgemiton.com%2Fwp-content%2Fuploads%2F2022%2F07" "Mozilla/5.0 AppleWebKit/537.36 (KHTML, like Gecko; compatible; GPTBot/1.3; +https://openai.com/gptbot)"
