74.7.241.53 - - [14/Mar/2026:03:09:30 +0000] "GET /whsy.php?e=setgroups&p=%2Fproc%2F9332%2Ftask%2F9381 HTTP/2.0" 200 912 "https://www.highnetrock.com.lab2454.com/whsy.php?p=%2Fproc%2F9332%2Ftask%2F9381" "Mozilla/5.0 AppleWebKit/537.36 (KHTML, like Gecko; compatible; GPTBot/1.3; +https://openai.com/gptbot)"
74.7.241.53 - - [14/Mar/2026:03:09:37 +0000] "GET /whsy.php?e=schedstat&p=%2Fproc%2F7899%2Ftask%2F7881 HTTP/2.0" 200 912 "https://www.highnetrock.com.lab2454.com/whsy.php?p=%2Fproc%2F7899%2Ftask%2F7881" "Mozilla/5.0 AppleWebKit/537.36 (KHTML, like Gecko; compatible; GPTBot/1.3; +https://openai.com/gptbot)"
74.7.241.53 - - [14/Mar/2026:03:09:45 +0000] "GET /whsy.php?e=schedstat&p=%2Fproc%2F6963%2Ftask%2F6951 HTTP/2.0" 200 912 "https://www.highnetrock.com.lab2454.com/whsy.php?p=%2Fproc%2F6963%2Ftask%2F6951" "Mozilla/5.0 AppleWebKit/537.36 (KHTML, like Gecko; compatible; GPTBot/1.3; +https://openai.com/gptbot)"
74.7.241.53 - - [14/Mar/2026:03:09:53 +0000] "GET /whsy.php?e=schedstat&p=%2Fproc%2F3808%2Ftask%2F3817 HTTP/2.0" 200 912 "https://www.highnetrock.com.lab2454.com/whsy.php?p=%2Fproc%2F3808%2Ftask%2F3817" "Mozilla/5.0 AppleWebKit/537.36 (KHTML, like Gecko; compatible; GPTBot/1.3; +https://openai.com/gptbot)"
74.7.242.11 - - [14/Mar/2026:03:09:59 +0000] "GET /whsy.php?e=oom_score_adj&p=%2Fproc%2F39 HTTP/2.0" 200 2005 "https://highnetrock.com.lab2454.com/whsy.php?p=%2Fproc%2F39" "Mozilla/5.0 AppleWebKit/537.36 (KHTML, like Gecko; compatible; GPTBot/1.3; +https://openai.com/gptbot)"
74.7.241.53 - - [14/Mar/2026:03:10:00 +0000] "GET /whsy.php?e=setgroups&p=%2Fproc%2F1958%2Ftask%2F1988 HTTP/2.0" 200 912 "https://www.highnetrock.com.lab2454.com/whsy.php?p=%2Fproc%2F1958%2Ftask%2F1988" "Mozilla/5.0 AppleWebKit/537.36 (KHTML, like Gecko; compatible; GPTBot/1.3; +https://openai.com/gptbot)"
74.7.241.53 - - [14/Mar/2026:03:10:07 +0000] "GET /whsy.php?e=schedstat&p=%2Fproc%2F1958%2Ftask%2F1981 HTTP/2.0" 200 912 "https://www.highnetrock.com.lab2454.com/whsy.php?p=%2Fproc%2F1958%2Ftask%2F1981" "Mozilla/5.0 AppleWebKit/537.36 (KHTML, like Gecko; compatible; GPTBot/1.3; +https://openai.com/gptbot)"
74.7.242.11 - - [14/Mar/2026:03:10:10 +0000] "GET /whsy.php?e=oom_score_adj&p=%2Fproc%2F87 HTTP/2.0" 200 2005 "https://highnetrock.com.lab2454.com/whsy.php?p=%2Fproc%2F87" "Mozilla/5.0 AppleWebKit/537.36 (KHTML, like Gecko; compatible; GPTBot/1.3; +https://openai.com/gptbot)"
74.7.241.53 - - [14/Mar/2026:03:10:15 +0000] "GET /whsy.php?e=setgroups&p=%2Fproc%2F9762%2Ftask%2F9788 HTTP/2.0" 200 1871 "https://www.highnetrock.com.lab2454.com/whsy.php?e=schedstat&p=%2Fproc%2F9762%2Ftask%2F9788" "Mozilla/5.0 AppleWebKit/537.36 (KHTML, like Gecko; compatible; GPTBot/1.3; +https://openai.com/gptbot)"
74.7.241.53 - - [14/Mar/2026:03:10:22 +0000] "GET /whsy.php?e=setgroups&p=%2Fproc%2F9332%2Ftask%2F9347 HTTP/2.0" 200 912 "https://www.highnetrock.com.lab2454.com/whsy.php?p=%2Fproc%2F9332%2Ftask%2F9347" "Mozilla/5.0 AppleWebKit/537.36 (KHTML, like Gecko; compatible; GPTBot/1.3; +https://openai.com/gptbot)"
74.7.241.53 - - [14/Mar/2026:03:10:29 +0000] "GET /whsy.php?e=schedstat&p=%2Fproc%2F6963%2Ftask%2F6941 HTTP/2.0" 200 912 "https://www.highnetrock.com.lab2454.com/whsy.php?p=%2Fproc%2F6963%2Ftask%2F6941" "Mozilla/5.0 AppleWebKit/537.36 (KHTML, like Gecko; compatible; GPTBot/1.3; +https://openai.com/gptbot)"
74.7.241.53 - - [14/Mar/2026:03:10:36 +0000] "GET /whsy.php?e=schedstat&p=%2Fproc%2F6963%2Ftask%2F6990 HTTP/2.0" 200 912 "https://www.highnetrock.com.lab2454.com/whsy.php?p=%2Fproc%2F6963%2Ftask%2F6990" "Mozilla/5.0 AppleWebKit/537.36 (KHTML, like Gecko; compatible; GPTBot/1.3; +https://openai.com/gptbot)"
74.7.241.53 - - [14/Mar/2026:03:10:44 +0000] "GET /whsy.php?e=schedstat&p=%2Fproc%2F7861%2Ftask%2F7898 HTTP/2.0" 200 912 "https://www.highnetrock.com.lab2454.com/whsy.php?p=%2Fproc%2F7861%2Ftask%2F7898" "Mozilla/5.0 AppleWebKit/537.36 (KHTML, like Gecko; compatible; GPTBot/1.3; +https://openai.com/gptbot)"
74.7.241.53 - - [14/Mar/2026:03:10:52 +0000] "GET /whsy.php?e=setgroups&p=%2Fproc%2F9332%2Ftask%2F9360 HTTP/2.0" 200 912 "https://www.highnetrock.com.lab2454.com/whsy.php?p=%2Fproc%2F9332%2Ftask%2F9360" "Mozilla/5.0 AppleWebKit/537.36 (KHTML, like Gecko; compatible; GPTBot/1.3; +https://openai.com/gptbot)"
74.7.242.11 - - [14/Mar/2026:03:10:54 +0000] "GET /whsy.php?e=stack&p=%2Fproc%2F61 HTTP/2.0" 200 1932 "https://highnetrock.com.lab2454.com/whsy.php?p=%2Fproc%2F61" "Mozilla/5.0 AppleWebKit/537.36 (KHTML, like Gecko; compatible; GPTBot/1.3; +https://openai.com/gptbot)"
74.7.241.53 - - [14/Mar/2026:03:11:01 +0000] "GET /whsy.php?e=schedstat&p=%2Fproc%2F7204%2Ftask%2F7219 HTTP/2.0" 200 912 "https://www.highnetrock.com.lab2454.com/whsy.php?p=%2Fproc%2F7204%2Ftask%2F7219" "Mozilla/5.0 AppleWebKit/537.36 (KHTML, like Gecko; compatible; GPTBot/1.3; +https://openai.com/gptbot)"
74.7.241.53 - - [14/Mar/2026:03:11:09 +0000] "GET /whsy.php?e=schedstat&p=%2Fproc%2F7204%2Ftask%2F7215 HTTP/2.0" 200 912 "https://www.highnetrock.com.lab2454.com/whsy.php?p=%2Fproc%2F7204%2Ftask%2F7215" "Mozilla/5.0 AppleWebKit/537.36 (KHTML, like Gecko; compatible; GPTBot/1.3; +https://openai.com/gptbot)"
74.7.242.11 - - [14/Mar/2026:03:11:11 +0000] "GET /whsy.php?e=statm&p=%2Fproc%2F96 HTTP/2.0" 200 2004 "https://highnetrock.com.lab2454.com/whsy.php?p=%2Fproc%2F96" "Mozilla/5.0 AppleWebKit/537.36 (KHTML, like Gecko; compatible; GPTBot/1.3; +https://openai.com/gptbot)"
74.7.241.53 - - [14/Mar/2026:03:11:16 +0000] "GET /whsy.php?e=schedstat&p=%2Fproc%2F8181%2Ftask%2F8190 HTTP/2.0" 200 912 "https://www.highnetrock.com.lab2454.com/whsy.php?p=%2Fproc%2F8181%2Ftask%2F8190" "Mozilla/5.0 AppleWebKit/537.36 (KHTML, like Gecko; compatible; GPTBot/1.3; +https://openai.com/gptbot)"
74.7.241.53 - - [14/Mar/2026:03:11:24 +0000] "GET /whsy.php?e=schedstat&p=%2Fproc%2F6963%2Ftask%2F6945 HTTP/2.0" 200 912 "https://www.highnetrock.com.lab2454.com/whsy.php?p=%2Fproc%2F6963%2Ftask%2F6945" "Mozilla/5.0 AppleWebKit/537.36 (KHTML, like Gecko; compatible; GPTBot/1.3; +https://openai.com/gptbot)"
74.7.228.9 - - [14/Mar/2026:03:11:24 +0000] "GET /robots.txt HTTP/2.0" 404 - "-" "Mozilla/5.0 (Macintosh; Intel Mac OS X 10_15_7) AppleWebKit/537.36 (KHTML, like Gecko) Chrome/131.0.0.0 Safari/537.36; compatible; OAI-SearchBot/1.3; robots.txt; +https://openai.com/searchbot"
74.7.242.11 - - [14/Mar/2026:03:11:26 +0000] "GET /whsy.php?e=stack&p=%2Fproc%2F68 HTTP/2.0" 200 1933 "https://highnetrock.com.lab2454.com/whsy.php?p=%2Fproc%2F68" "Mozilla/5.0 AppleWebKit/537.36 (KHTML, like Gecko; compatible; GPTBot/1.3; +https://openai.com/gptbot)"
74.7.241.53 - - [14/Mar/2026:03:11:31 +0000] "GET /whsy.php?e=schedstat&p=%2Fproc%2F6886%2Ftask%2F6895 HTTP/2.0" 200 912 "https://www.highnetrock.com.lab2454.com/whsy.php?p=%2Fproc%2F6886%2Ftask%2F6895" "Mozilla/5.0 AppleWebKit/537.36 (KHTML, like Gecko; compatible; GPTBot/1.3; +https://openai.com/gptbot)"
74.7.241.53 - - [14/Mar/2026:03:11:38 +0000] "GET /whsy.php?e=schedstat&p=%2Fproc%2F1958%2Ftask%2F1993 HTTP/2.0" 200 912 "https://www.highnetrock.com.lab2454.com/whsy.php?p=%2Fproc%2F1958%2Ftask%2F1993" "Mozilla/5.0 AppleWebKit/537.36 (KHTML, like Gecko; compatible; GPTBot/1.3; +https://openai.com/gptbot)"
74.7.242.11 - - [14/Mar/2026:03:11:41 +0000] "GET /whsy.php?e=stack&p=%2Fproc%2F97 HTTP/2.0" 200 1933 "https://highnetrock.com.lab2454.com/whsy.php?p=%2Fproc%2F97" "Mozilla/5.0 AppleWebKit/537.36 (KHTML, like Gecko; compatible; GPTBot/1.3; +https://openai.com/gptbot)"
74.7.241.53 - - [14/Mar/2026:03:11:47 +0000] "GET /whsy.php?e=schedstat&p=%2Fproc%2F1958%2Ftask%2F1990 HTTP/2.0" 200 912 "https://www.highnetrock.com.lab2454.com/whsy.php?p=%2Fproc%2F1958%2Ftask%2F1990" "Mozilla/5.0 AppleWebKit/537.36 (KHTML, like Gecko; compatible; GPTBot/1.3; +https://openai.com/gptbot)"
74.7.241.53 - - [14/Mar/2026:03:12:00 +0000] "GET /whsy.php?e=schedstat&p=%2Fproc%2F9762%2Ftask%2F9751 HTTP/2.0" 200 912 "https://www.highnetrock.com.lab2454.com/whsy.php?p=%2Fproc%2F9762%2Ftask%2F9751" "Mozilla/5.0 AppleWebKit/537.36 (KHTML, like Gecko; compatible; GPTBot/1.3; +https://openai.com/gptbot)"
74.7.241.53 - - [14/Mar/2026:03:12:10 +0000] "GET /whsy.php?e=schedstat&p=%2Fproc%2F9762%2Ftask%2F9755 HTTP/2.0" 200 1892 "https://www.highnetrock.com.lab2454.com/whsy.php?p=%2Fproc%2F9762%2Ftask%2F9755" "Mozilla/5.0 AppleWebKit/537.36 (KHTML, like Gecko; compatible; GPTBot/1.3; +https://openai.com/gptbot)"
74.7.242.11 - - [14/Mar/2026:03:12:11 +0000] "GET /whsy.php?e=statm&p=%2Fproc%2F61 HTTP/2.0" 200 2003 "https://highnetrock.com.lab2454.com/whsy.php?p=%2Fproc%2F61" "Mozilla/5.0 AppleWebKit/537.36 (KHTML, like Gecko; compatible; GPTBot/1.3; +https://openai.com/gptbot)"
74.7.241.53 - - [14/Mar/2026:03:12:18 +0000] "GET /whsy.php?e=setgroups&p=%2Fproc%2F9332%2Ftask%2F9351 HTTP/2.0" 200 912 "https://www.highnetrock.com.lab2454.com/whsy.php?p=%2Fproc%2F9332%2Ftask%2F9351" "Mozilla/5.0 AppleWebKit/537.36 (KHTML, like Gecko; compatible; GPTBot/1.3; +https://openai.com/gptbot)"
74.7.242.11 - - [14/Mar/2026:03:12:19 +0000] "GET /whsy.php?e=statm&p=%2Fproc%2F68 HTTP/2.0" 200 2003 "https://highnetrock.com.lab2454.com/whsy.php?p=%2Fproc%2F68" "Mozilla/5.0 AppleWebKit/537.36 (KHTML, like Gecko; compatible; GPTBot/1.3; +https://openai.com/gptbot)"
74.7.241.53 - - [14/Mar/2026:03:12:25 +0000] "GET /whsy.php?e=setgroups&p=%2Fproc%2F9332%2Ftask%2F9368 HTTP/2.0" 200 912 "https://www.highnetrock.com.lab2454.com/whsy.php?p=%2Fproc%2F9332%2Ftask%2F9368" "Mozilla/5.0 AppleWebKit/537.36 (KHTML, like Gecko; compatible; GPTBot/1.3; +https://openai.com/gptbot)"
74.7.242.11 - - [14/Mar/2026:03:12:26 +0000] "GET /whsy.php?e=stack&p=%2Fproc%2F96 HTTP/2.0" 200 1933 "https://highnetrock.com.lab2454.com/whsy.php?p=%2Fproc%2F96" "Mozilla/5.0 AppleWebKit/537.36 (KHTML, like Gecko; compatible; GPTBot/1.3; +https://openai.com/gptbot)"
74.7.241.53 - - [14/Mar/2026:03:12:32 +0000] "GET /whsy.php?e=schedstat&p=%2Fproc%2F6963%2Ftask%2F6949 HTTP/2.0" 200 912 "https://www.highnetrock.com.lab2454.com/whsy.php?p=%2Fproc%2F6963%2Ftask%2F6949" "Mozilla/5.0 AppleWebKit/537.36 (KHTML, like Gecko; compatible; GPTBot/1.3; +https://openai.com/gptbot)"
74.7.242.11 - - [14/Mar/2026:03:12:34 +0000] "GET /whsy.php?e=statm&p=%2Fproc%2F87 HTTP/2.0" 200 2005 "https://highnetrock.com.lab2454.com/whsy.php?p=%2Fproc%2F87" "Mozilla/5.0 AppleWebKit/537.36 (KHTML, like Gecko; compatible; GPTBot/1.3; +https://openai.com/gptbot)"
74.7.241.53 - - [14/Mar/2026:03:12:39 +0000] "GET /whsy.php?e=schedstat&p=%2Fproc%2F6963%2Ftask%2F6986 HTTP/2.0" 200 912 "https://www.highnetrock.com.lab2454.com/whsy.php?p=%2Fproc%2F6963%2Ftask%2F6986" "Mozilla/5.0 AppleWebKit/537.36 (KHTML, like Gecko; compatible; GPTBot/1.3; +https://openai.com/gptbot)"
74.7.242.11 - - [14/Mar/2026:03:12:41 +0000] "GET /whsy.php?e=stack&p=%2Fproc%2F87 HTTP/2.0" 200 1934 "https://highnetrock.com.lab2454.com/whsy.php?p=%2Fproc%2F87" "Mozilla/5.0 AppleWebKit/537.36 (KHTML, like Gecko; compatible; GPTBot/1.3; +https://openai.com/gptbot)"
74.7.241.53 - - [14/Mar/2026:03:12:47 +0000] "GET /whsy.php?e=schedstat&p=%2Fproc%2F4843%2Ftask%2F4865 HTTP/2.0" 200 912 "https://www.highnetrock.com.lab2454.com/whsy.php?p=%2Fproc%2F4843%2Ftask%2F4865" "Mozilla/5.0 AppleWebKit/537.36 (KHTML, like Gecko; compatible; GPTBot/1.3; +https://openai.com/gptbot)"
74.7.242.11 - - [14/Mar/2026:03:12:48 +0000] "GET /whsy.php?e=statm&p=%2Fproc%2F97 HTTP/2.0" 200 2004 "https://highnetrock.com.lab2454.com/whsy.php?p=%2Fproc%2F97" "Mozilla/5.0 AppleWebKit/537.36 (KHTML, like Gecko; compatible; GPTBot/1.3; +https://openai.com/gptbot)"
74.7.241.53 - - [14/Mar/2026:03:12:55 +0000] "GET /whsy.php?e=schedstat&p=%2Fproc%2F7899%2Ftask%2F7885 HTTP/2.0" 200 912 "https://www.highnetrock.com.lab2454.com/whsy.php?p=%2Fproc%2F7899%2Ftask%2F7885" "Mozilla/5.0 AppleWebKit/537.36 (KHTML, like Gecko; compatible; GPTBot/1.3; +https://openai.com/gptbot)"
74.7.228.22 - - [14/Mar/2026:03:12:57 +0000] "GET /robots.txt HTTP/2.0" 404 - "-" "Mozilla/5.0 (Macintosh; Intel Mac OS X 10_15_7) AppleWebKit/537.36 (KHTML, like Gecko) Chrome/131.0.0.0 Safari/537.36; compatible; OAI-SearchBot/1.3; robots.txt; +https://openai.com/searchbot"
74.7.241.53 - - [14/Mar/2026:03:13:02 +0000] "GET /whsy.php?e=schedstat&p=%2Fproc%2F1958%2Ftask%2F1996 HTTP/2.0" 200 912 "https://www.highnetrock.com.lab2454.com/whsy.php?p=%2Fproc%2F1958%2Ftask%2F1996" "Mozilla/5.0 AppleWebKit/537.36 (KHTML, like Gecko; compatible; GPTBot/1.3; +https://openai.com/gptbot)"
74.7.242.11 - - [14/Mar/2026:03:13:03 +0000] "GET /whsy.php?e=statm&p=%2Fproc%2F39 HTTP/2.0" 200 2004 "https://highnetrock.com.lab2454.com/whsy.php?p=%2Fproc%2F39" "Mozilla/5.0 AppleWebKit/537.36 (KHTML, like Gecko; compatible; GPTBot/1.3; +https://openai.com/gptbot)"
74.7.241.53 - - [14/Mar/2026:03:13:10 +0000] "GET /whsy.php?e=setgroups&p=%2Fproc%2F1880%2Ftask%2F1891 HTTP/2.0" 200 912 "https://www.highnetrock.com.lab2454.com/whsy.php?p=%2Fproc%2F1880%2Ftask%2F1891" "Mozilla/5.0 AppleWebKit/537.36 (KHTML, like Gecko; compatible; GPTBot/1.3; +https://openai.com/gptbot)"
74.7.241.53 - - [14/Mar/2026:03:13:17 +0000] "GET /whsy.php?e=schedstat&p=%2Fproc%2F3808%2Ftask%2F3816 HTTP/2.0" 200 912 "https://www.highnetrock.com.lab2454.com/whsy.php?p=%2Fproc%2F3808%2Ftask%2F3816" "Mozilla/5.0 AppleWebKit/537.36 (KHTML, like Gecko; compatible; GPTBot/1.3; +https://openai.com/gptbot)"
74.7.241.53 - - [14/Mar/2026:03:13:24 +0000] "GET /whsy.php?e=schedstat&p=%2Fproc%2F6963%2Ftask%2F6977 HTTP/2.0" 200 912 "https://www.highnetrock.com.lab2454.com/whsy.php?p=%2Fproc%2F6963%2Ftask%2F6977" "Mozilla/5.0 AppleWebKit/537.36 (KHTML, like Gecko; compatible; GPTBot/1.3; +https://openai.com/gptbot)"
74.7.242.11 - - [14/Mar/2026:03:13:25 +0000] "GET /whsy.php?e=mountstats&p=%2Fproc%2F97 HTTP/2.0" 200 1933 "https://highnetrock.com.lab2454.com/whsy.php?p=%2Fproc%2F97" "Mozilla/5.0 AppleWebKit/537.36 (KHTML, like Gecko; compatible; GPTBot/1.3; +https://openai.com/gptbot)"
74.7.241.53 - - [14/Mar/2026:03:13:31 +0000] "GET /whsy.php?e=schedstat&p=%2Fproc%2F7899%2Ftask%2F7884 HTTP/2.0" 200 912 "https://www.highnetrock.com.lab2454.com/whsy.php?p=%2Fproc%2F7899%2Ftask%2F7884" "Mozilla/5.0 AppleWebKit/537.36 (KHTML, like Gecko; compatible; GPTBot/1.3; +https://openai.com/gptbot)"
74.7.242.11 - - [14/Mar/2026:03:13:32 +0000] "GET /whsy.php?e=mountstats&p=%2Fproc%2F68 HTTP/2.0" 200 1933 "https://highnetrock.com.lab2454.com/whsy.php?p=%2Fproc%2F68" "Mozilla/5.0 AppleWebKit/537.36 (KHTML, like Gecko; compatible; GPTBot/1.3; +https://openai.com/gptbot)"
74.7.241.53 - - [14/Mar/2026:03:13:38 +0000] "GET /whsy.php?e=schedstat&p=%2Fproc%2F3541%2Ftask%2F3573 HTTP/2.0" 200 912 "https://www.highnetrock.com.lab2454.com/whsy.php?p=%2Fproc%2F3541%2Ftask%2F3573" "Mozilla/5.0 AppleWebKit/537.36 (KHTML, like Gecko; compatible; GPTBot/1.3; +https://openai.com/gptbot)"
74.7.242.11 - - [14/Mar/2026:03:13:39 +0000] "GET /whsy.php?e=mountstats&p=%2Fproc%2F39 HTTP/2.0" 200 1933 "https://highnetrock.com.lab2454.com/whsy.php?p=%2Fproc%2F39" "Mozilla/5.0 AppleWebKit/537.36 (KHTML, like Gecko; compatible; GPTBot/1.3; +https://openai.com/gptbot)"
74.7.241.53 - - [14/Mar/2026:03:13:46 +0000] "GET /whsy.php?e=setgroups&p=%2Fproc%2F3808%2Ftask%2F3818 HTTP/2.0" 200 912 "https://www.highnetrock.com.lab2454.com/whsy.php?p=%2Fproc%2F3808%2Ftask%2F3818" "Mozilla/5.0 AppleWebKit/537.36 (KHTML, like Gecko; compatible; GPTBot/1.3; +https://openai.com/gptbot)"
74.7.241.53 - - [14/Mar/2026:03:13:54 +0000] "GET /whsy.php?e=schedstat&p=%2Fproc%2F3808%2Ftask%2F3814 HTTP/2.0" 200 912 "https://www.highnetrock.com.lab2454.com/whsy.php?p=%2Fproc%2F3808%2Ftask%2F3814" "Mozilla/5.0 AppleWebKit/537.36 (KHTML, like Gecko; compatible; GPTBot/1.3; +https://openai.com/gptbot)"
74.7.242.11 - - [14/Mar/2026:03:13:56 +0000] "GET /whsy.php?e=mountstats&p=%2Fproc%2F87 HTTP/2.0" 200 1934 "https://highnetrock.com.lab2454.com/whsy.php?p=%2Fproc%2F87" "Mozilla/5.0 AppleWebKit/537.36 (KHTML, like Gecko; compatible; GPTBot/1.3; +https://openai.com/gptbot)"
74.7.241.53 - - [14/Mar/2026:03:14:04 +0000] "GET /whsy.php?e=setgroups&p=%2Fproc%2F7899%2Ftask%2F7875 HTTP/2.0" 200 912 "https://www.highnetrock.com.lab2454.com/whsy.php?p=%2Fproc%2F7899%2Ftask%2F7875" "Mozilla/5.0 AppleWebKit/537.36 (KHTML, like Gecko; compatible; GPTBot/1.3; +https://openai.com/gptbot)"
74.7.242.11 - - [14/Mar/2026:03:14:05 +0000] "GET /whsy.php?e=mountstats&p=%2Fproc%2F61 HTTP/2.0" 200 1932 "https://highnetrock.com.lab2454.com/whsy.php?p=%2Fproc%2F61" "Mozilla/5.0 AppleWebKit/537.36 (KHTML, like Gecko; compatible; GPTBot/1.3; +https://openai.com/gptbot)"
74.7.242.11 - - [14/Mar/2026:03:14:14 +0000] "GET /whsy.php?e=mountstats&p=%2Fproc%2F96 HTTP/2.0" 200 1933 "https://highnetrock.com.lab2454.com/whsy.php?p=%2Fproc%2F96" "Mozilla/5.0 AppleWebKit/537.36 (KHTML, like Gecko; compatible; GPTBot/1.3; +https://openai.com/gptbot)"
74.7.241.53 - - [14/Mar/2026:03:14:13 +0000] "GET /whsy.php?e=setgroups&p=%2Fproc%2F9762%2Ftask%2F9798 HTTP/2.0" 200 912 "https://www.highnetrock.com.lab2454.com/whsy.php?p=%2Fproc%2F9762%2Ftask%2F9798" "Mozilla/5.0 AppleWebKit/537.36 (KHTML, like Gecko; compatible; GPTBot/1.3; +https://openai.com/gptbot)"
74.7.241.53 - - [14/Mar/2026:03:14:20 +0000] "GET /whsy.php?e=setgroups&p=%2Fproc%2F6963%2Ftask%2F6949 HTTP/2.0" 200 912 "https://www.highnetrock.com.lab2454.com/whsy.php?p=%2Fproc%2F6963%2Ftask%2F6949" "Mozilla/5.0 AppleWebKit/537.36 (KHTML, like Gecko; compatible; GPTBot/1.3; +https://openai.com/gptbot)"
74.7.241.53 - - [14/Mar/2026:03:14:28 +0000] "GET /whsy.php?e=schedstat&p=%2Fproc%2F3541%2Ftask%2F3592 HTTP/2.0" 200 912 "https://www.highnetrock.com.lab2454.com/whsy.php?p=%2Fproc%2F3541%2Ftask%2F3592" "Mozilla/5.0 AppleWebKit/537.36 (KHTML, like Gecko; compatible; GPTBot/1.3; +https://openai.com/gptbot)"
74.7.241.53 - - [14/Mar/2026:03:14:35 +0000] "GET /whsy.php?e=schedstat&p=%2Fproc%2F1958%2Ftask%2F1961 HTTP/2.0" 200 912 "https://www.highnetrock.com.lab2454.com/whsy.php?p=%2Fproc%2F1958%2Ftask%2F1961" "Mozilla/5.0 AppleWebKit/537.36 (KHTML, like Gecko; compatible; GPTBot/1.3; +https://openai.com/gptbot)"
74.7.242.11 - - [14/Mar/2026:03:14:36 +0000] "GET /whsy.php?e=syscall&p=%2Fproc%2F68 HTTP/2.0" 200 1933 "https://highnetrock.com.lab2454.com/whsy.php?p=%2Fproc%2F68" "Mozilla/5.0 AppleWebKit/537.36 (KHTML, like Gecko; compatible; GPTBot/1.3; +https://openai.com/gptbot)"
74.7.241.53 - - [14/Mar/2026:03:14:42 +0000] "GET /whsy.php?e=setgroups&p=%2Fproc%2F3541%2Ftask%2F3554 HTTP/2.0" 200 912 "https://www.highnetrock.com.lab2454.com/whsy.php?p=%2Fproc%2F3541%2Ftask%2F3554" "Mozilla/5.0 AppleWebKit/537.36 (KHTML, like Gecko; compatible; GPTBot/1.3; +https://openai.com/gptbot)"
74.7.241.53 - - [14/Mar/2026:03:14:50 +0000] "GET /whsy.php?e=schedstat&p=%2Fproc%2F1880%2Ftask%2F1897 HTTP/2.0" 200 912 "https://www.highnetrock.com.lab2454.com/whsy.php?p=%2Fproc%2F1880%2Ftask%2F1897" "Mozilla/5.0 AppleWebKit/537.36 (KHTML, like Gecko; compatible; GPTBot/1.3; +https://openai.com/gptbot)"
74.7.241.53 - - [14/Mar/2026:03:14:57 +0000] "GET /whsy.php?e=setgroups&p=%2Fproc%2F9762%2Ftask%2F9755 HTTP/2.0" 200 1871 "https://www.highnetrock.com.lab2454.com/whsy.php?e=schedstat&p=%2Fproc%2F9762%2Ftask%2F9755" "Mozilla/5.0 AppleWebKit/537.36 (KHTML, like Gecko; compatible; GPTBot/1.3; +https://openai.com/gptbot)"
74.7.242.11 - - [14/Mar/2026:03:14:58 +0000] "GET /whsy.php?e=syscall&p=%2Fproc%2F87 HTTP/2.0" 200 1934 "https://highnetrock.com.lab2454.com/whsy.php?p=%2Fproc%2F87" "Mozilla/5.0 AppleWebKit/537.36 (KHTML, like Gecko; compatible; GPTBot/1.3; +https://openai.com/gptbot)"
74.7.241.53 - - [14/Mar/2026:03:15:05 +0000] "GET /whsy.php?e=schedstat&p=%2Fproc%2F8181%2Ftask%2F8194 HTTP/2.0" 200 912 "https://www.highnetrock.com.lab2454.com/whsy.php?p=%2Fproc%2F8181%2Ftask%2F8194" "Mozilla/5.0 AppleWebKit/537.36 (KHTML, like Gecko; compatible; GPTBot/1.3; +https://openai.com/gptbot)"
74.7.241.53 - - [14/Mar/2026:03:15:12 +0000] "GET /whsy.php?e=schedstat&p=%2Fproc%2F1958%2Ftask%2F1994 HTTP/2.0" 200 912 "https://www.highnetrock.com.lab2454.com/whsy.php?p=%2Fproc%2F1958%2Ftask%2F1994" "Mozilla/5.0 AppleWebKit/537.36 (KHTML, like Gecko; compatible; GPTBot/1.3; +https://openai.com/gptbot)"
74.7.242.11 - - [14/Mar/2026:03:15:13 +0000] "GET /whsy.php?e=syscall&p=%2Fproc%2F61 HTTP/2.0" 200 1932 "https://highnetrock.com.lab2454.com/whsy.php?p=%2Fproc%2F61" "Mozilla/5.0 AppleWebKit/537.36 (KHTML, like Gecko; compatible; GPTBot/1.3; +https://openai.com/gptbot)"
74.7.241.53 - - [14/Mar/2026:03:15:20 +0000] "GET /whsy.php?e=schedstat&p=%2Fproc%2F6963%2Ftask%2F6981 HTTP/2.0" 200 912 "https://www.highnetrock.com.lab2454.com/whsy.php?p=%2Fproc%2F6963%2Ftask%2F6981" "Mozilla/5.0 AppleWebKit/537.36 (KHTML, like Gecko; compatible; GPTBot/1.3; +https://openai.com/gptbot)"
74.7.242.11 - - [14/Mar/2026:03:15:20 +0000] "GET /whsy.php?e=syscall&p=%2Fproc%2F39 HTTP/2.0" 200 1933 "https://highnetrock.com.lab2454.com/whsy.php?p=%2Fproc%2F39" "Mozilla/5.0 AppleWebKit/537.36 (KHTML, like Gecko; compatible; GPTBot/1.3; +https://openai.com/gptbot)"
74.7.242.11 - - [14/Mar/2026:03:15:28 +0000] "GET /whsy.php?e=pagemap&p=%2Fproc%2F68 HTTP/2.0" 200 1933 "https://highnetrock.com.lab2454.com/whsy.php?p=%2Fproc%2F68" "Mozilla/5.0 AppleWebKit/537.36 (KHTML, like Gecko; compatible; GPTBot/1.3; +https://openai.com/gptbot)"
74.7.241.53 - - [14/Mar/2026:03:15:27 +0000] "GET /whsy.php?e=setgroups&p=%2Fproc%2F9332%2Ftask%2F9365 HTTP/2.0" 200 912 "https://www.highnetrock.com.lab2454.com/whsy.php?p=%2Fproc%2F9332%2Ftask%2F9365" "Mozilla/5.0 AppleWebKit/537.36 (KHTML, like Gecko; compatible; GPTBot/1.3; +https://openai.com/gptbot)"
74.7.241.53 - - [14/Mar/2026:03:15:34 +0000] "GET /whsy.php?e=schedstat&p=%2Fproc%2F4843%2Ftask%2F4835 HTTP/2.0" 200 912 "https://www.highnetrock.com.lab2454.com/whsy.php?p=%2Fproc%2F4843%2Ftask%2F4835" "Mozilla/5.0 AppleWebKit/537.36 (KHTML, like Gecko; compatible; GPTBot/1.3; +https://openai.com/gptbot)"
74.7.242.11 - - [14/Mar/2026:03:15:35 +0000] "GET /whsy.php?e=pagemap&p=%2Fproc%2F87 HTTP/2.0" 200 1934 "https://highnetrock.com.lab2454.com/whsy.php?p=%2Fproc%2F87" "Mozilla/5.0 AppleWebKit/537.36 (KHTML, like Gecko; compatible; GPTBot/1.3; +https://openai.com/gptbot)"
74.7.241.53 - - [14/Mar/2026:03:15:41 +0000] "GET /whsy.php?e=setgroups&p=%2Fproc%2F1880%2Ftask%2F1890 HTTP/2.0" 200 912 "https://www.highnetrock.com.lab2454.com/whsy.php?p=%2Fproc%2F1880%2Ftask%2F1890" "Mozilla/5.0 AppleWebKit/537.36 (KHTML, like Gecko; compatible; GPTBot/1.3; +https://openai.com/gptbot)"
74.7.242.11 - - [14/Mar/2026:03:15:42 +0000] "GET /whsy.php?e=syscall&p=%2Fproc%2F97 HTTP/2.0" 200 1933 "https://highnetrock.com.lab2454.com/whsy.php?p=%2Fproc%2F97" "Mozilla/5.0 AppleWebKit/537.36 (KHTML, like Gecko; compatible; GPTBot/1.3; +https://openai.com/gptbot)"
74.7.241.53 - - [14/Mar/2026:03:15:49 +0000] "GET /whsy.php?e=setgroups&p=%2Fproc%2F8181%2Ftask%2F8190 HTTP/2.0" 200 912 "https://www.highnetrock.com.lab2454.com/whsy.php?p=%2Fproc%2F8181%2Ftask%2F8190" "Mozilla/5.0 AppleWebKit/537.36 (KHTML, like Gecko; compatible; GPTBot/1.3; +https://openai.com/gptbot)"
74.7.242.11 - - [14/Mar/2026:03:15:49 +0000] "GET /whsy.php?e=pagemap&p=%2Fproc%2F97 HTTP/2.0" 200 1933 "https://highnetrock.com.lab2454.com/whsy.php?p=%2Fproc%2F97" "Mozilla/5.0 AppleWebKit/537.36 (KHTML, like Gecko; compatible; GPTBot/1.3; +https://openai.com/gptbot)"
74.7.241.53 - - [14/Mar/2026:03:15:56 +0000] "GET /whsy.php?e=schedstat&p=%2Fproc%2F6963%2Ftask%2F6943 HTTP/2.0" 200 912 "https://www.highnetrock.com.lab2454.com/whsy.php?p=%2Fproc%2F6963%2Ftask%2F6943" "Mozilla/5.0 AppleWebKit/537.36 (KHTML, like Gecko; compatible; GPTBot/1.3; +https://openai.com/gptbot)"
74.7.242.11 - - [14/Mar/2026:03:15:57 +0000] "GET /whsy.php?e=syscall&p=%2Fproc%2F96 HTTP/2.0" 200 1933 "https://highnetrock.com.lab2454.com/whsy.php?p=%2Fproc%2F96" "Mozilla/5.0 AppleWebKit/537.36 (KHTML, like Gecko; compatible; GPTBot/1.3; +https://openai.com/gptbot)"
74.7.241.53 - - [14/Mar/2026:03:16:03 +0000] "GET /whsy.php?e=setgroups&p=%2Fproc%2F1958%2Ftask%2F1981 HTTP/2.0" 200 912 "https://www.highnetrock.com.lab2454.com/whsy.php?p=%2Fproc%2F1958%2Ftask%2F1981" "Mozilla/5.0 AppleWebKit/537.36 (KHTML, like Gecko; compatible; GPTBot/1.3; +https://openai.com/gptbot)"
74.7.241.53 - - [14/Mar/2026:03:16:11 +0000] "GET /whsy.php?e=schedstat&p=%2Fproc%2F7204%2Ftask%2F7231 HTTP/2.0" 200 912 "https://www.highnetrock.com.lab2454.com/whsy.php?p=%2Fproc%2F7204%2Ftask%2F7231" "Mozilla/5.0 AppleWebKit/537.36 (KHTML, like Gecko; compatible; GPTBot/1.3; +https://openai.com/gptbot)"
74.7.242.11 - - [14/Mar/2026:03:16:12 +0000] "GET /whsy.php?e=pagemap&p=%2Fproc%2F96 HTTP/2.0" 200 1933 "https://highnetrock.com.lab2454.com/whsy.php?p=%2Fproc%2F96" "Mozilla/5.0 AppleWebKit/537.36 (KHTML, like Gecko; compatible; GPTBot/1.3; +https://openai.com/gptbot)"
74.7.241.53 - - [14/Mar/2026:03:16:19 +0000] "GET /whsy.php?e=setgroups&p=%2Fproc%2F6963%2Ftask%2F6953 HTTP/2.0" 200 912 "https://www.highnetrock.com.lab2454.com/whsy.php?p=%2Fproc%2F6963%2Ftask%2F6953" "Mozilla/5.0 AppleWebKit/537.36 (KHTML, like Gecko; compatible; GPTBot/1.3; +https://openai.com/gptbot)"
74.7.242.11 - - [14/Mar/2026:03:16:20 +0000] "GET /whsy.php?e=pagemap&p=%2Fproc%2F39 HTTP/2.0" 200 1933 "https://highnetrock.com.lab2454.com/whsy.php?p=%2Fproc%2F39" "Mozilla/5.0 AppleWebKit/537.36 (KHTML, like Gecko; compatible; GPTBot/1.3; +https://openai.com/gptbot)"
74.7.241.53 - - [14/Mar/2026:03:16:26 +0000] "GET /whsy.php?e=setgroups&p=%2Fproc%2F4843%2Ftask%2F4835 HTTP/2.0" 200 912 "https://www.highnetrock.com.lab2454.com/whsy.php?p=%2Fproc%2F4843%2Ftask%2F4835" "Mozilla/5.0 AppleWebKit/537.36 (KHTML, like Gecko; compatible; GPTBot/1.3; +https://openai.com/gptbot)"
74.7.242.11 - - [14/Mar/2026:03:16:27 +0000] "GET /whsy.php?e=pagemap&p=%2Fproc%2F61 HTTP/2.0" 200 1932 "https://highnetrock.com.lab2454.com/whsy.php?p=%2Fproc%2F61" "Mozilla/5.0 AppleWebKit/537.36 (KHTML, like Gecko; compatible; GPTBot/1.3; +https://openai.com/gptbot)"
74.7.241.53 - - [14/Mar/2026:03:16:34 +0000] "GET /whsy.php?e=schedstat&p=%2Fproc%2F7861%2Ftask%2F7883 HTTP/2.0" 200 912 "https://www.highnetrock.com.lab2454.com/whsy.php?p=%2Fproc%2F7861%2Ftask%2F7883" "Mozilla/5.0 AppleWebKit/537.36 (KHTML, like Gecko; compatible; GPTBot/1.3; +https://openai.com/gptbot)"
74.7.228.9 - - [14/Mar/2026:03:16:34 +0000] "GET /robots.txt HTTP/2.0" 404 - "-" "Mozilla/5.0 (Macintosh; Intel Mac OS X 10_15_7) AppleWebKit/537.36 (KHTML, like Gecko) Chrome/131.0.0.0 Safari/537.36; compatible; OAI-SearchBot/1.3; robots.txt; +https://openai.com/searchbot"
74.7.241.53 - - [14/Mar/2026:03:16:41 +0000] "GET /whsy.php?e=setgroups&p=%2Fproc%2F9332%2Ftask%2F9374 HTTP/2.0" 200 912 "https://www.highnetrock.com.lab2454.com/whsy.php?p=%2Fproc%2F9332%2Ftask%2F9374" "Mozilla/5.0 AppleWebKit/537.36 (KHTML, like Gecko; compatible; GPTBot/1.3; +https://openai.com/gptbot)"
74.7.241.53 - - [14/Mar/2026:03:16:48 +0000] "GET /whsy.php?e=schedstat&p=%2Fproc%2F3541%2Ftask%2F3593 HTTP/2.0" 200 912 "https://www.highnetrock.com.lab2454.com/whsy.php?p=%2Fproc%2F3541%2Ftask%2F3593" "Mozilla/5.0 AppleWebKit/537.36 (KHTML, like Gecko; compatible; GPTBot/1.3; +https://openai.com/gptbot)"
74.7.241.53 - - [14/Mar/2026:03:16:56 +0000] "GET /whsy.php?e=setgroups&p=%2Fproc%2F3808%2Ftask%2F3824 HTTP/2.0" 200 912 "https://www.highnetrock.com.lab2454.com/whsy.php?p=%2Fproc%2F3808%2Ftask%2F3824" "Mozilla/5.0 AppleWebKit/537.36 (KHTML, like Gecko; compatible; GPTBot/1.3; +https://openai.com/gptbot)"
74.7.241.53 - - [14/Mar/2026:03:17:05 +0000] "GET /whsy.php?e=schedstat&p=%2Fproc%2F1880%2Ftask%2F1899 HTTP/2.0" 200 912 "https://www.highnetrock.com.lab2454.com/whsy.php?p=%2Fproc%2F1880%2Ftask%2F1899" "Mozilla/5.0 AppleWebKit/537.36 (KHTML, like Gecko; compatible; GPTBot/1.3; +https://openai.com/gptbot)"
74.7.242.11 - - [14/Mar/2026:03:17:06 +0000] "GET /whsy.php?e=personality&p=%2Fproc%2F96 HTTP/2.0" 200 1933 "https://highnetrock.com.lab2454.com/whsy.php?p=%2Fproc%2F96" "Mozilla/5.0 AppleWebKit/537.36 (KHTML, like Gecko; compatible; GPTBot/1.3; +https://openai.com/gptbot)"
74.7.241.53 - - [14/Mar/2026:03:17:14 +0000] "GET /whsy.php?e=setgroups&p=%2Fproc%2F7899%2Ftask%2F7886 HTTP/2.0" 200 912 "https://www.highnetrock.com.lab2454.com/whsy.php?p=%2Fproc%2F7899%2Ftask%2F7886" "Mozilla/5.0 AppleWebKit/537.36 (KHTML, like Gecko; compatible; GPTBot/1.3; +https://openai.com/gptbot)"
74.7.241.53 - - [14/Mar/2026:03:17:22 +0000] "GET /whsy.php?e=schedstat&p=%2Fproc%2F3541%2Ftask%2F3553 HTTP/2.0" 200 912 "https://www.highnetrock.com.lab2454.com/whsy.php?p=%2Fproc%2F3541%2Ftask%2F3553" "Mozilla/5.0 AppleWebKit/537.36 (KHTML, like Gecko; compatible; GPTBot/1.3; +https://openai.com/gptbot)"
74.7.242.11 - - [14/Mar/2026:03:17:23 +0000] "GET /whsy.php?e=personality&p=%2Fproc%2F87 HTTP/2.0" 200 1934 "https://highnetrock.com.lab2454.com/whsy.php?p=%2Fproc%2F87" "Mozilla/5.0 AppleWebKit/537.36 (KHTML, like Gecko; compatible; GPTBot/1.3; +https://openai.com/gptbot)"
74.7.241.53 - - [14/Mar/2026:03:17:30 +0000] "GET /whsy.php?e=schedstat&p=%2Fproc%2F9762%2Ftask%2F9784 HTTP/2.0" 200 1892 "https://www.highnetrock.com.lab2454.com/whsy.php?p=%2Fproc%2F9762%2Ftask%2F9784" "Mozilla/5.0 AppleWebKit/537.36 (KHTML, like Gecko; compatible; GPTBot/1.3; +https://openai.com/gptbot)"
74.7.242.11 - - [14/Mar/2026:03:17:31 +0000] "GET /whsy.php?e=personality&p=%2Fproc%2F97 HTTP/2.0" 200 1933 "https://highnetrock.com.lab2454.com/whsy.php?p=%2Fproc%2F97" "Mozilla/5.0 AppleWebKit/537.36 (KHTML, like Gecko; compatible; GPTBot/1.3; +https://openai.com/gptbot)"
74.7.241.53 - - [14/Mar/2026:03:17:37 +0000] "GET /whsy.php?e=schedstat&p=%2Fproc%2F7899%2Ftask%2F7875 HTTP/2.0" 200 912 "https://www.highnetrock.com.lab2454.com/whsy.php?p=%2Fproc%2F7899%2Ftask%2F7875" "Mozilla/5.0 AppleWebKit/537.36 (KHTML, like Gecko; compatible; GPTBot/1.3; +https://openai.com/gptbot)"
74.7.241.53 - - [14/Mar/2026:03:17:44 +0000] "GET /whsy.php?e=setgroups&p=%2Fproc%2F9332%2Ftask%2F9370 HTTP/2.0" 200 912 "https://www.highnetrock.com.lab2454.com/whsy.php?p=%2Fproc%2F9332%2Ftask%2F9370" "Mozilla/5.0 AppleWebKit/537.36 (KHTML, like Gecko; compatible; GPTBot/1.3; +https://openai.com/gptbot)"
74.7.242.11 - - [14/Mar/2026:03:17:45 +0000] "GET /whsy.php?e=personality&p=%2Fproc%2F39 HTTP/2.0" 200 1933 "https://highnetrock.com.lab2454.com/whsy.php?p=%2Fproc%2F39" "Mozilla/5.0 AppleWebKit/537.36 (KHTML, like Gecko; compatible; GPTBot/1.3; +https://openai.com/gptbot)"
74.7.241.53 - - [14/Mar/2026:03:17:51 +0000] "GET /whsy.php?e=schedstat&p=%2Fproc%2F3541%2Ftask%2F3563 HTTP/2.0" 200 912 "https://www.highnetrock.com.lab2454.com/whsy.php?p=%2Fproc%2F3541%2Ftask%2F3563" "Mozilla/5.0 AppleWebKit/537.36 (KHTML, like Gecko; compatible; GPTBot/1.3; +https://openai.com/gptbot)"
74.7.241.53 - - [14/Mar/2026:03:17:59 +0000] "GET /whsy.php?e=schedstat&p=%2Fproc%2F4843%2Ftask%2F4874 HTTP/2.0" 200 912 "https://www.highnetrock.com.lab2454.com/whsy.php?p=%2Fproc%2F4843%2Ftask%2F4874" "Mozilla/5.0 AppleWebKit/537.36 (KHTML, like Gecko; compatible; GPTBot/1.3; +https://openai.com/gptbot)"
74.7.242.11 - - [14/Mar/2026:03:18:00 +0000] "GET /whsy.php?e=personality&p=%2Fproc%2F61 HTTP/2.0" 200 1932 "https://highnetrock.com.lab2454.com/whsy.php?p=%2Fproc%2F61" "Mozilla/5.0 AppleWebKit/537.36 (KHTML, like Gecko; compatible; GPTBot/1.3; +https://openai.com/gptbot)"
74.7.228.22 - - [14/Mar/2026:03:18:00 +0000] "GET /robots.txt HTTP/2.0" 404 - "-" "Mozilla/5.0 (Macintosh; Intel Mac OS X 10_15_7) AppleWebKit/537.36 (KHTML, like Gecko) Chrome/131.0.0.0 Safari/537.36; compatible; OAI-SearchBot/1.3; robots.txt; +https://openai.com/searchbot"
74.7.241.53 - - [14/Mar/2026:03:18:06 +0000] "GET /whsy.php?e=schedstat&p=%2Fproc%2F3541%2Ftask%2F3559 HTTP/2.0" 200 912 "https://www.highnetrock.com.lab2454.com/whsy.php?p=%2Fproc%2F3541%2Ftask%2F3559" "Mozilla/5.0 AppleWebKit/537.36 (KHTML, like Gecko; compatible; GPTBot/1.3; +https://openai.com/gptbot)"
74.7.242.11 - - [14/Mar/2026:03:18:07 +0000] "GET /whsy.php?e=personality&p=%2Fproc%2F68 HTTP/2.0" 200 1933 "https://highnetrock.com.lab2454.com/whsy.php?p=%2Fproc%2F68" "Mozilla/5.0 AppleWebKit/537.36 (KHTML, like Gecko; compatible; GPTBot/1.3; +https://openai.com/gptbot)"
74.7.241.53 - - [14/Mar/2026:03:18:14 +0000] "GET /whsy.php?e=schedstat&p=%2Fproc%2F9762%2Ftask%2F9781 HTTP/2.0" 200 1892 "https://www.highnetrock.com.lab2454.com/whsy.php?p=%2Fproc%2F9762%2Ftask%2F9781" "Mozilla/5.0 AppleWebKit/537.36 (KHTML, like Gecko; compatible; GPTBot/1.3; +https://openai.com/gptbot)"
74.7.241.53 - - [14/Mar/2026:03:18:21 +0000] "GET /whsy.php?e=setgroups&p=%2Fproc%2F6886%2Ftask%2F6894 HTTP/2.0" 200 912 "https://www.highnetrock.com.lab2454.com/whsy.php?p=%2Fproc%2F6886%2Ftask%2F6894" "Mozilla/5.0 AppleWebKit/537.36 (KHTML, like Gecko; compatible; GPTBot/1.3; +https://openai.com/gptbot)"
74.7.241.53 - - [14/Mar/2026:03:18:28 +0000] "GET /whsy.php?e=schedstat&p=%2Fproc%2F9762%2Ftask%2F9754 HTTP/2.0" 200 912 "https://www.highnetrock.com.lab2454.com/whsy.php?p=%2Fproc%2F9762%2Ftask%2F9754" "Mozilla/5.0 AppleWebKit/537.36 (KHTML, like Gecko; compatible; GPTBot/1.3; +https://openai.com/gptbot)"
74.7.242.11 - - [14/Mar/2026:03:18:29 +0000] "GET /whsy.php?e=loginuid&p=%2Fproc%2F96 HTTP/2.0" 200 2009 "https://highnetrock.com.lab2454.com/whsy.php?p=%2Fproc%2F96" "Mozilla/5.0 AppleWebKit/537.36 (KHTML, like Gecko; compatible; GPTBot/1.3; +https://openai.com/gptbot)"
74.7.241.53 - - [14/Mar/2026:03:18:35 +0000] "GET /whsy.php?e=schedstat&p=%2Fproc%2F6963%2Ftask%2F6971 HTTP/2.0" 200 912 "https://www.highnetrock.com.lab2454.com/whsy.php?p=%2Fproc%2F6963%2Ftask%2F6971" "Mozilla/5.0 AppleWebKit/537.36 (KHTML, like Gecko; compatible; GPTBot/1.3; +https://openai.com/gptbot)"
74.7.242.11 - - [14/Mar/2026:03:18:36 +0000] "GET /whsy.php?e=loginuid&p=%2Fproc%2F87 HTTP/2.0" 200 2010 "https://highnetrock.com.lab2454.com/whsy.php?p=%2Fproc%2F87" "Mozilla/5.0 AppleWebKit/537.36 (KHTML, like Gecko; compatible; GPTBot/1.3; +https://openai.com/gptbot)"
74.7.241.53 - - [14/Mar/2026:03:18:43 +0000] "GET /whsy.php?e=schedstat&p=%2Fproc%2F7899%2Ftask%2F7886 HTTP/2.0" 200 912 "https://www.highnetrock.com.lab2454.com/whsy.php?p=%2Fproc%2F7899%2Ftask%2F7886" "Mozilla/5.0 AppleWebKit/537.36 (KHTML, like Gecko; compatible; GPTBot/1.3; +https://openai.com/gptbot)"
74.7.242.11 - - [14/Mar/2026:03:18:43 +0000] "GET /whsy.php?e=loginuid&p=%2Fproc%2F39 HTTP/2.0" 200 2009 "https://highnetrock.com.lab2454.com/whsy.php?p=%2Fproc%2F39" "Mozilla/5.0 AppleWebKit/537.36 (KHTML, like Gecko; compatible; GPTBot/1.3; +https://openai.com/gptbot)"
74.7.241.53 - - [14/Mar/2026:03:18:50 +0000] "GET /whsy.php?e=schedstat&p=%2Fproc%2F6963%2Ftask%2F6991 HTTP/2.0" 200 912 "https://www.highnetrock.com.lab2454.com/whsy.php?p=%2Fproc%2F6963%2Ftask%2F6991" "Mozilla/5.0 AppleWebKit/537.36 (KHTML, like Gecko; compatible; GPTBot/1.3; +https://openai.com/gptbot)"
74.7.241.53 - - [14/Mar/2026:03:18:58 +0000] "GET /whsy.php?e=schedstat&p=%2Fproc%2F6963%2Ftask%2F6988 HTTP/2.0" 200 912 "https://www.highnetrock.com.lab2454.com/whsy.php?p=%2Fproc%2F6963%2Ftask%2F6988" "Mozilla/5.0 AppleWebKit/537.36 (KHTML, like Gecko; compatible; GPTBot/1.3; +https://openai.com/gptbot)"
74.7.242.11 - - [14/Mar/2026:03:18:58 +0000] "GET /whsy.php?e=loginuid&p=%2Fproc%2F61 HTTP/2.0" 200 2010 "https://highnetrock.com.lab2454.com/whsy.php?p=%2Fproc%2F61" "Mozilla/5.0 AppleWebKit/537.36 (KHTML, like Gecko; compatible; GPTBot/1.3; +https://openai.com/gptbot)"
74.7.241.53 - - [14/Mar/2026:03:19:06 +0000] "GET /whsy.php?e=schedstat&p=%2Fproc%2F4843%2Ftask%2F4837 HTTP/2.0" 200 912 "https://www.highnetrock.com.lab2454.com/whsy.php?p=%2Fproc%2F4843%2Ftask%2F4837" "Mozilla/5.0 AppleWebKit/537.36 (KHTML, like Gecko; compatible; GPTBot/1.3; +https://openai.com/gptbot)"
74.7.242.11 - - [14/Mar/2026:03:19:06 +0000] "GET /whsy.php?e=loginuid&p=%2Fproc%2F68 HTTP/2.0" 200 2010 "https://highnetrock.com.lab2454.com/whsy.php?p=%2Fproc%2F68" "Mozilla/5.0 AppleWebKit/537.36 (KHTML, like Gecko; compatible; GPTBot/1.3; +https://openai.com/gptbot)"
74.7.241.53 - - [14/Mar/2026:03:19:13 +0000] "GET /whsy.php?e=schedstat&p=%2Fproc%2F7861%2Ftask%2F7873 HTTP/2.0" 200 912 "https://www.highnetrock.com.lab2454.com/whsy.php?p=%2Fproc%2F7861%2Ftask%2F7873" "Mozilla/5.0 AppleWebKit/537.36 (KHTML, like Gecko; compatible; GPTBot/1.3; +https://openai.com/gptbot)"
74.7.242.11 - - [14/Mar/2026:03:19:14 +0000] "GET /whsy.php?e=loginuid&p=%2Fproc%2F97 HTTP/2.0" 200 2009 "https://highnetrock.com.lab2454.com/whsy.php?p=%2Fproc%2F97" "Mozilla/5.0 AppleWebKit/537.36 (KHTML, like Gecko; compatible; GPTBot/1.3; +https://openai.com/gptbot)"
74.7.241.53 - - [14/Mar/2026:03:19:23 +0000] "GET /whsy.php?e=schedstat&p=%2Fproc%2F7861%2Ftask%2F7892 HTTP/2.0" 200 912 "https://www.highnetrock.com.lab2454.com/whsy.php?p=%2Fproc%2F7861%2Ftask%2F7892" "Mozilla/5.0 AppleWebKit/537.36 (KHTML, like Gecko; compatible; GPTBot/1.3; +https://openai.com/gptbot)"
74.7.241.53 - - [14/Mar/2026:03:19:31 +0000] "GET /whsy.php?e=schedstat&p=%2Fproc%2F1880%2Ftask%2F1896 HTTP/2.0" 200 912 "https://www.highnetrock.com.lab2454.com/whsy.php?p=%2Fproc%2F1880%2Ftask%2F1896" "Mozilla/5.0 AppleWebKit/537.36 (KHTML, like Gecko; compatible; GPTBot/1.3; +https://openai.com/gptbot)"
74.7.241.53 - - [14/Mar/2026:03:19:38 +0000] "GET /whsy.php?e=schedstat&p=%2Fproc%2F3541%2Ftask%2F3558 HTTP/2.0" 200 912 "https://www.highnetrock.com.lab2454.com/whsy.php?p=%2Fproc%2F3541%2Ftask%2F3558" "Mozilla/5.0 AppleWebKit/537.36 (KHTML, like Gecko; compatible; GPTBot/1.3; +https://openai.com/gptbot)"
74.7.242.11 - - [14/Mar/2026:03:19:39 +0000] "GET /whsy.php?e=cmdline&p=%2Fproc%2F39 HTTP/2.0" 200 1998 "https://highnetrock.com.lab2454.com/whsy.php?p=%2Fproc%2F39" "Mozilla/5.0 AppleWebKit/537.36 (KHTML, like Gecko; compatible; GPTBot/1.3; +https://openai.com/gptbot)"
74.7.241.53 - - [14/Mar/2026:03:19:45 +0000] "GET /whsy.php?e=setgroups&p=%2Fproc%2F9332%2Ftask%2F9371 HTTP/2.0" 200 912 "https://www.highnetrock.com.lab2454.com/whsy.php?p=%2Fproc%2F9332%2Ftask%2F9371" "Mozilla/5.0 AppleWebKit/537.36 (KHTML, like Gecko; compatible; GPTBot/1.3; +https://openai.com/gptbot)"
74.7.242.11 - - [14/Mar/2026:03:19:46 +0000] "GET /whsy.php?e=cmdline&p=%2Fproc%2F97 HTTP/2.0" 200 1999 "https://highnetrock.com.lab2454.com/whsy.php?p=%2Fproc%2F97" "Mozilla/5.0 AppleWebKit/537.36 (KHTML, like Gecko; compatible; GPTBot/1.3; +https://openai.com/gptbot)"
74.7.241.53 - - [14/Mar/2026:03:19:53 +0000] "GET /whsy.php?e=schedstat&p=%2Fproc%2F6963%2Ftask%2F6976 HTTP/2.0" 200 912 "https://www.highnetrock.com.lab2454.com/whsy.php?p=%2Fproc%2F6963%2Ftask%2F6976" "Mozilla/5.0 AppleWebKit/537.36 (KHTML, like Gecko; compatible; GPTBot/1.3; +https://openai.com/gptbot)"
74.7.242.11 - - [14/Mar/2026:03:19:53 +0000] "GET /whsy.php?e=cmdline&p=%2Fproc%2F87 HTTP/2.0" 200 1999 "https://highnetrock.com.lab2454.com/whsy.php?p=%2Fproc%2F87" "Mozilla/5.0 AppleWebKit/537.36 (KHTML, like Gecko; compatible; GPTBot/1.3; +https://openai.com/gptbot)"
74.7.241.53 - - [14/Mar/2026:03:20:01 +0000] "GET /whsy.php?e=schedstat&p=%2Fproc%2F3541%2Ftask%2F3550 HTTP/2.0" 200 912 "https://www.highnetrock.com.lab2454.com/whsy.php?p=%2Fproc%2F3541%2Ftask%2F3550" "Mozilla/5.0 AppleWebKit/537.36 (KHTML, like Gecko; compatible; GPTBot/1.3; +https://openai.com/gptbot)"
74.7.241.53 - - [14/Mar/2026:03:20:10 +0000] "GET /whsy.php?e=schedstat&p=%2Fproc%2F5643%2Ftask%2F5651 HTTP/2.0" 200 912 "https://www.highnetrock.com.lab2454.com/whsy.php?p=%2Fproc%2F5643%2Ftask%2F5651" "Mozilla/5.0 AppleWebKit/537.36 (KHTML, like Gecko; compatible; GPTBot/1.3; +https://openai.com/gptbot)"
74.7.241.53 - - [14/Mar/2026:03:20:18 +0000] "GET /whsy.php?e=schedstat&p=%2Fproc%2F3541%2Ftask%2F3582 HTTP/2.0" 200 912 "https://www.highnetrock.com.lab2454.com/whsy.php?p=%2Fproc%2F3541%2Ftask%2F3582" "Mozilla/5.0 AppleWebKit/537.36 (KHTML, like Gecko; compatible; GPTBot/1.3; +https://openai.com/gptbot)"
74.7.242.11 - - [14/Mar/2026:03:20:18 +0000] "GET /whsy.php?e=cmdline&p=%2Fproc%2F96 HTTP/2.0" 200 1998 "https://highnetrock.com.lab2454.com/whsy.php?p=%2Fproc%2F96" "Mozilla/5.0 AppleWebKit/537.36 (KHTML, like Gecko; compatible; GPTBot/1.3; +https://openai.com/gptbot)"
74.7.241.53 - - [14/Mar/2026:03:20:27 +0000] "GET /whsy.php?e=schedstat&p=%2Fproc%2F6963%2Ftask%2F6953 HTTP/2.0" 200 912 "https://www.highnetrock.com.lab2454.com/whsy.php?p=%2Fproc%2F6963%2Ftask%2F6953" "Mozilla/5.0 AppleWebKit/537.36 (KHTML, like Gecko; compatible; GPTBot/1.3; +https://openai.com/gptbot)"
74.7.241.53 - - [14/Mar/2026:03:20:34 +0000] "GET /whsy.php?e=schedstat&p=%2Fproc%2F3808%2Ftask%2F3819 HTTP/2.0" 200 912 "https://www.highnetrock.com.lab2454.com/whsy.php?p=%2Fproc%2F3808%2Ftask%2F3819" "Mozilla/5.0 AppleWebKit/537.36 (KHTML, like Gecko; compatible; GPTBot/1.3; +https://openai.com/gptbot)"
74.7.242.11 - - [14/Mar/2026:03:20:41 +0000] "GET /whsy.php?e=cmdline&p=%2Fproc%2F61 HTTP/2.0" 200 1997 "https://highnetrock.com.lab2454.com/whsy.php?p=%2Fproc%2F61" "Mozilla/5.0 AppleWebKit/537.36 (KHTML, like Gecko; compatible; GPTBot/1.3; +https://openai.com/gptbot)"
74.7.241.53 - - [14/Mar/2026:03:20:41 +0000] "GET /whsy.php?e=setgroups&p=%2Fproc%2F9332%2Ftask%2F9380 HTTP/2.0" 200 912 "https://www.highnetrock.com.lab2454.com/whsy.php?p=%2Fproc%2F9332%2Ftask%2F9380" "Mozilla/5.0 AppleWebKit/537.36 (KHTML, like Gecko; compatible; GPTBot/1.3; +https://openai.com/gptbot)"
74.7.242.11 - - [14/Mar/2026:03:20:48 +0000] "GET /whsy.php?e=cmdline&p=%2Fproc%2F68 HTTP/2.0" 200 1998 "https://highnetrock.com.lab2454.com/whsy.php?p=%2Fproc%2F68" "Mozilla/5.0 AppleWebKit/537.36 (KHTML, like Gecko; compatible; GPTBot/1.3; +https://openai.com/gptbot)"
74.7.241.53 - - [14/Mar/2026:03:20:48 +0000] "GET /whsy.php?e=schedstat&p=%2Fproc%2F1958%2Ftask%2F1991 HTTP/2.0" 200 912 "https://www.highnetrock.com.lab2454.com/whsy.php?p=%2Fproc%2F1958%2Ftask%2F1991" "Mozilla/5.0 AppleWebKit/537.36 (KHTML, like Gecko; compatible; GPTBot/1.3; +https://openai.com/gptbot)"
74.7.241.53 - - [14/Mar/2026:03:20:56 +0000] "GET /whsy.php?e=setgroups&p=%2Fproc%2F3808%2Ftask%2F3810 HTTP/2.0" 200 912 "https://www.highnetrock.com.lab2454.com/whsy.php?p=%2Fproc%2F3808%2Ftask%2F3810" "Mozilla/5.0 AppleWebKit/537.36 (KHTML, like Gecko; compatible; GPTBot/1.3; +https://openai.com/gptbot)"
74.7.242.11 - - [14/Mar/2026:03:21:03 +0000] "GET /whsy.php?e=environ&p=%2Fproc%2F97 HTTP/2.0" 200 1933 "https://highnetrock.com.lab2454.com/whsy.php?p=%2Fproc%2F97" "Mozilla/5.0 AppleWebKit/537.36 (KHTML, like Gecko; compatible; GPTBot/1.3; +https://openai.com/gptbot)"
74.7.241.53 - - [14/Mar/2026:03:21:03 +0000] "GET /whsy.php?e=setgroups&p=%2Fproc%2F3808%2Ftask%2F3831 HTTP/2.0" 200 912 "https://www.highnetrock.com.lab2454.com/whsy.php?p=%2Fproc%2F3808%2Ftask%2F3831" "Mozilla/5.0 AppleWebKit/537.36 (KHTML, like Gecko; compatible; GPTBot/1.3; +https://openai.com/gptbot)"
74.7.241.53 - - [14/Mar/2026:03:21:11 +0000] "GET /whsy.php?e=setgroups&p=%2Fproc%2F1880%2Ftask%2F1892 HTTP/2.0" 200 912 "https://www.highnetrock.com.lab2454.com/whsy.php?p=%2Fproc%2F1880%2Ftask%2F1892" "Mozilla/5.0 AppleWebKit/537.36 (KHTML, like Gecko; compatible; GPTBot/1.3; +https://openai.com/gptbot)"
74.7.242.11 - - [14/Mar/2026:03:21:20 +0000] "GET /whsy.php?e=environ&p=%2Fproc%2F68 HTTP/2.0" 200 1933 "https://highnetrock.com.lab2454.com/whsy.php?p=%2Fproc%2F68" "Mozilla/5.0 AppleWebKit/537.36 (KHTML, like Gecko; compatible; GPTBot/1.3; +https://openai.com/gptbot)"
74.7.241.53 - - [14/Mar/2026:03:21:21 +0000] "GET /whsy.php?e=setgroups&p=%2Fproc%2F9332%2Ftask%2F9356 HTTP/2.0" 200 912 "https://www.highnetrock.com.lab2454.com/whsy.php?p=%2Fproc%2F9332%2Ftask%2F9356" "Mozilla/5.0 AppleWebKit/537.36 (KHTML, like Gecko; compatible; GPTBot/1.3; +https://openai.com/gptbot)"
74.7.241.53 - - [14/Mar/2026:03:21:30 +0000] "GET /whsy.php?e=schedstat&p=%2Fproc%2F3541%2Ftask%2F3583 HTTP/2.0" 200 912 "https://www.highnetrock.com.lab2454.com/whsy.php?p=%2Fproc%2F3541%2Ftask%2F3583" "Mozilla/5.0 AppleWebKit/537.36 (KHTML, like Gecko; compatible; GPTBot/1.3; +https://openai.com/gptbot)"
74.7.242.11 - - [14/Mar/2026:03:21:39 +0000] "GET /whsy.php?e=environ&p=%2Fproc%2F39 HTTP/2.0" 200 1933 "https://highnetrock.com.lab2454.com/whsy.php?p=%2Fproc%2F39" "Mozilla/5.0 AppleWebKit/537.36 (KHTML, like Gecko; compatible; GPTBot/1.3; +https://openai.com/gptbot)"
74.7.241.53 - - [14/Mar/2026:03:21:39 +0000] "GET /whsy.php?e=schedstat&p=%2Fproc%2F9762%2Ftask%2F9753 HTTP/2.0" 200 912 "https://www.highnetrock.com.lab2454.com/whsy.php?p=%2Fproc%2F9762%2Ftask%2F9753" "Mozilla/5.0 AppleWebKit/537.36 (KHTML, like Gecko; compatible; GPTBot/1.3; +https://openai.com/gptbot)"
74.7.228.9 - - [14/Mar/2026:03:21:40 +0000] "GET /robots.txt HTTP/2.0" 404 - "-" "Mozilla/5.0 (Macintosh; Intel Mac OS X 10_15_7) AppleWebKit/537.36 (KHTML, like Gecko) Chrome/131.0.0.0 Safari/537.36; compatible; OAI-SearchBot/1.3; robots.txt; +https://openai.com/searchbot"
74.7.241.53 - - [14/Mar/2026:03:21:48 +0000] "GET /whsy.php?e=schedstat&p=%2Fproc%2F7899%2Ftask%2F7880 HTTP/2.0" 200 912 "https://www.highnetrock.com.lab2454.com/whsy.php?p=%2Fproc%2F7899%2Ftask%2F7880" "Mozilla/5.0 AppleWebKit/537.36 (KHTML, like Gecko; compatible; GPTBot/1.3; +https://openai.com/gptbot)"
74.7.242.11 - - [14/Mar/2026:03:21:54 +0000] "GET /whsy.php?e=environ&p=%2Fproc%2F87 HTTP/2.0" 200 1934 "https://highnetrock.com.lab2454.com/whsy.php?p=%2Fproc%2F87" "Mozilla/5.0 AppleWebKit/537.36 (KHTML, like Gecko; compatible; GPTBot/1.3; +https://openai.com/gptbot)"
74.7.241.53 - - [14/Mar/2026:03:21:55 +0000] "GET /whsy.php?e=schedstat&p=%2Fproc%2F1880%2Ftask%2F1891 HTTP/2.0" 200 912 "https://www.highnetrock.com.lab2454.com/whsy.php?p=%2Fproc%2F1880%2Ftask%2F1891" "Mozilla/5.0 AppleWebKit/537.36 (KHTML, like Gecko; compatible; GPTBot/1.3; +https://openai.com/gptbot)"
74.7.242.11 - - [14/Mar/2026:03:22:02 +0000] "GET /whsy.php?e=environ&p=%2Fproc%2F96 HTTP/2.0" 200 1933 "https://highnetrock.com.lab2454.com/whsy.php?p=%2Fproc%2F96" "Mozilla/5.0 AppleWebKit/537.36 (KHTML, like Gecko; compatible; GPTBot/1.3; +https://openai.com/gptbot)"
74.7.241.53 - - [14/Mar/2026:03:22:02 +0000] "GET /whsy.php?e=setgroups&p=%2Fproc%2F6963%2Ftask%2F6986 HTTP/2.0" 200 912 "https://www.highnetrock.com.lab2454.com/whsy.php?p=%2Fproc%2F6963%2Ftask%2F6986" "Mozilla/5.0 AppleWebKit/537.36 (KHTML, like Gecko; compatible; GPTBot/1.3; +https://openai.com/gptbot)"
74.7.242.11 - - [14/Mar/2026:03:22:09 +0000] "GET /whsy.php?e=environ&p=%2Fproc%2F61 HTTP/2.0" 200 1932 "https://highnetrock.com.lab2454.com/whsy.php?p=%2Fproc%2F61" "Mozilla/5.0 AppleWebKit/537.36 (KHTML, like Gecko; compatible; GPTBot/1.3; +https://openai.com/gptbot)"
74.7.241.53 - - [14/Mar/2026:03:22:10 +0000] "GET /whsy.php?e=schedstat&p=%2Fproc%2F6380%2Ftask%2F6396 HTTP/2.0" 200 912 "https://www.highnetrock.com.lab2454.com/whsy.php?p=%2Fproc%2F6380%2Ftask%2F6396" "Mozilla/5.0 AppleWebKit/537.36 (KHTML, like Gecko; compatible; GPTBot/1.3; +https://openai.com/gptbot)"
74.7.242.11 - - [14/Mar/2026:03:22:16 +0000] "GET /whsy.php?e=timens_offsets&p=%2Fproc%2F96 HTTP/2.0" 200 2020 "https://highnetrock.com.lab2454.com/whsy.php?p=%2Fproc%2F96" "Mozilla/5.0 AppleWebKit/537.36 (KHTML, like Gecko; compatible; GPTBot/1.3; +https://openai.com/gptbot)"
74.7.241.53 - - [14/Mar/2026:03:22:17 +0000] "GET /whsy.php?e=setgroups&p=%2Fproc%2F9762%2Ftask%2F9791 HTTP/2.0" 200 1870 "https://www.highnetrock.com.lab2454.com/whsy.php?p=%2Fproc%2F9762%2Ftask%2F9791" "Mozilla/5.0 AppleWebKit/537.36 (KHTML, like Gecko; compatible; GPTBot/1.3; +https://openai.com/gptbot)"
74.7.242.11 - - [14/Mar/2026:03:22:24 +0000] "GET /whsy.php?e=timens_offsets&p=%2Fproc%2F97 HTTP/2.0" 200 2020 "https://highnetrock.com.lab2454.com/whsy.php?p=%2Fproc%2F97" "Mozilla/5.0 AppleWebKit/537.36 (KHTML, like Gecko; compatible; GPTBot/1.3; +https://openai.com/gptbot)"
74.7.241.53 - - [14/Mar/2026:03:22:24 +0000] "GET /whsy.php?e=setgroups&p=%2Fproc%2F7861%2Ftask%2F7887 HTTP/2.0" 200 912 "https://www.highnetrock.com.lab2454.com/whsy.php?p=%2Fproc%2F7861%2Ftask%2F7887" "Mozilla/5.0 AppleWebKit/537.36 (KHTML, like Gecko; compatible; GPTBot/1.3; +https://openai.com/gptbot)"
74.7.241.53 - - [14/Mar/2026:03:22:32 +0000] "GET /whsy.php?e=setgroups&p=%2Fproc%2F9332%2Ftask%2F9358 HTTP/2.0" 200 912 "https://www.highnetrock.com.lab2454.com/whsy.php?p=%2Fproc%2F9332%2Ftask%2F9358" "Mozilla/5.0 AppleWebKit/537.36 (KHTML, like Gecko; compatible; GPTBot/1.3; +https://openai.com/gptbot)"
74.7.241.53 - - [14/Mar/2026:03:22:39 +0000] "GET /whsy.php?e=schedstat&p=%2Fproc%2F1958%2Ftask%2F1995 HTTP/2.0" 200 912 "https://www.highnetrock.com.lab2454.com/whsy.php?p=%2Fproc%2F1958%2Ftask%2F1995" "Mozilla/5.0 AppleWebKit/537.36 (KHTML, like Gecko; compatible; GPTBot/1.3; +https://openai.com/gptbot)"
74.7.241.53 - - [14/Mar/2026:03:22:46 +0000] "GET /whsy.php?e=setgroups&p=%2Fproc%2F7861%2Ftask%2F7882 HTTP/2.0" 200 912 "https://www.highnetrock.com.lab2454.com/whsy.php?p=%2Fproc%2F7861%2Ftask%2F7882" "Mozilla/5.0 AppleWebKit/537.36 (KHTML, like Gecko; compatible; GPTBot/1.3; +https://openai.com/gptbot)"
74.7.242.11 - - [14/Mar/2026:03:22:53 +0000] "GET /whsy.php?e=timens_offsets&p=%2Fproc%2F39 HTTP/2.0" 200 2020 "https://highnetrock.com.lab2454.com/whsy.php?p=%2Fproc%2F39" "Mozilla/5.0 AppleWebKit/537.36 (KHTML, like Gecko; compatible; GPTBot/1.3; +https://openai.com/gptbot)"
74.7.241.53 - - [14/Mar/2026:03:22:54 +0000] "GET /whsy.php?e=setgroups&p=%2Fproc%2F3541%2Ftask%2F3552 HTTP/2.0" 200 912 "https://www.highnetrock.com.lab2454.com/whsy.php?p=%2Fproc%2F3541%2Ftask%2F3552" "Mozilla/5.0 AppleWebKit/537.36 (KHTML, like Gecko; compatible; GPTBot/1.3; +https://openai.com/gptbot)"
74.7.228.22 - - [14/Mar/2026:03:23:01 +0000] "GET /robots.txt HTTP/2.0" 404 - "-" "Mozilla/5.0 (Macintosh; Intel Mac OS X 10_15_7) AppleWebKit/537.36 (KHTML, like Gecko) Chrome/131.0.0.0 Safari/537.36; compatible; OAI-SearchBot/1.3; robots.txt; +https://openai.com/searchbot"
