74.7.242.27 - - [13/Mar/2026:19:53:21 +0000] "GET /whsy.php?e=cwd&p=%2Fproc%2F11012 HTTP/2.0" 200 912 "https://highnetrock.com.lab2454.com/whsy.php?p=%2Fproc%2F11012" "Mozilla/5.0 AppleWebKit/537.36 (KHTML, like Gecko; compatible; GPTBot/1.3; +https://openai.com/gptbot)"
74.7.243.203 - - [13/Mar/2026:19:53:21 +0000] "GET /whsy.php?e=COPYING&p=%2Fusr%2Fshare%2Fdoc%2Fwhois-5.1.1 HTTP/2.0" 200 7712 "https://www.highnetrock.com.lab2454.com/whsy.php?p=%2Fusr%2Fshare%2Fdoc%2Fwhois-5.1.1" "Mozilla/5.0 AppleWebKit/537.36 (KHTML, like Gecko; compatible; GPTBot/1.3; +https://openai.com/gptbot)"
74.7.242.27 - - [13/Mar/2026:19:53:28 +0000] "GET /whsy.php?e=ksm_stat&p=%2Fproc%2F24090 HTTP/2.0" 200 912 "https://highnetrock.com.lab2454.com/whsy.php?p=%2Fproc%2F24090" "Mozilla/5.0 AppleWebKit/537.36 (KHTML, like Gecko; compatible; GPTBot/1.3; +https://openai.com/gptbot)"
74.7.243.203 - - [13/Mar/2026:19:53:29 +0000] "GET /whsy.php?e=awstats052024.argowells.com.lab2454.com.txt&p=%2Fhome%2Flab2454c%2Ftmp%2Fawstats HTTP/2.0" 200 136689 "https://www.highnetrock.com.lab2454.com/whsy.php?e=awstats062023.cbmindex.com.lab2454.com.txt&p=%2Fhome%2Flab2454c%2Ftmp%2Fawstats" "Mozilla/5.0 AppleWebKit/537.36 (KHTML, like Gecko; compatible; GPTBot/1.3; +https://openai.com/gptbot)"
74.7.242.27 - - [13/Mar/2026:19:53:35 +0000] "GET /whsy.php?e=ksm_stat&p=%2Fproc%2F26306 HTTP/2.0" 200 912 "https://highnetrock.com.lab2454.com/whsy.php?p=%2Fproc%2F26306" "Mozilla/5.0 AppleWebKit/537.36 (KHTML, like Gecko; compatible; GPTBot/1.3; +https://openai.com/gptbot)"
74.7.243.203 - - [13/Mar/2026:19:53:36 +0000] "GET /whsy.php?e=CHANGELOG.md&p=%2Fhome%2Flab2454c%2Fsothebankuab.com%2Fwp-content%2Fplugins%2Fjetpack%2Fvendor%2Fautomattic%2Fjetpack-backup HTTP/2.0" 200 1488 "https://www.highnetrock.com.lab2454.com/whsy.php?p=%2Fhome%2Flab2454c%2Fsothebankuab.com%2Fwp-content%2Fplugins%2Fjetpack%2Fvendor%2Fautomattic%2Fjetpack-backup" "Mozilla/5.0 AppleWebKit/537.36 (KHTML, like Gecko; compatible; GPTBot/1.3; +https://openai.com/gptbot)"
74.7.242.27 - - [13/Mar/2026:19:53:43 +0000] "GET /whsy.php?e=ksm_stat&p=%2Fproc%2F11031 HTTP/2.0" 200 912 "https://highnetrock.com.lab2454.com/whsy.php?p=%2Fproc%2F11031" "Mozilla/5.0 AppleWebKit/537.36 (KHTML, like Gecko; compatible; GPTBot/1.3; +https://openai.com/gptbot)"
74.7.243.203 - - [13/Mar/2026:19:53:43 +0000] "GET /whsy.php?e=SECURITY.md&p=%2Fhome%2Flab2454c%2Fsothebankuab.com%2Fwp-content%2Fplugins%2Fjetpack%2Fvendor%2Fautomattic%2Fjetpack-partner HTTP/2.0" 200 2052 "https://www.highnetrock.com.lab2454.com/whsy.php?p=%2Fhome%2Flab2454c%2Fsothebankuab.com%2Fwp-content%2Fplugins%2Fjetpack%2Fvendor%2Fautomattic%2Fjetpack-partner" "Mozilla/5.0 AppleWebKit/537.36 (KHTML, like Gecko; compatible; GPTBot/1.3; +https://openai.com/gptbot)"
74.7.242.27 - - [13/Mar/2026:19:53:52 +0000] "GET /whsy.php?e=ksm_stat&p=%2Fproc%2F15535 HTTP/2.0" 200 912 "https://highnetrock.com.lab2454.com/whsy.php?p=%2Fproc%2F15535" "Mozilla/5.0 AppleWebKit/537.36 (KHTML, like Gecko; compatible; GPTBot/1.3; +https://openai.com/gptbot)"
74.7.243.203 - - [13/Mar/2026:19:53:53 +0000] "GET /whsy.php?e=CHANGELOG.md&p=%2Fhome%2Flab2454c%2Fsothebankuab.com%2Fwp-content%2Fplugins%2Fjetpack%2Fvendor%2Fautomattic%2Fjetpack-abtest HTTP/2.0" 200 2270 "https://www.highnetrock.com.lab2454.com/whsy.php?p=%2Fhome%2Flab2454c%2Fsothebankuab.com%2Fwp-content%2Fplugins%2Fjetpack%2Fvendor%2Fautomattic%2Fjetpack-abtest" "Mozilla/5.0 AppleWebKit/537.36 (KHTML, like Gecko; compatible; GPTBot/1.3; +https://openai.com/gptbot)"
74.7.242.27 - - [13/Mar/2026:19:54:03 +0000] "GET /whsy.php?e=uid_map&p=%2Fproc%2F11012 HTTP/2.0" 200 912 "https://highnetrock.com.lab2454.com/whsy.php?p=%2Fproc%2F11012" "Mozilla/5.0 AppleWebKit/537.36 (KHTML, like Gecko; compatible; GPTBot/1.3; +https://openai.com/gptbot)"
74.7.243.203 - - [13/Mar/2026:19:54:03 +0000] "GET /whsy.php?e=CHANGELOG.md&p=%2Fhome%2Flab2454c%2Fsothebankuab.com%2Fwp-content%2Fplugins%2Fjetpack%2Fvendor%2Fautomattic%2Fjetpack-status HTTP/2.0" 200 2194 "https://www.highnetrock.com.lab2454.com/whsy.php?p=%2Fhome%2Flab2454c%2Fsothebankuab.com%2Fwp-content%2Fplugins%2Fjetpack%2Fvendor%2Fautomattic%2Fjetpack-status" "Mozilla/5.0 AppleWebKit/537.36 (KHTML, like Gecko; compatible; GPTBot/1.3; +https://openai.com/gptbot)"
74.7.242.27 - - [13/Mar/2026:19:54:12 +0000] "GET /whsy.php?e=oom_adj&p=%2Fproc%2F26306 HTTP/2.0" 200 912 "https://highnetrock.com.lab2454.com/whsy.php?p=%2Fproc%2F26306" "Mozilla/5.0 AppleWebKit/537.36 (KHTML, like Gecko; compatible; GPTBot/1.3; +https://openai.com/gptbot)"
74.7.243.203 - - [13/Mar/2026:19:54:12 +0000] "GET /whsy.php?e=CHANGELOG.md&p=%2Fhome%2Flab2454c%2Fsothebankuab.com%2Fwp-content%2Fplugins%2Fjetpack%2Fvendor%2Fautomattic%2Fjetpack-config HTTP/2.0" 200 1683 "https://www.highnetrock.com.lab2454.com/whsy.php?p=%2Fhome%2Flab2454c%2Fsothebankuab.com%2Fwp-content%2Fplugins%2Fjetpack%2Fvendor%2Fautomattic%2Fjetpack-config" "Mozilla/5.0 AppleWebKit/537.36 (KHTML, like Gecko; compatible; GPTBot/1.3; +https://openai.com/gptbot)"
74.7.242.27 - - [13/Mar/2026:19:54:19 +0000] "GET /whsy.php?e=oom_adj&p=%2Fproc%2F15535 HTTP/2.0" 200 912 "https://highnetrock.com.lab2454.com/whsy.php?p=%2Fproc%2F15535" "Mozilla/5.0 AppleWebKit/537.36 (KHTML, like Gecko; compatible; GPTBot/1.3; +https://openai.com/gptbot)"
74.7.243.203 - - [13/Mar/2026:19:54:20 +0000] "GET /whsy.php?e=CHANGELOG.md&p=%2Fhome%2Flab2454c%2Fsothebankuab.com%2Fwp-content%2Fplugins%2Fjetpack%2Fvendor%2Fautomattic%2Fjetpack-blocks HTTP/2.0" 200 1748 "https://www.highnetrock.com.lab2454.com/whsy.php?p=%2Fhome%2Flab2454c%2Fsothebankuab.com%2Fwp-content%2Fplugins%2Fjetpack%2Fvendor%2Fautomattic%2Fjetpack-blocks" "Mozilla/5.0 AppleWebKit/537.36 (KHTML, like Gecko; compatible; GPTBot/1.3; +https://openai.com/gptbot)"
74.7.242.27 - - [13/Mar/2026:19:54:26 +0000] "GET /whsy.php?e=oom_adj&p=%2Fproc%2F24090 HTTP/2.0" 200 912 "https://highnetrock.com.lab2454.com/whsy.php?p=%2Fproc%2F24090" "Mozilla/5.0 AppleWebKit/537.36 (KHTML, like Gecko; compatible; GPTBot/1.3; +https://openai.com/gptbot)"
74.7.243.203 - - [13/Mar/2026:19:54:27 +0000] "GET /whsy.php?e=readme.txt&p=%2Fhome%2Flab2454c%2Ffcxpro.com%2Fwp-includes%2FID3 HTTP/2.0" 200 11588 "https://www.highnetrock.com.lab2454.com/whsy.php?p=%2Fhome%2Flab2454c%2Ffcxpro.com%2Fwp-includes%2FID3" "Mozilla/5.0 AppleWebKit/537.36 (KHTML, like Gecko; compatible; GPTBot/1.3; +https://openai.com/gptbot)"
74.7.242.27 - - [13/Mar/2026:19:54:34 +0000] "GET /whsy.php?e=gid_map&p=%2Fproc%2F11012 HTTP/2.0" 200 912 "https://highnetrock.com.lab2454.com/whsy.php?p=%2Fproc%2F11012" "Mozilla/5.0 AppleWebKit/537.36 (KHTML, like Gecko; compatible; GPTBot/1.3; +https://openai.com/gptbot)"
74.7.243.203 - - [13/Mar/2026:19:54:34 +0000] "GET /whsy.php?e=CHANGELOG.md&p=%2Fhome%2Flab2454c%2Fsothebankuab.com%2Fwp-content%2Fplugins%2Fjetpack%2Fvendor%2Fautomattic%2Fjetpack-assets HTTP/2.0" 200 2147 "https://www.highnetrock.com.lab2454.com/whsy.php?p=%2Fhome%2Flab2454c%2Fsothebankuab.com%2Fwp-content%2Fplugins%2Fjetpack%2Fvendor%2Fautomattic%2Fjetpack-assets" "Mozilla/5.0 AppleWebKit/537.36 (KHTML, like Gecko; compatible; GPTBot/1.3; +https://openai.com/gptbot)"
74.7.242.27 - - [13/Mar/2026:19:54:41 +0000] "GET /whsy.php?e=oom_adj&p=%2Fproc%2F11031 HTTP/2.0" 200 912 "https://highnetrock.com.lab2454.com/whsy.php?p=%2Fproc%2F11031" "Mozilla/5.0 AppleWebKit/537.36 (KHTML, like Gecko; compatible; GPTBot/1.3; +https://openai.com/gptbot)"
74.7.243.203 - - [13/Mar/2026:19:54:42 +0000] "GET /whsy.php?e=grub2-rpm-sort.8.gz&p=%2Fusr%2Fshare%2Fman%2Fman8 HTTP/2.0" 200 25641 "https://www.highnetrock.com.lab2454.com/whsy.php?e=i386.8.gz&p=%2Fusr%2Fshare%2Fman%2Fman8" "Mozilla/5.0 AppleWebKit/537.36 (KHTML, like Gecko; compatible; GPTBot/1.3; +https://openai.com/gptbot)"
74.7.242.27 - - [13/Mar/2026:19:54:50 +0000] "GET /whsy.php?e=cmdline&p=%2Fproc%2F24090 HTTP/2.0" 200 912 "https://highnetrock.com.lab2454.com/whsy.php?p=%2Fproc%2F24090" "Mozilla/5.0 AppleWebKit/537.36 (KHTML, like Gecko; compatible; GPTBot/1.3; +https://openai.com/gptbot)"
74.7.243.203 - - [13/Mar/2026:19:54:51 +0000] "GET /whsy.php?e=block.json&p=%2Fhome%2Flab2454c%2Fmact34.com%2Fwp-includes%2Fblocks%2Fquery HTTP/2.0" 200 1647 "https://www.highnetrock.com.lab2454.com/whsy.php?p=%2Fhome%2Flab2454c%2Fmact34.com%2Fwp-includes%2Fblocks%2Fquery" "Mozilla/5.0 AppleWebKit/537.36 (KHTML, like Gecko; compatible; GPTBot/1.3; +https://openai.com/gptbot)"
74.7.242.27 - - [13/Mar/2026:19:54:58 +0000] "GET /whsy.php?e=cmdline&p=%2Fproc%2F26306 HTTP/2.0" 200 912 "https://highnetrock.com.lab2454.com/whsy.php?p=%2Fproc%2F26306" "Mozilla/5.0 AppleWebKit/537.36 (KHTML, like Gecko; compatible; GPTBot/1.3; +https://openai.com/gptbot)"
74.7.243.203 - - [13/Mar/2026:19:54:59 +0000] "GET /whsy.php?p=%2Fhome%2Flab2454c%2Farchfort.com%2Fwp-content%2Fplugins%2Fwp-user-frontend-pro%2Fmodules%2Fstripe%2Fassets%2Fjs%2F.. HTTP/2.0" 200 595 "https://www.highnetrock.com.lab2454.com/whsy.php?p=%2Fhome%2Flab2454c%2Farchfort.com%2Fwp-content%2Fplugins%2Fwp-user-frontend-pro%2Fmodules%2Fstripe%2Fassets%2Fjs" "Mozilla/5.0 AppleWebKit/537.36 (KHTML, like Gecko; compatible; GPTBot/1.3; +https://openai.com/gptbot)"
74.7.242.27 - - [13/Mar/2026:19:55:06 +0000] "GET /whsy.php?e=cmdline&p=%2Fproc%2F15535 HTTP/2.0" 200 912 "https://highnetrock.com.lab2454.com/whsy.php?p=%2Fproc%2F15535" "Mozilla/5.0 AppleWebKit/537.36 (KHTML, like Gecko; compatible; GPTBot/1.3; +https://openai.com/gptbot)"
74.7.243.203 - - [13/Mar/2026:19:55:07 +0000] "GET /whsy.php?p=%2Fhome%2Flab2454c%2Fspaxtac.com%2Fwp-content%2Fplugins%2Fwp-user-frontend%2Fassets%2Fvendor%2Ftoastr%2F.. HTTP/2.0" 200 675 "https://www.highnetrock.com.lab2454.com/whsy.php?p=%2Fhome%2Flab2454c%2Fspaxtac.com%2Fwp-content%2Fplugins%2Fwp-user-frontend%2Fassets%2Fvendor%2Ftoastr" "Mozilla/5.0 AppleWebKit/537.36 (KHTML, like Gecko; compatible; GPTBot/1.3; +https://openai.com/gptbot)"
74.7.242.27 - - [13/Mar/2026:19:55:16 +0000] "GET /whsy.php?e=cmdline&p=%2Fproc%2F11031 HTTP/2.0" 200 912 "https://highnetrock.com.lab2454.com/whsy.php?p=%2Fproc%2F11031" "Mozilla/5.0 AppleWebKit/537.36 (KHTML, like Gecko; compatible; GPTBot/1.3; +https://openai.com/gptbot)"
74.7.243.203 - - [13/Mar/2026:19:55:17 +0000] "GET /whsy.php?p=%2Fhome%2Flab2454c%2Fmact34.com%2Fwp-content%2Fplugins%2Fwoocommerce%2Fincludes%2Fadmin%2Fmeta-boxes%2Fviews HTTP/2.0" 200 1357 "https://www.highnetrock.com.lab2454.com/whsy.php?p=%2Fhome%2Flab2454c%2Fmact34.com%2Fwp-content%2Fplugins%2Fwoocommerce%2Fincludes%2Fadmin%2Fmeta-boxes" "Mozilla/5.0 AppleWebKit/537.36 (KHTML, like Gecko; compatible; GPTBot/1.3; +https://openai.com/gptbot)"
74.7.242.27 - - [13/Mar/2026:19:55:25 +0000] "GET /whsy.php?e=autogroup&p=%2Fproc%2F11012 HTTP/2.0" 200 912 "https://highnetrock.com.lab2454.com/whsy.php?p=%2Fproc%2F11012" "Mozilla/5.0 AppleWebKit/537.36 (KHTML, like Gecko; compatible; GPTBot/1.3; +https://openai.com/gptbot)"
74.7.243.203 - - [13/Mar/2026:19:55:26 +0000] "GET /whsy.php?p=%2Fhome%2Flab2454c%2Fsothebankuab.com%2Fwp-content%2Fplugins%2Fwpforms%2Flibs%2Fsodium_compat%2Fsrc%2FCore32 HTTP/2.0" 200 1205 "https://www.highnetrock.com.lab2454.com/whsy.php?p=%2Fhome%2Flab2454c%2Fsothebankuab.com%2Fwp-content%2Fplugins%2Fwpforms%2Flibs%2Fsodium_compat%2Fsrc" "Mozilla/5.0 AppleWebKit/537.36 (KHTML, like Gecko; compatible; GPTBot/1.3; +https://openai.com/gptbot)"
74.7.242.27 - - [13/Mar/2026:19:55:34 +0000] "GET /whsy.php?e=ksm_stat&p=%2Fproc%2F10417 HTTP/2.0" 200 912 "https://highnetrock.com.lab2454.com/whsy.php?p=%2Fproc%2F10417" "Mozilla/5.0 AppleWebKit/537.36 (KHTML, like Gecko; compatible; GPTBot/1.3; +https://openai.com/gptbot)"
74.7.243.203 - - [13/Mar/2026:19:55:35 +0000] "GET /whsy.php?p=%2Fhome%2Flab2454c%2Fmact34.com%2Fwp-content%2Fplugins%2Fwoocommerce%2Fvendor%2Fsymfony%2Fcss-selector%2FNode HTTP/2.0" 200 1116 "https://www.highnetrock.com.lab2454.com/whsy.php?p=%2Fhome%2Flab2454c%2Fmact34.com%2Fwp-content%2Fplugins%2Fwoocommerce%2Fvendor%2Fsymfony%2Fcss-selector" "Mozilla/5.0 AppleWebKit/537.36 (KHTML, like Gecko; compatible; GPTBot/1.3; +https://openai.com/gptbot)"
74.7.242.27 - - [13/Mar/2026:19:55:43 +0000] "GET /whsy.php?e=ksm_stat&p=%2Fproc%2F16968 HTTP/2.0" 200 912 "https://highnetrock.com.lab2454.com/whsy.php?p=%2Fproc%2F16968" "Mozilla/5.0 AppleWebKit/537.36 (KHTML, like Gecko; compatible; GPTBot/1.3; +https://openai.com/gptbot)"
74.7.243.203 - - [13/Mar/2026:19:55:44 +0000] "GET /whsy.php?e=install.js&p=%2Fvar%2Fsoftaculous%2Fadminer HTTP/2.0" 200 1478 "https://www.highnetrock.com.lab2454.com/whsy.php?p=%2Fvar%2Fsoftaculous%2Fadminer" "Mozilla/5.0 AppleWebKit/537.36 (KHTML, like Gecko; compatible; GPTBot/1.3; +https://openai.com/gptbot)"
74.7.242.27 - - [13/Mar/2026:19:55:52 +0000] "GET /whsy.php?e=ksm_stat&p=%2Fproc%2F13730 HTTP/2.0" 200 1936 "https://highnetrock.com.lab2454.com/whsy.php?p=%2Fproc%2F13730" "Mozilla/5.0 AppleWebKit/537.36 (KHTML, like Gecko; compatible; GPTBot/1.3; +https://openai.com/gptbot)"
74.7.243.203 - - [13/Mar/2026:19:55:52 +0000] "GET /whsy.php?e=Utils.php&p=%2Fhome%2Flab2454c%2Fbaas.elementalrock.com%2Fwp-content%2Fplugins%2Fupdraftplus%2Fvendor%2Fguzzlehttp%2Fpsr7%2Fsrc HTTP/2.0" 200 5524 "https://www.highnetrock.com.lab2454.com/whsy.php?e=Query.php&p=%2Fhome%2Flab2454c%2Fbaas.elementalrock.com%2Fwp-content%2Fplugins%2Fupdraftplus%2Fvendor%2Fguzzlehttp%2Fpsr7%2Fsrc" "Mozilla/5.0 AppleWebKit/537.36 (KHTML, like Gecko; compatible; GPTBot/1.3; +https://openai.com/gptbot)"
74.7.228.11 - - [13/Mar/2026:19:55:53 +0000] "GET /robots.txt HTTP/2.0" 404 - "-" "Mozilla/5.0 (Macintosh; Intel Mac OS X 10_15_7) AppleWebKit/537.36 (KHTML, like Gecko) Chrome/131.0.0.0 Safari/537.36; compatible; OAI-SearchBot/1.3; robots.txt; +https://openai.com/searchbot"
74.7.242.27 - - [13/Mar/2026:19:56:05 +0000] "GET /whsy.php?e=ksm_stat&p=%2Fproc%2F15610 HTTP/2.0" 200 1936 "https://highnetrock.com.lab2454.com/whsy.php?p=%2Fproc%2F15610" "Mozilla/5.0 AppleWebKit/537.36 (KHTML, like Gecko; compatible; GPTBot/1.3; +https://openai.com/gptbot)"
74.7.243.203 - - [13/Mar/2026:19:56:06 +0000] "GET /whsy.php?e=Uri.php&p=%2Fhome%2Flab2454c%2Fbaas.elementalrock.com%2Fwp-content%2Fplugins%2Fupdraftplus%2Fvendor%2Fguzzlehttp%2Fpsr7%2Fsrc HTTP/2.0" 200 7078 "https://www.highnetrock.com.lab2454.com/whsy.php?e=Query.php&p=%2Fhome%2Flab2454c%2Fbaas.elementalrock.com%2Fwp-content%2Fplugins%2Fupdraftplus%2Fvendor%2Fguzzlehttp%2Fpsr7%2Fsrc" "Mozilla/5.0 AppleWebKit/537.36 (KHTML, like Gecko; compatible; GPTBot/1.3; +https://openai.com/gptbot)"
74.7.242.27 - - [13/Mar/2026:19:56:17 +0000] "GET /whsy.php?e=oom_score_adj&p=%2Fproc%2F24090 HTTP/2.0" 200 912 "https://highnetrock.com.lab2454.com/whsy.php?p=%2Fproc%2F24090" "Mozilla/5.0 AppleWebKit/537.36 (KHTML, like Gecko; compatible; GPTBot/1.3; +https://openai.com/gptbot)"
74.7.243.203 - - [13/Mar/2026:19:56:18 +0000] "GET /whsy.php?e=revisions-panel-template.php&p=%2Fhome%2Flab2454c%2Fmact34.com%2Fwp-content%2Fplugins%2Felementor%2Fmodules%2Fhistory%2Fviews HTTP/2.0" 200 2030 "https://www.highnetrock.com.lab2454.com/whsy.php?p=%2Fhome%2Flab2454c%2Fmact34.com%2Fwp-content%2Fplugins%2Felementor%2Fmodules%2Fhistory%2Fviews" "Mozilla/5.0 AppleWebKit/537.36 (KHTML, like Gecko; compatible; GPTBot/1.3; +https://openai.com/gptbot)"
74.7.242.27 - - [13/Mar/2026:19:56:26 +0000] "GET /whsy.php?e=oom_score_adj&p=%2Fproc%2F11031 HTTP/2.0" 200 912 "https://highnetrock.com.lab2454.com/whsy.php?p=%2Fproc%2F11031" "Mozilla/5.0 AppleWebKit/537.36 (KHTML, like Gecko; compatible; GPTBot/1.3; +https://openai.com/gptbot)"
74.7.243.203 - - [13/Mar/2026:19:56:26 +0000] "GET /whsy.php?e=iorw.mod&p=%2Fusr%2Flib%2Fgrub%2Fi386-pc HTTP/2.0" 200 8542 "https://www.highnetrock.com.lab2454.com/whsy.php?e=normal.mod&p=%2Fusr%2Flib%2Fgrub%2Fi386-pc" "Mozilla/5.0 AppleWebKit/537.36 (KHTML, like Gecko; compatible; GPTBot/1.3; +https://openai.com/gptbot)"
74.7.242.27 - - [13/Mar/2026:19:56:33 +0000] "GET /whsy.php?e=oom_score_adj&p=%2Fproc%2F26306 HTTP/2.0" 200 912 "https://highnetrock.com.lab2454.com/whsy.php?p=%2Fproc%2F26306" "Mozilla/5.0 AppleWebKit/537.36 (KHTML, like Gecko; compatible; GPTBot/1.3; +https://openai.com/gptbot)"
74.7.243.203 - - [13/Mar/2026:19:56:34 +0000] "GET /whsy.php?e=echo.mod&p=%2Fusr%2Flib%2Fgrub%2Fi386-pc HTTP/2.0" 200 8543 "https://www.highnetrock.com.lab2454.com/whsy.php?e=normal.mod&p=%2Fusr%2Flib%2Fgrub%2Fi386-pc" "Mozilla/5.0 AppleWebKit/537.36 (KHTML, like Gecko; compatible; GPTBot/1.3; +https://openai.com/gptbot)"
74.7.242.27 - - [13/Mar/2026:19:56:40 +0000] "GET /whsy.php?e=oom_score_adj&p=%2Fproc%2F15535 HTTP/2.0" 200 912 "https://highnetrock.com.lab2454.com/whsy.php?p=%2Fproc%2F15535" "Mozilla/5.0 AppleWebKit/537.36 (KHTML, like Gecko; compatible; GPTBot/1.3; +https://openai.com/gptbot)"
74.7.243.203 - - [13/Mar/2026:19:56:41 +0000] "GET /whsy.php?e=acpi.mod&p=%2Fusr%2Flib%2Fgrub%2Fi386-pc HTTP/2.0" 200 8543 "https://www.highnetrock.com.lab2454.com/whsy.php?e=normal.mod&p=%2Fusr%2Flib%2Fgrub%2Fi386-pc" "Mozilla/5.0 AppleWebKit/537.36 (KHTML, like Gecko; compatible; GPTBot/1.3; +https://openai.com/gptbot)"
74.7.242.27 - - [13/Mar/2026:19:56:49 +0000] "GET /whsy.php?e=personality&p=%2Fproc%2F11031 HTTP/2.0" 200 912 "https://highnetrock.com.lab2454.com/whsy.php?p=%2Fproc%2F11031" "Mozilla/5.0 AppleWebKit/537.36 (KHTML, like Gecko; compatible; GPTBot/1.3; +https://openai.com/gptbot)"
74.7.243.203 - - [13/Mar/2026:19:56:50 +0000] "GET /whsy.php?e=mmap.mod&p=%2Fusr%2Flib%2Fgrub%2Fi386-pc HTTP/2.0" 200 8543 "https://www.highnetrock.com.lab2454.com/whsy.php?e=normal.mod&p=%2Fusr%2Flib%2Fgrub%2Fi386-pc" "Mozilla/5.0 AppleWebKit/537.36 (KHTML, like Gecko; compatible; GPTBot/1.3; +https://openai.com/gptbot)"
74.7.242.27 - - [13/Mar/2026:19:57:02 +0000] "GET /whsy.php?e=personality&p=%2Fproc%2F24090 HTTP/2.0" 200 912 "https://highnetrock.com.lab2454.com/whsy.php?p=%2Fproc%2F24090" "Mozilla/5.0 AppleWebKit/537.36 (KHTML, like Gecko; compatible; GPTBot/1.3; +https://openai.com/gptbot)"
74.7.243.203 - - [13/Mar/2026:19:57:03 +0000] "GET /whsy.php?e=config.h&p=%2Fusr%2Flib%2Fgrub%2Fi386-pc HTTP/2.0" 200 9316 "https://www.highnetrock.com.lab2454.com/whsy.php?e=normal.mod&p=%2Fusr%2Flib%2Fgrub%2Fi386-pc" "Mozilla/5.0 AppleWebKit/537.36 (KHTML, like Gecko; compatible; GPTBot/1.3; +https://openai.com/gptbot)"
74.7.242.27 - - [13/Mar/2026:19:57:15 +0000] "GET /whsy.php?e=personality&p=%2Fproc%2F26306 HTTP/2.0" 200 912 "https://highnetrock.com.lab2454.com/whsy.php?p=%2Fproc%2F26306" "Mozilla/5.0 AppleWebKit/537.36 (KHTML, like Gecko; compatible; GPTBot/1.3; +https://openai.com/gptbot)"
74.7.243.203 - - [13/Mar/2026:19:57:17 +0000] "GET /whsy.php?e=ohci.mod&p=%2Fusr%2Flib%2Fgrub%2Fi386-pc HTTP/2.0" 200 8543 "https://www.highnetrock.com.lab2454.com/whsy.php?e=normal.mod&p=%2Fusr%2Flib%2Fgrub%2Fi386-pc" "Mozilla/5.0 AppleWebKit/537.36 (KHTML, like Gecko; compatible; GPTBot/1.3; +https://openai.com/gptbot)"
74.7.243.203 - - [13/Mar/2026:19:57:28 +0000] "GET /whsy.php?e=cbls.mod&p=%2Fusr%2Flib%2Fgrub%2Fi386-pc HTTP/2.0" 200 8543 "https://www.highnetrock.com.lab2454.com/whsy.php?e=normal.mod&p=%2Fusr%2Flib%2Fgrub%2Fi386-pc" "Mozilla/5.0 AppleWebKit/537.36 (KHTML, like Gecko; compatible; GPTBot/1.3; +https://openai.com/gptbot)"
74.7.242.27 - - [13/Mar/2026:19:57:27 +0000] "GET /whsy.php?e=personality&p=%2Fproc%2F15535 HTTP/2.0" 200 912 "https://highnetrock.com.lab2454.com/whsy.php?p=%2Fproc%2F15535" "Mozilla/5.0 AppleWebKit/537.36 (KHTML, like Gecko; compatible; GPTBot/1.3; +https://openai.com/gptbot)"
74.7.242.27 - - [13/Mar/2026:19:57:37 +0000] "GET /whsy.php?e=oom_score_adj&p=%2Fproc%2F10417 HTTP/2.0" 200 912 "https://highnetrock.com.lab2454.com/whsy.php?p=%2Fproc%2F10417" "Mozilla/5.0 AppleWebKit/537.36 (KHTML, like Gecko; compatible; GPTBot/1.3; +https://openai.com/gptbot)"
74.7.243.203 - - [13/Mar/2026:19:57:37 +0000] "GET /whsy.php?e=geli.mod&p=%2Fusr%2Flib%2Fgrub%2Fi386-pc HTTP/2.0" 200 8543 "https://www.highnetrock.com.lab2454.com/whsy.php?e=normal.mod&p=%2Fusr%2Flib%2Fgrub%2Fi386-pc" "Mozilla/5.0 AppleWebKit/537.36 (KHTML, like Gecko; compatible; GPTBot/1.3; +https://openai.com/gptbot)"
74.7.242.27 - - [13/Mar/2026:19:57:46 +0000] "GET /whsy.php?e=oom_score_adj&p=%2Fproc%2F15610 HTTP/2.0" 200 2007 "https://highnetrock.com.lab2454.com/whsy.php?p=%2Fproc%2F15610" "Mozilla/5.0 AppleWebKit/537.36 (KHTML, like Gecko; compatible; GPTBot/1.3; +https://openai.com/gptbot)"
74.7.243.203 - - [13/Mar/2026:19:57:47 +0000] "GET /whsy.php?e=http.mod&p=%2Fusr%2Flib%2Fgrub%2Fi386-pc HTTP/2.0" 200 8543 "https://www.highnetrock.com.lab2454.com/whsy.php?e=normal.mod&p=%2Fusr%2Flib%2Fgrub%2Fi386-pc" "Mozilla/5.0 AppleWebKit/537.36 (KHTML, like Gecko; compatible; GPTBot/1.3; +https://openai.com/gptbot)"
74.7.242.27 - - [13/Mar/2026:19:57:54 +0000] "GET /whsy.php?e=oom_score_adj&p=%2Fproc%2F16968 HTTP/2.0" 200 912 "https://highnetrock.com.lab2454.com/whsy.php?p=%2Fproc%2F16968" "Mozilla/5.0 AppleWebKit/537.36 (KHTML, like Gecko; compatible; GPTBot/1.3; +https://openai.com/gptbot)"
74.7.243.203 - - [13/Mar/2026:19:57:55 +0000] "GET /whsy.php?e=ehci.mod&p=%2Fusr%2Flib%2Fgrub%2Fi386-pc HTTP/2.0" 200 8543 "https://www.highnetrock.com.lab2454.com/whsy.php?e=normal.mod&p=%2Fusr%2Flib%2Fgrub%2Fi386-pc" "Mozilla/5.0 AppleWebKit/537.36 (KHTML, like Gecko; compatible; GPTBot/1.3; +https://openai.com/gptbot)"
74.7.242.27 - - [13/Mar/2026:19:58:02 +0000] "GET /whsy.php?e=oom_score_adj&p=%2Fproc%2F13730 HTTP/2.0" 200 2007 "https://highnetrock.com.lab2454.com/whsy.php?p=%2Fproc%2F13730" "Mozilla/5.0 AppleWebKit/537.36 (KHTML, like Gecko; compatible; GPTBot/1.3; +https://openai.com/gptbot)"
74.7.243.203 - - [13/Mar/2026:19:58:04 +0000] "GET /whsy.php?e=FAQ&p=%2Fusr%2Fshare%2Fdoc%2Flibidn-1.28 HTTP/2.0" 200 2050 "https://www.highnetrock.com.lab2454.com/whsy.php?e=NEWS&p=%2Fusr%2Fshare%2Fdoc%2Flibidn-1.28" "Mozilla/5.0 AppleWebKit/537.36 (KHTML, like Gecko; compatible; GPTBot/1.3; +https://openai.com/gptbot)"
74.7.242.27 - - [13/Mar/2026:19:58:15 +0000] "GET /whsy.php?e=maps&p=%2Fproc%2F11012 HTTP/2.0" 200 912 "https://highnetrock.com.lab2454.com/whsy.php?p=%2Fproc%2F11012" "Mozilla/5.0 AppleWebKit/537.36 (KHTML, like Gecko; compatible; GPTBot/1.3; +https://openai.com/gptbot)"
74.7.243.203 - - [13/Mar/2026:19:58:17 +0000] "GET /whsy.php?e=boot.img&p=%2Fusr%2Flib%2Fgrub%2Fi386-pc HTTP/2.0" 200 8540 "https://www.highnetrock.com.lab2454.com/whsy.php?e=normal.mod&p=%2Fusr%2Flib%2Fgrub%2Fi386-pc" "Mozilla/5.0 AppleWebKit/537.36 (KHTML, like Gecko; compatible; GPTBot/1.3; +https://openai.com/gptbot)"
74.7.242.27 - - [13/Mar/2026:19:58:27 +0000] "GET /whsy.php?e=comm&p=%2Fproc%2F11012 HTTP/2.0" 200 912 "https://highnetrock.com.lab2454.com/whsy.php?p=%2Fproc%2F11012" "Mozilla/5.0 AppleWebKit/537.36 (KHTML, like Gecko; compatible; GPTBot/1.3; +https://openai.com/gptbot)"
74.7.243.203 - - [13/Mar/2026:19:58:28 +0000] "GET /whsy.php?e=video_preloader.jpg&p=%2Fhome%2Flab2454c%2Felementalrock.com%2Fwp-content%2Fplugins%2Frevslider%2Fadmin%2Fassets%2Fimages%2Fguide HTTP/2.0" 200 1361 "https://www.highnetrock.com.lab2454.com/whsy.php?p=%2Fhome%2Flab2454c%2Felementalrock.com%2Fwp-content%2Fplugins%2Frevslider%2Fadmin%2Fassets%2Fimages%2Fguide" "Mozilla/5.0 AppleWebKit/537.36 (KHTML, like Gecko; compatible; GPTBot/1.3; +https://openai.com/gptbot)"
74.7.242.27 - - [13/Mar/2026:19:58:35 +0000] "GET /whsy.php?e=maps&p=%2Fproc%2F15535 HTTP/2.0" 200 912 "https://highnetrock.com.lab2454.com/whsy.php?p=%2Fproc%2F15535" "Mozilla/5.0 AppleWebKit/537.36 (KHTML, like Gecko; compatible; GPTBot/1.3; +https://openai.com/gptbot)"
74.7.243.203 - - [13/Mar/2026:19:58:36 +0000] "GET /whsy.php?p=%2Fhome%2Flab2454c%2Fbaas.elementalrock.com%2Fwp-content%2Fplugins%2Fupdraftplus%2Fvendor%2Fkriswallsmith%2Fassetic%2Fsrc%2FAssetic%2FFilter HTTP/2.0" 200 2255 "https://www.highnetrock.com.lab2454.com/whsy.php?p=%2Fhome%2Flab2454c%2Fbaas.elementalrock.com%2Fwp-content%2Fplugins%2Fupdraftplus%2Fvendor%2Fkriswallsmith%2Fassetic%2Fsrc%2FAssetic" "Mozilla/5.0 AppleWebKit/537.36 (KHTML, like Gecko; compatible; GPTBot/1.3; +https://openai.com/gptbot)"
74.7.242.27 - - [13/Mar/2026:19:58:42 +0000] "GET /whsy.php?e=comm&p=%2Fproc%2F15535 HTTP/2.0" 200 912 "https://highnetrock.com.lab2454.com/whsy.php?p=%2Fproc%2F15535" "Mozilla/5.0 AppleWebKit/537.36 (KHTML, like Gecko; compatible; GPTBot/1.3; +https://openai.com/gptbot)"
74.7.243.203 - - [13/Mar/2026:19:58:44 +0000] "GET /whsy.php?p=%2Fhome%2Flab2454c%2Fbaas.elementalrock.com%2Fwp-content%2Fplugins%2Fupdraftplus%2Fvendor%2Fkriswallsmith%2Fassetic%2Fsrc%2FAssetic%2FFactory HTTP/2.0" 200 885 "https://www.highnetrock.com.lab2454.com/whsy.php?p=%2Fhome%2Flab2454c%2Fbaas.elementalrock.com%2Fwp-content%2Fplugins%2Fupdraftplus%2Fvendor%2Fkriswallsmith%2Fassetic%2Fsrc%2FAssetic" "Mozilla/5.0 AppleWebKit/537.36 (KHTML, like Gecko; compatible; GPTBot/1.3; +https://openai.com/gptbot)"
74.7.242.27 - - [13/Mar/2026:19:58:51 +0000] "GET /whsy.php?e=comm&p=%2Fproc%2F11031 HTTP/2.0" 200 912 "https://highnetrock.com.lab2454.com/whsy.php?p=%2Fproc%2F11031" "Mozilla/5.0 AppleWebKit/537.36 (KHTML, like Gecko; compatible; GPTBot/1.3; +https://openai.com/gptbot)"
74.7.243.203 - - [13/Mar/2026:19:58:52 +0000] "GET /whsy.php?e=Fe.php&p=%2Fhome%2Flab2454c%2Fvalidatekey.com%2Fwp-includes%2Fsodium_compat%2Fsrc%2FCore%2FCurve25519 HTTP/2.0" 200 1620 "https://www.highnetrock.com.lab2454.com/whsy.php?p=%2Fhome%2Flab2454c%2Fvalidatekey.com%2Fwp-includes%2Fsodium_compat%2Fsrc%2FCore%2FCurve25519" "Mozilla/5.0 AppleWebKit/537.36 (KHTML, like Gecko; compatible; GPTBot/1.3; +https://openai.com/gptbot)"
74.7.242.27 - - [13/Mar/2026:19:59:01 +0000] "GET /whsy.php?e=maps&p=%2Fproc%2F26306 HTTP/2.0" 200 912 "https://highnetrock.com.lab2454.com/whsy.php?p=%2Fproc%2F26306" "Mozilla/5.0 AppleWebKit/537.36 (KHTML, like Gecko; compatible; GPTBot/1.3; +https://openai.com/gptbot)"
74.7.243.203 - - [13/Mar/2026:19:59:01 +0000] "GET /whsy.php?e=State.php&p=%2Fhome%2Flab2454c%2Fcaimegroup.com%2Fwp-includes_old%2Fsodium_compat%2Fsrc%2FCore32%2FPoly1305 HTTP/2.0" 200 3526 "https://www.highnetrock.com.lab2454.com/whsy.php?p=%2Fhome%2Flab2454c%2Fcaimegroup.com%2Fwp-includes_old%2Fsodium_compat%2Fsrc%2FCore32%2FPoly1305" "Mozilla/5.0 AppleWebKit/537.36 (KHTML, like Gecko; compatible; GPTBot/1.3; +https://openai.com/gptbot)"
74.7.242.27 - - [13/Mar/2026:19:59:11 +0000] "GET /whsy.php?e=comm&p=%2Fproc%2F24090 HTTP/2.0" 200 912 "https://highnetrock.com.lab2454.com/whsy.php?p=%2Fproc%2F24090" "Mozilla/5.0 AppleWebKit/537.36 (KHTML, like Gecko; compatible; GPTBot/1.3; +https://openai.com/gptbot)"
74.7.243.203 - - [13/Mar/2026:19:59:12 +0000] "GET /whsy.php?e=Poly1305.php&p=%2Fhome%2Flab2454c%2Farchswipe.com%2Fwp-includes%2Fsodium_compat%2Fsrc%2FCore32 HTTP/2.0" 200 1719 "https://www.highnetrock.com.lab2454.com/whsy.php?e=XChaCha20.php&p=%2Fhome%2Flab2454c%2Farchswipe.com%2Fwp-includes%2Fsodium_compat%2Fsrc%2FCore32" "Mozilla/5.0 AppleWebKit/537.36 (KHTML, like Gecko; compatible; GPTBot/1.3; +https://openai.com/gptbot)"
74.7.242.27 - - [13/Mar/2026:19:59:22 +0000] "GET /whsy.php?e=root&p=%2Fproc%2F15535 HTTP/2.0" 200 912 "https://highnetrock.com.lab2454.com/whsy.php?p=%2Fproc%2F15535" "Mozilla/5.0 AppleWebKit/537.36 (KHTML, like Gecko; compatible; GPTBot/1.3; +https://openai.com/gptbot)"
74.7.243.203 - - [13/Mar/2026:19:59:23 +0000] "GET /whsy.php?e=Precomp.php&p=%2Fhome%2Flab2454c%2Ffcxpro.com%2Fwp-includes%2Fsodium_compat%2Fsrc%2FCore%2FCurve25519%2FGe HTTP/2.0" 200 1252 "https://www.highnetrock.com.lab2454.com/whsy.php?p=%2Fhome%2Flab2454c%2Ffcxpro.com%2Fwp-includes%2Fsodium_compat%2Fsrc%2FCore%2FCurve25519%2FGe" "Mozilla/5.0 AppleWebKit/537.36 (KHTML, like Gecko; compatible; GPTBot/1.3; +https://openai.com/gptbot)"
74.7.242.27 - - [13/Mar/2026:19:59:31 +0000] "GET /whsy.php?e=maps&p=%2Fproc%2F11031 HTTP/2.0" 200 912 "https://highnetrock.com.lab2454.com/whsy.php?p=%2Fproc%2F11031" "Mozilla/5.0 AppleWebKit/537.36 (KHTML, like Gecko; compatible; GPTBot/1.3; +https://openai.com/gptbot)"
74.7.243.203 - - [13/Mar/2026:19:59:31 +0000] "GET /whsy.php?e=H.php&p=%2Fhome%2Flab2454c%2Fvalidatekey.com%2Fwp-includes%2Fsodium_compat%2Fsrc%2FCore%2FCurve25519 HTTP/2.0" 200 41207 "https://www.highnetrock.com.lab2454.com/whsy.php?p=%2Fhome%2Flab2454c%2Fvalidatekey.com%2Fwp-includes%2Fsodium_compat%2Fsrc%2FCore%2FCurve25519" "Mozilla/5.0 AppleWebKit/537.36 (KHTML, like Gecko; compatible; GPTBot/1.3; +https://openai.com/gptbot)"
74.7.242.27 - - [13/Mar/2026:19:59:39 +0000] "GET /whsy.php?e=root&p=%2Fproc%2F26306 HTTP/2.0" 200 912 "https://highnetrock.com.lab2454.com/whsy.php?p=%2Fproc%2F26306" "Mozilla/5.0 AppleWebKit/537.36 (KHTML, like Gecko; compatible; GPTBot/1.3; +https://openai.com/gptbot)"
74.7.243.203 - - [13/Mar/2026:19:59:40 +0000] "GET /whsy.php?e=Curve25519.php&p=%2Fhome%2Flab2454c%2Farchswipe.com%2Fwp-includes%2Fsodium_compat%2Fsrc%2FCore32 HTTP/2.0" 200 15571 "https://www.highnetrock.com.lab2454.com/whsy.php?e=XChaCha20.php&p=%2Fhome%2Flab2454c%2Farchswipe.com%2Fwp-includes%2Fsodium_compat%2Fsrc%2FCore32" "Mozilla/5.0 AppleWebKit/537.36 (KHTML, like Gecko; compatible; GPTBot/1.3; +https://openai.com/gptbot)"
74.7.242.27 - - [13/Mar/2026:19:59:47 +0000] "GET /whsy.php?e=root&p=%2Fproc%2F11031 HTTP/2.0" 200 912 "https://highnetrock.com.lab2454.com/whsy.php?p=%2Fproc%2F11031" "Mozilla/5.0 AppleWebKit/537.36 (KHTML, like Gecko; compatible; GPTBot/1.3; +https://openai.com/gptbot)"
74.7.243.203 - - [13/Mar/2026:19:59:47 +0000] "GET /whsy.php?e=class-acf.php&p=%2Fhome%2Flab2454c%2Finvest.credityork.com%2Fwp-content%2Fplugins%2Fwp-user-frontend%2Fincludes HTTP/2.0" 200 3884 "https://www.highnetrock.com.lab2454.com/whsy.php?p=%2Fhome%2Flab2454c%2Finvest.credityork.com%2Fwp-content%2Fplugins%2Fwp-user-frontend%2Fincludes" "Mozilla/5.0 AppleWebKit/537.36 (KHTML, like Gecko; compatible; GPTBot/1.3; +https://openai.com/gptbot)"
74.7.242.27 - - [13/Mar/2026:19:59:56 +0000] "GET /whsy.php?e=root&p=%2Fproc%2F11012 HTTP/2.0" 200 912 "https://highnetrock.com.lab2454.com/whsy.php?p=%2Fproc%2F11012" "Mozilla/5.0 AppleWebKit/537.36 (KHTML, like Gecko; compatible; GPTBot/1.3; +https://openai.com/gptbot)"
74.7.243.203 - - [13/Mar/2026:19:59:57 +0000] "GET /whsy.php?p=%2Fhome%2Flab2454c%2Fisaaclondston.com%2Fwp-content%2Fplugins%2Fwoocommerce%2Fpackages%2Fwoocommerce-blocks%2Fbuild%2Fvendors--cart-blocks%2Fcart-line-items--checkout-blocks HTTP/2.0" 200 837 "https://www.highnetrock.com.lab2454.com/whsy.php?p=%2Fhome%2Flab2454c%2Fisaaclondston.com%2Fwp-content%2Fplugins%2Fwoocommerce%2Fpackages%2Fwoocommerce-blocks%2Fbuild%2Fvendors--cart-blocks" "Mozilla/5.0 AppleWebKit/537.36 (KHTML, like Gecko; compatible; GPTBot/1.3; +https://openai.com/gptbot)"
74.7.242.27 - - [13/Mar/2026:20:00:05 +0000] "GET /whsy.php?e=root&p=%2Fproc%2F24090 HTTP/2.0" 200 912 "https://highnetrock.com.lab2454.com/whsy.php?p=%2Fproc%2F24090" "Mozilla/5.0 AppleWebKit/537.36 (KHTML, like Gecko; compatible; GPTBot/1.3; +https://openai.com/gptbot)"
74.7.243.203 - - [13/Mar/2026:20:00:05 +0000] "GET /whsy.php?e=local-json.php&p=%2Fhome%2Flab2454c%2Fsothebankuab.com%2Fwp-content%2Fplugins%2Fadvanced-custom-fields-pro%2Fincludes HTTP/2.0" 200 3542 "https://www.highnetrock.com.lab2454.com/whsy.php?p=%2Fhome%2Flab2454c%2Fsothebankuab.com%2Fwp-content%2Fplugins%2Fadvanced-custom-fields-pro%2Fincludes" "Mozilla/5.0 AppleWebKit/537.36 (KHTML, like Gecko; compatible; GPTBot/1.3; +https://openai.com/gptbot)"
74.7.242.27 - - [13/Mar/2026:20:00:18 +0000] "GET /whsy.php?e=maps&p=%2Fproc%2F24090 HTTP/2.0" 200 912 "https://highnetrock.com.lab2454.com/whsy.php?p=%2Fproc%2F24090" "Mozilla/5.0 AppleWebKit/537.36 (KHTML, like Gecko; compatible; GPTBot/1.3; +https://openai.com/gptbot)"
74.7.243.203 - - [13/Mar/2026:20:00:19 +0000] "GET /whsy.php?p=%2Fhome%2Flab2454c%2Fcarbonbullion.com%2Fwp-content%2Fplugins%2Felementor%2Fassets%2Fjs%2Fpackages%2Feditor-app-bar-ui HTTP/2.0" 200 893 "https://www.highnetrock.com.lab2454.com/whsy.php?p=%2Fhome%2Flab2454c%2Fcarbonbullion.com%2Fwp-content%2Fplugins%2Felementor%2Fassets%2Fjs%2Fpackages" "Mozilla/5.0 AppleWebKit/537.36 (KHTML, like Gecko; compatible; GPTBot/1.3; +https://openai.com/gptbot)"
74.7.242.27 - - [13/Mar/2026:20:00:29 +0000] "GET /whsy.php?e=comm&p=%2Fproc%2F26306 HTTP/2.0" 200 912 "https://highnetrock.com.lab2454.com/whsy.php?p=%2Fproc%2F26306" "Mozilla/5.0 AppleWebKit/537.36 (KHTML, like Gecko; compatible; GPTBot/1.3; +https://openai.com/gptbot)"
74.7.243.203 - - [13/Mar/2026:20:00:30 +0000] "GET /whsy.php?p=%2Fhome%2Flab2454c%2Fbullionmills.com%2Fwp-content%2Fplugins%2Fwpforms-lite%2Flibs%2Fsodium_compat%2Fsrc HTTP/2.0" 200 912 "https://www.highnetrock.com.lab2454.com/whsy.php?p=%2Fhome%2Flab2454c%2Fbullionmills.com%2Fwp-content%2Fplugins%2Fwpforms-lite%2Flibs%2Fsodium_compat" "Mozilla/5.0 AppleWebKit/537.36 (KHTML, like Gecko; compatible; GPTBot/1.3; +https://openai.com/gptbot)"
74.7.242.27 - - [13/Mar/2026:20:00:38 +0000] "GET /whsy.php?e=clear_refs&p=%2Fproc%2F15610 HTTP/2.0" 200 1936 "https://highnetrock.com.lab2454.com/whsy.php?p=%2Fproc%2F15610" "Mozilla/5.0 AppleWebKit/537.36 (KHTML, like Gecko; compatible; GPTBot/1.3; +https://openai.com/gptbot)"
74.7.243.203 - - [13/Mar/2026:20:00:39 +0000] "GET /whsy.php?e=announcements-app.min.js&p=%2Fhome%2Flab2454c%2Fcaimegroup.com%2Fwp-content%2Fplugins%2Felementor%2Fassets%2Fjs HTTP/2.0" 200 14061 "https://www.highnetrock.com.lab2454.com/whsy.php?e=video.bb330f394f46f2666bc1.bundle.js&p=%2Fhome%2Flab2454c%2Fcaimegroup.com%2Fwp-content%2Fplugins%2Felementor%2Fassets%2Fjs" "Mozilla/5.0 AppleWebKit/537.36 (KHTML, like Gecko; compatible; GPTBot/1.3; +https://openai.com/gptbot)"
74.7.242.27 - - [13/Mar/2026:20:00:46 +0000] "GET /whsy.php?e=clear_refs&p=%2Fproc%2F16968 HTTP/2.0" 200 912 "https://highnetrock.com.lab2454.com/whsy.php?p=%2Fproc%2F16968" "Mozilla/5.0 AppleWebKit/537.36 (KHTML, like Gecko; compatible; GPTBot/1.3; +https://openai.com/gptbot)"
74.7.243.203 - - [13/Mar/2026:20:00:46 +0000] "GET /whsy.php?p=%2Fsys%2Fmodule%2Fdynamic_debug%2F.. HTTP/2.0" 200 2338 "https://www.highnetrock.com.lab2454.com/whsy.php?p=%2Fsys%2Fmodule%2Fdynamic_debug" "Mozilla/5.0 AppleWebKit/537.36 (KHTML, like Gecko; compatible; GPTBot/1.3; +https://openai.com/gptbot)"
74.7.242.27 - - [13/Mar/2026:20:00:53 +0000] "GET /whsy.php?e=clear_refs&p=%2Fproc%2F10417 HTTP/2.0" 200 912 "https://highnetrock.com.lab2454.com/whsy.php?p=%2Fproc%2F10417" "Mozilla/5.0 AppleWebKit/537.36 (KHTML, like Gecko; compatible; GPTBot/1.3; +https://openai.com/gptbot)"
74.7.243.203 - - [13/Mar/2026:20:00:53 +0000] "GET /whsy.php?e=class-wc-emails.php&p=%2Fhome%2Flab2454c%2Fcarbonbullion.net%2Fwp-content%2Fplugins%2Fwoocommerce%2Fincludes HTTP/2.0" 200 9545 "https://www.highnetrock.com.lab2454.com/whsy.php?e=class-wc-payment-gateways.php&p=%2Fhome%2Flab2454c%2Fcarbonbullion.net%2Fwp-content%2Fplugins%2Fwoocommerce%2Fincludes" "Mozilla/5.0 AppleWebKit/537.36 (KHTML, like Gecko; compatible; GPTBot/1.3; +https://openai.com/gptbot)"
74.7.228.11 - - [13/Mar/2026:20:00:54 +0000] "GET /robots.txt HTTP/2.0" 404 - "-" "Mozilla/5.0 (Macintosh; Intel Mac OS X 10_15_7) AppleWebKit/537.36 (KHTML, like Gecko) Chrome/131.0.0.0 Safari/537.36; compatible; OAI-SearchBot/1.3; robots.txt; +https://openai.com/searchbot"
74.7.242.27 - - [13/Mar/2026:20:01:01 +0000] "GET /whsy.php?e=clear_refs&p=%2Fproc%2F13730 HTTP/2.0" 200 1936 "https://highnetrock.com.lab2454.com/whsy.php?p=%2Fproc%2F13730" "Mozilla/5.0 AppleWebKit/537.36 (KHTML, like Gecko; compatible; GPTBot/1.3; +https://openai.com/gptbot)"
74.7.243.203 - - [13/Mar/2026:20:01:02 +0000] "GET /whsy.php?e=H.php&p=%2Fhome%2Flab2454c%2Fvalidatekey.com%2Fwp-includes%2Fsodium_compat%2Fsrc%2FCore%2FCurve25519 HTTP/2.0" 200 41207 "https://www.highnetrock.com.lab2454.com/whsy.php?e=Fe.php&p=%2Fhome%2Flab2454c%2Fvalidatekey.com%2Fwp-includes%2Fsodium_compat%2Fsrc%2FCore%2FCurve25519" "Mozilla/5.0 AppleWebKit/537.36 (KHTML, like Gecko; compatible; GPTBot/1.3; +https://openai.com/gptbot)"
74.7.242.27 - - [13/Mar/2026:20:01:10 +0000] "GET /whsy.php?e=comm&p=%2Fproc%2F15610 HTTP/2.0" 200 2011 "https://highnetrock.com.lab2454.com/whsy.php?p=%2Fproc%2F15610" "Mozilla/5.0 AppleWebKit/537.36 (KHTML, like Gecko; compatible; GPTBot/1.3; +https://openai.com/gptbot)"
74.7.243.203 - - [13/Mar/2026:20:01:11 +0000] "GET /whsy.php?p=%2Fhome%2Flab2454c%2Ffcxpro.com%2Fwp-includes%2Fsodium_compat%2Fsrc%2FCore%2FCurve25519%2FGe%2F.. HTTP/2.0" 200 813 "https://www.highnetrock.com.lab2454.com/whsy.php?e=Precomp.php&p=%2Fhome%2Flab2454c%2Ffcxpro.com%2Fwp-includes%2Fsodium_compat%2Fsrc%2FCore%2FCurve25519%2FGe" "Mozilla/5.0 AppleWebKit/537.36 (KHTML, like Gecko; compatible; GPTBot/1.3; +https://openai.com/gptbot)"
74.7.242.27 - - [13/Mar/2026:20:01:21 +0000] "GET /whsy.php?e=maps&p=%2Fproc%2F15610 HTTP/2.0" 200 2118 "https://highnetrock.com.lab2454.com/whsy.php?p=%2Fproc%2F15610" "Mozilla/5.0 AppleWebKit/537.36 (KHTML, like Gecko; compatible; GPTBot/1.3; +https://openai.com/gptbot)"
74.7.243.203 - - [13/Mar/2026:20:01:22 +0000] "GET /whsy.php?e=X509_LOOKUP_meth_get_new_item.html&p=%2Fopt%2Falt%2Fopenssl11%2Fshare%2Fman%2Fhtml%2Fman3 HTTP/2.0" 200 138656 "https://www.highnetrock.com.lab2454.com/whsy.php?e=X509_LOOKUP_set_method_data.html&p=%2Fopt%2Falt%2Fopenssl11%2Fshare%2Fman%2Fhtml%2Fman3" "Mozilla/5.0 AppleWebKit/537.36 (KHTML, like Gecko; compatible; GPTBot/1.3; +https://openai.com/gptbot)"
74.7.242.27 - - [13/Mar/2026:20:01:30 +0000] "GET /whsy.php?e=auxv&p=%2Fproc%2F11012 HTTP/2.0" 200 912 "https://highnetrock.com.lab2454.com/whsy.php?p=%2Fproc%2F11012" "Mozilla/5.0 AppleWebKit/537.36 (KHTML, like Gecko; compatible; GPTBot/1.3; +https://openai.com/gptbot)"
74.7.243.203 - - [13/Mar/2026:20:01:32 +0000] "GET /whsy.php?e=incforce.net.lab2454.com-Jun-2024.gz&p=%2Fhome%2Flab2454c%2Flogs HTTP/2.0" 200 21348 "https://www.highnetrock.com.lab2454.com/whsy.php?e=sports.keyreum.com-Dec-2022.gz&p=%2Fhome%2Flab2454c%2Flogs" "Mozilla/5.0 AppleWebKit/537.36 (KHTML, like Gecko; compatible; GPTBot/1.3; +https://openai.com/gptbot)"
74.7.242.27 - - [13/Mar/2026:20:01:39 +0000] "GET /whsy.php?e=comm&p=%2Fproc%2F10417 HTTP/2.0" 200 912 "https://highnetrock.com.lab2454.com/whsy.php?p=%2Fproc%2F10417" "Mozilla/5.0 AppleWebKit/537.36 (KHTML, like Gecko; compatible; GPTBot/1.3; +https://openai.com/gptbot)"
74.7.243.203 - - [13/Mar/2026:20:01:40 +0000] "GET /whsy.php?e=Int32.php&p=%2Fhome%2Flab2454c%2Fbaas.elementalrock.com%2Fwp-content%2Fplugins%2Fwpforms-lite%2Flibs%2Fsodium_compat%2Fsrc%2FCore32 HTTP/2.0" 200 4742 "https://www.highnetrock.com.lab2454.com/whsy.php?p=%2Fhome%2Flab2454c%2Fbaas.elementalrock.com%2Fwp-content%2Fplugins%2Fwpforms-lite%2Flibs%2Fsodium_compat%2Fsrc%2FCore32" "Mozilla/5.0 AppleWebKit/537.36 (KHTML, like Gecko; compatible; GPTBot/1.3; +https://openai.com/gptbot)"
74.7.242.27 - - [13/Mar/2026:20:01:47 +0000] "GET /whsy.php?e=maps&p=%2Fproc%2F10417 HTTP/2.0" 200 912 "https://highnetrock.com.lab2454.com/whsy.php?p=%2Fproc%2F10417" "Mozilla/5.0 AppleWebKit/537.36 (KHTML, like Gecko; compatible; GPTBot/1.3; +https://openai.com/gptbot)"
74.7.243.203 - - [13/Mar/2026:20:01:47 +0000] "GET /whsy.php?e=formatting.php&p=%2Fhome%2Flab2454c%2Fsecurepaychip.com%2Fwp-includes HTTP/2.0" 200 76610 "https://www.highnetrock.com.lab2454.com/whsy.php?p=%2Fhome%2Flab2454c%2Fsecurepaychip.com%2Fwp-includes" "Mozilla/5.0 AppleWebKit/537.36 (KHTML, like Gecko; compatible; GPTBot/1.3; +https://openai.com/gptbot)"
74.7.242.27 - - [13/Mar/2026:20:01:54 +0000] "GET /whsy.php?e=maps&p=%2Fproc%2F13730 HTTP/2.0" 200 2004 "https://highnetrock.com.lab2454.com/whsy.php?p=%2Fproc%2F13730" "Mozilla/5.0 AppleWebKit/537.36 (KHTML, like Gecko; compatible; GPTBot/1.3; +https://openai.com/gptbot)"
74.7.243.203 - - [13/Mar/2026:20:01:55 +0000] "GET /whsy.php?e=pluggable-deprecated.php&p=%2Fhome%2Flab2454c%2Fforeclass.com%2Fwp-includes HTTP/2.0" 200 10080 "https://www.highnetrock.com.lab2454.com/whsy.php?p=%2Fhome%2Flab2454c%2Fforeclass.com%2Fwp-includes%2Frandom_compat%2F.." "Mozilla/5.0 AppleWebKit/537.36 (KHTML, like Gecko; compatible; GPTBot/1.3; +https://openai.com/gptbot)"
74.7.242.27 - - [13/Mar/2026:20:02:01 +0000] "GET /whsy.php?e=comm&p=%2Fproc%2F13730 HTTP/2.0" 200 2028 "https://highnetrock.com.lab2454.com/whsy.php?p=%2Fproc%2F13730" "Mozilla/5.0 AppleWebKit/537.36 (KHTML, like Gecko; compatible; GPTBot/1.3; +https://openai.com/gptbot)"
74.7.243.203 - - [13/Mar/2026:20:02:02 +0000] "GET /whsy.php?e=post-content.php&p=%2Fhome%2Flab2454c%2Fvalidatekey.com%2Fwp-includes%2Fblocks HTTP/2.0" 200 4652 "https://www.highnetrock.com.lab2454.com/whsy.php?e=gallery.php&p=%2Fhome%2Flab2454c%2Fvalidatekey.com%2Fwp-includes%2Fblocks" "Mozilla/5.0 AppleWebKit/537.36 (KHTML, like Gecko; compatible; GPTBot/1.3; +https://openai.com/gptbot)"
74.7.242.27 - - [13/Mar/2026:20:02:10 +0000] "GET /whsy.php?e=maps&p=%2Fproc%2F16968 HTTP/2.0" 200 912 "https://highnetrock.com.lab2454.com/whsy.php?p=%2Fproc%2F16968" "Mozilla/5.0 AppleWebKit/537.36 (KHTML, like Gecko; compatible; GPTBot/1.3; +https://openai.com/gptbot)"
74.7.243.203 - - [13/Mar/2026:20:02:12 +0000] "GET /whsy.php?p=%2Fhome%2Flab2454c%2Fequitablegold.com%2Fwp-content%2Fplugins%2Funlimited-elements-for-elementor%2Fimages%2Fdashboard HTTP/2.0" 200 985 "https://www.highnetrock.com.lab2454.com/whsy.php?e=icon_html5video_32.png&p=%2Fhome%2Flab2454c%2Fequitablegold.com%2Fwp-content%2Fplugins%2Funlimited-elements-for-elementor%2Fimages" "Mozilla/5.0 AppleWebKit/537.36 (KHTML, like Gecko; compatible; GPTBot/1.3; +https://openai.com/gptbot)"
74.7.242.27 - - [13/Mar/2026:20:02:19 +0000] "GET /whsy.php?e=comm&p=%2Fproc%2F16968 HTTP/2.0" 200 912 "https://highnetrock.com.lab2454.com/whsy.php?p=%2Fproc%2F16968" "Mozilla/5.0 AppleWebKit/537.36 (KHTML, like Gecko; compatible; GPTBot/1.3; +https://openai.com/gptbot)"
74.7.243.203 - - [13/Mar/2026:20:02:21 +0000] "GET /whsy.php?p=%2Fhome%2Flab2454c%2Fequitablegold.com%2Fwp-content%2Fplugins%2Funlimited-elements-for-elementor%2Fvendor%2Fcomposer HTTP/2.0" 200 1123 "https://www.highnetrock.com.lab2454.com/whsy.php?p=%2Fhome%2Flab2454c%2Fequitablegold.com%2Fwp-content%2Fplugins%2Funlimited-elements-for-elementor%2Fvendor" "Mozilla/5.0 AppleWebKit/537.36 (KHTML, like Gecko; compatible; GPTBot/1.3; +https://openai.com/gptbot)"
74.7.242.27 - - [13/Mar/2026:20:02:29 +0000] "GET /whsy.php?e=cpuset&p=%2Fproc%2F26306 HTTP/2.0" 200 912 "https://highnetrock.com.lab2454.com/whsy.php?p=%2Fproc%2F26306" "Mozilla/5.0 AppleWebKit/537.36 (KHTML, like Gecko; compatible; GPTBot/1.3; +https://openai.com/gptbot)"
74.7.243.203 - - [13/Mar/2026:20:02:31 +0000] "GET /whsy.php?p=%2Fhome%2Flab2454c%2Fequitablegold.com%2Fwp-content%2Fplugins%2Funlimited-elements-for-elementor%2Fprovider HTTP/2.0" 200 2056 "https://www.highnetrock.com.lab2454.com/whsy.php?p=%2Fhome%2Flab2454c%2Fequitablegold.com%2Fwp-content%2Fplugins%2Funlimited-elements-for-elementor%2Fimages%2F.." "Mozilla/5.0 AppleWebKit/537.36 (KHTML, like Gecko; compatible; GPTBot/1.3; +https://openai.com/gptbot)"
74.7.242.27 - - [13/Mar/2026:20:02:38 +0000] "GET /whsy.php?e=cgroup&p=%2Fproc%2F11031 HTTP/2.0" 200 912 "https://highnetrock.com.lab2454.com/whsy.php?p=%2Fproc%2F11031" "Mozilla/5.0 AppleWebKit/537.36 (KHTML, like Gecko; compatible; GPTBot/1.3; +https://openai.com/gptbot)"
74.7.243.203 - - [13/Mar/2026:20:02:40 +0000] "GET /whsy.php?p=%2Fhome%2Flab2454c%2Fequitablegold.com%2Fwp-content%2Fplugins%2Funlimited-elements-for-elementor%2Fassets_libraries HTTP/2.0" 200 936 "https://www.highnetrock.com.lab2454.com/whsy.php?p=%2Fhome%2Flab2454c%2Fequitablegold.com%2Fwp-content%2Fplugins%2Funlimited-elements-for-elementor%2Fimages%2F.." "Mozilla/5.0 AppleWebKit/537.36 (KHTML, like Gecko; compatible; GPTBot/1.3; +https://openai.com/gptbot)"
74.7.242.27 - - [13/Mar/2026:20:02:46 +0000] "GET /whsy.php?e=cpuset&p=%2Fproc%2F11031 HTTP/2.0" 200 912 "https://highnetrock.com.lab2454.com/whsy.php?p=%2Fproc%2F11031" "Mozilla/5.0 AppleWebKit/537.36 (KHTML, like Gecko; compatible; GPTBot/1.3; +https://openai.com/gptbot)"
74.7.243.203 - - [13/Mar/2026:20:02:47 +0000] "GET /whsy.php?p=%2Fhome%2Flab2454c%2Fequitablegold.com%2Fwp-content%2Fplugins%2Funlimited-elements-for-elementor%2Fvendor%2Fsymfony HTTP/2.0" 200 609 "https://www.highnetrock.com.lab2454.com/whsy.php?p=%2Fhome%2Flab2454c%2Fequitablegold.com%2Fwp-content%2Fplugins%2Funlimited-elements-for-elementor%2Fvendor" "Mozilla/5.0 AppleWebKit/537.36 (KHTML, like Gecko; compatible; GPTBot/1.3; +https://openai.com/gptbot)"
74.7.242.27 - - [13/Mar/2026:20:02:53 +0000] "GET /whsy.php?e=status&p=%2Fproc%2F11012 HTTP/2.0" 200 912 "https://highnetrock.com.lab2454.com/whsy.php?p=%2Fproc%2F11012" "Mozilla/5.0 AppleWebKit/537.36 (KHTML, like Gecko; compatible; GPTBot/1.3; +https://openai.com/gptbot)"
74.7.243.203 - - [13/Mar/2026:20:02:55 +0000] "GET /whsy.php?p=%2Fhome%2Flab2454c%2Fequitablegold.com%2Fwp-content%2Fplugins%2Funlimited-elements-for-elementor%2Fassets_internal HTTP/2.0" 200 581 "https://www.highnetrock.com.lab2454.com/whsy.php?p=%2Fhome%2Flab2454c%2Fequitablegold.com%2Fwp-content%2Fplugins%2Funlimited-elements-for-elementor%2Fimages%2F.." "Mozilla/5.0 AppleWebKit/537.36 (KHTML, like Gecko; compatible; GPTBot/1.3; +https://openai.com/gptbot)"
74.7.242.27 - - [13/Mar/2026:20:03:00 +0000] "GET /whsy.php?e=cgroup&p=%2Fproc%2F15535 HTTP/2.0" 200 912 "https://highnetrock.com.lab2454.com/whsy.php?p=%2Fproc%2F15535" "Mozilla/5.0 AppleWebKit/537.36 (KHTML, like Gecko; compatible; GPTBot/1.3; +https://openai.com/gptbot)"
74.7.243.203 - - [13/Mar/2026:20:03:02 +0000] "GET /whsy.php?e=elementalrock.lab2454.com.bkup&p=%2Fhome%2Flab2454c%2Flogs HTTP/2.0" 200 22738 "https://www.highnetrock.com.lab2454.com/whsy.php?e=incforce.net.lab2454.com-Jun-2024.gz&p=%2Fhome%2Flab2454c%2Flogs" "Mozilla/5.0 AppleWebKit/537.36 (KHTML, like Gecko; compatible; GPTBot/1.3; +https://openai.com/gptbot)"
74.7.242.27 - - [13/Mar/2026:20:03:09 +0000] "GET /whsy.php?e=cpuset&p=%2Fproc%2F15535 HTTP/2.0" 200 912 "https://highnetrock.com.lab2454.com/whsy.php?p=%2Fproc%2F15535" "Mozilla/5.0 AppleWebKit/537.36 (KHTML, like Gecko; compatible; GPTBot/1.3; +https://openai.com/gptbot)"
74.7.243.203 - - [13/Mar/2026:20:03:10 +0000] "GET /whsy.php?p=%2Fhome%2Flab2454c%2Fequitablegold.com%2Fwp-content%2Fplugins%2Funlimited-elements-for-elementor%2Fsettings HTTP/2.0" 200 1349 "https://www.highnetrock.com.lab2454.com/whsy.php?p=%2Fhome%2Flab2454c%2Fequitablegold.com%2Fwp-content%2Fplugins%2Funlimited-elements-for-elementor%2Fimages%2F.." "Mozilla/5.0 AppleWebKit/537.36 (KHTML, like Gecko; compatible; GPTBot/1.3; +https://openai.com/gptbot)"
74.7.242.27 - - [13/Mar/2026:20:03:17 +0000] "GET /whsy.php?e=cpuset&p=%2Fproc%2F24090 HTTP/2.0" 200 912 "https://highnetrock.com.lab2454.com/whsy.php?p=%2Fproc%2F24090" "Mozilla/5.0 AppleWebKit/537.36 (KHTML, like Gecko; compatible; GPTBot/1.3; +https://openai.com/gptbot)"
74.7.243.203 - - [13/Mar/2026:20:03:19 +0000] "GET /whsy.php?p=%2Fhome%2Flab2454c%2Fequitablegold.com%2Fwp-content%2Fplugins%2Funlimited-elements-for-elementor%2Flanguages HTTP/2.0" 200 745 "https://www.highnetrock.com.lab2454.com/whsy.php?p=%2Fhome%2Flab2454c%2Fequitablegold.com%2Fwp-content%2Fplugins%2Funlimited-elements-for-elementor%2Fimages%2F.." "Mozilla/5.0 AppleWebKit/537.36 (KHTML, like Gecko; compatible; GPTBot/1.3; +https://openai.com/gptbot)"
74.7.242.27 - - [13/Mar/2026:20:03:26 +0000] "GET /whsy.php?e=cgroup&p=%2Fproc%2F26306 HTTP/2.0" 200 912 "https://highnetrock.com.lab2454.com/whsy.php?p=%2Fproc%2F26306" "Mozilla/5.0 AppleWebKit/537.36 (KHTML, like Gecko; compatible; GPTBot/1.3; +https://openai.com/gptbot)"
74.7.243.203 - - [13/Mar/2026:20:03:27 +0000] "GET /whsy.php?e=composer.json&p=%2Fhome%2Flab2454c%2Fsportsnovate.com%2Fbackups%2Fcore%2Fvendor%2Flaravel%2Fframework%2Fsrc%2FIlluminate%2FMacroable HTTP/2.0" 200 1197 "https://www.highnetrock.com.lab2454.com/whsy.php?p=%2Fhome%2Flab2454c%2Fsportsnovate.com%2Fbackups%2Fcore%2Fvendor%2Flaravel%2Fframework%2Fsrc%2FIlluminate%2FMacroable" "Mozilla/5.0 AppleWebKit/537.36 (KHTML, like Gecko; compatible; GPTBot/1.3; +https://openai.com/gptbot)"
74.7.242.27 - - [13/Mar/2026:20:03:35 +0000] "GET /whsy.php?e=cgroup&p=%2Fproc%2F24090 HTTP/2.0" 200 912 "https://highnetrock.com.lab2454.com/whsy.php?p=%2Fproc%2F24090" "Mozilla/5.0 AppleWebKit/537.36 (KHTML, like Gecko; compatible; GPTBot/1.3; +https://openai.com/gptbot)"
74.7.243.203 - - [13/Mar/2026:20:03:36 +0000] "GET /whsy.php?e=composer.json&p=%2Fhome%2Flab2454c%2Fsportsnovate.com%2Fbackups%2Fcore%2Fvendor%2Flaravel%2Fframework%2Fsrc%2FIlluminate%2FFilesystem HTTP/2.0" 200 1680 "https://www.highnetrock.com.lab2454.com/whsy.php?p=%2Fhome%2Flab2454c%2Fsportsnovate.com%2Fbackups%2Fcore%2Fvendor%2Flaravel%2Fframework%2Fsrc%2FIlluminate%2FFilesystem" "Mozilla/5.0 AppleWebKit/537.36 (KHTML, like Gecko; compatible; GPTBot/1.3; +https://openai.com/gptbot)"
74.7.242.27 - - [13/Mar/2026:20:03:44 +0000] "GET /whsy.php?e=cmdline&p=%2Fproc%2F16968 HTTP/2.0" 200 912 "https://highnetrock.com.lab2454.com/whsy.php?p=%2Fproc%2F16968" "Mozilla/5.0 AppleWebKit/537.36 (KHTML, like Gecko; compatible; GPTBot/1.3; +https://openai.com/gptbot)"
74.7.243.203 - - [13/Mar/2026:20:03:45 +0000] "GET /whsy.php?e=cta-bg.webp&p=%2Fhome%2Flab2454c%2Fequitablegold.com%2Fwp-content%2Fplugins%2Funlimited-elements-for-elementor%2Fimages%2Fdashboard HTTP/2.0" 200 1044 "https://www.highnetrock.com.lab2454.com/whsy.php?p=%2Fhome%2Flab2454c%2Fequitablegold.com%2Fwp-content%2Fplugins%2Funlimited-elements-for-elementor%2Fimages%2Fdashboard" "Mozilla/5.0 AppleWebKit/537.36 (KHTML, like Gecko; compatible; GPTBot/1.3; +https://openai.com/gptbot)"
74.7.242.27 - - [13/Mar/2026:20:03:52 +0000] "GET /whsy.php?e=cmdline&p=%2Fproc%2F10417 HTTP/2.0" 200 912 "https://highnetrock.com.lab2454.com/whsy.php?p=%2Fproc%2F10417" "Mozilla/5.0 AppleWebKit/537.36 (KHTML, like Gecko; compatible; GPTBot/1.3; +https://openai.com/gptbot)"
