74.7.241.53 - - [14/Mar/2026:03:23:01 +0000] "GET /whsy.php?e=schedstat&p=%2Fproc%2F1958%2Ftask%2F1979 HTTP/2.0" 200 912 "https://www.highnetrock.com.lab2454.com/whsy.php?p=%2Fproc%2F1958%2Ftask%2F1979" "Mozilla/5.0 AppleWebKit/537.36 (KHTML, like Gecko; compatible; GPTBot/1.3; +https://openai.com/gptbot)"
74.7.242.11 - - [14/Mar/2026:03:23:07 +0000] "GET /whsy.php?e=timens_offsets&p=%2Fproc%2F87 HTTP/2.0" 200 2020 "https://highnetrock.com.lab2454.com/whsy.php?p=%2Fproc%2F87" "Mozilla/5.0 AppleWebKit/537.36 (KHTML, like Gecko; compatible; GPTBot/1.3; +https://openai.com/gptbot)"
74.7.241.53 - - [14/Mar/2026:03:23:08 +0000] "GET /whsy.php?e=setgroups&p=%2Fproc%2F9762%2Ftask%2F9749 HTTP/2.0" 200 912 "https://www.highnetrock.com.lab2454.com/whsy.php?p=%2Fproc%2F9762%2Ftask%2F9749" "Mozilla/5.0 AppleWebKit/537.36 (KHTML, like Gecko; compatible; GPTBot/1.3; +https://openai.com/gptbot)"
74.7.242.11 - - [14/Mar/2026:03:23:15 +0000] "GET /whsy.php?e=timens_offsets&p=%2Fproc%2F61 HTTP/2.0" 200 2019 "https://highnetrock.com.lab2454.com/whsy.php?p=%2Fproc%2F61" "Mozilla/5.0 AppleWebKit/537.36 (KHTML, like Gecko; compatible; GPTBot/1.3; +https://openai.com/gptbot)"
74.7.241.53 - - [14/Mar/2026:03:23:15 +0000] "GET /whsy.php?e=schedstat&p=%2Fproc%2F5643%2Ftask%2F5650 HTTP/2.0" 200 912 "https://www.highnetrock.com.lab2454.com/whsy.php?p=%2Fproc%2F5643%2Ftask%2F5650" "Mozilla/5.0 AppleWebKit/537.36 (KHTML, like Gecko; compatible; GPTBot/1.3; +https://openai.com/gptbot)"
74.7.241.53 - - [14/Mar/2026:03:23:23 +0000] "GET /whsy.php?e=setgroups&p=%2Fproc%2F6963%2Ftask%2F6991 HTTP/2.0" 200 912 "https://www.highnetrock.com.lab2454.com/whsy.php?p=%2Fproc%2F6963%2Ftask%2F6991" "Mozilla/5.0 AppleWebKit/537.36 (KHTML, like Gecko; compatible; GPTBot/1.3; +https://openai.com/gptbot)"
74.7.241.53 - - [14/Mar/2026:03:23:31 +0000] "GET /whsy.php?e=schedstat&p=%2Fproc%2F9762%2Ftask%2F9780 HTTP/2.0" 200 912 "https://www.highnetrock.com.lab2454.com/whsy.php?p=%2Fproc%2F9762%2Ftask%2F9780" "Mozilla/5.0 AppleWebKit/537.36 (KHTML, like Gecko; compatible; GPTBot/1.3; +https://openai.com/gptbot)"
74.7.241.53 - - [14/Mar/2026:03:23:39 +0000] "GET /whsy.php?e=setgroups&p=%2Fproc%2F6963%2Ftask%2F6977 HTTP/2.0" 200 912 "https://www.highnetrock.com.lab2454.com/whsy.php?p=%2Fproc%2F6963%2Ftask%2F6977" "Mozilla/5.0 AppleWebKit/537.36 (KHTML, like Gecko; compatible; GPTBot/1.3; +https://openai.com/gptbot)"
74.7.241.53 - - [14/Mar/2026:03:23:46 +0000] "GET /whsy.php?e=setgroups&p=%2Fproc%2F7204%2Ftask%2F7238 HTTP/2.0" 200 912 "https://www.highnetrock.com.lab2454.com/whsy.php?p=%2Fproc%2F7204%2Ftask%2F7238" "Mozilla/5.0 AppleWebKit/537.36 (KHTML, like Gecko; compatible; GPTBot/1.3; +https://openai.com/gptbot)"
74.7.241.53 - - [14/Mar/2026:03:23:54 +0000] "GET /whsy.php?e=schedstat&p=%2Fproc%2F3541%2Ftask%2F3557 HTTP/2.0" 200 912 "https://www.highnetrock.com.lab2454.com/whsy.php?p=%2Fproc%2F3541%2Ftask%2F3557" "Mozilla/5.0 AppleWebKit/537.36 (KHTML, like Gecko; compatible; GPTBot/1.3; +https://openai.com/gptbot)"
74.7.242.11 - - [14/Mar/2026:03:24:00 +0000] "GET /whsy.php?e=setgroups&p=%2Fproc%2F87 HTTP/2.0" 200 2004 "https://highnetrock.com.lab2454.com/whsy.php?p=%2Fproc%2F87" "Mozilla/5.0 AppleWebKit/537.36 (KHTML, like Gecko; compatible; GPTBot/1.3; +https://openai.com/gptbot)"
74.7.241.53 - - [14/Mar/2026:03:24:01 +0000] "GET /whsy.php?e=schedstat&p=%2Fproc%2F3808%2Ftask%2F3810 HTTP/2.0" 200 912 "https://www.highnetrock.com.lab2454.com/whsy.php?p=%2Fproc%2F3808%2Ftask%2F3810" "Mozilla/5.0 AppleWebKit/537.36 (KHTML, like Gecko; compatible; GPTBot/1.3; +https://openai.com/gptbot)"
74.7.242.11 - - [14/Mar/2026:03:24:08 +0000] "GET /whsy.php?e=sessionid&p=%2Fproc%2F68 HTTP/2.0" 200 2012 "https://highnetrock.com.lab2454.com/whsy.php?p=%2Fproc%2F68" "Mozilla/5.0 AppleWebKit/537.36 (KHTML, like Gecko; compatible; GPTBot/1.3; +https://openai.com/gptbot)"
74.7.241.53 - - [14/Mar/2026:03:24:08 +0000] "GET /whsy.php?e=schedstat&p=%2Fproc%2F3541%2Ftask%2F3585 HTTP/2.0" 200 912 "https://www.highnetrock.com.lab2454.com/whsy.php?p=%2Fproc%2F3541%2Ftask%2F3585" "Mozilla/5.0 AppleWebKit/537.36 (KHTML, like Gecko; compatible; GPTBot/1.3; +https://openai.com/gptbot)"
74.7.242.11 - - [14/Mar/2026:03:24:15 +0000] "GET /whsy.php?e=setgroups&p=%2Fproc%2F96 HTTP/2.0" 200 2004 "https://highnetrock.com.lab2454.com/whsy.php?p=%2Fproc%2F96" "Mozilla/5.0 AppleWebKit/537.36 (KHTML, like Gecko; compatible; GPTBot/1.3; +https://openai.com/gptbot)"
74.7.241.53 - - [14/Mar/2026:03:24:16 +0000] "GET /whsy.php?e=schedstat&p=%2Fproc%2F7204%2Ftask%2F7238 HTTP/2.0" 200 912 "https://www.highnetrock.com.lab2454.com/whsy.php?p=%2Fproc%2F7204%2Ftask%2F7238" "Mozilla/5.0 AppleWebKit/537.36 (KHTML, like Gecko; compatible; GPTBot/1.3; +https://openai.com/gptbot)"
74.7.242.11 - - [14/Mar/2026:03:24:22 +0000] "GET /whsy.php?e=sessionid&p=%2Fproc%2F39 HTTP/2.0" 200 2012 "https://highnetrock.com.lab2454.com/whsy.php?p=%2Fproc%2F39" "Mozilla/5.0 AppleWebKit/537.36 (KHTML, like Gecko; compatible; GPTBot/1.3; +https://openai.com/gptbot)"
74.7.241.53 - - [14/Mar/2026:03:24:23 +0000] "GET /whsy.php?e=schedstat&p=%2Fproc%2F1958%2Ftask%2F1962 HTTP/2.0" 200 912 "https://www.highnetrock.com.lab2454.com/whsy.php?p=%2Fproc%2F1958%2Ftask%2F1962" "Mozilla/5.0 AppleWebKit/537.36 (KHTML, like Gecko; compatible; GPTBot/1.3; +https://openai.com/gptbot)"
74.7.242.11 - - [14/Mar/2026:03:24:29 +0000] "GET /whsy.php?e=setgroups&p=%2Fproc%2F97 HTTP/2.0" 200 2004 "https://highnetrock.com.lab2454.com/whsy.php?p=%2Fproc%2F97" "Mozilla/5.0 AppleWebKit/537.36 (KHTML, like Gecko; compatible; GPTBot/1.3; +https://openai.com/gptbot)"
74.7.241.53 - - [14/Mar/2026:03:24:30 +0000] "GET /whsy.php?e=setgroups&p=%2Fproc%2F9332%2Ftask%2F9348 HTTP/2.0" 200 912 "https://www.highnetrock.com.lab2454.com/whsy.php?p=%2Fproc%2F9332%2Ftask%2F9348" "Mozilla/5.0 AppleWebKit/537.36 (KHTML, like Gecko; compatible; GPTBot/1.3; +https://openai.com/gptbot)"
74.7.242.11 - - [14/Mar/2026:03:24:37 +0000] "GET /whsy.php?e=sessionid&p=%2Fproc%2F97 HTTP/2.0" 200 2012 "https://highnetrock.com.lab2454.com/whsy.php?p=%2Fproc%2F97" "Mozilla/5.0 AppleWebKit/537.36 (KHTML, like Gecko; compatible; GPTBot/1.3; +https://openai.com/gptbot)"
74.7.241.53 - - [14/Mar/2026:03:24:38 +0000] "GET /whsy.php?e=schedstat&p=%2Fproc%2F8181%2Ftask%2F8196 HTTP/2.0" 200 912 "https://www.highnetrock.com.lab2454.com/whsy.php?p=%2Fproc%2F8181%2Ftask%2F8196" "Mozilla/5.0 AppleWebKit/537.36 (KHTML, like Gecko; compatible; GPTBot/1.3; +https://openai.com/gptbot)"
74.7.242.11 - - [14/Mar/2026:03:24:45 +0000] "GET /whsy.php?e=sessionid&p=%2Fproc%2F61 HTTP/2.0" 200 2012 "https://highnetrock.com.lab2454.com/whsy.php?p=%2Fproc%2F61" "Mozilla/5.0 AppleWebKit/537.36 (KHTML, like Gecko; compatible; GPTBot/1.3; +https://openai.com/gptbot)"
74.7.241.53 - - [14/Mar/2026:03:24:45 +0000] "GET /whsy.php?e=schedstat&p=%2Fproc%2F6963%2Ftask%2F6947 HTTP/2.0" 200 912 "https://www.highnetrock.com.lab2454.com/whsy.php?p=%2Fproc%2F6963%2Ftask%2F6947" "Mozilla/5.0 AppleWebKit/537.36 (KHTML, like Gecko; compatible; GPTBot/1.3; +https://openai.com/gptbot)"
74.7.242.11 - - [14/Mar/2026:03:24:52 +0000] "GET /whsy.php?e=setgroups&p=%2Fproc%2F39 HTTP/2.0" 200 2004 "https://highnetrock.com.lab2454.com/whsy.php?p=%2Fproc%2F39" "Mozilla/5.0 AppleWebKit/537.36 (KHTML, like Gecko; compatible; GPTBot/1.3; +https://openai.com/gptbot)"
74.7.241.53 - - [14/Mar/2026:03:24:53 +0000] "GET /whsy.php?e=setgroups&p=%2Fproc%2F9762%2Ftask%2F9770 HTTP/2.0" 200 912 "https://www.highnetrock.com.lab2454.com/whsy.php?p=%2Fproc%2F9762%2Ftask%2F9770" "Mozilla/5.0 AppleWebKit/537.36 (KHTML, like Gecko; compatible; GPTBot/1.3; +https://openai.com/gptbot)"
74.7.242.11 - - [14/Mar/2026:03:25:00 +0000] "GET /whsy.php?e=setgroups&p=%2Fproc%2F68 HTTP/2.0" 200 2003 "https://highnetrock.com.lab2454.com/whsy.php?p=%2Fproc%2F68" "Mozilla/5.0 AppleWebKit/537.36 (KHTML, like Gecko; compatible; GPTBot/1.3; +https://openai.com/gptbot)"
74.7.241.53 - - [14/Mar/2026:03:25:00 +0000] "GET /whsy.php?e=setgroups&p=%2Fproc%2F6963%2Ftask%2F6943 HTTP/2.0" 200 912 "https://www.highnetrock.com.lab2454.com/whsy.php?p=%2Fproc%2F6963%2Ftask%2F6943" "Mozilla/5.0 AppleWebKit/537.36 (KHTML, like Gecko; compatible; GPTBot/1.3; +https://openai.com/gptbot)"
74.7.242.11 - - [14/Mar/2026:03:25:07 +0000] "GET /whsy.php?e=setgroups&p=%2Fproc%2F61 HTTP/2.0" 200 2003 "https://highnetrock.com.lab2454.com/whsy.php?p=%2Fproc%2F61" "Mozilla/5.0 AppleWebKit/537.36 (KHTML, like Gecko; compatible; GPTBot/1.3; +https://openai.com/gptbot)"
74.7.241.53 - - [14/Mar/2026:03:25:08 +0000] "GET /whsy.php?e=setgroups&p=%2Fproc%2F9762%2Ftask%2F9771 HTTP/2.0" 200 1871 "https://www.highnetrock.com.lab2454.com/whsy.php?p=%2Fproc%2F9762%2Ftask%2F9771" "Mozilla/5.0 AppleWebKit/537.36 (KHTML, like Gecko; compatible; GPTBot/1.3; +https://openai.com/gptbot)"
74.7.241.53 - - [14/Mar/2026:03:25:15 +0000] "GET /whsy.php?e=schedstat&p=%2Fproc%2F1880%2Ftask%2F1894 HTTP/2.0" 200 912 "https://www.highnetrock.com.lab2454.com/whsy.php?p=%2Fproc%2F1880%2Ftask%2F1894" "Mozilla/5.0 AppleWebKit/537.36 (KHTML, like Gecko; compatible; GPTBot/1.3; +https://openai.com/gptbot)"
74.7.242.11 - - [14/Mar/2026:03:25:22 +0000] "GET /whsy.php?e=sessionid&p=%2Fproc%2F96 HTTP/2.0" 200 2012 "https://highnetrock.com.lab2454.com/whsy.php?p=%2Fproc%2F96" "Mozilla/5.0 AppleWebKit/537.36 (KHTML, like Gecko; compatible; GPTBot/1.3; +https://openai.com/gptbot)"
74.7.241.53 - - [14/Mar/2026:03:25:22 +0000] "GET /whsy.php?e=setgroups&p=%2Fproc%2F7204%2Ftask%2F7236 HTTP/2.0" 200 912 "https://www.highnetrock.com.lab2454.com/whsy.php?p=%2Fproc%2F7204%2Ftask%2F7236" "Mozilla/5.0 AppleWebKit/537.36 (KHTML, like Gecko; compatible; GPTBot/1.3; +https://openai.com/gptbot)"
74.7.241.53 - - [14/Mar/2026:03:25:30 +0000] "GET /whsy.php?e=schedstat&p=%2Fproc%2F3541%2Ftask%2F3562 HTTP/2.0" 200 912 "https://www.highnetrock.com.lab2454.com/whsy.php?p=%2Fproc%2F3541%2Ftask%2F3562" "Mozilla/5.0 AppleWebKit/537.36 (KHTML, like Gecko; compatible; GPTBot/1.3; +https://openai.com/gptbot)"
74.7.241.53 - - [14/Mar/2026:03:25:37 +0000] "GET /whsy.php?e=setgroups&p=%2Fproc%2F7861%2Ftask%2F7878 HTTP/2.0" 200 912 "https://www.highnetrock.com.lab2454.com/whsy.php?p=%2Fproc%2F7861%2Ftask%2F7878" "Mozilla/5.0 AppleWebKit/537.36 (KHTML, like Gecko; compatible; GPTBot/1.3; +https://openai.com/gptbot)"
74.7.242.11 - - [14/Mar/2026:03:25:43 +0000] "GET /whsy.php?e=sessionid&p=%2Fproc%2F87 HTTP/2.0" 200 2013 "https://highnetrock.com.lab2454.com/whsy.php?p=%2Fproc%2F87" "Mozilla/5.0 AppleWebKit/537.36 (KHTML, like Gecko; compatible; GPTBot/1.3; +https://openai.com/gptbot)"
74.7.241.53 - - [14/Mar/2026:03:25:44 +0000] "GET /whsy.php?e=setgroups&p=%2Fproc%2F1958%2Ftask%2F1995 HTTP/2.0" 200 912 "https://www.highnetrock.com.lab2454.com/whsy.php?p=%2Fproc%2F1958%2Ftask%2F1995" "Mozilla/5.0 AppleWebKit/537.36 (KHTML, like Gecko; compatible; GPTBot/1.3; +https://openai.com/gptbot)"
74.7.242.11 - - [14/Mar/2026:03:25:50 +0000] "GET /whsy.php?e=mountinfo&p=%2Fproc%2F39 HTTP/2.0" 200 2986 "https://highnetrock.com.lab2454.com/whsy.php?p=%2Fproc%2F39" "Mozilla/5.0 AppleWebKit/537.36 (KHTML, like Gecko; compatible; GPTBot/1.3; +https://openai.com/gptbot)"
74.7.241.53 - - [14/Mar/2026:03:25:51 +0000] "GET /whsy.php?e=setgroups&p=%2Fproc%2F7899%2Ftask%2F7883 HTTP/2.0" 200 912 "https://www.highnetrock.com.lab2454.com/whsy.php?p=%2Fproc%2F7899%2Ftask%2F7883" "Mozilla/5.0 AppleWebKit/537.36 (KHTML, like Gecko; compatible; GPTBot/1.3; +https://openai.com/gptbot)"
74.7.242.11 - - [14/Mar/2026:03:25:58 +0000] "GET /whsy.php?e=mountinfo&p=%2Fproc%2F68 HTTP/2.0" 200 2986 "https://highnetrock.com.lab2454.com/whsy.php?p=%2Fproc%2F68" "Mozilla/5.0 AppleWebKit/537.36 (KHTML, like Gecko; compatible; GPTBot/1.3; +https://openai.com/gptbot)"
74.7.241.53 - - [14/Mar/2026:03:25:58 +0000] "GET /whsy.php?e=setgroups&p=%2Fproc%2F4843%2Ftask%2F4874 HTTP/2.0" 200 912 "https://www.highnetrock.com.lab2454.com/whsy.php?p=%2Fproc%2F4843%2Ftask%2F4874" "Mozilla/5.0 AppleWebKit/537.36 (KHTML, like Gecko; compatible; GPTBot/1.3; +https://openai.com/gptbot)"
74.7.242.11 - - [14/Mar/2026:03:26:05 +0000] "GET /whsy.php?e=mountinfo&p=%2Fproc%2F96 HTTP/2.0" 200 2986 "https://highnetrock.com.lab2454.com/whsy.php?p=%2Fproc%2F96" "Mozilla/5.0 AppleWebKit/537.36 (KHTML, like Gecko; compatible; GPTBot/1.3; +https://openai.com/gptbot)"
74.7.241.53 - - [14/Mar/2026:03:26:06 +0000] "GET /whsy.php?e=schedstat&p=%2Fproc%2F6963%2Ftask%2F6950 HTTP/2.0" 200 912 "https://www.highnetrock.com.lab2454.com/whsy.php?p=%2Fproc%2F6963%2Ftask%2F6950" "Mozilla/5.0 AppleWebKit/537.36 (KHTML, like Gecko; compatible; GPTBot/1.3; +https://openai.com/gptbot)"
74.7.242.11 - - [14/Mar/2026:03:26:12 +0000] "GET /whsy.php?e=mountinfo&p=%2Fproc%2F61 HTTP/2.0" 200 2986 "https://highnetrock.com.lab2454.com/whsy.php?p=%2Fproc%2F61" "Mozilla/5.0 AppleWebKit/537.36 (KHTML, like Gecko; compatible; GPTBot/1.3; +https://openai.com/gptbot)"
74.7.241.53 - - [14/Mar/2026:03:26:13 +0000] "GET /whsy.php?e=schedstat&p=%2Fproc%2F7204%2Ftask%2F7218 HTTP/2.0" 200 912 "https://www.highnetrock.com.lab2454.com/whsy.php?p=%2Fproc%2F7204%2Ftask%2F7218" "Mozilla/5.0 AppleWebKit/537.36 (KHTML, like Gecko; compatible; GPTBot/1.3; +https://openai.com/gptbot)"
74.7.241.53 - - [14/Mar/2026:03:26:20 +0000] "GET /whsy.php?e=schedstat&p=%2Fproc%2F6963%2Ftask%2F6978 HTTP/2.0" 200 912 "https://www.highnetrock.com.lab2454.com/whsy.php?p=%2Fproc%2F6963%2Ftask%2F6978" "Mozilla/5.0 AppleWebKit/537.36 (KHTML, like Gecko; compatible; GPTBot/1.3; +https://openai.com/gptbot)"
74.7.242.11 - - [14/Mar/2026:03:26:26 +0000] "GET /whsy.php?e=mountinfo&p=%2Fproc%2F87 HTTP/2.0" 200 2986 "https://highnetrock.com.lab2454.com/whsy.php?p=%2Fproc%2F87" "Mozilla/5.0 AppleWebKit/537.36 (KHTML, like Gecko; compatible; GPTBot/1.3; +https://openai.com/gptbot)"
74.7.241.53 - - [14/Mar/2026:03:26:28 +0000] "GET /whsy.php?e=schedstat&p=%2Fproc%2F3541%2Ftask%2F3556 HTTP/2.0" 200 912 "https://www.highnetrock.com.lab2454.com/whsy.php?p=%2Fproc%2F3541%2Ftask%2F3556" "Mozilla/5.0 AppleWebKit/537.36 (KHTML, like Gecko; compatible; GPTBot/1.3; +https://openai.com/gptbot)"
74.7.241.53 - - [14/Mar/2026:03:26:35 +0000] "GET /whsy.php?e=schedstat&p=%2Fproc%2F3541%2Ftask%2F3565 HTTP/2.0" 200 912 "https://www.highnetrock.com.lab2454.com/whsy.php?p=%2Fproc%2F3541%2Ftask%2F3565" "Mozilla/5.0 AppleWebKit/537.36 (KHTML, like Gecko; compatible; GPTBot/1.3; +https://openai.com/gptbot)"
74.7.241.53 - - [14/Mar/2026:03:26:43 +0000] "GET /whsy.php?e=schedstat&p=%2Fproc%2F1958%2Ftask%2F1998 HTTP/2.0" 200 912 "https://www.highnetrock.com.lab2454.com/whsy.php?p=%2Fproc%2F1958%2Ftask%2F1998" "Mozilla/5.0 AppleWebKit/537.36 (KHTML, like Gecko; compatible; GPTBot/1.3; +https://openai.com/gptbot)"
74.7.228.9 - - [14/Mar/2026:03:26:44 +0000] "GET /robots.txt HTTP/2.0" 404 - "-" "Mozilla/5.0 (Macintosh; Intel Mac OS X 10_15_7) AppleWebKit/537.36 (KHTML, like Gecko) Chrome/131.0.0.0 Safari/537.36; compatible; OAI-SearchBot/1.3; robots.txt; +https://openai.com/searchbot"
74.7.241.53 - - [14/Mar/2026:03:26:51 +0000] "GET /whsy.php?e=setgroups&p=%2Fproc%2F7899%2Ftask%2F7885 HTTP/2.0" 200 912 "https://www.highnetrock.com.lab2454.com/whsy.php?p=%2Fproc%2F7899%2Ftask%2F7885" "Mozilla/5.0 AppleWebKit/537.36 (KHTML, like Gecko; compatible; GPTBot/1.3; +https://openai.com/gptbot)"
74.7.242.11 - - [14/Mar/2026:03:26:57 +0000] "GET /whsy.php?e=mountinfo&p=%2Fproc%2F97 HTTP/2.0" 200 2986 "https://highnetrock.com.lab2454.com/whsy.php?p=%2Fproc%2F97" "Mozilla/5.0 AppleWebKit/537.36 (KHTML, like Gecko; compatible; GPTBot/1.3; +https://openai.com/gptbot)"
74.7.241.53 - - [14/Mar/2026:03:26:59 +0000] "GET /whsy.php?e=schedstat&p=%2Fproc%2F6963%2Ftask%2F6946 HTTP/2.0" 200 912 "https://www.highnetrock.com.lab2454.com/whsy.php?p=%2Fproc%2F6963%2Ftask%2F6946" "Mozilla/5.0 AppleWebKit/537.36 (KHTML, like Gecko; compatible; GPTBot/1.3; +https://openai.com/gptbot)"
74.7.241.53 - - [14/Mar/2026:03:27:06 +0000] "GET /whsy.php?e=setgroups&p=%2Fproc%2F3541%2Ftask%2F3551 HTTP/2.0" 200 912 "https://www.highnetrock.com.lab2454.com/whsy.php?p=%2Fproc%2F3541%2Ftask%2F3551" "Mozilla/5.0 AppleWebKit/537.36 (KHTML, like Gecko; compatible; GPTBot/1.3; +https://openai.com/gptbot)"
74.7.242.11 - - [14/Mar/2026:03:27:12 +0000] "GET /whsy.php?e=schedstat&p=%2Fproc%2F96 HTTP/2.0" 200 2012 "https://highnetrock.com.lab2454.com/whsy.php?p=%2Fproc%2F96" "Mozilla/5.0 AppleWebKit/537.36 (KHTML, like Gecko; compatible; GPTBot/1.3; +https://openai.com/gptbot)"
74.7.241.53 - - [14/Mar/2026:03:27:13 +0000] "GET /whsy.php?e=setgroups&p=%2Fproc%2F6963%2Ftask%2F6988 HTTP/2.0" 200 912 "https://www.highnetrock.com.lab2454.com/whsy.php?p=%2Fproc%2F6963%2Ftask%2F6988" "Mozilla/5.0 AppleWebKit/537.36 (KHTML, like Gecko; compatible; GPTBot/1.3; +https://openai.com/gptbot)"
74.7.242.11 - - [14/Mar/2026:03:27:19 +0000] "GET /whsy.php?e=autogroup&p=%2Fproc%2F68 HTTP/2.0" 200 2000 "https://highnetrock.com.lab2454.com/whsy.php?p=%2Fproc%2F68" "Mozilla/5.0 AppleWebKit/537.36 (KHTML, like Gecko; compatible; GPTBot/1.3; +https://openai.com/gptbot)"
74.7.241.53 - - [14/Mar/2026:03:27:21 +0000] "GET /whsy.php?e=schedstat&p=%2Fproc%2F1958%2Ftask%2F1988 HTTP/2.0" 200 912 "https://www.highnetrock.com.lab2454.com/whsy.php?p=%2Fproc%2F1958%2Ftask%2F1988" "Mozilla/5.0 AppleWebKit/537.36 (KHTML, like Gecko; compatible; GPTBot/1.3; +https://openai.com/gptbot)"
74.7.241.53 - - [14/Mar/2026:03:27:28 +0000] "GET /whsy.php?e=setgroups&p=%2Fproc%2F7899%2Ftask%2F7881 HTTP/2.0" 200 912 "https://www.highnetrock.com.lab2454.com/whsy.php?p=%2Fproc%2F7899%2Ftask%2F7881" "Mozilla/5.0 AppleWebKit/537.36 (KHTML, like Gecko; compatible; GPTBot/1.3; +https://openai.com/gptbot)"
74.7.241.53 - - [14/Mar/2026:03:27:35 +0000] "GET /whsy.php?e=setgroups&p=%2Fproc%2F9762%2Ftask%2F9790 HTTP/2.0" 200 1870 "https://www.highnetrock.com.lab2454.com/whsy.php?p=%2Fproc%2F9762%2Ftask%2F9790" "Mozilla/5.0 AppleWebKit/537.36 (KHTML, like Gecko; compatible; GPTBot/1.3; +https://openai.com/gptbot)"
74.7.241.53 - - [14/Mar/2026:03:27:42 +0000] "GET /whsy.php?e=setgroups&p=%2Fproc%2F6963%2Ftask%2F6946 HTTP/2.0" 200 912 "https://www.highnetrock.com.lab2454.com/whsy.php?p=%2Fproc%2F6963%2Ftask%2F6946" "Mozilla/5.0 AppleWebKit/537.36 (KHTML, like Gecko; compatible; GPTBot/1.3; +https://openai.com/gptbot)"
74.7.242.11 - - [14/Mar/2026:03:27:47 +0000] "GET /whsy.php?e=autogroup&p=%2Fproc%2F96 HTTP/2.0" 200 2000 "https://highnetrock.com.lab2454.com/whsy.php?p=%2Fproc%2F96" "Mozilla/5.0 AppleWebKit/537.36 (KHTML, like Gecko; compatible; GPTBot/1.3; +https://openai.com/gptbot)"
74.7.241.53 - - [14/Mar/2026:03:27:50 +0000] "GET /whsy.php?e=setgroups&p=%2Fproc%2F7204%2Ftask%2F7239 HTTP/2.0" 200 912 "https://www.highnetrock.com.lab2454.com/whsy.php?p=%2Fproc%2F7204%2Ftask%2F7239" "Mozilla/5.0 AppleWebKit/537.36 (KHTML, like Gecko; compatible; GPTBot/1.3; +https://openai.com/gptbot)"
74.7.241.53 - - [14/Mar/2026:03:27:57 +0000] "GET /whsy.php?e=setgroups&p=%2Fproc%2F1958%2Ftask%2F1992 HTTP/2.0" 200 912 "https://www.highnetrock.com.lab2454.com/whsy.php?p=%2Fproc%2F1958%2Ftask%2F1992" "Mozilla/5.0 AppleWebKit/537.36 (KHTML, like Gecko; compatible; GPTBot/1.3; +https://openai.com/gptbot)"
74.7.242.11 - - [14/Mar/2026:03:28:02 +0000] "GET /whsy.php?e=autogroup&p=%2Fproc%2F61 HTTP/2.0" 200 1999 "https://highnetrock.com.lab2454.com/whsy.php?p=%2Fproc%2F61" "Mozilla/5.0 AppleWebKit/537.36 (KHTML, like Gecko; compatible; GPTBot/1.3; +https://openai.com/gptbot)"
74.7.241.53 - - [14/Mar/2026:03:28:04 +0000] "GET /whsy.php?e=schedstat&p=%2Fproc%2F7861%2Ftask%2F7889 HTTP/2.0" 200 912 "https://www.highnetrock.com.lab2454.com/whsy.php?p=%2Fproc%2F7861%2Ftask%2F7889" "Mozilla/5.0 AppleWebKit/537.36 (KHTML, like Gecko; compatible; GPTBot/1.3; +https://openai.com/gptbot)"
74.7.242.11 - - [14/Mar/2026:03:28:09 +0000] "GET /whsy.php?e=autogroup&p=%2Fproc%2F87 HTTP/2.0" 200 2001 "https://highnetrock.com.lab2454.com/whsy.php?p=%2Fproc%2F87" "Mozilla/5.0 AppleWebKit/537.36 (KHTML, like Gecko; compatible; GPTBot/1.3; +https://openai.com/gptbot)"
74.7.241.53 - - [14/Mar/2026:03:28:11 +0000] "GET /whsy.php?e=setgroups&p=%2Fproc%2F9332%2Ftask%2F9346 HTTP/2.0" 200 912 "https://www.highnetrock.com.lab2454.com/whsy.php?p=%2Fproc%2F9332%2Ftask%2F9346" "Mozilla/5.0 AppleWebKit/537.36 (KHTML, like Gecko; compatible; GPTBot/1.3; +https://openai.com/gptbot)"
74.7.242.11 - - [14/Mar/2026:03:28:17 +0000] "GET /whsy.php?e=autogroup&p=%2Fproc%2F39 HTTP/2.0" 200 2000 "https://highnetrock.com.lab2454.com/whsy.php?p=%2Fproc%2F39" "Mozilla/5.0 AppleWebKit/537.36 (KHTML, like Gecko; compatible; GPTBot/1.3; +https://openai.com/gptbot)"
74.7.228.22 - - [14/Mar/2026:03:28:17 +0000] "GET /robots.txt HTTP/2.0" 404 - "-" "Mozilla/5.0 (Macintosh; Intel Mac OS X 10_15_7) AppleWebKit/537.36 (KHTML, like Gecko) Chrome/131.0.0.0 Safari/537.36; compatible; OAI-SearchBot/1.3; robots.txt; +https://openai.com/searchbot"
74.7.241.53 - - [14/Mar/2026:03:28:19 +0000] "GET /whsy.php?e=setgroups&p=%2Fproc%2F9332%2Ftask%2F9364 HTTP/2.0" 200 912 "https://www.highnetrock.com.lab2454.com/whsy.php?p=%2Fproc%2F9332%2Ftask%2F9364" "Mozilla/5.0 AppleWebKit/537.36 (KHTML, like Gecko; compatible; GPTBot/1.3; +https://openai.com/gptbot)"
74.7.241.53 - - [14/Mar/2026:03:28:26 +0000] "GET /whsy.php?e=setgroups&p=%2Fproc%2F9762%2Ftask%2F9787 HTTP/2.0" 200 1870 "https://www.highnetrock.com.lab2454.com/whsy.php?p=%2Fproc%2F9762%2Ftask%2F9787" "Mozilla/5.0 AppleWebKit/537.36 (KHTML, like Gecko; compatible; GPTBot/1.3; +https://openai.com/gptbot)"
74.7.241.53 - - [14/Mar/2026:03:28:34 +0000] "GET /whsy.php?e=setgroups&p=%2Fproc%2F1958%2Ftask%2F1982 HTTP/2.0" 200 912 "https://www.highnetrock.com.lab2454.com/whsy.php?p=%2Fproc%2F1958%2Ftask%2F1982" "Mozilla/5.0 AppleWebKit/537.36 (KHTML, like Gecko; compatible; GPTBot/1.3; +https://openai.com/gptbot)"
74.7.241.53 - - [14/Mar/2026:03:28:41 +0000] "GET /whsy.php?e=setgroups&p=%2Fproc%2F3808%2Ftask%2F3821 HTTP/2.0" 200 912 "https://www.highnetrock.com.lab2454.com/whsy.php?p=%2Fproc%2F3808%2Ftask%2F3821" "Mozilla/5.0 AppleWebKit/537.36 (KHTML, like Gecko; compatible; GPTBot/1.3; +https://openai.com/gptbot)"
74.7.241.53 - - [14/Mar/2026:03:28:48 +0000] "GET /whsy.php?e=setgroups&p=%2Fproc%2F7204%2Ftask%2F7231 HTTP/2.0" 200 912 "https://www.highnetrock.com.lab2454.com/whsy.php?p=%2Fproc%2F7204%2Ftask%2F7231" "Mozilla/5.0 AppleWebKit/537.36 (KHTML, like Gecko; compatible; GPTBot/1.3; +https://openai.com/gptbot)"
74.7.242.11 - - [14/Mar/2026:03:28:53 +0000] "GET /whsy.php?e=schedstat&p=%2Fproc%2F39 HTTP/2.0" 200 2037 "https://highnetrock.com.lab2454.com/whsy.php?p=%2Fproc%2F39" "Mozilla/5.0 AppleWebKit/537.36 (KHTML, like Gecko; compatible; GPTBot/1.3; +https://openai.com/gptbot)"
74.7.241.53 - - [14/Mar/2026:03:28:55 +0000] "GET /whsy.php?e=setgroups&p=%2Fproc%2F9332%2Ftask%2F9345 HTTP/2.0" 200 912 "https://www.highnetrock.com.lab2454.com/whsy.php?p=%2Fproc%2F9332%2Ftask%2F9345" "Mozilla/5.0 AppleWebKit/537.36 (KHTML, like Gecko; compatible; GPTBot/1.3; +https://openai.com/gptbot)"
74.7.242.11 - - [14/Mar/2026:03:29:00 +0000] "GET /whsy.php?e=schedstat&p=%2Fproc%2F87 HTTP/2.0" 200 2011 "https://highnetrock.com.lab2454.com/whsy.php?p=%2Fproc%2F87" "Mozilla/5.0 AppleWebKit/537.36 (KHTML, like Gecko; compatible; GPTBot/1.3; +https://openai.com/gptbot)"
74.7.241.53 - - [14/Mar/2026:03:29:02 +0000] "GET /whsy.php?e=setgroups&p=%2Fproc%2F4843%2Ftask%2F4836 HTTP/2.0" 200 912 "https://www.highnetrock.com.lab2454.com/whsy.php?p=%2Fproc%2F4843%2Ftask%2F4836" "Mozilla/5.0 AppleWebKit/537.36 (KHTML, like Gecko; compatible; GPTBot/1.3; +https://openai.com/gptbot)"
74.7.242.11 - - [14/Mar/2026:03:29:07 +0000] "GET /whsy.php?e=autogroup&p=%2Fproc%2F97 HTTP/2.0" 200 2001 "https://highnetrock.com.lab2454.com/whsy.php?p=%2Fproc%2F97" "Mozilla/5.0 AppleWebKit/537.36 (KHTML, like Gecko; compatible; GPTBot/1.3; +https://openai.com/gptbot)"
74.7.241.53 - - [14/Mar/2026:03:29:11 +0000] "GET /whsy.php?e=schedstat&p=%2Fproc%2F1880%2Ftask%2F1893 HTTP/2.0" 200 912 "https://www.highnetrock.com.lab2454.com/whsy.php?p=%2Fproc%2F1880%2Ftask%2F1893" "Mozilla/5.0 AppleWebKit/537.36 (KHTML, like Gecko; compatible; GPTBot/1.3; +https://openai.com/gptbot)"
74.7.241.53 - - [14/Mar/2026:03:29:18 +0000] "GET /whsy.php?e=schedstat&p=%2Fproc%2F3808%2Ftask%2F3835 HTTP/2.0" 200 912 "https://www.highnetrock.com.lab2454.com/whsy.php?p=%2Fproc%2F3808%2Ftask%2F3835" "Mozilla/5.0 AppleWebKit/537.36 (KHTML, like Gecko; compatible; GPTBot/1.3; +https://openai.com/gptbot)"
74.7.241.53 - - [14/Mar/2026:03:29:27 +0000] "GET /whsy.php?e=setgroups&p=%2Fproc%2F6886%2Ftask%2F6893 HTTP/2.0" 200 912 "https://www.highnetrock.com.lab2454.com/whsy.php?p=%2Fproc%2F6886%2Ftask%2F6893" "Mozilla/5.0 AppleWebKit/537.36 (KHTML, like Gecko; compatible; GPTBot/1.3; +https://openai.com/gptbot)"
74.7.242.11 - - [14/Mar/2026:03:29:32 +0000] "GET /whsy.php?e=schedstat&p=%2Fproc%2F97 HTTP/2.0" 200 2012 "https://highnetrock.com.lab2454.com/whsy.php?p=%2Fproc%2F97" "Mozilla/5.0 AppleWebKit/537.36 (KHTML, like Gecko; compatible; GPTBot/1.3; +https://openai.com/gptbot)"
74.7.241.53 - - [14/Mar/2026:03:29:34 +0000] "GET /whsy.php?e=setgroups&p=%2Fproc%2F3541%2Ftask%2F3553 HTTP/2.0" 200 912 "https://www.highnetrock.com.lab2454.com/whsy.php?p=%2Fproc%2F3541%2Ftask%2F3553" "Mozilla/5.0 AppleWebKit/537.36 (KHTML, like Gecko; compatible; GPTBot/1.3; +https://openai.com/gptbot)"
74.7.242.11 - - [14/Mar/2026:03:29:39 +0000] "GET /whsy.php?e=schedstat&p=%2Fproc%2F68 HTTP/2.0" 200 2011 "https://highnetrock.com.lab2454.com/whsy.php?p=%2Fproc%2F68" "Mozilla/5.0 AppleWebKit/537.36 (KHTML, like Gecko; compatible; GPTBot/1.3; +https://openai.com/gptbot)"
74.7.241.53 - - [14/Mar/2026:03:29:42 +0000] "GET /whsy.php?e=setgroups&p=%2Fproc%2F8181%2Ftask%2F8197 HTTP/2.0" 200 912 "https://www.highnetrock.com.lab2454.com/whsy.php?p=%2Fproc%2F8181%2Ftask%2F8197" "Mozilla/5.0 AppleWebKit/537.36 (KHTML, like Gecko; compatible; GPTBot/1.3; +https://openai.com/gptbot)"
74.7.241.53 - - [14/Mar/2026:03:29:49 +0000] "GET /whsy.php?e=schedstat&p=%2Fproc%2F1880%2Ftask%2F1890 HTTP/2.0" 200 912 "https://www.highnetrock.com.lab2454.com/whsy.php?p=%2Fproc%2F1880%2Ftask%2F1890" "Mozilla/5.0 AppleWebKit/537.36 (KHTML, like Gecko; compatible; GPTBot/1.3; +https://openai.com/gptbot)"
74.7.241.53 - - [14/Mar/2026:03:29:57 +0000] "GET /whsy.php?e=schedstat&p=%2Fproc%2F6963%2Ftask%2F6975 HTTP/2.0" 200 912 "https://www.highnetrock.com.lab2454.com/whsy.php?p=%2Fproc%2F6963%2Ftask%2F6975" "Mozilla/5.0 AppleWebKit/537.36 (KHTML, like Gecko; compatible; GPTBot/1.3; +https://openai.com/gptbot)"
74.7.242.11 - - [14/Mar/2026:03:30:01 +0000] "GET /whsy.php?e=schedstat&p=%2Fproc%2F61 HTTP/2.0" 200 2020 "https://highnetrock.com.lab2454.com/whsy.php?p=%2Fproc%2F61" "Mozilla/5.0 AppleWebKit/537.36 (KHTML, like Gecko; compatible; GPTBot/1.3; +https://openai.com/gptbot)"
74.7.241.53 - - [14/Mar/2026:03:30:04 +0000] "GET /whsy.php?e=schedstat&p=%2Fproc%2F6963%2Ftask%2F6954 HTTP/2.0" 200 912 "https://www.highnetrock.com.lab2454.com/whsy.php?p=%2Fproc%2F6963%2Ftask%2F6954" "Mozilla/5.0 AppleWebKit/537.36 (KHTML, like Gecko; compatible; GPTBot/1.3; +https://openai.com/gptbot)"
74.7.242.11 - - [14/Mar/2026:03:30:10 +0000] "GET /whsy.php?e=timerslack_ns&p=%2Fproc%2F96 HTTP/2.0" 200 2005 "https://highnetrock.com.lab2454.com/whsy.php?p=%2Fproc%2F96" "Mozilla/5.0 AppleWebKit/537.36 (KHTML, like Gecko; compatible; GPTBot/1.3; +https://openai.com/gptbot)"
74.7.241.53 - - [14/Mar/2026:03:30:14 +0000] "GET /whsy.php?e=schedstat&p=%2Fproc%2F9762%2Ftask%2F9785 HTTP/2.0" 200 1896 "https://www.highnetrock.com.lab2454.com/whsy.php?p=%2Fproc%2F9762%2Ftask%2F9785" "Mozilla/5.0 AppleWebKit/537.36 (KHTML, like Gecko; compatible; GPTBot/1.3; +https://openai.com/gptbot)"
74.7.242.11 - - [14/Mar/2026:03:30:18 +0000] "GET /whsy.php?e=timerslack_ns&p=%2Fproc%2F39 HTTP/2.0" 200 2005 "https://highnetrock.com.lab2454.com/whsy.php?p=%2Fproc%2F39" "Mozilla/5.0 AppleWebKit/537.36 (KHTML, like Gecko; compatible; GPTBot/1.3; +https://openai.com/gptbot)"
74.7.241.53 - - [14/Mar/2026:03:30:22 +0000] "GET /whsy.php?e=setgroups&p=%2Fproc%2F9332%2Ftask%2F9378 HTTP/2.0" 200 912 "https://www.highnetrock.com.lab2454.com/whsy.php?p=%2Fproc%2F9332%2Ftask%2F9378" "Mozilla/5.0 AppleWebKit/537.36 (KHTML, like Gecko; compatible; GPTBot/1.3; +https://openai.com/gptbot)"
74.7.242.11 - - [14/Mar/2026:03:30:27 +0000] "GET /whsy.php?e=timerslack_ns&p=%2Fproc%2F68 HTTP/2.0" 200 2005 "https://highnetrock.com.lab2454.com/whsy.php?p=%2Fproc%2F68" "Mozilla/5.0 AppleWebKit/537.36 (KHTML, like Gecko; compatible; GPTBot/1.3; +https://openai.com/gptbot)"
74.7.241.53 - - [14/Mar/2026:03:30:30 +0000] "GET /whsy.php?e=setgroups&p=%2Fproc%2F4843%2Ftask%2F4872 HTTP/2.0" 200 912 "https://www.highnetrock.com.lab2454.com/whsy.php?p=%2Fproc%2F4843%2Ftask%2F4872" "Mozilla/5.0 AppleWebKit/537.36 (KHTML, like Gecko; compatible; GPTBot/1.3; +https://openai.com/gptbot)"
74.7.241.53 - - [14/Mar/2026:03:30:38 +0000] "GET /whsy.php?e=setgroups&p=%2Fproc%2F6963%2Ftask%2F6972 HTTP/2.0" 200 912 "https://www.highnetrock.com.lab2454.com/whsy.php?p=%2Fproc%2F6963%2Ftask%2F6972" "Mozilla/5.0 AppleWebKit/537.36 (KHTML, like Gecko; compatible; GPTBot/1.3; +https://openai.com/gptbot)"
74.7.241.53 - - [14/Mar/2026:03:30:45 +0000] "GET /whsy.php?e=setgroups&p=%2Fproc%2F6963%2Ftask%2F6942 HTTP/2.0" 200 912 "https://www.highnetrock.com.lab2454.com/whsy.php?p=%2Fproc%2F6963%2Ftask%2F6942" "Mozilla/5.0 AppleWebKit/537.36 (KHTML, like Gecko; compatible; GPTBot/1.3; +https://openai.com/gptbot)"
74.7.241.53 - - [14/Mar/2026:03:30:54 +0000] "GET /whsy.php?e=schedstat&p=%2Fproc%2F3541%2Ftask%2F3551 HTTP/2.0" 200 912 "https://www.highnetrock.com.lab2454.com/whsy.php?p=%2Fproc%2F3541%2Ftask%2F3551" "Mozilla/5.0 AppleWebKit/537.36 (KHTML, like Gecko; compatible; GPTBot/1.3; +https://openai.com/gptbot)"
74.7.242.11 - - [14/Mar/2026:03:30:57 +0000] "GET /whsy.php?e=timerslack_ns&p=%2Fproc%2F97 HTTP/2.0" 200 2006 "https://highnetrock.com.lab2454.com/whsy.php?p=%2Fproc%2F97" "Mozilla/5.0 AppleWebKit/537.36 (KHTML, like Gecko; compatible; GPTBot/1.3; +https://openai.com/gptbot)"
74.7.241.53 - - [14/Mar/2026:03:31:01 +0000] "GET /whsy.php?e=setgroups&p=%2Fproc%2F6963%2Ftask%2F6956 HTTP/2.0" 200 912 "https://www.highnetrock.com.lab2454.com/whsy.php?p=%2Fproc%2F6963%2Ftask%2F6956" "Mozilla/5.0 AppleWebKit/537.36 (KHTML, like Gecko; compatible; GPTBot/1.3; +https://openai.com/gptbot)"
74.7.241.53 - - [14/Mar/2026:03:31:09 +0000] "GET /whsy.php?e=setgroups&p=%2Fproc%2F9762%2Ftask%2F9793 HTTP/2.0" 200 1870 "https://www.highnetrock.com.lab2454.com/whsy.php?p=%2Fproc%2F9762%2Ftask%2F9793" "Mozilla/5.0 AppleWebKit/537.36 (KHTML, like Gecko; compatible; GPTBot/1.3; +https://openai.com/gptbot)"
74.7.242.11 - - [14/Mar/2026:03:31:13 +0000] "GET /whsy.php?e=timerslack_ns&p=%2Fproc%2F87 HTTP/2.0" 200 2006 "https://highnetrock.com.lab2454.com/whsy.php?p=%2Fproc%2F87" "Mozilla/5.0 AppleWebKit/537.36 (KHTML, like Gecko; compatible; GPTBot/1.3; +https://openai.com/gptbot)"
74.7.241.53 - - [14/Mar/2026:03:31:17 +0000] "GET /whsy.php?e=setgroups&p=%2Fproc%2F1958%2Ftask%2F1989 HTTP/2.0" 200 912 "https://www.highnetrock.com.lab2454.com/whsy.php?p=%2Fproc%2F1958%2Ftask%2F1989" "Mozilla/5.0 AppleWebKit/537.36 (KHTML, like Gecko; compatible; GPTBot/1.3; +https://openai.com/gptbot)"
74.7.242.11 - - [14/Mar/2026:03:31:21 +0000] "GET /whsy.php?e=timerslack_ns&p=%2Fproc%2F61 HTTP/2.0" 200 2005 "https://highnetrock.com.lab2454.com/whsy.php?p=%2Fproc%2F61" "Mozilla/5.0 AppleWebKit/537.36 (KHTML, like Gecko; compatible; GPTBot/1.3; +https://openai.com/gptbot)"
74.7.241.53 - - [14/Mar/2026:03:31:24 +0000] "GET /whsy.php?e=schedstat&p=%2Fproc%2F9762%2Ftask%2F9756 HTTP/2.0" 200 1894 "https://www.highnetrock.com.lab2454.com/whsy.php?p=%2Fproc%2F9762%2Ftask%2F9756" "Mozilla/5.0 AppleWebKit/537.36 (KHTML, like Gecko; compatible; GPTBot/1.3; +https://openai.com/gptbot)"
74.7.242.11 - - [14/Mar/2026:03:31:28 +0000] "GET /whsy.php?e=smaps_rollup&p=%2Fproc%2F68 HTTP/2.0" 200 2005 "https://highnetrock.com.lab2454.com/whsy.php?p=%2Fproc%2F68" "Mozilla/5.0 AppleWebKit/537.36 (KHTML, like Gecko; compatible; GPTBot/1.3; +https://openai.com/gptbot)"
74.7.241.53 - - [14/Mar/2026:03:31:32 +0000] "GET /whsy.php?e=schedstat&p=%2Fproc%2F6963%2Ftask%2F6984 HTTP/2.0" 200 912 "https://www.highnetrock.com.lab2454.com/whsy.php?p=%2Fproc%2F6963%2Ftask%2F6984" "Mozilla/5.0 AppleWebKit/537.36 (KHTML, like Gecko; compatible; GPTBot/1.3; +https://openai.com/gptbot)"
74.7.242.11 - - [14/Mar/2026:03:31:36 +0000] "GET /whsy.php?e=smaps_rollup&p=%2Fproc%2F61 HTTP/2.0" 200 2005 "https://highnetrock.com.lab2454.com/whsy.php?p=%2Fproc%2F61" "Mozilla/5.0 AppleWebKit/537.36 (KHTML, like Gecko; compatible; GPTBot/1.3; +https://openai.com/gptbot)"
74.7.241.53 - - [14/Mar/2026:03:31:39 +0000] "GET /whsy.php?e=setgroups&p=%2Fproc%2F3808%2Ftask%2F3835 HTTP/2.0" 200 912 "https://www.highnetrock.com.lab2454.com/whsy.php?p=%2Fproc%2F3808%2Ftask%2F3835" "Mozilla/5.0 AppleWebKit/537.36 (KHTML, like Gecko; compatible; GPTBot/1.3; +https://openai.com/gptbot)"
74.7.241.53 - - [14/Mar/2026:03:31:48 +0000] "GET /whsy.php?e=setgroups&p=%2Fproc%2F6963%2Ftask%2F6982 HTTP/2.0" 200 912 "https://www.highnetrock.com.lab2454.com/whsy.php?p=%2Fproc%2F6963%2Ftask%2F6982" "Mozilla/5.0 AppleWebKit/537.36 (KHTML, like Gecko; compatible; GPTBot/1.3; +https://openai.com/gptbot)"
74.7.241.53 - - [14/Mar/2026:03:31:57 +0000] "GET /whsy.php?e=schedstat&p=%2Fproc%2F4843%2Ftask%2F4870 HTTP/2.0" 200 912 "https://www.highnetrock.com.lab2454.com/whsy.php?p=%2Fproc%2F4843%2Ftask%2F4870" "Mozilla/5.0 AppleWebKit/537.36 (KHTML, like Gecko; compatible; GPTBot/1.3; +https://openai.com/gptbot)"
74.7.228.9 - - [14/Mar/2026:03:31:57 +0000] "GET /robots.txt HTTP/2.0" 404 - "-" "Mozilla/5.0 (Macintosh; Intel Mac OS X 10_15_7) AppleWebKit/537.36 (KHTML, like Gecko) Chrome/131.0.0.0 Safari/537.36; compatible; OAI-SearchBot/1.3; robots.txt; +https://openai.com/searchbot"
74.7.242.11 - - [14/Mar/2026:03:32:01 +0000] "GET /whsy.php?e=smaps_rollup&p=%2Fproc%2F96 HTTP/2.0" 200 2005 "https://highnetrock.com.lab2454.com/whsy.php?p=%2Fproc%2F96" "Mozilla/5.0 AppleWebKit/537.36 (KHTML, like Gecko; compatible; GPTBot/1.3; +https://openai.com/gptbot)"
74.7.241.53 - - [14/Mar/2026:03:32:05 +0000] "GET /whsy.php?e=setgroups&p=%2Fproc%2F4843%2Ftask%2F4837 HTTP/2.0" 200 912 "https://www.highnetrock.com.lab2454.com/whsy.php?p=%2Fproc%2F4843%2Ftask%2F4837" "Mozilla/5.0 AppleWebKit/537.36 (KHTML, like Gecko; compatible; GPTBot/1.3; +https://openai.com/gptbot)"
74.7.242.11 - - [14/Mar/2026:03:32:09 +0000] "GET /whsy.php?e=smaps_rollup&p=%2Fproc%2F87 HTTP/2.0" 200 2006 "https://highnetrock.com.lab2454.com/whsy.php?p=%2Fproc%2F87" "Mozilla/5.0 AppleWebKit/537.36 (KHTML, like Gecko; compatible; GPTBot/1.3; +https://openai.com/gptbot)"
74.7.241.53 - - [14/Mar/2026:03:32:12 +0000] "GET /whsy.php?e=setgroups&p=%2Fproc%2F7204%2Ftask%2F7218 HTTP/2.0" 200 912 "https://www.highnetrock.com.lab2454.com/whsy.php?p=%2Fproc%2F7204%2Ftask%2F7218" "Mozilla/5.0 AppleWebKit/537.36 (KHTML, like Gecko; compatible; GPTBot/1.3; +https://openai.com/gptbot)"
74.7.241.53 - - [14/Mar/2026:03:32:19 +0000] "GET /whsy.php?e=schedstat&p=%2Fproc%2F3808%2Ftask%2F3813 HTTP/2.0" 200 912 "https://www.highnetrock.com.lab2454.com/whsy.php?p=%2Fproc%2F3808%2Ftask%2F3813" "Mozilla/5.0 AppleWebKit/537.36 (KHTML, like Gecko; compatible; GPTBot/1.3; +https://openai.com/gptbot)"
74.7.241.53 - - [14/Mar/2026:03:32:26 +0000] "GET /whsy.php?e=setgroups&p=%2Fproc%2F9762%2Ftask%2F9773 HTTP/2.0" 200 1871 "https://www.highnetrock.com.lab2454.com/whsy.php?p=%2Fproc%2F9762%2Ftask%2F9773" "Mozilla/5.0 AppleWebKit/537.36 (KHTML, like Gecko; compatible; GPTBot/1.3; +https://openai.com/gptbot)"
74.7.242.11 - - [14/Mar/2026:03:32:30 +0000] "GET /whsy.php?e=smaps_rollup&p=%2Fproc%2F97 HTTP/2.0" 200 2006 "https://highnetrock.com.lab2454.com/whsy.php?p=%2Fproc%2F97" "Mozilla/5.0 AppleWebKit/537.36 (KHTML, like Gecko; compatible; GPTBot/1.3; +https://openai.com/gptbot)"
74.7.241.53 - - [14/Mar/2026:03:32:33 +0000] "GET /whsy.php?e=setgroups&p=%2Fproc%2F3808%2Ftask%2F3811 HTTP/2.0" 200 912 "https://www.highnetrock.com.lab2454.com/whsy.php?p=%2Fproc%2F3808%2Ftask%2F3811" "Mozilla/5.0 AppleWebKit/537.36 (KHTML, like Gecko; compatible; GPTBot/1.3; +https://openai.com/gptbot)"
74.7.242.11 - - [14/Mar/2026:03:32:37 +0000] "GET /whsy.php?e=smaps_rollup&p=%2Fproc%2F39 HTTP/2.0" 200 2005 "https://highnetrock.com.lab2454.com/whsy.php?p=%2Fproc%2F39" "Mozilla/5.0 AppleWebKit/537.36 (KHTML, like Gecko; compatible; GPTBot/1.3; +https://openai.com/gptbot)"
74.7.241.53 - - [14/Mar/2026:03:32:40 +0000] "GET /whsy.php?e=schedstat&p=%2Fproc%2F7899%2Ftask%2F7883 HTTP/2.0" 200 912 "https://www.highnetrock.com.lab2454.com/whsy.php?p=%2Fproc%2F7899%2Ftask%2F7883" "Mozilla/5.0 AppleWebKit/537.36 (KHTML, like Gecko; compatible; GPTBot/1.3; +https://openai.com/gptbot)"
74.7.241.53 - - [14/Mar/2026:03:32:47 +0000] "GET /whsy.php?e=schedstat&p=%2Fproc%2F3808%2Ftask%2F3815 HTTP/2.0" 200 912 "https://www.highnetrock.com.lab2454.com/whsy.php?p=%2Fproc%2F3808%2Ftask%2F3815" "Mozilla/5.0 AppleWebKit/537.36 (KHTML, like Gecko; compatible; GPTBot/1.3; +https://openai.com/gptbot)"
74.7.242.11 - - [14/Mar/2026:03:32:51 +0000] "GET /whsy.php?p=%2Fproc%2F75 HTTP/2.0" 200 1934 "https://highnetrock.com.lab2454.com/whsy.php?e=meminfo&p=%2Fproc" "Mozilla/5.0 AppleWebKit/537.36 (KHTML, like Gecko; compatible; GPTBot/1.3; +https://openai.com/gptbot)"
74.7.241.53 - - [14/Mar/2026:03:32:55 +0000] "GET /whsy.php?e=schedstat&p=%2Fproc%2F7204%2Ftask%2F7239 HTTP/2.0" 200 912 "https://www.highnetrock.com.lab2454.com/whsy.php?p=%2Fproc%2F7204%2Ftask%2F7239" "Mozilla/5.0 AppleWebKit/537.36 (KHTML, like Gecko; compatible; GPTBot/1.3; +https://openai.com/gptbot)"
74.7.241.53 - - [14/Mar/2026:03:33:02 +0000] "GET /whsy.php?e=schedstat&p=%2Fproc%2F8181%2Ftask%2F8195 HTTP/2.0" 200 912 "https://www.highnetrock.com.lab2454.com/whsy.php?p=%2Fproc%2F8181%2Ftask%2F8195" "Mozilla/5.0 AppleWebKit/537.36 (KHTML, like Gecko; compatible; GPTBot/1.3; +https://openai.com/gptbot)"
74.7.241.53 - - [14/Mar/2026:03:33:09 +0000] "GET /whsy.php?e=schedstat&p=%2Fproc%2F6963%2Ftask%2F6987 HTTP/2.0" 200 912 "https://www.highnetrock.com.lab2454.com/whsy.php?p=%2Fproc%2F6963%2Ftask%2F6987" "Mozilla/5.0 AppleWebKit/537.36 (KHTML, like Gecko; compatible; GPTBot/1.3; +https://openai.com/gptbot)"
74.7.241.53 - - [14/Mar/2026:03:33:16 +0000] "GET /whsy.php?e=schedstat&p=%2Fproc%2F4843%2Ftask%2F4866 HTTP/2.0" 200 912 "https://www.highnetrock.com.lab2454.com/whsy.php?p=%2Fproc%2F4843%2Ftask%2F4866" "Mozilla/5.0 AppleWebKit/537.36 (KHTML, like Gecko; compatible; GPTBot/1.3; +https://openai.com/gptbot)"
74.7.242.11 - - [14/Mar/2026:03:33:19 +0000] "GET /whsy.php?p=%2Fproc%2F51 HTTP/2.0" 200 1933 "https://highnetrock.com.lab2454.com/whsy.php?e=meminfo&p=%2Fproc" "Mozilla/5.0 AppleWebKit/537.36 (KHTML, like Gecko; compatible; GPTBot/1.3; +https://openai.com/gptbot)"
74.7.228.22 - - [14/Mar/2026:03:33:20 +0000] "GET /robots.txt HTTP/2.0" 404 - "-" "Mozilla/5.0 (Macintosh; Intel Mac OS X 10_15_7) AppleWebKit/537.36 (KHTML, like Gecko) Chrome/131.0.0.0 Safari/537.36; compatible; OAI-SearchBot/1.3; robots.txt; +https://openai.com/searchbot"
74.7.241.53 - - [14/Mar/2026:03:33:23 +0000] "GET /whsy.php?e=schedstat&p=%2Fproc%2F9762%2Ftask%2F9750 HTTP/2.0" 200 1894 "https://www.highnetrock.com.lab2454.com/whsy.php?p=%2Fproc%2F9762%2Ftask%2F9750" "Mozilla/5.0 AppleWebKit/537.36 (KHTML, like Gecko; compatible; GPTBot/1.3; +https://openai.com/gptbot)"
74.7.242.11 - - [14/Mar/2026:03:33:26 +0000] "GET /whsy.php?p=%2Fproc%2F91 HTTP/2.0" 200 1932 "https://highnetrock.com.lab2454.com/whsy.php?e=meminfo&p=%2Fproc" "Mozilla/5.0 AppleWebKit/537.36 (KHTML, like Gecko; compatible; GPTBot/1.3; +https://openai.com/gptbot)"
74.7.241.53 - - [14/Mar/2026:03:33:30 +0000] "GET /whsy.php?e=setgroups&p=%2Fproc%2F3808%2Ftask%2F3827 HTTP/2.0" 200 912 "https://www.highnetrock.com.lab2454.com/whsy.php?p=%2Fproc%2F3808%2Ftask%2F3827" "Mozilla/5.0 AppleWebKit/537.36 (KHTML, like Gecko; compatible; GPTBot/1.3; +https://openai.com/gptbot)"
74.7.242.11 - - [14/Mar/2026:03:33:33 +0000] "GET /whsy.php?p=%2Fproc%2F19 HTTP/2.0" 200 1932 "https://highnetrock.com.lab2454.com/whsy.php?e=meminfo&p=%2Fproc" "Mozilla/5.0 AppleWebKit/537.36 (KHTML, like Gecko; compatible; GPTBot/1.3; +https://openai.com/gptbot)"
74.7.241.53 - - [14/Mar/2026:03:33:37 +0000] "GET /whsy.php?e=schedstat&p=%2Fproc%2F6963%2Ftask%2F6989 HTTP/2.0" 200 912 "https://www.highnetrock.com.lab2454.com/whsy.php?p=%2Fproc%2F6963%2Ftask%2F6989" "Mozilla/5.0 AppleWebKit/537.36 (KHTML, like Gecko; compatible; GPTBot/1.3; +https://openai.com/gptbot)"
74.7.241.53 - - [14/Mar/2026:03:33:44 +0000] "GET /whsy.php?e=schedstat&p=%2Fproc%2F9762%2Ftask%2F9786 HTTP/2.0" 200 912 "https://www.highnetrock.com.lab2454.com/whsy.php?p=%2Fproc%2F9762%2Ftask%2F9786" "Mozilla/5.0 AppleWebKit/537.36 (KHTML, like Gecko; compatible; GPTBot/1.3; +https://openai.com/gptbot)"
74.7.242.11 - - [14/Mar/2026:03:33:48 +0000] "GET /whsy.php?p=%2Fproc%2F74 HTTP/2.0" 200 1933 "https://highnetrock.com.lab2454.com/whsy.php?e=meminfo&p=%2Fproc" "Mozilla/5.0 AppleWebKit/537.36 (KHTML, like Gecko; compatible; GPTBot/1.3; +https://openai.com/gptbot)"
74.7.241.53 - - [14/Mar/2026:03:33:51 +0000] "GET /whsy.php?e=schedstat&p=%2Fproc%2F1958%2Ftask%2F1989 HTTP/2.0" 200 912 "https://www.highnetrock.com.lab2454.com/whsy.php?p=%2Fproc%2F1958%2Ftask%2F1989" "Mozilla/5.0 AppleWebKit/537.36 (KHTML, like Gecko; compatible; GPTBot/1.3; +https://openai.com/gptbot)"
74.7.241.53 - - [14/Mar/2026:03:33:59 +0000] "GET /whsy.php?e=schedstat&p=%2Fproc%2F7204%2Ftask%2F7235 HTTP/2.0" 200 912 "https://www.highnetrock.com.lab2454.com/whsy.php?p=%2Fproc%2F7204%2Ftask%2F7235" "Mozilla/5.0 AppleWebKit/537.36 (KHTML, like Gecko; compatible; GPTBot/1.3; +https://openai.com/gptbot)"
74.7.241.53 - - [14/Mar/2026:03:34:06 +0000] "GET /whsy.php?e=setgroups&p=%2Fproc%2F9332%2Ftask%2F9340 HTTP/2.0" 200 912 "https://www.highnetrock.com.lab2454.com/whsy.php?p=%2Fproc%2F9332%2Ftask%2F9340" "Mozilla/5.0 AppleWebKit/537.36 (KHTML, like Gecko; compatible; GPTBot/1.3; +https://openai.com/gptbot)"
74.7.242.11 - - [14/Mar/2026:03:34:09 +0000] "GET /whsy.php?e=auxv&p=%2Fproc%2F75 HTTP/2.0" 200 1934 "https://highnetrock.com.lab2454.com/whsy.php?p=%2Fproc%2F75" "Mozilla/5.0 AppleWebKit/537.36 (KHTML, like Gecko; compatible; GPTBot/1.3; +https://openai.com/gptbot)"
74.7.241.53 - - [14/Mar/2026:03:34:13 +0000] "GET /whsy.php?e=setgroups&p=%2Fproc%2F7204%2Ftask%2F7215 HTTP/2.0" 200 912 "https://www.highnetrock.com.lab2454.com/whsy.php?p=%2Fproc%2F7204%2Ftask%2F7215" "Mozilla/5.0 AppleWebKit/537.36 (KHTML, like Gecko; compatible; GPTBot/1.3; +https://openai.com/gptbot)"
74.7.241.53 - - [14/Mar/2026:03:34:20 +0000] "GET /whsy.php?e=schedstat&p=%2Fproc%2F7861%2Ftask%2F7879 HTTP/2.0" 200 912 "https://www.highnetrock.com.lab2454.com/whsy.php?p=%2Fproc%2F7861%2Ftask%2F7879" "Mozilla/5.0 AppleWebKit/537.36 (KHTML, like Gecko; compatible; GPTBot/1.3; +https://openai.com/gptbot)"
74.7.241.53 - - [14/Mar/2026:03:34:27 +0000] "GET /whsy.php?e=setgroups&p=%2Fproc%2F4843%2Ftask%2F4827 HTTP/2.0" 200 912 "https://www.highnetrock.com.lab2454.com/whsy.php?p=%2Fproc%2F4843%2Ftask%2F4827" "Mozilla/5.0 AppleWebKit/537.36 (KHTML, like Gecko; compatible; GPTBot/1.3; +https://openai.com/gptbot)"
74.7.241.53 - - [14/Mar/2026:03:34:35 +0000] "GET /whsy.php?e=setgroups&p=%2Fproc%2F9762%2Ftask%2F9786 HTTP/2.0" 200 912 "https://www.highnetrock.com.lab2454.com/whsy.php?p=%2Fproc%2F9762%2Ftask%2F9786" "Mozilla/5.0 AppleWebKit/537.36 (KHTML, like Gecko; compatible; GPTBot/1.3; +https://openai.com/gptbot)"
74.7.241.53 - - [14/Mar/2026:03:34:42 +0000] "GET /whsy.php?e=setgroups&p=%2Fproc%2F7204%2Ftask%2F7216 HTTP/2.0" 200 912 "https://www.highnetrock.com.lab2454.com/whsy.php?p=%2Fproc%2F7204%2Ftask%2F7216" "Mozilla/5.0 AppleWebKit/537.36 (KHTML, like Gecko; compatible; GPTBot/1.3; +https://openai.com/gptbot)"
74.7.241.53 - - [14/Mar/2026:03:34:50 +0000] "GET /whsy.php?e=setgroups&p=%2Fproc%2F7899%2Ftask%2F7880 HTTP/2.0" 200 912 "https://www.highnetrock.com.lab2454.com/whsy.php?p=%2Fproc%2F7899%2Ftask%2F7880" "Mozilla/5.0 AppleWebKit/537.36 (KHTML, like Gecko; compatible; GPTBot/1.3; +https://openai.com/gptbot)"
74.7.241.53 - - [14/Mar/2026:03:34:59 +0000] "GET /whsy.php?e=schedstat&p=%2Fproc%2F7204%2Ftask%2F7213 HTTP/2.0" 200 912 "https://www.highnetrock.com.lab2454.com/whsy.php?p=%2Fproc%2F7204%2Ftask%2F7213" "Mozilla/5.0 AppleWebKit/537.36 (KHTML, like Gecko; compatible; GPTBot/1.3; +https://openai.com/gptbot)"
74.7.241.53 - - [14/Mar/2026:03:35:07 +0000] "GET /whsy.php?e=schedstat&p=%2Fproc%2F4843%2Ftask%2F4871 HTTP/2.0" 200 912 "https://www.highnetrock.com.lab2454.com/whsy.php?p=%2Fproc%2F4843%2Ftask%2F4871" "Mozilla/5.0 AppleWebKit/537.36 (KHTML, like Gecko; compatible; GPTBot/1.3; +https://openai.com/gptbot)"
74.7.241.53 - - [14/Mar/2026:03:35:14 +0000] "GET /whsy.php?e=setgroups&p=%2Fproc%2F7204%2Ftask%2F7235 HTTP/2.0" 200 912 "https://www.highnetrock.com.lab2454.com/whsy.php?p=%2Fproc%2F7204%2Ftask%2F7235" "Mozilla/5.0 AppleWebKit/537.36 (KHTML, like Gecko; compatible; GPTBot/1.3; +https://openai.com/gptbot)"
74.7.242.11 - - [14/Mar/2026:03:35:14 +0000] "GET /whsy.php?e=auxv&p=%2Fproc%2F91 HTTP/2.0" 200 1932 "https://highnetrock.com.lab2454.com/whsy.php?p=%2Fproc%2F91" "Mozilla/5.0 AppleWebKit/537.36 (KHTML, like Gecko; compatible; GPTBot/1.3; +https://openai.com/gptbot)"
74.7.241.53 - - [14/Mar/2026:03:35:21 +0000] "GET /whsy.php?e=schedstat&p=%2Fproc%2F4843%2Ftask%2F4855 HTTP/2.0" 200 912 "https://www.highnetrock.com.lab2454.com/whsy.php?p=%2Fproc%2F4843%2Ftask%2F4855" "Mozilla/5.0 AppleWebKit/537.36 (KHTML, like Gecko; compatible; GPTBot/1.3; +https://openai.com/gptbot)"
74.7.241.53 - - [14/Mar/2026:03:35:28 +0000] "GET /whsy.php?e=schedstat&p=%2Fproc%2F3541%2Ftask%2F3554 HTTP/2.0" 200 912 "https://www.highnetrock.com.lab2454.com/whsy.php?p=%2Fproc%2F3541%2Ftask%2F3554" "Mozilla/5.0 AppleWebKit/537.36 (KHTML, like Gecko; compatible; GPTBot/1.3; +https://openai.com/gptbot)"
74.7.241.53 - - [14/Mar/2026:03:35:36 +0000] "GET /whsy.php?e=schedstat&p=%2Fproc%2F4843%2Ftask%2F4875 HTTP/2.0" 200 912 "https://www.highnetrock.com.lab2454.com/whsy.php?p=%2Fproc%2F4843%2Ftask%2F4875" "Mozilla/5.0 AppleWebKit/537.36 (KHTML, like Gecko; compatible; GPTBot/1.3; +https://openai.com/gptbot)"
74.7.242.11 - - [14/Mar/2026:03:35:36 +0000] "GET /whsy.php?e=auxv&p=%2Fproc%2F19 HTTP/2.0" 200 1932 "https://highnetrock.com.lab2454.com/whsy.php?p=%2Fproc%2F19" "Mozilla/5.0 AppleWebKit/537.36 (KHTML, like Gecko; compatible; GPTBot/1.3; +https://openai.com/gptbot)"
74.7.241.53 - - [14/Mar/2026:03:35:44 +0000] "GET /whsy.php?e=schedstat&p=%2Fproc%2F6886%2Ftask%2F6893 HTTP/2.0" 200 912 "https://www.highnetrock.com.lab2454.com/whsy.php?p=%2Fproc%2F6886%2Ftask%2F6893" "Mozilla/5.0 AppleWebKit/537.36 (KHTML, like Gecko; compatible; GPTBot/1.3; +https://openai.com/gptbot)"
74.7.241.53 - - [14/Mar/2026:03:35:52 +0000] "GET /whsy.php?e=setgroups&p=%2Fproc%2F1958%2Ftask%2F1998 HTTP/2.0" 200 912 "https://www.highnetrock.com.lab2454.com/whsy.php?p=%2Fproc%2F1958%2Ftask%2F1998" "Mozilla/5.0 AppleWebKit/537.36 (KHTML, like Gecko; compatible; GPTBot/1.3; +https://openai.com/gptbot)"
74.7.242.11 - - [14/Mar/2026:03:35:59 +0000] "GET /whsy.php?e=auxv&p=%2Fproc%2F74 HTTP/2.0" 200 1933 "https://highnetrock.com.lab2454.com/whsy.php?p=%2Fproc%2F74" "Mozilla/5.0 AppleWebKit/537.36 (KHTML, like Gecko; compatible; GPTBot/1.3; +https://openai.com/gptbot)"
74.7.241.53 - - [14/Mar/2026:03:35:59 +0000] "GET /whsy.php?e=schedstat&p=%2Fproc%2F6963%2Ftask%2F6973 HTTP/2.0" 200 912 "https://www.highnetrock.com.lab2454.com/whsy.php?p=%2Fproc%2F6963%2Ftask%2F6973" "Mozilla/5.0 AppleWebKit/537.36 (KHTML, like Gecko; compatible; GPTBot/1.3; +https://openai.com/gptbot)"
74.7.242.11 - - [14/Mar/2026:03:36:06 +0000] "GET /whsy.php?e=auxv&p=%2Fproc%2F51 HTTP/2.0" 200 1933 "https://highnetrock.com.lab2454.com/whsy.php?p=%2Fproc%2F51" "Mozilla/5.0 AppleWebKit/537.36 (KHTML, like Gecko; compatible; GPTBot/1.3; +https://openai.com/gptbot)"
74.7.241.53 - - [14/Mar/2026:03:36:07 +0000] "GET /whsy.php?e=schedstat&p=%2Fproc%2F7861%2Ftask%2F7887 HTTP/2.0" 200 912 "https://www.highnetrock.com.lab2454.com/whsy.php?p=%2Fproc%2F7861%2Ftask%2F7887" "Mozilla/5.0 AppleWebKit/537.36 (KHTML, like Gecko; compatible; GPTBot/1.3; +https://openai.com/gptbot)"
74.7.241.53 - - [14/Mar/2026:03:36:14 +0000] "GET /whsy.php?e=setgroups&p=%2Fproc%2F3808%2Ftask%2F3825 HTTP/2.0" 200 912 "https://www.highnetrock.com.lab2454.com/whsy.php?p=%2Fproc%2F3808%2Ftask%2F3825" "Mozilla/5.0 AppleWebKit/537.36 (KHTML, like Gecko; compatible; GPTBot/1.3; +https://openai.com/gptbot)"
74.7.242.11 - - [14/Mar/2026:03:36:21 +0000] "GET /whsy.php?e=io&p=%2Fproc%2F51 HTTP/2.0" 200 1933 "https://highnetrock.com.lab2454.com/whsy.php?p=%2Fproc%2F51" "Mozilla/5.0 AppleWebKit/537.36 (KHTML, like Gecko; compatible; GPTBot/1.3; +https://openai.com/gptbot)"
74.7.241.53 - - [14/Mar/2026:03:36:22 +0000] "GET /whsy.php?e=schedstat&p=%2Fproc%2F1880%2Ftask%2F1895 HTTP/2.0" 200 912 "https://www.highnetrock.com.lab2454.com/whsy.php?p=%2Fproc%2F1880%2Ftask%2F1895" "Mozilla/5.0 AppleWebKit/537.36 (KHTML, like Gecko; compatible; GPTBot/1.3; +https://openai.com/gptbot)"
74.7.242.11 - - [14/Mar/2026:03:36:28 +0000] "GET /whsy.php?e=io&p=%2Fproc%2F91 HTTP/2.0" 200 1932 "https://highnetrock.com.lab2454.com/whsy.php?p=%2Fproc%2F91" "Mozilla/5.0 AppleWebKit/537.36 (KHTML, like Gecko; compatible; GPTBot/1.3; +https://openai.com/gptbot)"
74.7.241.53 - - [14/Mar/2026:03:36:29 +0000] "GET /whsy.php?e=schedstat&p=%2Fproc%2F1958%2Ftask%2F1997 HTTP/2.0" 200 912 "https://www.highnetrock.com.lab2454.com/whsy.php?p=%2Fproc%2F1958%2Ftask%2F1997" "Mozilla/5.0 AppleWebKit/537.36 (KHTML, like Gecko; compatible; GPTBot/1.3; +https://openai.com/gptbot)"
