74.7.241.53 - - [13/Mar/2026:22:09:34 +0000] "GET /whsy.php?e=phpmailer.lang-sr.php&p=%2Fhome%2Flab2454c%2Fhighnetrock.com%2Fvendor%2Fphpmailer%2Fphpmailer%2Flanguage HTTP/2.0" 200 2976 "https://www.highnetrock.com.lab2454.com/whsy.php?e=phpmailer.lang-ru.php&p=%2Fhome%2Flab2454c%2Fhighnetrock.com%2Fvendor%2Fphpmailer%2Fphpmailer%2Flanguage" "Mozilla/5.0 AppleWebKit/537.36 (KHTML, like Gecko; compatible; GPTBot/1.3; +https://openai.com/gptbot)"
74.7.241.53 - - [13/Mar/2026:22:09:42 +0000] "GET /whsy.php?e=phpmailer.lang-bg.php&p=%2Fhome%2Flab2454c%2Fhighnetrock.com%2Fvendor%2Fphpmailer%2Fphpmailer%2Flanguage HTTP/2.0" 200 2929 "https://www.highnetrock.com.lab2454.com/whsy.php?e=phpmailer.lang-ru.php&p=%2Fhome%2Flab2454c%2Fhighnetrock.com%2Fvendor%2Fphpmailer%2Fphpmailer%2Flanguage" "Mozilla/5.0 AppleWebKit/537.36 (KHTML, like Gecko; compatible; GPTBot/1.3; +https://openai.com/gptbot)"
74.7.241.53 - - [13/Mar/2026:22:09:50 +0000] "GET /whsy.php?e=phpmailer.lang-tr.php&p=%2Fhome%2Flab2454c%2Fhighnetrock.com%2Fvendor%2Fphpmailer%2Fphpmailer%2Flanguage HTTP/2.0" 200 3129 "https://www.highnetrock.com.lab2454.com/whsy.php?e=phpmailer.lang-ru.php&p=%2Fhome%2Flab2454c%2Fhighnetrock.com%2Fvendor%2Fphpmailer%2Fphpmailer%2Flanguage" "Mozilla/5.0 AppleWebKit/537.36 (KHTML, like Gecko; compatible; GPTBot/1.3; +https://openai.com/gptbot)"
74.7.241.53 - - [13/Mar/2026:22:09:59 +0000] "GET /whsy.php?e=phpmailer.lang-ca.php&p=%2Fhome%2Flab2454c%2Fhighnetrock.com%2Fvendor%2Fphpmailer%2Fphpmailer%2Flanguage HTTP/2.0" 200 2765 "https://www.highnetrock.com.lab2454.com/whsy.php?e=phpmailer.lang-ru.php&p=%2Fhome%2Flab2454c%2Fhighnetrock.com%2Fvendor%2Fphpmailer%2Fphpmailer%2Flanguage" "Mozilla/5.0 AppleWebKit/537.36 (KHTML, like Gecko; compatible; GPTBot/1.3; +https://openai.com/gptbot)"
74.7.242.11 - - [13/Mar/2026:22:09:30 +0000] "GET /whsy.php?p=%2Fproc%2F14351%2Ffd HTTP/2.0" 200 503488 "https://highnetrock.com.lab2454.com/whsy.php?p=%2Fproc%2F14351" "Mozilla/5.0 AppleWebKit/537.36 (KHTML, like Gecko; compatible; GPTBot/1.3; +https://openai.com/gptbot)"
74.7.241.53 - - [13/Mar/2026:22:10:08 +0000] "GET /whsy.php?e=phpmailer.lang-tl.php&p=%2Fhome%2Flab2454c%2Fhighnetrock.com%2Fvendor%2Fphpmailer%2Fphpmailer%2Flanguage HTTP/2.0" 200 2736 "https://www.highnetrock.com.lab2454.com/whsy.php?e=phpmailer.lang-ru.php&p=%2Fhome%2Flab2454c%2Fhighnetrock.com%2Fvendor%2Fphpmailer%2Fphpmailer%2Flanguage" "Mozilla/5.0 AppleWebKit/537.36 (KHTML, like Gecko; compatible; GPTBot/1.3; +https://openai.com/gptbot)"
74.7.241.53 - - [13/Mar/2026:22:10:17 +0000] "GET /whsy.php?e=phpmailer.lang-ba.php&p=%2Fhome%2Flab2454c%2Fhighnetrock.com%2Fvendor%2Fphpmailer%2Fphpmailer%2Flanguage HTTP/2.0" 200 2782 "https://www.highnetrock.com.lab2454.com/whsy.php?e=phpmailer.lang-ru.php&p=%2Fhome%2Flab2454c%2Fhighnetrock.com%2Fvendor%2Fphpmailer%2Fphpmailer%2Flanguage" "Mozilla/5.0 AppleWebKit/537.36 (KHTML, like Gecko; compatible; GPTBot/1.3; +https://openai.com/gptbot)"
74.7.241.53 - - [13/Mar/2026:22:10:24 +0000] "GET /whsy.php?e=phpmailer.lang-pt.php&p=%2Fhome%2Flab2454c%2Fhighnetrock.com%2Fvendor%2Fphpmailer%2Fphpmailer%2Flanguage HTTP/2.0" 200 3046 "https://www.highnetrock.com.lab2454.com/whsy.php?e=phpmailer.lang-ru.php&p=%2Fhome%2Flab2454c%2Fhighnetrock.com%2Fvendor%2Fphpmailer%2Fphpmailer%2Flanguage" "Mozilla/5.0 AppleWebKit/537.36 (KHTML, like Gecko; compatible; GPTBot/1.3; +https://openai.com/gptbot)"
74.7.242.11 - - [13/Mar/2026:22:10:30 +0000] "GET /whsy.php?e=anycast6&p=%2Fproc%2F14351%2Fnet HTTP/2.0" 200 2506 "https://highnetrock.com.lab2454.com/whsy.php?p=%2Fproc%2F14351%2Fnet" "Mozilla/5.0 AppleWebKit/537.36 (KHTML, like Gecko; compatible; GPTBot/1.3; +https://openai.com/gptbot)"
74.7.241.53 - - [13/Mar/2026:22:10:31 +0000] "GET /whsy.php?e=phpmailer.lang-hi.php&p=%2Fhome%2Flab2454c%2Fhighnetrock.com%2Fvendor%2Fphpmailer%2Fphpmailer%2Flanguage HTTP/2.0" 200 3363 "https://www.highnetrock.com.lab2454.com/whsy.php?e=phpmailer.lang-ru.php&p=%2Fhome%2Flab2454c%2Fhighnetrock.com%2Fvendor%2Fphpmailer%2Fphpmailer%2Flanguage" "Mozilla/5.0 AppleWebKit/537.36 (KHTML, like Gecko; compatible; GPTBot/1.3; +https://openai.com/gptbot)"
74.7.241.53 - - [13/Mar/2026:22:10:39 +0000] "GET /whsy.php?e=phpmailer.lang-ms.php&p=%2Fhome%2Flab2454c%2Fhighnetrock.com%2Fvendor%2Fphpmailer%2Fphpmailer%2Flanguage HTTP/2.0" 200 2759 "https://www.highnetrock.com.lab2454.com/whsy.php?e=phpmailer.lang-ru.php&p=%2Fhome%2Flab2454c%2Fhighnetrock.com%2Fvendor%2Fphpmailer%2Fphpmailer%2Flanguage" "Mozilla/5.0 AppleWebKit/537.36 (KHTML, like Gecko; compatible; GPTBot/1.3; +https://openai.com/gptbot)"
74.7.241.53 - - [13/Mar/2026:22:10:46 +0000] "GET /whsy.php?e=phpmailer.lang-nl.php&p=%2Fhome%2Flab2454c%2Fhighnetrock.com%2Fvendor%2Fphpmailer%2Fphpmailer%2Flanguage HTTP/2.0" 200 3013 "https://www.highnetrock.com.lab2454.com/whsy.php?e=phpmailer.lang-ru.php&p=%2Fhome%2Flab2454c%2Fhighnetrock.com%2Fvendor%2Fphpmailer%2Fphpmailer%2Flanguage" "Mozilla/5.0 AppleWebKit/537.36 (KHTML, like Gecko; compatible; GPTBot/1.3; +https://openai.com/gptbot)"
74.7.241.53 - - [13/Mar/2026:22:10:53 +0000] "GET /whsy.php?e=phpmailer.lang-as.php&p=%2Fhome%2Flab2454c%2Fhighnetrock.com%2Fvendor%2Fphpmailer%2Fphpmailer%2Flanguage HTTP/2.0" 200 3313 "https://www.highnetrock.com.lab2454.com/whsy.php?e=phpmailer.lang-ru.php&p=%2Fhome%2Flab2454c%2Fhighnetrock.com%2Fvendor%2Fphpmailer%2Fphpmailer%2Flanguage" "Mozilla/5.0 AppleWebKit/537.36 (KHTML, like Gecko; compatible; GPTBot/1.3; +https://openai.com/gptbot)"
74.7.241.53 - - [13/Mar/2026:22:11:00 +0000] "GET /whsy.php?e=phpmailer.lang-it.php&p=%2Fhome%2Flab2454c%2Fhighnetrock.com%2Fvendor%2Fphpmailer%2Fphpmailer%2Flanguage HTTP/2.0" 200 2805 "https://www.highnetrock.com.lab2454.com/whsy.php?e=phpmailer.lang-ru.php&p=%2Fhome%2Flab2454c%2Fhighnetrock.com%2Fvendor%2Fphpmailer%2Fphpmailer%2Flanguage" "Mozilla/5.0 AppleWebKit/537.36 (KHTML, like Gecko; compatible; GPTBot/1.3; +https://openai.com/gptbot)"
74.7.241.53 - - [13/Mar/2026:22:11:10 +0000] "GET /whsy.php?e=phpmailer.lang-lt.php&p=%2Fhome%2Flab2454c%2Fhighnetrock.com%2Fvendor%2Fphpmailer%2Fphpmailer%2Flanguage HTTP/2.0" 200 2749 "https://www.highnetrock.com.lab2454.com/whsy.php?e=phpmailer.lang-ru.php&p=%2Fhome%2Flab2454c%2Fhighnetrock.com%2Fvendor%2Fphpmailer%2Fphpmailer%2Flanguage" "Mozilla/5.0 AppleWebKit/537.36 (KHTML, like Gecko; compatible; GPTBot/1.3; +https://openai.com/gptbot)"
74.7.241.53 - - [13/Mar/2026:22:11:20 +0000] "GET /whsy.php?e=phpmailer.lang-sl.php&p=%2Fhome%2Flab2454c%2Fhighnetrock.com%2Fvendor%2Fphpmailer%2Fphpmailer%2Flanguage HTTP/2.0" 200 3136 "https://www.highnetrock.com.lab2454.com/whsy.php?e=phpmailer.lang-ru.php&p=%2Fhome%2Flab2454c%2Fhighnetrock.com%2Fvendor%2Fphpmailer%2Fphpmailer%2Flanguage" "Mozilla/5.0 AppleWebKit/537.36 (KHTML, like Gecko; compatible; GPTBot/1.3; +https://openai.com/gptbot)"
74.7.241.53 - - [13/Mar/2026:22:11:30 +0000] "GET /whsy.php?e=phpmailer.lang-gl.php&p=%2Fhome%2Flab2454c%2Fhighnetrock.com%2Fvendor%2Fphpmailer%2Fphpmailer%2Flanguage HTTP/2.0" 200 2779 "https://www.highnetrock.com.lab2454.com/whsy.php?e=phpmailer.lang-ru.php&p=%2Fhome%2Flab2454c%2Fhighnetrock.com%2Fvendor%2Fphpmailer%2Fphpmailer%2Flanguage" "Mozilla/5.0 AppleWebKit/537.36 (KHTML, like Gecko; compatible; GPTBot/1.3; +https://openai.com/gptbot)"
74.7.228.9 - - [13/Mar/2026:22:11:31 +0000] "GET /robots.txt HTTP/2.0" 404 - "-" "Mozilla/5.0 (Macintosh; Intel Mac OS X 10_15_7) AppleWebKit/537.36 (KHTML, like Gecko) Chrome/131.0.0.0 Safari/537.36; compatible; OAI-SearchBot/1.3; robots.txt; +https://openai.com/searchbot"
74.7.242.11 - - [13/Mar/2026:22:11:35 +0000] "GET /whsy.php?e=anycast6&p=%2Fproc%2F15931%2Fnet HTTP/2.0" 200 2506 "https://highnetrock.com.lab2454.com/whsy.php?p=%2Fproc%2F15931%2Fnet" "Mozilla/5.0 AppleWebKit/537.36 (KHTML, like Gecko; compatible; GPTBot/1.3; +https://openai.com/gptbot)"
74.7.241.53 - - [13/Mar/2026:22:11:38 +0000] "GET /whsy.php?e=phpmailer.lang-hr.php&p=%2Fhome%2Flab2454c%2Fhighnetrock.com%2Fvendor%2Fphpmailer%2Fphpmailer%2Flanguage HTTP/2.0" 200 2773 "https://www.highnetrock.com.lab2454.com/whsy.php?e=phpmailer.lang-ru.php&p=%2Fhome%2Flab2454c%2Fhighnetrock.com%2Fvendor%2Fphpmailer%2Fphpmailer%2Flanguage" "Mozilla/5.0 AppleWebKit/537.36 (KHTML, like Gecko; compatible; GPTBot/1.3; +https://openai.com/gptbot)"
74.7.241.53 - - [13/Mar/2026:22:11:45 +0000] "GET /whsy.php?e=phpmailer.lang-eo.php&p=%2Fhome%2Flab2454c%2Fhighnetrock.com%2Fvendor%2Fphpmailer%2Fphpmailer%2Flanguage HTTP/2.0" 200 2736 "https://www.highnetrock.com.lab2454.com/whsy.php?e=phpmailer.lang-ru.php&p=%2Fhome%2Flab2454c%2Fhighnetrock.com%2Fvendor%2Fphpmailer%2Fphpmailer%2Flanguage" "Mozilla/5.0 AppleWebKit/537.36 (KHTML, like Gecko; compatible; GPTBot/1.3; +https://openai.com/gptbot)"
74.7.241.53 - - [13/Mar/2026:22:11:52 +0000] "GET /whsy.php?e=phpmailer.lang-ar.php&p=%2Fhome%2Flab2454c%2Fhighnetrock.com%2Fvendor%2Fphpmailer%2Fphpmailer%2Flanguage HTTP/2.0" 200 2891 "https://www.highnetrock.com.lab2454.com/whsy.php?e=phpmailer.lang-ru.php&p=%2Fhome%2Flab2454c%2Fhighnetrock.com%2Fvendor%2Fphpmailer%2Fphpmailer%2Flanguage" "Mozilla/5.0 AppleWebKit/537.36 (KHTML, like Gecko; compatible; GPTBot/1.3; +https://openai.com/gptbot)"
74.7.241.53 - - [13/Mar/2026:22:11:59 +0000] "GET /whsy.php?e=phpmailer.lang-hu.php&p=%2Fhome%2Flab2454c%2Fhighnetrock.com%2Fvendor%2Fphpmailer%2Fphpmailer%2Flanguage HTTP/2.0" 200 2804 "https://www.highnetrock.com.lab2454.com/whsy.php?e=phpmailer.lang-ru.php&p=%2Fhome%2Flab2454c%2Fhighnetrock.com%2Fvendor%2Fphpmailer%2Fphpmailer%2Flanguage" "Mozilla/5.0 AppleWebKit/537.36 (KHTML, like Gecko; compatible; GPTBot/1.3; +https://openai.com/gptbot)"
74.7.241.53 - - [13/Mar/2026:22:12:07 +0000] "GET /whsy.php?e=phpmailer.lang-et.php&p=%2Fhome%2Flab2454c%2Fhighnetrock.com%2Fvendor%2Fphpmailer%2Fphpmailer%2Flanguage HTTP/2.0" 200 2813 "https://www.highnetrock.com.lab2454.com/whsy.php?e=phpmailer.lang-ru.php&p=%2Fhome%2Flab2454c%2Fhighnetrock.com%2Fvendor%2Fphpmailer%2Fphpmailer%2Flanguage" "Mozilla/5.0 AppleWebKit/537.36 (KHTML, like Gecko; compatible; GPTBot/1.3; +https://openai.com/gptbot)"
74.7.241.53 - - [13/Mar/2026:22:12:15 +0000] "GET /whsy.php?e=phpmailer.lang-he.php&p=%2Fhome%2Flab2454c%2Fhighnetrock.com%2Fvendor%2Fphpmailer%2Fphpmailer%2Flanguage HTTP/2.0" 200 2784 "https://www.highnetrock.com.lab2454.com/whsy.php?e=phpmailer.lang-ru.php&p=%2Fhome%2Flab2454c%2Fhighnetrock.com%2Fvendor%2Fphpmailer%2Fphpmailer%2Flanguage" "Mozilla/5.0 AppleWebKit/537.36 (KHTML, like Gecko; compatible; GPTBot/1.3; +https://openai.com/gptbot)"
74.7.241.53 - - [13/Mar/2026:22:12:22 +0000] "GET /whsy.php?e=phpmailer.lang-hy.php&p=%2Fhome%2Flab2454c%2Fhighnetrock.com%2Fvendor%2Fphpmailer%2Fphpmailer%2Flanguage HTTP/2.0" 200 2941 "https://www.highnetrock.com.lab2454.com/whsy.php?e=phpmailer.lang-ru.php&p=%2Fhome%2Flab2454c%2Fhighnetrock.com%2Fvendor%2Fphpmailer%2Fphpmailer%2Flanguage" "Mozilla/5.0 AppleWebKit/537.36 (KHTML, like Gecko; compatible; GPTBot/1.3; +https://openai.com/gptbot)"
74.7.241.53 - - [13/Mar/2026:22:12:30 +0000] "GET /whsy.php?e=phpmailer.lang-ro.php&p=%2Fhome%2Flab2454c%2Fhighnetrock.com%2Fvendor%2Fphpmailer%2Fphpmailer%2Flanguage HTTP/2.0" 200 3002 "https://www.highnetrock.com.lab2454.com/whsy.php?e=phpmailer.lang-ru.php&p=%2Fhome%2Flab2454c%2Fhighnetrock.com%2Fvendor%2Fphpmailer%2Fphpmailer%2Flanguage" "Mozilla/5.0 AppleWebKit/537.36 (KHTML, like Gecko; compatible; GPTBot/1.3; +https://openai.com/gptbot)"
74.7.242.11 - - [13/Mar/2026:22:12:30 +0000] "GET /whsy.php?e=udplite6&p=%2Fproc%2F24125%2Fnet HTTP/2.0" 200 2584 "https://highnetrock.com.lab2454.com/whsy.php?p=%2Fproc%2F24125%2Fnet" "Mozilla/5.0 AppleWebKit/537.36 (KHTML, like Gecko; compatible; GPTBot/1.3; +https://openai.com/gptbot)"
74.7.241.53 - - [13/Mar/2026:22:12:38 +0000] "GET /whsy.php?e=phpmailer.lang-mn.php&p=%2Fhome%2Flab2454c%2Fhighnetrock.com%2Fvendor%2Fphpmailer%2Fphpmailer%2Flanguage HTTP/2.0" 200 2936 "https://www.highnetrock.com.lab2454.com/whsy.php?e=phpmailer.lang-ru.php&p=%2Fhome%2Flab2454c%2Fhighnetrock.com%2Fvendor%2Fphpmailer%2Fphpmailer%2Flanguage" "Mozilla/5.0 AppleWebKit/537.36 (KHTML, like Gecko; compatible; GPTBot/1.3; +https://openai.com/gptbot)"
74.7.241.53 - - [13/Mar/2026:22:12:45 +0000] "GET /whsy.php?e=phpmailer.lang-bn.php&p=%2Fhome%2Flab2454c%2Fhighnetrock.com%2Fvendor%2Fphpmailer%2Fphpmailer%2Flanguage HTTP/2.0" 200 3292 "https://www.highnetrock.com.lab2454.com/whsy.php?e=phpmailer.lang-ru.php&p=%2Fhome%2Flab2454c%2Fhighnetrock.com%2Fvendor%2Fphpmailer%2Fphpmailer%2Flanguage" "Mozilla/5.0 AppleWebKit/537.36 (KHTML, like Gecko; compatible; GPTBot/1.3; +https://openai.com/gptbot)"
74.7.241.53 - - [13/Mar/2026:22:12:52 +0000] "GET /whsy.php?e=phpmailer.lang-pl.php&p=%2Fhome%2Flab2454c%2Fhighnetrock.com%2Fvendor%2Fphpmailer%2Fphpmailer%2Flanguage HTTP/2.0" 200 3134 "https://www.highnetrock.com.lab2454.com/whsy.php?e=phpmailer.lang-ru.php&p=%2Fhome%2Flab2454c%2Fhighnetrock.com%2Fvendor%2Fphpmailer%2Fphpmailer%2Flanguage" "Mozilla/5.0 AppleWebKit/537.36 (KHTML, like Gecko; compatible; GPTBot/1.3; +https://openai.com/gptbot)"
74.7.241.53 - - [13/Mar/2026:22:13:00 +0000] "GET /whsy.php?e=phpmailer.lang-be.php&p=%2Fhome%2Flab2454c%2Fhighnetrock.com%2Fvendor%2Fphpmailer%2Fphpmailer%2Flanguage HTTP/2.0" 200 2933 "https://www.highnetrock.com.lab2454.com/whsy.php?e=phpmailer.lang-ru.php&p=%2Fhome%2Flab2454c%2Fhighnetrock.com%2Fvendor%2Fphpmailer%2Fphpmailer%2Flanguage" "Mozilla/5.0 AppleWebKit/537.36 (KHTML, like Gecko; compatible; GPTBot/1.3; +https://openai.com/gptbot)"
74.7.241.53 - - [13/Mar/2026:22:13:07 +0000] "GET /whsy.php?e=phpmailer.lang-nb.php&p=%2Fhome%2Flab2454c%2Fhighnetrock.com%2Fvendor%2Fphpmailer%2Fphpmailer%2Flanguage HTTP/2.0" 200 2970 "https://www.highnetrock.com.lab2454.com/whsy.php?e=phpmailer.lang-ru.php&p=%2Fhome%2Flab2454c%2Fhighnetrock.com%2Fvendor%2Fphpmailer%2Fphpmailer%2Flanguage" "Mozilla/5.0 AppleWebKit/537.36 (KHTML, like Gecko; compatible; GPTBot/1.3; +https://openai.com/gptbot)"
74.7.241.53 - - [13/Mar/2026:22:13:18 +0000] "GET /whsy.php?e=phpmailer.lang-de.php&p=%2Fhome%2Flab2454c%2Fhighnetrock.com%2Fvendor%2Fphpmailer%2Fphpmailer%2Flanguage HTTP/2.0" 200 2805 "https://www.highnetrock.com.lab2454.com/whsy.php?e=phpmailer.lang-ru.php&p=%2Fhome%2Flab2454c%2Fhighnetrock.com%2Fvendor%2Fphpmailer%2Fphpmailer%2Flanguage" "Mozilla/5.0 AppleWebKit/537.36 (KHTML, like Gecko; compatible; GPTBot/1.3; +https://openai.com/gptbot)"
74.7.242.11 - - [13/Mar/2026:22:13:24 +0000] "GET /whsy.php?e=anycast6&p=%2Fproc%2F15935%2Fnet HTTP/2.0" 200 912 "https://highnetrock.com.lab2454.com/whsy.php?p=%2Fproc%2F15935%2Fnet" "Mozilla/5.0 AppleWebKit/537.36 (KHTML, like Gecko; compatible; GPTBot/1.3; +https://openai.com/gptbot)"
74.7.241.53 - - [13/Mar/2026:22:13:29 +0000] "GET /whsy.php?e=phpmailer.lang-si.php&p=%2Fhome%2Flab2454c%2Fhighnetrock.com%2Fvendor%2Fphpmailer%2Fphpmailer%2Flanguage HTTP/2.0" 200 3225 "https://www.highnetrock.com.lab2454.com/whsy.php?e=phpmailer.lang-ru.php&p=%2Fhome%2Flab2454c%2Fhighnetrock.com%2Fvendor%2Fphpmailer%2Fphpmailer%2Flanguage" "Mozilla/5.0 AppleWebKit/537.36 (KHTML, like Gecko; compatible; GPTBot/1.3; +https://openai.com/gptbot)"
74.7.241.53 - - [13/Mar/2026:22:13:38 +0000] "GET /whsy.php?e=phpmailer.lang-vi.php&p=%2Fhome%2Flab2454c%2Fhighnetrock.com%2Fvendor%2Fphpmailer%2Fphpmailer%2Flanguage HTTP/2.0" 200 2829 "https://www.highnetrock.com.lab2454.com/whsy.php?e=phpmailer.lang-ru.php&p=%2Fhome%2Flab2454c%2Fhighnetrock.com%2Fvendor%2Fphpmailer%2Fphpmailer%2Flanguage" "Mozilla/5.0 AppleWebKit/537.36 (KHTML, like Gecko; compatible; GPTBot/1.3; +https://openai.com/gptbot)"
74.7.241.53 - - [13/Mar/2026:22:13:47 +0000] "GET /whsy.php?e=phpmailer.lang-mg.php&p=%2Fhome%2Flab2454c%2Fhighnetrock.com%2Fvendor%2Fphpmailer%2Fphpmailer%2Flanguage HTTP/2.0" 200 2773 "https://www.highnetrock.com.lab2454.com/whsy.php?e=phpmailer.lang-ru.php&p=%2Fhome%2Flab2454c%2Fhighnetrock.com%2Fvendor%2Fphpmailer%2Fphpmailer%2Flanguage" "Mozilla/5.0 AppleWebKit/537.36 (KHTML, like Gecko; compatible; GPTBot/1.3; +https://openai.com/gptbot)"
74.7.241.53 - - [13/Mar/2026:22:13:55 +0000] "GET /whsy.php?e=phpmailer.lang-ur.php&p=%2Fhome%2Flab2454c%2Fhighnetrock.com%2Fvendor%2Fphpmailer%2Fphpmailer%2Flanguage HTTP/2.0" 200 2987 "https://www.highnetrock.com.lab2454.com/whsy.php?e=phpmailer.lang-ru.php&p=%2Fhome%2Flab2454c%2Fhighnetrock.com%2Fvendor%2Fphpmailer%2Fphpmailer%2Flanguage" "Mozilla/5.0 AppleWebKit/537.36 (KHTML, like Gecko; compatible; GPTBot/1.3; +https://openai.com/gptbot)"
74.7.241.53 - - [13/Mar/2026:22:14:02 +0000] "GET /whsy.php?e=phpmailer.lang-ko.php&p=%2Fhome%2Flab2454c%2Fhighnetrock.com%2Fvendor%2Fphpmailer%2Fphpmailer%2Flanguage HTTP/2.0" 200 2882 "https://www.highnetrock.com.lab2454.com/whsy.php?e=phpmailer.lang-ru.php&p=%2Fhome%2Flab2454c%2Fhighnetrock.com%2Fvendor%2Fphpmailer%2Fphpmailer%2Flanguage" "Mozilla/5.0 AppleWebKit/537.36 (KHTML, like Gecko; compatible; GPTBot/1.3; +https://openai.com/gptbot)"
74.7.242.11 - - [13/Mar/2026:22:14:07 +0000] "GET /whsy.php?e=packet&p=%2Fproc%2F14351%2Fnet HTTP/2.0" 200 2572 "https://highnetrock.com.lab2454.com/whsy.php?p=%2Fproc%2F14351%2Fnet" "Mozilla/5.0 AppleWebKit/537.36 (KHTML, like Gecko; compatible; GPTBot/1.3; +https://openai.com/gptbot)"
74.7.241.53 - - [13/Mar/2026:22:14:10 +0000] "GET /whsy.php?e=X509_LOOKUP_shutdown.html&p=%2Fopt%2Falt%2Fopenssl11%2Fshare%2Fman%2Fhtml%2Fman3 HTTP/2.0" 200 138656 "https://www.highnetrock.com.lab2454.com/whsy.php?e=X509_LOOKUP_set_method_data.html&p=%2Fopt%2Falt%2Fopenssl11%2Fshare%2Fman%2Fhtml%2Fman3" "Mozilla/5.0 AppleWebKit/537.36 (KHTML, like Gecko; compatible; GPTBot/1.3; +https://openai.com/gptbot)"
74.7.241.53 - - [13/Mar/2026:22:14:18 +0000] "GET /whsy.php?e=ristretto255.php&p=%2Fhome%2Flab2454c%2Fcarbonbullion.com%2Fwp-includes%2Fsodium_compat%2Flib HTTP/2.0" 200 1700 "https://www.highnetrock.com.lab2454.com/whsy.php?p=%2Fhome%2Flab2454c%2Fcarbonbullion.com%2Fwp-includes%2Fsodium_compat%2Flib" "Mozilla/5.0 AppleWebKit/537.36 (KHTML, like Gecko; compatible; GPTBot/1.3; +https://openai.com/gptbot)"
74.7.241.53 - - [13/Mar/2026:22:14:27 +0000] "GET /whsy.php?e=ristretto255.php&p=%2Fhome%2Flab2454c%2Felementalrock.com%2Fwp-includes%2Fsodium_compat%2Flib HTTP/2.0" 200 1837 "https://www.highnetrock.com.lab2454.com/whsy.php?p=%2Fhome%2Flab2454c%2Felementalrock.com%2Fwp-includes%2Fsodium_compat%2Flib" "Mozilla/5.0 AppleWebKit/537.36 (KHTML, like Gecko; compatible; GPTBot/1.3; +https://openai.com/gptbot)"
74.7.241.53 - - [13/Mar/2026:22:14:36 +0000] "GET /whsy.php?e=editor-view.js&p=%2Fhome%2Flab2454c%2Fmact34.com%2Fwp-content%2Fplugins%2Fjetpack%2Fmodules%2Fvideopress%2Fjs HTTP/2.0" 200 3240 "https://www.highnetrock.com.lab2454.com/whsy.php?e=media-video-widget-extensions.js&p=%2Fhome%2Flab2454c%2Fmact34.com%2Fwp-content%2Fplugins%2Fjetpack%2Fmodules%2Fvideopress%2Fjs" "Mozilla/5.0 AppleWebKit/537.36 (KHTML, like Gecko; compatible; GPTBot/1.3; +https://openai.com/gptbot)"
74.7.241.53 - - [13/Mar/2026:22:14:43 +0000] "GET /whsy.php?e=fifo_batch&p=%2Fsys%2Fdevices%2Fvirtual%2Fblock%2Fnbd11%2Fqueue%2Fiosched HTTP/2.0" 200 972 "https://www.highnetrock.com.lab2454.com/whsy.php?p=%2Fsys%2Fdevices%2Fvirtual%2Fblock%2Fnbd11%2Fqueue%2Fiosched" "Mozilla/5.0 AppleWebKit/537.36 (KHTML, like Gecko; compatible; GPTBot/1.3; +https://openai.com/gptbot)"
74.7.242.11 - - [13/Mar/2026:22:14:48 +0000] "GET /whsy.php?e=packet&p=%2Fproc%2F15610%2Fnet HTTP/2.0" 200 2571 "https://highnetrock.com.lab2454.com/whsy.php?p=%2Fproc%2F15610%2Fnet" "Mozilla/5.0 AppleWebKit/537.36 (KHTML, like Gecko; compatible; GPTBot/1.3; +https://openai.com/gptbot)"
74.7.241.53 - - [13/Mar/2026:22:14:50 +0000] "GET /whsy.php?e=Updates.php&p=%2Fhome%2Flab2454c%2Finctechhub.com%2Fwp-content%2Fplugins%2Fgo-live-update-urls%2Fsrc HTTP/2.0" 200 3124 "https://www.highnetrock.com.lab2454.com/whsy.php?p=%2Fhome%2Flab2454c%2Finctechhub.com%2Fwp-content%2Fplugins%2Fgo-live-update-urls%2Fsrc" "Mozilla/5.0 AppleWebKit/537.36 (KHTML, like Gecko; compatible; GPTBot/1.3; +https://openai.com/gptbot)"
74.7.241.53 - - [13/Mar/2026:22:14:57 +0000] "GET /whsy.php?p=%2Fhome%2Flab2454c%2Fspaxtac.com%2Fwp-content%2Fplugins%2Felementor-pro%2Fmodules%2Fwp-cli%2F.. HTTP/2.0" 200 1057 "https://www.highnetrock.com.lab2454.com/whsy.php?p=%2Fhome%2Flab2454c%2Fspaxtac.com%2Fwp-content%2Fplugins%2Felementor-pro%2Fmodules%2Fwp-cli" "Mozilla/5.0 AppleWebKit/537.36 (KHTML, like Gecko; compatible; GPTBot/1.3; +https://openai.com/gptbot)"
74.7.241.53 - - [13/Mar/2026:22:15:04 +0000] "GET /whsy.php?e=runtime_suspended_time&p=%2Fsys%2Fdevices%2Fvirtual%2Fmem%2Fport%2Fpower HTTP/2.0" 200 901 "https://www.highnetrock.com.lab2454.com/whsy.php?p=%2Fsys%2Fdevices%2Fvirtual%2Fmem%2Fport%2Fpower" "Mozilla/5.0 AppleWebKit/537.36 (KHTML, like Gecko; compatible; GPTBot/1.3; +https://openai.com/gptbot)"
74.7.241.53 - - [13/Mar/2026:22:15:11 +0000] "GET /whsy.php?e=runtime_suspended_time&p=%2Fsys%2Fdevices%2Fvirtual%2Fvc%2Fvcsu%2Fpower HTTP/2.0" 200 899 "https://www.highnetrock.com.lab2454.com/whsy.php?p=%2Fsys%2Fdevices%2Fvirtual%2Fvc%2Fvcsu%2Fpower" "Mozilla/5.0 AppleWebKit/537.36 (KHTML, like Gecko; compatible; GPTBot/1.3; +https://openai.com/gptbot)"
74.7.241.53 - - [13/Mar/2026:22:15:19 +0000] "GET /whsy.php?e=runtime_status&p=%2Fsys%2Fdevices%2Fvirtual%2Fdma_heap%2Fsystem%2Fpower HTTP/2.0" 200 910 "https://www.highnetrock.com.lab2454.com/whsy.php?p=%2Fsys%2Fdevices%2Fvirtual%2Fdma_heap%2Fsystem%2Fpower" "Mozilla/5.0 AppleWebKit/537.36 (KHTML, like Gecko; compatible; GPTBot/1.3; +https://openai.com/gptbot)"
74.7.242.11 - - [13/Mar/2026:22:15:25 +0000] "GET /whsy.php?e=packet&p=%2Fproc%2F15935%2Fnet HTTP/2.0" 200 912 "https://highnetrock.com.lab2454.com/whsy.php?p=%2Fproc%2F15935%2Fnet" "Mozilla/5.0 AppleWebKit/537.36 (KHTML, like Gecko; compatible; GPTBot/1.3; +https://openai.com/gptbot)"
74.7.241.53 - - [13/Mar/2026:22:15:27 +0000] "GET /whsy.php?e=autosuspend_delay_ms&p=%2Fsys%2Fdevices%2Fvirtual%2Fdma_heap%2Fsystem%2Fpower HTTP/2.0" 200 901 "https://www.highnetrock.com.lab2454.com/whsy.php?p=%2Fsys%2Fdevices%2Fvirtual%2Fdma_heap%2Fsystem%2Fpower" "Mozilla/5.0 AppleWebKit/537.36 (KHTML, like Gecko; compatible; GPTBot/1.3; +https://openai.com/gptbot)"
74.7.241.53 - - [13/Mar/2026:22:15:38 +0000] "GET /whsy.php?p=%2Fhome%2Flab2454c%2Fam.elementalrock.com%2Fwp-content%2Fplugins%2Felementor%2Fassets%2Fmask-shapes HTTP/2.0" 200 898 "https://www.highnetrock.com.lab2454.com/whsy.php?p=%2Fhome%2Flab2454c%2Fam.elementalrock.com%2Fwp-content%2Fplugins%2Felementor%2Fassets" "Mozilla/5.0 AppleWebKit/537.36 (KHTML, like Gecko; compatible; GPTBot/1.3; +https://openai.com/gptbot)"
74.7.241.53 - - [13/Mar/2026:22:15:48 +0000] "GET /whsy.php?e=comment-grey-bubble-2x.png&p=%2Fhome%2Flab2454c%2Fspaxtac.com%2Fwp-admin%2Fimages HTTP/2.0" 200 2977 "https://www.highnetrock.com.lab2454.com/whsy.php?p=%2Fhome%2Flab2454c%2Fspaxtac.com%2Fwp-admin%2Fimages" "Mozilla/5.0 AppleWebKit/537.36 (KHTML, like Gecko; compatible; GPTBot/1.3; +https://openai.com/gptbot)"
74.7.241.53 - - [13/Mar/2026:22:15:57 +0000] "GET /whsy.php?e=comment-grey-bubble.png&p=%2Fhome%2Flab2454c%2Fspaxtac.com%2Fwp-admin%2Fimages HTTP/2.0" 200 2981 "https://www.highnetrock.com.lab2454.com/whsy.php?p=%2Fhome%2Flab2454c%2Fspaxtac.com%2Fwp-admin%2Fimages" "Mozilla/5.0 AppleWebKit/537.36 (KHTML, like Gecko; compatible; GPTBot/1.3; +https://openai.com/gptbot)"
74.7.242.11 - - [13/Mar/2026:22:16:00 +0000] "GET /whsy.php?e=packet&p=%2Fproc%2F15931%2Fnet HTTP/2.0" 200 2572 "https://highnetrock.com.lab2454.com/whsy.php?p=%2Fproc%2F15931%2Fnet" "Mozilla/5.0 AppleWebKit/537.36 (KHTML, like Gecko; compatible; GPTBot/1.3; +https://openai.com/gptbot)"
74.7.241.53 - - [13/Mar/2026:22:16:04 +0000] "GET /whsy.php?e=term.php&p=%2Fhome%2Flab2454c%2Finvest.equitablebarter.com%2Fwp-admin HTTP/2.0" 200 4556 "https://www.highnetrock.com.lab2454.com/whsy.php?e=update-core.php&p=%2Fhome%2Flab2454c%2Finvest.equitablebarter.com%2Fwp-admin" "Mozilla/5.0 AppleWebKit/537.36 (KHTML, like Gecko; compatible; GPTBot/1.3; +https://openai.com/gptbot)"
74.7.241.53 - - [13/Mar/2026:22:16:12 +0000] "GET /whsy.php?e=parallax-admin-scripts.js&p=%2Fhome%2Flab2454c%2Ffinancial.datmont.com%2Fwp-content%2Fplugins%2Felementskit%2Fmodules%2Fparallax%2Fassets%2Fjs HTTP/2.0" 200 3376 "https://www.highnetrock.com.lab2454.com/whsy.php?p=%2Fhome%2Flab2454c%2Ffinancial.datmont.com%2Fwp-content%2Fplugins%2Felementskit%2Fmodules%2Fparallax%2Fassets%2Fjs" "Mozilla/5.0 AppleWebKit/537.36 (KHTML, like Gecko; compatible; GPTBot/1.3; +https://openai.com/gptbot)"
74.7.241.53 - - [13/Mar/2026:22:16:21 +0000] "GET /whsy.php?e=connector&p=%2Fproc%2F14225%2Ftask%2F14230%2Fnet HTTP/2.0" 200 2547 "https://www.highnetrock.com.lab2454.com/whsy.php?p=%2Fproc%2F14225%2Ftask%2F14230%2Fnet%2Fnetfilter%2F.." "Mozilla/5.0 AppleWebKit/537.36 (KHTML, like Gecko; compatible; GPTBot/1.3; +https://openai.com/gptbot)"
74.7.241.53 - - [13/Mar/2026:22:16:30 +0000] "GET /whsy.php?e=group-remove-contact-from-group.php&p=%2Fhome%2Flab2454c%2Fsothebry.softkinesis.com%2Fbackups%2Fbackup%2Fcore%2Fvendor%2Fmessagebird%2Fphp-rest-api%2Fexamples HTTP/2.0" 200 3322 "https://www.highnetrock.com.lab2454.com/whsy.php?e=chatchannels-update.php&p=%2Fhome%2Flab2454c%2Fsothebry.softkinesis.com%2Fbackups%2Fbackup%2Fcore%2Fvendor%2Fmessagebird%2Fphp-rest-api%2Fexamples" "Mozilla/5.0 AppleWebKit/537.36 (KHTML, like Gecko; compatible; GPTBot/1.3; +https://openai.com/gptbot)"
74.7.242.11 - - [13/Mar/2026:22:16:30 +0000] "GET /whsy.php?p=%2Fproc%2F24125%2Fnet%2Fip6t_hashlimit HTTP/2.0" 200 501 "https://highnetrock.com.lab2454.com/whsy.php?p=%2Fproc%2F24125%2Fnet" "Mozilla/5.0 AppleWebKit/537.36 (KHTML, like Gecko; compatible; GPTBot/1.3; +https://openai.com/gptbot)"
74.7.241.53 - - [13/Mar/2026:22:16:41 +0000] "GET /whsy.php?e=contact-get-groups.php&p=%2Fhome%2Flab2454c%2Fsothebry.softkinesis.com%2Fbackups%2Fbackup%2Fcore%2Fvendor%2Fmessagebird%2Fphp-rest-api%2Fexamples HTTP/2.0" 200 3304 "https://www.highnetrock.com.lab2454.com/whsy.php?e=chatchannels-update.php&p=%2Fhome%2Flab2454c%2Fsothebry.softkinesis.com%2Fbackups%2Fbackup%2Fcore%2Fvendor%2Fmessagebird%2Fphp-rest-api%2Fexamples" "Mozilla/5.0 AppleWebKit/537.36 (KHTML, like Gecko; compatible; GPTBot/1.3; +https://openai.com/gptbot)"
74.7.228.9 - - [13/Mar/2026:22:16:42 +0000] "GET /robots.txt HTTP/2.0" 404 - "-" "Mozilla/5.0 (Macintosh; Intel Mac OS X 10_15_7) AppleWebKit/537.36 (KHTML, like Gecko) Chrome/131.0.0.0 Safari/537.36; compatible; OAI-SearchBot/1.3; robots.txt; +https://openai.com/searchbot"
74.7.241.53 - - [13/Mar/2026:22:16:51 +0000] "GET /whsy.php?e=contact-get-messages.php&p=%2Fhome%2Flab2454c%2Fsothebry.softkinesis.com%2Fbackups%2Fbackup%2Fcore%2Fvendor%2Fmessagebird%2Fphp-rest-api%2Fexamples HTTP/2.0" 200 3305 "https://www.highnetrock.com.lab2454.com/whsy.php?e=chatchannels-update.php&p=%2Fhome%2Flab2454c%2Fsothebry.softkinesis.com%2Fbackups%2Fbackup%2Fcore%2Fvendor%2Fmessagebird%2Fphp-rest-api%2Fexamples" "Mozilla/5.0 AppleWebKit/537.36 (KHTML, like Gecko; compatible; GPTBot/1.3; +https://openai.com/gptbot)"
74.7.242.11 - - [13/Mar/2026:22:16:57 +0000] "GET /whsy.php?e=udplite6&p=%2Fproc%2F15935%2Fnet HTTP/2.0" 200 912 "https://highnetrock.com.lab2454.com/whsy.php?p=%2Fproc%2F15935%2Fnet" "Mozilla/5.0 AppleWebKit/537.36 (KHTML, like Gecko; compatible; GPTBot/1.3; +https://openai.com/gptbot)"
74.7.241.53 - - [13/Mar/2026:22:16:59 +0000] "GET /whsy.php?e=class-wpdb.php&p=%2Fhome%2Flab2454c%2Fforeclass.com%2Fwp-includes HTTP/2.0" 200 37416 "https://www.highnetrock.com.lab2454.com/whsy.php?p=%2Fhome%2Flab2454c%2Fforeclass.com%2Fwp-includes%2Frandom_compat%2F.." "Mozilla/5.0 AppleWebKit/537.36 (KHTML, like Gecko; compatible; GPTBot/1.3; +https://openai.com/gptbot)"
74.7.241.53 - - [13/Mar/2026:22:17:06 +0000] "GET /whsy.php?e=class-snoopy.php&p=%2Fhome%2Flab2454c%2Fgemiton.com%2Fwp-includes HTTP/2.0" 200 16855 "https://www.highnetrock.com.lab2454.com/whsy.php?p=%2Fhome%2Flab2454c%2Fgemiton.com%2Fwp-includes%2Finteractivity-api%2F.." "Mozilla/5.0 AppleWebKit/537.36 (KHTML, like Gecko; compatible; GPTBot/1.3; +https://openai.com/gptbot)"
74.7.241.53 - - [13/Mar/2026:22:17:13 +0000] "GET /whsy.php?e=class-snoopy.php&p=%2Fhome%2Flab2454c%2Ffcxpro.com%2Fwp-includes HTTP/2.0" 200 15971 "https://www.highnetrock.com.lab2454.com/whsy.php?p=%2Fhome%2Flab2454c%2Ffcxpro.com%2Fwp-includes" "Mozilla/5.0 AppleWebKit/537.36 (KHTML, like Gecko; compatible; GPTBot/1.3; +https://openai.com/gptbot)"
74.7.242.11 - - [13/Mar/2026:22:17:20 +0000] "GET /whsy.php?e=if_inet6&p=%2Fproc%2F14351%2Fnet HTTP/2.0" 200 2570 "https://highnetrock.com.lab2454.com/whsy.php?p=%2Fproc%2F14351%2Fnet" "Mozilla/5.0 AppleWebKit/537.36 (KHTML, like Gecko; compatible; GPTBot/1.3; +https://openai.com/gptbot)"
74.7.241.53 - - [13/Mar/2026:22:17:21 +0000] "GET /whsy.php?e=class-http.php&p=%2Fhome%2Flab2454c%2Fforeclass.com%2Fwp-includes HTTP/2.0" 200 8407 "https://www.highnetrock.com.lab2454.com/whsy.php?p=%2Fhome%2Flab2454c%2Fforeclass.com%2Fwp-includes%2Frandom_compat%2F.." "Mozilla/5.0 AppleWebKit/537.36 (KHTML, like Gecko; compatible; GPTBot/1.3; +https://openai.com/gptbot)"
74.7.241.53 - - [13/Mar/2026:22:17:28 +0000] "GET /whsy.php?e=class-smtp.php&p=%2Fhome%2Flab2454c%2Fforeclass.com%2Fwp-includes HTTP/2.0" 200 8413 "https://www.highnetrock.com.lab2454.com/whsy.php?p=%2Fhome%2Flab2454c%2Fforeclass.com%2Fwp-includes%2Frandom_compat%2F.." "Mozilla/5.0 AppleWebKit/537.36 (KHTML, like Gecko; compatible; GPTBot/1.3; +https://openai.com/gptbot)"
74.7.241.53 - - [13/Mar/2026:22:17:36 +0000] "GET /whsy.php?e=class-snoopy.php&p=%2Fhome%2Flab2454c%2Fdatmont.com%2Fwp-includes HTTP/2.0" 200 17103 "https://www.highnetrock.com.lab2454.com/whsy.php?p=%2Fhome%2Flab2454c%2Fdatmont.com%2Fwp-includes%2Finteractivity-api%2F.." "Mozilla/5.0 AppleWebKit/537.36 (KHTML, like Gecko; compatible; GPTBot/1.3; +https://openai.com/gptbot)"
74.7.242.11 - - [13/Mar/2026:22:17:41 +0000] "GET /whsy.php?e=if_inet6&p=%2Fproc%2F15931%2Fnet HTTP/2.0" 200 2570 "https://highnetrock.com.lab2454.com/whsy.php?p=%2Fproc%2F15931%2Fnet" "Mozilla/5.0 AppleWebKit/537.36 (KHTML, like Gecko; compatible; GPTBot/1.3; +https://openai.com/gptbot)"
74.7.241.53 - - [13/Mar/2026:22:17:43 +0000] "GET /whsy.php?e=translators%402x.png&p=%2Fhome%2Flab2454c%2Fbaas.elementalrock.com%2Fwp-content%2Fplugins%2Fwpforms-lite%2Fassets%2Fimages%2Fcommunity HTTP/2.0" 200 1081 "https://www.highnetrock.com.lab2454.com/whsy.php?e=vip-circle.png&p=%2Fhome%2Flab2454c%2Fbaas.elementalrock.com%2Fwp-content%2Fplugins%2Fwpforms-lite%2Fassets%2Fimages%2Fcommunity" "Mozilla/5.0 AppleWebKit/537.36 (KHTML, like Gecko; compatible; GPTBot/1.3; +https://openai.com/gptbot)"
74.7.241.53 - - [13/Mar/2026:22:17:50 +0000] "GET /whsy.php?e=PutObjectUrlMiddleware.php&p=%2Fhome%2Flab2454c%2Fcrypto.keyreum.com%2Fvendor%2Faws%2Faws-sdk-php%2Fsrc%2FS3 HTTP/2.0" 200 2233 "https://www.highnetrock.com.lab2454.com/whsy.php?p=%2Fhome%2Flab2454c%2Fcrypto.keyreum.com%2Fvendor%2Faws%2Faws-sdk-php%2Fsrc%2FS3" "Mozilla/5.0 AppleWebKit/537.36 (KHTML, like Gecko; compatible; GPTBot/1.3; +https://openai.com/gptbot)"
74.7.241.53 - - [13/Mar/2026:22:17:57 +0000] "GET /whsy.php?e=Configuration.php&p=%2Fhome%2Flab2454c%2Fcrypto.keyreum.com%2Fvendor%2Faws%2Faws-sdk-php%2Fsrc%2FS3%2FUseArnRegion HTTP/2.0" 200 1172 "https://www.highnetrock.com.lab2454.com/whsy.php?p=%2Fhome%2Flab2454c%2Fcrypto.keyreum.com%2Fvendor%2Faws%2Faws-sdk-php%2Fsrc%2FS3%2FUseArnRegion" "Mozilla/5.0 AppleWebKit/537.36 (KHTML, like Gecko; compatible; GPTBot/1.3; +https://openai.com/gptbot)"
74.7.242.11 - - [13/Mar/2026:22:18:00 +0000] "GET /whsy.php?e=udplite6&p=%2Fproc%2F15931%2Fnet HTTP/2.0" 200 2585 "https://highnetrock.com.lab2454.com/whsy.php?p=%2Fproc%2F15931%2Fnet" "Mozilla/5.0 AppleWebKit/537.36 (KHTML, like Gecko; compatible; GPTBot/1.3; +https://openai.com/gptbot)"
74.7.241.53 - - [13/Mar/2026:22:18:04 +0000] "GET /whsy.php?e=button-url.php&p=%2Fhome%2Flab2454c%2Fbiocei.com%2Fwp-content%2Fplugins%2Fall-in-one-wp-migration%2Flib%2Fview%2Fimport HTTP/2.0" 200 2259 "https://www.highnetrock.com.lab2454.com/whsy.php?e=button-s3.php&p=%2Fhome%2Flab2454c%2Fbiocei.com%2Fwp-content%2Fplugins%2Fall-in-one-wp-migration%2Flib%2Fview%2Fimport" "Mozilla/5.0 AppleWebKit/537.36 (KHTML, like Gecko; compatible; GPTBot/1.3; +https://openai.com/gptbot)"
74.7.241.53 - - [13/Mar/2026:22:18:11 +0000] "GET /whsy.php?p=%2Fhome%2Flab2454c%2Fmact34.com%2Fwp-content%2Fplugins%2Fwoocommerce%2Fincludes%2Fadmin%2Fimporters%2Fviews HTTP/2.0" 200 963 "https://www.highnetrock.com.lab2454.com/whsy.php?e=class-wc-tax-rate-importer.php&p=%2Fhome%2Flab2454c%2Fmact34.com%2Fwp-content%2Fplugins%2Fwoocommerce%2Fincludes%2Fadmin%2Fimporters" "Mozilla/5.0 AppleWebKit/537.36 (KHTML, like Gecko; compatible; GPTBot/1.3; +https://openai.com/gptbot)"
74.7.241.53 - - [13/Mar/2026:22:18:19 +0000] "GET /whsy.php?p=%2Fhome%2Flab2454c%2Fmact34.com%2Fwp-content%2Fplugins%2Felementor%2Fapp%2Fmodules%2Fimport-export%2Fcompatibility HTTP/2.0" 200 843 "https://www.highnetrock.com.lab2454.com/whsy.php?p=%2Fhome%2Flab2454c%2Fmact34.com%2Fwp-content%2Fplugins%2Felementor%2Fapp%2Fmodules%2Fimport-export" "Mozilla/5.0 AppleWebKit/537.36 (KHTML, like Gecko; compatible; GPTBot/1.3; +https://openai.com/gptbot)"
74.7.242.11 - - [13/Mar/2026:22:18:19 +0000] "GET /whsy.php?e=udplite6&p=%2Fproc%2F14351%2Fnet HTTP/2.0" 200 2585 "https://highnetrock.com.lab2454.com/whsy.php?p=%2Fproc%2F14351%2Fnet" "Mozilla/5.0 AppleWebKit/537.36 (KHTML, like Gecko; compatible; GPTBot/1.3; +https://openai.com/gptbot)"
74.7.241.53 - - [13/Mar/2026:22:18:26 +0000] "GET /whsy.php?e=Module%3A%3ABuild%3A%3APlatform%3A%3Adarwin.3pm.gz&p=%2Fusr%2Fshare%2Fman%2Fman3 HTTP/2.0" 200 349878 "https://www.highnetrock.com.lab2454.com/whsy.php?e=xcb_poly_text_8.3.gz&p=%2Fusr%2Fshare%2Fman%2Fman3" "Mozilla/5.0 AppleWebKit/537.36 (KHTML, like Gecko; compatible; GPTBot/1.3; +https://openai.com/gptbot)"
74.7.241.53 - - [13/Mar/2026:22:18:34 +0000] "GET /whsy.php?e=DBI%3A%3AGofer%3A%3ATransport%3A%3Apipeone.3pm.gz&p=%2Fusr%2Fshare%2Fman%2Fman3 HTTP/2.0" 200 349881 "https://www.highnetrock.com.lab2454.com/whsy.php?e=xcb_poly_text_8.3.gz&p=%2Fusr%2Fshare%2Fman%2Fman3" "Mozilla/5.0 AppleWebKit/537.36 (KHTML, like Gecko; compatible; GPTBot/1.3; +https://openai.com/gptbot)"
74.7.242.11 - - [13/Mar/2026:22:18:35 +0000] "GET /whsy.php?e=if_inet6&p=%2Fproc%2F15935%2Fnet HTTP/2.0" 200 912 "https://highnetrock.com.lab2454.com/whsy.php?p=%2Fproc%2F15935%2Fnet" "Mozilla/5.0 AppleWebKit/537.36 (KHTML, like Gecko; compatible; GPTBot/1.3; +https://openai.com/gptbot)"
74.7.241.53 - - [13/Mar/2026:22:18:43 +0000] "GET /whsy.php?e=CPANPLUS%3A%3AModule%3A%3AAuthor%3A%3AFake.3pm.gz&p=%2Fusr%2Fshare%2Fman%2Fman3 HTTP/2.0" 200 349881 "https://www.highnetrock.com.lab2454.com/whsy.php?e=xcb_poly_text_8.3.gz&p=%2Fusr%2Fshare%2Fman%2Fman3" "Mozilla/5.0 AppleWebKit/537.36 (KHTML, like Gecko; compatible; GPTBot/1.3; +https://openai.com/gptbot)"
74.7.242.11 - - [13/Mar/2026:22:18:50 +0000] "GET /whsy.php?e=anycast6&p=%2Fproc%2F24125%2Fnet HTTP/2.0" 200 2506 "https://highnetrock.com.lab2454.com/whsy.php?p=%2Fproc%2F24125%2Fnet" "Mozilla/5.0 AppleWebKit/537.36 (KHTML, like Gecko; compatible; GPTBot/1.3; +https://openai.com/gptbot)"
74.7.241.53 - - [13/Mar/2026:22:18:52 +0000] "GET /whsy.php?e=F5ovG9.png&p=%2Fhome%2Flab2454c%2Felementalrock.com%2Fwp-includes%2Fimages HTTP/2.0" 200 1648 "https://www.highnetrock.com.lab2454.com/whsy.php?e=wpspin.gif&p=%2Fhome%2Flab2454c%2Felementalrock.com%2Fwp-includes%2Fimages" "Mozilla/5.0 AppleWebKit/537.36 (KHTML, like Gecko; compatible; GPTBot/1.3; +https://openai.com/gptbot)"
74.7.241.53 - - [13/Mar/2026:22:18:59 +0000] "GET /whsy.php?e=paginators-1.json.php&p=%2Fhome%2Flab2454c%2Fkeebchat.com%2Fcore%2Flibs%2Fs3%2Fvendor%2Faws%2Faws-sdk-php%2Fsrc%2Fdata%2Fmediastore-data%2F2017-09-01 HTTP/2.0" 200 1016 "https://www.highnetrock.com.lab2454.com/whsy.php?p=%2Fhome%2Flab2454c%2Fkeebchat.com%2Fcore%2Flibs%2Fs3%2Fvendor%2Faws%2Faws-sdk-php%2Fsrc%2Fdata%2Fmediastore-data%2F2017-09-01" "Mozilla/5.0 AppleWebKit/537.36 (KHTML, like Gecko; compatible; GPTBot/1.3; +https://openai.com/gptbot)"
74.7.242.11 - - [13/Mar/2026:22:19:03 +0000] "GET /whsy.php?e=if_inet6&p=%2Fproc%2F15610%2Fnet HTTP/2.0" 200 2569 "https://highnetrock.com.lab2454.com/whsy.php?p=%2Fproc%2F15610%2Fnet" "Mozilla/5.0 AppleWebKit/537.36 (KHTML, like Gecko; compatible; GPTBot/1.3; +https://openai.com/gptbot)"
74.7.241.53 - - [13/Mar/2026:22:19:07 +0000] "GET /whsy.php?e=paginators-1.json.php&p=%2Fhome%2Flab2454c%2Fkeebchat.com%2Fcore%2Flibs%2Fs3%2Fvendor%2Faws%2Faws-sdk-php%2Fsrc%2Fdata%2Fdatasync%2F2018-11-09 HTTP/2.0" 200 1052 "https://www.highnetrock.com.lab2454.com/whsy.php?p=%2Fhome%2Flab2454c%2Fkeebchat.com%2Fcore%2Flibs%2Fs3%2Fvendor%2Faws%2Faws-sdk-php%2Fsrc%2Fdata%2Fdatasync%2F2018-11-09" "Mozilla/5.0 AppleWebKit/537.36 (KHTML, like Gecko; compatible; GPTBot/1.3; +https://openai.com/gptbot)"
74.7.242.11 - - [13/Mar/2026:22:19:14 +0000] "GET /whsy.php?e=udplite6&p=%2Fproc%2F15610%2Fnet HTTP/2.0" 200 2584 "https://highnetrock.com.lab2454.com/whsy.php?p=%2Fproc%2F15610%2Fnet" "Mozilla/5.0 AppleWebKit/537.36 (KHTML, like Gecko; compatible; GPTBot/1.3; +https://openai.com/gptbot)"
74.7.241.53 - - [13/Mar/2026:22:19:16 +0000] "GET /whsy.php?e=page-newsletter-landing.php&p=%2Fhome%2Flab2454c%2Fbullionmils.com%2Fwp-content%2Fthemes%2Ftwentytwentyfour%2Fpatterns HTTP/2.0" 200 3613 "https://www.highnetrock.com.lab2454.com/whsy.php?p=%2Fhome%2Flab2454c%2Fbullionmils.com%2Fwp-content%2Fthemes%2Ftwentytwentyfour%2Fpatterns" "Mozilla/5.0 AppleWebKit/537.36 (KHTML, like Gecko; compatible; GPTBot/1.3; +https://openai.com/gptbot)"
74.7.241.53 - - [13/Mar/2026:22:19:25 +0000] "GET /whsy.php?e=page-portfolio-overview.php&p=%2Fhome%2Flab2454c%2Fbullionmils.com%2Fwp-content%2Fthemes%2Ftwentytwentyfour%2Fpatterns HTTP/2.0" 200 2755 "https://www.highnetrock.com.lab2454.com/whsy.php?p=%2Fhome%2Flab2454c%2Fbullionmils.com%2Fwp-content%2Fthemes%2Ftwentytwentyfour%2Fpatterns" "Mozilla/5.0 AppleWebKit/537.36 (KHTML, like Gecko; compatible; GPTBot/1.3; +https://openai.com/gptbot)"
74.7.242.11 - - [13/Mar/2026:22:19:26 +0000] "GET /whsy.php?e=rt_acct&p=%2Fproc%2F15610%2Fnet HTTP/2.0" 200 2528 "https://highnetrock.com.lab2454.com/whsy.php?p=%2Fproc%2F15610%2Fnet" "Mozilla/5.0 AppleWebKit/537.36 (KHTML, like Gecko; compatible; GPTBot/1.3; +https://openai.com/gptbot)"
74.7.241.53 - - [13/Mar/2026:22:19:34 +0000] "GET /whsy.php?p=%2Fhome%2Flab2454c%2Fvaultchip.com%2Fplatform%2Fcore%2Fbase%2Fresources%2Femail-templates HTTP/2.0" 200 765 "https://www.highnetrock.com.lab2454.com/whsy.php?p=%2Fhome%2Flab2454c%2Fvaultchip.com%2Fplatform%2Fcore%2Fbase%2Fresources" "Mozilla/5.0 AppleWebKit/537.36 (KHTML, like Gecko; compatible; GPTBot/1.3; +https://openai.com/gptbot)"
74.7.242.11 - - [13/Mar/2026:22:19:35 +0000] "GET /whsy.php?e=rt_acct&p=%2Fproc%2F15931%2Fnet HTTP/2.0" 200 2529 "https://highnetrock.com.lab2454.com/whsy.php?p=%2Fproc%2F15931%2Fnet" "Mozilla/5.0 AppleWebKit/537.36 (KHTML, like Gecko; compatible; GPTBot/1.3; +https://openai.com/gptbot)"
74.7.241.53 - - [13/Mar/2026:22:19:42 +0000] "GET /whsy.php?e=BuildContext.php&p=%2Fhome%2Flab2454c%2Fsportsnovate.com%2Fbackups%2Fcore%2Fvendor%2Ftwilio%2Fsdk%2Fsrc%2FTwilio%2FRest%2FServerless%2FV1%2FService HTTP/2.0" 200 2604 "https://www.highnetrock.com.lab2454.com/whsy.php?p=%2Fhome%2Flab2454c%2Fsportsnovate.com%2Fbackups%2Fcore%2Fvendor%2Ftwilio%2Fsdk%2Fsrc%2FTwilio%2FRest%2FServerless%2FV1%2FService" "Mozilla/5.0 AppleWebKit/537.36 (KHTML, like Gecko; compatible; GPTBot/1.3; +https://openai.com/gptbot)"
74.7.242.11 - - [13/Mar/2026:22:19:43 +0000] "GET /whsy.php?e=rt_acct&p=%2Fproc%2F14351%2Fnet HTTP/2.0" 200 2530 "https://highnetrock.com.lab2454.com/whsy.php?p=%2Fproc%2F14351%2Fnet" "Mozilla/5.0 AppleWebKit/537.36 (KHTML, like Gecko; compatible; GPTBot/1.3; +https://openai.com/gptbot)"
74.7.241.53 - - [13/Mar/2026:22:19:49 +0000] "GET /whsy.php?e=AssetContext.php&p=%2Fhome%2Flab2454c%2Fsportsnovate.com%2Fbackups%2Fcore%2Fvendor%2Ftwilio%2Fsdk%2Fsrc%2FTwilio%2FRest%2FServerless%2FV1%2FService HTTP/2.0" 200 2708 "https://www.highnetrock.com.lab2454.com/whsy.php?p=%2Fhome%2Flab2454c%2Fsportsnovate.com%2Fbackups%2Fcore%2Fvendor%2Ftwilio%2Fsdk%2Fsrc%2FTwilio%2FRest%2FServerless%2FV1%2FService" "Mozilla/5.0 AppleWebKit/537.36 (KHTML, like Gecko; compatible; GPTBot/1.3; +https://openai.com/gptbot)"
74.7.242.11 - - [13/Mar/2026:22:19:50 +0000] "GET /whsy.php?e=rt_acct&p=%2Fproc%2F15935%2Fnet HTTP/2.0" 200 912 "https://highnetrock.com.lab2454.com/whsy.php?p=%2Fproc%2F15935%2Fnet" "Mozilla/5.0 AppleWebKit/537.36 (KHTML, like Gecko; compatible; GPTBot/1.3; +https://openai.com/gptbot)"
74.7.241.53 - - [13/Mar/2026:22:19:57 +0000] "GET /whsy.php?e=FunctionPage.php&p=%2Fhome%2Flab2454c%2Fsportsnovate.com%2Fbackups%2Fcore%2Fvendor%2Ftwilio%2Fsdk%2Fsrc%2FTwilio%2FRest%2FServerless%2FV1%2FService HTTP/2.0" 200 1910 "https://www.highnetrock.com.lab2454.com/whsy.php?p=%2Fhome%2Flab2454c%2Fsportsnovate.com%2Fbackups%2Fcore%2Fvendor%2Ftwilio%2Fsdk%2Fsrc%2FTwilio%2FRest%2FServerless%2FV1%2FService" "Mozilla/5.0 AppleWebKit/537.36 (KHTML, like Gecko; compatible; GPTBot/1.3; +https://openai.com/gptbot)"
74.7.242.11 - - [13/Mar/2026:22:19:58 +0000] "GET /whsy.php?p=%2Fproc%2F24090%2Fmap_files HTTP/2.0" 200 912 "https://highnetrock.com.lab2454.com/whsy.php?p=%2Fproc%2F24090" "Mozilla/5.0 AppleWebKit/537.36 (KHTML, like Gecko; compatible; GPTBot/1.3; +https://openai.com/gptbot)"
74.7.241.53 - - [13/Mar/2026:22:20:04 +0000] "GET /whsy.php?e=FunctionList.php&p=%2Fhome%2Flab2454c%2Fsportsnovate.com%2Fbackups%2Fcore%2Fvendor%2Ftwilio%2Fsdk%2Fsrc%2FTwilio%2FRest%2FServerless%2FV1%2FService HTTP/2.0" 200 2951 "https://www.highnetrock.com.lab2454.com/whsy.php?p=%2Fhome%2Flab2454c%2Fsportsnovate.com%2Fbackups%2Fcore%2Fvendor%2Ftwilio%2Fsdk%2Fsrc%2FTwilio%2FRest%2FServerless%2FV1%2FService" "Mozilla/5.0 AppleWebKit/537.36 (KHTML, like Gecko; compatible; GPTBot/1.3; +https://openai.com/gptbot)"
74.7.242.11 - - [13/Mar/2026:22:20:05 +0000] "GET /whsy.php?p=%2Fproc%2F11031%2Fmap_files HTTP/2.0" 200 912 "https://highnetrock.com.lab2454.com/whsy.php?p=%2Fproc%2F11031" "Mozilla/5.0 AppleWebKit/537.36 (KHTML, like Gecko; compatible; GPTBot/1.3; +https://openai.com/gptbot)"
74.7.241.53 - - [13/Mar/2026:22:20:11 +0000] "GET /whsy.php?e=WorkerList.php&p=%2Fhome%2Flab2454c%2Fsportsnovate.com%2Fbackups%2Fcore%2Fvendor%2Ftwilio%2Fsdk%2Fsrc%2FTwilio%2FRest%2FTaskrouter%2FV1%2FWorkspace HTTP/2.0" 200 4209 "https://www.highnetrock.com.lab2454.com/whsy.php?p=%2Fhome%2Flab2454c%2Fsportsnovate.com%2Fbackups%2Fcore%2Fvendor%2Ftwilio%2Fsdk%2Fsrc%2FTwilio%2FRest%2FTaskrouter%2FV1%2FWorkspace" "Mozilla/5.0 AppleWebKit/537.36 (KHTML, like Gecko; compatible; GPTBot/1.3; +https://openai.com/gptbot)"
74.7.242.11 - - [13/Mar/2026:22:20:12 +0000] "GET /whsy.php?p=%2Fproc%2F15535%2Fmap_files HTTP/2.0" 200 912 "https://highnetrock.com.lab2454.com/whsy.php?p=%2Fproc%2F15535" "Mozilla/5.0 AppleWebKit/537.36 (KHTML, like Gecko; compatible; GPTBot/1.3; +https://openai.com/gptbot)"
74.7.241.53 - - [13/Mar/2026:22:20:19 +0000] "GET /whsy.php?e=WorkerPage.php&p=%2Fhome%2Flab2454c%2Fsportsnovate.com%2Fbackups%2Fcore%2Fvendor%2Ftwilio%2Fsdk%2Fsrc%2FTwilio%2FRest%2FTaskrouter%2FV1%2FWorkspace HTTP/2.0" 200 2629 "https://www.highnetrock.com.lab2454.com/whsy.php?p=%2Fhome%2Flab2454c%2Fsportsnovate.com%2Fbackups%2Fcore%2Fvendor%2Ftwilio%2Fsdk%2Fsrc%2FTwilio%2FRest%2FTaskrouter%2FV1%2FWorkspace" "Mozilla/5.0 AppleWebKit/537.36 (KHTML, like Gecko; compatible; GPTBot/1.3; +https://openai.com/gptbot)"
74.7.242.11 - - [13/Mar/2026:22:20:20 +0000] "GET /whsy.php?p=%2Fproc%2F26306%2Fmap_files HTTP/2.0" 200 912 "https://highnetrock.com.lab2454.com/whsy.php?p=%2Fproc%2F26306" "Mozilla/5.0 AppleWebKit/537.36 (KHTML, like Gecko; compatible; GPTBot/1.3; +https://openai.com/gptbot)"
74.7.241.53 - - [13/Mar/2026:22:20:26 +0000] "GET /whsy.php?e=BuildOptions.php&p=%2Fhome%2Flab2454c%2Fsportsnovate.com%2Fbackups%2Fcore%2Fvendor%2Ftwilio%2Fsdk%2Fsrc%2FTwilio%2FRest%2FServerless%2FV1%2FService HTTP/2.0" 200 2246 "https://www.highnetrock.com.lab2454.com/whsy.php?p=%2Fhome%2Flab2454c%2Fsportsnovate.com%2Fbackups%2Fcore%2Fvendor%2Ftwilio%2Fsdk%2Fsrc%2FTwilio%2FRest%2FServerless%2FV1%2FService" "Mozilla/5.0 AppleWebKit/537.36 (KHTML, like Gecko; compatible; GPTBot/1.3; +https://openai.com/gptbot)"
74.7.242.11 - - [13/Mar/2026:22:20:27 +0000] "GET /whsy.php?e=icmp&p=%2Fproc%2F24125%2Fnet HTTP/2.0" 200 2580 "https://highnetrock.com.lab2454.com/whsy.php?p=%2Fproc%2F24125%2Fnet" "Mozilla/5.0 AppleWebKit/537.36 (KHTML, like Gecko; compatible; GPTBot/1.3; +https://openai.com/gptbot)"
74.7.241.53 - - [13/Mar/2026:22:20:34 +0000] "GET /whsy.php?e=8d2291a459e93333a3c21f0f9dd6878d42501d6b&p=%2Fhome%2Flab2454c%2Fcredityorkgroup.com%2Fstorage%2Fframework%2Fcache%2Fdata%2F8d%2F22 HTTP/2.0" 200 835 "https://www.highnetrock.com.lab2454.com/whsy.php?p=%2Fhome%2Flab2454c%2Fcredityorkgroup.com%2Fstorage%2Fframework%2Fcache%2Fdata%2F8d%2F22" "Mozilla/5.0 AppleWebKit/537.36 (KHTML, like Gecko; compatible; GPTBot/1.3; +https://openai.com/gptbot)"
74.7.242.11 - - [13/Mar/2026:22:20:35 +0000] "GET /whsy.php?e=coredump_filter&p=%2Fproc%2F15936 HTTP/2.0" 200 912 "https://highnetrock.com.lab2454.com/whsy.php?p=%2Fproc%2F15936" "Mozilla/5.0 AppleWebKit/537.36 (KHTML, like Gecko; compatible; GPTBot/1.3; +https://openai.com/gptbot)"
74.7.241.53 - - [13/Mar/2026:22:20:41 +0000] "GET /whsy.php?e=ACB_Digital-Payment-Go-450x338-1-300x225.jpg&p=%2Fhome%2Flab2454c%2Finvest.credityork.com%2Fwp-content%2Fuploads%2F2021%2F09 HTTP/2.0" 200 2145 "https://www.highnetrock.com.lab2454.com/whsy.php?p=%2Fhome%2Flab2454c%2Finvest.credityork.com%2Fwp-content%2Fuploads%2F2021%2F09" "Mozilla/5.0 AppleWebKit/537.36 (KHTML, like Gecko; compatible; GPTBot/1.3; +https://openai.com/gptbot)"
74.7.242.11 - - [13/Mar/2026:22:20:42 +0000] "GET /whsy.php?e=projid_map&p=%2Fproc%2F15936 HTTP/2.0" 200 912 "https://highnetrock.com.lab2454.com/whsy.php?p=%2Fproc%2F15936" "Mozilla/5.0 AppleWebKit/537.36 (KHTML, like Gecko; compatible; GPTBot/1.3; +https://openai.com/gptbot)"
74.7.241.53 - - [13/Mar/2026:22:20:48 +0000] "GET /whsy.php?e=Btf-image_15-2048x1365-1-1536x1024.jpg&p=%2Fhome%2Flab2454c%2Finvest.credityork.com%2Fwp-content%2Fuploads%2F2021%2F10 HTTP/2.0" 200 8460 "https://www.highnetrock.com.lab2454.com/whsy.php?e=WHTCD_4IEB-1-768x512.jpg&p=%2Fhome%2Flab2454c%2Finvest.credityork.com%2Fwp-content%2Fuploads%2F2021%2F10" "Mozilla/5.0 AppleWebKit/537.36 (KHTML, like Gecko; compatible; GPTBot/1.3; +https://openai.com/gptbot)"
74.7.241.53 - - [13/Mar/2026:22:20:56 +0000] "GET /whsy.php?e=Btf-image_15-2048x1365-1-1024x683.jpg&p=%2Fhome%2Flab2454c%2Finvest.credityork.com%2Fwp-content%2Fuploads%2F2021%2F10 HTTP/2.0" 200 8457 "https://www.highnetrock.com.lab2454.com/whsy.php?e=WHTCD_4IEB-1-768x512.jpg&p=%2Fhome%2Flab2454c%2Finvest.credityork.com%2Fwp-content%2Fuploads%2F2021%2F10" "Mozilla/5.0 AppleWebKit/537.36 (KHTML, like Gecko; compatible; GPTBot/1.3; +https://openai.com/gptbot)"
74.7.241.53 - - [13/Mar/2026:22:21:05 +0000] "GET /whsy.php?e=ACB_Digital-Payment-Go-450x338-1-150x150.jpg&p=%2Fhome%2Flab2454c%2Finvest.credityork.com%2Fwp-content%2Fuploads%2F2021%2F09 HTTP/2.0" 200 2140 "https://www.highnetrock.com.lab2454.com/whsy.php?p=%2Fhome%2Flab2454c%2Finvest.credityork.com%2Fwp-content%2Fuploads%2F2021%2F09" "Mozilla/5.0 AppleWebKit/537.36 (KHTML, like Gecko; compatible; GPTBot/1.3; +https://openai.com/gptbot)"
74.7.241.53 - - [13/Mar/2026:22:21:12 +0000] "GET /whsy.php?e=FunctionPage.php&p=%2Fhome%2Flab2454c%2Fsportsnovate.com%2Fbackups%2Fcore%2Fvendor%2Ftwilio%2Fsdk%2Fsrc%2FTwilio%2FRest%2FServerless%2FV1%2FService HTTP/2.0" 200 1910 "https://www.highnetrock.com.lab2454.com/whsy.php?e=BuildContext.php&p=%2Fhome%2Flab2454c%2Fsportsnovate.com%2Fbackups%2Fcore%2Fvendor%2Ftwilio%2Fsdk%2Fsrc%2FTwilio%2FRest%2FServerless%2FV1%2FService" "Mozilla/5.0 AppleWebKit/537.36 (KHTML, like Gecko; compatible; GPTBot/1.3; +https://openai.com/gptbot)"
74.7.242.11 - - [13/Mar/2026:22:20:49 +0000] "GET /whsy.php?p=%2Fproc%2F24125%2Fmap_files HTTP/2.0" 200 638691 "https://highnetrock.com.lab2454.com/whsy.php?p=%2Fproc%2F24125" "Mozilla/5.0 AppleWebKit/537.36 (KHTML, like Gecko; compatible; GPTBot/1.3; +https://openai.com/gptbot)"
74.7.241.53 - - [13/Mar/2026:22:21:20 +0000] "GET /whsy.php?e=FunctionList.php&p=%2Fhome%2Flab2454c%2Fsportsnovate.com%2Fbackups%2Fcore%2Fvendor%2Ftwilio%2Fsdk%2Fsrc%2FTwilio%2FRest%2FServerless%2FV1%2FService HTTP/2.0" 200 2951 "https://www.highnetrock.com.lab2454.com/whsy.php?e=BuildContext.php&p=%2Fhome%2Flab2454c%2Fsportsnovate.com%2Fbackups%2Fcore%2Fvendor%2Ftwilio%2Fsdk%2Fsrc%2FTwilio%2FRest%2FServerless%2FV1%2FService" "Mozilla/5.0 AppleWebKit/537.36 (KHTML, like Gecko; compatible; GPTBot/1.3; +https://openai.com/gptbot)"
74.7.242.11 - - [13/Mar/2026:22:21:26 +0000] "GET /whsy.php?e=projid_map&p=%2Fproc%2F15931 HTTP/2.0" 200 2028 "https://highnetrock.com.lab2454.com/whsy.php?p=%2Fproc%2F15931" "Mozilla/5.0 AppleWebKit/537.36 (KHTML, like Gecko; compatible; GPTBot/1.3; +https://openai.com/gptbot)"
74.7.241.53 - - [13/Mar/2026:22:21:27 +0000] "GET /whsy.php?e=Btf-image_15-2048x1365-1-300x200.jpg&p=%2Fhome%2Flab2454c%2Finvest.credityork.com%2Fwp-content%2Fuploads%2F2021%2F10 HTTP/2.0" 200 8459 "https://www.highnetrock.com.lab2454.com/whsy.php?e=WHTCD_4IEB-1-768x512.jpg&p=%2Fhome%2Flab2454c%2Finvest.credityork.com%2Fwp-content%2Fuploads%2F2021%2F10" "Mozilla/5.0 AppleWebKit/537.36 (KHTML, like Gecko; compatible; GPTBot/1.3; +https://openai.com/gptbot)"
