74.7.241.53 - - [13/Mar/2026:22:21:35 +0000] "GET /whsy.php?e=Btf-image_15-2048x1365-1-150x150.jpg&p=%2Fhome%2Flab2454c%2Finvest.credityork.com%2Fwp-content%2Fuploads%2F2021%2F10 HTTP/2.0" 200 8452 "https://www.highnetrock.com.lab2454.com/whsy.php?e=WHTCD_4IEB-1-768x512.jpg&p=%2Fhome%2Flab2454c%2Finvest.credityork.com%2Fwp-content%2Fuploads%2F2021%2F10" "Mozilla/5.0 AppleWebKit/537.36 (KHTML, like Gecko; compatible; GPTBot/1.3; +https://openai.com/gptbot)"
74.7.242.11 - - [13/Mar/2026:22:21:36 +0000] "GET /whsy.php?e=projid_map&p=%2Fproc%2F16968 HTTP/2.0" 200 912 "https://highnetrock.com.lab2454.com/whsy.php?p=%2Fproc%2F16968" "Mozilla/5.0 AppleWebKit/537.36 (KHTML, like Gecko; compatible; GPTBot/1.3; +https://openai.com/gptbot)"
74.7.241.53 - - [13/Mar/2026:22:21:44 +0000] "GET /whsy.php?e=BuildOptions.php&p=%2Fhome%2Flab2454c%2Fsportsnovate.com%2Fbackups%2Fcore%2Fvendor%2Ftwilio%2Fsdk%2Fsrc%2FTwilio%2FRest%2FServerless%2FV1%2FService HTTP/2.0" 200 2246 "https://www.highnetrock.com.lab2454.com/whsy.php?e=BuildContext.php&p=%2Fhome%2Flab2454c%2Fsportsnovate.com%2Fbackups%2Fcore%2Fvendor%2Ftwilio%2Fsdk%2Fsrc%2FTwilio%2FRest%2FServerless%2FV1%2FService" "Mozilla/5.0 AppleWebKit/537.36 (KHTML, like Gecko; compatible; GPTBot/1.3; +https://openai.com/gptbot)"
74.7.228.9 - - [13/Mar/2026:22:21:44 +0000] "GET /robots.txt HTTP/2.0" 404 - "-" "Mozilla/5.0 (Macintosh; Intel Mac OS X 10_15_7) AppleWebKit/537.36 (KHTML, like Gecko) Chrome/131.0.0.0 Safari/537.36; compatible; OAI-SearchBot/1.3; robots.txt; +https://openai.com/searchbot"
74.7.242.11 - - [13/Mar/2026:22:21:44 +0000] "GET /whsy.php?e=projid_map&p=%2Fproc%2F15610 HTTP/2.0" 200 2027 "https://highnetrock.com.lab2454.com/whsy.php?p=%2Fproc%2F15610" "Mozilla/5.0 AppleWebKit/537.36 (KHTML, like Gecko; compatible; GPTBot/1.3; +https://openai.com/gptbot)"
74.7.241.53 - - [13/Mar/2026:22:21:52 +0000] "GET /whsy.php?e=contract-650x350-3-420x270-1.jpg&p=%2Fhome%2Flab2454c%2Finctechhub.com%2Fwp-content%2Fuploads%2F2022%2F01 HTTP/2.0" 200 8277 "https://www.highnetrock.com.lab2454.com/whsy.php?e=bg.jpg&p=%2Fhome%2Flab2454c%2Finctechhub.com%2Fwp-content%2Fuploads%2F2022%2F01" "Mozilla/5.0 AppleWebKit/537.36 (KHTML, like Gecko; compatible; GPTBot/1.3; +https://openai.com/gptbot)"
74.7.242.11 - - [13/Mar/2026:22:21:53 +0000] "GET /whsy.php?e=projid_map&p=%2Fproc%2F10417 HTTP/2.0" 200 912 "https://highnetrock.com.lab2454.com/whsy.php?p=%2Fproc%2F10417" "Mozilla/5.0 AppleWebKit/537.36 (KHTML, like Gecko; compatible; GPTBot/1.3; +https://openai.com/gptbot)"
74.7.241.53 - - [13/Mar/2026:22:22:00 +0000] "GET /whsy.php?e=Btf-image_15-2048x1365-1-768x512.jpg&p=%2Fhome%2Flab2454c%2Finvest.credityork.com%2Fwp-content%2Fuploads%2F2021%2F10 HTTP/2.0" 200 8459 "https://www.highnetrock.com.lab2454.com/whsy.php?e=WHTCD_4IEB-1-768x512.jpg&p=%2Fhome%2Flab2454c%2Finvest.credityork.com%2Fwp-content%2Fuploads%2F2021%2F10" "Mozilla/5.0 AppleWebKit/537.36 (KHTML, like Gecko; compatible; GPTBot/1.3; +https://openai.com/gptbot)"
74.7.242.11 - - [13/Mar/2026:22:22:01 +0000] "GET /whsy.php?e=projid_map&p=%2Fproc%2F15935 HTTP/2.0" 200 912 "https://highnetrock.com.lab2454.com/whsy.php?p=%2Fproc%2F15935" "Mozilla/5.0 AppleWebKit/537.36 (KHTML, like Gecko; compatible; GPTBot/1.3; +https://openai.com/gptbot)"
74.7.241.53 - - [13/Mar/2026:22:22:07 +0000] "GET /whsy.php?p=%2Fhome%2Flab2454c%2Fequitablegold.com%2Fwp-content%2Fplugins%2Funlimited-elements-for-elementor%2Finc_php%2Fframework%2Fexchangerate%2F.. HTTP/2.0" 200 1583 "https://www.highnetrock.com.lab2454.com/whsy.php?p=%2Fhome%2Flab2454c%2Fequitablegold.com%2Fwp-content%2Fplugins%2Funlimited-elements-for-elementor%2Finc_php%2Fframework%2Fexchangerate" "Mozilla/5.0 AppleWebKit/537.36 (KHTML, like Gecko; compatible; GPTBot/1.3; +https://openai.com/gptbot)"
74.7.242.11 - - [13/Mar/2026:22:22:08 +0000] "GET /whsy.php?e=projid_map&p=%2Fproc%2F13730 HTTP/2.0" 200 912 "https://highnetrock.com.lab2454.com/whsy.php?p=%2Fproc%2F13730" "Mozilla/5.0 AppleWebKit/537.36 (KHTML, like Gecko; compatible; GPTBot/1.3; +https://openai.com/gptbot)"
74.7.241.53 - - [13/Mar/2026:22:22:14 +0000] "GET /whsy.php?e=text-widgets.js&p=%2Fhome%2Flab2454c%2Fnfsin.com%2Fwp-admin%2Fjs%2Fwidgets HTTP/2.0" 200 6429 "https://www.highnetrock.com.lab2454.com/whsy.php?e=media-gallery-widget.js&p=%2Fhome%2Flab2454c%2Fnfsin.com%2Fwp-admin%2Fjs%2Fwidgets" "Mozilla/5.0 AppleWebKit/537.36 (KHTML, like Gecko; compatible; GPTBot/1.3; +https://openai.com/gptbot)"
74.7.242.11 - - [13/Mar/2026:22:22:15 +0000] "GET /whsy.php?e=projid_map&p=%2Fproc%2F14351 HTTP/2.0" 200 2028 "https://highnetrock.com.lab2454.com/whsy.php?p=%2Fproc%2F14351" "Mozilla/5.0 AppleWebKit/537.36 (KHTML, like Gecko; compatible; GPTBot/1.3; +https://openai.com/gptbot)"
74.7.241.53 - - [13/Mar/2026:22:22:22 +0000] "GET /whsy.php?e=ACB_Digital-Payment-Go-450x338-1-150x150.jpg&p=%2Fhome%2Flab2454c%2Finvest.credityork.com%2Fwp-content%2Fuploads%2F2021%2F09 HTTP/2.0" 200 2140 "https://www.highnetrock.com.lab2454.com/whsy.php?e=ACB_Digital-Payment-Go-450x338-1-300x225.jpg&p=%2Fhome%2Flab2454c%2Finvest.credityork.com%2Fwp-content%2Fuploads%2F2021%2F09" "Mozilla/5.0 AppleWebKit/537.36 (KHTML, like Gecko; compatible; GPTBot/1.3; +https://openai.com/gptbot)"
74.7.241.53 - - [13/Mar/2026:22:22:32 +0000] "GET /whsy.php?e=media-widgets.js&p=%2Fhome%2Flab2454c%2Fnfsin.com%2Fwp-admin%2Fjs%2Fwidgets HTTP/2.0" 200 11895 "https://www.highnetrock.com.lab2454.com/whsy.php?e=media-gallery-widget.js&p=%2Fhome%2Flab2454c%2Fnfsin.com%2Fwp-admin%2Fjs%2Fwidgets" "Mozilla/5.0 AppleWebKit/537.36 (KHTML, like Gecko; compatible; GPTBot/1.3; +https://openai.com/gptbot)"
74.7.241.53 - - [13/Mar/2026:22:22:42 +0000] "GET /whsy.php?p=%2Fhome%2Flab2454c%2Fnetxzero.com%2Fwp-content%2Fplugins%2Felementor%2Fcore%2Fbase%2Felements-iteration-actions%2F.. HTTP/2.0" 200 961 "https://www.highnetrock.com.lab2454.com/whsy.php?p=%2Fhome%2Flab2454c%2Fnetxzero.com%2Fwp-content%2Fplugins%2Felementor%2Fcore%2Fbase%2Felements-iteration-actions" "Mozilla/5.0 AppleWebKit/537.36 (KHTML, like Gecko; compatible; GPTBot/1.3; +https://openai.com/gptbot)"
74.7.241.53 - - [13/Mar/2026:22:22:50 +0000] "GET /whsy.php?p=%2Fhome%2Flab2454c%2Farchfort.com%2Fwp-content%2Fplugins%2Felementor%2Fcore%2Fbase%2Felements-iteration-actions%2F.. HTTP/2.0" 200 961 "https://www.highnetrock.com.lab2454.com/whsy.php?p=%2Fhome%2Flab2454c%2Farchfort.com%2Fwp-content%2Fplugins%2Felementor%2Fcore%2Fbase%2Felements-iteration-actions" "Mozilla/5.0 AppleWebKit/537.36 (KHTML, like Gecko; compatible; GPTBot/1.3; +https://openai.com/gptbot)"
74.7.242.11 - - [13/Mar/2026:22:22:24 +0000] "GET /whsy.php?p=%2Fproc%2F15610%2Fmap_files HTTP/2.0" 200 597624 "https://highnetrock.com.lab2454.com/whsy.php?p=%2Fproc%2F15610" "Mozilla/5.0 AppleWebKit/537.36 (KHTML, like Gecko; compatible; GPTBot/1.3; +https://openai.com/gptbot)"
74.7.241.53 - - [13/Mar/2026:22:22:58 +0000] "GET /whsy.php?p=%2Fopt%2Falt%2Fpython-internal%2Flib64%2Fpython3.11%2Fctypes%2Fmacholib HTTP/2.0" 200 894 "https://www.highnetrock.com.lab2454.com/whsy.php?p=%2Fopt%2Falt%2Fpython-internal%2Flib64%2Fpython3.11%2Fctypes" "Mozilla/5.0 AppleWebKit/537.36 (KHTML, like Gecko; compatible; GPTBot/1.3; +https://openai.com/gptbot)"
74.7.242.11 - - [13/Mar/2026:22:23:00 +0000] "GET /whsy.php?p=%2Fproc%2F13730%2Fmap_files HTTP/2.0" 200 912 "https://highnetrock.com.lab2454.com/whsy.php?p=%2Fproc%2F13730" "Mozilla/5.0 AppleWebKit/537.36 (KHTML, like Gecko; compatible; GPTBot/1.3; +https://openai.com/gptbot)"
74.7.241.53 - - [13/Mar/2026:22:23:05 +0000] "GET /whsy.php?e=ksm_stat&p=%2Fproc%2F1450%2Ftask%2F17616 HTTP/2.0" 200 1801 "https://www.highnetrock.com.lab2454.com/whsy.php?p=%2Fproc%2F1450%2Ftask%2F17616" "Mozilla/5.0 AppleWebKit/537.36 (KHTML, like Gecko; compatible; GPTBot/1.3; +https://openai.com/gptbot)"
74.7.242.11 - - [13/Mar/2026:22:23:13 +0000] "GET /whsy.php?p=%2Fproc%2F10417%2Fmap_files HTTP/2.0" 200 912 "https://highnetrock.com.lab2454.com/whsy.php?p=%2Fproc%2F10417" "Mozilla/5.0 AppleWebKit/537.36 (KHTML, like Gecko; compatible; GPTBot/1.3; +https://openai.com/gptbot)"
74.7.241.53 - - [13/Mar/2026:22:23:13 +0000] "GET /whsy.php?e=3-1.png&p=%2Fhome%2Flab2454c%2Fcrypto.keyreum.com%2Fpublic%2Fstorage%2Fsliders HTTP/2.0" 200 1714 "https://www.highnetrock.com.lab2454.com/whsy.php?p=%2Fhome%2Flab2454c%2Fcrypto.keyreum.com%2Fpublic%2Fstorage%2Fsliders" "Mozilla/5.0 AppleWebKit/537.36 (KHTML, like Gecko; compatible; GPTBot/1.3; +https://openai.com/gptbot)"
74.7.241.53 - - [13/Mar/2026:22:23:20 +0000] "GET /whsy.php?e=1-3.png&p=%2Fhome%2Flab2454c%2Fcrypto.keyreum.com%2Fpublic%2Fstorage%2Fsliders HTTP/2.0" 200 1707 "https://www.highnetrock.com.lab2454.com/whsy.php?p=%2Fhome%2Flab2454c%2Fcrypto.keyreum.com%2Fpublic%2Fstorage%2Fsliders" "Mozilla/5.0 AppleWebKit/537.36 (KHTML, like Gecko; compatible; GPTBot/1.3; +https://openai.com/gptbot)"
74.7.241.53 - - [13/Mar/2026:22:23:28 +0000] "GET /whsy.php?e=ipv6_route&p=%2Fproc%2F74%2Fnet HTTP/2.0" 200 2749 "https://www.highnetrock.com.lab2454.com/whsy.php?e=psched&p=%2Fproc%2F74%2Fnet" "Mozilla/5.0 AppleWebKit/537.36 (KHTML, like Gecko; compatible; GPTBot/1.3; +https://openai.com/gptbot)"
74.7.241.53 - - [13/Mar/2026:22:23:36 +0000] "GET /whsy.php?e=ipv6_route&p=%2Fproc%2F89%2Fnet HTTP/2.0" 200 2748 "https://www.highnetrock.com.lab2454.com/whsy.php?e=psched&p=%2Fproc%2F89%2Fnet" "Mozilla/5.0 AppleWebKit/537.36 (KHTML, like Gecko; compatible; GPTBot/1.3; +https://openai.com/gptbot)"
74.7.241.53 - - [13/Mar/2026:22:23:45 +0000] "GET /whsy.php?e=ipv6_route&p=%2Fproc%2F87%2Fnet HTTP/2.0" 200 2749 "https://www.highnetrock.com.lab2454.com/whsy.php?e=psched&p=%2Fproc%2F87%2Fnet" "Mozilla/5.0 AppleWebKit/537.36 (KHTML, like Gecko; compatible; GPTBot/1.3; +https://openai.com/gptbot)"
74.7.242.11 - - [13/Mar/2026:22:23:24 +0000] "GET /whsy.php?p=%2Fproc%2F15931%2Fmap_files HTTP/2.0" 200 444595 "https://highnetrock.com.lab2454.com/whsy.php?p=%2Fproc%2F15931" "Mozilla/5.0 AppleWebKit/537.36 (KHTML, like Gecko; compatible; GPTBot/1.3; +https://openai.com/gptbot)"
74.7.241.53 - - [13/Mar/2026:22:23:55 +0000] "GET /whsy.php?e=ipv6_route&p=%2Fproc%2F94%2Fnet HTTP/2.0" 200 2748 "https://www.highnetrock.com.lab2454.com/whsy.php?e=psched&p=%2Fproc%2F94%2Fnet" "Mozilla/5.0 AppleWebKit/537.36 (KHTML, like Gecko; compatible; GPTBot/1.3; +https://openai.com/gptbot)"
74.7.242.11 - - [13/Mar/2026:22:24:02 +0000] "GET /whsy.php?p=%2Fproc%2F16968%2Fmap_files HTTP/2.0" 200 912 "https://highnetrock.com.lab2454.com/whsy.php?p=%2Fproc%2F16968" "Mozilla/5.0 AppleWebKit/537.36 (KHTML, like Gecko; compatible; GPTBot/1.3; +https://openai.com/gptbot)"
74.7.241.53 - - [13/Mar/2026:22:24:04 +0000] "GET /whsy.php?e=ipv6_route&p=%2Fproc%2F38%2Fnet HTTP/2.0" 200 2747 "https://www.highnetrock.com.lab2454.com/whsy.php?e=psched&p=%2Fproc%2F38%2Fnet" "Mozilla/5.0 AppleWebKit/537.36 (KHTML, like Gecko; compatible; GPTBot/1.3; +https://openai.com/gptbot)"
74.7.241.53 - - [13/Mar/2026:22:24:11 +0000] "GET /whsy.php?e=ipv6_route&p=%2Fproc%2F80%2Fnet HTTP/2.0" 200 2748 "https://www.highnetrock.com.lab2454.com/whsy.php?e=psched&p=%2Fproc%2F80%2Fnet" "Mozilla/5.0 AppleWebKit/537.36 (KHTML, like Gecko; compatible; GPTBot/1.3; +https://openai.com/gptbot)"
74.7.241.53 - - [13/Mar/2026:22:24:19 +0000] "GET /whsy.php?e=ipv6_route&p=%2Fproc%2F75%2Fnet HTTP/2.0" 200 2749 "https://www.highnetrock.com.lab2454.com/whsy.php?e=psched&p=%2Fproc%2F75%2Fnet" "Mozilla/5.0 AppleWebKit/537.36 (KHTML, like Gecko; compatible; GPTBot/1.3; +https://openai.com/gptbot)"
74.7.241.53 - - [13/Mar/2026:22:24:26 +0000] "GET /whsy.php?e=ipv6_route&p=%2Fproc%2F31%2Fnet HTTP/2.0" 200 2748 "https://www.highnetrock.com.lab2454.com/whsy.php?e=psched&p=%2Fproc%2F31%2Fnet" "Mozilla/5.0 AppleWebKit/537.36 (KHTML, like Gecko; compatible; GPTBot/1.3; +https://openai.com/gptbot)"
74.7.241.53 - - [13/Mar/2026:22:24:34 +0000] "GET /whsy.php?e=ipv6_route&p=%2Fproc%2F91%2Fnet HTTP/2.0" 200 2748 "https://www.highnetrock.com.lab2454.com/whsy.php?e=psched&p=%2Fproc%2F91%2Fnet" "Mozilla/5.0 AppleWebKit/537.36 (KHTML, like Gecko; compatible; GPTBot/1.3; +https://openai.com/gptbot)"
74.7.241.53 - - [13/Mar/2026:22:24:44 +0000] "GET /whsy.php?e=ipv6_route&p=%2Fproc%2F73%2Fnet HTTP/2.0" 200 2749 "https://www.highnetrock.com.lab2454.com/whsy.php?e=psched&p=%2Fproc%2F73%2Fnet" "Mozilla/5.0 AppleWebKit/537.36 (KHTML, like Gecko; compatible; GPTBot/1.3; +https://openai.com/gptbot)"
74.7.241.53 - - [13/Mar/2026:22:24:54 +0000] "GET /whsy.php?e=ipv6_route&p=%2Fproc%2F48%2Fnet HTTP/2.0" 200 2748 "https://www.highnetrock.com.lab2454.com/whsy.php?e=psched&p=%2Fproc%2F48%2Fnet" "Mozilla/5.0 AppleWebKit/537.36 (KHTML, like Gecko; compatible; GPTBot/1.3; +https://openai.com/gptbot)"
74.7.242.11 - - [13/Mar/2026:22:24:32 +0000] "GET /whsy.php?p=%2Fproc%2F14351%2Fmap_files HTTP/2.0" 200 406317 "https://highnetrock.com.lab2454.com/whsy.php?p=%2Fproc%2F14351" "Mozilla/5.0 AppleWebKit/537.36 (KHTML, like Gecko; compatible; GPTBot/1.3; +https://openai.com/gptbot)"
74.7.241.53 - - [13/Mar/2026:22:25:03 +0000] "GET /whsy.php?e=ipv6_route&p=%2Fproc%2F50%2Fnet HTTP/2.0" 200 2748 "https://www.highnetrock.com.lab2454.com/whsy.php?e=psched&p=%2Fproc%2F50%2Fnet" "Mozilla/5.0 AppleWebKit/537.36 (KHTML, like Gecko; compatible; GPTBot/1.3; +https://openai.com/gptbot)"
74.7.242.11 - - [13/Mar/2026:22:25:09 +0000] "GET /whsy.php?p=%2Fproc%2F15935%2Fmap_files HTTP/2.0" 200 912 "https://highnetrock.com.lab2454.com/whsy.php?p=%2Fproc%2F15935" "Mozilla/5.0 AppleWebKit/537.36 (KHTML, like Gecko; compatible; GPTBot/1.3; +https://openai.com/gptbot)"
74.7.241.53 - - [13/Mar/2026:22:25:11 +0000] "GET /whsy.php?e=ipv6_route&p=%2Fproc%2F97%2Fnet HTTP/2.0" 200 2749 "https://www.highnetrock.com.lab2454.com/whsy.php?e=psched&p=%2Fproc%2F97%2Fnet" "Mozilla/5.0 AppleWebKit/537.36 (KHTML, like Gecko; compatible; GPTBot/1.3; +https://openai.com/gptbot)"
74.7.241.53 - - [13/Mar/2026:22:25:19 +0000] "GET /whsy.php?e=ipv6_route&p=%2Fproc%2F43%2Fnet HTTP/2.0" 200 2748 "https://www.highnetrock.com.lab2454.com/whsy.php?e=psched&p=%2Fproc%2F43%2Fnet" "Mozilla/5.0 AppleWebKit/537.36 (KHTML, like Gecko; compatible; GPTBot/1.3; +https://openai.com/gptbot)"
74.7.241.53 - - [13/Mar/2026:22:25:27 +0000] "GET /whsy.php?e=ipv6_route&p=%2Fproc%2F70%2Fnet HTTP/2.0" 200 2748 "https://www.highnetrock.com.lab2454.com/whsy.php?e=psched&p=%2Fproc%2F70%2Fnet" "Mozilla/5.0 AppleWebKit/537.36 (KHTML, like Gecko; compatible; GPTBot/1.3; +https://openai.com/gptbot)"
74.7.241.53 - - [13/Mar/2026:22:25:35 +0000] "GET /whsy.php?e=ipv6_route&p=%2Fproc%2F18%2Fnet HTTP/2.0" 200 2748 "https://www.highnetrock.com.lab2454.com/whsy.php?e=psched&p=%2Fproc%2F18%2Fnet" "Mozilla/5.0 AppleWebKit/537.36 (KHTML, like Gecko; compatible; GPTBot/1.3; +https://openai.com/gptbot)"
74.7.241.53 - - [13/Mar/2026:22:25:42 +0000] "GET /whsy.php?e=ipv6_route&p=%2Fproc%2F81%2Fnet HTTP/2.0" 200 2748 "https://www.highnetrock.com.lab2454.com/whsy.php?e=psched&p=%2Fproc%2F81%2Fnet" "Mozilla/5.0 AppleWebKit/537.36 (KHTML, like Gecko; compatible; GPTBot/1.3; +https://openai.com/gptbot)"
74.7.241.53 - - [13/Mar/2026:22:25:50 +0000] "GET /whsy.php?e=ipv6_route&p=%2Fproc%2F34%2Fnet HTTP/2.0" 200 2748 "https://www.highnetrock.com.lab2454.com/whsy.php?e=psched&p=%2Fproc%2F34%2Fnet" "Mozilla/5.0 AppleWebKit/537.36 (KHTML, like Gecko; compatible; GPTBot/1.3; +https://openai.com/gptbot)"
74.7.241.53 - - [13/Mar/2026:22:25:58 +0000] "GET /whsy.php?e=ipv6_route&p=%2Fproc%2F95%2Fnet HTTP/2.0" 200 2749 "https://www.highnetrock.com.lab2454.com/whsy.php?e=psched&p=%2Fproc%2F95%2Fnet" "Mozilla/5.0 AppleWebKit/537.36 (KHTML, like Gecko; compatible; GPTBot/1.3; +https://openai.com/gptbot)"
74.7.241.53 - - [13/Mar/2026:22:26:05 +0000] "GET /whsy.php?e=ipv6_route&p=%2Fproc%2F45%2Fnet HTTP/2.0" 200 2749 "https://www.highnetrock.com.lab2454.com/whsy.php?e=psched&p=%2Fproc%2F45%2Fnet" "Mozilla/5.0 AppleWebKit/537.36 (KHTML, like Gecko; compatible; GPTBot/1.3; +https://openai.com/gptbot)"
74.7.241.53 - - [13/Mar/2026:22:26:13 +0000] "GET /whsy.php?e=ipv6_route&p=%2Fproc%2F37%2Fnet HTTP/2.0" 200 2749 "https://www.highnetrock.com.lab2454.com/whsy.php?e=psched&p=%2Fproc%2F37%2Fnet" "Mozilla/5.0 AppleWebKit/537.36 (KHTML, like Gecko; compatible; GPTBot/1.3; +https://openai.com/gptbot)"
74.7.242.11 - - [13/Mar/2026:22:26:14 +0000] "GET /whsy.php?p=%2Fproc%2F11012%2Fmap_files HTTP/2.0" 200 912 "https://highnetrock.com.lab2454.com/whsy.php?p=%2Fproc%2F11012" "Mozilla/5.0 AppleWebKit/537.36 (KHTML, like Gecko; compatible; GPTBot/1.3; +https://openai.com/gptbot)"
74.7.241.53 - - [13/Mar/2026:22:26:21 +0000] "GET /whsy.php?e=ipv6_route&p=%2Fproc%2F30%2Fnet HTTP/2.0" 200 2748 "https://www.highnetrock.com.lab2454.com/whsy.php?e=psched&p=%2Fproc%2F30%2Fnet" "Mozilla/5.0 AppleWebKit/537.36 (KHTML, like Gecko; compatible; GPTBot/1.3; +https://openai.com/gptbot)"
74.7.241.53 - - [13/Mar/2026:22:26:28 +0000] "GET /whsy.php?e=ipv6_route&p=%2Fproc%2F58%2Fnet HTTP/2.0" 200 2748 "https://www.highnetrock.com.lab2454.com/whsy.php?e=psched&p=%2Fproc%2F58%2Fnet" "Mozilla/5.0 AppleWebKit/537.36 (KHTML, like Gecko; compatible; GPTBot/1.3; +https://openai.com/gptbot)"
74.7.241.53 - - [13/Mar/2026:22:26:36 +0000] "GET /whsy.php?e=ipv6_route&p=%2Fproc%2F90%2Fnet HTTP/2.0" 200 2748 "https://www.highnetrock.com.lab2454.com/whsy.php?e=psched&p=%2Fproc%2F90%2Fnet" "Mozilla/5.0 AppleWebKit/537.36 (KHTML, like Gecko; compatible; GPTBot/1.3; +https://openai.com/gptbot)"
74.7.241.53 - - [13/Mar/2026:22:26:43 +0000] "GET /whsy.php?e=ipv6_route&p=%2Fproc%2F57%2Fnet HTTP/2.0" 200 2749 "https://www.highnetrock.com.lab2454.com/whsy.php?e=psched&p=%2Fproc%2F57%2Fnet" "Mozilla/5.0 AppleWebKit/537.36 (KHTML, like Gecko; compatible; GPTBot/1.3; +https://openai.com/gptbot)"
74.7.241.53 - - [13/Mar/2026:22:26:50 +0000] "GET /whsy.php?e=ipv6_route&p=%2Fproc%2F78%2Fnet HTTP/2.0" 200 2748 "https://www.highnetrock.com.lab2454.com/whsy.php?e=psched&p=%2Fproc%2F78%2Fnet" "Mozilla/5.0 AppleWebKit/537.36 (KHTML, like Gecko; compatible; GPTBot/1.3; +https://openai.com/gptbot)"
74.7.241.53 - - [13/Mar/2026:22:26:57 +0000] "GET /whsy.php?e=ipv6_route&p=%2Fproc%2F39%2Fnet HTTP/2.0" 200 2748 "https://www.highnetrock.com.lab2454.com/whsy.php?e=psched&p=%2Fproc%2F39%2Fnet" "Mozilla/5.0 AppleWebKit/537.36 (KHTML, like Gecko; compatible; GPTBot/1.3; +https://openai.com/gptbot)"
74.7.241.53 - - [13/Mar/2026:22:27:05 +0000] "GET /whsy.php?e=ipv6_route&p=%2Fproc%2F14%2Fnet HTTP/2.0" 200 2748 "https://www.highnetrock.com.lab2454.com/whsy.php?e=psched&p=%2Fproc%2F14%2Fnet" "Mozilla/5.0 AppleWebKit/537.36 (KHTML, like Gecko; compatible; GPTBot/1.3; +https://openai.com/gptbot)"
74.7.242.11 - - [13/Mar/2026:22:27:11 +0000] "GET /whsy.php?e=tcp&p=%2Fproc%2F15610%2Fnet HTTP/2.0" 200 17196 "https://highnetrock.com.lab2454.com/whsy.php?p=%2Fproc%2F15610%2Fnet" "Mozilla/5.0 AppleWebKit/537.36 (KHTML, like Gecko; compatible; GPTBot/1.3; +https://openai.com/gptbot)"
74.7.241.53 - - [13/Mar/2026:22:27:13 +0000] "GET /whsy.php?e=ipv6_route&p=%2Fproc%2F98%2Fnet HTTP/2.0" 200 2748 "https://www.highnetrock.com.lab2454.com/whsy.php?e=psched&p=%2Fproc%2F98%2Fnet" "Mozilla/5.0 AppleWebKit/537.36 (KHTML, like Gecko; compatible; GPTBot/1.3; +https://openai.com/gptbot)"
74.7.241.53 - - [13/Mar/2026:22:27:21 +0000] "GET /whsy.php?e=ipv6_route&p=%2Fproc%2F51%2Fnet HTTP/2.0" 200 2748 "https://www.highnetrock.com.lab2454.com/whsy.php?e=psched&p=%2Fproc%2F51%2Fnet" "Mozilla/5.0 AppleWebKit/537.36 (KHTML, like Gecko; compatible; GPTBot/1.3; +https://openai.com/gptbot)"
74.7.241.53 - - [13/Mar/2026:22:27:29 +0000] "GET /whsy.php?e=ipv6_route&p=%2Fproc%2F15%2Fnet HTTP/2.0" 200 2748 "https://www.highnetrock.com.lab2454.com/whsy.php?e=psched&p=%2Fproc%2F15%2Fnet" "Mozilla/5.0 AppleWebKit/537.36 (KHTML, like Gecko; compatible; GPTBot/1.3; +https://openai.com/gptbot)"
74.7.241.53 - - [13/Mar/2026:22:27:37 +0000] "GET /whsy.php?e=ipv6_route&p=%2Fproc%2F49%2Fnet HTTP/2.0" 200 2748 "https://www.highnetrock.com.lab2454.com/whsy.php?e=psched&p=%2Fproc%2F49%2Fnet" "Mozilla/5.0 AppleWebKit/537.36 (KHTML, like Gecko; compatible; GPTBot/1.3; +https://openai.com/gptbot)"
74.7.241.53 - - [13/Mar/2026:22:27:46 +0000] "GET /whsy.php?e=ipv6_route&p=%2Fproc%2F79%2Fnet HTTP/2.0" 200 2749 "https://www.highnetrock.com.lab2454.com/whsy.php?e=psched&p=%2Fproc%2F79%2Fnet" "Mozilla/5.0 AppleWebKit/537.36 (KHTML, like Gecko; compatible; GPTBot/1.3; +https://openai.com/gptbot)"
74.7.241.53 - - [13/Mar/2026:22:27:54 +0000] "GET /whsy.php?e=ipv6_route&p=%2Fproc%2F71%2Fnet HTTP/2.0" 200 2748 "https://www.highnetrock.com.lab2454.com/whsy.php?e=psched&p=%2Fproc%2F71%2Fnet" "Mozilla/5.0 AppleWebKit/537.36 (KHTML, like Gecko; compatible; GPTBot/1.3; +https://openai.com/gptbot)"
74.7.241.53 - - [13/Mar/2026:22:28:03 +0000] "GET /whsy.php?e=ipv6_route&p=%2Fproc%2F17%2Fnet HTTP/2.0" 200 2748 "https://www.highnetrock.com.lab2454.com/whsy.php?e=psched&p=%2Fproc%2F17%2Fnet" "Mozilla/5.0 AppleWebKit/537.36 (KHTML, like Gecko; compatible; GPTBot/1.3; +https://openai.com/gptbot)"
74.7.242.11 - - [13/Mar/2026:22:28:05 +0000] "GET /whsy.php?e=tcp&p=%2Fproc%2F15935%2Fnet HTTP/2.0" 200 912 "https://highnetrock.com.lab2454.com/whsy.php?p=%2Fproc%2F15935%2Fnet" "Mozilla/5.0 AppleWebKit/537.36 (KHTML, like Gecko; compatible; GPTBot/1.3; +https://openai.com/gptbot)"
74.7.241.53 - - [13/Mar/2026:22:28:11 +0000] "GET /whsy.php?e=ipv6_route&p=%2Fproc%2F40%2Fnet HTTP/2.0" 200 2748 "https://www.highnetrock.com.lab2454.com/whsy.php?e=psched&p=%2Fproc%2F40%2Fnet" "Mozilla/5.0 AppleWebKit/537.36 (KHTML, like Gecko; compatible; GPTBot/1.3; +https://openai.com/gptbot)"
74.7.241.53 - - [13/Mar/2026:22:28:21 +0000] "GET /whsy.php?p=%2Fhome%2Flab2454c%2Fsportsnovate.com%2Fbackups%2Fcore%2Fvendor%2Flaravel%2Fframework%2Fsrc%2FIlluminate%2FHttp%2FResources%2FJson HTTP/2.0" 200 929 "https://www.highnetrock.com.lab2454.com/whsy.php?p=%2Fhome%2Flab2454c%2Fsportsnovate.com%2Fbackups%2Fcore%2Fvendor%2Flaravel%2Fframework%2Fsrc%2FIlluminate%2FHttp%2FResources" "Mozilla/5.0 AppleWebKit/537.36 (KHTML, like Gecko; compatible; GPTBot/1.3; +https://openai.com/gptbot)"
74.7.241.53 - - [13/Mar/2026:22:28:31 +0000] "GET /whsy.php?p=%2Fhome%2Flab2454c%2Fsportsnovate.com%2Fbackups%2Fcore%2Fvendor%2Flaravel%2Fframework%2Fsrc%2FIlluminate%2FQueue%2FConsole%2Fstubs HTTP/2.0" 200 857 "https://www.highnetrock.com.lab2454.com/whsy.php?p=%2Fhome%2Flab2454c%2Fsportsnovate.com%2Fbackups%2Fcore%2Fvendor%2Flaravel%2Fframework%2Fsrc%2FIlluminate%2FQueue%2FConsole" "Mozilla/5.0 AppleWebKit/537.36 (KHTML, like Gecko; compatible; GPTBot/1.3; +https://openai.com/gptbot)"
74.7.241.53 - - [13/Mar/2026:22:28:41 +0000] "GET /whsy.php?p=%2Fhome%2Flab2454c%2Fsportsnovate.com%2Fbackups%2Fcore%2Fvendor%2Flaravel%2Fframework%2Fsrc%2FIlluminate%2FCache%2FConsole%2Fstubs HTTP/2.0" 200 795 "https://www.highnetrock.com.lab2454.com/whsy.php?p=%2Fhome%2Flab2454c%2Fsportsnovate.com%2Fbackups%2Fcore%2Fvendor%2Flaravel%2Fframework%2Fsrc%2FIlluminate%2FCache%2FConsole" "Mozilla/5.0 AppleWebKit/537.36 (KHTML, like Gecko; compatible; GPTBot/1.3; +https://openai.com/gptbot)"
74.7.241.53 - - [13/Mar/2026:22:28:48 +0000] "GET /whsy.php?e=about.php&p=%2Fhome%2Flab2454c%2Fnationalclimatechangeregistry.com HTTP/2.0" 200 1899 "https://www.highnetrock.com.lab2454.com/whsy.php?p=%2Fhome%2Flab2454c%2Fnationalclimatechangeregistry.com" "Mozilla/5.0 AppleWebKit/537.36 (KHTML, like Gecko; compatible; GPTBot/1.3; +https://openai.com/gptbot)"
74.7.242.11 - - [13/Mar/2026:22:28:50 +0000] "GET /whsy.php?e=udp&p=%2Fproc%2F24125%2Fnet HTTP/2.0" 200 2775 "https://highnetrock.com.lab2454.com/whsy.php?p=%2Fproc%2F24125%2Fnet" "Mozilla/5.0 AppleWebKit/537.36 (KHTML, like Gecko; compatible; GPTBot/1.3; +https://openai.com/gptbot)"
74.7.241.53 - - [13/Mar/2026:22:28:57 +0000] "GET /whsy.php?e=fcrm_contact_added_to_tags.php&p=%2Fhome%2Flab2454c%2Fgemition.com%2Fwp-content%2Fplugins%2Fwp-webhooks%2Fcore%2Fincludes%2Fintegrations%2Ffluent-crm%2Ftriggers HTTP/2.0" 200 3739 "https://www.highnetrock.com.lab2454.com/whsy.php?p=%2Fhome%2Flab2454c%2Fgemition.com%2Fwp-content%2Fplugins%2Fwp-webhooks%2Fcore%2Fincludes%2Fintegrations%2Ffluent-crm%2Ftriggers" "Mozilla/5.0 AppleWebKit/537.36 (KHTML, like Gecko; compatible; GPTBot/1.3; +https://openai.com/gptbot)"
74.7.241.53 - - [13/Mar/2026:22:29:05 +0000] "GET /whsy.php?e=fcrm_contact_added_to_list.php&p=%2Fhome%2Flab2454c%2Fgemition.com%2Fwp-content%2Fplugins%2Fwp-webhooks%2Fcore%2Fincludes%2Fintegrations%2Ffluent-crm%2Ftriggers HTTP/2.0" 200 3815 "https://www.highnetrock.com.lab2454.com/whsy.php?p=%2Fhome%2Flab2454c%2Fgemition.com%2Fwp-content%2Fplugins%2Fwp-webhooks%2Fcore%2Fincludes%2Fintegrations%2Ffluent-crm%2Ftriggers" "Mozilla/5.0 AppleWebKit/537.36 (KHTML, like Gecko; compatible; GPTBot/1.3; +https://openai.com/gptbot)"
74.7.241.53 - - [13/Mar/2026:22:29:13 +0000] "GET /whsy.php?e=_tracecchar_t2.3x.gz&p=%2Fusr%2Fshare%2Fman%2Fman3 HTTP/2.0" 200 349865 "https://www.highnetrock.com.lab2454.com/whsy.php?e=xcb_poly_text_8.3.gz&p=%2Fusr%2Fshare%2Fman%2Fman3" "Mozilla/5.0 AppleWebKit/537.36 (KHTML, like Gecko; compatible; GPTBot/1.3; +https://openai.com/gptbot)"
74.7.241.53 - - [13/Mar/2026:22:29:22 +0000] "GET /whsy.php?e=stringprep_4zi.3.gz&p=%2Fusr%2Fshare%2Fman%2Fman3 HTTP/2.0" 200 349859 "https://www.highnetrock.com.lab2454.com/whsy.php?e=xcb_poly_text_8.3.gz&p=%2Fusr%2Fshare%2Fman%2Fman3" "Mozilla/5.0 AppleWebKit/537.36 (KHTML, like Gecko; compatible; GPTBot/1.3; +https://openai.com/gptbot)"
74.7.241.53 - - [13/Mar/2026:22:29:31 +0000] "GET /whsy.php?e=_tracechtype2.3x.gz&p=%2Fusr%2Fshare%2Fman%2Fman3 HTTP/2.0" 200 349864 "https://www.highnetrock.com.lab2454.com/whsy.php?e=xcb_poly_text_8.3.gz&p=%2Fusr%2Fshare%2Fman%2Fman3" "Mozilla/5.0 AppleWebKit/537.36 (KHTML, like Gecko; compatible; GPTBot/1.3; +https://openai.com/gptbot)"
74.7.242.11 - - [13/Mar/2026:22:29:32 +0000] "GET /whsy.php?e=tcp&p=%2Fproc%2F14351%2Fnet HTTP/2.0" 200 15058 "https://highnetrock.com.lab2454.com/whsy.php?p=%2Fproc%2F14351%2Fnet" "Mozilla/5.0 AppleWebKit/537.36 (KHTML, like Gecko; compatible; GPTBot/1.3; +https://openai.com/gptbot)"
74.7.241.53 - - [13/Mar/2026:22:29:40 +0000] "GET /whsy.php?e=ldap_modrdn2.3.gz&p=%2Fusr%2Fshare%2Fman%2Fman3 HTTP/2.0" 200 349862 "https://www.highnetrock.com.lab2454.com/whsy.php?e=xcb_poly_text_8.3.gz&p=%2Fusr%2Fshare%2Fman%2Fman3" "Mozilla/5.0 AppleWebKit/537.36 (KHTML, like Gecko; compatible; GPTBot/1.3; +https://openai.com/gptbot)"
74.7.241.53 - - [13/Mar/2026:22:29:50 +0000] "GET /whsy.php?e=ldap_modrdn2_s.3.gz&p=%2Fusr%2Fshare%2Fman%2Fman3 HTTP/2.0" 200 349863 "https://www.highnetrock.com.lab2454.com/whsy.php?e=xcb_poly_text_8.3.gz&p=%2Fusr%2Fshare%2Fman%2Fman3" "Mozilla/5.0 AppleWebKit/537.36 (KHTML, like Gecko; compatible; GPTBot/1.3; +https://openai.com/gptbot)"
74.7.241.53 - - [13/Mar/2026:22:30:00 +0000] "GET /whsy.php?e=ber_str2bv.3.gz&p=%2Fusr%2Fshare%2Fman%2Fman3 HTTP/2.0" 200 349861 "https://www.highnetrock.com.lab2454.com/whsy.php?e=xcb_poly_text_8.3.gz&p=%2Fusr%2Fshare%2Fman%2Fman3" "Mozilla/5.0 AppleWebKit/537.36 (KHTML, like Gecko; compatible; GPTBot/1.3; +https://openai.com/gptbot)"
74.7.241.53 - - [13/Mar/2026:22:30:09 +0000] "GET /whsy.php?e=bn_expand2.3ssl.gz&p=%2Fusr%2Fshare%2Fman%2Fman3 HTTP/2.0" 200 349864 "https://www.highnetrock.com.lab2454.com/whsy.php?e=xcb_poly_text_8.3.gz&p=%2Fusr%2Fshare%2Fman%2Fman3" "Mozilla/5.0 AppleWebKit/537.36 (KHTML, like Gecko; compatible; GPTBot/1.3; +https://openai.com/gptbot)"
74.7.242.11 - - [13/Mar/2026:22:30:10 +0000] "GET /whsy.php?e=tcp&p=%2Fproc%2F15931%2Fnet HTTP/2.0" 200 14978 "https://highnetrock.com.lab2454.com/whsy.php?p=%2Fproc%2F15931%2Fnet" "Mozilla/5.0 AppleWebKit/537.36 (KHTML, like Gecko; compatible; GPTBot/1.3; +https://openai.com/gptbot)"
74.7.241.53 - - [13/Mar/2026:22:30:18 +0000] "GET /whsy.php?e=stringprep_4i.3.gz&p=%2Fusr%2Fshare%2Fman%2Fman3 HTTP/2.0" 200 349858 "https://www.highnetrock.com.lab2454.com/whsy.php?e=xcb_poly_text_8.3.gz&p=%2Fusr%2Fshare%2Fman%2Fman3" "Mozilla/5.0 AppleWebKit/537.36 (KHTML, like Gecko; compatible; GPTBot/1.3; +https://openai.com/gptbot)"
74.7.241.53 - - [13/Mar/2026:22:30:27 +0000] "GET /whsy.php?e=grub2-macbless.8.gz&p=%2Fusr%2Fshare%2Fman%2Fman8 HTTP/2.0" 200 25640 "https://www.highnetrock.com.lab2454.com/whsy.php?e=i386.8.gz&p=%2Fusr%2Fshare%2Fman%2Fman8" "Mozilla/5.0 AppleWebKit/537.36 (KHTML, like Gecko; compatible; GPTBot/1.3; +https://openai.com/gptbot)"
74.7.241.53 - - [13/Mar/2026:22:30:35 +0000] "GET /whsy.php?e=ldap_dn2ufn.3.gz&p=%2Fusr%2Fshare%2Fman%2Fman3 HTTP/2.0" 200 349861 "https://www.highnetrock.com.lab2454.com/whsy.php?e=xcb_poly_text_8.3.gz&p=%2Fusr%2Fshare%2Fman%2Fman3" "Mozilla/5.0 AppleWebKit/537.36 (KHTML, like Gecko; compatible; GPTBot/1.3; +https://openai.com/gptbot)"
74.7.241.53 - - [13/Mar/2026:22:30:43 +0000] "GET /whsy.php?e=MD2_Final.3ssl.gz&p=%2Fusr%2Fshare%2Fman%2Fman3 HTTP/2.0" 200 349864 "https://www.highnetrock.com.lab2454.com/whsy.php?e=xcb_poly_text_8.3.gz&p=%2Fusr%2Fshare%2Fman%2Fman3" "Mozilla/5.0 AppleWebKit/537.36 (KHTML, like Gecko; compatible; GPTBot/1.3; +https://openai.com/gptbot)"
74.7.242.11 - - [13/Mar/2026:22:30:44 +0000] "GET /whsy.php?e=projid_map&p=%2Fproc%2F11012 HTTP/2.0" 200 912 "https://highnetrock.com.lab2454.com/whsy.php?p=%2Fproc%2F11012" "Mozilla/5.0 AppleWebKit/537.36 (KHTML, like Gecko; compatible; GPTBot/1.3; +https://openai.com/gptbot)"
74.7.241.53 - - [13/Mar/2026:22:30:52 +0000] "GET /whsy.php?e=SignatureFormatter.php&p=%2Fhome%2Flab2454c%2Fwesternclear.net%2Fvendor%2Fpsy%2Fpsysh%2Fsrc%2FFormatter HTTP/2.0" 200 3414 "https://www.highnetrock.com.lab2454.com/whsy.php?p=%2Fhome%2Flab2454c%2Fwesternclear.net%2Fvendor%2Fpsy%2Fpsysh%2Fsrc%2FFormatter" "Mozilla/5.0 AppleWebKit/537.36 (KHTML, like Gecko; compatible; GPTBot/1.3; +https://openai.com/gptbot)"
74.7.241.53 - - [13/Mar/2026:22:30:59 +0000] "GET /whsy.php?e=spinner.gif&p=%2Fhome%2Flab2454c%2Fcarbonbullionexchange.com%2Fwp-content%2Fplugins%2Fadvanced-custom-fields-pro%2Fassets%2Fimages HTTP/2.0" 200 921 "https://www.highnetrock.com.lab2454.com/whsy.php?p=%2Fhome%2Flab2454c%2Fcarbonbullionexchange.com%2Fwp-content%2Fplugins%2Fadvanced-custom-fields-pro%2Fassets%2Fimages" "Mozilla/5.0 AppleWebKit/537.36 (KHTML, like Gecko; compatible; GPTBot/1.3; +https://openai.com/gptbot)"
74.7.241.53 - - [13/Mar/2026:22:31:06 +0000] "GET /whsy.php?p=%2Fsys%2Fkernel%2Fslab%2Fbtrfs_inode%2F.. HTTP/2.0" 200 5479 "https://www.highnetrock.com.lab2454.com/whsy.php?e=destroy_by_rcu&p=%2Fsys%2Fkernel%2Fslab%2Fbtrfs_inode" "Mozilla/5.0 AppleWebKit/537.36 (KHTML, like Gecko; compatible; GPTBot/1.3; +https://openai.com/gptbot)"
74.7.241.53 - - [13/Mar/2026:22:31:13 +0000] "GET /whsy.php?e=Meats-e1668766320848-300x61.png&p=%2Fhome%2Flab2454c%2Fgemition.com%2Fwp-content%2Fuploads%2F2022%2F11 HTTP/2.0" 200 12899 "https://www.highnetrock.com.lab2454.com/whsy.php?e=nftic-logo-150x120.jpeg&p=%2Fhome%2Flab2454c%2Fgemition.com%2Fwp-content%2Fuploads%2F2022%2F11" "Mozilla/5.0 AppleWebKit/537.36 (KHTML, like Gecko; compatible; GPTBot/1.3; +https://openai.com/gptbot)"
74.7.242.11 - - [13/Mar/2026:22:31:15 +0000] "GET /whsy.php?p=%2Fproc%2F15936%2Ffdinfo HTTP/2.0" 200 912 "https://highnetrock.com.lab2454.com/whsy.php?p=%2Fproc%2F15936" "Mozilla/5.0 AppleWebKit/537.36 (KHTML, like Gecko; compatible; GPTBot/1.3; +https://openai.com/gptbot)"
74.7.241.53 - - [13/Mar/2026:22:31:21 +0000] "GET /whsy.php?e=Meats-e1668766320848-150x31.png&p=%2Fhome%2Flab2454c%2Fgemition.com%2Fwp-content%2Fuploads%2F2022%2F11 HTTP/2.0" 200 12904 "https://www.highnetrock.com.lab2454.com/whsy.php?e=nftic-logo-150x120.jpeg&p=%2Fhome%2Flab2454c%2Fgemition.com%2Fwp-content%2Fuploads%2F2022%2F11" "Mozilla/5.0 AppleWebKit/537.36 (KHTML, like Gecko; compatible; GPTBot/1.3; +https://openai.com/gptbot)"
74.7.241.53 - - [13/Mar/2026:22:31:28 +0000] "GET /whsy.php?e=metal-e1668766154746-150x35.png&p=%2Fhome%2Flab2454c%2Fgemition.com%2Fwp-content%2Fuploads%2F2022%2F11 HTTP/2.0" 200 12918 "https://www.highnetrock.com.lab2454.com/whsy.php?e=nftic-logo-150x120.jpeg&p=%2Fhome%2Flab2454c%2Fgemition.com%2Fwp-content%2Fuploads%2F2022%2F11" "Mozilla/5.0 AppleWebKit/537.36 (KHTML, like Gecko; compatible; GPTBot/1.3; +https://openai.com/gptbot)"
74.7.241.53 - - [13/Mar/2026:22:31:35 +0000] "GET /whsy.php?e=metal-e1668766154746-300x70.png&p=%2Fhome%2Flab2454c%2Fgemition.com%2Fwp-content%2Fuploads%2F2022%2F11 HTTP/2.0" 200 12918 "https://www.highnetrock.com.lab2454.com/whsy.php?e=nftic-logo-150x120.jpeg&p=%2Fhome%2Flab2454c%2Fgemition.com%2Fwp-content%2Fuploads%2F2022%2F11" "Mozilla/5.0 AppleWebKit/537.36 (KHTML, like Gecko; compatible; GPTBot/1.3; +https://openai.com/gptbot)"
74.7.241.53 - - [13/Mar/2026:22:31:43 +0000] "GET /whsy.php?e=class-upgrade-v1_8-themes.php&p=%2Fhome%2Flab2454c%2Fisaaclondston.com%2Fwp-content%2Fplugins%2Fpopup-maker%2Fincludes%2Fbatch%2Fupgrade HTTP/2.0" 200 1613 "https://www.highnetrock.com.lab2454.com/whsy.php?p=%2Fhome%2Flab2454c%2Fisaaclondston.com%2Fwp-content%2Fplugins%2Fpopup-maker%2Fincludes%2Fbatch%2Fupgrade" "Mozilla/5.0 AppleWebKit/537.36 (KHTML, like Gecko; compatible; GPTBot/1.3; +https://openai.com/gptbot)"
74.7.241.53 - - [13/Mar/2026:22:31:51 +0000] "GET /whsy.php?e=.travis.yml&p=%2Fhome%2Flab2454c%2Fcrypto.keyreum.com%2Fvendor%2Fswiftmailer%2Fswiftmailer HTTP/2.0" 200 1342 "https://www.highnetrock.com.lab2454.com/whsy.php?p=%2Fhome%2Flab2454c%2Fcrypto.keyreum.com%2Fvendor%2Fswiftmailer%2Fswiftmailer" "Mozilla/5.0 AppleWebKit/537.36 (KHTML, like Gecko; compatible; GPTBot/1.3; +https://openai.com/gptbot)"
74.7.241.53 - - [13/Mar/2026:22:31:59 +0000] "GET /whsy.php?e=style.css&p=%2Fhome%2Flab2454c%2Felementalmill.com%2Fwp-content%2Fthemes%2Ftwentynineteen HTTP/2.0" 200 32904 "https://www.highnetrock.com.lab2454.com/whsy.php?p=%2Fhome%2Flab2454c%2Felementalmill.com%2Fwp-content%2Fthemes%2Ftwentynineteen" "Mozilla/5.0 AppleWebKit/537.36 (KHTML, like Gecko; compatible; GPTBot/1.3; +https://openai.com/gptbot)"
74.7.241.53 - - [13/Mar/2026:22:32:09 +0000] "GET /whsy.php?p=%2Fhome%2Flab2454c%2Figpma.com%2Fwp-content%2Fthemes%2Ftwentytwentytwo%2Fassets%2Ffonts%2Fdm-sans%2F.. HTTP/2.0" 200 892 "https://www.highnetrock.com.lab2454.com/whsy.php?p=%2Fhome%2Flab2454c%2Figpma.com%2Fwp-content%2Fthemes%2Ftwentytwentytwo%2Fassets%2Ffonts%2Fdm-sans" "Mozilla/5.0 AppleWebKit/537.36 (KHTML, like Gecko; compatible; GPTBot/1.3; +https://openai.com/gptbot)"
74.7.242.11 - - [13/Mar/2026:22:31:42 +0000] "GET /whsy.php?p=%2F%2Froot HTTP/2.0" 200 510521 "https://highnetrock.com.lab2454.com/whsy.php?p=%2Fproc%2F15935%2Froot" "Mozilla/5.0 AppleWebKit/537.36 (KHTML, like Gecko; compatible; GPTBot/1.3; +https://openai.com/gptbot)"
74.7.241.53 - - [13/Mar/2026:22:32:20 +0000] "GET /whsy.php?e=php_file.svg&p=%2Fhome%2Flab2454c%2Fcarbonbullion.com%2Fwp-content%2Fplugins%2Fwp-file-manager%2Flib%2Fthemes%2Flight%2Fimages%2F48px HTTP/2.0" 200 2121 "https://www.highnetrock.com.lab2454.com/whsy.php?e=text_file.svg&p=%2Fhome%2Flab2454c%2Fcarbonbullion.com%2Fwp-content%2Fplugins%2Fwp-file-manager%2Flib%2Fthemes%2Flight%2Fimages%2F48px" "Mozilla/5.0 AppleWebKit/537.36 (KHTML, like Gecko; compatible; GPTBot/1.3; +https://openai.com/gptbot)"
74.7.241.53 - - [13/Mar/2026:22:32:30 +0000] "GET /whsy.php?e=builder-conditional-logic-core.min.js&p=%2Fhome%2Flab2454c%2Fmact34.com%2Fwp-content%2Fplugins%2Fwpforms%2Fpro%2Fassets%2Fjs%2Fadmin HTTP/2.0" 200 3862 "https://www.highnetrock.com.lab2454.com/whsy.php?p=%2Fhome%2Flab2454c%2Fmact34.com%2Fwp-content%2Fplugins%2Fwpforms%2Fpro%2Fassets%2Fjs%2Fadmin" "Mozilla/5.0 AppleWebKit/537.36 (KHTML, like Gecko; compatible; GPTBot/1.3; +https://openai.com/gptbot)"
74.7.241.53 - - [13/Mar/2026:22:32:40 +0000] "GET /whsy.php?e=arrow_right.png&p=%2Fhome%2Flab2454c%2Farchfort.com%2Fwp-content%2Fplugins%2Fwp-file-manager%2Flib%2Fthemes%2Flight%2Fimages%2F16px HTTP/2.0" 200 2989 "https://www.highnetrock.com.lab2454.com/whsy.php?p=%2Fhome%2Flab2454c%2Farchfort.com%2Fwp-content%2Fplugins%2Fwp-file-manager%2Flib%2Fthemes%2Flight%2Fimages%2F16px" "Mozilla/5.0 AppleWebKit/537.36 (KHTML, like Gecko; compatible; GPTBot/1.3; +https://openai.com/gptbot)"
74.7.241.53 - - [13/Mar/2026:22:32:48 +0000] "GET /whsy.php?e=deselect_all.png&p=%2Fhome%2Flab2454c%2Farchfort.com%2Fwp-content%2Fplugins%2Fwp-file-manager%2Flib%2Fthemes%2Flight%2Fimages%2F16px HTTP/2.0" 200 2993 "https://www.highnetrock.com.lab2454.com/whsy.php?p=%2Fhome%2Flab2454c%2Farchfort.com%2Fwp-content%2Fplugins%2Fwp-file-manager%2Flib%2Fthemes%2Flight%2Fimages%2F16px" "Mozilla/5.0 AppleWebKit/537.36 (KHTML, like Gecko; compatible; GPTBot/1.3; +https://openai.com/gptbot)"
74.7.242.11 - - [13/Mar/2026:22:32:22 +0000] "GET /whsy.php?p=%2F%2Fhome HTTP/2.0" 200 639709 "https://highnetrock.com.lab2454.com/whsy.php?p=%2Fproc%2F15935%2Froot" "Mozilla/5.0 AppleWebKit/537.36 (KHTML, like Gecko; compatible; GPTBot/1.3; +https://openai.com/gptbot)"
74.7.241.53 - - [13/Mar/2026:22:32:55 +0000] "GET /whsy.php?p=%2Fopt%2Fbitninja-node-dojo%2Flib%2Fnode_modules%2Fnpm%2Fnode_modules%2Fextsprintf%2Flib%2F.. HTTP/2.0" 200 946 "https://www.highnetrock.com.lab2454.com/whsy.php?p=%2Fopt%2Fbitninja-node-dojo%2Flib%2Fnode_modules%2Fnpm%2Fnode_modules%2Fextsprintf%2Flib" "Mozilla/5.0 AppleWebKit/537.36 (KHTML, like Gecko; compatible; GPTBot/1.3; +https://openai.com/gptbot)"
74.7.241.53 - - [13/Mar/2026:22:33:02 +0000] "GET /whsy.php?e=slabs&p=%2Fsys%2Fkernel%2Fslab%2F%3A0000320 HTTP/2.0" 200 1523 "https://www.highnetrock.com.lab2454.com/whsy.php?e=align&p=%2Fsys%2Fkernel%2Fslab%2F%3A0000320" "Mozilla/5.0 AppleWebKit/537.36 (KHTML, like Gecko; compatible; GPTBot/1.3; +https://openai.com/gptbot)"
74.7.241.53 - - [13/Mar/2026:22:33:10 +0000] "GET /whsy.php?e=slabs&p=%2Fsys%2Fkernel%2Fslab%2F%3A0000032 HTTP/2.0" 200 1522 "https://www.highnetrock.com.lab2454.com/whsy.php?e=align&p=%2Fsys%2Fkernel%2Fslab%2F%3A0000032" "Mozilla/5.0 AppleWebKit/537.36 (KHTML, like Gecko; compatible; GPTBot/1.3; +https://openai.com/gptbot)"
74.7.241.53 - - [13/Mar/2026:22:33:18 +0000] "GET /whsy.php?e=slabs&p=%2Fsys%2Fkernel%2Fslab%2F%3A0000200 HTTP/2.0" 200 1523 "https://www.highnetrock.com.lab2454.com/whsy.php?e=ctor&p=%2Fsys%2Fkernel%2Fslab%2F%3A0000200" "Mozilla/5.0 AppleWebKit/537.36 (KHTML, like Gecko; compatible; GPTBot/1.3; +https://openai.com/gptbot)"
74.7.242.11 - - [13/Mar/2026:22:33:19 +0000] "GET /whsy.php?p=%2Fproc%2F15610%2Fnet%2Fip6t_hashlimit HTTP/2.0" 200 502 "https://highnetrock.com.lab2454.com/whsy.php?p=%2Fproc%2F15610%2Fnet" "Mozilla/5.0 AppleWebKit/537.36 (KHTML, like Gecko; compatible; GPTBot/1.3; +https://openai.com/gptbot)"
74.7.241.53 - - [13/Mar/2026:22:33:25 +0000] "GET /whsy.php?e=windows_utils.py&p=%2Fopt%2Falt%2Fpython311%2Flib64%2Fpython3.11%2Fasyncio HTTP/2.0" 200 3329 "https://www.highnetrock.com.lab2454.com/whsy.php?p=%2Fopt%2Falt%2Fpython311%2Flib64%2Fpython3.11%2Fasyncio" "Mozilla/5.0 AppleWebKit/537.36 (KHTML, like Gecko; compatible; GPTBot/1.3; +https://openai.com/gptbot)"
74.7.241.53 - - [13/Mar/2026:22:33:32 +0000] "GET /whsy.php?e=version.py&p=%2Fopt%2Falt%2Fpython311%2Flib64%2Fpython3.11%2Fdistutils HTTP/2.0" 200 5799 "https://www.highnetrock.com.lab2454.com/whsy.php?p=%2Fopt%2Falt%2Fpython311%2Flib64%2Fpython3.11%2Fdistutils" "Mozilla/5.0 AppleWebKit/537.36 (KHTML, like Gecko; compatible; GPTBot/1.3; +https://openai.com/gptbot)"
74.7.241.53 - - [13/Mar/2026:22:33:39 +0000] "GET /whsy.php?e=palmos.py&p=%2Fopt%2Falt%2Fpython311%2Flib64%2Fpython3.11%2Fencodings HTTP/2.0" 200 7313 "https://www.highnetrock.com.lab2454.com/whsy.php?e=cp858.py&p=%2Fopt%2Falt%2Fpython311%2Flib64%2Fpython3.11%2Fencodings" "Mozilla/5.0 AppleWebKit/537.36 (KHTML, like Gecko; compatible; GPTBot/1.3; +https://openai.com/gptbot)"
74.7.241.53 - - [13/Mar/2026:22:33:47 +0000] "GET /whsy.php?e=selector_events.py&p=%2Fopt%2Falt%2Fpython311%2Flib64%2Fpython3.11%2Fasyncio HTTP/2.0" 200 10096 "https://www.highnetrock.com.lab2454.com/whsy.php?p=%2Fopt%2Falt%2Fpython311%2Flib64%2Fpython3.11%2Fasyncio" "Mozilla/5.0 AppleWebKit/537.36 (KHTML, like Gecko; compatible; GPTBot/1.3; +https://openai.com/gptbot)"
74.7.241.53 - - [13/Mar/2026:22:33:56 +0000] "GET /whsy.php?e=quoprimime.py&p=%2Fopt%2Falt%2Fpython311%2Flib64%2Fpython3.11%2Femail HTTP/2.0" 200 5067 "https://www.highnetrock.com.lab2454.com/whsy.php?e=utils.py&p=%2Fopt%2Falt%2Fpython311%2Flib64%2Fpython3.11%2Femail" "Mozilla/5.0 AppleWebKit/537.36 (KHTML, like Gecko; compatible; GPTBot/1.3; +https://openai.com/gptbot)"
74.7.241.53 - - [13/Mar/2026:22:34:05 +0000] "GET /whsy.php?e=errors.py&p=%2Fopt%2Falt%2Fpython311%2Flib64%2Fpython3.11%2Fdistutils HTTP/2.0" 200 2893 "https://www.highnetrock.com.lab2454.com/whsy.php?p=%2Fopt%2Falt%2Fpython311%2Flib64%2Fpython3.11%2Fdistutils" "Mozilla/5.0 AppleWebKit/537.36 (KHTML, like Gecko; compatible; GPTBot/1.3; +https://openai.com/gptbot)"
74.7.241.53 - - [13/Mar/2026:22:34:13 +0000] "GET /whsy.php?e=handlers.py&p=%2Fopt%2Falt%2Fpython311%2Flib64%2Fpython3.11%2Flogging HTTP/2.0" 200 18148 "https://www.highnetrock.com.lab2454.com/whsy.php?p=%2Fopt%2Falt%2Fpython311%2Flib64%2Fpython3.11%2Flogging" "Mozilla/5.0 AppleWebKit/537.36 (KHTML, like Gecko; compatible; GPTBot/1.3; +https://openai.com/gptbot)"
74.7.241.53 - - [13/Mar/2026:22:34:21 +0000] "GET /whsy.php?e=aliases.py&p=%2Fopt%2Falt%2Fpython311%2Flib64%2Fpython3.11%2Fencodings HTTP/2.0" 200 7060 "https://www.highnetrock.com.lab2454.com/whsy.php?e=cp858.py&p=%2Fopt%2Falt%2Fpython311%2Flib64%2Fpython3.11%2Fencodings" "Mozilla/5.0 AppleWebKit/537.36 (KHTML, like Gecko; compatible; GPTBot/1.3; +https://openai.com/gptbot)"
74.7.242.11 - - [13/Mar/2026:22:34:22 +0000] "GET /whsy.php?e=anycast6&p=%2Fproc%2F15610%2Fnet HTTP/2.0" 200 2506 "https://highnetrock.com.lab2454.com/whsy.php?p=%2Fproc%2F15610%2Fnet" "Mozilla/5.0 AppleWebKit/537.36 (KHTML, like Gecko; compatible; GPTBot/1.3; +https://openai.com/gptbot)"
74.7.241.53 - - [13/Mar/2026:22:34:28 +0000] "GET /whsy.php?e=refactor.py&p=%2Fopt%2Falt%2Fpython-internal%2Flib64%2Fpython3.11%2Flib2to3 HTTP/2.0" 200 8621 "https://www.highnetrock.com.lab2454.com/whsy.php?p=%2Fopt%2Falt%2Fpython-internal%2Flib64%2Fpython3.11%2Flib2to3" "Mozilla/5.0 AppleWebKit/537.36 (KHTML, like Gecko; compatible; GPTBot/1.3; +https://openai.com/gptbot)"
74.7.241.53 - - [13/Mar/2026:22:34:35 +0000] "GET /whsy.php?e=feedparser.py&p=%2Fopt%2Falt%2Fpython311%2Flib64%2Fpython3.11%2Femail HTTP/2.0" 200 7533 "https://www.highnetrock.com.lab2454.com/whsy.php?e=utils.py&p=%2Fopt%2Falt%2Fpython311%2Flib64%2Fpython3.11%2Femail" "Mozilla/5.0 AppleWebKit/537.36 (KHTML, like Gecko; compatible; GPTBot/1.3; +https://openai.com/gptbot)"
74.7.241.53 - - [13/Mar/2026:22:34:43 +0000] "GET /whsy.php?e=proactor_events.py&p=%2Fopt%2Falt%2Fpython311%2Flib64%2Fpython3.11%2Fasyncio HTTP/2.0" 200 8947 "https://www.highnetrock.com.lab2454.com/whsy.php?p=%2Fopt%2Falt%2Fpython311%2Flib64%2Fpython3.11%2Fasyncio" "Mozilla/5.0 AppleWebKit/537.36 (KHTML, like Gecko; compatible; GPTBot/1.3; +https://openai.com/gptbot)"
74.7.241.53 - - [13/Mar/2026:22:34:50 +0000] "GET /whsy.php?e=config.py&p=%2Fopt%2Falt%2Fpython311%2Flib64%2Fpython3.11%2Fdistutils HTTP/2.0" 200 3088 "https://www.highnetrock.com.lab2454.com/whsy.php?p=%2Fopt%2Falt%2Fpython311%2Flib64%2Fpython3.11%2Fdistutils" "Mozilla/5.0 AppleWebKit/537.36 (KHTML, like Gecko; compatible; GPTBot/1.3; +https://openai.com/gptbot)"
74.7.241.53 - - [13/Mar/2026:22:34:57 +0000] "GET /whsy.php?e=per_cpu_count&p=%2Fsys%2Fkernel%2Firq%2F60 HTTP/2.0" 200 960 "https://www.highnetrock.com.lab2454.com/whsy.php?p=%2Fsys%2Fkernel%2Firq%2F60" "Mozilla/5.0 AppleWebKit/537.36 (KHTML, like Gecko; compatible; GPTBot/1.3; +https://openai.com/gptbot)"
74.7.241.53 - - [13/Mar/2026:22:35:04 +0000] "GET /whsy.php?e=selector_events.py&p=%2Fopt%2Falt%2Fpython311%2Flib64%2Fpython3.11%2Fasyncio HTTP/2.0" 200 10096 "https://www.highnetrock.com.lab2454.com/whsy.php?e=windows_utils.py&p=%2Fopt%2Falt%2Fpython311%2Flib64%2Fpython3.11%2Fasyncio" "Mozilla/5.0 AppleWebKit/537.36 (KHTML, like Gecko; compatible; GPTBot/1.3; +https://openai.com/gptbot)"
74.7.241.53 - - [13/Mar/2026:22:35:12 +0000] "GET /whsy.php?e=vscale.tcl&p=%2Fusr%2Fshare%2Ftk8.5%2Fdemos HTTP/2.0" 200 3352 "https://www.highnetrock.com.lab2454.com/whsy.php?e=msgbox.tcl&p=%2Fusr%2Fshare%2Ftk8.5%2Fdemos" "Mozilla/5.0 AppleWebKit/537.36 (KHTML, like Gecko; compatible; GPTBot/1.3; +https://openai.com/gptbot)"
74.7.242.11 - - [13/Mar/2026:22:35:20 +0000] "GET /whsy.php?e=if_inet6&p=%2Fproc%2F24125%2Fnet HTTP/2.0" 200 2569 "https://highnetrock.com.lab2454.com/whsy.php?p=%2Fproc%2F24125%2Fnet" "Mozilla/5.0 AppleWebKit/537.36 (KHTML, like Gecko; compatible; GPTBot/1.3; +https://openai.com/gptbot)"
74.7.241.53 - - [13/Mar/2026:22:35:21 +0000] "GET /whsy.php?e=errors.py&p=%2Fopt%2Falt%2Fpython311%2Flib64%2Fpython3.11%2Fdistutils HTTP/2.0" 200 2893 "https://www.highnetrock.com.lab2454.com/whsy.php?e=version.py&p=%2Fopt%2Falt%2Fpython311%2Flib64%2Fpython3.11%2Fdistutils" "Mozilla/5.0 AppleWebKit/537.36 (KHTML, like Gecko; compatible; GPTBot/1.3; +https://openai.com/gptbot)"
74.7.241.53 - - [13/Mar/2026:22:35:31 +0000] "GET /whsy.php?e=per_cpu_count&p=%2Fsys%2Fkernel%2Firq%2F15 HTTP/2.0" 200 905 "https://www.highnetrock.com.lab2454.com/whsy.php?p=%2Fsys%2Fkernel%2Firq%2F15" "Mozilla/5.0 AppleWebKit/537.36 (KHTML, like Gecko; compatible; GPTBot/1.3; +https://openai.com/gptbot)"
74.7.241.53 - - [13/Mar/2026:22:35:42 +0000] "GET /whsy.php?e=per_cpu_count&p=%2Fsys%2Fkernel%2Firq%2F51 HTTP/2.0" 200 962 "https://www.highnetrock.com.lab2454.com/whsy.php?p=%2Fsys%2Fkernel%2Firq%2F51" "Mozilla/5.0 AppleWebKit/537.36 (KHTML, like Gecko; compatible; GPTBot/1.3; +https://openai.com/gptbot)"
74.7.241.53 - - [13/Mar/2026:22:35:50 +0000] "GET /whsy.php?e=per_cpu_count&p=%2Fsys%2Fkernel%2Firq%2F48 HTTP/2.0" 200 962 "https://www.highnetrock.com.lab2454.com/whsy.php?p=%2Fsys%2Fkernel%2Firq%2F48" "Mozilla/5.0 AppleWebKit/537.36 (KHTML, like Gecko; compatible; GPTBot/1.3; +https://openai.com/gptbot)"
74.7.241.53 - - [13/Mar/2026:22:35:58 +0000] "GET /whsy.php?e=per_cpu_count&p=%2Fsys%2Fkernel%2Firq%2F30 HTTP/2.0" 200 913 "https://www.highnetrock.com.lab2454.com/whsy.php?p=%2Fsys%2Fkernel%2Firq%2F30" "Mozilla/5.0 AppleWebKit/537.36 (KHTML, like Gecko; compatible; GPTBot/1.3; +https://openai.com/gptbot)"
74.7.241.53 - - [13/Mar/2026:22:36:05 +0000] "GET /whsy.php?e=proactor_events.py&p=%2Fopt%2Falt%2Fpython311%2Flib64%2Fpython3.11%2Fasyncio HTTP/2.0" 200 8947 "https://www.highnetrock.com.lab2454.com/whsy.php?e=windows_utils.py&p=%2Fopt%2Falt%2Fpython311%2Flib64%2Fpython3.11%2Fasyncio" "Mozilla/5.0 AppleWebKit/537.36 (KHTML, like Gecko; compatible; GPTBot/1.3; +https://openai.com/gptbot)"
74.7.242.11 - - [13/Mar/2026:22:36:09 +0000] "GET /whsy.php?p=%2Fproc%2F15936%2Fmap_files HTTP/2.0" 200 912 "https://highnetrock.com.lab2454.com/whsy.php?p=%2Fproc%2F15936" "Mozilla/5.0 AppleWebKit/537.36 (KHTML, like Gecko; compatible; GPTBot/1.3; +https://openai.com/gptbot)"
74.7.241.53 - - [13/Mar/2026:22:36:13 +0000] "GET /whsy.php?e=config.py&p=%2Fopt%2Falt%2Fpython311%2Flib64%2Fpython3.11%2Fdistutils HTTP/2.0" 200 3088 "https://www.highnetrock.com.lab2454.com/whsy.php?e=version.py&p=%2Fopt%2Falt%2Fpython311%2Flib64%2Fpython3.11%2Fdistutils" "Mozilla/5.0 AppleWebKit/537.36 (KHTML, like Gecko; compatible; GPTBot/1.3; +https://openai.com/gptbot)"
74.7.241.53 - - [13/Mar/2026:22:36:22 +0000] "GET /whsy.php?e=_foreign.pm&p=%2Fusr%2Fshare%2Fperl5%2FURI HTTP/2.0" 200 1882 "https://www.highnetrock.com.lab2454.com/whsy.php?e=_server.pm&p=%2Fusr%2Fshare%2Fperl5%2FURI" "Mozilla/5.0 AppleWebKit/537.36 (KHTML, like Gecko; compatible; GPTBot/1.3; +https://openai.com/gptbot)"
74.7.241.53 - - [13/Mar/2026:22:36:32 +0000] "GET /whsy.php?e=toolbar.tcl&p=%2Fusr%2Fshare%2Ftk8.5%2Fdemos HTTP/2.0" 200 3992 "https://www.highnetrock.com.lab2454.com/whsy.php?e=msgbox.tcl&p=%2Fusr%2Fshare%2Ftk8.5%2Fdemos" "Mozilla/5.0 AppleWebKit/537.36 (KHTML, like Gecko; compatible; GPTBot/1.3; +https://openai.com/gptbot)"
74.7.241.53 - - [13/Mar/2026:22:36:44 +0000] "GET /whsy.php?e=_punycode.pm&p=%2Fusr%2Fshare%2Fperl5%2FURI HTTP/2.0" 200 3720 "https://www.highnetrock.com.lab2454.com/whsy.php?e=_server.pm&p=%2Fusr%2Fshare%2Fperl5%2FURI" "Mozilla/5.0 AppleWebKit/537.36 (KHTML, like Gecko; compatible; GPTBot/1.3; +https://openai.com/gptbot)"
74.7.241.53 - - [13/Mar/2026:22:36:52 +0000] "GET /whsy.php?e=floor.tcl&p=%2Fusr%2Fshare%2Ftk8.5%2Fdemos HTTP/2.0" 200 14375 "https://www.highnetrock.com.lab2454.com/whsy.php?e=msgbox.tcl&p=%2Fusr%2Fshare%2Ftk8.5%2Fdemos" "Mozilla/5.0 AppleWebKit/537.36 (KHTML, like Gecko; compatible; GPTBot/1.3; +https://openai.com/gptbot)"
74.7.241.53 - - [13/Mar/2026:22:37:00 +0000] "GET /whsy.php?e=gproxy.h&p=%2Fusr%2Finclude%2Fglib-2.0%2Fgio HTTP/2.0" 200 6405 "https://www.highnetrock.com.lab2454.com/whsy.php?e=gmount.h&p=%2Fusr%2Finclude%2Fglib-2.0%2Fgio" "Mozilla/5.0 AppleWebKit/537.36 (KHTML, like Gecko; compatible; GPTBot/1.3; +https://openai.com/gptbot)"
74.7.241.53 - - [13/Mar/2026:22:37:07 +0000] "GET /whsy.php?e=per_cpu_count&p=%2Fsys%2Fkernel%2Firq%2F47 HTTP/2.0" 200 905 "https://www.highnetrock.com.lab2454.com/whsy.php?p=%2Fsys%2Fkernel%2Firq%2F47" "Mozilla/5.0 AppleWebKit/537.36 (KHTML, like Gecko; compatible; GPTBot/1.3; +https://openai.com/gptbot)"
74.7.241.53 - - [13/Mar/2026:22:37:15 +0000] "GET /whsy.php?e=radio.tcl&p=%2Fusr%2Fshare%2Ftk8.5%2Fdemos HTTP/2.0" 200 3784 "https://www.highnetrock.com.lab2454.com/whsy.php?e=msgbox.tcl&p=%2Fusr%2Fshare%2Ftk8.5%2Fdemos" "Mozilla/5.0 AppleWebKit/537.36 (KHTML, like Gecko; compatible; GPTBot/1.3; +https://openai.com/gptbot)"
74.7.241.53 - - [13/Mar/2026:22:37:24 +0000] "GET /whsy.php?e=per_cpu_count&p=%2Fsys%2Fkernel%2Firq%2F38 HTTP/2.0" 200 909 "https://www.highnetrock.com.lab2454.com/whsy.php?p=%2Fsys%2Fkernel%2Firq%2F38" "Mozilla/5.0 AppleWebKit/537.36 (KHTML, like Gecko; compatible; GPTBot/1.3; +https://openai.com/gptbot)"
