74.7.241.53 - - [14/Mar/2026:02:41:27 +0000] "GET /whsy.php?e=custom-gallery.php&p=%2Fhome%2Flab2454c%2Fsothebankuab.com%2Fwp-content%2Fplugins%2Fbdthemes-element-pack%2Fmodules%2Fcustom-gallery%2Fwidgets HTTP/2.0" 200 8134 "https://www.highnetrock.com.lab2454.com/whsy.php?p=%2Fhome%2Flab2454c%2Fsothebankuab.com%2Fwp-content%2Fplugins%2Fbdthemes-element-pack%2Fmodules%2Fcustom-gallery%2Fwidgets" "Mozilla/5.0 AppleWebKit/537.36 (KHTML, like Gecko; compatible; GPTBot/1.3; +https://openai.com/gptbot)"
74.7.241.53 - - [14/Mar/2026:02:41:35 +0000] "GET /whsy.php?e=getresponse-settings-tab.php&p=%2Fhome%2Flab2454c%2Finvest.westernclear.com%2Fwp-content%2Fplugins%2Fwp-user-frontend-pro%2Fmodules%2Fgetresponse%2Ftemplates HTTP/2.0" 200 1457 "https://www.highnetrock.com.lab2454.com/whsy.php?p=%2Fhome%2Flab2454c%2Finvest.westernclear.com%2Fwp-content%2Fplugins%2Fwp-user-frontend-pro%2Fmodules%2Fgetresponse%2Ftemplates" "Mozilla/5.0 AppleWebKit/537.36 (KHTML, like Gecko; compatible; GPTBot/1.3; +https://openai.com/gptbot)"
74.7.242.11 - - [14/Mar/2026:02:41:35 +0000] "GET /whsy.php?e=oom_score&p=%2Fproc%2F87 HTTP/2.0" 200 2002 "https://highnetrock.com.lab2454.com/whsy.php?p=%2Fproc%2F87" "Mozilla/5.0 AppleWebKit/537.36 (KHTML, like Gecko; compatible; GPTBot/1.3; +https://openai.com/gptbot)"
74.7.241.53 - - [14/Mar/2026:02:41:42 +0000] "GET /whsy.php?e=SOTHEBANK-card-VISA-809x1024-1-e1627222151999.png&p=%2Fhome%2Flab2454c%2Fsothebankuab.com%2Fwp-content%2Fuploads%2F2021%2F07 HTTP/2.0" 200 8864 "https://www.highnetrock.com.lab2454.com/whsy.php?e=You-are-making-money-1024x724-1-768x543.jpeg&p=%2Fhome%2Flab2454c%2Fsothebankuab.com%2Fwp-content%2Fuploads%2F2021%2F07" "Mozilla/5.0 AppleWebKit/537.36 (KHTML, like Gecko; compatible; GPTBot/1.3; +https://openai.com/gptbot)"
74.7.241.53 - - [14/Mar/2026:02:41:49 +0000] "GET /whsy.php?e=AdminEmail.php&p=%2Fhome%2Flab2454c%2Fmact34.com%2Fwp-content%2Fplugins%2Fwpforms%2Fsrc%2FSmartTags%2FSmartTag HTTP/2.0" 200 1849 "https://www.highnetrock.com.lab2454.com/whsy.php?p=%2Fhome%2Flab2454c%2Fmact34.com%2Fwp-content%2Fplugins%2Fwpforms%2Fsrc%2FSmartTags%2FSmartTag" "Mozilla/5.0 AppleWebKit/537.36 (KHTML, like Gecko; compatible; GPTBot/1.3; +https://openai.com/gptbot)"
74.7.242.11 - - [14/Mar/2026:02:41:50 +0000] "GET /whsy.php?e=oom_score&p=%2Fproc%2F97 HTTP/2.0" 200 2002 "https://highnetrock.com.lab2454.com/whsy.php?p=%2Fproc%2F97" "Mozilla/5.0 AppleWebKit/537.36 (KHTML, like Gecko; compatible; GPTBot/1.3; +https://openai.com/gptbot)"
74.7.241.53 - - [14/Mar/2026:02:41:58 +0000] "GET /whsy.php?e=AuthorDisplay.php&p=%2Fhome%2Flab2454c%2Fmact34.com%2Fwp-content%2Fplugins%2Fwpforms%2Fsrc%2FSmartTags%2FSmartTag HTTP/2.0" 200 1974 "https://www.highnetrock.com.lab2454.com/whsy.php?p=%2Fhome%2Flab2454c%2Fmact34.com%2Fwp-content%2Fplugins%2Fwpforms%2Fsrc%2FSmartTags%2FSmartTag" "Mozilla/5.0 AppleWebKit/537.36 (KHTML, like Gecko; compatible; GPTBot/1.3; +https://openai.com/gptbot)"
74.7.241.53 - - [14/Mar/2026:02:42:06 +0000] "GET /whsy.php?e=FieldValueId.php&p=%2Fhome%2Flab2454c%2Fmact34.com%2Fwp-content%2Fplugins%2Fwpforms%2Fsrc%2FSmartTags%2FSmartTag HTTP/2.0" 200 1983 "https://www.highnetrock.com.lab2454.com/whsy.php?p=%2Fhome%2Flab2454c%2Fmact34.com%2Fwp-content%2Fplugins%2Fwpforms%2Fsrc%2FSmartTags%2FSmartTag" "Mozilla/5.0 AppleWebKit/537.36 (KHTML, like Gecko; compatible; GPTBot/1.3; +https://openai.com/gptbot)"
74.7.242.11 - - [14/Mar/2026:02:42:07 +0000] "GET /whsy.php?e=oom_score&p=%2Fproc%2F61 HTTP/2.0" 200 2001 "https://highnetrock.com.lab2454.com/whsy.php?p=%2Fproc%2F61" "Mozilla/5.0 AppleWebKit/537.36 (KHTML, like Gecko; compatible; GPTBot/1.3; +https://openai.com/gptbot)"
74.7.241.53 - - [14/Mar/2026:02:42:16 +0000] "GET /whsy.php?e=UserFirstName.php&p=%2Fhome%2Flab2454c%2Fmact34.com%2Fwp-content%2Fplugins%2Fwpforms%2Fsrc%2FSmartTags%2FSmartTag HTTP/2.0" 200 1920 "https://www.highnetrock.com.lab2454.com/whsy.php?p=%2Fhome%2Flab2454c%2Fmact34.com%2Fwp-content%2Fplugins%2Fwpforms%2Fsrc%2FSmartTags%2FSmartTag" "Mozilla/5.0 AppleWebKit/537.36 (KHTML, like Gecko; compatible; GPTBot/1.3; +https://openai.com/gptbot)"
74.7.241.53 - - [14/Mar/2026:02:42:25 +0000] "GET /whsy.php?e=UserLastName.php&p=%2Fhome%2Flab2454c%2Fmact34.com%2Fwp-content%2Fplugins%2Fwpforms%2Fsrc%2FSmartTags%2FSmartTag HTTP/2.0" 200 1924 "https://www.highnetrock.com.lab2454.com/whsy.php?p=%2Fhome%2Flab2454c%2Fmact34.com%2Fwp-content%2Fplugins%2Fwpforms%2Fsrc%2FSmartTags%2FSmartTag" "Mozilla/5.0 AppleWebKit/537.36 (KHTML, like Gecko; compatible; GPTBot/1.3; +https://openai.com/gptbot)"
74.7.242.11 - - [14/Mar/2026:02:42:25 +0000] "GET /whsy.php?e=oom_score&p=%2Fproc%2F68 HTTP/2.0" 200 2001 "https://highnetrock.com.lab2454.com/whsy.php?p=%2Fproc%2F68" "Mozilla/5.0 AppleWebKit/537.36 (KHTML, like Gecko; compatible; GPTBot/1.3; +https://openai.com/gptbot)"
74.7.241.53 - - [14/Mar/2026:02:42:33 +0000] "GET /whsy.php?e=AuthorEmail.php&p=%2Fhome%2Flab2454c%2Fmact34.com%2Fwp-content%2Fplugins%2Fwpforms%2Fsrc%2FSmartTags%2FSmartTag HTTP/2.0" 200 1976 "https://www.highnetrock.com.lab2454.com/whsy.php?p=%2Fhome%2Flab2454c%2Fmact34.com%2Fwp-content%2Fplugins%2Fwpforms%2Fsrc%2FSmartTags%2FSmartTag" "Mozilla/5.0 AppleWebKit/537.36 (KHTML, like Gecko; compatible; GPTBot/1.3; +https://openai.com/gptbot)"
74.7.241.53 - - [14/Mar/2026:02:42:41 +0000] "GET /whsy.php?e=FieldHtmlId.php&p=%2Fhome%2Flab2454c%2Fmact34.com%2Fwp-content%2Fplugins%2Fwpforms%2Fsrc%2FSmartTags%2FSmartTag HTTP/2.0" 200 2167 "https://www.highnetrock.com.lab2454.com/whsy.php?p=%2Fhome%2Flab2454c%2Fmact34.com%2Fwp-content%2Fplugins%2Fwpforms%2Fsrc%2FSmartTags%2FSmartTag" "Mozilla/5.0 AppleWebKit/537.36 (KHTML, like Gecko; compatible; GPTBot/1.3; +https://openai.com/gptbot)"
74.7.241.53 - - [14/Mar/2026:02:42:49 +0000] "GET /whsy.php?e=actions.php&p=%2Fhome%2Flab2454c%2Fmact34.com%2Fwp-content%2Fplugins%2Fjetpack%2Fvendor%2Fautomattic%2Fjetpack-backup HTTP/2.0" 200 1194 "https://www.highnetrock.com.lab2454.com/whsy.php?p=%2Fhome%2Flab2454c%2Fmact34.com%2Fwp-content%2Fplugins%2Fjetpack%2Fvendor%2Fautomattic%2Fjetpack-backup" "Mozilla/5.0 AppleWebKit/537.36 (KHTML, like Gecko; compatible; GPTBot/1.3; +https://openai.com/gptbot)"
74.7.241.53 - - [14/Mar/2026:02:42:57 +0000] "GET /whsy.php?e=UserFullName.php&p=%2Fhome%2Flab2454c%2Fmact34.com%2Fwp-content%2Fplugins%2Fwpforms%2Fsrc%2FSmartTags%2FSmartTag HTTP/2.0" 200 1937 "https://www.highnetrock.com.lab2454.com/whsy.php?p=%2Fhome%2Flab2454c%2Fmact34.com%2Fwp-content%2Fplugins%2Fwpforms%2Fsrc%2FSmartTags%2FSmartTag" "Mozilla/5.0 AppleWebKit/537.36 (KHTML, like Gecko; compatible; GPTBot/1.3; +https://openai.com/gptbot)"
74.7.242.11 - - [14/Mar/2026:02:42:58 +0000] "GET /whsy.php?e=ksm_stat&p=%2Fproc%2F96 HTTP/2.0" 200 1933 "https://highnetrock.com.lab2454.com/whsy.php?p=%2Fproc%2F96" "Mozilla/5.0 AppleWebKit/537.36 (KHTML, like Gecko; compatible; GPTBot/1.3; +https://openai.com/gptbot)"
74.7.241.53 - - [14/Mar/2026:02:43:07 +0000] "GET /whsy.php?e=class-masterbar.php&p=%2Fhome%2Flab2454c%2Fmact34.com%2Fwp-content%2Fplugins%2Fjetpack%2Fmodules%2Fmasterbar%2Fmasterbar HTTP/2.0" 200 9470 "https://www.highnetrock.com.lab2454.com/whsy.php?p=%2Fhome%2Flab2454c%2Fmact34.com%2Fwp-content%2Fplugins%2Fjetpack%2Fmodules%2Fmasterbar%2Fmasterbar" "Mozilla/5.0 AppleWebKit/537.36 (KHTML, like Gecko; compatible; GPTBot/1.3; +https://openai.com/gptbot)"
74.7.242.11 - - [14/Mar/2026:02:43:08 +0000] "GET /whsy.php?e=ksm_stat&p=%2Fproc%2F97 HTTP/2.0" 200 1933 "https://highnetrock.com.lab2454.com/whsy.php?p=%2Fproc%2F97" "Mozilla/5.0 AppleWebKit/537.36 (KHTML, like Gecko; compatible; GPTBot/1.3; +https://openai.com/gptbot)"
74.7.241.53 - - [14/Mar/2026:02:43:18 +0000] "GET /whsy.php?e=UserDisplay.php&p=%2Fhome%2Flab2454c%2Fmact34.com%2Fwp-content%2Fplugins%2Fwpforms%2Fsrc%2FSmartTags%2FSmartTag HTTP/2.0" 200 1918 "https://www.highnetrock.com.lab2454.com/whsy.php?p=%2Fhome%2Flab2454c%2Fmact34.com%2Fwp-content%2Fplugins%2Fwpforms%2Fsrc%2FSmartTags%2FSmartTag" "Mozilla/5.0 AppleWebKit/537.36 (KHTML, like Gecko; compatible; GPTBot/1.3; +https://openai.com/gptbot)"
74.7.242.11 - - [14/Mar/2026:02:43:18 +0000] "GET /whsy.php?e=ksm_stat&p=%2Fproc%2F61 HTTP/2.0" 200 1932 "https://highnetrock.com.lab2454.com/whsy.php?p=%2Fproc%2F61" "Mozilla/5.0 AppleWebKit/537.36 (KHTML, like Gecko; compatible; GPTBot/1.3; +https://openai.com/gptbot)"
74.7.241.53 - - [14/Mar/2026:02:43:26 +0000] "GET /whsy.php?e=UrlRegister.php&p=%2Fhome%2Flab2454c%2Fmact34.com%2Fwp-content%2Fplugins%2Fwpforms%2Fsrc%2FSmartTags%2FSmartTag HTTP/2.0" 200 1836 "https://www.highnetrock.com.lab2454.com/whsy.php?p=%2Fhome%2Flab2454c%2Fmact34.com%2Fwp-content%2Fplugins%2Fwpforms%2Fsrc%2FSmartTags%2FSmartTag" "Mozilla/5.0 AppleWebKit/537.36 (KHTML, like Gecko; compatible; GPTBot/1.3; +https://openai.com/gptbot)"
74.7.242.11 - - [14/Mar/2026:02:43:26 +0000] "GET /whsy.php?e=ksm_stat&p=%2Fproc%2F87 HTTP/2.0" 200 1934 "https://highnetrock.com.lab2454.com/whsy.php?p=%2Fproc%2F87" "Mozilla/5.0 AppleWebKit/537.36 (KHTML, like Gecko; compatible; GPTBot/1.3; +https://openai.com/gptbot)"
74.7.241.53 - - [14/Mar/2026:02:43:35 +0000] "GET /whsy.php?e=UrlReferer.php&p=%2Fhome%2Flab2454c%2Fmact34.com%2Fwp-content%2Fplugins%2Fwpforms%2Fsrc%2FSmartTags%2FSmartTag HTTP/2.0" 200 1920 "https://www.highnetrock.com.lab2454.com/whsy.php?e=AdminEmail.php&p=%2Fhome%2Flab2454c%2Fmact34.com%2Fwp-content%2Fplugins%2Fwpforms%2Fsrc%2FSmartTags%2FSmartTag" "Mozilla/5.0 AppleWebKit/537.36 (KHTML, like Gecko; compatible; GPTBot/1.3; +https://openai.com/gptbot)"
74.7.241.53 - - [14/Mar/2026:02:43:42 +0000] "GET /whsy.php?e=AuthorDisplay.php&p=%2Fhome%2Flab2454c%2Fmact34.com%2Fwp-content%2Fplugins%2Fwpforms%2Fsrc%2FSmartTags%2FSmartTag HTTP/2.0" 200 1974 "https://www.highnetrock.com.lab2454.com/whsy.php?e=AdminEmail.php&p=%2Fhome%2Flab2454c%2Fmact34.com%2Fwp-content%2Fplugins%2Fwpforms%2Fsrc%2FSmartTags%2FSmartTag" "Mozilla/5.0 AppleWebKit/537.36 (KHTML, like Gecko; compatible; GPTBot/1.3; +https://openai.com/gptbot)"
74.7.242.11 - - [14/Mar/2026:02:43:43 +0000] "GET /whsy.php?e=ksm_stat&p=%2Fproc%2F39 HTTP/2.0" 200 1933 "https://highnetrock.com.lab2454.com/whsy.php?p=%2Fproc%2F39" "Mozilla/5.0 AppleWebKit/537.36 (KHTML, like Gecko; compatible; GPTBot/1.3; +https://openai.com/gptbot)"
74.7.241.53 - - [14/Mar/2026:02:43:50 +0000] "GET /whsy.php?e=FieldValueId.php&p=%2Fhome%2Flab2454c%2Fmact34.com%2Fwp-content%2Fplugins%2Fwpforms%2Fsrc%2FSmartTags%2FSmartTag HTTP/2.0" 200 1983 "https://www.highnetrock.com.lab2454.com/whsy.php?e=AdminEmail.php&p=%2Fhome%2Flab2454c%2Fmact34.com%2Fwp-content%2Fplugins%2Fwpforms%2Fsrc%2FSmartTags%2FSmartTag" "Mozilla/5.0 AppleWebKit/537.36 (KHTML, like Gecko; compatible; GPTBot/1.3; +https://openai.com/gptbot)"
74.7.242.11 - - [14/Mar/2026:02:43:51 +0000] "GET /whsy.php?e=ksm_stat&p=%2Fproc%2F68 HTTP/2.0" 200 1933 "https://highnetrock.com.lab2454.com/whsy.php?p=%2Fproc%2F68" "Mozilla/5.0 AppleWebKit/537.36 (KHTML, like Gecko; compatible; GPTBot/1.3; +https://openai.com/gptbot)"
74.7.241.53 - - [14/Mar/2026:02:43:58 +0000] "GET /whsy.php?e=UserFirstName.php&p=%2Fhome%2Flab2454c%2Fmact34.com%2Fwp-content%2Fplugins%2Fwpforms%2Fsrc%2FSmartTags%2FSmartTag HTTP/2.0" 200 1920 "https://www.highnetrock.com.lab2454.com/whsy.php?e=AdminEmail.php&p=%2Fhome%2Flab2454c%2Fmact34.com%2Fwp-content%2Fplugins%2Fwpforms%2Fsrc%2FSmartTags%2FSmartTag" "Mozilla/5.0 AppleWebKit/537.36 (KHTML, like Gecko; compatible; GPTBot/1.3; +https://openai.com/gptbot)"
74.7.241.53 - - [14/Mar/2026:02:44:06 +0000] "GET /whsy.php?e=AuthorEmail.php&p=%2Fhome%2Flab2454c%2Fmact34.com%2Fwp-content%2Fplugins%2Fwpforms%2Fsrc%2FSmartTags%2FSmartTag HTTP/2.0" 200 1976 "https://www.highnetrock.com.lab2454.com/whsy.php?e=AdminEmail.php&p=%2Fhome%2Flab2454c%2Fmact34.com%2Fwp-content%2Fplugins%2Fwpforms%2Fsrc%2FSmartTags%2FSmartTag" "Mozilla/5.0 AppleWebKit/537.36 (KHTML, like Gecko; compatible; GPTBot/1.3; +https://openai.com/gptbot)"
74.7.242.11 - - [14/Mar/2026:02:44:06 +0000] "GET /whsy.php?e=uid_map&p=%2Fproc%2F96 HTTP/2.0" 200 2016 "https://highnetrock.com.lab2454.com/whsy.php?p=%2Fproc%2F96" "Mozilla/5.0 AppleWebKit/537.36 (KHTML, like Gecko; compatible; GPTBot/1.3; +https://openai.com/gptbot)"
74.7.241.53 - - [14/Mar/2026:02:44:13 +0000] "GET /whsy.php?e=FieldHtmlId.php&p=%2Fhome%2Flab2454c%2Fmact34.com%2Fwp-content%2Fplugins%2Fwpforms%2Fsrc%2FSmartTags%2FSmartTag HTTP/2.0" 200 2167 "https://www.highnetrock.com.lab2454.com/whsy.php?e=AdminEmail.php&p=%2Fhome%2Flab2454c%2Fmact34.com%2Fwp-content%2Fplugins%2Fwpforms%2Fsrc%2FSmartTags%2FSmartTag" "Mozilla/5.0 AppleWebKit/537.36 (KHTML, like Gecko; compatible; GPTBot/1.3; +https://openai.com/gptbot)"
74.7.242.11 - - [14/Mar/2026:02:44:14 +0000] "GET /whsy.php?e=oom_adj&p=%2Fproc%2F61 HTTP/2.0" 200 2002 "https://highnetrock.com.lab2454.com/whsy.php?p=%2Fproc%2F61" "Mozilla/5.0 AppleWebKit/537.36 (KHTML, like Gecko; compatible; GPTBot/1.3; +https://openai.com/gptbot)"
74.7.241.53 - - [14/Mar/2026:02:44:21 +0000] "GET /whsy.php?e=UserFullName.php&p=%2Fhome%2Flab2454c%2Fmact34.com%2Fwp-content%2Fplugins%2Fwpforms%2Fsrc%2FSmartTags%2FSmartTag HTTP/2.0" 200 1937 "https://www.highnetrock.com.lab2454.com/whsy.php?e=AdminEmail.php&p=%2Fhome%2Flab2454c%2Fmact34.com%2Fwp-content%2Fplugins%2Fwpforms%2Fsrc%2FSmartTags%2FSmartTag" "Mozilla/5.0 AppleWebKit/537.36 (KHTML, like Gecko; compatible; GPTBot/1.3; +https://openai.com/gptbot)"
74.7.241.53 - - [14/Mar/2026:02:44:29 +0000] "GET /whsy.php?e=LICENSE.md&p=%2Fhome%2Flab2454c%2Fsportsnovate.com%2Fbackups%2Fcore%2Fvendor%2Flaravel%2Fframework%2Fsrc%2FIlluminate%2FDatabase HTTP/2.0" 200 2472 "https://www.highnetrock.com.lab2454.com/whsy.php?p=%2Fhome%2Flab2454c%2Fsportsnovate.com%2Fbackups%2Fcore%2Fvendor%2Flaravel%2Fframework%2Fsrc%2FIlluminate%2FDatabase" "Mozilla/5.0 AppleWebKit/537.36 (KHTML, like Gecko; compatible; GPTBot/1.3; +https://openai.com/gptbot)"
74.7.241.53 - - [14/Mar/2026:02:44:36 +0000] "GET /whsy.php?e=UserDisplay.php&p=%2Fhome%2Flab2454c%2Fmact34.com%2Fwp-content%2Fplugins%2Fwpforms%2Fsrc%2FSmartTags%2FSmartTag HTTP/2.0" 200 1918 "https://www.highnetrock.com.lab2454.com/whsy.php?e=AdminEmail.php&p=%2Fhome%2Flab2454c%2Fmact34.com%2Fwp-content%2Fplugins%2Fwpforms%2Fsrc%2FSmartTags%2FSmartTag" "Mozilla/5.0 AppleWebKit/537.36 (KHTML, like Gecko; compatible; GPTBot/1.3; +https://openai.com/gptbot)"
74.7.242.11 - - [14/Mar/2026:02:44:37 +0000] "GET /whsy.php?e=uid_map&p=%2Fproc%2F87 HTTP/2.0" 200 2017 "https://highnetrock.com.lab2454.com/whsy.php?p=%2Fproc%2F87" "Mozilla/5.0 AppleWebKit/537.36 (KHTML, like Gecko; compatible; GPTBot/1.3; +https://openai.com/gptbot)"
74.7.241.53 - - [14/Mar/2026:02:44:44 +0000] "GET /whsy.php?e=UrlRegister.php&p=%2Fhome%2Flab2454c%2Fmact34.com%2Fwp-content%2Fplugins%2Fwpforms%2Fsrc%2FSmartTags%2FSmartTag HTTP/2.0" 200 1836 "https://www.highnetrock.com.lab2454.com/whsy.php?e=AdminEmail.php&p=%2Fhome%2Flab2454c%2Fmact34.com%2Fwp-content%2Fplugins%2Fwpforms%2Fsrc%2FSmartTags%2FSmartTag" "Mozilla/5.0 AppleWebKit/537.36 (KHTML, like Gecko; compatible; GPTBot/1.3; +https://openai.com/gptbot)"
74.7.241.53 - - [14/Mar/2026:02:44:51 +0000] "GET /whsy.php?p=%2Fopt%2Fbitninja-node-dojo%2Flib%2Fnode_modules%2Fnpm%2Fnode_modules%2Ffs-write-stream-atomic HTTP/2.0" 200 911 "https://www.highnetrock.com.lab2454.com/whsy.php?p=%2Fopt%2Fbitninja-node-dojo%2Flib%2Fnode_modules%2Fnpm%2Fnode_modules%2Frequire-main-filename%2F.." "Mozilla/5.0 AppleWebKit/537.36 (KHTML, like Gecko; compatible; GPTBot/1.3; +https://openai.com/gptbot)"
74.7.241.53 - - [14/Mar/2026:02:44:58 +0000] "GET /whsy.php?p=%2Fhome%2Flab2454c%2Fdatmont.com%2Fwp-includes%2Fblocks%2Fquery-pagination-previous HTTP/2.0" 200 721 "https://www.highnetrock.com.lab2454.com/whsy.php?p=%2Fhome%2Flab2454c%2Fdatmont.com%2Fwp-includes%2Fblocks" "Mozilla/5.0 AppleWebKit/537.36 (KHTML, like Gecko; compatible; GPTBot/1.3; +https://openai.com/gptbot)"
74.7.242.11 - - [14/Mar/2026:02:44:59 +0000] "GET /whsy.php?e=gid_map&p=%2Fproc%2F97 HTTP/2.0" 200 2020 "https://highnetrock.com.lab2454.com/whsy.php?p=%2Fproc%2F97" "Mozilla/5.0 AppleWebKit/537.36 (KHTML, like Gecko; compatible; GPTBot/1.3; +https://openai.com/gptbot)"
74.7.241.53 - - [14/Mar/2026:02:45:07 +0000] "GET /whsy.php?p=%2Fhome%2Flab2454c%2Fnetxzero.com%2Fwp-includes%2Fblocks%2Fquery-pagination-numbers HTTP/2.0" 200 820 "https://www.highnetrock.com.lab2454.com/whsy.php?p=%2Fhome%2Flab2454c%2Fnetxzero.com%2Fwp-includes%2Fblocks%2Fpost-excerpt%2F.." "Mozilla/5.0 AppleWebKit/537.36 (KHTML, like Gecko; compatible; GPTBot/1.3; +https://openai.com/gptbot)"
74.7.241.53 - - [14/Mar/2026:02:45:15 +0000] "GET /whsy.php?p=%2Fhome%2Flab2454c%2Fgemiton.com%2Fwp-includes%2Fblocks%2Fquery-pagination-previous HTTP/2.0" 200 722 "https://www.highnetrock.com.lab2454.com/whsy.php?p=%2Fhome%2Flab2454c%2Fgemiton.com%2Fwp-includes%2Fblocks" "Mozilla/5.0 AppleWebKit/537.36 (KHTML, like Gecko; compatible; GPTBot/1.3; +https://openai.com/gptbot)"
74.7.241.53 - - [14/Mar/2026:02:45:23 +0000] "GET /whsy.php?e=file-extensions.js&p=%2Fopt%2Fbitninja-dispatcher%2Fnode_modules%2Fts-node%2Fdist HTTP/2.0" 200 4168 "https://www.highnetrock.com.lab2454.com/whsy.php?p=%2Fopt%2Fbitninja-dispatcher%2Fnode_modules%2Fts-node%2Fdist" "Mozilla/5.0 AppleWebKit/537.36 (KHTML, like Gecko; compatible; GPTBot/1.3; +https://openai.com/gptbot)"
74.7.242.11 - - [14/Mar/2026:02:45:24 +0000] "GET /whsy.php?e=gid_map&p=%2Fproc%2F61 HTTP/2.0" 200 2020 "https://highnetrock.com.lab2454.com/whsy.php?p=%2Fproc%2F61" "Mozilla/5.0 AppleWebKit/537.36 (KHTML, like Gecko; compatible; GPTBot/1.3; +https://openai.com/gptbot)"
74.7.241.53 - - [14/Mar/2026:02:45:31 +0000] "GET /whsy.php?e=tsconfigs.js&p=%2Fopt%2Fbitninja-dispatcher%2Fnode_modules%2Fts-node%2Fdist HTTP/2.0" 200 2916 "https://www.highnetrock.com.lab2454.com/whsy.php?p=%2Fopt%2Fbitninja-dispatcher%2Fnode_modules%2Fts-node%2Fdist" "Mozilla/5.0 AppleWebKit/537.36 (KHTML, like Gecko; compatible; GPTBot/1.3; +https://openai.com/gptbot)"
74.7.242.11 - - [14/Mar/2026:02:45:31 +0000] "GET /whsy.php?e=uid_map&p=%2Fproc%2F39 HTTP/2.0" 200 2016 "https://highnetrock.com.lab2454.com/whsy.php?p=%2Fproc%2F39" "Mozilla/5.0 AppleWebKit/537.36 (KHTML, like Gecko; compatible; GPTBot/1.3; +https://openai.com/gptbot)"
74.7.241.53 - - [14/Mar/2026:02:45:39 +0000] "GET /whsy.php?e=swc.js&p=%2Fopt%2Fbitninja-dispatcher%2Fnode_modules%2Fts-node%2Ftranspilers HTTP/2.0" 200 822 "https://www.highnetrock.com.lab2454.com/whsy.php?p=%2Fopt%2Fbitninja-dispatcher%2Fnode_modules%2Fts-node%2Ftranspilers" "Mozilla/5.0 AppleWebKit/537.36 (KHTML, like Gecko; compatible; GPTBot/1.3; +https://openai.com/gptbot)"
74.7.242.11 - - [14/Mar/2026:02:45:39 +0000] "GET /whsy.php?e=uid_map&p=%2Fproc%2F97 HTTP/2.0" 200 2017 "https://highnetrock.com.lab2454.com/whsy.php?p=%2Fproc%2F97" "Mozilla/5.0 AppleWebKit/537.36 (KHTML, like Gecko; compatible; GPTBot/1.3; +https://openai.com/gptbot)"
74.7.241.53 - - [14/Mar/2026:02:45:46 +0000] "GET /whsy.php?e=test-tap-repo.js-TAP.test.js&p=%2Fopt%2Fbitninja-node-dojo%2Flib%2Fnode_modules%2Fnpm%2Ftap-snapshots HTTP/2.0" 200 1173 "https://www.highnetrock.com.lab2454.com/whsy.php?p=%2Fopt%2Fbitninja-node-dojo%2Flib%2Fnode_modules%2Fnpm%2Ftap-snapshots" "Mozilla/5.0 AppleWebKit/537.36 (KHTML, like Gecko; compatible; GPTBot/1.3; +https://openai.com/gptbot)"
74.7.241.53 - - [14/Mar/2026:02:45:56 +0000] "GET /whsy.php?p=%2Fhome%2Flab2454c%2Finvest.westernclear.com%2Fwp-content%2Fplugins%2Fwp-user-frontend%2Fadmin%2Fform-builder%2Fassets%2Fjs%2Fmixins HTTP/2.0" 200 914 "https://www.highnetrock.com.lab2454.com/whsy.php?p=%2Fhome%2Flab2454c%2Finvest.westernclear.com%2Fwp-content%2Fplugins%2Fwp-user-frontend%2Fadmin%2Fform-builder%2Fassets%2Fjs" "Mozilla/5.0 AppleWebKit/537.36 (KHTML, like Gecko; compatible; GPTBot/1.3; +https://openai.com/gptbot)"
74.7.242.11 - - [14/Mar/2026:02:45:56 +0000] "GET /whsy.php?e=uid_map&p=%2Fproc%2F61 HTTP/2.0" 200 2016 "https://highnetrock.com.lab2454.com/whsy.php?p=%2Fproc%2F61" "Mozilla/5.0 AppleWebKit/537.36 (KHTML, like Gecko; compatible; GPTBot/1.3; +https://openai.com/gptbot)"
74.7.241.53 - - [14/Mar/2026:02:46:07 +0000] "GET /whsy.php?p=%2Fhome%2Flab2454c%2Finvest.westernclear.com%2Fwp-content%2Fplugins%2Fwp-user-frontend-pro%2Fincludes%2Flibs%2Finvoicr%2Freq%2Ffpdf HTTP/2.0" 200 820 "https://www.highnetrock.com.lab2454.com/whsy.php?p=%2Fhome%2Flab2454c%2Finvest.westernclear.com%2Fwp-content%2Fplugins%2Fwp-user-frontend-pro%2Fincludes%2Flibs%2Finvoicr%2Freq" "Mozilla/5.0 AppleWebKit/537.36 (KHTML, like Gecko; compatible; GPTBot/1.3; +https://openai.com/gptbot)"
74.7.228.9 - - [14/Mar/2026:02:46:08 +0000] "GET /robots.txt HTTP/2.0" 404 - "-" "Mozilla/5.0 (Macintosh; Intel Mac OS X 10_15_7) AppleWebKit/537.36 (KHTML, like Gecko) Chrome/131.0.0.0 Safari/537.36; compatible; OAI-SearchBot/1.3; robots.txt; +https://openai.com/searchbot"
74.7.242.11 - - [14/Mar/2026:02:46:07 +0000] "GET /whsy.php?e=oom_adj&p=%2Fproc%2F68 HTTP/2.0" 200 2003 "https://highnetrock.com.lab2454.com/whsy.php?p=%2Fproc%2F68" "Mozilla/5.0 AppleWebKit/537.36 (KHTML, like Gecko; compatible; GPTBot/1.3; +https://openai.com/gptbot)"
74.7.228.22 - - [14/Mar/2026:02:46:08 +0000] "GET /robots.txt HTTP/2.0" 404 - "-" "Mozilla/5.0 (Macintosh; Intel Mac OS X 10_15_7) AppleWebKit/537.36 (KHTML, like Gecko) Chrome/131.0.0.0 Safari/537.36; compatible; OAI-SearchBot/1.3; robots.txt; +https://openai.com/searchbot"
74.7.241.53 - - [14/Mar/2026:02:46:17 +0000] "GET /whsy.php?p=%2Fhome%2Flab2454c%2Ffinancial.datmont.com%2Fwp-content%2Fplugins%2Fwp-user-frontend-pro%2Fvendor%2Fsebastian%2Fdiff%2Ftests%2FOutput HTTP/2.0" 200 996 "https://www.highnetrock.com.lab2454.com/whsy.php?p=%2Fhome%2Flab2454c%2Ffinancial.datmont.com%2Fwp-content%2Fplugins%2Fwp-user-frontend-pro%2Fvendor%2Fsebastian%2Fdiff%2Ftests" "Mozilla/5.0 AppleWebKit/537.36 (KHTML, like Gecko; compatible; GPTBot/1.3; +https://openai.com/gptbot)"
74.7.242.11 - - [14/Mar/2026:02:46:17 +0000] "GET /whsy.php?e=oom_adj&p=%2Fproc%2F87 HTTP/2.0" 200 2003 "https://highnetrock.com.lab2454.com/whsy.php?p=%2Fproc%2F87" "Mozilla/5.0 AppleWebKit/537.36 (KHTML, like Gecko; compatible; GPTBot/1.3; +https://openai.com/gptbot)"
74.7.241.53 - - [14/Mar/2026:02:46:25 +0000] "GET /whsy.php?e=schedstat&p=%2Fproc%2F10771 HTTP/2.0" 200 912 "https://www.highnetrock.com.lab2454.com/whsy.php?p=%2Fproc%2F10771" "Mozilla/5.0 AppleWebKit/537.36 (KHTML, like Gecko; compatible; GPTBot/1.3; +https://openai.com/gptbot)"
74.7.241.53 - - [14/Mar/2026:02:46:32 +0000] "GET /whsy.php?e=sessionid&p=%2Fproc%2F10771 HTTP/2.0" 200 912 "https://www.highnetrock.com.lab2454.com/whsy.php?p=%2Fproc%2F10771" "Mozilla/5.0 AppleWebKit/537.36 (KHTML, like Gecko; compatible; GPTBot/1.3; +https://openai.com/gptbot)"
74.7.242.11 - - [14/Mar/2026:02:46:32 +0000] "GET /whsy.php?e=gid_map&p=%2Fproc%2F87 HTTP/2.0" 200 2020 "https://highnetrock.com.lab2454.com/whsy.php?p=%2Fproc%2F87" "Mozilla/5.0 AppleWebKit/537.36 (KHTML, like Gecko; compatible; GPTBot/1.3; +https://openai.com/gptbot)"
74.7.241.53 - - [14/Mar/2026:02:46:39 +0000] "GET /whsy.php?e=setgroups&p=%2Fproc%2F10771 HTTP/2.0" 200 912 "https://www.highnetrock.com.lab2454.com/whsy.php?p=%2Fproc%2F10771" "Mozilla/5.0 AppleWebKit/537.36 (KHTML, like Gecko; compatible; GPTBot/1.3; +https://openai.com/gptbot)"
74.7.242.11 - - [14/Mar/2026:02:46:40 +0000] "GET /whsy.php?e=oom_adj&p=%2Fproc%2F39 HTTP/2.0" 200 2003 "https://highnetrock.com.lab2454.com/whsy.php?p=%2Fproc%2F39" "Mozilla/5.0 AppleWebKit/537.36 (KHTML, like Gecko; compatible; GPTBot/1.3; +https://openai.com/gptbot)"
74.7.241.53 - - [14/Mar/2026:02:46:47 +0000] "GET /whsy.php?e=schedstat&p=%2Fproc%2F10772 HTTP/2.0" 200 912 "https://www.highnetrock.com.lab2454.com/whsy.php?p=%2Fproc%2F10772" "Mozilla/5.0 AppleWebKit/537.36 (KHTML, like Gecko; compatible; GPTBot/1.3; +https://openai.com/gptbot)"
74.7.242.11 - - [14/Mar/2026:02:46:47 +0000] "GET /whsy.php?e=gid_map&p=%2Fproc%2F96 HTTP/2.0" 200 2020 "https://highnetrock.com.lab2454.com/whsy.php?p=%2Fproc%2F96" "Mozilla/5.0 AppleWebKit/537.36 (KHTML, like Gecko; compatible; GPTBot/1.3; +https://openai.com/gptbot)"
74.7.241.53 - - [14/Mar/2026:02:46:54 +0000] "GET /whsy.php?e=schedstat&p=%2Fproc%2F14125 HTTP/2.0" 200 912 "https://www.highnetrock.com.lab2454.com/whsy.php?p=%2Fproc%2F14125" "Mozilla/5.0 AppleWebKit/537.36 (KHTML, like Gecko; compatible; GPTBot/1.3; +https://openai.com/gptbot)"
74.7.242.11 - - [14/Mar/2026:02:46:54 +0000] "GET /whsy.php?e=gid_map&p=%2Fproc%2F39 HTTP/2.0" 200 2020 "https://highnetrock.com.lab2454.com/whsy.php?p=%2Fproc%2F39" "Mozilla/5.0 AppleWebKit/537.36 (KHTML, like Gecko; compatible; GPTBot/1.3; +https://openai.com/gptbot)"
74.7.241.53 - - [14/Mar/2026:02:47:02 +0000] "GET /whsy.php?p=%2Fusr%2Flib%2Fnode_modules%2Fnpm%2Fnode_modules%2Finit-package-json HTTP/2.0" 200 743 "https://www.highnetrock.com.lab2454.com/whsy.php?p=%2Fusr%2Flib%2Fnode_modules%2Fnpm%2Fnode_modules" "Mozilla/5.0 AppleWebKit/537.36 (KHTML, like Gecko; compatible; GPTBot/1.3; +https://openai.com/gptbot)"
74.7.241.53 - - [14/Mar/2026:02:47:10 +0000] "GET /whsy.php?e=lazy-helpers.js&p=%2Fopt%2Fbitninja-threat-hunting%2Fnode_modules%2Ftsyringe%2Fdist%2Fesm5 HTTP/2.0" 200 1696 "https://www.highnetrock.com.lab2454.com/whsy.php?p=%2Fopt%2Fbitninja-threat-hunting%2Fnode_modules%2Ftsyringe%2Fdist%2Fesm5" "Mozilla/5.0 AppleWebKit/537.36 (KHTML, like Gecko; compatible; GPTBot/1.3; +https://openai.com/gptbot)"
74.7.242.11 - - [14/Mar/2026:02:47:10 +0000] "GET /whsy.php?e=uid_map&p=%2Fproc%2F68 HTTP/2.0" 200 2016 "https://highnetrock.com.lab2454.com/whsy.php?p=%2Fproc%2F68" "Mozilla/5.0 AppleWebKit/537.36 (KHTML, like Gecko; compatible; GPTBot/1.3; +https://openai.com/gptbot)"
74.7.241.53 - - [14/Mar/2026:02:47:18 +0000] "GET /whsy.php?e=composer.json&p=%2Fhome%2Flab2454c%2Fvaultchip.com%2Fvendor%2Fdrewm%2Fmailchimp-api HTTP/2.0" 200 1192 "https://www.highnetrock.com.lab2454.com/whsy.php?p=%2Fhome%2Flab2454c%2Fvaultchip.com%2Fvendor%2Fdrewm%2Fmailchimp-api" "Mozilla/5.0 AppleWebKit/537.36 (KHTML, like Gecko; compatible; GPTBot/1.3; +https://openai.com/gptbot)"
74.7.241.53 - - [14/Mar/2026:02:47:26 +0000] "GET /whsy.php?e=composer.json&p=%2Fhome%2Flab2454c%2Fcrypto.keyreum.com%2Fvendor%2Fbotble%2Fsitemap HTTP/2.0" 200 1005 "https://www.highnetrock.com.lab2454.com/whsy.php?p=%2Fhome%2Flab2454c%2Fcrypto.keyreum.com%2Fvendor%2Fbotble%2Fsitemap" "Mozilla/5.0 AppleWebKit/537.36 (KHTML, like Gecko; compatible; GPTBot/1.3; +https://openai.com/gptbot)"
74.7.242.11 - - [14/Mar/2026:02:47:26 +0000] "GET /whsy.php?e=gid_map&p=%2Fproc%2F68 HTTP/2.0" 200 2020 "https://highnetrock.com.lab2454.com/whsy.php?p=%2Fproc%2F68" "Mozilla/5.0 AppleWebKit/537.36 (KHTML, like Gecko; compatible; GPTBot/1.3; +https://openai.com/gptbot)"
74.7.241.53 - - [14/Mar/2026:02:47:34 +0000] "GET /whsy.php?e=_htaccess&p=%2Fvar%2Fsoftaculous%2Fdrupal89 HTTP/2.0" 200 1534 "https://www.highnetrock.com.lab2454.com/whsy.php?e=md5&p=%2Fvar%2Fsoftaculous%2Fdrupal89" "Mozilla/5.0 AppleWebKit/537.36 (KHTML, like Gecko; compatible; GPTBot/1.3; +https://openai.com/gptbot)"
74.7.242.11 - - [14/Mar/2026:02:47:41 +0000] "GET /whsy.php?e=oom_adj&p=%2Fproc%2F96 HTTP/2.0" 200 2003 "https://highnetrock.com.lab2454.com/whsy.php?p=%2Fproc%2F96" "Mozilla/5.0 AppleWebKit/537.36 (KHTML, like Gecko; compatible; GPTBot/1.3; +https://openai.com/gptbot)"
74.7.241.53 - - [14/Mar/2026:02:47:41 +0000] "GET /whsy.php?e=notes.txt&p=%2Fvar%2Fsoftaculous%2Fpresta14 HTTP/2.0" 200 1337 "https://www.highnetrock.com.lab2454.com/whsy.php?p=%2Fvar%2Fsoftaculous%2Fpresta14%2Fphp53%2F.." "Mozilla/5.0 AppleWebKit/537.36 (KHTML, like Gecko; compatible; GPTBot/1.3; +https://openai.com/gptbot)"
74.7.242.11 - - [14/Mar/2026:02:47:48 +0000] "GET /whsy.php?e=oom_adj&p=%2Fproc%2F97 HTTP/2.0" 200 2003 "https://highnetrock.com.lab2454.com/whsy.php?p=%2Fproc%2F97" "Mozilla/5.0 AppleWebKit/537.36 (KHTML, like Gecko; compatible; GPTBot/1.3; +https://openai.com/gptbot)"
74.7.241.53 - - [14/Mar/2026:02:47:49 +0000] "GET /whsy.php?e=usersize&p=%2Fsys%2Fkernel%2Fslab%2FMPTCPv6 HTTP/2.0" 200 1521 "https://www.highnetrock.com.lab2454.com/whsy.php?e=cpu_partial&p=%2Fsys%2Fkernel%2Fslab%2FMPTCPv6" "Mozilla/5.0 AppleWebKit/537.36 (KHTML, like Gecko; compatible; GPTBot/1.3; +https://openai.com/gptbot)"
74.7.242.11 - - [14/Mar/2026:02:47:56 +0000] "GET /whsy.php?e=numa_maps&p=%2Fproc%2F39 HTTP/2.0" 200 2006 "https://highnetrock.com.lab2454.com/whsy.php?p=%2Fproc%2F39" "Mozilla/5.0 AppleWebKit/537.36 (KHTML, like Gecko; compatible; GPTBot/1.3; +https://openai.com/gptbot)"
74.7.241.53 - - [14/Mar/2026:02:47:56 +0000] "GET /whsy.php?e=usersize&p=%2Fsys%2Fkernel%2Fslab%2FSCTPv6 HTTP/2.0" 200 1519 "https://www.highnetrock.com.lab2454.com/whsy.php?e=min_partial&p=%2Fsys%2Fkernel%2Fslab%2FSCTPv6" "Mozilla/5.0 AppleWebKit/537.36 (KHTML, like Gecko; compatible; GPTBot/1.3; +https://openai.com/gptbot)"
74.7.241.53 - - [14/Mar/2026:02:48:04 +0000] "GET /whsy.php?e=.htaccess&p=%2Fvar%2Fsoftaculous%2Fdrupal10 HTTP/2.0" 200 1672 "https://www.highnetrock.com.lab2454.com/whsy.php?e=md5&p=%2Fvar%2Fsoftaculous%2Fdrupal10" "Mozilla/5.0 AppleWebKit/537.36 (KHTML, like Gecko; compatible; GPTBot/1.3; +https://openai.com/gptbot)"
74.7.242.11 - - [14/Mar/2026:02:48:11 +0000] "GET /whsy.php?e=numa_maps&p=%2Fproc%2F68 HTTP/2.0" 200 2006 "https://highnetrock.com.lab2454.com/whsy.php?p=%2Fproc%2F68" "Mozilla/5.0 AppleWebKit/537.36 (KHTML, like Gecko; compatible; GPTBot/1.3; +https://openai.com/gptbot)"
74.7.241.53 - - [14/Mar/2026:02:48:12 +0000] "GET /whsy.php?e=notes.txt&p=%2Fvar%2Fsoftaculous%2Fpresta17 HTTP/2.0" 200 3063 "https://www.highnetrock.com.lab2454.com/whsy.php?p=%2Fvar%2Fsoftaculous%2Fpresta17%2Fphp56%2F.." "Mozilla/5.0 AppleWebKit/537.36 (KHTML, like Gecko; compatible; GPTBot/1.3; +https://openai.com/gptbot)"
74.7.241.53 - - [14/Mar/2026:02:48:20 +0000] "GET /whsy.php?e=.htaccess&p=%2Fvar%2Fsoftaculous%2Fwhmcs813 HTTP/2.0" 200 1787 "https://www.highnetrock.com.lab2454.com/whsy.php?p=%2Fvar%2Fsoftaculous%2Fwhmcs813" "Mozilla/5.0 AppleWebKit/537.36 (KHTML, like Gecko; compatible; GPTBot/1.3; +https://openai.com/gptbot)"
74.7.241.53 - - [14/Mar/2026:02:48:29 +0000] "GET /whsy.php?e=.htaccess&p=%2Fvar%2Fsoftaculous%2Fdrupal89 HTTP/2.0" 200 1614 "https://www.highnetrock.com.lab2454.com/whsy.php?e=md5&p=%2Fvar%2Fsoftaculous%2Fdrupal89" "Mozilla/5.0 AppleWebKit/537.36 (KHTML, like Gecko; compatible; GPTBot/1.3; +https://openai.com/gptbot)"
74.7.242.11 - - [14/Mar/2026:02:48:37 +0000] "GET /whsy.php?e=numa_maps&p=%2Fproc%2F61 HTTP/2.0" 200 2006 "https://highnetrock.com.lab2454.com/whsy.php?p=%2Fproc%2F61" "Mozilla/5.0 AppleWebKit/537.36 (KHTML, like Gecko; compatible; GPTBot/1.3; +https://openai.com/gptbot)"
74.7.241.53 - - [14/Mar/2026:02:48:38 +0000] "GET /whsy.php?e=_htaccess&p=%2Fvar%2Fsoftaculous%2Fdrupal10 HTTP/2.0" 200 1590 "https://www.highnetrock.com.lab2454.com/whsy.php?e=md5&p=%2Fvar%2Fsoftaculous%2Fdrupal10" "Mozilla/5.0 AppleWebKit/537.36 (KHTML, like Gecko; compatible; GPTBot/1.3; +https://openai.com/gptbot)"
74.7.242.11 - - [14/Mar/2026:02:48:46 +0000] "GET /whsy.php?e=numa_maps&p=%2Fproc%2F96 HTTP/2.0" 200 2006 "https://highnetrock.com.lab2454.com/whsy.php?p=%2Fproc%2F96" "Mozilla/5.0 AppleWebKit/537.36 (KHTML, like Gecko; compatible; GPTBot/1.3; +https://openai.com/gptbot)"
74.7.241.53 - - [14/Mar/2026:02:48:46 +0000] "GET /whsy.php?e=html-entities.min.js&p=%2Fhome%2Flab2454c%2Fsothebankuab.com%2Fwp-includes%2Fjs%2Fdist HTTP/2.0" 200 4167 "https://www.highnetrock.com.lab2454.com/whsy.php?p=%2Fhome%2Flab2454c%2Fsothebankuab.com%2Fwp-includes%2Fjs%2Fdist" "Mozilla/5.0 AppleWebKit/537.36 (KHTML, like Gecko; compatible; GPTBot/1.3; +https://openai.com/gptbot)"
74.7.242.11 - - [14/Mar/2026:02:48:55 +0000] "GET /whsy.php?e=numa_maps&p=%2Fproc%2F87 HTTP/2.0" 200 2007 "https://highnetrock.com.lab2454.com/whsy.php?p=%2Fproc%2F87" "Mozilla/5.0 AppleWebKit/537.36 (KHTML, like Gecko; compatible; GPTBot/1.3; +https://openai.com/gptbot)"
74.7.241.53 - - [14/Mar/2026:02:48:55 +0000] "GET /whsy.php?e=escape-html.min.js&p=%2Fhome%2Flab2454c%2Fchristianitybank.com%2Fwp-includes%2Fjs%2Fdist HTTP/2.0" 200 4888 "https://www.highnetrock.com.lab2454.com/whsy.php?p=%2Fhome%2Flab2454c%2Fchristianitybank.com%2Fwp-includes%2Fjs%2Fdist" "Mozilla/5.0 AppleWebKit/537.36 (KHTML, like Gecko; compatible; GPTBot/1.3; +https://openai.com/gptbot)"
74.7.241.53 - - [14/Mar/2026:02:49:04 +0000] "GET /whsy.php?e=html-entities.min.js&p=%2Fhome%2Flab2454c%2Fbullionmills.com%2Fwp-includes%2Fjs%2Fdist HTTP/2.0" 200 4270 "https://www.highnetrock.com.lab2454.com/whsy.php?e=escape-html.js&p=%2Fhome%2Flab2454c%2Fbullionmills.com%2Fwp-includes%2Fjs%2Fdist" "Mozilla/5.0 AppleWebKit/537.36 (KHTML, like Gecko; compatible; GPTBot/1.3; +https://openai.com/gptbot)"
74.7.242.11 - - [14/Mar/2026:02:49:11 +0000] "GET /whsy.php?e=numa_maps&p=%2Fproc%2F97 HTTP/2.0" 200 2006 "https://highnetrock.com.lab2454.com/whsy.php?p=%2Fproc%2F97" "Mozilla/5.0 AppleWebKit/537.36 (KHTML, like Gecko; compatible; GPTBot/1.3; +https://openai.com/gptbot)"
74.7.241.53 - - [14/Mar/2026:02:49:11 +0000] "GET /whsy.php?e=html-entities.min.js&p=%2Fhome%2Flab2454c%2Fbullionmils.com%2Fwp-includes%2Fjs%2Fdist HTTP/2.0" 200 4782 "https://www.highnetrock.com.lab2454.com/whsy.php?p=%2Fhome%2Flab2454c%2Fbullionmils.com%2Fwp-includes%2Fjs%2Fdist" "Mozilla/5.0 AppleWebKit/537.36 (KHTML, like Gecko; compatible; GPTBot/1.3; +https://openai.com/gptbot)"
74.7.242.11 - - [14/Mar/2026:02:49:18 +0000] "GET /whsy.php?e=ksm_merging_pages&p=%2Fproc%2F87 HTTP/2.0" 200 1934 "https://highnetrock.com.lab2454.com/whsy.php?p=%2Fproc%2F87" "Mozilla/5.0 AppleWebKit/537.36 (KHTML, like Gecko; compatible; GPTBot/1.3; +https://openai.com/gptbot)"
74.7.241.53 - - [14/Mar/2026:02:49:19 +0000] "GET /whsy.php?e=style.css&p=%2Fhome%2Flab2454c%2Fisaaclondston.com%2Fwp-includes%2Fcss%2Fdist%2Fcomponents HTTP/2.0" 200 13488 "https://www.highnetrock.com.lab2454.com/whsy.php?e=style-rtl.css&p=%2Fhome%2Flab2454c%2Fisaaclondston.com%2Fwp-includes%2Fcss%2Fdist%2Fcomponents" "Mozilla/5.0 AppleWebKit/537.36 (KHTML, like Gecko; compatible; GPTBot/1.3; +https://openai.com/gptbot)"
74.7.241.53 - - [14/Mar/2026:02:49:26 +0000] "GET /whsy.php?e=.gitignore&p=%2Fhome%2Flab2454c%2Fhealthvalidate.com%2Fstorage%2Flogs HTTP/2.0" 200 788 "https://www.highnetrock.com.lab2454.com/whsy.php?p=%2Fhome%2Flab2454c%2Fhealthvalidate.com%2Fstorage%2Flogs" "Mozilla/5.0 AppleWebKit/537.36 (KHTML, like Gecko; compatible; GPTBot/1.3; +https://openai.com/gptbot)"
74.7.242.11 - - [14/Mar/2026:02:49:33 +0000] "GET /whsy.php?e=ksm_merging_pages&p=%2Fproc%2F68 HTTP/2.0" 200 1933 "https://highnetrock.com.lab2454.com/whsy.php?p=%2Fproc%2F68" "Mozilla/5.0 AppleWebKit/537.36 (KHTML, like Gecko; compatible; GPTBot/1.3; +https://openai.com/gptbot)"
74.7.241.53 - - [14/Mar/2026:02:49:33 +0000] "GET /whsy.php?p=%2Fhome%2Flab2454c%2Fmact34.com%2Fwp-content%2Fplugins%2Fwpforms%2Fsrc%2FPro%2FSmartTags%2F.. HTTP/2.0" 200 797 "https://www.highnetrock.com.lab2454.com/whsy.php?p=%2Fhome%2Flab2454c%2Fmact34.com%2Fwp-content%2Fplugins%2Fwpforms%2Fsrc%2FPro%2FSmartTags" "Mozilla/5.0 AppleWebKit/537.36 (KHTML, like Gecko; compatible; GPTBot/1.3; +https://openai.com/gptbot)"
74.7.241.53 - - [14/Mar/2026:02:49:41 +0000] "GET /whsy.php?p=%2Fhome%2Flab2454c%2Fmact34.com%2Fwp-content%2Fplugins%2Fwpforms%2Fsrc%2FAdmin%2FBuilder%2F.. HTTP/2.0" 200 1040 "https://www.highnetrock.com.lab2454.com/whsy.php?e=Help.php&p=%2Fhome%2Flab2454c%2Fmact34.com%2Fwp-content%2Fplugins%2Fwpforms%2Fsrc%2FAdmin%2FBuilder" "Mozilla/5.0 AppleWebKit/537.36 (KHTML, like Gecko; compatible; GPTBot/1.3; +https://openai.com/gptbot)"
74.7.241.53 - - [14/Mar/2026:02:49:49 +0000] "GET /whsy.php?p=%2Fhome%2Flab2454c%2Fmact34.com%2Fwp-content%2Fplugins%2Fwpforms%2Fsrc%2FAdmin%2FEducation%2F.. HTTP/2.0" 200 1040 "https://www.highnetrock.com.lab2454.com/whsy.php?p=%2Fhome%2Flab2454c%2Fmact34.com%2Fwp-content%2Fplugins%2Fwpforms%2Fsrc%2FAdmin%2FEducation" "Mozilla/5.0 AppleWebKit/537.36 (KHTML, like Gecko; compatible; GPTBot/1.3; +https://openai.com/gptbot)"
74.7.242.11 - - [14/Mar/2026:02:49:56 +0000] "GET /whsy.php?e=coredump_filter&p=%2Fproc%2F68 HTTP/2.0" 200 1999 "https://highnetrock.com.lab2454.com/whsy.php?p=%2Fproc%2F68" "Mozilla/5.0 AppleWebKit/537.36 (KHTML, like Gecko; compatible; GPTBot/1.3; +https://openai.com/gptbot)"
74.7.241.53 - - [14/Mar/2026:02:49:56 +0000] "GET /whsy.php?p=%2Fhome%2Flab2454c%2Fmact34.com%2Fwp-content%2Fplugins%2Fwpforms%2Fsrc%2FTasks%2FActions%2F.. HTTP/2.0" 200 795 "https://www.highnetrock.com.lab2454.com/whsy.php?p=%2Fhome%2Flab2454c%2Fmact34.com%2Fwp-content%2Fplugins%2Fwpforms%2Fsrc%2FTasks%2FActions" "Mozilla/5.0 AppleWebKit/537.36 (KHTML, like Gecko; compatible; GPTBot/1.3; +https://openai.com/gptbot)"
74.7.242.11 - - [14/Mar/2026:02:50:03 +0000] "GET /whsy.php?e=ksm_merging_pages&p=%2Fproc%2F96 HTTP/2.0" 200 1933 "https://highnetrock.com.lab2454.com/whsy.php?p=%2Fproc%2F96" "Mozilla/5.0 AppleWebKit/537.36 (KHTML, like Gecko; compatible; GPTBot/1.3; +https://openai.com/gptbot)"
74.7.241.53 - - [14/Mar/2026:02:50:04 +0000] "GET /whsy.php?e=class.snaplib.u.ui.php&p=%2Fhome%2Flab2454c%2Fsothebankuab.com%2Fdup-installer%2Flib%2Fsnaplib HTTP/2.0" 200 1773 "https://www.highnetrock.com.lab2454.com/whsy.php?e=class.snaplib.u.os.php&p=%2Fhome%2Flab2454c%2Fsothebankuab.com%2Fdup-installer%2Flib%2Fsnaplib" "Mozilla/5.0 AppleWebKit/537.36 (KHTML, like Gecko; compatible; GPTBot/1.3; +https://openai.com/gptbot)"
74.7.242.11 - - [14/Mar/2026:02:50:11 +0000] "GET /whsy.php?e=coredump_filter&p=%2Fproc%2F96 HTTP/2.0" 200 1999 "https://highnetrock.com.lab2454.com/whsy.php?p=%2Fproc%2F96" "Mozilla/5.0 AppleWebKit/537.36 (KHTML, like Gecko; compatible; GPTBot/1.3; +https://openai.com/gptbot)"
74.7.241.53 - - [14/Mar/2026:02:50:11 +0000] "GET /whsy.php?e=class.snaplib.u.io.php&p=%2Fhome%2Flab2454c%2Fsothebankuab.com%2Fdup-installer%2Flib%2Fsnaplib HTTP/2.0" 200 10814 "https://www.highnetrock.com.lab2454.com/whsy.php?e=class.snaplib.u.os.php&p=%2Fhome%2Flab2454c%2Fsothebankuab.com%2Fdup-installer%2Flib%2Fsnaplib" "Mozilla/5.0 AppleWebKit/537.36 (KHTML, like Gecko; compatible; GPTBot/1.3; +https://openai.com/gptbot)"
74.7.242.11 - - [14/Mar/2026:02:50:18 +0000] "GET /whsy.php?e=ksm_merging_pages&p=%2Fproc%2F97 HTTP/2.0" 200 1933 "https://highnetrock.com.lab2454.com/whsy.php?p=%2Fproc%2F97" "Mozilla/5.0 AppleWebKit/537.36 (KHTML, like Gecko; compatible; GPTBot/1.3; +https://openai.com/gptbot)"
74.7.241.53 - - [14/Mar/2026:02:50:19 +0000] "GET /whsy.php?e=class.snaplib.u.db.php&p=%2Fhome%2Flab2454c%2Fsothebankuab.com%2Fdup-installer%2Flib%2Fsnaplib HTTP/2.0" 200 3649 "https://www.highnetrock.com.lab2454.com/whsy.php?e=class.snaplib.u.os.php&p=%2Fhome%2Flab2454c%2Fsothebankuab.com%2Fdup-installer%2Flib%2Fsnaplib" "Mozilla/5.0 AppleWebKit/537.36 (KHTML, like Gecko; compatible; GPTBot/1.3; +https://openai.com/gptbot)"
74.7.241.53 - - [14/Mar/2026:02:50:27 +0000] "GET /whsy.php?p=%2Fhome%2Flab2454c%2Fvaultchip.com%2Fvendor%2Fsabberworm%2Fphp-css-parser%2Flib%2FSabberworm%2F.. HTTP/2.0" 200 559 "https://www.highnetrock.com.lab2454.com/whsy.php?p=%2Fhome%2Flab2454c%2Fvaultchip.com%2Fvendor%2Fsabberworm%2Fphp-css-parser%2Flib%2FSabberworm" "Mozilla/5.0 AppleWebKit/537.36 (KHTML, like Gecko; compatible; GPTBot/1.3; +https://openai.com/gptbot)"
74.7.242.11 - - [14/Mar/2026:02:50:33 +0000] "GET /whsy.php?e=ksm_merging_pages&p=%2Fproc%2F61 HTTP/2.0" 200 1932 "https://highnetrock.com.lab2454.com/whsy.php?p=%2Fproc%2F61" "Mozilla/5.0 AppleWebKit/537.36 (KHTML, like Gecko; compatible; GPTBot/1.3; +https://openai.com/gptbot)"
74.7.241.53 - - [14/Mar/2026:02:50:34 +0000] "GET /whsy.php?e=private-apis.js&p=%2Fhome%2Flab2454c%2Fbullionmils.com%2Fwp-includes%2Fjs%2Fdist HTTP/2.0" 200 7094 "https://www.highnetrock.com.lab2454.com/whsy.php?e=html-entities.min.js&p=%2Fhome%2Flab2454c%2Fbullionmils.com%2Fwp-includes%2Fjs%2Fdist" "Mozilla/5.0 AppleWebKit/537.36 (KHTML, like Gecko; compatible; GPTBot/1.3; +https://openai.com/gptbot)"
74.7.242.11 - - [14/Mar/2026:02:50:40 +0000] "GET /whsy.php?e=coredump_filter&p=%2Fproc%2F97 HTTP/2.0" 200 2000 "https://highnetrock.com.lab2454.com/whsy.php?p=%2Fproc%2F97" "Mozilla/5.0 AppleWebKit/537.36 (KHTML, like Gecko; compatible; GPTBot/1.3; +https://openai.com/gptbot)"
74.7.241.53 - - [14/Mar/2026:02:50:41 +0000] "GET /whsy.php?p=%2Fhome%2Flab2454c%2Ftripvare.com%2Fvendor%2Fsabberworm%2Fphp-css-parser%2Flib%2FSabberworm%2FCSS%2FRule%2F.. HTTP/2.0" 200 930 "https://www.highnetrock.com.lab2454.com/whsy.php?p=%2Fhome%2Flab2454c%2Ftripvare.com%2Fvendor%2Fsabberworm%2Fphp-css-parser%2Flib%2FSabberworm%2FCSS%2FRule" "Mozilla/5.0 AppleWebKit/537.36 (KHTML, like Gecko; compatible; GPTBot/1.3; +https://openai.com/gptbot)"
74.7.242.11 - - [14/Mar/2026:02:50:48 +0000] "GET /whsy.php?e=coredump_filter&p=%2Fproc%2F87 HTTP/2.0" 200 2000 "https://highnetrock.com.lab2454.com/whsy.php?p=%2Fproc%2F87" "Mozilla/5.0 AppleWebKit/537.36 (KHTML, like Gecko; compatible; GPTBot/1.3; +https://openai.com/gptbot)"
74.7.241.53 - - [14/Mar/2026:02:50:49 +0000] "GET /whsy.php?e=class-ur-user-approval.php&p=%2Fhome%2Flab2454c%2Fcarbonbullion.com%2Fwp-content%2Fplugins%2Fuser-registration%2Fincludes HTTP/2.0" 200 5976 "https://www.highnetrock.com.lab2454.com/whsy.php?e=class-ur-install.php&p=%2Fhome%2Flab2454c%2Fcarbonbullion.com%2Fwp-content%2Fplugins%2Fuser-registration%2Fincludes" "Mozilla/5.0 AppleWebKit/537.36 (KHTML, like Gecko; compatible; GPTBot/1.3; +https://openai.com/gptbot)"
74.7.242.11 - - [14/Mar/2026:02:50:57 +0000] "GET /whsy.php?e=ksm_merging_pages&p=%2Fproc%2F39 HTTP/2.0" 200 1933 "https://highnetrock.com.lab2454.com/whsy.php?p=%2Fproc%2F39" "Mozilla/5.0 AppleWebKit/537.36 (KHTML, like Gecko; compatible; GPTBot/1.3; +https://openai.com/gptbot)"
74.7.241.53 - - [14/Mar/2026:02:50:58 +0000] "GET /whsy.php?e=registration-form.php&p=%2Fhome%2Flab2454c%2Finvest.westernclear.com%2Fwp-content%2Fplugins%2Fwp-user-frontend%2Ftemplates HTTP/2.0" 200 2144 "https://www.highnetrock.com.lab2454.com/whsy.php?p=%2Fhome%2Flab2454c%2Finvest.westernclear.com%2Fwp-content%2Fplugins%2Fwp-user-frontend%2Ftemplates%2Fdashboard%2F.." "Mozilla/5.0 AppleWebKit/537.36 (KHTML, like Gecko; compatible; GPTBot/1.3; +https://openai.com/gptbot)"
74.7.242.11 - - [14/Mar/2026:02:51:07 +0000] "GET /whsy.php?e=coredump_filter&p=%2Fproc%2F61 HTTP/2.0" 200 1999 "https://highnetrock.com.lab2454.com/whsy.php?p=%2Fproc%2F61" "Mozilla/5.0 AppleWebKit/537.36 (KHTML, like Gecko; compatible; GPTBot/1.3; +https://openai.com/gptbot)"
74.7.241.53 - - [14/Mar/2026:02:51:07 +0000] "GET /whsy.php?e=cache_dma&p=%2Fsys%2Fkernel%2Fslab%2Ftracefs_inode_cache HTTP/2.0" 200 1522 "https://www.highnetrock.com.lab2454.com/whsy.php?e=align&p=%2Fsys%2Fkernel%2Fslab%2Ftracefs_inode_cache" "Mozilla/5.0 AppleWebKit/537.36 (KHTML, like Gecko; compatible; GPTBot/1.3; +https://openai.com/gptbot)"
74.7.228.9 - - [14/Mar/2026:02:51:08 +0000] "GET /robots.txt HTTP/2.0" 404 - "-" "Mozilla/5.0 (Macintosh; Intel Mac OS X 10_15_7) AppleWebKit/537.36 (KHTML, like Gecko) Chrome/131.0.0.0 Safari/537.36; compatible; OAI-SearchBot/1.3; robots.txt; +https://openai.com/searchbot"
74.7.228.22 - - [14/Mar/2026:02:51:16 +0000] "GET /robots.txt HTTP/2.0" 404 - "-" "Mozilla/5.0 (Macintosh; Intel Mac OS X 10_15_7) AppleWebKit/537.36 (KHTML, like Gecko) Chrome/131.0.0.0 Safari/537.36; compatible; OAI-SearchBot/1.3; robots.txt; +https://openai.com/searchbot"
74.7.241.53 - - [14/Mar/2026:02:51:17 +0000] "GET /whsy.php?e=cache_dma&p=%2Fsys%2Fkernel%2Fslab%2Fisofs_inode_cache HTTP/2.0" 200 1520 "https://www.highnetrock.com.lab2454.com/whsy.php?e=partial&p=%2Fsys%2Fkernel%2Fslab%2Fisofs_inode_cache" "Mozilla/5.0 AppleWebKit/537.36 (KHTML, like Gecko; compatible; GPTBot/1.3; +https://openai.com/gptbot)"
74.7.241.53 - - [14/Mar/2026:02:51:26 +0000] "GET /whsy.php?e=FUA&p=%2Fsys%2Fdevices%2Fpci0000%3A00%2F0000%3A00%3A02.0%2Fvirtio0%2Fhost0%2Ftarget0%3A0%3A0%2F0%3A0%3A0%3A0%2Fscsi_disk%2F0%3A0%3A0%3A0 HTTP/2.0" 200 1423 "https://www.highnetrock.com.lab2454.com/whsy.php?p=%2Fsys%2Fdevices%2Fpci0000%3A00%2F0000%3A00%3A02.0%2Fvirtio0%2Fhost0%2Ftarget0%3A0%3A0%2F0%3A0%3A0%3A0%2Fscsi_disk%2F0%3A0%3A0%3A0" "Mozilla/5.0 AppleWebKit/537.36 (KHTML, like Gecko; compatible; GPTBot/1.3; +https://openai.com/gptbot)"
74.7.242.11 - - [14/Mar/2026:02:51:33 +0000] "GET /whsy.php?e=coredump_filter&p=%2Fproc%2F39 HTTP/2.0" 200 1999 "https://highnetrock.com.lab2454.com/whsy.php?p=%2Fproc%2F39" "Mozilla/5.0 AppleWebKit/537.36 (KHTML, like Gecko; compatible; GPTBot/1.3; +https://openai.com/gptbot)"
74.7.241.53 - - [14/Mar/2026:02:51:34 +0000] "GET /whsy.php?e=uevent&p=%2Fsys%2Fdevices%2Fpci0000%3A00%2F0000%3A00%3A02.0%2Fvirtio0%2Fhost0%2Ftarget0%3A0%3A0%2F0%3A0%3A0%3A0%2Fscsi_disk%2F0%3A0%3A0%3A0 HTTP/2.0" 200 1420 "https://www.highnetrock.com.lab2454.com/whsy.php?p=%2Fsys%2Fdevices%2Fpci0000%3A00%2F0000%3A00%3A02.0%2Fvirtio0%2Fhost0%2Ftarget0%3A0%3A0%2F0%3A0%3A0%3A0%2Fscsi_disk%2F0%3A0%3A0%3A0" "Mozilla/5.0 AppleWebKit/537.36 (KHTML, like Gecko; compatible; GPTBot/1.3; +https://openai.com/gptbot)"
74.7.241.53 - - [14/Mar/2026:02:51:42 +0000] "GET /whsy.php?e=cache_type&p=%2Fsys%2Fdevices%2Fpci0000%3A00%2F0000%3A00%3A02.0%2Fvirtio0%2Fhost0%2Ftarget0%3A0%3A0%2F0%3A0%3A0%3A0%2Fscsi_disk%2F0%3A0%3A0%3A0 HTTP/2.0" 200 1425 "https://www.highnetrock.com.lab2454.com/whsy.php?p=%2Fsys%2Fdevices%2Fpci0000%3A00%2F0000%3A00%3A02.0%2Fvirtio0%2Fhost0%2Ftarget0%3A0%3A0%2F0%3A0%3A0%3A0%2Fscsi_disk%2F0%3A0%3A0%3A0" "Mozilla/5.0 AppleWebKit/537.36 (KHTML, like Gecko; compatible; GPTBot/1.3; +https://openai.com/gptbot)"
74.7.241.53 - - [14/Mar/2026:02:51:50 +0000] "GET /whsy.php?e=control&p=%2Fsys%2Fdevices%2Fpci0000%3A00%2F0000%3A00%3A02.0%2Fvirtio0%2Fhost0%2Ftarget0%3A0%3A0%2F0%3A0%3A0%3A0%2Fbsg%2F0%3A0%3A0%3A0%2Fpower HTTP/2.0" 200 973 "https://www.highnetrock.com.lab2454.com/whsy.php?p=%2Fsys%2Fdevices%2Fpci0000%3A00%2F0000%3A00%3A02.0%2Fvirtio0%2Fhost0%2Ftarget0%3A0%3A0%2F0%3A0%3A0%3A0%2Fbsg%2F0%3A0%3A0%3A0%2Fpower" "Mozilla/5.0 AppleWebKit/537.36 (KHTML, like Gecko; compatible; GPTBot/1.3; +https://openai.com/gptbot)"
74.7.241.53 - - [14/Mar/2026:02:51:58 +0000] "GET /whsy.php?e=uevent&p=%2Fsys%2Fdevices%2Fpci0000%3A00%2F0000%3A00%3A02.0%2Fvirtio0%2Fhost0%2Ftarget0%3A0%3A0%2F0%3A0%3A0%3A0%2Fscsi_device%2F0%3A0%3A0%3A0 HTTP/2.0" 200 842 "https://www.highnetrock.com.lab2454.com/whsy.php?p=%2Fsys%2Fclass%2Fscsi_device%2F0%3A0%3A0%3A0" "Mozilla/5.0 AppleWebKit/537.36 (KHTML, like Gecko; compatible; GPTBot/1.3; +https://openai.com/gptbot)"
74.7.241.53 - - [14/Mar/2026:02:52:06 +0000] "GET /whsy.php?e=fa-regular-400.woff2&p=%2Fhome%2Flab2454c%2Fcrypto.keyreum.com%2Fpublic%2Fthemes%2Fwowy%2Ffonts%2Fawesome HTTP/2.0" 200 1540 "https://www.highnetrock.com.lab2454.com/whsy.php?e=fa-light-300.woff2&p=%2Fhome%2Flab2454c%2Fcrypto.keyreum.com%2Fpublic%2Fthemes%2Fwowy%2Ffonts%2Fawesome" "Mozilla/5.0 AppleWebKit/537.36 (KHTML, like Gecko; compatible; GPTBot/1.3; +https://openai.com/gptbot)"
74.7.241.53 - - [14/Mar/2026:02:52:16 +0000] "GET /whsy.php?e=fa-duotone-900.woff2&p=%2Fhome%2Flab2454c%2Fcrypto.keyreum.com%2Fpublic%2Fthemes%2Fwowy%2Ffonts%2Fawesome HTTP/2.0" 200 1544 "https://www.highnetrock.com.lab2454.com/whsy.php?e=fa-light-300.woff2&p=%2Fhome%2Flab2454c%2Fcrypto.keyreum.com%2Fpublic%2Fthemes%2Fwowy%2Ffonts%2Fawesome" "Mozilla/5.0 AppleWebKit/537.36 (KHTML, like Gecko; compatible; GPTBot/1.3; +https://openai.com/gptbot)"
74.7.241.53 - - [14/Mar/2026:02:52:25 +0000] "GET /whsy.php?p=%2Fhome%2Flab2454c%2Fargowells.com%2Fwp-content%2Fplugins%2Felementskit-lite%2Fcompatibility%2Felement-manager HTTP/2.0" 200 749 "https://www.highnetrock.com.lab2454.com/whsy.php?p=%2Fhome%2Flab2454c%2Fargowells.com%2Fwp-content%2Fplugins%2Felementskit-lite%2Fcompatibility" "Mozilla/5.0 AppleWebKit/537.36 (KHTML, like Gecko; compatible; GPTBot/1.3; +https://openai.com/gptbot)"
74.7.241.53 - - [14/Mar/2026:02:52:33 +0000] "GET /whsy.php?e=ClassCommentStandard.xml&p=%2Fhome%2Flab2454c%2Farchfort.com%2Fwp-content%2Fplugins%2Fwp-user-frontend-pro%2Fvendor%2Fsquizlabs%2Fphp_codesniffer%2Fsrc%2FStandards%2FPEAR%2FDocs%2FCommenting HTTP/2.0" 200 1562 "https://www.highnetrock.com.lab2454.com/whsy.php?p=%2Fhome%2Flab2454c%2Farchfort.com%2Fwp-content%2Fplugins%2Fwp-user-frontend-pro%2Fvendor%2Fsquizlabs%2Fphp_codesniffer%2Fsrc%2FStandards%2FPEAR%2FDocs%2FCommenting" "Mozilla/5.0 AppleWebKit/537.36 (KHTML, like Gecko; compatible; GPTBot/1.3; +https://openai.com/gptbot)"
74.7.241.53 - - [14/Mar/2026:02:52:40 +0000] "GET /whsy.php?e=ValidDefaultValueStandard.xml&p=%2Fhome%2Flab2454c%2Farchfort.com%2Fwp-content%2Fplugins%2Fwp-user-frontend-pro%2Fvendor%2Fsquizlabs%2Fphp_codesniffer%2Fsrc%2FStandards%2FPEAR%2FDocs%2FFunctions HTTP/2.0" 200 1199 "https://www.highnetrock.com.lab2454.com/whsy.php?e=FunctionDeclarationStandard.xml&p=%2Fhome%2Flab2454c%2Farchfort.com%2Fwp-content%2Fplugins%2Fwp-user-frontend-pro%2Fvendor%2Fsquizlabs%2Fphp_codesniffer%2Fsrc%2FStandards%2FPEAR%2FDocs%2FFunctions" "Mozilla/5.0 AppleWebKit/537.36 (KHTML, like Gecko; compatible; GPTBot/1.3; +https://openai.com/gptbot)"
74.7.241.53 - - [14/Mar/2026:02:52:48 +0000] "GET /whsy.php?e=ScopeIndentStandard.xml&p=%2Fhome%2Flab2454c%2Farchfort.com%2Fwp-content%2Fplugins%2Fwp-user-frontend-pro%2Fvendor%2Fsquizlabs%2Fphp_codesniffer%2Fsrc%2FStandards%2FPEAR%2FDocs%2FWhiteSpace HTTP/2.0" 200 1256 "https://www.highnetrock.com.lab2454.com/whsy.php?p=%2Fhome%2Flab2454c%2Farchfort.com%2Fwp-content%2Fplugins%2Fwp-user-frontend-pro%2Fvendor%2Fsquizlabs%2Fphp_codesniffer%2Fsrc%2FStandards%2FPEAR%2FDocs%2FWhiteSpace" "Mozilla/5.0 AppleWebKit/537.36 (KHTML, like Gecko; compatible; GPTBot/1.3; +https://openai.com/gptbot)"
