74.7.243.203 - - [13/Mar/2026:21:06:17 +0000] "GET /whsy.php?e=completeOrNotFilter.blade.php&p=%2Fhome%2Flab2454c%2Fwesternclear.net%2Fresources%2Fviews%2Fadmin%2Fcommon HTTP/2.0" 200 1303 "https://www.highnetrock.com.lab2454.com/whsy.php?p=%2Fhome%2Flab2454c%2Fwesternclear.net%2Fresources%2Fviews%2Fadmin%2Fcommon" "Mozilla/5.0 AppleWebKit/537.36 (KHTML, like Gecko; compatible; GPTBot/1.3; +https://openai.com/gptbot)"
74.7.242.27 - - [13/Mar/2026:21:06:21 +0000] "GET /whsy.php?p=%2Fproc%2F15936%2Fcwd HTTP/2.0" 200 1003 "https://highnetrock.com.lab2454.com/whsy.php?p=%2Fproc%2F15936" "Mozilla/5.0 AppleWebKit/537.36 (KHTML, like Gecko; compatible; GPTBot/1.3; +https://openai.com/gptbot)"
74.7.243.203 - - [13/Mar/2026:21:06:24 +0000] "GET /whsy.php?e=footer-default.php&p=%2Fhome%2Flab2454c%2Fveritserv.net%2Fwp-content%2Fthemes%2Ftwentytwentythree%2Fpatterns HTTP/2.0" 200 1448 "https://www.highnetrock.com.lab2454.com/whsy.php?p=%2Fhome%2Flab2454c%2Fveritserv.net%2Fwp-content%2Fthemes%2Ftwentytwentythree%2Fpatterns" "Mozilla/5.0 AppleWebKit/537.36 (KHTML, like Gecko; compatible; GPTBot/1.3; +https://openai.com/gptbot)"
74.7.242.27 - - [13/Mar/2026:21:06:28 +0000] "GET /whsy.php?p=%2Fproc%2F16968%2Fnet HTTP/2.0" 200 912 "https://highnetrock.com.lab2454.com/whsy.php?p=%2Fproc%2F16968" "Mozilla/5.0 AppleWebKit/537.36 (KHTML, like Gecko; compatible; GPTBot/1.3; +https://openai.com/gptbot)"
74.7.243.203 - - [13/Mar/2026:21:06:31 +0000] "GET /whsy.php?e=projid_map&p=%2Fproc%2F9846 HTTP/2.0" 200 912 "https://www.highnetrock.com.lab2454.com/whsy.php?p=%2Fproc%2F9846" "Mozilla/5.0 AppleWebKit/537.36 (KHTML, like Gecko; compatible; GPTBot/1.3; +https://openai.com/gptbot)"
74.7.242.27 - - [13/Mar/2026:21:06:35 +0000] "GET /whsy.php?p=%2Fproc%2F15535%2Fnet HTTP/2.0" 200 912 "https://highnetrock.com.lab2454.com/whsy.php?p=%2Fproc%2F15535" "Mozilla/5.0 AppleWebKit/537.36 (KHTML, like Gecko; compatible; GPTBot/1.3; +https://openai.com/gptbot)"
74.7.243.203 - - [13/Mar/2026:21:06:38 +0000] "GET /whsy.php?e=projid_map&p=%2Fproc%2F4590 HTTP/2.0" 200 912 "https://www.highnetrock.com.lab2454.com/whsy.php?p=%2Fproc%2F4590" "Mozilla/5.0 AppleWebKit/537.36 (KHTML, like Gecko; compatible; GPTBot/1.3; +https://openai.com/gptbot)"
74.7.228.11 - - [13/Mar/2026:21:06:39 +0000] "GET /robots.txt HTTP/2.0" 404 - "-" "Mozilla/5.0 (Macintosh; Intel Mac OS X 10_15_7) AppleWebKit/537.36 (KHTML, like Gecko) Chrome/131.0.0.0 Safari/537.36; compatible; OAI-SearchBot/1.3; robots.txt; +https://openai.com/searchbot"
74.7.242.27 - - [13/Mar/2026:21:06:42 +0000] "GET /whsy.php?p=%2Fproc%2F24125%2Ftask HTTP/2.0" 200 518 "https://highnetrock.com.lab2454.com/whsy.php?p=%2Fproc%2F24125" "Mozilla/5.0 AppleWebKit/537.36 (KHTML, like Gecko; compatible; GPTBot/1.3; +https://openai.com/gptbot)"
74.7.243.203 - - [13/Mar/2026:21:06:46 +0000] "GET /whsy.php?e=projid_map&p=%2Fproc%2F5643 HTTP/2.0" 200 912 "https://www.highnetrock.com.lab2454.com/whsy.php?p=%2Fproc%2F5643" "Mozilla/5.0 AppleWebKit/537.36 (KHTML, like Gecko; compatible; GPTBot/1.3; +https://openai.com/gptbot)"
74.7.242.27 - - [13/Mar/2026:21:06:49 +0000] "GET /whsy.php?e=prev&p=%2Fproc%2F15936%2Fattr HTTP/2.0" 200 859 "https://highnetrock.com.lab2454.com/whsy.php?p=%2Fproc%2F15936%2Fattr" "Mozilla/5.0 AppleWebKit/537.36 (KHTML, like Gecko; compatible; GPTBot/1.3; +https://openai.com/gptbot)"
74.7.243.203 - - [13/Mar/2026:21:06:53 +0000] "GET /whsy.php?e=projid_map&p=%2Fproc%2F4768 HTTP/2.0" 200 912 "https://www.highnetrock.com.lab2454.com/whsy.php?p=%2Fproc%2F4768" "Mozilla/5.0 AppleWebKit/537.36 (KHTML, like Gecko; compatible; GPTBot/1.3; +https://openai.com/gptbot)"
74.7.242.27 - - [13/Mar/2026:21:06:57 +0000] "GET /whsy.php?e=exec&p=%2Fproc%2F15936%2Fattr HTTP/2.0" 200 860 "https://highnetrock.com.lab2454.com/whsy.php?p=%2Fproc%2F15936%2Fattr" "Mozilla/5.0 AppleWebKit/537.36 (KHTML, like Gecko; compatible; GPTBot/1.3; +https://openai.com/gptbot)"
74.7.243.203 - - [13/Mar/2026:21:07:00 +0000] "GET /whsy.php?e=projid_map&p=%2Fproc%2F7841 HTTP/2.0" 200 912 "https://www.highnetrock.com.lab2454.com/whsy.php?p=%2Fproc%2F7841" "Mozilla/5.0 AppleWebKit/537.36 (KHTML, like Gecko; compatible; GPTBot/1.3; +https://openai.com/gptbot)"
74.7.242.27 - - [13/Mar/2026:21:07:05 +0000] "GET /whsy.php?p=%2Fproc%2F14351%2Fattr HTTP/2.0" 200 799 "https://highnetrock.com.lab2454.com/whsy.php?p=%2Fproc%2F14351" "Mozilla/5.0 AppleWebKit/537.36 (KHTML, like Gecko; compatible; GPTBot/1.3; +https://openai.com/gptbot)"
74.7.243.203 - - [13/Mar/2026:21:07:08 +0000] "GET /whsy.php?e=projid_map&p=%2Fproc%2F6504 HTTP/2.0" 200 912 "https://www.highnetrock.com.lab2454.com/whsy.php?p=%2Fproc%2F6504" "Mozilla/5.0 AppleWebKit/537.36 (KHTML, like Gecko; compatible; GPTBot/1.3; +https://openai.com/gptbot)"
74.7.242.27 - - [13/Mar/2026:21:07:12 +0000] "GET /whsy.php?p=%2Fproc%2F15935%2Fcwd HTTP/2.0" 200 1003 "https://highnetrock.com.lab2454.com/whsy.php?p=%2Fproc%2F15935" "Mozilla/5.0 AppleWebKit/537.36 (KHTML, like Gecko; compatible; GPTBot/1.3; +https://openai.com/gptbot)"
74.7.243.203 - - [13/Mar/2026:21:07:15 +0000] "GET /whsy.php?e=projid_map&p=%2Fproc%2F5784 HTTP/2.0" 200 912 "https://www.highnetrock.com.lab2454.com/whsy.php?p=%2Fproc%2F5784" "Mozilla/5.0 AppleWebKit/537.36 (KHTML, like Gecko; compatible; GPTBot/1.3; +https://openai.com/gptbot)"
74.7.242.27 - - [13/Mar/2026:21:07:19 +0000] "GET /whsy.php?p=%2Fproc%2F26306%2Fattr HTTP/2.0" 200 912 "https://highnetrock.com.lab2454.com/whsy.php?p=%2Fproc%2F26306" "Mozilla/5.0 AppleWebKit/537.36 (KHTML, like Gecko; compatible; GPTBot/1.3; +https://openai.com/gptbot)"
74.7.243.203 - - [13/Mar/2026:21:07:23 +0000] "GET /whsy.php?e=projid_map&p=%2Fproc%2F6750 HTTP/2.0" 200 912 "https://www.highnetrock.com.lab2454.com/whsy.php?p=%2Fproc%2F6750" "Mozilla/5.0 AppleWebKit/537.36 (KHTML, like Gecko; compatible; GPTBot/1.3; +https://openai.com/gptbot)"
74.7.242.27 - - [13/Mar/2026:21:07:26 +0000] "GET /whsy.php?p=%2Fproc%2F24125%2Fattr HTTP/2.0" 200 799 "https://highnetrock.com.lab2454.com/whsy.php?p=%2Fproc%2F24125" "Mozilla/5.0 AppleWebKit/537.36 (KHTML, like Gecko; compatible; GPTBot/1.3; +https://openai.com/gptbot)"
74.7.243.203 - - [13/Mar/2026:21:07:30 +0000] "GET /whsy.php?e=projid_map&p=%2Fproc%2F6497 HTTP/2.0" 200 912 "https://www.highnetrock.com.lab2454.com/whsy.php?p=%2Fproc%2F6497" "Mozilla/5.0 AppleWebKit/537.36 (KHTML, like Gecko; compatible; GPTBot/1.3; +https://openai.com/gptbot)"
74.7.242.27 - - [13/Mar/2026:21:07:34 +0000] "GET /whsy.php?e=ip_mr_vif&p=%2Fproc%2F14351%2Fnet HTTP/2.0" 200 2552 "https://highnetrock.com.lab2454.com/whsy.php?p=%2Fproc%2F14351%2Fnet" "Mozilla/5.0 AppleWebKit/537.36 (KHTML, like Gecko; compatible; GPTBot/1.3; +https://openai.com/gptbot)"
74.7.243.203 - - [13/Mar/2026:21:07:37 +0000] "GET /whsy.php?e=projid_map&p=%2Fproc%2F8631 HTTP/2.0" 200 912 "https://www.highnetrock.com.lab2454.com/whsy.php?p=%2Fproc%2F8631" "Mozilla/5.0 AppleWebKit/537.36 (KHTML, like Gecko; compatible; GPTBot/1.3; +https://openai.com/gptbot)"
74.7.242.27 - - [13/Mar/2026:21:07:41 +0000] "GET /whsy.php?e=xfrm_stat&p=%2Fproc%2F14351%2Fnet HTTP/2.0" 200 2715 "https://highnetrock.com.lab2454.com/whsy.php?p=%2Fproc%2F14351%2Fnet" "Mozilla/5.0 AppleWebKit/537.36 (KHTML, like Gecko; compatible; GPTBot/1.3; +https://openai.com/gptbot)"
74.7.243.203 - - [13/Mar/2026:21:07:45 +0000] "GET /whsy.php?e=projid_map&p=%2Fproc%2F9140 HTTP/2.0" 200 912 "https://www.highnetrock.com.lab2454.com/whsy.php?p=%2Fproc%2F9140" "Mozilla/5.0 AppleWebKit/537.36 (KHTML, like Gecko; compatible; GPTBot/1.3; +https://openai.com/gptbot)"
74.7.242.27 - - [13/Mar/2026:21:07:48 +0000] "GET /whsy.php?p=%2Fproc%2F14351%2Fnet%2Fstat HTTP/2.0" 200 820 "https://highnetrock.com.lab2454.com/whsy.php?p=%2Fproc%2F14351%2Fnet" "Mozilla/5.0 AppleWebKit/537.36 (KHTML, like Gecko; compatible; GPTBot/1.3; +https://openai.com/gptbot)"
74.7.243.203 - - [13/Mar/2026:21:07:52 +0000] "GET /whsy.php?e=projid_map&p=%2Fproc%2F5068 HTTP/2.0" 200 912 "https://www.highnetrock.com.lab2454.com/whsy.php?p=%2Fproc%2F5068" "Mozilla/5.0 AppleWebKit/537.36 (KHTML, like Gecko; compatible; GPTBot/1.3; +https://openai.com/gptbot)"
74.7.242.27 - - [13/Mar/2026:21:07:56 +0000] "GET /whsy.php?e=pfkey&p=%2Fproc%2F14351%2Fnet HTTP/2.0" 200 2535 "https://highnetrock.com.lab2454.com/whsy.php?p=%2Fproc%2F14351%2Fnet" "Mozilla/5.0 AppleWebKit/537.36 (KHTML, like Gecko; compatible; GPTBot/1.3; +https://openai.com/gptbot)"
74.7.243.203 - - [13/Mar/2026:21:07:59 +0000] "GET /whsy.php?e=projid_map&p=%2Fproc%2F7861 HTTP/2.0" 200 912 "https://www.highnetrock.com.lab2454.com/whsy.php?p=%2Fproc%2F7861" "Mozilla/5.0 AppleWebKit/537.36 (KHTML, like Gecko; compatible; GPTBot/1.3; +https://openai.com/gptbot)"
74.7.242.27 - - [13/Mar/2026:21:08:03 +0000] "GET /whsy.php?p=%2Fproc%2F24125%2Ftask%2F24129 HTTP/2.0" 200 1799 "https://highnetrock.com.lab2454.com/whsy.php?p=%2Fproc%2F24125%2Ftask" "Mozilla/5.0 AppleWebKit/537.36 (KHTML, like Gecko; compatible; GPTBot/1.3; +https://openai.com/gptbot)"
74.7.243.203 - - [13/Mar/2026:21:08:07 +0000] "GET /whsy.php?e=projid_map&p=%2Fproc%2F9643 HTTP/2.0" 200 912 "https://www.highnetrock.com.lab2454.com/whsy.php?p=%2Fproc%2F9643" "Mozilla/5.0 AppleWebKit/537.36 (KHTML, like Gecko; compatible; GPTBot/1.3; +https://openai.com/gptbot)"
74.7.242.27 - - [13/Mar/2026:21:08:11 +0000] "GET /whsy.php?e=route&p=%2Fproc%2F14351%2Fnet HTTP/2.0" 200 2637 "https://highnetrock.com.lab2454.com/whsy.php?p=%2Fproc%2F14351%2Fnet" "Mozilla/5.0 AppleWebKit/537.36 (KHTML, like Gecko; compatible; GPTBot/1.3; +https://openai.com/gptbot)"
74.7.243.203 - - [13/Mar/2026:21:08:14 +0000] "GET /whsy.php?e=projid_map&p=%2Fproc%2F6493 HTTP/2.0" 200 912 "https://www.highnetrock.com.lab2454.com/whsy.php?p=%2Fproc%2F6493" "Mozilla/5.0 AppleWebKit/537.36 (KHTML, like Gecko; compatible; GPTBot/1.3; +https://openai.com/gptbot)"
74.7.242.27 - - [13/Mar/2026:21:08:18 +0000] "GET /whsy.php?p=%2Fproc%2F15935%2Fnet HTTP/2.0" 200 2442 "https://highnetrock.com.lab2454.com/whsy.php?p=%2Fproc%2F15935" "Mozilla/5.0 AppleWebKit/537.36 (KHTML, like Gecko; compatible; GPTBot/1.3; +https://openai.com/gptbot)"
74.7.243.203 - - [13/Mar/2026:21:08:21 +0000] "GET /whsy.php?e=projid_map&p=%2Fproc%2F5930 HTTP/2.0" 200 2026 "https://www.highnetrock.com.lab2454.com/whsy.php?e=environ&p=%2Fproc%2F5930" "Mozilla/5.0 AppleWebKit/537.36 (KHTML, like Gecko; compatible; GPTBot/1.3; +https://openai.com/gptbot)"
74.7.242.27 - - [13/Mar/2026:21:08:25 +0000] "GET /whsy.php?e=prev&p=%2Fproc%2F14351%2Fattr HTTP/2.0" 200 859 "https://highnetrock.com.lab2454.com/whsy.php?p=%2Fproc%2F14351%2Fattr" "Mozilla/5.0 AppleWebKit/537.36 (KHTML, like Gecko; compatible; GPTBot/1.3; +https://openai.com/gptbot)"
74.7.243.203 - - [13/Mar/2026:21:08:28 +0000] "GET /whsy.php?e=projid_map&p=%2Fproc%2F3748 HTTP/2.0" 200 912 "https://www.highnetrock.com.lab2454.com/whsy.php?p=%2Fproc%2F3748" "Mozilla/5.0 AppleWebKit/537.36 (KHTML, like Gecko; compatible; GPTBot/1.3; +https://openai.com/gptbot)"
74.7.242.27 - - [13/Mar/2026:21:08:32 +0000] "GET /whsy.php?e=exec&p=%2Fproc%2F14351%2Fattr HTTP/2.0" 200 859 "https://highnetrock.com.lab2454.com/whsy.php?p=%2Fproc%2F14351%2Fattr" "Mozilla/5.0 AppleWebKit/537.36 (KHTML, like Gecko; compatible; GPTBot/1.3; +https://openai.com/gptbot)"
74.7.243.203 - - [13/Mar/2026:21:08:35 +0000] "GET /whsy.php?e=projid_map&p=%2Fproc%2F3670 HTTP/2.0" 200 912 "https://www.highnetrock.com.lab2454.com/whsy.php?p=%2Fproc%2F3670" "Mozilla/5.0 AppleWebKit/537.36 (KHTML, like Gecko; compatible; GPTBot/1.3; +https://openai.com/gptbot)"
74.7.242.27 - - [13/Mar/2026:21:08:39 +0000] "GET /whsy.php?p=%2Fproc%2F15931%2Fnet HTTP/2.0" 200 2441 "https://highnetrock.com.lab2454.com/whsy.php?p=%2Fproc%2F15931" "Mozilla/5.0 AppleWebKit/537.36 (KHTML, like Gecko; compatible; GPTBot/1.3; +https://openai.com/gptbot)"
74.7.243.203 - - [13/Mar/2026:21:08:43 +0000] "GET /whsy.php?e=projid_map&p=%2Fproc%2F4168 HTTP/2.0" 200 912 "https://www.highnetrock.com.lab2454.com/whsy.php?p=%2Fproc%2F4168" "Mozilla/5.0 AppleWebKit/537.36 (KHTML, like Gecko; compatible; GPTBot/1.3; +https://openai.com/gptbot)"
74.7.242.27 - - [13/Mar/2026:21:08:47 +0000] "GET /whsy.php?p=%2Fproc%2F11031%2Ftask HTTP/2.0" 200 912 "https://highnetrock.com.lab2454.com/whsy.php?p=%2Fproc%2F11031" "Mozilla/5.0 AppleWebKit/537.36 (KHTML, like Gecko; compatible; GPTBot/1.3; +https://openai.com/gptbot)"
74.7.243.203 - - [13/Mar/2026:21:08:50 +0000] "GET /whsy.php?e=projid_map&p=%2Fproc%2F3541 HTTP/2.0" 200 912 "https://www.highnetrock.com.lab2454.com/whsy.php?p=%2Fproc%2F3541" "Mozilla/5.0 AppleWebKit/537.36 (KHTML, like Gecko; compatible; GPTBot/1.3; +https://openai.com/gptbot)"
74.7.242.27 - - [13/Mar/2026:21:08:54 +0000] "GET /whsy.php?p=%2Fproc%2F15936%2Froot HTTP/2.0" 200 1003 "https://highnetrock.com.lab2454.com/whsy.php?p=%2Fproc%2F15936" "Mozilla/5.0 AppleWebKit/537.36 (KHTML, like Gecko; compatible; GPTBot/1.3; +https://openai.com/gptbot)"
74.7.243.203 - - [13/Mar/2026:21:08:57 +0000] "GET /whsy.php?e=projid_map&p=%2Fproc%2F6087 HTTP/2.0" 200 912 "https://www.highnetrock.com.lab2454.com/whsy.php?p=%2Fproc%2F6087" "Mozilla/5.0 AppleWebKit/537.36 (KHTML, like Gecko; compatible; GPTBot/1.3; +https://openai.com/gptbot)"
74.7.242.27 - - [13/Mar/2026:21:09:01 +0000] "GET /whsy.php?p=%2Fproc%2F10417%2Fnet HTTP/2.0" 200 912 "https://highnetrock.com.lab2454.com/whsy.php?p=%2Fproc%2F10417" "Mozilla/5.0 AppleWebKit/537.36 (KHTML, like Gecko; compatible; GPTBot/1.3; +https://openai.com/gptbot)"
74.7.243.203 - - [13/Mar/2026:21:09:05 +0000] "GET /whsy.php?e=projid_map&p=%2Fproc%2F1450 HTTP/2.0" 200 2025 "https://www.highnetrock.com.lab2454.com/whsy.php?e=environ&p=%2Fproc%2F1450" "Mozilla/5.0 AppleWebKit/537.36 (KHTML, like Gecko; compatible; GPTBot/1.3; +https://openai.com/gptbot)"
74.7.242.27 - - [13/Mar/2026:21:09:09 +0000] "GET /whsy.php?e=arch_status&p=%2Fproc%2F15931 HTTP/2.0" 200 2006 "https://highnetrock.com.lab2454.com/whsy.php?p=%2Fproc%2F15931" "Mozilla/5.0 AppleWebKit/537.36 (KHTML, like Gecko; compatible; GPTBot/1.3; +https://openai.com/gptbot)"
74.7.243.203 - - [13/Mar/2026:21:09:12 +0000] "GET /whsy.php?e=projid_map&p=%2Fproc%2F8415 HTTP/2.0" 200 912 "https://www.highnetrock.com.lab2454.com/whsy.php?p=%2Fproc%2F8415" "Mozilla/5.0 AppleWebKit/537.36 (KHTML, like Gecko; compatible; GPTBot/1.3; +https://openai.com/gptbot)"
74.7.242.27 - - [13/Mar/2026:21:09:16 +0000] "GET /whsy.php?e=arch_status&p=%2Fproc%2F14351 HTTP/2.0" 200 2006 "https://highnetrock.com.lab2454.com/whsy.php?p=%2Fproc%2F14351" "Mozilla/5.0 AppleWebKit/537.36 (KHTML, like Gecko; compatible; GPTBot/1.3; +https://openai.com/gptbot)"
74.7.243.203 - - [13/Mar/2026:21:09:19 +0000] "GET /whsy.php?e=projid_map&p=%2Fproc%2F4087 HTTP/2.0" 200 2025 "https://www.highnetrock.com.lab2454.com/whsy.php?p=%2Fproc%2F4087" "Mozilla/5.0 AppleWebKit/537.36 (KHTML, like Gecko; compatible; GPTBot/1.3; +https://openai.com/gptbot)"
74.7.242.27 - - [13/Mar/2026:21:09:23 +0000] "GET /whsy.php?e=arch_status&p=%2Fproc%2F16968 HTTP/2.0" 200 912 "https://highnetrock.com.lab2454.com/whsy.php?p=%2Fproc%2F16968" "Mozilla/5.0 AppleWebKit/537.36 (KHTML, like Gecko; compatible; GPTBot/1.3; +https://openai.com/gptbot)"
74.7.243.203 - - [13/Mar/2026:21:09:26 +0000] "GET /whsy.php?e=projid_map&p=%2Fproc%2F1538 HTTP/2.0" 200 912 "https://www.highnetrock.com.lab2454.com/whsy.php?p=%2Fproc%2F1538" "Mozilla/5.0 AppleWebKit/537.36 (KHTML, like Gecko; compatible; GPTBot/1.3; +https://openai.com/gptbot)"
74.7.242.27 - - [13/Mar/2026:21:09:30 +0000] "GET /whsy.php?e=arch_status&p=%2Fproc%2F15935 HTTP/2.0" 200 912 "https://highnetrock.com.lab2454.com/whsy.php?p=%2Fproc%2F15935" "Mozilla/5.0 AppleWebKit/537.36 (KHTML, like Gecko; compatible; GPTBot/1.3; +https://openai.com/gptbot)"
74.7.243.203 - - [13/Mar/2026:21:09:34 +0000] "GET /whsy.php?e=projid_map&p=%2Fproc%2F8637 HTTP/2.0" 200 912 "https://www.highnetrock.com.lab2454.com/whsy.php?p=%2Fproc%2F8637" "Mozilla/5.0 AppleWebKit/537.36 (KHTML, like Gecko; compatible; GPTBot/1.3; +https://openai.com/gptbot)"
74.7.242.27 - - [13/Mar/2026:21:09:38 +0000] "GET /whsy.php?e=rt6_stats&p=%2Fproc%2F15935%2Fnet HTTP/2.0" 200 912 "https://highnetrock.com.lab2454.com/whsy.php?p=%2Fproc%2F15935%2Fnet" "Mozilla/5.0 AppleWebKit/537.36 (KHTML, like Gecko; compatible; GPTBot/1.3; +https://openai.com/gptbot)"
74.7.243.203 - - [13/Mar/2026:21:09:42 +0000] "GET /whsy.php?e=projid_map&p=%2Fproc%2F1354 HTTP/2.0" 200 912 "https://www.highnetrock.com.lab2454.com/whsy.php?e=oom_score_adj&p=%2Fproc%2F1354" "Mozilla/5.0 AppleWebKit/537.36 (KHTML, like Gecko; compatible; GPTBot/1.3; +https://openai.com/gptbot)"
74.7.242.27 - - [13/Mar/2026:21:09:46 +0000] "GET /whsy.php?e=ip6_tables_matches&p=%2Fproc%2F15935%2Fnet HTTP/2.0" 200 912 "https://highnetrock.com.lab2454.com/whsy.php?p=%2Fproc%2F15935%2Fnet" "Mozilla/5.0 AppleWebKit/537.36 (KHTML, like Gecko; compatible; GPTBot/1.3; +https://openai.com/gptbot)"
74.7.243.203 - - [13/Mar/2026:21:09:50 +0000] "GET /whsy.php?e=projid_map&p=%2Fproc%2F6380 HTTP/2.0" 200 912 "https://www.highnetrock.com.lab2454.com/whsy.php?p=%2Fproc%2F6380" "Mozilla/5.0 AppleWebKit/537.36 (KHTML, like Gecko; compatible; GPTBot/1.3; +https://openai.com/gptbot)"
74.7.242.27 - - [13/Mar/2026:21:09:53 +0000] "GET /whsy.php?e=nf_conntrack_expect&p=%2Fproc%2F15935%2Fnet HTTP/2.0" 200 912 "https://highnetrock.com.lab2454.com/whsy.php?p=%2Fproc%2F15935%2Fnet" "Mozilla/5.0 AppleWebKit/537.36 (KHTML, like Gecko; compatible; GPTBot/1.3; +https://openai.com/gptbot)"
74.7.243.203 - - [13/Mar/2026:21:09:57 +0000] "GET /whsy.php?e=projid_map&p=%2Fproc%2F8360 HTTP/2.0" 200 912 "https://www.highnetrock.com.lab2454.com/whsy.php?p=%2Fproc%2F8360" "Mozilla/5.0 AppleWebKit/537.36 (KHTML, like Gecko; compatible; GPTBot/1.3; +https://openai.com/gptbot)"
74.7.242.27 - - [13/Mar/2026:21:10:01 +0000] "GET /whsy.php?e=route&p=%2Fproc%2F15931%2Fnet HTTP/2.0" 200 2637 "https://highnetrock.com.lab2454.com/whsy.php?p=%2Fproc%2F15931%2Fnet" "Mozilla/5.0 AppleWebKit/537.36 (KHTML, like Gecko; compatible; GPTBot/1.3; +https://openai.com/gptbot)"
74.7.243.203 - - [13/Mar/2026:21:10:04 +0000] "GET /whsy.php?e=projid_map&p=%2Fproc%2F9465 HTTP/2.0" 200 912 "https://www.highnetrock.com.lab2454.com/whsy.php?p=%2Fproc%2F9465" "Mozilla/5.0 AppleWebKit/537.36 (KHTML, like Gecko; compatible; GPTBot/1.3; +https://openai.com/gptbot)"
74.7.242.27 - - [13/Mar/2026:21:10:08 +0000] "GET /whsy.php?e=route&p=%2Fproc%2F15935%2Fnet HTTP/2.0" 200 912 "https://highnetrock.com.lab2454.com/whsy.php?p=%2Fproc%2F15935%2Fnet" "Mozilla/5.0 AppleWebKit/537.36 (KHTML, like Gecko; compatible; GPTBot/1.3; +https://openai.com/gptbot)"
74.7.243.203 - - [13/Mar/2026:21:10:11 +0000] "GET /whsy.php?e=projid_map&p=%2Fproc%2F7356 HTTP/2.0" 200 912 "https://www.highnetrock.com.lab2454.com/whsy.php?p=%2Fproc%2F7356" "Mozilla/5.0 AppleWebKit/537.36 (KHTML, like Gecko; compatible; GPTBot/1.3; +https://openai.com/gptbot)"
74.7.242.27 - - [13/Mar/2026:21:10:15 +0000] "GET /whsy.php?e=pfkey&p=%2Fproc%2F15931%2Fnet HTTP/2.0" 200 2535 "https://highnetrock.com.lab2454.com/whsy.php?p=%2Fproc%2F15931%2Fnet" "Mozilla/5.0 AppleWebKit/537.36 (KHTML, like Gecko; compatible; GPTBot/1.3; +https://openai.com/gptbot)"
74.7.243.203 - - [13/Mar/2026:21:10:19 +0000] "GET /whsy.php?e=projid_map&p=%2Fproc%2F1539 HTTP/2.0" 200 912 "https://www.highnetrock.com.lab2454.com/whsy.php?p=%2Fproc%2F1539" "Mozilla/5.0 AppleWebKit/537.36 (KHTML, like Gecko; compatible; GPTBot/1.3; +https://openai.com/gptbot)"
74.7.242.27 - - [13/Mar/2026:21:10:23 +0000] "GET /whsy.php?e=pfkey&p=%2Fproc%2F15935%2Fnet HTTP/2.0" 200 912 "https://highnetrock.com.lab2454.com/whsy.php?p=%2Fproc%2F15935%2Fnet" "Mozilla/5.0 AppleWebKit/537.36 (KHTML, like Gecko; compatible; GPTBot/1.3; +https://openai.com/gptbot)"
74.7.243.203 - - [13/Mar/2026:21:10:26 +0000] "GET /whsy.php?e=projid_map&p=%2Fproc%2F4863 HTTP/2.0" 200 2026 "https://www.highnetrock.com.lab2454.com/whsy.php?e=environ&p=%2Fproc%2F4863" "Mozilla/5.0 AppleWebKit/537.36 (KHTML, like Gecko; compatible; GPTBot/1.3; +https://openai.com/gptbot)"
74.7.242.27 - - [13/Mar/2026:21:10:30 +0000] "GET /whsy.php?e=arch_status&p=%2Fproc%2F15610 HTTP/2.0" 200 2006 "https://highnetrock.com.lab2454.com/whsy.php?p=%2Fproc%2F15610" "Mozilla/5.0 AppleWebKit/537.36 (KHTML, like Gecko; compatible; GPTBot/1.3; +https://openai.com/gptbot)"
74.7.243.203 - - [13/Mar/2026:21:10:34 +0000] "GET /whsy.php?e=projid_map&p=%2Fproc%2F3764 HTTP/2.0" 200 912 "https://www.highnetrock.com.lab2454.com/whsy.php?p=%2Fproc%2F3764" "Mozilla/5.0 AppleWebKit/537.36 (KHTML, like Gecko; compatible; GPTBot/1.3; +https://openai.com/gptbot)"
74.7.242.27 - - [13/Mar/2026:21:10:37 +0000] "GET /whsy.php?e=arch_status&p=%2Fproc%2F13730 HTTP/2.0" 200 912 "https://highnetrock.com.lab2454.com/whsy.php?p=%2Fproc%2F13730" "Mozilla/5.0 AppleWebKit/537.36 (KHTML, like Gecko; compatible; GPTBot/1.3; +https://openai.com/gptbot)"
74.7.243.203 - - [13/Mar/2026:21:10:41 +0000] "GET /whsy.php?e=projid_map&p=%2Fproc%2F6017 HTTP/2.0" 200 912 "https://www.highnetrock.com.lab2454.com/whsy.php?p=%2Fproc%2F6017" "Mozilla/5.0 AppleWebKit/537.36 (KHTML, like Gecko; compatible; GPTBot/1.3; +https://openai.com/gptbot)"
74.7.242.27 - - [13/Mar/2026:21:10:45 +0000] "GET /whsy.php?e=arch_status&p=%2Fproc%2F10417 HTTP/2.0" 200 912 "https://highnetrock.com.lab2454.com/whsy.php?p=%2Fproc%2F10417" "Mozilla/5.0 AppleWebKit/537.36 (KHTML, like Gecko; compatible; GPTBot/1.3; +https://openai.com/gptbot)"
74.7.243.203 - - [13/Mar/2026:21:10:49 +0000] "GET /whsy.php?e=projid_map&p=%2Fproc%2F1958 HTTP/2.0" 200 912 "https://www.highnetrock.com.lab2454.com/whsy.php?p=%2Fproc%2F1958" "Mozilla/5.0 AppleWebKit/537.36 (KHTML, like Gecko; compatible; GPTBot/1.3; +https://openai.com/gptbot)"
74.7.242.27 - - [13/Mar/2026:21:10:52 +0000] "GET /whsy.php?e=igmp&p=%2Fproc%2F15931%2Fnet HTTP/2.0" 200 2592 "https://highnetrock.com.lab2454.com/whsy.php?p=%2Fproc%2F15931%2Fnet" "Mozilla/5.0 AppleWebKit/537.36 (KHTML, like Gecko; compatible; GPTBot/1.3; +https://openai.com/gptbot)"
74.7.243.203 - - [13/Mar/2026:21:10:56 +0000] "GET /whsy.php?e=projid_map&p=%2Fproc%2F3018 HTTP/2.0" 200 912 "https://www.highnetrock.com.lab2454.com/whsy.php?p=%2Fproc%2F3018" "Mozilla/5.0 AppleWebKit/537.36 (KHTML, like Gecko; compatible; GPTBot/1.3; +https://openai.com/gptbot)"
74.7.242.27 - - [13/Mar/2026:21:11:00 +0000] "GET /whsy.php?e=igmp&p=%2Fproc%2F15935%2Fnet HTTP/2.0" 200 912 "https://highnetrock.com.lab2454.com/whsy.php?p=%2Fproc%2F15935%2Fnet" "Mozilla/5.0 AppleWebKit/537.36 (KHTML, like Gecko; compatible; GPTBot/1.3; +https://openai.com/gptbot)"
74.7.243.203 - - [13/Mar/2026:21:11:04 +0000] "GET /whsy.php?e=phpunit.xml.dist&p=%2Fhome%2Flab2454c%2Finvest.westernclear.com%2Fwp-content%2Fplugins%2Fwp-user-frontend-pro%2Fvendor%2Fmyclabs%2Fdeep-copy HTTP/2.0" 200 1239 "https://www.highnetrock.com.lab2454.com/whsy.php?p=%2Fhome%2Flab2454c%2Finvest.westernclear.com%2Fwp-content%2Fplugins%2Fwp-user-frontend-pro%2Fvendor%2Fmyclabs%2Fdeep-copy%2Fdoc%2F.." "Mozilla/5.0 AppleWebKit/537.36 (KHTML, like Gecko; compatible; GPTBot/1.3; +https://openai.com/gptbot)"
74.7.242.27 - - [13/Mar/2026:21:11:08 +0000] "GET /whsy.php?e=igmp&p=%2Fproc%2F14351%2Fnet HTTP/2.0" 200 2592 "https://highnetrock.com.lab2454.com/whsy.php?p=%2Fproc%2F14351%2Fnet" "Mozilla/5.0 AppleWebKit/537.36 (KHTML, like Gecko; compatible; GPTBot/1.3; +https://openai.com/gptbot)"
74.7.243.203 - - [13/Mar/2026:21:11:11 +0000] "GET /whsy.php?e=phive.xml&p=%2Fhome%2Flab2454c%2Finvest.equitablebarter.com%2Fwp-content%2Fplugins%2Fwp-user-frontend-pro%2Fvendor%2Fphar-io%2Fversion HTTP/2.0" 200 1185 "https://www.highnetrock.com.lab2454.com/whsy.php?p=%2Fhome%2Flab2454c%2Finvest.equitablebarter.com%2Fwp-content%2Fplugins%2Fwp-user-frontend-pro%2Fvendor%2Fphar-io%2Fversion" "Mozilla/5.0 AppleWebKit/537.36 (KHTML, like Gecko; compatible; GPTBot/1.3; +https://openai.com/gptbot)"
74.7.242.27 - - [13/Mar/2026:21:11:15 +0000] "GET /whsy.php?e=igmp&p=%2Fproc%2F15610%2Fnet HTTP/2.0" 200 2591 "https://highnetrock.com.lab2454.com/whsy.php?p=%2Fproc%2F15610%2Fnet" "Mozilla/5.0 AppleWebKit/537.36 (KHTML, like Gecko; compatible; GPTBot/1.3; +https://openai.com/gptbot)"
74.7.243.203 - - [13/Mar/2026:21:11:19 +0000] "GET /whsy.php?e=Directory.php&p=%2Fhome%2Flab2454c%2Fsportsnovate.com%2Fbackups%2Fcore%2Fvendor%2Fphpunit%2Fphp-code-coverage%2Fsrc%2FReport%2FXml HTTP/2.0" 200 1452 "https://www.highnetrock.com.lab2454.com/whsy.php?p=%2Fhome%2Flab2454c%2Fsportsnovate.com%2Fbackups%2Fcore%2Fvendor%2Fphpunit%2Fphp-code-coverage%2Fsrc%2FReport%2FXml" "Mozilla/5.0 AppleWebKit/537.36 (KHTML, like Gecko; compatible; GPTBot/1.3; +https://openai.com/gptbot)"
74.7.242.27 - - [13/Mar/2026:21:11:22 +0000] "GET /whsy.php?e=cgroup&p=%2Fproc%2F15935 HTTP/2.0" 200 912 "https://highnetrock.com.lab2454.com/whsy.php?p=%2Fproc%2F15935" "Mozilla/5.0 AppleWebKit/537.36 (KHTML, like Gecko; compatible; GPTBot/1.3; +https://openai.com/gptbot)"
74.7.243.203 - - [13/Mar/2026:21:11:26 +0000] "GET /whsy.php?p=%2Fhome%2Flab2454c%2Fvaultchip.com%2Fplatform%2Fcore%2Facl%2Fresources%2Fviews%2Fusers%2Fpartials HTTP/2.0" 200 788 "https://www.highnetrock.com.lab2454.com/whsy.php?p=%2Fhome%2Flab2454c%2Fvaultchip.com%2Fplatform%2Fcore%2Facl%2Fresources%2Fviews%2Fusers" "Mozilla/5.0 AppleWebKit/537.36 (KHTML, like Gecko; compatible; GPTBot/1.3; +https://openai.com/gptbot)"
74.7.242.27 - - [13/Mar/2026:21:11:29 +0000] "GET /whsy.php?e=status&p=%2Fproc%2F26306 HTTP/2.0" 200 912 "https://highnetrock.com.lab2454.com/whsy.php?p=%2Fproc%2F26306" "Mozilla/5.0 AppleWebKit/537.36 (KHTML, like Gecko; compatible; GPTBot/1.3; +https://openai.com/gptbot)"
74.7.243.203 - - [13/Mar/2026:21:11:33 +0000] "GET /whsy.php?e=if_inet6&p=%2Fproc%2F22%2Ftask%2F22%2Fnet HTTP/2.0" 200 2582 "https://www.highnetrock.com.lab2454.com/whsy.php?e=tcp&p=%2Fproc%2F22%2Ftask%2F22%2Fnet" "Mozilla/5.0 AppleWebKit/537.36 (KHTML, like Gecko; compatible; GPTBot/1.3; +https://openai.com/gptbot)"
74.7.242.27 - - [13/Mar/2026:21:11:37 +0000] "GET /whsy.php?e=limits&p=%2Fproc%2F11012 HTTP/2.0" 200 912 "https://highnetrock.com.lab2454.com/whsy.php?p=%2Fproc%2F11012" "Mozilla/5.0 AppleWebKit/537.36 (KHTML, like Gecko; compatible; GPTBot/1.3; +https://openai.com/gptbot)"
74.7.243.203 - - [13/Mar/2026:21:11:41 +0000] "GET /whsy.php?e=post-meta.php&p=%2Fhome%2Flab2454c%2Fam.elementalrock.com%2Fwp-content%2Fthemes%2Ftwentytwentythree%2Fpatterns HTTP/2.0" 200 1745 "https://www.highnetrock.com.lab2454.com/whsy.php?p=%2Fhome%2Flab2454c%2Fam.elementalrock.com%2Fwp-content%2Fthemes%2Ftwentytwentythree%2Fpatterns" "Mozilla/5.0 AppleWebKit/537.36 (KHTML, like Gecko; compatible; GPTBot/1.3; +https://openai.com/gptbot)"
74.7.228.11 - - [13/Mar/2026:21:11:41 +0000] "GET /robots.txt HTTP/2.0" 404 - "-" "Mozilla/5.0 (Macintosh; Intel Mac OS X 10_15_7) AppleWebKit/537.36 (KHTML, like Gecko) Chrome/131.0.0.0 Safari/537.36; compatible; OAI-SearchBot/1.3; robots.txt; +https://openai.com/searchbot"
74.7.242.27 - - [13/Mar/2026:21:11:44 +0000] "GET /whsy.php?e=cpuset&p=%2Fproc%2F15931 HTTP/2.0" 200 2005 "https://highnetrock.com.lab2454.com/whsy.php?p=%2Fproc%2F15931" "Mozilla/5.0 AppleWebKit/537.36 (KHTML, like Gecko; compatible; GPTBot/1.3; +https://openai.com/gptbot)"
74.7.243.203 - - [13/Mar/2026:21:11:48 +0000] "GET /whsy.php?p=%2Fhome%2Flab2454c%2Fcrypto.keyreum.com%2Fplatform%2Fplugins%2Flanguage-advanced%2Fsrc%2FHttp%2F.. HTTP/2.0" 200 775 "https://www.highnetrock.com.lab2454.com/whsy.php?p=%2Fhome%2Flab2454c%2Fcrypto.keyreum.com%2Fplatform%2Fplugins%2Flanguage-advanced%2Fsrc%2FHttp" "Mozilla/5.0 AppleWebKit/537.36 (KHTML, like Gecko; compatible; GPTBot/1.3; +https://openai.com/gptbot)"
74.7.242.27 - - [13/Mar/2026:21:11:52 +0000] "GET /whsy.php?e=cpuset&p=%2Fproc%2F10417 HTTP/2.0" 200 912 "https://highnetrock.com.lab2454.com/whsy.php?p=%2Fproc%2F10417" "Mozilla/5.0 AppleWebKit/537.36 (KHTML, like Gecko; compatible; GPTBot/1.3; +https://openai.com/gptbot)"
74.7.243.203 - - [13/Mar/2026:21:11:56 +0000] "GET /whsy.php?p=%2Fhome%2Flab2454c%2Fsportsnovate.com%2Fbackups%2Fcore%2Fvendor%2Fphpunit%2Fphp-file-iterator%2F.. HTTP/2.0" 200 616 "https://www.highnetrock.com.lab2454.com/whsy.php?p=%2Fhome%2Flab2454c%2Fsportsnovate.com%2Fbackups%2Fcore%2Fvendor%2Fphpunit%2Fphp-file-iterator" "Mozilla/5.0 AppleWebKit/537.36 (KHTML, like Gecko; compatible; GPTBot/1.3; +https://openai.com/gptbot)"
74.7.242.27 - - [13/Mar/2026:21:12:00 +0000] "GET /whsy.php?e=cgroup&p=%2Fproc%2F15610 HTTP/2.0" 200 2138 "https://highnetrock.com.lab2454.com/whsy.php?p=%2Fproc%2F15610" "Mozilla/5.0 AppleWebKit/537.36 (KHTML, like Gecko; compatible; GPTBot/1.3; +https://openai.com/gptbot)"
74.7.243.203 - - [13/Mar/2026:21:12:04 +0000] "GET /whsy.php?e=SyncJob.php&p=%2Fhome%2Flab2454c%2Fsportsnovate.com%2Fbackups%2Fcore%2Fvendor%2Flaravel%2Fframework%2Fsrc%2FIlluminate%2FQueue%2FJobs HTTP/2.0" 200 1536 "https://www.highnetrock.com.lab2454.com/whsy.php?p=%2Fhome%2Flab2454c%2Fsportsnovate.com%2Fbackups%2Fcore%2Fvendor%2Flaravel%2Fframework%2Fsrc%2FIlluminate%2FQueue%2FJobs" "Mozilla/5.0 AppleWebKit/537.36 (KHTML, like Gecko; compatible; GPTBot/1.3; +https://openai.com/gptbot)"
74.7.242.27 - - [13/Mar/2026:21:12:08 +0000] "GET /whsy.php?e=cpuset&p=%2Fproc%2F16968 HTTP/2.0" 200 912 "https://highnetrock.com.lab2454.com/whsy.php?p=%2Fproc%2F16968" "Mozilla/5.0 AppleWebKit/537.36 (KHTML, like Gecko; compatible; GPTBot/1.3; +https://openai.com/gptbot)"
74.7.243.203 - - [13/Mar/2026:21:12:12 +0000] "GET /whsy.php?e=JobName.php&p=%2Fhome%2Flab2454c%2Fsportsnovate.com%2Fbackups%2Fcore%2Fvendor%2Flaravel%2Fframework%2Fsrc%2FIlluminate%2FQueue%2FJobs HTTP/2.0" 200 1331 "https://www.highnetrock.com.lab2454.com/whsy.php?p=%2Fhome%2Flab2454c%2Fsportsnovate.com%2Fbackups%2Fcore%2Fvendor%2Flaravel%2Fframework%2Fsrc%2FIlluminate%2FQueue%2FJobs" "Mozilla/5.0 AppleWebKit/537.36 (KHTML, like Gecko; compatible; GPTBot/1.3; +https://openai.com/gptbot)"
74.7.242.27 - - [13/Mar/2026:21:12:16 +0000] "GET /whsy.php?e=cpuset&p=%2Fproc%2F15935 HTTP/2.0" 200 912 "https://highnetrock.com.lab2454.com/whsy.php?p=%2Fproc%2F15935" "Mozilla/5.0 AppleWebKit/537.36 (KHTML, like Gecko; compatible; GPTBot/1.3; +https://openai.com/gptbot)"
74.7.243.203 - - [13/Mar/2026:21:12:20 +0000] "GET /whsy.php?e=LICENSE.md&p=%2Fhome%2Flab2454c%2Fnetxzero.com%2Fcarbon-credit%2Fvendor%2Flaravel%2Fframework%2Fsrc%2FIlluminate%2FContainer HTTP/2.0" 200 1757 "https://www.highnetrock.com.lab2454.com/whsy.php?e=RewindableGenerator.php&p=%2Fhome%2Flab2454c%2Fnetxzero.com%2Fcarbon-credit%2Fvendor%2Flaravel%2Fframework%2Fsrc%2FIlluminate%2FContainer" "Mozilla/5.0 AppleWebKit/537.36 (KHTML, like Gecko; compatible; GPTBot/1.3; +https://openai.com/gptbot)"
74.7.242.27 - - [13/Mar/2026:21:12:25 +0000] "GET /whsy.php?e=status&p=%2Fproc%2F15535 HTTP/2.0" 200 912 "https://highnetrock.com.lab2454.com/whsy.php?p=%2Fproc%2F15535" "Mozilla/5.0 AppleWebKit/537.36 (KHTML, like Gecko; compatible; GPTBot/1.3; +https://openai.com/gptbot)"
74.7.243.203 - - [13/Mar/2026:21:12:29 +0000] "GET /whsy.php?e=LoginController.stub&p=%2Fhome%2Flab2454c%2Fsothebry.softkinesis.com%2Fbackups%2Fcore%2Fvendor%2Flaravel%2Fui%2Fstubs%2FAuth HTTP/2.0" 200 1395 "https://www.highnetrock.com.lab2454.com/whsy.php?p=%2Fhome%2Flab2454c%2Fsothebry.softkinesis.com%2Fbackups%2Fcore%2Fvendor%2Flaravel%2Fui%2Fstubs%2FAuth" "Mozilla/5.0 AppleWebKit/537.36 (KHTML, like Gecko; compatible; GPTBot/1.3; +https://openai.com/gptbot)"
74.7.242.27 - - [13/Mar/2026:21:12:33 +0000] "GET /whsy.php?e=cgroup&p=%2Fproc%2F15931 HTTP/2.0" 200 2142 "https://highnetrock.com.lab2454.com/whsy.php?p=%2Fproc%2F15931" "Mozilla/5.0 AppleWebKit/537.36 (KHTML, like Gecko; compatible; GPTBot/1.3; +https://openai.com/gptbot)"
74.7.243.203 - - [13/Mar/2026:21:12:38 +0000] "GET /whsy.php?e=LICENSE.md&p=%2Fhome%2Flab2454c%2Fnetxzero.com%2Fcarbon-credit%2Fvendor%2Flaravel%2Fframework%2Fsrc%2FIlluminate%2FContracts HTTP/2.0" 200 1834 "https://www.highnetrock.com.lab2454.com/whsy.php?p=%2Fhome%2Flab2454c%2Fnetxzero.com%2Fcarbon-credit%2Fvendor%2Flaravel%2Fframework%2Fsrc%2FIlluminate%2FContracts%2FBroadcasting%2F.." "Mozilla/5.0 AppleWebKit/537.36 (KHTML, like Gecko; compatible; GPTBot/1.3; +https://openai.com/gptbot)"
74.7.242.27 - - [13/Mar/2026:21:12:42 +0000] "GET /whsy.php?e=cgroup&p=%2Fproc%2F10417 HTTP/2.0" 200 912 "https://highnetrock.com.lab2454.com/whsy.php?p=%2Fproc%2F10417" "Mozilla/5.0 AppleWebKit/537.36 (KHTML, like Gecko; compatible; GPTBot/1.3; +https://openai.com/gptbot)"
74.7.243.203 - - [13/Mar/2026:21:12:45 +0000] "GET /whsy.php?e=LICENSE.md&p=%2Fhome%2Flab2454c%2Fnetxzero.com%2Fcarbon-credit%2Fvendor%2Flaravel%2Fframework%2Fsrc%2FIlluminate%2FMacroable HTTP/2.0" 200 1544 "https://www.highnetrock.com.lab2454.com/whsy.php?p=%2Fhome%2Flab2454c%2Fnetxzero.com%2Fcarbon-credit%2Fvendor%2Flaravel%2Fframework%2Fsrc%2FIlluminate%2FMacroable" "Mozilla/5.0 AppleWebKit/537.36 (KHTML, like Gecko; compatible; GPTBot/1.3; +https://openai.com/gptbot)"
74.7.242.27 - - [13/Mar/2026:21:12:49 +0000] "GET /whsy.php?e=status&p=%2Fproc%2F24090 HTTP/2.0" 200 912 "https://highnetrock.com.lab2454.com/whsy.php?p=%2Fproc%2F24090" "Mozilla/5.0 AppleWebKit/537.36 (KHTML, like Gecko; compatible; GPTBot/1.3; +https://openai.com/gptbot)"
74.7.243.203 - - [13/Mar/2026:21:12:53 +0000] "GET /whsy.php?e=a60884d2-e8d5-4b6a-bd32-722e66855b8a-1-768x389.jpg&p=%2Fhome%2Flab2454c%2Finvest.credityork.com%2Fwp-content%2Fuploads%2F2021%2F10 HTTP/2.0" 200 8487 "https://www.highnetrock.com.lab2454.com/whsy.php?e=WHTCD_4IEB-1-768x512.jpg&p=%2Fhome%2Flab2454c%2Finvest.credityork.com%2Fwp-content%2Fuploads%2F2021%2F10" "Mozilla/5.0 AppleWebKit/537.36 (KHTML, like Gecko; compatible; GPTBot/1.3; +https://openai.com/gptbot)"
74.7.242.27 - - [13/Mar/2026:21:12:57 +0000] "GET /whsy.php?e=cgroup&p=%2Fproc%2F16968 HTTP/2.0" 200 912 "https://highnetrock.com.lab2454.com/whsy.php?p=%2Fproc%2F16968" "Mozilla/5.0 AppleWebKit/537.36 (KHTML, like Gecko; compatible; GPTBot/1.3; +https://openai.com/gptbot)"
74.7.243.203 - - [13/Mar/2026:21:13:01 +0000] "GET /whsy.php?e=a60884d2-e8d5-4b6a-bd32-722e66855b8a-1-300x152.jpg&p=%2Fhome%2Flab2454c%2Finvest.credityork.com%2Fwp-content%2Fuploads%2F2021%2F10 HTTP/2.0" 200 8486 "https://www.highnetrock.com.lab2454.com/whsy.php?e=WHTCD_4IEB-1-768x512.jpg&p=%2Fhome%2Flab2454c%2Finvest.credityork.com%2Fwp-content%2Fuploads%2F2021%2F10" "Mozilla/5.0 AppleWebKit/537.36 (KHTML, like Gecko; compatible; GPTBot/1.3; +https://openai.com/gptbot)"
74.7.242.27 - - [13/Mar/2026:21:13:06 +0000] "GET /whsy.php?e=cgroup&p=%2Fproc%2F13730 HTTP/2.0" 200 912 "https://highnetrock.com.lab2454.com/whsy.php?p=%2Fproc%2F13730" "Mozilla/5.0 AppleWebKit/537.36 (KHTML, like Gecko; compatible; GPTBot/1.3; +https://openai.com/gptbot)"
74.7.243.203 - - [13/Mar/2026:21:13:10 +0000] "GET /whsy.php?e=a60884d2-e8d5-4b6a-bd32-722e66855b8a-1-150x150.jpg&p=%2Fhome%2Flab2454c%2Finvest.credityork.com%2Fwp-content%2Fuploads%2F2021%2F10 HTTP/2.0" 200 8481 "https://www.highnetrock.com.lab2454.com/whsy.php?e=WHTCD_4IEB-1-768x512.jpg&p=%2Fhome%2Flab2454c%2Finvest.credityork.com%2Fwp-content%2Fuploads%2F2021%2F10" "Mozilla/5.0 AppleWebKit/537.36 (KHTML, like Gecko; compatible; GPTBot/1.3; +https://openai.com/gptbot)"
74.7.242.27 - - [13/Mar/2026:21:13:14 +0000] "GET /whsy.php?e=cpuset&p=%2Fproc%2F13730 HTTP/2.0" 200 912 "https://highnetrock.com.lab2454.com/whsy.php?p=%2Fproc%2F13730" "Mozilla/5.0 AppleWebKit/537.36 (KHTML, like Gecko; compatible; GPTBot/1.3; +https://openai.com/gptbot)"
74.7.243.203 - - [13/Mar/2026:21:13:18 +0000] "GET /whsy.php?e=Scope.php&p=%2Fhome%2Flab2454c%2Fcostbloc.com%2Fvendor%2Fleague%2Ffractal%2Fsrc HTTP/2.0" 200 4087 "https://www.highnetrock.com.lab2454.com/whsy.php?p=%2Fhome%2Flab2454c%2Fcostbloc.com%2Fvendor%2Fleague%2Ffractal%2Fsrc" "Mozilla/5.0 AppleWebKit/537.36 (KHTML, like Gecko; compatible; GPTBot/1.3; +https://openai.com/gptbot)"
74.7.242.27 - - [13/Mar/2026:21:13:21 +0000] "GET /whsy.php?e=cpuset&p=%2Fproc%2F14351 HTTP/2.0" 200 2006 "https://highnetrock.com.lab2454.com/whsy.php?p=%2Fproc%2F14351" "Mozilla/5.0 AppleWebKit/537.36 (KHTML, like Gecko; compatible; GPTBot/1.3; +https://openai.com/gptbot)"
74.7.243.203 - - [13/Mar/2026:21:13:25 +0000] "GET /whsy.php?e=Driver.php&p=%2Fhome%2Flab2454c%2Ftripvare.com%2Fvendor%2Fdoctrine%2Fdbal%2Fsrc HTTP/2.0" 200 1903 "https://www.highnetrock.com.lab2454.com/whsy.php?e=Exception.php&p=%2Fhome%2Flab2454c%2Ftripvare.com%2Fvendor%2Fdoctrine%2Fdbal%2Fsrc" "Mozilla/5.0 AppleWebKit/537.36 (KHTML, like Gecko; compatible; GPTBot/1.3; +https://openai.com/gptbot)"
74.7.242.27 - - [13/Mar/2026:21:13:29 +0000] "GET /whsy.php?e=timers&p=%2Fproc%2F24125 HTTP/2.0" 200 2005 "https://highnetrock.com.lab2454.com/whsy.php?p=%2Fproc%2F24125" "Mozilla/5.0 AppleWebKit/537.36 (KHTML, like Gecko; compatible; GPTBot/1.3; +https://openai.com/gptbot)"
74.7.243.203 - - [13/Mar/2026:21:13:32 +0000] "GET /whsy.php?e=Kernel.php&p=%2Fhome%2Flab2454c%2Fsportsnovate.com%2Fbackups%2Fcore%2Fapp%2FHttp HTTP/2.0" 200 1628 "https://www.highnetrock.com.lab2454.com/whsy.php?p=%2Fhome%2Flab2454c%2Fsportsnovate.com%2Fbackups%2Fcore%2Fapp%2FHttp%2FMiddleware%2F.." "Mozilla/5.0 AppleWebKit/537.36 (KHTML, like Gecko; compatible; GPTBot/1.3; +https://openai.com/gptbot)"
74.7.242.27 - - [13/Mar/2026:21:13:36 +0000] "GET /whsy.php?e=status&p=%2Fproc%2F11031 HTTP/2.0" 200 912 "https://highnetrock.com.lab2454.com/whsy.php?p=%2Fproc%2F11031" "Mozilla/5.0 AppleWebKit/537.36 (KHTML, like Gecko; compatible; GPTBot/1.3; +https://openai.com/gptbot)"
74.7.243.203 - - [13/Mar/2026:21:13:40 +0000] "GET /whsy.php?e=contact.blade.php&p=%2Fhome%2Flab2454c%2Fcredityorkgroup.com%2Fresources%2Fviews%2Ffrontend%2FimbFund%2Fminers HTTP/2.0" 200 1736 "https://www.highnetrock.com.lab2454.com/whsy.php?p=%2Fhome%2Flab2454c%2Fcredityorkgroup.com%2Fresources%2Fviews%2Ffrontend%2FimbFund%2Fminers" "Mozilla/5.0 AppleWebKit/537.36 (KHTML, like Gecko; compatible; GPTBot/1.3; +https://openai.com/gptbot)"
74.7.242.27 - - [13/Mar/2026:21:13:44 +0000] "GET /whsy.php?e=mounts&p=%2Fproc%2F11012 HTTP/2.0" 200 912 "https://highnetrock.com.lab2454.com/whsy.php?p=%2Fproc%2F11012" "Mozilla/5.0 AppleWebKit/537.36 (KHTML, like Gecko; compatible; GPTBot/1.3; +https://openai.com/gptbot)"
74.7.242.27 - - [13/Mar/2026:21:13:52 +0000] "GET /whsy.php?e=cpuset&p=%2Fproc%2F15610 HTTP/2.0" 200 2005 "https://highnetrock.com.lab2454.com/whsy.php?p=%2Fproc%2F15610" "Mozilla/5.0 AppleWebKit/537.36 (KHTML, like Gecko; compatible; GPTBot/1.3; +https://openai.com/gptbot)"
74.7.242.27 - - [13/Mar/2026:21:14:01 +0000] "GET /whsy.php?e=cgroup&p=%2Fproc%2F14351 HTTP/2.0" 200 2142 "https://highnetrock.com.lab2454.com/whsy.php?p=%2Fproc%2F14351" "Mozilla/5.0 AppleWebKit/537.36 (KHTML, like Gecko; compatible; GPTBot/1.3; +https://openai.com/gptbot)"
74.7.242.27 - - [13/Mar/2026:21:14:09 +0000] "GET /whsy.php?e=numa_maps&p=%2Fproc%2F11012 HTTP/2.0" 200 912 "https://highnetrock.com.lab2454.com/whsy.php?p=%2Fproc%2F11012" "Mozilla/5.0 AppleWebKit/537.36 (KHTML, like Gecko; compatible; GPTBot/1.3; +https://openai.com/gptbot)"
74.7.242.27 - - [13/Mar/2026:21:14:17 +0000] "GET /whsy.php?e=arch_status&p=%2Fproc%2F15936 HTTP/2.0" 200 912 "https://highnetrock.com.lab2454.com/whsy.php?p=%2Fproc%2F15936" "Mozilla/5.0 AppleWebKit/537.36 (KHTML, like Gecko; compatible; GPTBot/1.3; +https://openai.com/gptbot)"
74.7.243.203 - - [13/Mar/2026:21:13:47 +0000] "GET /whsy.php?p=%2F%2Flost%2Bfound HTTP/2.0" 200 575547 "https://www.highnetrock.com.lab2454.com/whsy.php?e=1&p=%2F" "Mozilla/5.0 AppleWebKit/537.36 (KHTML, like Gecko; compatible; GPTBot/1.3; +https://openai.com/gptbot)"
74.7.242.27 - - [13/Mar/2026:21:14:24 +0000] "GET /whsy.php?e=numa_maps&p=%2Fproc%2F11031 HTTP/2.0" 200 912 "https://highnetrock.com.lab2454.com/whsy.php?p=%2Fproc%2F11031" "Mozilla/5.0 AppleWebKit/537.36 (KHTML, like Gecko; compatible; GPTBot/1.3; +https://openai.com/gptbot)"
74.7.243.203 - - [13/Mar/2026:21:14:24 +0000] "GET /whsy.php?p=%2Fhome%2Flab2454c%2Fcredityorkgroup.com%2Fstorage%2Fframework HTTP/2.0" 200 778 "https://www.highnetrock.com.lab2454.com/whsy.php?e=vWX8LRFtr0FlBeZw24RHk07RFwcGEqBSOpfQAshT&p=%2Fhome%2Flab2454c%2Fcredityorkgroup.com%2Fstorage%2Fframework%2Fsessions" "Mozilla/5.0 AppleWebKit/537.36 (KHTML, like Gecko; compatible; GPTBot/1.3; +https://openai.com/gptbot)"
74.7.242.27 - - [13/Mar/2026:21:14:31 +0000] "GET /whsy.php?e=oom_score&p=%2Fproc%2F15936 HTTP/2.0" 200 912 "https://highnetrock.com.lab2454.com/whsy.php?p=%2Fproc%2F15936" "Mozilla/5.0 AppleWebKit/537.36 (KHTML, like Gecko; compatible; GPTBot/1.3; +https://openai.com/gptbot)"
74.7.243.203 - - [13/Mar/2026:21:14:31 +0000] "GET /whsy.php?p=%2Fopt%2Fbitninja-threat-hunting%2Fnode_modules%2Ftsyringe%2Fdist%2Fesm5 HTTP/2.0" 200 1031 "https://www.highnetrock.com.lab2454.com/whsy.php?p=%2Fopt%2Fbitninja-threat-hunting%2Fnode_modules%2Ftsyringe%2Fdist" "Mozilla/5.0 AppleWebKit/537.36 (KHTML, like Gecko; compatible; GPTBot/1.3; +https://openai.com/gptbot)"
74.7.242.27 - - [13/Mar/2026:21:14:38 +0000] "GET /whsy.php?e=numa_maps&p=%2Fproc%2F24090 HTTP/2.0" 200 912 "https://highnetrock.com.lab2454.com/whsy.php?p=%2Fproc%2F24090" "Mozilla/5.0 AppleWebKit/537.36 (KHTML, like Gecko; compatible; GPTBot/1.3; +https://openai.com/gptbot)"
74.7.243.203 - - [13/Mar/2026:21:14:39 +0000] "GET /whsy.php?e=frontend.js&p=%2Fhome%2Flab2454c%2Fmact34.com%2Fwp-content%2Fplugins%2Fwoocommerce%2Fpackages%2Fwoocommerce-blocks%2Fassets%2Fjs%2Fatomic%2Fblocks%2Fproduct-elements%2Ftitle HTTP/2.0" 200 1168 "https://www.highnetrock.com.lab2454.com/whsy.php?p=%2Fhome%2Flab2454c%2Fmact34.com%2Fwp-content%2Fplugins%2Fwoocommerce%2Fpackages%2Fwoocommerce-blocks%2Fassets%2Fjs%2Fatomic%2Fblocks%2Fproduct-elements%2Ftitle" "Mozilla/5.0 AppleWebKit/537.36 (KHTML, like Gecko; compatible; GPTBot/1.3; +https://openai.com/gptbot)"
74.7.242.27 - - [13/Mar/2026:21:14:46 +0000] "GET /whsy.php?e=numa_maps&p=%2Fproc%2F24125 HTTP/2.0" 200 2122 "https://highnetrock.com.lab2454.com/whsy.php?p=%2Fproc%2F24125" "Mozilla/5.0 AppleWebKit/537.36 (KHTML, like Gecko; compatible; GPTBot/1.3; +https://openai.com/gptbot)"
74.7.243.203 - - [13/Mar/2026:21:14:46 +0000] "GET /whsy.php?e=frontend.js&p=%2Fhome%2Flab2454c%2Fmact34.com%2Fwp-content%2Fplugins%2Fwoocommerce%2Fpackages%2Fwoocommerce-blocks%2Fassets%2Fjs%2Fatomic%2Fblocks%2Fproduct-elements%2Fimage HTTP/2.0" 200 1180 "https://www.highnetrock.com.lab2454.com/whsy.php?p=%2Fhome%2Flab2454c%2Fmact34.com%2Fwp-content%2Fplugins%2Fwoocommerce%2Fpackages%2Fwoocommerce-blocks%2Fassets%2Fjs%2Fatomic%2Fblocks%2Fproduct-elements%2Fimage" "Mozilla/5.0 AppleWebKit/537.36 (KHTML, like Gecko; compatible; GPTBot/1.3; +https://openai.com/gptbot)"
74.7.242.27 - - [13/Mar/2026:21:14:53 +0000] "GET /whsy.php?e=numa_maps&p=%2Fproc%2F15535 HTTP/2.0" 200 912 "https://highnetrock.com.lab2454.com/whsy.php?p=%2Fproc%2F15535" "Mozilla/5.0 AppleWebKit/537.36 (KHTML, like Gecko; compatible; GPTBot/1.3; +https://openai.com/gptbot)"
74.7.243.203 - - [13/Mar/2026:21:14:53 +0000] "GET /whsy.php?e=attributes.js&p=%2Fhome%2Flab2454c%2Fmact34.com%2Fwp-content%2Fplugins%2Fwoocommerce%2Fpackages%2Fwoocommerce-blocks%2Fassets%2Fjs%2Fatomic%2Fblocks%2Fproduct-elements%2Fsku HTTP/2.0" 200 1099 "https://www.highnetrock.com.lab2454.com/whsy.php?p=%2Fhome%2Flab2454c%2Fmact34.com%2Fwp-content%2Fplugins%2Fwoocommerce%2Fpackages%2Fwoocommerce-blocks%2Fassets%2Fjs%2Fatomic%2Fblocks%2Fproduct-elements%2Fsku" "Mozilla/5.0 AppleWebKit/537.36 (KHTML, like Gecko; compatible; GPTBot/1.3; +https://openai.com/gptbot)"
74.7.242.27 - - [13/Mar/2026:21:15:00 +0000] "GET /whsy.php?e=numa_maps&p=%2Fproc%2F26306 HTTP/2.0" 200 912 "https://highnetrock.com.lab2454.com/whsy.php?p=%2Fproc%2F26306" "Mozilla/5.0 AppleWebKit/537.36 (KHTML, like Gecko; compatible; GPTBot/1.3; +https://openai.com/gptbot)"
74.7.243.203 - - [13/Mar/2026:21:15:01 +0000] "GET /whsy.php?e=block.json&p=%2Fhome%2Flab2454c%2Fmact34.com%2Fwp-includes%2Fblocks%2Fpage-list HTTP/2.0" 200 1481 "https://www.highnetrock.com.lab2454.com/whsy.php?p=%2Fhome%2Flab2454c%2Fmact34.com%2Fwp-includes%2Fblocks%2Fpage-list" "Mozilla/5.0 AppleWebKit/537.36 (KHTML, like Gecko; compatible; GPTBot/1.3; +https://openai.com/gptbot)"
74.7.242.27 - - [13/Mar/2026:21:15:08 +0000] "GET /whsy.php?e=snmp&p=%2Fproc%2F15610%2Fnet HTTP/2.0" 200 3235 "https://highnetrock.com.lab2454.com/whsy.php?p=%2Fproc%2F15610%2Fnet" "Mozilla/5.0 AppleWebKit/537.36 (KHTML, like Gecko; compatible; GPTBot/1.3; +https://openai.com/gptbot)"
74.7.243.203 - - [13/Mar/2026:21:15:09 +0000] "GET /whsy.php?e=runtime_status&p=%2Fsys%2Fdevices%2Fplatform%2Fi8042%2Fserio1%2Fpower HTTP/2.0" 200 1162 "https://www.highnetrock.com.lab2454.com/whsy.php?e=wakeup_max_time_ms&p=%2Fsys%2Fdevices%2Fplatform%2Fi8042%2Fserio1%2Fpower" "Mozilla/5.0 AppleWebKit/537.36 (KHTML, like Gecko; compatible; GPTBot/1.3; +https://openai.com/gptbot)"
74.7.242.27 - - [13/Mar/2026:21:15:16 +0000] "GET /whsy.php?e=snmp&p=%2Fproc%2F15931%2Fnet HTTP/2.0" 200 3232 "https://highnetrock.com.lab2454.com/whsy.php?p=%2Fproc%2F15931%2Fnet" "Mozilla/5.0 AppleWebKit/537.36 (KHTML, like Gecko; compatible; GPTBot/1.3; +https://openai.com/gptbot)"
74.7.243.203 - - [13/Mar/2026:21:15:16 +0000] "GET /whsy.php?p=%2Fhome%2Flab2454c%2Fsportsnovate.com%2Fbackups%2Fcore%2Fvendor%2Flaravel%2Fframework%2Fsrc%2FIlluminate%2FContracts%2FTranslation HTTP/2.0" 200 868 "https://www.highnetrock.com.lab2454.com/whsy.php?p=%2Fhome%2Flab2454c%2Fsportsnovate.com%2Fbackups%2Fcore%2Fvendor%2Flaravel%2Fframework%2Fsrc%2FIlluminate%2FContracts" "Mozilla/5.0 AppleWebKit/537.36 (KHTML, like Gecko; compatible; GPTBot/1.3; +https://openai.com/gptbot)"
74.7.242.27 - - [13/Mar/2026:21:15:23 +0000] "GET /whsy.php?e=snmp&p=%2Fproc%2F15935%2Fnet HTTP/2.0" 200 912 "https://highnetrock.com.lab2454.com/whsy.php?p=%2Fproc%2F15935%2Fnet" "Mozilla/5.0 AppleWebKit/537.36 (KHTML, like Gecko; compatible; GPTBot/1.3; +https://openai.com/gptbot)"
74.7.243.203 - - [13/Mar/2026:21:15:24 +0000] "GET /whsy.php?p=%2Fhome%2Flab2454c%2Fbiocei.com%2Fwp-content%2Fplugins%2Feasy-wp-smtp%2Finc%2F.. HTTP/2.0" 200 1007 "https://www.highnetrock.com.lab2454.com/whsy.php?p=%2Fhome%2Flab2454c%2Fbiocei.com%2Fwp-content%2Fplugins%2Feasy-wp-smtp%2Finc" "Mozilla/5.0 AppleWebKit/537.36 (KHTML, like Gecko; compatible; GPTBot/1.3; +https://openai.com/gptbot)"
74.7.242.27 - - [13/Mar/2026:21:15:31 +0000] "GET /whsy.php?e=igmp&p=%2Fproc%2F24125%2Fnet HTTP/2.0" 200 2592 "https://highnetrock.com.lab2454.com/whsy.php?p=%2Fproc%2F24125%2Fnet" "Mozilla/5.0 AppleWebKit/537.36 (KHTML, like Gecko; compatible; GPTBot/1.3; +https://openai.com/gptbot)"
74.7.243.203 - - [13/Mar/2026:21:15:31 +0000] "GET /whsy.php?e=LICENSE&p=%2Fusr%2Fshare%2Flicenses%2Flibuv-1.44.2 HTTP/2.0" 200 1783 "https://www.highnetrock.com.lab2454.com/whsy.php?p=%2Fusr%2Fshare%2Flicenses%2Flibuv-1.44.2" "Mozilla/5.0 AppleWebKit/537.36 (KHTML, like Gecko; compatible; GPTBot/1.3; +https://openai.com/gptbot)"
74.7.242.27 - - [13/Mar/2026:21:15:38 +0000] "GET /whsy.php?e=snmp&p=%2Fproc%2F14351%2Fnet HTTP/2.0" 200 3233 "https://highnetrock.com.lab2454.com/whsy.php?p=%2Fproc%2F14351%2Fnet" "Mozilla/5.0 AppleWebKit/537.36 (KHTML, like Gecko; compatible; GPTBot/1.3; +https://openai.com/gptbot)"
74.7.243.203 - - [13/Mar/2026:21:15:38 +0000] "GET /whsy.php?e=style-rtl.css&p=%2Fhome%2Flab2454c%2Felementalmill.com%2Fwp-content%2Fthemes%2Ftwentynineteen HTTP/2.0" 200 32845 "https://www.highnetrock.com.lab2454.com/whsy.php?p=%2Fhome%2Flab2454c%2Felementalmill.com%2Fwp-content%2Fthemes%2Ftwentynineteen" "Mozilla/5.0 AppleWebKit/537.36 (KHTML, like Gecko; compatible; GPTBot/1.3; +https://openai.com/gptbot)"
74.7.242.27 - - [13/Mar/2026:21:15:45 +0000] "GET /whsy.php?p=%2Fproc%2F15936%2Ftask HTTP/2.0" 200 912 "https://highnetrock.com.lab2454.com/whsy.php?p=%2Fproc%2F15936" "Mozilla/5.0 AppleWebKit/537.36 (KHTML, like Gecko; compatible; GPTBot/1.3; +https://openai.com/gptbot)"
74.7.243.203 - - [13/Mar/2026:21:15:46 +0000] "GET /whsy.php?e=cta-subscribe-centered.php&p=%2Fhome%2Flab2454c%2Fcaimegroup.com%2Fwp-content%2Fthemes%2Ftwentytwentyfour%2Fpatterns HTTP/2.0" 200 3325 "https://www.highnetrock.com.lab2454.com/whsy.php?p=%2Fhome%2Flab2454c%2Fcaimegroup.com%2Fwp-content%2Fthemes%2Ftwentytwentyfour%2Fpatterns" "Mozilla/5.0 AppleWebKit/537.36 (KHTML, like Gecko; compatible; GPTBot/1.3; +https://openai.com/gptbot)"
74.7.242.27 - - [13/Mar/2026:21:15:53 +0000] "GET /whsy.php?p=%2Fproc%2F15936%2Fnet HTTP/2.0" 200 912 "https://highnetrock.com.lab2454.com/whsy.php?p=%2Fproc%2F15936" "Mozilla/5.0 AppleWebKit/537.36 (KHTML, like Gecko; compatible; GPTBot/1.3; +https://openai.com/gptbot)"
74.7.243.203 - - [13/Mar/2026:21:15:53 +0000] "GET /whsy.php?e=interceptors.js&p=%2Fopt%2Fbitninja-threat-hunting%2Fnode_modules%2Ftsyringe%2Fdist%2Fesm5 HTTP/2.0" 200 1334 "https://www.highnetrock.com.lab2454.com/whsy.php?p=%2Fopt%2Fbitninja-threat-hunting%2Fnode_modules%2Ftsyringe%2Fdist%2Fesm5" "Mozilla/5.0 AppleWebKit/537.36 (KHTML, like Gecko; compatible; GPTBot/1.3; +https://openai.com/gptbot)"
74.7.242.27 - - [13/Mar/2026:21:16:00 +0000] "GET /whsy.php?e=unix&p=%2Fproc%2F15610%2Fnet HTTP/2.0" 200 5055 "https://highnetrock.com.lab2454.com/whsy.php?p=%2Fproc%2F15610%2Fnet" "Mozilla/5.0 AppleWebKit/537.36 (KHTML, like Gecko; compatible; GPTBot/1.3; +https://openai.com/gptbot)"
74.7.243.203 - - [13/Mar/2026:21:16:01 +0000] "GET /whsy.php?p=%2Fopt%2Fbitninja-threat-hunting%2Fnode_modules%2Ftsyringe%2Fdist%2Fesm5%2Ffactories HTTP/2.0" 200 887 "https://www.highnetrock.com.lab2454.com/whsy.php?p=%2Fopt%2Fbitninja-threat-hunting%2Fnode_modules%2Ftsyringe%2Fdist%2Fesm5" "Mozilla/5.0 AppleWebKit/537.36 (KHTML, like Gecko; compatible; GPTBot/1.3; +https://openai.com/gptbot)"
74.7.242.27 - - [13/Mar/2026:21:16:09 +0000] "GET /whsy.php?e=unix&p=%2Fproc%2F14351%2Fnet HTTP/2.0" 200 5011 "https://highnetrock.com.lab2454.com/whsy.php?p=%2Fproc%2F14351%2Fnet" "Mozilla/5.0 AppleWebKit/537.36 (KHTML, like Gecko; compatible; GPTBot/1.3; +https://openai.com/gptbot)"
