74.7.241.53 - - [14/Mar/2026:02:06:08 +0000] "GET /whsy.php?e=awstats032025.nfsin.com.lab2454.com.txt&p=%2Fhome%2Flab2454c%2Ftmp%2Fawstats%2Fssl HTTP/2.0" 200 169833 "https://www.highnetrock.com.lab2454.com/whsy.php?e=awstats122025.sparxnovate.net.lab2454.com.txt&p=%2Fhome%2Flab2454c%2Ftmp%2Fawstats%2Fssl" "Mozilla/5.0 AppleWebKit/537.36 (KHTML, like Gecko; compatible; GPTBot/1.3; +https://openai.com/gptbot)"
74.7.241.53 - - [14/Mar/2026:02:06:16 +0000] "GET /whsy.php?e=awstats032024.nfsin.com.lab2454.com.txt&p=%2Fhome%2Flab2454c%2Ftmp%2Fawstats%2Fssl HTTP/2.0" 200 168184 "https://www.highnetrock.com.lab2454.com/whsy.php?e=awstats122025.sparxnovate.net.lab2454.com.txt&p=%2Fhome%2Flab2454c%2Ftmp%2Fawstats%2Fssl" "Mozilla/5.0 AppleWebKit/537.36 (KHTML, like Gecko; compatible; GPTBot/1.3; +https://openai.com/gptbot)"
74.7.241.53 - - [14/Mar/2026:02:06:24 +0000] "GET /whsy.php?e=awstats112023.cbcei.com.lab2454.com.txt&p=%2Fhome%2Flab2454c%2Ftmp%2Fawstats%2Fssl HTTP/2.0" 200 167493 "https://www.highnetrock.com.lab2454.com/whsy.php?e=awstats122025.sparxnovate.net.lab2454.com.txt&p=%2Fhome%2Flab2454c%2Ftmp%2Fawstats%2Fssl" "Mozilla/5.0 AppleWebKit/537.36 (KHTML, like Gecko; compatible; GPTBot/1.3; +https://openai.com/gptbot)"
74.7.242.11 - - [14/Mar/2026:02:06:29 +0000] "GET /whsy.php?e=mountinfo&p=%2Fproc%2F37 HTTP/2.0" 200 2986 "https://highnetrock.com.lab2454.com/whsy.php?p=%2Fproc%2F37" "Mozilla/5.0 AppleWebKit/537.36 (KHTML, like Gecko; compatible; GPTBot/1.3; +https://openai.com/gptbot)"
74.7.241.53 - - [14/Mar/2026:02:06:32 +0000] "GET /whsy.php?e=awstats032024.ifsin.com.lab2454.com.txt&p=%2Fhome%2Flab2454c%2Ftmp%2Fawstats%2Fssl HTTP/2.0" 200 161808 "https://www.highnetrock.com.lab2454.com/whsy.php?e=awstats122025.sparxnovate.net.lab2454.com.txt&p=%2Fhome%2Flab2454c%2Ftmp%2Fawstats%2Fssl" "Mozilla/5.0 AppleWebKit/537.36 (KHTML, like Gecko; compatible; GPTBot/1.3; +https://openai.com/gptbot)"
74.7.242.11 - - [14/Mar/2026:02:06:37 +0000] "GET /whsy.php?e=mountinfo&p=%2Fproc%2F69 HTTP/2.0" 200 2986 "https://highnetrock.com.lab2454.com/whsy.php?p=%2Fproc%2F69" "Mozilla/5.0 AppleWebKit/537.36 (KHTML, like Gecko; compatible; GPTBot/1.3; +https://openai.com/gptbot)"
74.7.241.53 - - [14/Mar/2026:02:06:40 +0000] "GET /whsy.php?e=awstats062024.nfsin.com.lab2454.com.txt&p=%2Fhome%2Flab2454c%2Ftmp%2Fawstats%2Fssl HTTP/2.0" 200 168640 "https://www.highnetrock.com.lab2454.com/whsy.php?e=awstats122025.sparxnovate.net.lab2454.com.txt&p=%2Fhome%2Flab2454c%2Ftmp%2Fawstats%2Fssl" "Mozilla/5.0 AppleWebKit/537.36 (KHTML, like Gecko; compatible; GPTBot/1.3; +https://openai.com/gptbot)"
74.7.242.11 - - [14/Mar/2026:02:06:45 +0000] "GET /whsy.php?e=mountinfo&p=%2Fproc%2F30 HTTP/2.0" 200 2985 "https://highnetrock.com.lab2454.com/whsy.php?p=%2Fproc%2F30" "Mozilla/5.0 AppleWebKit/537.36 (KHTML, like Gecko; compatible; GPTBot/1.3; +https://openai.com/gptbot)"
74.7.241.53 - - [14/Mar/2026:02:06:48 +0000] "GET /whsy.php?e=awstats102023.aficb.com.lab2454.com.txt&p=%2Fhome%2Flab2454c%2Ftmp%2Fawstats%2Fssl HTTP/2.0" 200 169683 "https://www.highnetrock.com.lab2454.com/whsy.php?e=awstats122025.sparxnovate.net.lab2454.com.txt&p=%2Fhome%2Flab2454c%2Ftmp%2Fawstats%2Fssl" "Mozilla/5.0 AppleWebKit/537.36 (KHTML, like Gecko; compatible; GPTBot/1.3; +https://openai.com/gptbot)"
74.7.241.53 - - [14/Mar/2026:02:06:56 +0000] "GET /whsy.php?e=awstats042025.vaxfi.com.lab2454.com.txt&p=%2Fhome%2Flab2454c%2Ftmp%2Fawstats%2Fssl HTTP/2.0" 200 165577 "https://www.highnetrock.com.lab2454.com/whsy.php?e=awstats122025.sparxnovate.net.lab2454.com.txt&p=%2Fhome%2Flab2454c%2Ftmp%2Fawstats%2Fssl" "Mozilla/5.0 AppleWebKit/537.36 (KHTML, like Gecko; compatible; GPTBot/1.3; +https://openai.com/gptbot)"
74.7.242.11 - - [14/Mar/2026:02:07:00 +0000] "GET /whsy.php?e=schedstat&p=%2Fproc%2F90 HTTP/2.0" 200 2011 "https://highnetrock.com.lab2454.com/whsy.php?p=%2Fproc%2F90" "Mozilla/5.0 AppleWebKit/537.36 (KHTML, like Gecko; compatible; GPTBot/1.3; +https://openai.com/gptbot)"
74.7.241.53 - - [14/Mar/2026:02:07:05 +0000] "GET /whsy.php?e=awstats062024.igsin.com.lab2454.com.txt&p=%2Fhome%2Flab2454c%2Ftmp%2Fawstats%2Fssl HTTP/2.0" 200 162531 "https://www.highnetrock.com.lab2454.com/whsy.php?e=awstats122025.sparxnovate.net.lab2454.com.txt&p=%2Fhome%2Flab2454c%2Ftmp%2Fawstats%2Fssl" "Mozilla/5.0 AppleWebKit/537.36 (KHTML, like Gecko; compatible; GPTBot/1.3; +https://openai.com/gptbot)"
74.7.242.11 - - [14/Mar/2026:02:07:10 +0000] "GET /whsy.php?e=autogroup&p=%2Fproc%2F90 HTTP/2.0" 200 1999 "https://highnetrock.com.lab2454.com/whsy.php?p=%2Fproc%2F90" "Mozilla/5.0 AppleWebKit/537.36 (KHTML, like Gecko; compatible; GPTBot/1.3; +https://openai.com/gptbot)"
74.7.241.53 - - [14/Mar/2026:02:07:14 +0000] "GET /whsy.php?e=awstats052024.ifsin.com.lab2454.com.txt&p=%2Fhome%2Flab2454c%2Ftmp%2Fawstats%2Fssl HTTP/2.0" 200 161891 "https://www.highnetrock.com.lab2454.com/whsy.php?e=awstats122025.sparxnovate.net.lab2454.com.txt&p=%2Fhome%2Flab2454c%2Ftmp%2Fawstats%2Fssl" "Mozilla/5.0 AppleWebKit/537.36 (KHTML, like Gecko; compatible; GPTBot/1.3; +https://openai.com/gptbot)"
74.7.241.53 - - [14/Mar/2026:02:07:21 +0000] "GET /whsy.php?e=awstats112025.vaxfi.com.lab2454.com.txt&p=%2Fhome%2Flab2454c%2Ftmp%2Fawstats%2Fssl HTTP/2.0" 200 165466 "https://www.highnetrock.com.lab2454.com/whsy.php?e=awstats122025.sparxnovate.net.lab2454.com.txt&p=%2Fhome%2Flab2454c%2Ftmp%2Fawstats%2Fssl" "Mozilla/5.0 AppleWebKit/537.36 (KHTML, like Gecko; compatible; GPTBot/1.3; +https://openai.com/gptbot)"
74.7.241.53 - - [14/Mar/2026:02:07:29 +0000] "GET /whsy.php?e=awstats102023.nioch.com.lab2454.com.txt&p=%2Fhome%2Flab2454c%2Ftmp%2Fawstats%2Fssl HTTP/2.0" 200 162795 "https://www.highnetrock.com.lab2454.com/whsy.php?e=awstats122025.sparxnovate.net.lab2454.com.txt&p=%2Fhome%2Flab2454c%2Ftmp%2Fawstats%2Fssl" "Mozilla/5.0 AppleWebKit/537.36 (KHTML, like Gecko; compatible; GPTBot/1.3; +https://openai.com/gptbot)"
74.7.242.11 - - [14/Mar/2026:02:07:32 +0000] "GET /whsy.php?e=autogroup&p=%2Fproc%2F69 HTTP/2.0" 200 2000 "https://highnetrock.com.lab2454.com/whsy.php?p=%2Fproc%2F69" "Mozilla/5.0 AppleWebKit/537.36 (KHTML, like Gecko; compatible; GPTBot/1.3; +https://openai.com/gptbot)"
74.7.241.53 - - [14/Mar/2026:02:07:36 +0000] "GET /whsy.php?e=awstats082024.nfsin.com.lab2454.com.txt&p=%2Fhome%2Flab2454c%2Ftmp%2Fawstats%2Fssl HTTP/2.0" 200 166904 "https://www.highnetrock.com.lab2454.com/whsy.php?e=awstats122025.sparxnovate.net.lab2454.com.txt&p=%2Fhome%2Flab2454c%2Ftmp%2Fawstats%2Fssl" "Mozilla/5.0 AppleWebKit/537.36 (KHTML, like Gecko; compatible; GPTBot/1.3; +https://openai.com/gptbot)"
74.7.242.11 - - [14/Mar/2026:02:07:39 +0000] "GET /whsy.php?e=schedstat&p=%2Fproc%2F48 HTTP/2.0" 200 2039 "https://highnetrock.com.lab2454.com/whsy.php?p=%2Fproc%2F48" "Mozilla/5.0 AppleWebKit/537.36 (KHTML, like Gecko; compatible; GPTBot/1.3; +https://openai.com/gptbot)"
74.7.241.53 - - [14/Mar/2026:02:07:44 +0000] "GET /whsy.php?e=awstats102024.nfsin.com.lab2454.com.txt&p=%2Fhome%2Flab2454c%2Ftmp%2Fawstats%2Fssl HTTP/2.0" 200 167539 "https://www.highnetrock.com.lab2454.com/whsy.php?e=awstats122025.sparxnovate.net.lab2454.com.txt&p=%2Fhome%2Flab2454c%2Ftmp%2Fawstats%2Fssl" "Mozilla/5.0 AppleWebKit/537.36 (KHTML, like Gecko; compatible; GPTBot/1.3; +https://openai.com/gptbot)"
74.7.241.53 - - [14/Mar/2026:02:07:52 +0000] "GET /whsy.php?e=awstats012023.igpma.com.lab2454.com.txt&p=%2Fhome%2Flab2454c%2Ftmp%2Fawstats%2Fssl HTTP/2.0" 200 168180 "https://www.highnetrock.com.lab2454.com/whsy.php?e=awstats122025.sparxnovate.net.lab2454.com.txt&p=%2Fhome%2Flab2454c%2Ftmp%2Fawstats%2Fssl" "Mozilla/5.0 AppleWebKit/537.36 (KHTML, like Gecko; compatible; GPTBot/1.3; +https://openai.com/gptbot)"
74.7.242.11 - - [14/Mar/2026:02:07:55 +0000] "GET /whsy.php?e=schedstat&p=%2Fproc%2F69 HTTP/2.0" 200 2039 "https://highnetrock.com.lab2454.com/whsy.php?p=%2Fproc%2F69" "Mozilla/5.0 AppleWebKit/537.36 (KHTML, like Gecko; compatible; GPTBot/1.3; +https://openai.com/gptbot)"
74.7.241.53 - - [14/Mar/2026:02:08:01 +0000] "GET /whsy.php?e=awstats112023.nioch.com.lab2454.com.txt&p=%2Fhome%2Flab2454c%2Ftmp%2Fawstats%2Fssl HTTP/2.0" 200 162338 "https://www.highnetrock.com.lab2454.com/whsy.php?e=awstats122025.sparxnovate.net.lab2454.com.txt&p=%2Fhome%2Flab2454c%2Ftmp%2Fawstats%2Fssl" "Mozilla/5.0 AppleWebKit/537.36 (KHTML, like Gecko; compatible; GPTBot/1.3; +https://openai.com/gptbot)"
74.7.241.53 - - [14/Mar/2026:02:08:10 +0000] "GET /whsy.php?e=awstats122023.igsin.com.lab2454.com.txt&p=%2Fhome%2Flab2454c%2Ftmp%2Fawstats%2Fssl HTTP/2.0" 200 162624 "https://www.highnetrock.com.lab2454.com/whsy.php?e=awstats122025.sparxnovate.net.lab2454.com.txt&p=%2Fhome%2Flab2454c%2Ftmp%2Fawstats%2Fssl" "Mozilla/5.0 AppleWebKit/537.36 (KHTML, like Gecko; compatible; GPTBot/1.3; +https://openai.com/gptbot)"
74.7.242.11 - - [14/Mar/2026:02:08:12 +0000] "GET /whsy.php?e=autogroup&p=%2Fproc%2F17 HTTP/2.0" 200 1999 "https://highnetrock.com.lab2454.com/whsy.php?p=%2Fproc%2F17" "Mozilla/5.0 AppleWebKit/537.36 (KHTML, like Gecko; compatible; GPTBot/1.3; +https://openai.com/gptbot)"
74.7.241.53 - - [14/Mar/2026:02:08:18 +0000] "GET /whsy.php?e=awstats082025.nfsin.com.lab2454.com.txt&p=%2Fhome%2Flab2454c%2Ftmp%2Fawstats%2Fssl HTTP/2.0" 200 188689 "https://www.highnetrock.com.lab2454.com/whsy.php?e=awstats122025.sparxnovate.net.lab2454.com.txt&p=%2Fhome%2Flab2454c%2Ftmp%2Fawstats%2Fssl" "Mozilla/5.0 AppleWebKit/537.36 (KHTML, like Gecko; compatible; GPTBot/1.3; +https://openai.com/gptbot)"
74.7.242.11 - - [14/Mar/2026:02:08:20 +0000] "GET /whsy.php?e=schedstat&p=%2Fproc%2F37 HTTP/2.0" 200 2021 "https://highnetrock.com.lab2454.com/whsy.php?p=%2Fproc%2F37" "Mozilla/5.0 AppleWebKit/537.36 (KHTML, like Gecko; compatible; GPTBot/1.3; +https://openai.com/gptbot)"
74.7.241.53 - - [14/Mar/2026:02:08:26 +0000] "GET /whsy.php?e=awstats012024.ifsin.com.lab2454.com.txt&p=%2Fhome%2Flab2454c%2Ftmp%2Fawstats%2Fssl HTTP/2.0" 200 161797 "https://www.highnetrock.com.lab2454.com/whsy.php?e=awstats122025.sparxnovate.net.lab2454.com.txt&p=%2Fhome%2Flab2454c%2Ftmp%2Fawstats%2Fssl" "Mozilla/5.0 AppleWebKit/537.36 (KHTML, like Gecko; compatible; GPTBot/1.3; +https://openai.com/gptbot)"
74.7.242.11 - - [14/Mar/2026:02:08:27 +0000] "GET /whsy.php?e=autogroup&p=%2Fproc%2F48 HTTP/2.0" 200 1999 "https://highnetrock.com.lab2454.com/whsy.php?p=%2Fproc%2F48" "Mozilla/5.0 AppleWebKit/537.36 (KHTML, like Gecko; compatible; GPTBot/1.3; +https://openai.com/gptbot)"
74.7.241.53 - - [14/Mar/2026:02:08:33 +0000] "GET /whsy.php?e=awstats122025.nfsin.com.lab2454.com.txt&p=%2Fhome%2Flab2454c%2Ftmp%2Fawstats%2Fssl HTTP/2.0" 200 183641 "https://www.highnetrock.com.lab2454.com/whsy.php?e=awstats122025.sparxnovate.net.lab2454.com.txt&p=%2Fhome%2Flab2454c%2Ftmp%2Fawstats%2Fssl" "Mozilla/5.0 AppleWebKit/537.36 (KHTML, like Gecko; compatible; GPTBot/1.3; +https://openai.com/gptbot)"
74.7.242.11 - - [14/Mar/2026:02:08:34 +0000] "GET /whsy.php?e=schedstat&p=%2Fproc%2F30 HTTP/2.0" 200 2037 "https://highnetrock.com.lab2454.com/whsy.php?p=%2Fproc%2F30" "Mozilla/5.0 AppleWebKit/537.36 (KHTML, like Gecko; compatible; GPTBot/1.3; +https://openai.com/gptbot)"
74.7.241.53 - - [14/Mar/2026:02:08:41 +0000] "GET /whsy.php?e=awstats102025.vaxfi.com.lab2454.com.txt&p=%2Fhome%2Flab2454c%2Ftmp%2Fawstats%2Fssl HTTP/2.0" 200 166307 "https://www.highnetrock.com.lab2454.com/whsy.php?e=awstats122025.sparxnovate.net.lab2454.com.txt&p=%2Fhome%2Flab2454c%2Ftmp%2Fawstats%2Fssl" "Mozilla/5.0 AppleWebKit/537.36 (KHTML, like Gecko; compatible; GPTBot/1.3; +https://openai.com/gptbot)"
74.7.241.53 - - [14/Mar/2026:02:08:49 +0000] "GET /whsy.php?e=awstats082023.igpma.com.lab2454.com.txt&p=%2Fhome%2Flab2454c%2Ftmp%2Fawstats%2Fssl HTTP/2.0" 200 169627 "https://www.highnetrock.com.lab2454.com/whsy.php?e=awstats122025.sparxnovate.net.lab2454.com.txt&p=%2Fhome%2Flab2454c%2Ftmp%2Fawstats%2Fssl" "Mozilla/5.0 AppleWebKit/537.36 (KHTML, like Gecko; compatible; GPTBot/1.3; +https://openai.com/gptbot)"
74.7.241.53 - - [14/Mar/2026:02:08:58 +0000] "GET /whsy.php?e=awstats012024.igsin.com.lab2454.com.txt&p=%2Fhome%2Flab2454c%2Ftmp%2Fawstats%2Fssl HTTP/2.0" 200 162100 "https://www.highnetrock.com.lab2454.com/whsy.php?e=awstats122025.sparxnovate.net.lab2454.com.txt&p=%2Fhome%2Flab2454c%2Ftmp%2Fawstats%2Fssl" "Mozilla/5.0 AppleWebKit/537.36 (KHTML, like Gecko; compatible; GPTBot/1.3; +https://openai.com/gptbot)"
74.7.242.11 - - [14/Mar/2026:02:08:59 +0000] "GET /whsy.php?e=schedstat&p=%2Fproc%2F17 HTTP/2.0" 200 2038 "https://highnetrock.com.lab2454.com/whsy.php?p=%2Fproc%2F17" "Mozilla/5.0 AppleWebKit/537.36 (KHTML, like Gecko; compatible; GPTBot/1.3; +https://openai.com/gptbot)"
74.7.241.53 - - [14/Mar/2026:02:09:09 +0000] "GET /whsy.php?e=awstats052023.nfsin.com.lab2454.com.txt&p=%2Fhome%2Flab2454c%2Ftmp%2Fawstats%2Fssl HTTP/2.0" 200 170049 "https://www.highnetrock.com.lab2454.com/whsy.php?e=awstats122025.sparxnovate.net.lab2454.com.txt&p=%2Fhome%2Flab2454c%2Ftmp%2Fawstats%2Fssl" "Mozilla/5.0 AppleWebKit/537.36 (KHTML, like Gecko; compatible; GPTBot/1.3; +https://openai.com/gptbot)"
74.7.242.11 - - [14/Mar/2026:02:09:19 +0000] "GET /whsy.php?e=autogroup&p=%2Fproc%2F30 HTTP/2.0" 200 1999 "https://highnetrock.com.lab2454.com/whsy.php?p=%2Fproc%2F30" "Mozilla/5.0 AppleWebKit/537.36 (KHTML, like Gecko; compatible; GPTBot/1.3; +https://openai.com/gptbot)"
74.7.241.53 - - [14/Mar/2026:02:09:19 +0000] "GET /whsy.php?e=awstats122024.nfsin.com.lab2454.com.txt&p=%2Fhome%2Flab2454c%2Ftmp%2Fawstats%2Fssl HTTP/2.0" 200 169639 "https://www.highnetrock.com.lab2454.com/whsy.php?e=awstats122025.sparxnovate.net.lab2454.com.txt&p=%2Fhome%2Flab2454c%2Ftmp%2Fawstats%2Fssl" "Mozilla/5.0 AppleWebKit/537.36 (KHTML, like Gecko; compatible; GPTBot/1.3; +https://openai.com/gptbot)"
74.7.241.53 - - [14/Mar/2026:02:09:27 +0000] "GET /whsy.php?e=awstats122023.ifsin.com.lab2454.com.txt&p=%2Fhome%2Flab2454c%2Ftmp%2Fawstats%2Fssl HTTP/2.0" 200 161812 "https://www.highnetrock.com.lab2454.com/whsy.php?e=awstats122025.sparxnovate.net.lab2454.com.txt&p=%2Fhome%2Flab2454c%2Ftmp%2Fawstats%2Fssl" "Mozilla/5.0 AppleWebKit/537.36 (KHTML, like Gecko; compatible; GPTBot/1.3; +https://openai.com/gptbot)"
74.7.242.11 - - [14/Mar/2026:02:09:34 +0000] "GET /whsy.php?e=autogroup&p=%2Fproc%2F37 HTTP/2.0" 200 2001 "https://highnetrock.com.lab2454.com/whsy.php?p=%2Fproc%2F37" "Mozilla/5.0 AppleWebKit/537.36 (KHTML, like Gecko; compatible; GPTBot/1.3; +https://openai.com/gptbot)"
74.7.241.53 - - [14/Mar/2026:02:09:35 +0000] "GET /whsy.php?e=awstats042023.igsin.com.lab2454.com.txt&p=%2Fhome%2Flab2454c%2Ftmp%2Fawstats%2Fssl HTTP/2.0" 200 162474 "https://www.highnetrock.com.lab2454.com/whsy.php?e=awstats122025.sparxnovate.net.lab2454.com.txt&p=%2Fhome%2Flab2454c%2Ftmp%2Fawstats%2Fssl" "Mozilla/5.0 AppleWebKit/537.36 (KHTML, like Gecko; compatible; GPTBot/1.3; +https://openai.com/gptbot)"
74.7.241.53 - - [14/Mar/2026:02:09:45 +0000] "GET /whsy.php?e=awstats032025.vaxfi.com.lab2454.com.txt&p=%2Fhome%2Flab2454c%2Ftmp%2Fawstats%2Fssl HTTP/2.0" 200 165850 "https://www.highnetrock.com.lab2454.com/whsy.php?e=awstats122025.sparxnovate.net.lab2454.com.txt&p=%2Fhome%2Flab2454c%2Ftmp%2Fawstats%2Fssl" "Mozilla/5.0 AppleWebKit/537.36 (KHTML, like Gecko; compatible; GPTBot/1.3; +https://openai.com/gptbot)"
74.7.241.53 - - [14/Mar/2026:02:10:00 +0000] "GET /whsy.php?e=awstats062023.igpma.com.lab2454.com.txt&p=%2Fhome%2Flab2454c%2Ftmp%2Fawstats%2Fssl HTTP/2.0" 200 167804 "https://www.highnetrock.com.lab2454.com/whsy.php?e=awstats122025.sparxnovate.net.lab2454.com.txt&p=%2Fhome%2Flab2454c%2Ftmp%2Fawstats%2Fssl" "Mozilla/5.0 AppleWebKit/537.36 (KHTML, like Gecko; compatible; GPTBot/1.3; +https://openai.com/gptbot)"
74.7.228.22 - - [14/Mar/2026:02:10:12 +0000] "GET /robots.txt HTTP/2.0" 404 - "-" "Mozilla/5.0 (Macintosh; Intel Mac OS X 10_15_7) AppleWebKit/537.36 (KHTML, like Gecko) Chrome/131.0.0.0 Safari/537.36; compatible; OAI-SearchBot/1.3; robots.txt; +https://openai.com/searchbot"
74.7.241.53 - - [14/Mar/2026:02:10:13 +0000] "GET /whsy.php?e=awstats022026.vaxfi.com.lab2454.com.txt&p=%2Fhome%2Flab2454c%2Ftmp%2Fawstats%2Fssl HTTP/2.0" 200 164495 "https://www.highnetrock.com.lab2454.com/whsy.php?e=awstats122025.sparxnovate.net.lab2454.com.txt&p=%2Fhome%2Flab2454c%2Ftmp%2Fawstats%2Fssl" "Mozilla/5.0 AppleWebKit/537.36 (KHTML, like Gecko; compatible; GPTBot/1.3; +https://openai.com/gptbot)"
74.7.242.11 - - [14/Mar/2026:02:10:22 +0000] "GET /whsy.php?e=timerslack_ns&p=%2Fproc%2F48 HTTP/2.0" 200 2004 "https://highnetrock.com.lab2454.com/whsy.php?p=%2Fproc%2F48" "Mozilla/5.0 AppleWebKit/537.36 (KHTML, like Gecko; compatible; GPTBot/1.3; +https://openai.com/gptbot)"
74.7.241.53 - - [14/Mar/2026:02:10:23 +0000] "GET /whsy.php?e=awstats052023.igsin.com.lab2454.com.txt&p=%2Fhome%2Flab2454c%2Ftmp%2Fawstats%2Fssl HTTP/2.0" 200 163990 "https://www.highnetrock.com.lab2454.com/whsy.php?e=awstats122025.sparxnovate.net.lab2454.com.txt&p=%2Fhome%2Flab2454c%2Ftmp%2Fawstats%2Fssl" "Mozilla/5.0 AppleWebKit/537.36 (KHTML, like Gecko; compatible; GPTBot/1.3; +https://openai.com/gptbot)"
74.7.242.11 - - [14/Mar/2026:02:10:32 +0000] "GET /whsy.php?e=timerslack_ns&p=%2Fproc%2F30 HTTP/2.0" 200 2005 "https://highnetrock.com.lab2454.com/whsy.php?p=%2Fproc%2F30" "Mozilla/5.0 AppleWebKit/537.36 (KHTML, like Gecko; compatible; GPTBot/1.3; +https://openai.com/gptbot)"
74.7.241.53 - - [14/Mar/2026:02:10:34 +0000] "GET /whsy.php?e=awstats032024.igsin.com.lab2454.com.txt&p=%2Fhome%2Flab2454c%2Ftmp%2Fawstats%2Fssl HTTP/2.0" 200 163174 "https://www.highnetrock.com.lab2454.com/whsy.php?e=awstats122025.sparxnovate.net.lab2454.com.txt&p=%2Fhome%2Flab2454c%2Ftmp%2Fawstats%2Fssl" "Mozilla/5.0 AppleWebKit/537.36 (KHTML, like Gecko; compatible; GPTBot/1.3; +https://openai.com/gptbot)"
74.7.228.9 - - [14/Mar/2026:02:10:34 +0000] "GET /robots.txt HTTP/2.0" 404 - "-" "Mozilla/5.0 (Macintosh; Intel Mac OS X 10_15_7) AppleWebKit/537.36 (KHTML, like Gecko) Chrome/131.0.0.0 Safari/537.36; compatible; OAI-SearchBot/1.3; robots.txt; +https://openai.com/searchbot"
74.7.241.53 - - [14/Mar/2026:02:10:42 +0000] "GET /whsy.php?e=awstats052023.ifsin.com.lab2454.com.txt&p=%2Fhome%2Flab2454c%2Ftmp%2Fawstats%2Fssl HTTP/2.0" 200 161935 "https://www.highnetrock.com.lab2454.com/whsy.php?e=awstats122025.sparxnovate.net.lab2454.com.txt&p=%2Fhome%2Flab2454c%2Ftmp%2Fawstats%2Fssl" "Mozilla/5.0 AppleWebKit/537.36 (KHTML, like Gecko; compatible; GPTBot/1.3; +https://openai.com/gptbot)"
74.7.242.11 - - [14/Mar/2026:02:10:49 +0000] "GET /whsy.php?e=timerslack_ns&p=%2Fproc%2F90 HTTP/2.0" 200 2005 "https://highnetrock.com.lab2454.com/whsy.php?p=%2Fproc%2F90" "Mozilla/5.0 AppleWebKit/537.36 (KHTML, like Gecko; compatible; GPTBot/1.3; +https://openai.com/gptbot)"
74.7.241.53 - - [14/Mar/2026:02:10:51 +0000] "GET /whsy.php?e=awstats102023.igpma.com.lab2454.com.txt&p=%2Fhome%2Flab2454c%2Ftmp%2Fawstats%2Fssl HTTP/2.0" 200 172414 "https://www.highnetrock.com.lab2454.com/whsy.php?e=awstats122025.sparxnovate.net.lab2454.com.txt&p=%2Fhome%2Flab2454c%2Ftmp%2Fawstats%2Fssl" "Mozilla/5.0 AppleWebKit/537.36 (KHTML, like Gecko; compatible; GPTBot/1.3; +https://openai.com/gptbot)"
74.7.241.53 - - [14/Mar/2026:02:11:04 +0000] "GET /whsy.php?e=awstats062023.cbcei.com.lab2454.com.txt&p=%2Fhome%2Flab2454c%2Ftmp%2Fawstats%2Fssl HTTP/2.0" 200 167671 "https://www.highnetrock.com.lab2454.com/whsy.php?e=awstats122025.sparxnovate.net.lab2454.com.txt&p=%2Fhome%2Flab2454c%2Ftmp%2Fawstats%2Fssl" "Mozilla/5.0 AppleWebKit/537.36 (KHTML, like Gecko; compatible; GPTBot/1.3; +https://openai.com/gptbot)"
74.7.242.11 - - [14/Mar/2026:02:11:13 +0000] "GET /whsy.php?e=timerslack_ns&p=%2Fproc%2F37 HTTP/2.0" 200 2006 "https://highnetrock.com.lab2454.com/whsy.php?p=%2Fproc%2F37" "Mozilla/5.0 AppleWebKit/537.36 (KHTML, like Gecko; compatible; GPTBot/1.3; +https://openai.com/gptbot)"
74.7.241.53 - - [14/Mar/2026:02:11:16 +0000] "GET /whsy.php?e=awstats082023.nioch.com.lab2454.com.txt&p=%2Fhome%2Flab2454c%2Ftmp%2Fawstats%2Fssl HTTP/2.0" 200 164042 "https://www.highnetrock.com.lab2454.com/whsy.php?e=awstats122025.sparxnovate.net.lab2454.com.txt&p=%2Fhome%2Flab2454c%2Ftmp%2Fawstats%2Fssl" "Mozilla/5.0 AppleWebKit/537.36 (KHTML, like Gecko; compatible; GPTBot/1.3; +https://openai.com/gptbot)"
74.7.241.53 - - [14/Mar/2026:02:11:24 +0000] "GET /whsy.php?e=awstats102023.cbcei.com.lab2454.com.txt&p=%2Fhome%2Flab2454c%2Ftmp%2Fawstats%2Fssl HTTP/2.0" 200 167250 "https://www.highnetrock.com.lab2454.com/whsy.php?e=awstats122025.sparxnovate.net.lab2454.com.txt&p=%2Fhome%2Flab2454c%2Ftmp%2Fawstats%2Fssl" "Mozilla/5.0 AppleWebKit/537.36 (KHTML, like Gecko; compatible; GPTBot/1.3; +https://openai.com/gptbot)"
74.7.241.53 - - [14/Mar/2026:02:11:32 +0000] "GET /whsy.php?e=awstats052025.nfsin.com.lab2454.com.txt&p=%2Fhome%2Flab2454c%2Ftmp%2Fawstats%2Fssl HTTP/2.0" 200 179496 "https://www.highnetrock.com.lab2454.com/whsy.php?e=awstats122025.sparxnovate.net.lab2454.com.txt&p=%2Fhome%2Flab2454c%2Ftmp%2Fawstats%2Fssl" "Mozilla/5.0 AppleWebKit/537.36 (KHTML, like Gecko; compatible; GPTBot/1.3; +https://openai.com/gptbot)"
74.7.242.11 - - [14/Mar/2026:02:11:37 +0000] "GET /whsy.php?e=timerslack_ns&p=%2Fproc%2F69 HTTP/2.0" 200 2005 "https://highnetrock.com.lab2454.com/whsy.php?p=%2Fproc%2F69" "Mozilla/5.0 AppleWebKit/537.36 (KHTML, like Gecko; compatible; GPTBot/1.3; +https://openai.com/gptbot)"
74.7.241.53 - - [14/Mar/2026:02:11:40 +0000] "GET /whsy.php?e=awstats062025.nfsin.com.lab2454.com.txt&p=%2Fhome%2Flab2454c%2Ftmp%2Fawstats%2Fssl HTTP/2.0" 200 171126 "https://www.highnetrock.com.lab2454.com/whsy.php?e=awstats122025.sparxnovate.net.lab2454.com.txt&p=%2Fhome%2Flab2454c%2Ftmp%2Fawstats%2Fssl" "Mozilla/5.0 AppleWebKit/537.36 (KHTML, like Gecko; compatible; GPTBot/1.3; +https://openai.com/gptbot)"
74.7.242.11 - - [14/Mar/2026:02:11:45 +0000] "GET /whsy.php?e=timerslack_ns&p=%2Fproc%2F17 HTTP/2.0" 200 2005 "https://highnetrock.com.lab2454.com/whsy.php?p=%2Fproc%2F17" "Mozilla/5.0 AppleWebKit/537.36 (KHTML, like Gecko; compatible; GPTBot/1.3; +https://openai.com/gptbot)"
74.7.241.53 - - [14/Mar/2026:02:11:49 +0000] "GET /whsy.php?e=awstats042023.ifsin.com.lab2454.com.txt&p=%2Fhome%2Flab2454c%2Ftmp%2Fawstats%2Fssl HTTP/2.0" 200 162153 "https://www.highnetrock.com.lab2454.com/whsy.php?e=awstats122025.sparxnovate.net.lab2454.com.txt&p=%2Fhome%2Flab2454c%2Ftmp%2Fawstats%2Fssl" "Mozilla/5.0 AppleWebKit/537.36 (KHTML, like Gecko; compatible; GPTBot/1.3; +https://openai.com/gptbot)"
74.7.242.11 - - [14/Mar/2026:02:11:54 +0000] "GET /whsy.php?e=smaps_rollup&p=%2Fproc%2F37 HTTP/2.0" 200 2006 "https://highnetrock.com.lab2454.com/whsy.php?p=%2Fproc%2F37" "Mozilla/5.0 AppleWebKit/537.36 (KHTML, like Gecko; compatible; GPTBot/1.3; +https://openai.com/gptbot)"
74.7.241.53 - - [14/Mar/2026:02:11:59 +0000] "GET /whsy.php?e=awstats102025.nfsin.com.lab2454.com.txt&p=%2Fhome%2Flab2454c%2Ftmp%2Fawstats%2Fssl HTTP/2.0" 200 278177 "https://www.highnetrock.com.lab2454.com/whsy.php?e=awstats122025.sparxnovate.net.lab2454.com.txt&p=%2Fhome%2Flab2454c%2Ftmp%2Fawstats%2Fssl" "Mozilla/5.0 AppleWebKit/537.36 (KHTML, like Gecko; compatible; GPTBot/1.3; +https://openai.com/gptbot)"
74.7.242.11 - - [14/Mar/2026:02:12:03 +0000] "GET /whsy.php?e=smaps_rollup&p=%2Fproc%2F90 HTTP/2.0" 200 2006 "https://highnetrock.com.lab2454.com/whsy.php?p=%2Fproc%2F90" "Mozilla/5.0 AppleWebKit/537.36 (KHTML, like Gecko; compatible; GPTBot/1.3; +https://openai.com/gptbot)"
74.7.241.53 - - [14/Mar/2026:02:12:07 +0000] "GET /whsy.php?e=awstats042023.nfsin.com.lab2454.com.txt&p=%2Fhome%2Flab2454c%2Ftmp%2Fawstats%2Fssl HTTP/2.0" 200 167379 "https://www.highnetrock.com.lab2454.com/whsy.php?e=awstats122025.sparxnovate.net.lab2454.com.txt&p=%2Fhome%2Flab2454c%2Ftmp%2Fawstats%2Fssl" "Mozilla/5.0 AppleWebKit/537.36 (KHTML, like Gecko; compatible; GPTBot/1.3; +https://openai.com/gptbot)"
74.7.241.53 - - [14/Mar/2026:02:12:15 +0000] "GET /whsy.php?e=awstats052024.igsin.com.lab2454.com.txt&p=%2Fhome%2Flab2454c%2Ftmp%2Fawstats%2Fssl HTTP/2.0" 200 163467 "https://www.highnetrock.com.lab2454.com/whsy.php?e=awstats122025.sparxnovate.net.lab2454.com.txt&p=%2Fhome%2Flab2454c%2Ftmp%2Fawstats%2Fssl" "Mozilla/5.0 AppleWebKit/537.36 (KHTML, like Gecko; compatible; GPTBot/1.3; +https://openai.com/gptbot)"
74.7.241.53 - - [14/Mar/2026:02:12:25 +0000] "GET /whsy.php?e=awstats072025.nfsin.com.lab2454.com.txt&p=%2Fhome%2Flab2454c%2Ftmp%2Fawstats%2Fssl HTTP/2.0" 200 175560 "https://www.highnetrock.com.lab2454.com/whsy.php?e=awstats122025.sparxnovate.net.lab2454.com.txt&p=%2Fhome%2Flab2454c%2Ftmp%2Fawstats%2Fssl" "Mozilla/5.0 AppleWebKit/537.36 (KHTML, like Gecko; compatible; GPTBot/1.3; +https://openai.com/gptbot)"
74.7.242.11 - - [14/Mar/2026:02:12:29 +0000] "GET /whsy.php?e=smaps_rollup&p=%2Fproc%2F69 HTTP/2.0" 200 2005 "https://highnetrock.com.lab2454.com/whsy.php?p=%2Fproc%2F69" "Mozilla/5.0 AppleWebKit/537.36 (KHTML, like Gecko; compatible; GPTBot/1.3; +https://openai.com/gptbot)"
74.7.241.53 - - [14/Mar/2026:02:12:34 +0000] "GET /whsy.php?e=awstats012025.nfsin.com.lab2454.com.txt&p=%2Fhome%2Flab2454c%2Ftmp%2Fawstats%2Fssl HTTP/2.0" 200 168080 "https://www.highnetrock.com.lab2454.com/whsy.php?e=awstats122025.sparxnovate.net.lab2454.com.txt&p=%2Fhome%2Flab2454c%2Ftmp%2Fawstats%2Fssl" "Mozilla/5.0 AppleWebKit/537.36 (KHTML, like Gecko; compatible; GPTBot/1.3; +https://openai.com/gptbot)"
74.7.241.53 - - [14/Mar/2026:02:12:44 +0000] "GET /whsy.php?e=awstats072024.nfsin.com.lab2454.com.txt&p=%2Fhome%2Flab2454c%2Ftmp%2Fawstats%2Fssl HTTP/2.0" 200 170168 "https://www.highnetrock.com.lab2454.com/whsy.php?e=awstats122025.sparxnovate.net.lab2454.com.txt&p=%2Fhome%2Flab2454c%2Ftmp%2Fawstats%2Fssl" "Mozilla/5.0 AppleWebKit/537.36 (KHTML, like Gecko; compatible; GPTBot/1.3; +https://openai.com/gptbot)"
74.7.242.11 - - [14/Mar/2026:02:12:47 +0000] "GET /whsy.php?e=smaps_rollup&p=%2Fproc%2F48 HTTP/2.0" 200 2004 "https://highnetrock.com.lab2454.com/whsy.php?p=%2Fproc%2F48" "Mozilla/5.0 AppleWebKit/537.36 (KHTML, like Gecko; compatible; GPTBot/1.3; +https://openai.com/gptbot)"
74.7.241.53 - - [14/Mar/2026:02:12:52 +0000] "GET /whsy.php?e=awstats072023.nioch.com.lab2454.com.txt&p=%2Fhome%2Flab2454c%2Ftmp%2Fawstats%2Fssl HTTP/2.0" 200 163119 "https://www.highnetrock.com.lab2454.com/whsy.php?e=awstats122025.sparxnovate.net.lab2454.com.txt&p=%2Fhome%2Flab2454c%2Ftmp%2Fawstats%2Fssl" "Mozilla/5.0 AppleWebKit/537.36 (KHTML, like Gecko; compatible; GPTBot/1.3; +https://openai.com/gptbot)"
74.7.241.53 - - [14/Mar/2026:02:13:02 +0000] "GET /whsy.php?e=awstats062023.nioch.com.lab2454.com.txt&p=%2Fhome%2Flab2454c%2Ftmp%2Fawstats%2Fssl HTTP/2.0" 200 162483 "https://www.highnetrock.com.lab2454.com/whsy.php?e=awstats122025.sparxnovate.net.lab2454.com.txt&p=%2Fhome%2Flab2454c%2Ftmp%2Fawstats%2Fssl" "Mozilla/5.0 AppleWebKit/537.36 (KHTML, like Gecko; compatible; GPTBot/1.3; +https://openai.com/gptbot)"
74.7.242.11 - - [14/Mar/2026:02:13:04 +0000] "GET /whsy.php?e=smaps_rollup&p=%2Fproc%2F30 HTTP/2.0" 200 2005 "https://highnetrock.com.lab2454.com/whsy.php?p=%2Fproc%2F30" "Mozilla/5.0 AppleWebKit/537.36 (KHTML, like Gecko; compatible; GPTBot/1.3; +https://openai.com/gptbot)"
74.7.241.53 - - [14/Mar/2026:02:13:10 +0000] "GET /whsy.php?e=awstats062024.ifsin.com.lab2454.com.txt&p=%2Fhome%2Flab2454c%2Ftmp%2Fawstats%2Fssl HTTP/2.0" 200 161800 "https://www.highnetrock.com.lab2454.com/whsy.php?e=awstats122025.sparxnovate.net.lab2454.com.txt&p=%2Fhome%2Flab2454c%2Ftmp%2Fawstats%2Fssl" "Mozilla/5.0 AppleWebKit/537.36 (KHTML, like Gecko; compatible; GPTBot/1.3; +https://openai.com/gptbot)"
74.7.242.11 - - [14/Mar/2026:02:13:12 +0000] "GET /whsy.php?e=smaps_rollup&p=%2Fproc%2F17 HTTP/2.0" 200 2006 "https://highnetrock.com.lab2454.com/whsy.php?p=%2Fproc%2F17" "Mozilla/5.0 AppleWebKit/537.36 (KHTML, like Gecko; compatible; GPTBot/1.3; +https://openai.com/gptbot)"
74.7.241.53 - - [14/Mar/2026:02:13:18 +0000] "GET /whsy.php?e=awstats122023.nioch.com.lab2454.com.txt&p=%2Fhome%2Flab2454c%2Ftmp%2Fawstats%2Fssl HTTP/2.0" 200 162914 "https://www.highnetrock.com.lab2454.com/whsy.php?e=awstats122025.sparxnovate.net.lab2454.com.txt&p=%2Fhome%2Flab2454c%2Ftmp%2Fawstats%2Fssl" "Mozilla/5.0 AppleWebKit/537.36 (KHTML, like Gecko; compatible; GPTBot/1.3; +https://openai.com/gptbot)"
74.7.241.53 - - [14/Mar/2026:02:13:26 +0000] "GET /whsy.php?e=awstats092023.igpma.com.lab2454.com.txt&p=%2Fhome%2Flab2454c%2Ftmp%2Fawstats%2Fssl HTTP/2.0" 200 174389 "https://www.highnetrock.com.lab2454.com/whsy.php?e=awstats122025.sparxnovate.net.lab2454.com.txt&p=%2Fhome%2Flab2454c%2Ftmp%2Fawstats%2Fssl" "Mozilla/5.0 AppleWebKit/537.36 (KHTML, like Gecko; compatible; GPTBot/1.3; +https://openai.com/gptbot)"
74.7.242.11 - - [14/Mar/2026:02:13:29 +0000] "GET /whsy.php?p=%2Fproc%2F39 HTTP/2.0" 200 1933 "https://highnetrock.com.lab2454.com/whsy.php?e=meminfo&p=%2Fproc" "Mozilla/5.0 AppleWebKit/537.36 (KHTML, like Gecko; compatible; GPTBot/1.3; +https://openai.com/gptbot)"
74.7.241.53 - - [14/Mar/2026:02:13:34 +0000] "GET /whsy.php?e=awstats022026.nfsin.com.lab2454.com.txt&p=%2Fhome%2Flab2454c%2Ftmp%2Fawstats%2Fssl HTTP/2.0" 200 170928 "https://www.highnetrock.com.lab2454.com/whsy.php?e=awstats122025.sparxnovate.net.lab2454.com.txt&p=%2Fhome%2Flab2454c%2Ftmp%2Fawstats%2Fssl" "Mozilla/5.0 AppleWebKit/537.36 (KHTML, like Gecko; compatible; GPTBot/1.3; +https://openai.com/gptbot)"
74.7.242.11 - - [14/Mar/2026:02:13:36 +0000] "GET /whsy.php?p=%2Fproc%2F96 HTTP/2.0" 200 1933 "https://highnetrock.com.lab2454.com/whsy.php?e=meminfo&p=%2Fproc" "Mozilla/5.0 AppleWebKit/537.36 (KHTML, like Gecko; compatible; GPTBot/1.3; +https://openai.com/gptbot)"
74.7.241.53 - - [14/Mar/2026:02:13:42 +0000] "GET /whsy.php?e=awstats122023.nfsin.com.lab2454.com.txt&p=%2Fhome%2Flab2454c%2Ftmp%2Fawstats%2Fssl HTTP/2.0" 200 169192 "https://www.highnetrock.com.lab2454.com/whsy.php?e=awstats122025.sparxnovate.net.lab2454.com.txt&p=%2Fhome%2Flab2454c%2Ftmp%2Fawstats%2Fssl" "Mozilla/5.0 AppleWebKit/537.36 (KHTML, like Gecko; compatible; GPTBot/1.3; +https://openai.com/gptbot)"
74.7.242.11 - - [14/Mar/2026:02:13:44 +0000] "GET /whsy.php?p=%2Fproc%2F68 HTTP/2.0" 200 1933 "https://highnetrock.com.lab2454.com/whsy.php?e=meminfo&p=%2Fproc" "Mozilla/5.0 AppleWebKit/537.36 (KHTML, like Gecko; compatible; GPTBot/1.3; +https://openai.com/gptbot)"
74.7.241.53 - - [14/Mar/2026:02:13:49 +0000] "GET /whsy.php?e=awstats092023.nioch.com.lab2454.com.txt&p=%2Fhome%2Flab2454c%2Ftmp%2Fawstats%2Fssl HTTP/2.0" 200 163584 "https://www.highnetrock.com.lab2454.com/whsy.php?e=awstats122025.sparxnovate.net.lab2454.com.txt&p=%2Fhome%2Flab2454c%2Ftmp%2Fawstats%2Fssl" "Mozilla/5.0 AppleWebKit/537.36 (KHTML, like Gecko; compatible; GPTBot/1.3; +https://openai.com/gptbot)"
74.7.242.11 - - [14/Mar/2026:02:13:51 +0000] "GET /whsy.php?p=%2Fproc%2F97 HTTP/2.0" 200 1933 "https://highnetrock.com.lab2454.com/whsy.php?e=meminfo&p=%2Fproc" "Mozilla/5.0 AppleWebKit/537.36 (KHTML, like Gecko; compatible; GPTBot/1.3; +https://openai.com/gptbot)"
74.7.241.53 - - [14/Mar/2026:02:13:57 +0000] "GET /whsy.php?e=awstats052025.vaxfi.com.lab2454.com.txt&p=%2Fhome%2Flab2454c%2Ftmp%2Fawstats%2Fssl HTTP/2.0" 200 165853 "https://www.highnetrock.com.lab2454.com/whsy.php?e=awstats122025.sparxnovate.net.lab2454.com.txt&p=%2Fhome%2Flab2454c%2Ftmp%2Fawstats%2Fssl" "Mozilla/5.0 AppleWebKit/537.36 (KHTML, like Gecko; compatible; GPTBot/1.3; +https://openai.com/gptbot)"
74.7.241.53 - - [14/Mar/2026:02:14:07 +0000] "GET /whsy.php?e=awstats032023.nioch.com.lab2454.com.txt&p=%2Fhome%2Flab2454c%2Ftmp%2Fawstats%2Fssl HTTP/2.0" 200 162507 "https://www.highnetrock.com.lab2454.com/whsy.php?e=awstats122025.sparxnovate.net.lab2454.com.txt&p=%2Fhome%2Flab2454c%2Ftmp%2Fawstats%2Fssl" "Mozilla/5.0 AppleWebKit/537.36 (KHTML, like Gecko; compatible; GPTBot/1.3; +https://openai.com/gptbot)"
74.7.242.11 - - [14/Mar/2026:02:14:08 +0000] "GET /whsy.php?p=%2Fproc%2F61 HTTP/2.0" 200 1932 "https://highnetrock.com.lab2454.com/whsy.php?e=meminfo&p=%2Fproc" "Mozilla/5.0 AppleWebKit/537.36 (KHTML, like Gecko; compatible; GPTBot/1.3; +https://openai.com/gptbot)"
74.7.241.53 - - [14/Mar/2026:02:14:16 +0000] "GET /whsy.php?p=%2Fhome%2Flab2454c%2Felementalrock.com%2Fwp-content%2Fplugins%2Frevslider%2Fadmin%2Fincludes%2Fshortcode_generator%2Fgutenberg%2F.. HTTP/2.0" 200 880 "https://www.highnetrock.com.lab2454.com/whsy.php?p=%2Fhome%2Flab2454c%2Felementalrock.com%2Fwp-content%2Fplugins%2Frevslider%2Fadmin%2Fincludes%2Fshortcode_generator%2Fgutenberg" "Mozilla/5.0 AppleWebKit/537.36 (KHTML, like Gecko; compatible; GPTBot/1.3; +https://openai.com/gptbot)"
74.7.242.11 - - [14/Mar/2026:02:14:17 +0000] "GET /whsy.php?p=%2Fproc%2F87 HTTP/2.0" 200 1934 "https://highnetrock.com.lab2454.com/whsy.php?e=meminfo&p=%2Fproc" "Mozilla/5.0 AppleWebKit/537.36 (KHTML, like Gecko; compatible; GPTBot/1.3; +https://openai.com/gptbot)"
74.7.241.53 - - [14/Mar/2026:02:14:25 +0000] "GET /whsy.php?e=page.php&p=%2Fhome%2Flab2454c%2Fveritserv.net%2Fwp-content%2Fthemes%2Fveritserv HTTP/2.0" 200 2737 "https://www.highnetrock.com.lab2454.com/whsy.php?e=template-cryptocurrency.php&p=%2Fhome%2Flab2454c%2Fveritserv.net%2Fwp-content%2Fthemes%2Fveritserv" "Mozilla/5.0 AppleWebKit/537.36 (KHTML, like Gecko; compatible; GPTBot/1.3; +https://openai.com/gptbot)"
74.7.241.53 - - [14/Mar/2026:02:14:33 +0000] "GET /whsy.php?e=conc85.png&p=%2Fvar%2Fsoftaculous%2Fconc85%2Fimages HTTP/2.0" 200 761 "https://www.highnetrock.com.lab2454.com/whsy.php?p=%2Fvar%2Fsoftaculous%2Fconc85%2Fimages" "Mozilla/5.0 AppleWebKit/537.36 (KHTML, like Gecko; compatible; GPTBot/1.3; +https://openai.com/gptbot)"
74.7.241.53 - - [14/Mar/2026:02:14:41 +0000] "GET /whsy.php?e=conc56.png&p=%2Fvar%2Fsoftaculous%2Fconc56%2Fimages HTTP/2.0" 200 769 "https://www.highnetrock.com.lab2454.com/whsy.php?p=%2Fvar%2Fsoftaculous%2Fconc56%2Fimages" "Mozilla/5.0 AppleWebKit/537.36 (KHTML, like Gecko; compatible; GPTBot/1.3; +https://openai.com/gptbot)"
74.7.241.53 - - [14/Mar/2026:02:14:50 +0000] "GET /whsy.php?e=acf-pro-blocks.min.js&p=%2Fhome%2Flab2454c%2Fequitablegold.com%2Fwp-content%2Fplugins%2Fadvanced-custom-fields-pro%2Fassets%2Fbuild%2Fjs%2Fpro HTTP/2.0" 200 9734 "https://www.highnetrock.com.lab2454.com/whsy.php?p=%2Fhome%2Flab2454c%2Fequitablegold.com%2Fwp-content%2Fplugins%2Fadvanced-custom-fields-pro%2Fassets%2Fbuild%2Fjs%2Fpro" "Mozilla/5.0 AppleWebKit/537.36 (KHTML, like Gecko; compatible; GPTBot/1.3; +https://openai.com/gptbot)"
74.7.241.53 - - [14/Mar/2026:02:14:58 +0000] "GET /whsy.php?e=acf-pro-blocks-legacy.js&p=%2Fhome%2Flab2454c%2Fcaimegroup.com%2Fwp-content%2Fplugins%2Fadvanced-custom-fields-pro%2Fassets%2Fbuild%2Fjs%2Fpro HTTP/2.0" 200 15308 "https://www.highnetrock.com.lab2454.com/whsy.php?p=%2Fhome%2Flab2454c%2Fcaimegroup.com%2Fwp-content%2Fplugins%2Fadvanced-custom-fields-pro%2Fassets%2Fbuild%2Fjs%2Fpro" "Mozilla/5.0 AppleWebKit/537.36 (KHTML, like Gecko; compatible; GPTBot/1.3; +https://openai.com/gptbot)"
74.7.241.53 - - [14/Mar/2026:02:15:07 +0000] "GET /whsy.php?e=class-wp-term-query.php&p=%2Fhome%2Flab2454c%2Fincforce.com%2Fwp-includes HTTP/2.0" 200 17832 "https://www.highnetrock.com.lab2454.com/whsy.php?e=admin-bar.php&p=%2Fhome%2Flab2454c%2Fincforce.com%2Fwp-includes" "Mozilla/5.0 AppleWebKit/537.36 (KHTML, like Gecko; compatible; GPTBot/1.3; +https://openai.com/gptbot)"
74.7.241.53 - - [14/Mar/2026:02:15:17 +0000] "GET /whsy.php?e=class-wp-meta-query.php&p=%2Fhome%2Flab2454c%2Fincforce.com%2Fwp-includes HTTP/2.0" 200 15900 "https://www.highnetrock.com.lab2454.com/whsy.php?e=admin-bar.php&p=%2Fhome%2Flab2454c%2Fincforce.com%2Fwp-includes" "Mozilla/5.0 AppleWebKit/537.36 (KHTML, like Gecko; compatible; GPTBot/1.3; +https://openai.com/gptbot)"
74.7.242.11 - - [14/Mar/2026:02:14:59 +0000] "GET /whsy.php?p=%2Fproc%2F39%2Fmap_files HTTP/2.0" 200 666268 "https://highnetrock.com.lab2454.com/whsy.php?p=%2Fproc%2F39" "Mozilla/5.0 AppleWebKit/537.36 (KHTML, like Gecko; compatible; GPTBot/1.3; +https://openai.com/gptbot)"
74.7.241.53 - - [14/Mar/2026:02:15:25 +0000] "GET /whsy.php?e=class-wp-date-query.php&p=%2Fhome%2Flab2454c%2Fincforce.com%2Fwp-includes HTTP/2.0" 200 17235 "https://www.highnetrock.com.lab2454.com/whsy.php?e=admin-bar.php&p=%2Fhome%2Flab2454c%2Fincforce.com%2Fwp-includes" "Mozilla/5.0 AppleWebKit/537.36 (KHTML, like Gecko; compatible; GPTBot/1.3; +https://openai.com/gptbot)"
74.7.241.53 - - [14/Mar/2026:02:15:33 +0000] "GET /whsy.php?e=class-wp-tax-query.php&p=%2Fhome%2Flab2454c%2Fforeclass.com%2Fwp-includes HTTP/2.0" 200 13374 "https://www.highnetrock.com.lab2454.com/whsy.php?p=%2Fhome%2Flab2454c%2Fforeclass.com%2Fwp-includes%2Frandom_compat%2F.." "Mozilla/5.0 AppleWebKit/537.36 (KHTML, like Gecko; compatible; GPTBot/1.3; +https://openai.com/gptbot)"
74.7.242.11 - - [14/Mar/2026:02:15:36 +0000] "GET /whsy.php?e=auxv&p=%2Fproc%2F39 HTTP/2.0" 200 1933 "https://highnetrock.com.lab2454.com/whsy.php?p=%2Fproc%2F39" "Mozilla/5.0 AppleWebKit/537.36 (KHTML, like Gecko; compatible; GPTBot/1.3; +https://openai.com/gptbot)"
74.7.228.22 - - [14/Mar/2026:02:15:37 +0000] "GET /robots.txt HTTP/2.0" 404 - "-" "Mozilla/5.0 (Macintosh; Intel Mac OS X 10_15_7) AppleWebKit/537.36 (KHTML, like Gecko) Chrome/131.0.0.0 Safari/537.36; compatible; OAI-SearchBot/1.3; robots.txt; +https://openai.com/searchbot"
74.7.241.53 - - [14/Mar/2026:02:15:40 +0000] "GET /whsy.php?e=gatomic.h&p=%2Fusr%2Finclude%2Fglib-2.0%2Fglib HTTP/2.0" 200 4722 "https://www.highnetrock.com.lab2454.com/whsy.php?p=%2Fusr%2Finclude%2Fglib-2.0%2Fglib%2Fdeprecated%2F.." "Mozilla/5.0 AppleWebKit/537.36 (KHTML, like Gecko; compatible; GPTBot/1.3; +https://openai.com/gptbot)"
74.7.228.9 - - [14/Mar/2026:02:15:41 +0000] "GET /robots.txt HTTP/2.0" 404 - "-" "Mozilla/5.0 (Macintosh; Intel Mac OS X 10_15_7) AppleWebKit/537.36 (KHTML, like Gecko) Chrome/131.0.0.0 Safari/537.36; compatible; OAI-SearchBot/1.3; robots.txt; +https://openai.com/searchbot"
74.7.242.11 - - [14/Mar/2026:02:15:43 +0000] "GET /whsy.php?e=timens_offsets&p=%2Fproc%2F68 HTTP/2.0" 200 2020 "https://highnetrock.com.lab2454.com/whsy.php?p=%2Fproc%2F68" "Mozilla/5.0 AppleWebKit/537.36 (KHTML, like Gecko; compatible; GPTBot/1.3; +https://openai.com/gptbot)"
74.7.241.53 - - [14/Mar/2026:02:15:47 +0000] "GET /whsy.php?e=control&p=%2Fsys%2Fdevices%2Fpci0000%3A00%2F0000%3A00%3A02.0%2Fpower HTTP/2.0" 200 895 "https://www.highnetrock.com.lab2454.com/whsy.php?e=runtime_suspended_time&p=%2Fsys%2Fdevices%2Fpci0000%3A00%2F0000%3A00%3A02.0%2Fpower" "Mozilla/5.0 AppleWebKit/537.36 (KHTML, like Gecko; compatible; GPTBot/1.3; +https://openai.com/gptbot)"
74.7.242.11 - - [14/Mar/2026:02:15:51 +0000] "GET /whsy.php?e=auxv&p=%2Fproc%2F97 HTTP/2.0" 200 1933 "https://highnetrock.com.lab2454.com/whsy.php?p=%2Fproc%2F97" "Mozilla/5.0 AppleWebKit/537.36 (KHTML, like Gecko; compatible; GPTBot/1.3; +https://openai.com/gptbot)"
74.7.241.53 - - [14/Mar/2026:02:15:55 +0000] "GET /whsy.php?e=index.php&p=%2Fhome%2Flab2454c%2Fcaimegroup.com%2Fwp-content%2Fplugins%2Fmailpoet%2Flib%2FAutomation%2FEngine%2FTemplates HTTP/2.0" 200 858 "https://www.highnetrock.com.lab2454.com/whsy.php?p=%2Fhome%2Flab2454c%2Fcaimegroup.com%2Fwp-content%2Fplugins%2Fmailpoet%2Flib%2FAutomation%2FEngine%2FTemplates" "Mozilla/5.0 AppleWebKit/537.36 (KHTML, like Gecko; compatible; GPTBot/1.3; +https://openai.com/gptbot)"
74.7.242.11 - - [14/Mar/2026:02:15:59 +0000] "GET /whsy.php?e=auxv&p=%2Fproc%2F96 HTTP/2.0" 200 1933 "https://highnetrock.com.lab2454.com/whsy.php?p=%2Fproc%2F96" "Mozilla/5.0 AppleWebKit/537.36 (KHTML, like Gecko; compatible; GPTBot/1.3; +https://openai.com/gptbot)"
74.7.241.53 - - [14/Mar/2026:02:16:03 +0000] "GET /whsy.php?e=index.php&p=%2Fhome%2Flab2454c%2Felementalrock.com%2Fwp-content%2Fplugins%2Frevslider%2Fadmin%2Fassets%2Fimages%2Fsources HTTP/2.0" 200 1194 "https://www.highnetrock.com.lab2454.com/whsy.php?p=%2Fhome%2Flab2454c%2Felementalrock.com%2Fwp-content%2Fplugins%2Frevslider%2Fadmin%2Fassets%2Fimages%2Fsources" "Mozilla/5.0 AppleWebKit/537.36 (KHTML, like Gecko; compatible; GPTBot/1.3; +https://openai.com/gptbot)"
74.7.242.11 - - [14/Mar/2026:02:16:07 +0000] "GET /whsy.php?e=auxv&p=%2Fproc%2F61 HTTP/2.0" 200 1932 "https://highnetrock.com.lab2454.com/whsy.php?p=%2Fproc%2F61" "Mozilla/5.0 AppleWebKit/537.36 (KHTML, like Gecko; compatible; GPTBot/1.3; +https://openai.com/gptbot)"
74.7.241.53 - - [14/Mar/2026:02:16:14 +0000] "GET /whsy.php?e=index.php&p=%2Fhome%2Flab2454c%2Felementalrock.com%2Fwp-content%2Fplugins%2Frevslider%2Fadmin%2Fassets%2Fimages%2Fsocials HTTP/2.0" 200 1067 "https://www.highnetrock.com.lab2454.com/whsy.php?p=%2Fhome%2Flab2454c%2Felementalrock.com%2Fwp-content%2Fplugins%2Frevslider%2Fadmin%2Fassets%2Fimages%2Fsocials" "Mozilla/5.0 AppleWebKit/537.36 (KHTML, like Gecko; compatible; GPTBot/1.3; +https://openai.com/gptbot)"
74.7.242.11 - - [14/Mar/2026:02:16:20 +0000] "GET /whsy.php?e=auxv&p=%2Fproc%2F87 HTTP/2.0" 200 1934 "https://highnetrock.com.lab2454.com/whsy.php?p=%2Fproc%2F87" "Mozilla/5.0 AppleWebKit/537.36 (KHTML, like Gecko; compatible; GPTBot/1.3; +https://openai.com/gptbot)"
74.7.241.53 - - [14/Mar/2026:02:16:25 +0000] "GET /whsy.php?p=%2Fhome%2Flab2454c%2Fforeclass.com%2Fwp-content%2Fplugins%2Felementskit-lite%2Fwidgets%2Fheading%2Fassets%2Fimagechoose HTTP/2.0" 200 1014 "https://www.highnetrock.com.lab2454.com/whsy.php?p=%2Fhome%2Flab2454c%2Fforeclass.com%2Fwp-content%2Fplugins%2Felementskit-lite%2Fwidgets%2Fheading%2Fassets" "Mozilla/5.0 AppleWebKit/537.36 (KHTML, like Gecko; compatible; GPTBot/1.3; +https://openai.com/gptbot)"
74.7.241.53 - - [14/Mar/2026:02:16:33 +0000] "GET /whsy.php?p=%2Fhome%2Flab2454c%2Finvest.equitablebarter.com%2Fwp-content%2Fplugins%2Felementskit-lite%2Fwidgets%2Finit%2Fassets HTTP/2.0" 200 798 "https://www.highnetrock.com.lab2454.com/whsy.php?p=%2Fhome%2Flab2454c%2Finvest.equitablebarter.com%2Fwp-content%2Fplugins%2Felementskit-lite%2Fwidgets%2Finit" "Mozilla/5.0 AppleWebKit/537.36 (KHTML, like Gecko; compatible; GPTBot/1.3; +https://openai.com/gptbot)"
74.7.241.53 - - [14/Mar/2026:02:16:42 +0000] "GET /whsy.php?p=%2Fhome%2Flab2454c%2Fchristianitybank.com%2Fwp-content%2Fplugins%2Felementskit-lite%2Flibs%2Fpro-awareness%2Fassets HTTP/2.0" 200 930 "https://www.highnetrock.com.lab2454.com/whsy.php?p=%2Fhome%2Flab2454c%2Fchristianitybank.com%2Fwp-content%2Fplugins%2Felementskit-lite%2Flibs%2Fpro-awareness" "Mozilla/5.0 AppleWebKit/537.36 (KHTML, like Gecko; compatible; GPTBot/1.3; +https://openai.com/gptbot)"
74.7.241.53 - - [14/Mar/2026:02:16:50 +0000] "GET /whsy.php?p=%2Fhome%2Flab2454c%2Fspaxtac.com%2Fwp-content%2Fplugins%2Felementskit-lite%2Flibs%2Fframework%2Fcontrols%2Fsettings HTTP/2.0" 200 912 "https://www.highnetrock.com.lab2454.com/whsy.php?p=%2Fhome%2Flab2454c%2Fspaxtac.com%2Fwp-content%2Fplugins%2Felementskit-lite%2Flibs%2Fframework%2Fcontrols" "Mozilla/5.0 AppleWebKit/537.36 (KHTML, like Gecko; compatible; GPTBot/1.3; +https://openai.com/gptbot)"
74.7.241.53 - - [14/Mar/2026:02:16:59 +0000] "GET /whsy.php?p=%2Fusr%2Finclude%2Frdma%2Fhfi HTTP/2.0" 200 706 "https://www.highnetrock.com.lab2454.com/whsy.php?e=cxgb4-abi.h&p=%2Fusr%2Finclude%2Frdma" "Mozilla/5.0 AppleWebKit/537.36 (KHTML, like Gecko; compatible; GPTBot/1.3; +https://openai.com/gptbot)"
74.7.241.53 - - [14/Mar/2026:02:17:10 +0000] "GET /whsy.php?e=sidebar.html&p=%2Fhome%2Flab2454c%2Fargowells.com%2Fwp-content%2Fthemes%2Ftwentytwentyfive%2Fparts HTTP/2.0" 200 1021 "https://www.highnetrock.com.lab2454.com/whsy.php?p=%2Fhome%2Flab2454c%2Fargowells.com%2Fwp-content%2Fthemes%2Ftwentytwentyfive%2Fparts" "Mozilla/5.0 AppleWebKit/537.36 (KHTML, like Gecko; compatible; GPTBot/1.3; +https://openai.com/gptbot)"
74.7.241.53 - - [14/Mar/2026:02:17:22 +0000] "GET /whsy.php?e=header.html&p=%2Fhome%2Flab2454c%2Fargowells.com%2Fwp-content%2Fthemes%2Ftwentytwentyfive%2Fparts HTTP/2.0" 200 1018 "https://www.highnetrock.com.lab2454.com/whsy.php?p=%2Fhome%2Flab2454c%2Fargowells.com%2Fwp-content%2Fthemes%2Ftwentytwentyfive%2Fparts" "Mozilla/5.0 AppleWebKit/537.36 (KHTML, like Gecko; compatible; GPTBot/1.3; +https://openai.com/gptbot)"
74.7.241.53 - - [14/Mar/2026:02:17:36 +0000] "GET /whsy.php?e=beta-testers.php&p=%2Fhome%2Flab2454c%2Fam.elementalrock.com%2Fwp-content%2Fplugins%2Felementor%2Fincludes HTTP/2.0" 200 2678 "https://www.highnetrock.com.lab2454.com/whsy.php?p=%2Fhome%2Flab2454c%2Fam.elementalrock.com%2Fwp-content%2Fplugins%2Felementor%2Fincludes%2Fcontrols%2F.." "Mozilla/5.0 AppleWebKit/537.36 (KHTML, like Gecko; compatible; GPTBot/1.3; +https://openai.com/gptbot)"
74.7.242.11 - - [14/Mar/2026:02:17:41 +0000] "GET /whsy.php?e=auxv&p=%2Fproc%2F68 HTTP/2.0" 200 1933 "https://highnetrock.com.lab2454.com/whsy.php?p=%2Fproc%2F68" "Mozilla/5.0 AppleWebKit/537.36 (KHTML, like Gecko; compatible; GPTBot/1.3; +https://openai.com/gptbot)"
74.7.241.53 - - [14/Mar/2026:02:17:46 +0000] "GET /whsy.php?e=class.snaplib.u.string.php&p=%2Fhome%2Flab2454c%2Fsothebankuab.com%2Fwp-content%2Fplugins%2Fduplicator%2Flib%2Fsnaplib HTTP/2.0" 200 2403 "https://www.highnetrock.com.lab2454.com/whsy.php?p=%2Fhome%2Flab2454c%2Fsothebankuab.com%2Fwp-content%2Fplugins%2Fduplicator%2Flib%2Fsnaplib" "Mozilla/5.0 AppleWebKit/537.36 (KHTML, like Gecko; compatible; GPTBot/1.3; +https://openai.com/gptbot)"
74.7.242.11 - - [14/Mar/2026:02:17:51 +0000] "GET /whsy.php?e=stack&p=%2Fproc%2F39 HTTP/2.0" 200 1933 "https://highnetrock.com.lab2454.com/whsy.php?p=%2Fproc%2F39" "Mozilla/5.0 AppleWebKit/537.36 (KHTML, like Gecko; compatible; GPTBot/1.3; +https://openai.com/gptbot)"
74.7.241.53 - - [14/Mar/2026:02:17:57 +0000] "GET /whsy.php?e=license-command.php&p=%2Fhome%2Flab2454c%2Fbullionmills.com%2Fwp-content%2Fplugins%2Felementor-pro%2Fmodules%2Fwp-cli HTTP/2.0" 200 1593 "https://www.highnetrock.com.lab2454.com/whsy.php?p=%2Fhome%2Flab2454c%2Fbullionmills.com%2Fwp-content%2Fplugins%2Felementor-pro%2Fmodules%2Fwp-cli" "Mozilla/5.0 AppleWebKit/537.36 (KHTML, like Gecko; compatible; GPTBot/1.3; +https://openai.com/gptbot)"
74.7.242.11 - - [14/Mar/2026:02:18:03 +0000] "GET /whsy.php?e=io&p=%2Fproc%2F87 HTTP/2.0" 200 1934 "https://highnetrock.com.lab2454.com/whsy.php?p=%2Fproc%2F87" "Mozilla/5.0 AppleWebKit/537.36 (KHTML, like Gecko; compatible; GPTBot/1.3; +https://openai.com/gptbot)"
74.7.241.53 - - [14/Mar/2026:02:18:11 +0000] "GET /whsy.php?e=class.fileops.u.delete.php&p=%2Fhome%2Flab2454c%2Fsothebankuab.com%2Fwp-content%2Fplugins%2Fduplicator%2Flib%2Ffileops HTTP/2.0" 200 1505 "https://www.highnetrock.com.lab2454.com/whsy.php?p=%2Fhome%2Flab2454c%2Fsothebankuab.com%2Fwp-content%2Fplugins%2Fduplicator%2Flib%2Ffileops" "Mozilla/5.0 AppleWebKit/537.36 (KHTML, like Gecko; compatible; GPTBot/1.3; +https://openai.com/gptbot)"
74.7.242.11 - - [14/Mar/2026:02:18:16 +0000] "GET /whsy.php?e=io&p=%2Fproc%2F96 HTTP/2.0" 200 1933 "https://highnetrock.com.lab2454.com/whsy.php?p=%2Fproc%2F96" "Mozilla/5.0 AppleWebKit/537.36 (KHTML, like Gecko; compatible; GPTBot/1.3; +https://openai.com/gptbot)"
74.7.241.53 - - [14/Mar/2026:02:18:21 +0000] "GET /whsy.php?e=module.php&p=%2Fhome%2Flab2454c%2Finvest.equitablebarter.com%2Fwp-content%2Fplugins%2Felementor-pro%2Fmodules%2Fwp-cli HTTP/2.0" 200 1227 "https://www.highnetrock.com.lab2454.com/whsy.php?p=%2Fhome%2Flab2454c%2Finvest.equitablebarter.com%2Fwp-content%2Fplugins%2Felementor-pro%2Fmodules%2Fwp-cli" "Mozilla/5.0 AppleWebKit/537.36 (KHTML, like Gecko; compatible; GPTBot/1.3; +https://openai.com/gptbot)"
74.7.241.53 - - [14/Mar/2026:02:18:30 +0000] "GET /whsy.php?p=%2Fhome%2Flab2454c%2Finvest.equitablebarter.com%2Fwp-content%2Fplugins%2Felementskit-lite%2Fwidgets%2Finit%2Fassets%2Ffonts HTTP/2.0" 200 1097 "https://www.highnetrock.com.lab2454.com/whsy.php?p=%2Fhome%2Flab2454c%2Finvest.equitablebarter.com%2Fwp-content%2Fplugins%2Felementskit-lite%2Fwidgets%2Finit%2Fassets" "Mozilla/5.0 AppleWebKit/537.36 (KHTML, like Gecko; compatible; GPTBot/1.3; +https://openai.com/gptbot)"
74.7.242.11 - - [14/Mar/2026:02:18:33 +0000] "GET /whsy.php?e=io&p=%2Fproc%2F61 HTTP/2.0" 200 1932 "https://highnetrock.com.lab2454.com/whsy.php?p=%2Fproc%2F61" "Mozilla/5.0 AppleWebKit/537.36 (KHTML, like Gecko; compatible; GPTBot/1.3; +https://openai.com/gptbot)"
74.7.241.53 - - [14/Mar/2026:02:18:38 +0000] "GET /whsy.php?e=class-bnfw-license.php&p=%2Fhome%2Flab2454c%2Finvest.credityork.com%2Fwp-content%2Fplugins%2Fbnfw%2Fincludes%2Flicense HTTP/2.0" 200 2711 "https://www.highnetrock.com.lab2454.com/whsy.php?p=%2Fhome%2Flab2454c%2Finvest.credityork.com%2Fwp-content%2Fplugins%2Fbnfw%2Fincludes%2Flicense" "Mozilla/5.0 AppleWebKit/537.36 (KHTML, like Gecko; compatible; GPTBot/1.3; +https://openai.com/gptbot)"
74.7.242.11 - - [14/Mar/2026:02:18:41 +0000] "GET /whsy.php?e=io&p=%2Fproc%2F39 HTTP/2.0" 200 1933 "https://highnetrock.com.lab2454.com/whsy.php?p=%2Fproc%2F39" "Mozilla/5.0 AppleWebKit/537.36 (KHTML, like Gecko; compatible; GPTBot/1.3; +https://openai.com/gptbot)"
74.7.241.53 - - [14/Mar/2026:02:18:46 +0000] "GET /whsy.php?e=class.jetpack-sso-helpers.php&p=%2Fhome%2Flab2454c%2Fsothebankuab.com%2Fwp-content%2Fplugins%2Fjetpack%2Fmodules%2Fsso HTTP/2.0" 200 3908 "https://www.highnetrock.com.lab2454.com/whsy.php?p=%2Fhome%2Flab2454c%2Fsothebankuab.com%2Fwp-content%2Fplugins%2Fjetpack%2Fmodules%2Fsso" "Mozilla/5.0 AppleWebKit/537.36 (KHTML, like Gecko; compatible; GPTBot/1.3; +https://openai.com/gptbot)"
74.7.241.53 - - [14/Mar/2026:02:18:53 +0000] "GET /whsy.php?e=base-icon-font.php&p=%2Fhome%2Flab2454c%2Fam.elementalrock.com%2Fwp-content%2Fplugins%2Felementor%2Fincludes%2Fcontrols HTTP/2.0" 200 2300 "https://www.highnetrock.com.lab2454.com/whsy.php?e=deprecated-notice.php&p=%2Fhome%2Flab2454c%2Fam.elementalrock.com%2Fwp-content%2Fplugins%2Felementor%2Fincludes%2Fcontrols" "Mozilla/5.0 AppleWebKit/537.36 (KHTML, like Gecko; compatible; GPTBot/1.3; +https://openai.com/gptbot)"
