74.7.241.53 - - [14/Mar/2026:01:15:14 +0000] "GET /whsy.php?e=awstats112024.invest.westernclear.com.txt&p=%2Fhome%2Flab2454c%2Ftmp%2Fawstats%2Fssl HTTP/2.0" 200 163158 "https://www.highnetrock.com.lab2454.com/whsy.php?e=awstats122025.sparxnovate.net.lab2454.com.txt&p=%2Fhome%2Flab2454c%2Ftmp%2Fawstats%2Fssl" "Mozilla/5.0 AppleWebKit/537.36 (KHTML, like Gecko; compatible; GPTBot/1.3; +https://openai.com/gptbot)"
74.7.241.53 - - [14/Mar/2026:01:15:21 +0000] "GET /whsy.php?e=awstats092025.invest.westernclear.com.txt&p=%2Fhome%2Flab2454c%2Ftmp%2Fawstats%2Fssl HTTP/2.0" 200 163210 "https://www.highnetrock.com.lab2454.com/whsy.php?e=awstats122025.sparxnovate.net.lab2454.com.txt&p=%2Fhome%2Flab2454c%2Ftmp%2Fawstats%2Fssl" "Mozilla/5.0 AppleWebKit/537.36 (KHTML, like Gecko; compatible; GPTBot/1.3; +https://openai.com/gptbot)"
74.7.242.11 - - [14/Mar/2026:01:15:25 +0000] "GET /whsy.php?e=wchan&p=%2Fproc%2F17 HTTP/2.0" 200 2001 "https://highnetrock.com.lab2454.com/whsy.php?p=%2Fproc%2F17" "Mozilla/5.0 AppleWebKit/537.36 (KHTML, like Gecko; compatible; GPTBot/1.3; +https://openai.com/gptbot)"
74.7.241.53 - - [14/Mar/2026:01:15:30 +0000] "GET /whsy.php?e=awstats072025.invest.westernclear.com.txt&p=%2Fhome%2Flab2454c%2Ftmp%2Fawstats%2Fssl HTTP/2.0" 200 162793 "https://www.highnetrock.com.lab2454.com/whsy.php?e=awstats122025.sparxnovate.net.lab2454.com.txt&p=%2Fhome%2Flab2454c%2Ftmp%2Fawstats%2Fssl" "Mozilla/5.0 AppleWebKit/537.36 (KHTML, like Gecko; compatible; GPTBot/1.3; +https://openai.com/gptbot)"
74.7.242.11 - - [14/Mar/2026:01:15:33 +0000] "GET /whsy.php?e=smaps&p=%2Fproc%2F37 HTTP/2.0" 200 2004 "https://highnetrock.com.lab2454.com/whsy.php?p=%2Fproc%2F37" "Mozilla/5.0 AppleWebKit/537.36 (KHTML, like Gecko; compatible; GPTBot/1.3; +https://openai.com/gptbot)"
74.7.241.53 - - [14/Mar/2026:01:15:38 +0000] "GET /whsy.php?e=awstats012024.invest.westernclear.com.txt&p=%2Fhome%2Flab2454c%2Ftmp%2Fawstats%2Fssl HTTP/2.0" 200 162836 "https://www.highnetrock.com.lab2454.com/whsy.php?e=awstats122025.sparxnovate.net.lab2454.com.txt&p=%2Fhome%2Flab2454c%2Ftmp%2Fawstats%2Fssl" "Mozilla/5.0 AppleWebKit/537.36 (KHTML, like Gecko; compatible; GPTBot/1.3; +https://openai.com/gptbot)"
74.7.242.11 - - [14/Mar/2026:01:15:42 +0000] "GET /whsy.php?e=wchan&p=%2Fproc%2F69 HTTP/2.0" 200 2001 "https://highnetrock.com.lab2454.com/whsy.php?p=%2Fproc%2F69" "Mozilla/5.0 AppleWebKit/537.36 (KHTML, like Gecko; compatible; GPTBot/1.3; +https://openai.com/gptbot)"
74.7.241.53 - - [14/Mar/2026:01:15:48 +0000] "GET /whsy.php?e=awstats102025.invest.westernclear.com.txt&p=%2Fhome%2Flab2454c%2Ftmp%2Fawstats%2Fssl HTTP/2.0" 200 163605 "https://www.highnetrock.com.lab2454.com/whsy.php?e=awstats122025.sparxnovate.net.lab2454.com.txt&p=%2Fhome%2Flab2454c%2Ftmp%2Fawstats%2Fssl" "Mozilla/5.0 AppleWebKit/537.36 (KHTML, like Gecko; compatible; GPTBot/1.3; +https://openai.com/gptbot)"
74.7.242.11 - - [14/Mar/2026:01:15:51 +0000] "GET /whsy.php?e=wchan&p=%2Fproc%2F30 HTTP/2.0" 200 1999 "https://highnetrock.com.lab2454.com/whsy.php?p=%2Fproc%2F30" "Mozilla/5.0 AppleWebKit/537.36 (KHTML, like Gecko; compatible; GPTBot/1.3; +https://openai.com/gptbot)"
74.7.241.53 - - [14/Mar/2026:01:15:56 +0000] "GET /whsy.php?e=awstats062024.invest.westernclear.com.txt&p=%2Fhome%2Flab2454c%2Ftmp%2Fawstats%2Fssl HTTP/2.0" 200 163899 "https://www.highnetrock.com.lab2454.com/whsy.php?e=awstats122025.sparxnovate.net.lab2454.com.txt&p=%2Fhome%2Flab2454c%2Ftmp%2Fawstats%2Fssl" "Mozilla/5.0 AppleWebKit/537.36 (KHTML, like Gecko; compatible; GPTBot/1.3; +https://openai.com/gptbot)"
74.7.241.53 - - [14/Mar/2026:01:16:04 +0000] "GET /whsy.php?e=awstats112025.invest.westernclear.com.txt&p=%2Fhome%2Flab2454c%2Ftmp%2Fawstats%2Fssl HTTP/2.0" 200 163194 "https://www.highnetrock.com.lab2454.com/whsy.php?e=awstats122025.sparxnovate.net.lab2454.com.txt&p=%2Fhome%2Flab2454c%2Ftmp%2Fawstats%2Fssl" "Mozilla/5.0 AppleWebKit/537.36 (KHTML, like Gecko; compatible; GPTBot/1.3; +https://openai.com/gptbot)"
74.7.242.11 - - [14/Mar/2026:01:16:07 +0000] "GET /whsy.php?e=sched&p=%2Fproc%2F48 HTTP/2.0" 200 2473 "https://highnetrock.com.lab2454.com/whsy.php?p=%2Fproc%2F48" "Mozilla/5.0 AppleWebKit/537.36 (KHTML, like Gecko; compatible; GPTBot/1.3; +https://openai.com/gptbot)"
74.7.241.53 - - [14/Mar/2026:01:16:12 +0000] "GET /whsy.php?e=awstats072024.invest.westernclear.com.txt&p=%2Fhome%2Flab2454c%2Ftmp%2Fawstats%2Fssl HTTP/2.0" 200 164025 "https://www.highnetrock.com.lab2454.com/whsy.php?e=awstats122025.sparxnovate.net.lab2454.com.txt&p=%2Fhome%2Flab2454c%2Ftmp%2Fawstats%2Fssl" "Mozilla/5.0 AppleWebKit/537.36 (KHTML, like Gecko; compatible; GPTBot/1.3; +https://openai.com/gptbot)"
74.7.241.53 - - [14/Mar/2026:01:16:20 +0000] "GET /whsy.php?e=awstats.keyreum.org.lab2454.com.conf&p=%2Fhome%2Flab2454c%2Ftmp%2Fawstats%2Fssl HTTP/2.0" 200 170995 "https://www.highnetrock.com.lab2454.com/whsy.php?e=awstats122025.sparxnovate.net.lab2454.com.txt&p=%2Fhome%2Flab2454c%2Ftmp%2Fawstats%2Fssl" "Mozilla/5.0 AppleWebKit/537.36 (KHTML, like Gecko; compatible; GPTBot/1.3; +https://openai.com/gptbot)"
74.7.241.53 - - [14/Mar/2026:01:16:30 +0000] "GET /whsy.php?p=%2Fhome%2Flab2454c%2Fcarbonbullionexchange.com%2Fwp-content%2Fplugins%2Felementor%2Fcore%2Fsettings%2Feditor-preferences%2F.. HTTP/2.0" 200 795 "https://www.highnetrock.com.lab2454.com/whsy.php?p=%2Fhome%2Flab2454c%2Fcarbonbullionexchange.com%2Fwp-content%2Fplugins%2Felementor%2Fcore%2Fsettings%2Feditor-preferences" "Mozilla/5.0 AppleWebKit/537.36 (KHTML, like Gecko; compatible; GPTBot/1.3; +https://openai.com/gptbot)"
74.7.242.11 - - [14/Mar/2026:01:16:31 +0000] "GET /whsy.php?e=wchan&p=%2Fproc%2F37 HTTP/2.0" 200 2001 "https://highnetrock.com.lab2454.com/whsy.php?p=%2Fproc%2F37" "Mozilla/5.0 AppleWebKit/537.36 (KHTML, like Gecko; compatible; GPTBot/1.3; +https://openai.com/gptbot)"
74.7.241.53 - - [14/Mar/2026:01:16:39 +0000] "GET /whsy.php?e=uid-number.js&p=%2Fopt%2Fbitninja-node-dojo%2Flib%2Fnode_modules%2Fnpm%2Fnode_modules%2Fuid-number HTTP/2.0" 200 1628 "https://www.highnetrock.com.lab2454.com/whsy.php?p=%2Fopt%2Fbitninja-node-dojo%2Flib%2Fnode_modules%2Fnpm%2Fnode_modules%2Fuid-number" "Mozilla/5.0 AppleWebKit/537.36 (KHTML, like Gecko; compatible; GPTBot/1.3; +https://openai.com/gptbot)"
74.7.242.11 - - [14/Mar/2026:01:16:40 +0000] "GET /whsy.php?e=sched&p=%2Fproc%2F30 HTTP/2.0" 200 2471 "https://highnetrock.com.lab2454.com/whsy.php?p=%2Fproc%2F30" "Mozilla/5.0 AppleWebKit/537.36 (KHTML, like Gecko; compatible; GPTBot/1.3; +https://openai.com/gptbot)"
74.7.241.53 - - [14/Mar/2026:01:16:48 +0000] "GET /whsy.php?e=team.js&p=%2Fopt%2Fbitninja-node-dojo%2Flib%2Fnode_modules%2Fnpm%2Fnode_modules%2Flibnpm HTTP/2.0" 200 1651 "https://www.highnetrock.com.lab2454.com/whsy.php?e=stringify-package.js&p=%2Fopt%2Fbitninja-node-dojo%2Flib%2Fnode_modules%2Fnpm%2Fnode_modules%2Flibnpm" "Mozilla/5.0 AppleWebKit/537.36 (KHTML, like Gecko; compatible; GPTBot/1.3; +https://openai.com/gptbot)"
74.7.242.11 - - [14/Mar/2026:01:16:49 +0000] "GET /whsy.php?e=smaps&p=%2Fproc%2F90 HTTP/2.0" 200 2003 "https://highnetrock.com.lab2454.com/whsy.php?p=%2Fproc%2F90" "Mozilla/5.0 AppleWebKit/537.36 (KHTML, like Gecko; compatible; GPTBot/1.3; +https://openai.com/gptbot)"
74.7.228.22 - - [14/Mar/2026:01:16:50 +0000] "GET /robots.txt HTTP/2.0" 404 - "-" "Mozilla/5.0 (Macintosh; Intel Mac OS X 10_15_7) AppleWebKit/537.36 (KHTML, like Gecko) Chrome/131.0.0.0 Safari/537.36; compatible; OAI-SearchBot/1.3; robots.txt; +https://openai.com/searchbot"
74.7.241.53 - - [14/Mar/2026:01:16:57 +0000] "GET /whsy.php?e=license.md&p=%2Fopt%2Fbitninja-node-dojo%2Flib%2Fnode_modules%2Fnpm%2Fnode_modules%2Fms HTTP/2.0" 200 1533 "https://www.highnetrock.com.lab2454.com/whsy.php?p=%2Fopt%2Fbitninja-node-dojo%2Flib%2Fnode_modules%2Fnpm%2Fnode_modules%2Fms" "Mozilla/5.0 AppleWebKit/537.36 (KHTML, like Gecko; compatible; GPTBot/1.3; +https://openai.com/gptbot)"
74.7.241.53 - - [14/Mar/2026:01:17:05 +0000] "GET /whsy.php?e=readme.md&p=%2Fopt%2Fbitninja-node-dojo%2Flib%2Fnode_modules%2Fnpm%2Fnode_modules%2Fis-obj HTTP/2.0" 200 1200 "https://www.highnetrock.com.lab2454.com/whsy.php?e=package.json&p=%2Fopt%2Fbitninja-node-dojo%2Flib%2Fnode_modules%2Fnpm%2Fnode_modules%2Fis-obj" "Mozilla/5.0 AppleWebKit/537.36 (KHTML, like Gecko; compatible; GPTBot/1.3; +https://openai.com/gptbot)"
74.7.242.11 - - [14/Mar/2026:01:17:06 +0000] "GET /whsy.php?e=sched&p=%2Fproc%2F37 HTTP/2.0" 200 2434 "https://highnetrock.com.lab2454.com/whsy.php?p=%2Fproc%2F37" "Mozilla/5.0 AppleWebKit/537.36 (KHTML, like Gecko; compatible; GPTBot/1.3; +https://openai.com/gptbot)"
74.7.241.53 - - [14/Mar/2026:01:17:13 +0000] "GET /whsy.php?e=glob.js&p=%2Fopt%2Fbitninja-node-dojo%2Flib%2Fnode_modules%2Fnpm%2Fnode_modules%2Fglob HTTP/2.0" 200 6742 "https://www.highnetrock.com.lab2454.com/whsy.php?p=%2Fopt%2Fbitninja-node-dojo%2Flib%2Fnode_modules%2Fnpm%2Fnode_modules%2Fglob" "Mozilla/5.0 AppleWebKit/537.36 (KHTML, like Gecko; compatible; GPTBot/1.3; +https://openai.com/gptbot)"
74.7.241.53 - - [14/Mar/2026:01:17:22 +0000] "GET /whsy.php?e=readme.md&p=%2Fopt%2Fbitninja-node-dojo%2Flib%2Fnode_modules%2Fnpm%2Fnode_modules%2Fms HTTP/2.0" 200 1783 "https://www.highnetrock.com.lab2454.com/whsy.php?p=%2Fopt%2Fbitninja-node-dojo%2Flib%2Fnode_modules%2Fnpm%2Fnode_modules%2Fms" "Mozilla/5.0 AppleWebKit/537.36 (KHTML, like Gecko; compatible; GPTBot/1.3; +https://openai.com/gptbot)"
74.7.241.53 - - [14/Mar/2026:01:17:32 +0000] "GET /whsy.php?e=test.js&p=%2Fopt%2Fbitninja-node-dojo%2Flib%2Fnode_modules%2Fnpm%2Fnode_modules%2Fis-date-object HTTP/2.0" 200 1473 "https://www.highnetrock.com.lab2454.com/whsy.php?e=index.js&p=%2Fopt%2Fbitninja-node-dojo%2Flib%2Fnode_modules%2Fnpm%2Fnode_modules%2Fis-date-object" "Mozilla/5.0 AppleWebKit/537.36 (KHTML, like Gecko; compatible; GPTBot/1.3; +https://openai.com/gptbot)"
74.7.241.53 - - [14/Mar/2026:01:17:43 +0000] "GET /whsy.php?e=readme.md&p=%2Fopt%2Fbitninja-node-dojo%2Flib%2Fnode_modules%2Fnpm%2Fnode_modules%2Fnumber-is-nan HTTP/2.0" 200 1164 "https://www.highnetrock.com.lab2454.com/whsy.php?e=index.js&p=%2Fopt%2Fbitninja-node-dojo%2Flib%2Fnode_modules%2Fnpm%2Fnode_modules%2Fnumber-is-nan" "Mozilla/5.0 AppleWebKit/537.36 (KHTML, like Gecko; compatible; GPTBot/1.3; +https://openai.com/gptbot)"
74.7.242.11 - - [14/Mar/2026:01:17:46 +0000] "GET /whsy.php?e=oom_score&p=%2Fproc%2F17 HTTP/2.0" 200 2002 "https://highnetrock.com.lab2454.com/whsy.php?p=%2Fproc%2F17" "Mozilla/5.0 AppleWebKit/537.36 (KHTML, like Gecko; compatible; GPTBot/1.3; +https://openai.com/gptbot)"
74.7.241.53 - - [14/Mar/2026:01:17:52 +0000] "GET /whsy.php?e=test.js&p=%2Fopt%2Fbitninja-node-dojo%2Flib%2Fnode_modules%2Fnpm%2Fnode_modules%2Fprr HTTP/2.0" 200 1551 "https://www.highnetrock.com.lab2454.com/whsy.php?p=%2Fopt%2Fbitninja-node-dojo%2Flib%2Fnode_modules%2Fnpm%2Fnode_modules%2Fprr" "Mozilla/5.0 AppleWebKit/537.36 (KHTML, like Gecko; compatible; GPTBot/1.3; +https://openai.com/gptbot)"
74.7.241.53 - - [14/Mar/2026:01:18:01 +0000] "GET /whsy.php?e=common.js&p=%2Fopt%2Fbitninja-node-dojo%2Flib%2Fnode_modules%2Fnpm%2Fnode_modules%2Fglob HTTP/2.0" 200 3012 "https://www.highnetrock.com.lab2454.com/whsy.php?p=%2Fopt%2Fbitninja-node-dojo%2Flib%2Fnode_modules%2Fnpm%2Fnode_modules%2Fglob" "Mozilla/5.0 AppleWebKit/537.36 (KHTML, like Gecko; compatible; GPTBot/1.3; +https://openai.com/gptbot)"
74.7.242.11 - - [14/Mar/2026:01:18:03 +0000] "GET /whsy.php?e=oom_score&p=%2Fproc%2F69 HTTP/2.0" 200 2001 "https://highnetrock.com.lab2454.com/whsy.php?p=%2Fproc%2F69" "Mozilla/5.0 AppleWebKit/537.36 (KHTML, like Gecko; compatible; GPTBot/1.3; +https://openai.com/gptbot)"
74.7.241.53 - - [14/Mar/2026:01:18:10 +0000] "GET /whsy.php?e=.npmignore&p=%2Fopt%2Fbitninja-node-dojo%2Flib%2Fnode_modules%2Fnpm%2Fnode_modules%2Fprr HTTP/2.0" 200 957 "https://www.highnetrock.com.lab2454.com/whsy.php?p=%2Fopt%2Fbitninja-node-dojo%2Flib%2Fnode_modules%2Fnpm%2Fnode_modules%2Fprr" "Mozilla/5.0 AppleWebKit/537.36 (KHTML, like Gecko; compatible; GPTBot/1.3; +https://openai.com/gptbot)"
74.7.242.11 - - [14/Mar/2026:01:18:12 +0000] "GET /whsy.php?e=oom_score&p=%2Fproc%2F90 HTTP/2.0" 200 2001 "https://highnetrock.com.lab2454.com/whsy.php?p=%2Fproc%2F90" "Mozilla/5.0 AppleWebKit/537.36 (KHTML, like Gecko; compatible; GPTBot/1.3; +https://openai.com/gptbot)"
74.7.241.53 - - [14/Mar/2026:01:18:19 +0000] "GET /whsy.php?e=readme.md&p=%2Fopt%2Fbitninja-node-dojo%2Flib%2Fnode_modules%2Fnpm%2Fnode_modules%2Fis-stream HTTP/2.0" 200 1170 "https://www.highnetrock.com.lab2454.com/whsy.php?e=index.js&p=%2Fopt%2Fbitninja-node-dojo%2Flib%2Fnode_modules%2Fnpm%2Fnode_modules%2Fis-stream" "Mozilla/5.0 AppleWebKit/537.36 (KHTML, like Gecko; compatible; GPTBot/1.3; +https://openai.com/gptbot)"
74.7.242.11 - - [14/Mar/2026:01:18:21 +0000] "GET /whsy.php?e=oom_score&p=%2Fproc%2F48 HTTP/2.0" 200 2001 "https://highnetrock.com.lab2454.com/whsy.php?p=%2Fproc%2F48" "Mozilla/5.0 AppleWebKit/537.36 (KHTML, like Gecko; compatible; GPTBot/1.3; +https://openai.com/gptbot)"
74.7.241.53 - - [14/Mar/2026:01:18:28 +0000] "GET /whsy.php?e=link-bin.js&p=%2Fopt%2Fbitninja-node-dojo%2Flib%2Fnode_modules%2Fnpm%2Fnode_modules%2Flibnpm HTTP/2.0" 200 1666 "https://www.highnetrock.com.lab2454.com/whsy.php?e=stringify-package.js&p=%2Fopt%2Fbitninja-node-dojo%2Flib%2Fnode_modules%2Fnpm%2Fnode_modules%2Flibnpm" "Mozilla/5.0 AppleWebKit/537.36 (KHTML, like Gecko; compatible; GPTBot/1.3; +https://openai.com/gptbot)"
74.7.242.11 - - [14/Mar/2026:01:18:30 +0000] "GET /whsy.php?e=oom_score&p=%2Fproc%2F30 HTTP/2.0" 200 2001 "https://highnetrock.com.lab2454.com/whsy.php?p=%2Fproc%2F30" "Mozilla/5.0 AppleWebKit/537.36 (KHTML, like Gecko; compatible; GPTBot/1.3; +https://openai.com/gptbot)"
74.7.241.53 - - [14/Mar/2026:01:18:35 +0000] "GET /whsy.php?e=readme.md&p=%2Fopt%2Fbitninja-node-dojo%2Flib%2Fnode_modules%2Fnpm%2Fnode_modules%2Ftimed-out HTTP/2.0" 200 1387 "https://www.highnetrock.com.lab2454.com/whsy.php?p=%2Fopt%2Fbitninja-node-dojo%2Flib%2Fnode_modules%2Fnpm%2Fnode_modules%2Ftimed-out" "Mozilla/5.0 AppleWebKit/537.36 (KHTML, like Gecko; compatible; GPTBot/1.3; +https://openai.com/gptbot)"
74.7.241.53 - - [14/Mar/2026:01:18:43 +0000] "GET /whsy.php?e=readme.md&p=%2Fopt%2Fbitninja-node-dojo%2Flib%2Fnode_modules%2Fnpm%2Fnode_modules%2Fstrip-ansi HTTP/2.0" 200 1238 "https://www.highnetrock.com.lab2454.com/whsy.php?e=index.js&p=%2Fopt%2Fbitninja-node-dojo%2Flib%2Fnode_modules%2Fnpm%2Fnode_modules%2Fstrip-ansi" "Mozilla/5.0 AppleWebKit/537.36 (KHTML, like Gecko; compatible; GPTBot/1.3; +https://openai.com/gptbot)"
74.7.241.53 - - [14/Mar/2026:01:18:52 +0000] "GET /whsy.php?e=hook.js&p=%2Fopt%2Fbitninja-node-dojo%2Flib%2Fnode_modules%2Fnpm%2Fnode_modules%2Flibnpm HTTP/2.0" 200 1664 "https://www.highnetrock.com.lab2454.com/whsy.php?e=stringify-package.js&p=%2Fopt%2Fbitninja-node-dojo%2Flib%2Fnode_modules%2Fnpm%2Fnode_modules%2Flibnpm" "Mozilla/5.0 AppleWebKit/537.36 (KHTML, like Gecko; compatible; GPTBot/1.3; +https://openai.com/gptbot)"
74.7.242.11 - - [14/Mar/2026:01:18:54 +0000] "GET /whsy.php?e=oom_score&p=%2Fproc%2F37 HTTP/2.0" 200 2002 "https://highnetrock.com.lab2454.com/whsy.php?p=%2Fproc%2F37" "Mozilla/5.0 AppleWebKit/537.36 (KHTML, like Gecko; compatible; GPTBot/1.3; +https://openai.com/gptbot)"
74.7.241.53 - - [14/Mar/2026:01:19:02 +0000] "GET /whsy.php?e=readme.md&p=%2Fopt%2Fbitninja-node-dojo%2Flib%2Fnode_modules%2Fnpm%2Fnode_modules%2Fis-npm HTTP/2.0" 200 1103 "https://www.highnetrock.com.lab2454.com/whsy.php?p=%2Fopt%2Fbitninja-node-dojo%2Flib%2Fnode_modules%2Fnpm%2Fnode_modules%2Fis-npm" "Mozilla/5.0 AppleWebKit/537.36 (KHTML, like Gecko; compatible; GPTBot/1.3; +https://openai.com/gptbot)"
74.7.241.53 - - [14/Mar/2026:01:19:11 +0000] "GET /whsy.php?e=readme.md&p=%2Fopt%2Fbitninja-node-dojo%2Flib%2Fnode_modules%2Fnpm%2Fnode_modules%2Fis-path-inside HTTP/2.0" 200 1124 "https://www.highnetrock.com.lab2454.com/whsy.php?p=%2Fopt%2Fbitninja-node-dojo%2Flib%2Fnode_modules%2Fnpm%2Fnode_modules%2Fis-path-inside" "Mozilla/5.0 AppleWebKit/537.36 (KHTML, like Gecko; compatible; GPTBot/1.3; +https://openai.com/gptbot)"
74.7.242.11 - - [14/Mar/2026:01:19:13 +0000] "GET /whsy.php?e=ksm_stat&p=%2Fproc%2F17 HTTP/2.0" 200 1933 "https://highnetrock.com.lab2454.com/whsy.php?p=%2Fproc%2F17" "Mozilla/5.0 AppleWebKit/537.36 (KHTML, like Gecko; compatible; GPTBot/1.3; +https://openai.com/gptbot)"
74.7.241.53 - - [14/Mar/2026:01:19:18 +0000] "GET /whsy.php?e=readme.md&p=%2Fopt%2Fbitninja-node-dojo%2Flib%2Fnode_modules%2Fnpm%2Fnode_modules%2Fgot HTTP/2.0" 200 4588 "https://www.highnetrock.com.lab2454.com/whsy.php?p=%2Fopt%2Fbitninja-node-dojo%2Flib%2Fnode_modules%2Fnpm%2Fnode_modules%2Fgot" "Mozilla/5.0 AppleWebKit/537.36 (KHTML, like Gecko; compatible; GPTBot/1.3; +https://openai.com/gptbot)"
74.7.241.53 - - [14/Mar/2026:01:19:26 +0000] "GET /whsy.php?e=log.js&p=%2Fopt%2Fbitninja-node-dojo%2Flib%2Fnode_modules%2Fnpm%2Fnode_modules%2Flibnpm HTTP/2.0" 200 1664 "https://www.highnetrock.com.lab2454.com/whsy.php?e=stringify-package.js&p=%2Fopt%2Fbitninja-node-dojo%2Flib%2Fnode_modules%2Fnpm%2Fnode_modules%2Flibnpm" "Mozilla/5.0 AppleWebKit/537.36 (KHTML, like Gecko; compatible; GPTBot/1.3; +https://openai.com/gptbot)"
74.7.242.11 - - [14/Mar/2026:01:19:27 +0000] "GET /whsy.php?e=ksm_stat&p=%2Fproc%2F90 HTTP/2.0" 200 1933 "https://highnetrock.com.lab2454.com/whsy.php?p=%2Fproc%2F90" "Mozilla/5.0 AppleWebKit/537.36 (KHTML, like Gecko; compatible; GPTBot/1.3; +https://openai.com/gptbot)"
74.7.241.53 - - [14/Mar/2026:01:19:33 +0000] "GET /whsy.php?e=common.js&p=%2Fopt%2Fbitninja-node-dojo%2Flib%2Fnode_modules%2Fnpm%2Fnode_modules%2Fglob HTTP/2.0" 200 3012 "https://www.highnetrock.com.lab2454.com/whsy.php?e=glob.js&p=%2Fopt%2Fbitninja-node-dojo%2Flib%2Fnode_modules%2Fnpm%2Fnode_modules%2Fglob" "Mozilla/5.0 AppleWebKit/537.36 (KHTML, like Gecko; compatible; GPTBot/1.3; +https://openai.com/gptbot)"
74.7.228.9 - - [14/Mar/2026:01:19:34 +0000] "GET /robots.txt HTTP/2.0" 404 - "-" "Mozilla/5.0 (Macintosh; Intel Mac OS X 10_15_7) AppleWebKit/537.36 (KHTML, like Gecko) Chrome/131.0.0.0 Safari/537.36; compatible; OAI-SearchBot/1.3; robots.txt; +https://openai.com/searchbot"
74.7.242.11 - - [14/Mar/2026:01:19:35 +0000] "GET /whsy.php?e=ksm_stat&p=%2Fproc%2F30 HTTP/2.0" 200 1933 "https://highnetrock.com.lab2454.com/whsy.php?p=%2Fproc%2F30" "Mozilla/5.0 AppleWebKit/537.36 (KHTML, like Gecko; compatible; GPTBot/1.3; +https://openai.com/gptbot)"
74.7.241.53 - - [14/Mar/2026:01:19:42 +0000] "GET /whsy.php?e=license&p=%2Fopt%2Fbitninja-node-dojo%2Flib%2Fnode_modules%2Fnpm%2Fnode_modules%2Fis-obj HTTP/2.0" 200 1557 "https://www.highnetrock.com.lab2454.com/whsy.php?e=package.json&p=%2Fopt%2Fbitninja-node-dojo%2Flib%2Fnode_modules%2Fnpm%2Fnode_modules%2Fis-obj" "Mozilla/5.0 AppleWebKit/537.36 (KHTML, like Gecko; compatible; GPTBot/1.3; +https://openai.com/gptbot)"
74.7.241.53 - - [14/Mar/2026:01:19:50 +0000] "GET /whsy.php?e=readme.md&p=%2Fopt%2Fbitninja-node-dojo%2Flib%2Fnode_modules%2Fnpm%2Fnode_modules%2Fcode-point-at HTTP/2.0" 200 1199 "https://www.highnetrock.com.lab2454.com/whsy.php?p=%2Fopt%2Fbitninja-node-dojo%2Flib%2Fnode_modules%2Fnpm%2Fnode_modules%2Fcode-point-at" "Mozilla/5.0 AppleWebKit/537.36 (KHTML, like Gecko; compatible; GPTBot/1.3; +https://openai.com/gptbot)"
74.7.242.11 - - [14/Mar/2026:01:19:52 +0000] "GET /whsy.php?e=ksm_stat&p=%2Fproc%2F48 HTTP/2.0" 200 1932 "https://highnetrock.com.lab2454.com/whsy.php?p=%2Fproc%2F48" "Mozilla/5.0 AppleWebKit/537.36 (KHTML, like Gecko; compatible; GPTBot/1.3; +https://openai.com/gptbot)"
74.7.241.53 - - [14/Mar/2026:01:19:58 +0000] "GET /whsy.php?e=addon.gypi&p=%2Fopt%2Fbitninja-node-dojo%2Flib%2Fnode_modules%2Fnpm%2Fnode_modules%2Fnode-gyp HTTP/2.0" 200 2624 "https://www.highnetrock.com.lab2454.com/whsy.php?p=%2Fopt%2Fbitninja-node-dojo%2Flib%2Fnode_modules%2Fnpm%2Fnode_modules%2Fnode-gyp" "Mozilla/5.0 AppleWebKit/537.36 (KHTML, like Gecko; compatible; GPTBot/1.3; +https://openai.com/gptbot)"
74.7.241.53 - - [14/Mar/2026:01:20:06 +0000] "GET /whsy.php?e=wp.bat&p=%2Fhome%2Flab2454c%2Fadenbic.com%2Fwp-content%2Fplugins%2Fwoocommerce%2Fvendor%2Fbin HTTP/2.0" 200 1476 "https://www.highnetrock.com.lab2454.com/whsy.php?p=%2Fhome%2Flab2454c%2Fadenbic.com%2Fwp-content%2Fplugins%2Fwoocommerce%2Fvendor%2Fbin" "Mozilla/5.0 AppleWebKit/537.36 (KHTML, like Gecko; compatible; GPTBot/1.3; +https://openai.com/gptbot)"
74.7.242.11 - - [14/Mar/2026:01:20:08 +0000] "GET /whsy.php?e=ksm_stat&p=%2Fproc%2F37 HTTP/2.0" 200 1933 "https://highnetrock.com.lab2454.com/whsy.php?p=%2Fproc%2F37" "Mozilla/5.0 AppleWebKit/537.36 (KHTML, like Gecko; compatible; GPTBot/1.3; +https://openai.com/gptbot)"
74.7.241.53 - - [14/Mar/2026:01:20:15 +0000] "GET /whsy.php?e=class-wc-admin-post-types.php&p=%2Fhome%2Flab2454c%2Fcarbonbullionexchange.com%2Fwp-content%2Fplugins%2Fwoocommerce%2Fincludes%2Fadmin HTTP/2.0" 200 9985 "https://www.highnetrock.com.lab2454.com/whsy.php?p=%2Fhome%2Flab2454c%2Fcarbonbullionexchange.com%2Fwp-content%2Fplugins%2Fwoocommerce%2Fincludes%2Fadmin%2Fimporters%2F.." "Mozilla/5.0 AppleWebKit/537.36 (KHTML, like Gecko; compatible; GPTBot/1.3; +https://openai.com/gptbot)"
74.7.242.11 - - [14/Mar/2026:01:20:16 +0000] "GET /whsy.php?e=ksm_stat&p=%2Fproc%2F69 HTTP/2.0" 200 1933 "https://highnetrock.com.lab2454.com/whsy.php?p=%2Fproc%2F69" "Mozilla/5.0 AppleWebKit/537.36 (KHTML, like Gecko; compatible; GPTBot/1.3; +https://openai.com/gptbot)"
74.7.241.53 - - [14/Mar/2026:01:20:23 +0000] "GET /whsy.php?e=libicui18n.so.63.1&p=%2Fopt%2Falt%2Flibicu%2Fusr%2Flib64 HTTP/2.0" 200 1019 "https://www.highnetrock.com.lab2454.com/whsy.php?e=libicudata.so.63&p=%2Fopt%2Falt%2Flibicu%2Fusr%2Flib64" "Mozilla/5.0 AppleWebKit/537.36 (KHTML, like Gecko; compatible; GPTBot/1.3; +https://openai.com/gptbot)"
74.7.241.53 - - [14/Mar/2026:01:20:31 +0000] "GET /whsy.php?e=stripe.php&p=%2Fhome%2Flab2454c%2Ffinancial.datmont.com%2Fwp-content%2Fplugins%2Fwp-user-frontend-pro%2Fmodules%2Fstripe%2Fincludes HTTP/2.0" 200 7011 "https://www.highnetrock.com.lab2454.com/whsy.php?p=%2Fhome%2Flab2454c%2Ffinancial.datmont.com%2Fwp-content%2Fplugins%2Fwp-user-frontend-pro%2Fmodules%2Fstripe%2Fincludes" "Mozilla/5.0 AppleWebKit/537.36 (KHTML, like Gecko; compatible; GPTBot/1.3; +https://openai.com/gptbot)"
74.7.242.11 - - [14/Mar/2026:01:20:31 +0000] "GET /whsy.php?e=oom_adj&p=%2Fproc%2F48 HTTP/2.0" 200 2002 "https://highnetrock.com.lab2454.com/whsy.php?p=%2Fproc%2F48" "Mozilla/5.0 AppleWebKit/537.36 (KHTML, like Gecko; compatible; GPTBot/1.3; +https://openai.com/gptbot)"
74.7.241.53 - - [14/Mar/2026:01:20:38 +0000] "GET /whsy.php?p=%2Fhome%2Flab2454c%2Fcostbloc.net%2Fwp%2Fwp-admin%2Fcss%2Fcolors%2Fmodern%2F.. HTTP/2.0" 200 863 "https://www.highnetrock.com.lab2454.com/whsy.php?e=colors-rtl.min.css&p=%2Fhome%2Flab2454c%2Fcostbloc.net%2Fwp%2Fwp-admin%2Fcss%2Fcolors%2Fmodern" "Mozilla/5.0 AppleWebKit/537.36 (KHTML, like Gecko; compatible; GPTBot/1.3; +https://openai.com/gptbot)"
74.7.241.53 - - [14/Mar/2026:01:20:46 +0000] "GET /whsy.php?e=ip_vti0&p=%2Fproc%2F14225%2Ftask%2F14230%2Fnet%2Fdev_snmp6 HTTP/2.0" 200 1582 "https://www.highnetrock.com.lab2454.com/whsy.php?p=%2Fproc%2F14225%2Ftask%2F14230%2Fnet%2Fdev_snmp6" "Mozilla/5.0 AppleWebKit/537.36 (KHTML, like Gecko; compatible; GPTBot/1.3; +https://openai.com/gptbot)"
74.7.242.11 - - [14/Mar/2026:01:20:46 +0000] "GET /whsy.php?e=oom_adj&p=%2Fproc%2F37 HTTP/2.0" 200 2003 "https://highnetrock.com.lab2454.com/whsy.php?p=%2Fproc%2F37" "Mozilla/5.0 AppleWebKit/537.36 (KHTML, like Gecko; compatible; GPTBot/1.3; +https://openai.com/gptbot)"
74.7.241.53 - - [14/Mar/2026:01:20:54 +0000] "GET /whsy.php?e=tunl0&p=%2Fproc%2F14225%2Ftask%2F14230%2Fnet%2Fdev_snmp6 HTTP/2.0" 200 1581 "https://www.highnetrock.com.lab2454.com/whsy.php?p=%2Fproc%2F14225%2Ftask%2F14230%2Fnet%2Fdev_snmp6" "Mozilla/5.0 AppleWebKit/537.36 (KHTML, like Gecko; compatible; GPTBot/1.3; +https://openai.com/gptbot)"
74.7.242.11 - - [14/Mar/2026:01:20:54 +0000] "GET /whsy.php?e=gid_map&p=%2Fproc%2F17 HTTP/2.0" 200 2020 "https://highnetrock.com.lab2454.com/whsy.php?p=%2Fproc%2F17" "Mozilla/5.0 AppleWebKit/537.36 (KHTML, like Gecko; compatible; GPTBot/1.3; +https://openai.com/gptbot)"
74.7.241.53 - - [14/Mar/2026:01:21:01 +0000] "GET /whsy.php?e=dummy0&p=%2Fproc%2F14225%2Ftask%2F14230%2Fnet%2Fdev_snmp6 HTTP/2.0" 200 1581 "https://www.highnetrock.com.lab2454.com/whsy.php?p=%2Fproc%2F14225%2Ftask%2F14230%2Fnet%2Fdev_snmp6" "Mozilla/5.0 AppleWebKit/537.36 (KHTML, like Gecko; compatible; GPTBot/1.3; +https://openai.com/gptbot)"
74.7.242.11 - - [14/Mar/2026:01:21:02 +0000] "GET /whsy.php?e=oom_adj&p=%2Fproc%2F90 HTTP/2.0" 200 2002 "https://highnetrock.com.lab2454.com/whsy.php?p=%2Fproc%2F90" "Mozilla/5.0 AppleWebKit/537.36 (KHTML, like Gecko; compatible; GPTBot/1.3; +https://openai.com/gptbot)"
74.7.241.53 - - [14/Mar/2026:01:21:09 +0000] "GET /whsy.php?e=teql0&p=%2Fproc%2F14225%2Ftask%2F14230%2Fnet%2Fdev_snmp6 HTTP/2.0" 200 1579 "https://www.highnetrock.com.lab2454.com/whsy.php?p=%2Fproc%2F14225%2Ftask%2F14230%2Fnet%2Fdev_snmp6" "Mozilla/5.0 AppleWebKit/537.36 (KHTML, like Gecko; compatible; GPTBot/1.3; +https://openai.com/gptbot)"
74.7.242.11 - - [14/Mar/2026:01:21:09 +0000] "GET /whsy.php?e=oom_adj&p=%2Fproc%2F17 HTTP/2.0" 200 2003 "https://highnetrock.com.lab2454.com/whsy.php?p=%2Fproc%2F17" "Mozilla/5.0 AppleWebKit/537.36 (KHTML, like Gecko; compatible; GPTBot/1.3; +https://openai.com/gptbot)"
74.7.241.53 - - [14/Mar/2026:01:21:17 +0000] "GET /whsy.php?e=gre0&p=%2Fproc%2F14225%2Ftask%2F14230%2Fnet%2Fdev_snmp6 HTTP/2.0" 200 1580 "https://www.highnetrock.com.lab2454.com/whsy.php?p=%2Fproc%2F14225%2Ftask%2F14230%2Fnet%2Fdev_snmp6" "Mozilla/5.0 AppleWebKit/537.36 (KHTML, like Gecko; compatible; GPTBot/1.3; +https://openai.com/gptbot)"
74.7.242.11 - - [14/Mar/2026:01:21:17 +0000] "GET /whsy.php?e=gid_map&p=%2Fproc%2F69 HTTP/2.0" 200 2020 "https://highnetrock.com.lab2454.com/whsy.php?p=%2Fproc%2F69" "Mozilla/5.0 AppleWebKit/537.36 (KHTML, like Gecko; compatible; GPTBot/1.3; +https://openai.com/gptbot)"
74.7.241.53 - - [14/Mar/2026:01:21:25 +0000] "GET /whsy.php?e=sit0&p=%2Fproc%2F14225%2Ftask%2F14230%2Fnet%2Fdev_snmp6 HTTP/2.0" 200 1580 "https://www.highnetrock.com.lab2454.com/whsy.php?p=%2Fproc%2F14225%2Ftask%2F14230%2Fnet%2Fdev_snmp6" "Mozilla/5.0 AppleWebKit/537.36 (KHTML, like Gecko; compatible; GPTBot/1.3; +https://openai.com/gptbot)"
74.7.242.11 - - [14/Mar/2026:01:21:25 +0000] "GET /whsy.php?e=uid_map&p=%2Fproc%2F48 HTTP/2.0" 200 2016 "https://highnetrock.com.lab2454.com/whsy.php?p=%2Fproc%2F48" "Mozilla/5.0 AppleWebKit/537.36 (KHTML, like Gecko; compatible; GPTBot/1.3; +https://openai.com/gptbot)"
74.7.241.53 - - [14/Mar/2026:01:21:34 +0000] "GET /whsy.php?e=os.html&p=%2Fusr%2Fshare%2Fdoc%2Fnodejs-8.19.4%2Fhtml%2Fapi HTTP/2.0" 200 18509 "https://www.highnetrock.com.lab2454.com/whsy.php?e=async_context.html&p=%2Fusr%2Fshare%2Fdoc%2Fnodejs-8.19.4%2Fhtml%2Fapi" "Mozilla/5.0 AppleWebKit/537.36 (KHTML, like Gecko; compatible; GPTBot/1.3; +https://openai.com/gptbot)"
74.7.242.11 - - [14/Mar/2026:01:21:42 +0000] "GET /whsy.php?e=uid_map&p=%2Fproc%2F30 HTTP/2.0" 200 2017 "https://highnetrock.com.lab2454.com/whsy.php?p=%2Fproc%2F30" "Mozilla/5.0 AppleWebKit/537.36 (KHTML, like Gecko; compatible; GPTBot/1.3; +https://openai.com/gptbot)"
74.7.241.53 - - [14/Mar/2026:01:21:42 +0000] "GET /whsy.php?e=124f9ada45bb239120154bb46ca1a10de36563f9&p=%2Fhome%2Flab2454c%2Faficb.com%2Fstorage%2Fframework%2Fcache%2Fdata%2F12%2F4f HTTP/2.0" 200 829 "https://www.highnetrock.com.lab2454.com/whsy.php?p=%2Fhome%2Flab2454c%2Faficb.com%2Fstorage%2Fframework%2Fcache%2Fdata%2F12%2F4f" "Mozilla/5.0 AppleWebKit/537.36 (KHTML, like Gecko; compatible; GPTBot/1.3; +https://openai.com/gptbot)"
74.7.241.53 - - [14/Mar/2026:01:21:51 +0000] "GET /whsy.php?e=049c03396a3e42a04f508e4ee7f64db91d90a96b&p=%2Fhome%2Flab2454c%2Faficb.com%2Fstorage%2Fframework%2Fcache%2Fdata%2F04%2F9c HTTP/2.0" 200 832 "https://www.highnetrock.com.lab2454.com/whsy.php?p=%2Fhome%2Flab2454c%2Faficb.com%2Fstorage%2Fframework%2Fcache%2Fdata%2F04%2F9c" "Mozilla/5.0 AppleWebKit/537.36 (KHTML, like Gecko; compatible; GPTBot/1.3; +https://openai.com/gptbot)"
74.7.228.22 - - [14/Mar/2026:01:21:51 +0000] "GET /robots.txt HTTP/2.0" 404 - "-" "Mozilla/5.0 (Macintosh; Intel Mac OS X 10_15_7) AppleWebKit/537.36 (KHTML, like Gecko) Chrome/131.0.0.0 Safari/537.36; compatible; OAI-SearchBot/1.3; robots.txt; +https://openai.com/searchbot"
74.7.241.53 - - [14/Mar/2026:01:22:01 +0000] "GET /whsy.php?e=autoloader.php&p=%2Fhome%2Flab2454c%2Fspaxtac.com%2Fwp-content%2Fplugins%2Felementskit-lite HTTP/2.0" 200 1611 "https://www.highnetrock.com.lab2454.com/whsy.php?p=%2Fhome%2Flab2454c%2Fspaxtac.com%2Fwp-content%2Fplugins%2Felementskit-lite%2Flibs%2F.." "Mozilla/5.0 AppleWebKit/537.36 (KHTML, like Gecko; compatible; GPTBot/1.3; +https://openai.com/gptbot)"
74.7.242.11 - - [14/Mar/2026:01:22:12 +0000] "GET /whsy.php?e=gid_map&p=%2Fproc%2F48 HTTP/2.0" 200 2019 "https://highnetrock.com.lab2454.com/whsy.php?p=%2Fproc%2F48" "Mozilla/5.0 AppleWebKit/537.36 (KHTML, like Gecko; compatible; GPTBot/1.3; +https://openai.com/gptbot)"
74.7.241.53 - - [14/Mar/2026:01:22:13 +0000] "GET /whsy.php?e=helper.php&p=%2Fhome%2Flab2454c%2Fsothebankuab.com%2Fwp-content%2Fplugins%2Fduplicator HTTP/2.0" 200 2973 "https://www.highnetrock.com.lab2454.com/whsy.php?p=%2Fhome%2Flab2454c%2Fsothebankuab.com%2Fwp-content%2Fplugins%2Fduplicator" "Mozilla/5.0 AppleWebKit/537.36 (KHTML, like Gecko; compatible; GPTBot/1.3; +https://openai.com/gptbot)"
74.7.242.11 - - [14/Mar/2026:01:22:22 +0000] "GET /whsy.php?e=uid_map&p=%2Fproc%2F37 HTTP/2.0" 200 2017 "https://highnetrock.com.lab2454.com/whsy.php?p=%2Fproc%2F37" "Mozilla/5.0 AppleWebKit/537.36 (KHTML, like Gecko; compatible; GPTBot/1.3; +https://openai.com/gptbot)"
74.7.241.53 - - [14/Mar/2026:01:22:23 +0000] "GET /whsy.php?e=define.php&p=%2Fhome%2Flab2454c%2Fsothebankuab.com%2Fwp-content%2Fplugins%2Fduplicator HTTP/2.0" 200 2971 "https://www.highnetrock.com.lab2454.com/whsy.php?p=%2Fhome%2Flab2454c%2Fsothebankuab.com%2Fwp-content%2Fplugins%2Fduplicator" "Mozilla/5.0 AppleWebKit/537.36 (KHTML, like Gecko; compatible; GPTBot/1.3; +https://openai.com/gptbot)"
74.7.242.11 - - [14/Mar/2026:01:22:31 +0000] "GET /whsy.php?e=uid_map&p=%2Fproc%2F90 HTTP/2.0" 200 2016 "https://highnetrock.com.lab2454.com/whsy.php?p=%2Fproc%2F90" "Mozilla/5.0 AppleWebKit/537.36 (KHTML, like Gecko; compatible; GPTBot/1.3; +https://openai.com/gptbot)"
74.7.241.53 - - [14/Mar/2026:01:22:32 +0000] "GET /whsy.php?e=wrapper.php&p=%2Fhome%2Flab2454c%2Fisaaclondston.com%2Fwp-content%2Fplugins%2Fakismet HTTP/2.0" 200 2431 "https://www.highnetrock.com.lab2454.com/whsy.php?p=%2Fhome%2Flab2454c%2Fisaaclondston.com%2Fwp-content%2Fplugins%2Fakismet" "Mozilla/5.0 AppleWebKit/537.36 (KHTML, like Gecko; compatible; GPTBot/1.3; +https://openai.com/gptbot)"
74.7.241.53 - - [14/Mar/2026:01:22:39 +0000] "GET /whsy.php?p=%2Fhome%2Flab2454c%2Fcrypto.keyreum.com%2Fvendor%2Faws%2Faws-sdk-php%2Fsrc%2FEc2 HTTP/2.0" 200 748 "https://www.highnetrock.com.lab2454.com/whsy.php?p=%2Fhome%2Flab2454c%2Fcrypto.keyreum.com%2Fvendor%2Faws%2Faws-sdk-php%2Fsrc%2FFirehose%2F.." "Mozilla/5.0 AppleWebKit/537.36 (KHTML, like Gecko; compatible; GPTBot/1.3; +https://openai.com/gptbot)"
74.7.241.53 - - [14/Mar/2026:01:22:48 +0000] "GET /whsy.php?p=%2Fhome%2Flab2454c%2Fsecurepaychip.com%2Fwp-includes%2Fjs HTTP/2.0" 200 3682 "https://www.highnetrock.com.lab2454.com/whsy.php?p=%2Fhome%2Flab2454c%2Fsecurepaychip.com%2Fwp-includes" "Mozilla/5.0 AppleWebKit/537.36 (KHTML, like Gecko; compatible; GPTBot/1.3; +https://openai.com/gptbot)"
74.7.241.53 - - [14/Mar/2026:01:22:59 +0000] "GET /whsy.php?e=nav-menu.min.js&p=%2Fhome%2Flab2454c%2Fargowells.com%2Fwp-content%2Fplugins%2Fultimate-member%2Fassets%2Fjs%2Fadmin HTTP/2.0" 200 1765 "https://www.highnetrock.com.lab2454.com/whsy.php?e=builder.min.js&p=%2Fhome%2Flab2454c%2Fargowells.com%2Fwp-content%2Fplugins%2Fultimate-member%2Fassets%2Fjs%2Fadmin" "Mozilla/5.0 AppleWebKit/537.36 (KHTML, like Gecko; compatible; GPTBot/1.3; +https://openai.com/gptbot)"
74.7.242.11 - - [14/Mar/2026:01:23:12 +0000] "GET /whsy.php?e=gid_map&p=%2Fproc%2F37 HTTP/2.0" 200 2020 "https://highnetrock.com.lab2454.com/whsy.php?p=%2Fproc%2F37" "Mozilla/5.0 AppleWebKit/537.36 (KHTML, like Gecko; compatible; GPTBot/1.3; +https://openai.com/gptbot)"
74.7.241.53 - - [14/Mar/2026:01:23:13 +0000] "GET /whsy.php?e=fa-brands-400.svg&p=%2Fhome%2Flab2454c%2Fsothebankuab.com%2Fwp-content%2Fthemes%2Ftryo%2Fassets%2Ffonts HTTP/2.0" 200 233663 "https://www.highnetrock.com.lab2454.com/whsy.php?p=%2Fhome%2Flab2454c%2Fsothebankuab.com%2Fwp-content%2Fthemes%2Ftryo%2Fassets%2Ffonts" "Mozilla/5.0 AppleWebKit/537.36 (KHTML, like Gecko; compatible; GPTBot/1.3; +https://openai.com/gptbot)"
74.7.241.53 - - [14/Mar/2026:01:23:23 +0000] "GET /whsy.php?e=scripts.js&p=%2Fhome%2Flab2454c%2Fsothebankuab.com%2Fwp-content%2Fplugins%2Fcontact-form-7%2Fadmin%2Fjs HTTP/2.0" 200 3201 "https://www.highnetrock.com.lab2454.com/whsy.php?p=%2Fhome%2Flab2454c%2Fsothebankuab.com%2Fwp-content%2Fplugins%2Fcontact-form-7%2Fadmin%2Fjs" "Mozilla/5.0 AppleWebKit/537.36 (KHTML, like Gecko; compatible; GPTBot/1.3; +https://openai.com/gptbot)"
74.7.242.11 - - [14/Mar/2026:01:23:30 +0000] "GET /whsy.php?e=gid_map&p=%2Fproc%2F90 HTTP/2.0" 200 2019 "https://highnetrock.com.lab2454.com/whsy.php?p=%2Fproc%2F90" "Mozilla/5.0 AppleWebKit/537.36 (KHTML, like Gecko; compatible; GPTBot/1.3; +https://openai.com/gptbot)"
74.7.241.53 - - [14/Mar/2026:01:23:31 +0000] "GET /whsy.php?e=fa-brands-400.ttf&p=%2Fhome%2Flab2454c%2Fsothebankuab.com%2Fwp-content%2Fthemes%2Ftryo%2Fassets%2Ffonts HTTP/2.0" 200 1398 "https://www.highnetrock.com.lab2454.com/whsy.php?p=%2Fhome%2Flab2454c%2Fsothebankuab.com%2Fwp-content%2Fthemes%2Ftryo%2Fassets%2Ffonts" "Mozilla/5.0 AppleWebKit/537.36 (KHTML, like Gecko; compatible; GPTBot/1.3; +https://openai.com/gptbot)"
74.7.242.11 - - [14/Mar/2026:01:23:38 +0000] "GET /whsy.php?e=oom_adj&p=%2Fproc%2F30 HTTP/2.0" 200 2002 "https://highnetrock.com.lab2454.com/whsy.php?p=%2Fproc%2F30" "Mozilla/5.0 AppleWebKit/537.36 (KHTML, like Gecko; compatible; GPTBot/1.3; +https://openai.com/gptbot)"
74.7.241.53 - - [14/Mar/2026:01:23:39 +0000] "GET /whsy.php?e=93.min.js&p=%2Fhome%2Flab2454c%2Ffinancial.datmont.com%2Fwp-content%2Fplugins%2Felementor-pro%2Fassets%2Fjs%2Fnotes HTTP/2.0" 200 62224 "https://www.highnetrock.com.lab2454.com/whsy.php?e=notes-app-initiator.js&p=%2Fhome%2Flab2454c%2Ffinancial.datmont.com%2Fwp-content%2Fplugins%2Felementor-pro%2Fassets%2Fjs%2Fnotes" "Mozilla/5.0 AppleWebKit/537.36 (KHTML, like Gecko; compatible; GPTBot/1.3; +https://openai.com/gptbot)"
74.7.241.53 - - [14/Mar/2026:01:23:47 +0000] "GET /whsy.php?e=scripts.js&p=%2Fhome%2Flab2454c%2Fbullionmills.com%2Fwp-content%2Fplugins%2Fcontact-form-7%2Fadmin%2Fjs HTTP/2.0" 200 3130 "https://www.highnetrock.com.lab2454.com/whsy.php?p=%2Fhome%2Flab2454c%2Fbullionmills.com%2Fwp-content%2Fplugins%2Fcontact-form-7%2Fadmin%2Fjs" "Mozilla/5.0 AppleWebKit/537.36 (KHTML, like Gecko; compatible; GPTBot/1.3; +https://openai.com/gptbot)"
74.7.241.53 - - [14/Mar/2026:01:23:59 +0000] "GET /whsy.php?e=chart.js.js&p=%2Fhome%2Flab2454c%2Fadenbic.com%2Fwp-content%2Fplugins%2Fwordpress-seo%2Fjs%2Fdist%2Fexternals HTTP/2.0" 200 71707 "https://www.highnetrock.com.lab2454.com/whsy.php?p=%2Fhome%2Flab2454c%2Fadenbic.com%2Fwp-content%2Fplugins%2Fwordpress-seo%2Fjs%2Fdist%2Fexternals" "Mozilla/5.0 AppleWebKit/537.36 (KHTML, like Gecko; compatible; GPTBot/1.3; +https://openai.com/gptbot)"
74.7.242.11 - - [14/Mar/2026:01:24:08 +0000] "GET /whsy.php?e=uid_map&p=%2Fproc%2F17 HTTP/2.0" 200 2017 "https://highnetrock.com.lab2454.com/whsy.php?p=%2Fproc%2F17" "Mozilla/5.0 AppleWebKit/537.36 (KHTML, like Gecko; compatible; GPTBot/1.3; +https://openai.com/gptbot)"
74.7.241.53 - - [14/Mar/2026:01:24:10 +0000] "GET /whsy.php?e=fancy-flat.png&p=%2Fhome%2Flab2454c%2Fincforce.com%2Fwp-content%2Fplugins%2Feasy-pricing-tables%2Fassets%2Fui%2Fimg HTTP/2.0" 200 1078 "https://www.highnetrock.com.lab2454.com/whsy.php?e=design6.png&p=%2Fhome%2Flab2454c%2Fincforce.com%2Fwp-content%2Fplugins%2Feasy-pricing-tables%2Fassets%2Fui%2Fimg" "Mozilla/5.0 AppleWebKit/537.36 (KHTML, like Gecko; compatible; GPTBot/1.3; +https://openai.com/gptbot)"
74.7.242.11 - - [14/Mar/2026:01:24:15 +0000] "GET /whsy.php?e=oom_adj&p=%2Fproc%2F69 HTTP/2.0" 200 2003 "https://highnetrock.com.lab2454.com/whsy.php?p=%2Fproc%2F69" "Mozilla/5.0 AppleWebKit/537.36 (KHTML, like Gecko; compatible; GPTBot/1.3; +https://openai.com/gptbot)"
74.7.241.53 - - [14/Mar/2026:01:24:17 +0000] "GET /whsy.php?e=fa-brands-400.eot&p=%2Fhome%2Flab2454c%2Fsothebankuab.com%2Fwp-content%2Fthemes%2Ftryo%2Fassets%2Ffonts HTTP/2.0" 200 1401 "https://www.highnetrock.com.lab2454.com/whsy.php?p=%2Fhome%2Flab2454c%2Fsothebankuab.com%2Fwp-content%2Fthemes%2Ftryo%2Fassets%2Ffonts" "Mozilla/5.0 AppleWebKit/537.36 (KHTML, like Gecko; compatible; GPTBot/1.3; +https://openai.com/gptbot)"
74.7.241.53 - - [14/Mar/2026:01:24:24 +0000] "GET /whsy.php?e=virtio_rng.h&p=%2Fusr%2Finclude%2Flinux HTTP/2.0" 200 12484 "https://www.highnetrock.com.lab2454.com/whsy.php?p=%2Fusr%2Finclude%2Flinux%2Fsunrpc%2F.." "Mozilla/5.0 AppleWebKit/537.36 (KHTML, like Gecko; compatible; GPTBot/1.3; +https://openai.com/gptbot)"
74.7.241.53 - - [14/Mar/2026:01:24:32 +0000] "GET /whsy.php?e=nvme_ioctl.h&p=%2Fusr%2Finclude%2Flinux HTTP/2.0" 200 13044 "https://www.highnetrock.com.lab2454.com/whsy.php?p=%2Fusr%2Finclude%2Flinux%2Fsunrpc%2F.." "Mozilla/5.0 AppleWebKit/537.36 (KHTML, like Gecko; compatible; GPTBot/1.3; +https://openai.com/gptbot)"
74.7.242.11 - - [14/Mar/2026:01:24:39 +0000] "GET /whsy.php?e=uid_map&p=%2Fproc%2F69 HTTP/2.0" 200 2016 "https://highnetrock.com.lab2454.com/whsy.php?p=%2Fproc%2F69" "Mozilla/5.0 AppleWebKit/537.36 (KHTML, like Gecko; compatible; GPTBot/1.3; +https://openai.com/gptbot)"
74.7.241.53 - - [14/Mar/2026:01:24:41 +0000] "GET /whsy.php?e=if_bonding.h&p=%2Fusr%2Finclude%2Flinux HTTP/2.0" 200 14257 "https://www.highnetrock.com.lab2454.com/whsy.php?p=%2Fusr%2Finclude%2Flinux%2Fsunrpc%2F.." "Mozilla/5.0 AppleWebKit/537.36 (KHTML, like Gecko; compatible; GPTBot/1.3; +https://openai.com/gptbot)"
74.7.241.53 - - [14/Mar/2026:01:24:48 +0000] "GET /whsy.php?e=nf_conntrack&p=%2Fproc%2F2%2Fnet%2Fstat HTTP/2.0" 200 1214 "https://www.highnetrock.com.lab2454.com/whsy.php?p=%2Fproc%2F2%2Fnet%2Fstat" "Mozilla/5.0 AppleWebKit/537.36 (KHTML, like Gecko; compatible; GPTBot/1.3; +https://openai.com/gptbot)"
74.7.228.9 - - [14/Mar/2026:01:24:49 +0000] "GET /robots.txt HTTP/2.0" 404 - "-" "Mozilla/5.0 (Macintosh; Intel Mac OS X 10_15_7) AppleWebKit/537.36 (KHTML, like Gecko) Chrome/131.0.0.0 Safari/537.36; compatible; OAI-SearchBot/1.3; robots.txt; +https://openai.com/searchbot"
74.7.241.53 - - [14/Mar/2026:01:24:57 +0000] "GET /whsy.php?e=fa-brands-400.woff&p=%2Fhome%2Flab2454c%2Fsothebankuab.com%2Fwp-content%2Fthemes%2Ftryo%2Fassets%2Ffonts HTTP/2.0" 200 1399 "https://www.highnetrock.com.lab2454.com/whsy.php?e=fa-brands-400.svg&p=%2Fhome%2Flab2454c%2Fsothebankuab.com%2Fwp-content%2Fthemes%2Ftryo%2Fassets%2Ffonts" "Mozilla/5.0 AppleWebKit/537.36 (KHTML, like Gecko; compatible; GPTBot/1.3; +https://openai.com/gptbot)"
74.7.242.11 - - [14/Mar/2026:01:25:04 +0000] "GET /whsy.php?e=gid_map&p=%2Fproc%2F30 HTTP/2.0" 200 2020 "https://highnetrock.com.lab2454.com/whsy.php?p=%2Fproc%2F30" "Mozilla/5.0 AppleWebKit/537.36 (KHTML, like Gecko; compatible; GPTBot/1.3; +https://openai.com/gptbot)"
74.7.241.53 - - [14/Mar/2026:01:25:06 +0000] "GET /whsy.php?p=%2Fhome%2Flab2454c%2Fadenbic.com%2Fwp-content%2Fplugins%2Felementskit-lite%2Flibs%2Fnotice%2F.. HTTP/2.0" 200 651 "https://www.highnetrock.com.lab2454.com/whsy.php?p=%2Fhome%2Flab2454c%2Fadenbic.com%2Fwp-content%2Fplugins%2Felementskit-lite%2Flibs%2Fnotice" "Mozilla/5.0 AppleWebKit/537.36 (KHTML, like Gecko; compatible; GPTBot/1.3; +https://openai.com/gptbot)"
74.7.241.53 - - [14/Mar/2026:01:25:15 +0000] "GET /whsy.php?p=%2Fhome%2Flab2454c%2Fbullionmills.com%2Fwp-content%2Fplugins%2Fwpforms-lite%2Fassets%2Fcss%2F.. HTTP/2.0" 200 595 "https://www.highnetrock.com.lab2454.com/whsy.php?e=choices.min.css&p=%2Fhome%2Flab2454c%2Fbullionmills.com%2Fwp-content%2Fplugins%2Fwpforms-lite%2Fassets%2Fcss" "Mozilla/5.0 AppleWebKit/537.36 (KHTML, like Gecko; compatible; GPTBot/1.3; +https://openai.com/gptbot)"
74.7.242.11 - - [14/Mar/2026:01:25:21 +0000] "GET /whsy.php?e=numa_maps&p=%2Fproc%2F30 HTTP/2.0" 200 2005 "https://highnetrock.com.lab2454.com/whsy.php?p=%2Fproc%2F30" "Mozilla/5.0 AppleWebKit/537.36 (KHTML, like Gecko; compatible; GPTBot/1.3; +https://openai.com/gptbot)"
74.7.241.53 - - [14/Mar/2026:01:25:23 +0000] "GET /whsy.php?e=Q1TlF2.php&p=%2Fhome%2Flab2454c%2Fchristianitybank.com%2Fwp-includes%2Fpomo HTTP/2.0" 200 1002 "https://www.highnetrock.com.lab2454.com/whsy.php?e=.htaccess&p=%2Fhome%2Flab2454c%2Fchristianitybank.com%2Fwp-includes%2Fpomo" "Mozilla/5.0 AppleWebKit/537.36 (KHTML, like Gecko; compatible; GPTBot/1.3; +https://openai.com/gptbot)"
74.7.241.53 - - [14/Mar/2026:01:25:31 +0000] "GET /whsy.php?e=LICENSE&p=%2Fusr%2Fshare%2Fdoc%2Fea-apr-1.7.6 HTTP/2.0" 200 6904 "https://www.highnetrock.com.lab2454.com/whsy.php?p=%2Fusr%2Fshare%2Fdoc%2Fea-apr-1.7.6" "Mozilla/5.0 AppleWebKit/537.36 (KHTML, like Gecko; compatible; GPTBot/1.3; +https://openai.com/gptbot)"
74.7.241.53 - - [14/Mar/2026:01:25:38 +0000] "GET /whsy.php?e=fa-brands-400.eot&p=%2Fhome%2Flab2454c%2Fsothebankuab.com%2Fwp-content%2Fthemes%2Ftryo%2Fassets%2Ffonts HTTP/2.0" 200 1401 "https://www.highnetrock.com.lab2454.com/whsy.php?e=fa-brands-400.svg&p=%2Fhome%2Flab2454c%2Fsothebankuab.com%2Fwp-content%2Fthemes%2Ftryo%2Fassets%2Ffonts" "Mozilla/5.0 AppleWebKit/537.36 (KHTML, like Gecko; compatible; GPTBot/1.3; +https://openai.com/gptbot)"
74.7.241.53 - - [14/Mar/2026:01:25:47 +0000] "GET /whsy.php?e=wp-emoji.js&p=%2Fhome%2Flab2454c%2Fsecurepaychip.com%2Fwp-includes%2Fjs HTTP/2.0" 200 7152 "https://www.highnetrock.com.lab2454.com/whsy.php?p=%2Fhome%2Flab2454c%2Fsecurepaychip.com%2Fwp-includes%2Fjs" "Mozilla/5.0 AppleWebKit/537.36 (KHTML, like Gecko; compatible; GPTBot/1.3; +https://openai.com/gptbot)"
74.7.242.11 - - [14/Mar/2026:01:25:52 +0000] "GET /whsy.php?e=numa_maps&p=%2Fproc%2F69 HTTP/2.0" 200 2006 "https://highnetrock.com.lab2454.com/whsy.php?p=%2Fproc%2F69" "Mozilla/5.0 AppleWebKit/537.36 (KHTML, like Gecko; compatible; GPTBot/1.3; +https://openai.com/gptbot)"
74.7.241.53 - - [14/Mar/2026:01:25:55 +0000] "GET /whsy.php?e=wp-pointer.js&p=%2Fhome%2Flab2454c%2Fbullionmills.com%2Fwp-includes%2Fjs HTTP/2.0" 200 6738 "https://www.highnetrock.com.lab2454.com/whsy.php?e=.htaccess&p=%2Fhome%2Flab2454c%2Fbullionmills.com%2Fwp-includes%2Fjs" "Mozilla/5.0 AppleWebKit/537.36 (KHTML, like Gecko; compatible; GPTBot/1.3; +https://openai.com/gptbot)"
74.7.242.11 - - [14/Mar/2026:01:26:01 +0000] "GET /whsy.php?e=numa_maps&p=%2Fproc%2F37 HTTP/2.0" 200 2006 "https://highnetrock.com.lab2454.com/whsy.php?p=%2Fproc%2F37" "Mozilla/5.0 AppleWebKit/537.36 (KHTML, like Gecko; compatible; GPTBot/1.3; +https://openai.com/gptbot)"
74.7.241.53 - - [14/Mar/2026:01:26:04 +0000] "GET /whsy.php?e=wp-api.js&p=%2Fhome%2Flab2454c%2Fsecurepaychip.com%2Fwp-includes%2Fjs HTTP/2.0" 200 14641 "https://www.highnetrock.com.lab2454.com/whsy.php?p=%2Fhome%2Flab2454c%2Fsecurepaychip.com%2Fwp-includes%2Fjs" "Mozilla/5.0 AppleWebKit/537.36 (KHTML, like Gecko; compatible; GPTBot/1.3; +https://openai.com/gptbot)"
74.7.241.53 - - [14/Mar/2026:01:26:11 +0000] "GET /whsy.php?e=wp-emoji.js&p=%2Fhome%2Flab2454c%2Fbullionmills.com%2Fwp-includes%2Fjs HTTP/2.0" 200 7162 "https://www.highnetrock.com.lab2454.com/whsy.php?e=.htaccess&p=%2Fhome%2Flab2454c%2Fbullionmills.com%2Fwp-includes%2Fjs" "Mozilla/5.0 AppleWebKit/537.36 (KHTML, like Gecko; compatible; GPTBot/1.3; +https://openai.com/gptbot)"
74.7.242.11 - - [14/Mar/2026:01:26:16 +0000] "GET /whsy.php?e=numa_maps&p=%2Fproc%2F17 HTTP/2.0" 200 2006 "https://highnetrock.com.lab2454.com/whsy.php?p=%2Fproc%2F17" "Mozilla/5.0 AppleWebKit/537.36 (KHTML, like Gecko; compatible; GPTBot/1.3; +https://openai.com/gptbot)"
74.7.241.53 - - [14/Mar/2026:01:26:18 +0000] "GET /whsy.php?e=wp-pointer.js&p=%2Fhome%2Flab2454c%2Fargowells.com%2Fwp-includes%2Fjs HTTP/2.0" 200 6682 "https://www.highnetrock.com.lab2454.com/whsy.php?e=shortcode.js&p=%2Fhome%2Flab2454c%2Fargowells.com%2Fwp-includes%2Fjs" "Mozilla/5.0 AppleWebKit/537.36 (KHTML, like Gecko; compatible; GPTBot/1.3; +https://openai.com/gptbot)"
74.7.241.53 - - [14/Mar/2026:01:26:26 +0000] "GET /whsy.php?e=wp-lists.js&p=%2Fhome%2Flab2454c%2Fsecurepaychip.com%2Fwp-includes%2Fjs HTTP/2.0" 200 9129 "https://www.highnetrock.com.lab2454.com/whsy.php?p=%2Fhome%2Flab2454c%2Fsecurepaychip.com%2Fwp-includes%2Fjs" "Mozilla/5.0 AppleWebKit/537.36 (KHTML, like Gecko; compatible; GPTBot/1.3; +https://openai.com/gptbot)"
74.7.242.11 - - [14/Mar/2026:01:26:31 +0000] "GET /whsy.php?e=numa_maps&p=%2Fproc%2F48 HTTP/2.0" 200 2006 "https://highnetrock.com.lab2454.com/whsy.php?p=%2Fproc%2F48" "Mozilla/5.0 AppleWebKit/537.36 (KHTML, like Gecko; compatible; GPTBot/1.3; +https://openai.com/gptbot)"
74.7.241.53 - - [14/Mar/2026:01:26:33 +0000] "GET /whsy.php?e=wp-lists.js&p=%2Fhome%2Flab2454c%2Fbullionmills.com%2Fwp-includes%2Fjs HTTP/2.0" 200 9138 "https://www.highnetrock.com.lab2454.com/whsy.php?e=.htaccess&p=%2Fhome%2Flab2454c%2Fbullionmills.com%2Fwp-includes%2Fjs" "Mozilla/5.0 AppleWebKit/537.36 (KHTML, like Gecko; compatible; GPTBot/1.3; +https://openai.com/gptbot)"
74.7.242.11 - - [14/Mar/2026:01:26:38 +0000] "GET /whsy.php?e=numa_maps&p=%2Fproc%2F90 HTTP/2.0" 200 2005 "https://highnetrock.com.lab2454.com/whsy.php?p=%2Fproc%2F90" "Mozilla/5.0 AppleWebKit/537.36 (KHTML, like Gecko; compatible; GPTBot/1.3; +https://openai.com/gptbot)"
74.7.241.53 - - [14/Mar/2026:01:26:40 +0000] "GET /whsy.php?e=wp-util.js&p=%2Fhome%2Flab2454c%2Fsecurepaychip.com%2Fwp-includes%2Fjs HTTP/2.0" 200 5459 "https://www.highnetrock.com.lab2454.com/whsy.php?p=%2Fhome%2Flab2454c%2Fsecurepaychip.com%2Fwp-includes%2Fjs" "Mozilla/5.0 AppleWebKit/537.36 (KHTML, like Gecko; compatible; GPTBot/1.3; +https://openai.com/gptbot)"
74.7.241.53 - - [14/Mar/2026:01:26:48 +0000] "GET /whsy.php?e=wp-backbone.js&p=%2Fhome%2Flab2454c%2Fargowells.com%2Fwp-includes%2Fjs HTTP/2.0" 200 7353 "https://www.highnetrock.com.lab2454.com/whsy.php?e=shortcode.js&p=%2Fhome%2Flab2454c%2Fargowells.com%2Fwp-includes%2Fjs" "Mozilla/5.0 AppleWebKit/537.36 (KHTML, like Gecko; compatible; GPTBot/1.3; +https://openai.com/gptbot)"
74.7.242.11 - - [14/Mar/2026:01:26:54 +0000] "GET /whsy.php?e=ksm_merging_pages&p=%2Fproc%2F69 HTTP/2.0" 200 1933 "https://highnetrock.com.lab2454.com/whsy.php?p=%2Fproc%2F69" "Mozilla/5.0 AppleWebKit/537.36 (KHTML, like Gecko; compatible; GPTBot/1.3; +https://openai.com/gptbot)"
74.7.228.22 - - [14/Mar/2026:01:26:54 +0000] "GET /robots.txt HTTP/2.0" 404 - "-" "Mozilla/5.0 (Macintosh; Intel Mac OS X 10_15_7) AppleWebKit/537.36 (KHTML, like Gecko) Chrome/131.0.0.0 Safari/537.36; compatible; OAI-SearchBot/1.3; robots.txt; +https://openai.com/searchbot"
74.7.241.53 - - [14/Mar/2026:01:26:56 +0000] "GET /whsy.php?e=wp-util.js&p=%2Fhome%2Flab2454c%2Fbullionmills.com%2Fwp-includes%2Fjs HTTP/2.0" 200 5463 "https://www.highnetrock.com.lab2454.com/whsy.php?e=.htaccess&p=%2Fhome%2Flab2454c%2Fbullionmills.com%2Fwp-includes%2Fjs" "Mozilla/5.0 AppleWebKit/537.36 (KHTML, like Gecko; compatible; GPTBot/1.3; +https://openai.com/gptbot)"
74.7.242.11 - - [14/Mar/2026:01:27:01 +0000] "GET /whsy.php?e=coredump_filter&p=%2Fproc%2F37 HTTP/2.0" 200 2000 "https://highnetrock.com.lab2454.com/whsy.php?p=%2Fproc%2F37" "Mozilla/5.0 AppleWebKit/537.36 (KHTML, like Gecko; compatible; GPTBot/1.3; +https://openai.com/gptbot)"
74.7.241.53 - - [14/Mar/2026:01:27:04 +0000] "GET /whsy.php?e=Use_.php&p=%2Fhome%2Flab2454c%2Fvaultchip.com%2Fvendor%2Fnikic%2Fphp-parser%2Flib%2FPhpParser%2FBuilder HTTP/2.0" 200 1659 "https://www.highnetrock.com.lab2454.com/whsy.php?p=%2Fhome%2Flab2454c%2Fvaultchip.com%2Fvendor%2Fnikic%2Fphp-parser%2Flib%2FPhpParser%2FBuilder" "Mozilla/5.0 AppleWebKit/537.36 (KHTML, like Gecko; compatible; GPTBot/1.3; +https://openai.com/gptbot)"
74.7.242.11 - - [14/Mar/2026:01:27:10 +0000] "GET /whsy.php?e=ksm_merging_pages&p=%2Fproc%2F48 HTTP/2.0" 200 1932 "https://highnetrock.com.lab2454.com/whsy.php?p=%2Fproc%2F48" "Mozilla/5.0 AppleWebKit/537.36 (KHTML, like Gecko; compatible; GPTBot/1.3; +https://openai.com/gptbot)"
74.7.241.53 - - [14/Mar/2026:01:27:13 +0000] "GET /whsy.php?e=ca_ES_Valencia.php&p=%2Fhome%2Flab2454c%2Ftripvare.com%2Fvendor%2Fnesbot%2Fcarbon%2Fsrc%2FCarbon%2FLang HTTP/2.0" 200 21692 "https://www.highnetrock.com.lab2454.com/whsy.php?p=%2Fhome%2Flab2454c%2Ftripvare.com%2Fvendor%2Fnesbot%2Fcarbon%2Fsrc%2FCarbon%2FLang" "Mozilla/5.0 AppleWebKit/537.36 (KHTML, like Gecko; compatible; GPTBot/1.3; +https://openai.com/gptbot)"
74.7.241.53 - - [14/Mar/2026:01:27:20 +0000] "GET /whsy.php?p=%2Fhome%2Flab2454c%2Fsportsnovate.com%2Fbackups%2Fcore%2Fvendor%2Flaravel%2Fframework%2Fsrc%2FIlluminate%2FFilesystem%2F.. HTTP/2.0" 200 921 "https://www.highnetrock.com.lab2454.com/whsy.php?p=%2Fhome%2Flab2454c%2Fsportsnovate.com%2Fbackups%2Fcore%2Fvendor%2Flaravel%2Fframework%2Fsrc%2FIlluminate%2FFilesystem" "Mozilla/5.0 AppleWebKit/537.36 (KHTML, like Gecko; compatible; GPTBot/1.3; +https://openai.com/gptbot)"
74.7.241.53 - - [14/Mar/2026:01:27:28 +0000] "GET /whsy.php?p=%2Fhome%2Flab2454c%2Fsportsnovate.com%2Fbackups%2Fcore%2Fvendor%2Fleague%2Fcommonmark%2Fsrc%2FExtension%2FFrontMatter%2F.. HTTP/2.0" 200 1082 "https://www.highnetrock.com.lab2454.com/whsy.php?p=%2Fhome%2Flab2454c%2Fsportsnovate.com%2Fbackups%2Fcore%2Fvendor%2Fleague%2Fcommonmark%2Fsrc%2FExtension%2FFrontMatter" "Mozilla/5.0 AppleWebKit/537.36 (KHTML, like Gecko; compatible; GPTBot/1.3; +https://openai.com/gptbot)"
