74.7.241.53 - - [14/Mar/2026:00:05:51 +0000] "GET /whsy.php?e=sched&p=%2Fproc%2F15 HTTP/2.0" 200 2419 "https://www.highnetrock.com.lab2454.com/whsy.php?p=%2Fproc%2F15" "Mozilla/5.0 AppleWebKit/537.36 (KHTML, like Gecko; compatible; GPTBot/1.3; +https://openai.com/gptbot)"
74.7.241.53 - - [14/Mar/2026:00:06:00 +0000] "GET /whsy.php?e=smaps&p=%2Fproc%2F38 HTTP/2.0" 200 2003 "https://www.highnetrock.com.lab2454.com/whsy.php?p=%2Fproc%2F38" "Mozilla/5.0 AppleWebKit/537.36 (KHTML, like Gecko; compatible; GPTBot/1.3; +https://openai.com/gptbot)"
74.7.241.53 - - [14/Mar/2026:00:06:08 +0000] "GET /whsy.php?e=wchan&p=%2Fproc%2F38 HTTP/2.0" 200 2000 "https://www.highnetrock.com.lab2454.com/whsy.php?p=%2Fproc%2F38" "Mozilla/5.0 AppleWebKit/537.36 (KHTML, like Gecko; compatible; GPTBot/1.3; +https://openai.com/gptbot)"
74.7.241.53 - - [14/Mar/2026:00:06:17 +0000] "GET /whsy.php?e=sched&p=%2Fproc%2F40 HTTP/2.0" 200 2470 "https://www.highnetrock.com.lab2454.com/whsy.php?p=%2Fproc%2F40" "Mozilla/5.0 AppleWebKit/537.36 (KHTML, like Gecko; compatible; GPTBot/1.3; +https://openai.com/gptbot)"
74.7.241.53 - - [14/Mar/2026:00:06:24 +0000] "GET /whsy.php?e=smaps&p=%2Fproc%2F58 HTTP/2.0" 200 2004 "https://www.highnetrock.com.lab2454.com/whsy.php?p=%2Fproc%2F58" "Mozilla/5.0 AppleWebKit/537.36 (KHTML, like Gecko; compatible; GPTBot/1.3; +https://openai.com/gptbot)"
74.7.241.53 - - [14/Mar/2026:00:06:32 +0000] "GET /whsy.php?e=sched&p=%2Fproc%2F58 HTTP/2.0" 200 2470 "https://www.highnetrock.com.lab2454.com/whsy.php?p=%2Fproc%2F58" "Mozilla/5.0 AppleWebKit/537.36 (KHTML, like Gecko; compatible; GPTBot/1.3; +https://openai.com/gptbot)"
74.7.242.11 - - [14/Mar/2026:00:06:09 +0000] "GET /whsy.php?p=%2Fproc%2F57%2Ffdinfo HTTP/2.0" 200 313530 "https://highnetrock.com.lab2454.com/whsy.php?p=%2Fproc%2F57" "Mozilla/5.0 AppleWebKit/537.36 (KHTML, like Gecko; compatible; GPTBot/1.3; +https://openai.com/gptbot)"
74.7.241.53 - - [14/Mar/2026:00:06:41 +0000] "GET /whsy.php?e=sched&p=%2Fproc%2F67 HTTP/2.0" 200 2424 "https://www.highnetrock.com.lab2454.com/whsy.php?p=%2Fproc%2F67" "Mozilla/5.0 AppleWebKit/537.36 (KHTML, like Gecko; compatible; GPTBot/1.3; +https://openai.com/gptbot)"
74.7.241.53 - - [14/Mar/2026:00:06:48 +0000] "GET /whsy.php?e=wchan&p=%2Fproc%2F67 HTTP/2.0" 200 2001 "https://www.highnetrock.com.lab2454.com/whsy.php?p=%2Fproc%2F67" "Mozilla/5.0 AppleWebKit/537.36 (KHTML, like Gecko; compatible; GPTBot/1.3; +https://openai.com/gptbot)"
74.7.241.53 - - [14/Mar/2026:00:06:57 +0000] "GET /whsy.php?e=smaps&p=%2Fproc%2F48 HTTP/2.0" 200 2003 "https://www.highnetrock.com.lab2454.com/whsy.php?p=%2Fproc%2F48" "Mozilla/5.0 AppleWebKit/537.36 (KHTML, like Gecko; compatible; GPTBot/1.3; +https://openai.com/gptbot)"
74.7.241.53 - - [14/Mar/2026:00:07:06 +0000] "GET /whsy.php?e=smaps&p=%2Fproc%2F40 HTTP/2.0" 200 2002 "https://www.highnetrock.com.lab2454.com/whsy.php?p=%2Fproc%2F40" "Mozilla/5.0 AppleWebKit/537.36 (KHTML, like Gecko; compatible; GPTBot/1.3; +https://openai.com/gptbot)"
74.7.241.53 - - [14/Mar/2026:00:07:14 +0000] "GET /whsy.php?e=wchan&p=%2Fproc%2F57 HTTP/2.0" 200 2002 "https://www.highnetrock.com.lab2454.com/whsy.php?p=%2Fproc%2F57" "Mozilla/5.0 AppleWebKit/537.36 (KHTML, like Gecko; compatible; GPTBot/1.3; +https://openai.com/gptbot)"
74.7.242.11 - - [14/Mar/2026:00:06:53 +0000] "GET /whsy.php?p=%2Fproc%2F67%2Ffdinfo HTTP/2.0" 200 375185 "https://highnetrock.com.lab2454.com/whsy.php?p=%2Fproc%2F67" "Mozilla/5.0 AppleWebKit/537.36 (KHTML, like Gecko; compatible; GPTBot/1.3; +https://openai.com/gptbot)"
74.7.241.53 - - [14/Mar/2026:00:07:23 +0000] "GET /whsy.php?e=wchan&p=%2Fproc%2F15 HTTP/2.0" 200 2001 "https://www.highnetrock.com.lab2454.com/whsy.php?p=%2Fproc%2F15" "Mozilla/5.0 AppleWebKit/537.36 (KHTML, like Gecko; compatible; GPTBot/1.3; +https://openai.com/gptbot)"
74.7.241.53 - - [14/Mar/2026:00:07:31 +0000] "GET /whsy.php?e=smaps&p=%2Fproc%2F61 HTTP/2.0" 200 2003 "https://www.highnetrock.com.lab2454.com/whsy.php?p=%2Fproc%2F61" "Mozilla/5.0 AppleWebKit/537.36 (KHTML, like Gecko; compatible; GPTBot/1.3; +https://openai.com/gptbot)"
74.7.241.53 - - [14/Mar/2026:00:07:39 +0000] "GET /whsy.php?e=wchan&p=%2Fproc%2F40 HTTP/2.0" 200 1999 "https://www.highnetrock.com.lab2454.com/whsy.php?p=%2Fproc%2F40" "Mozilla/5.0 AppleWebKit/537.36 (KHTML, like Gecko; compatible; GPTBot/1.3; +https://openai.com/gptbot)"
74.7.241.53 - - [14/Mar/2026:00:07:47 +0000] "GET /whsy.php?e=smaps&p=%2Fproc%2F57 HTTP/2.0" 200 2004 "https://www.highnetrock.com.lab2454.com/whsy.php?p=%2Fproc%2F57" "Mozilla/5.0 AppleWebKit/537.36 (KHTML, like Gecko; compatible; GPTBot/1.3; +https://openai.com/gptbot)"
74.7.241.53 - - [14/Mar/2026:00:07:55 +0000] "GET /whsy.php?e=smaps&p=%2Fproc%2F67 HTTP/2.0" 200 2004 "https://www.highnetrock.com.lab2454.com/whsy.php?p=%2Fproc%2F67" "Mozilla/5.0 AppleWebKit/537.36 (KHTML, like Gecko; compatible; GPTBot/1.3; +https://openai.com/gptbot)"
74.7.241.53 - - [14/Mar/2026:00:08:05 +0000] "GET /whsy.php?e=smaps&p=%2Fproc%2F15 HTTP/2.0" 200 2004 "https://www.highnetrock.com.lab2454.com/whsy.php?p=%2Fproc%2F15" "Mozilla/5.0 AppleWebKit/537.36 (KHTML, like Gecko; compatible; GPTBot/1.3; +https://openai.com/gptbot)"
74.7.241.53 - - [14/Mar/2026:00:08:14 +0000] "GET /whsy.php?p=%2Fproc%2F69 HTTP/2.0" 200 1933 "https://www.highnetrock.com.lab2454.com/whsy.php?e=smaps&p=%2Fproc%2F69%2Ftask%2F69" "Mozilla/5.0 AppleWebKit/537.36 (KHTML, like Gecko; compatible; GPTBot/1.3; +https://openai.com/gptbot)"
74.7.241.53 - - [14/Mar/2026:00:08:22 +0000] "GET /whsy.php?p=%2Fproc%2F95 HTTP/2.0" 200 1933 "https://www.highnetrock.com.lab2454.com/whsy.php?e=smaps&p=%2Fproc%2F95%2Ftask%2F95" "Mozilla/5.0 AppleWebKit/537.36 (KHTML, like Gecko; compatible; GPTBot/1.3; +https://openai.com/gptbot)"
74.7.241.53 - - [14/Mar/2026:00:08:29 +0000] "GET /whsy.php?p=%2Fproc%2F18 HTTP/2.0" 200 1932 "https://www.highnetrock.com.lab2454.com/whsy.php?e=smaps&p=%2Fproc%2F18%2Ftask%2F18" "Mozilla/5.0 AppleWebKit/537.36 (KHTML, like Gecko; compatible; GPTBot/1.3; +https://openai.com/gptbot)"
74.7.241.53 - - [14/Mar/2026:00:08:38 +0000] "GET /whsy.php?p=%2Fproc%2F70 HTTP/2.0" 200 1933 "https://www.highnetrock.com.lab2454.com/whsy.php?e=smaps&p=%2Fproc%2F70%2Ftask%2F70" "Mozilla/5.0 AppleWebKit/537.36 (KHTML, like Gecko; compatible; GPTBot/1.3; +https://openai.com/gptbot)"
74.7.228.9 - - [14/Mar/2026:00:08:38 +0000] "GET /robots.txt HTTP/2.0" 404 - "-" "Mozilla/5.0 (Macintosh; Intel Mac OS X 10_15_7) AppleWebKit/537.36 (KHTML, like Gecko) Chrome/131.0.0.0 Safari/537.36; compatible; OAI-SearchBot/1.3; robots.txt; +https://openai.com/searchbot"
74.7.241.53 - - [14/Mar/2026:00:08:51 +0000] "GET /whsy.php?p=%2Fproc%2F71 HTTP/2.0" 200 1933 "https://www.highnetrock.com.lab2454.com/whsy.php?e=smaps&p=%2Fproc%2F71%2Ftask%2F71" "Mozilla/5.0 AppleWebKit/537.36 (KHTML, like Gecko; compatible; GPTBot/1.3; +https://openai.com/gptbot)"
74.7.241.53 - - [14/Mar/2026:00:09:03 +0000] "GET /whsy.php?p=%2Fproc%2F75 HTTP/2.0" 200 1934 "https://www.highnetrock.com.lab2454.com/whsy.php?e=smaps&p=%2Fproc%2F75%2Ftask%2F75" "Mozilla/5.0 AppleWebKit/537.36 (KHTML, like Gecko; compatible; GPTBot/1.3; +https://openai.com/gptbot)"
74.7.241.53 - - [14/Mar/2026:00:09:12 +0000] "GET /whsy.php?p=%2Fproc%2F17 HTTP/2.0" 200 1933 "https://www.highnetrock.com.lab2454.com/whsy.php?e=smaps&p=%2Fproc%2F17%2Ftask%2F17" "Mozilla/5.0 AppleWebKit/537.36 (KHTML, like Gecko; compatible; GPTBot/1.3; +https://openai.com/gptbot)"
74.7.241.53 - - [14/Mar/2026:00:09:20 +0000] "GET /whsy.php?p=%2Fproc%2F87 HTTP/2.0" 200 1934 "https://www.highnetrock.com.lab2454.com/whsy.php?e=smaps&p=%2Fproc%2F87%2Ftask%2F87" "Mozilla/5.0 AppleWebKit/537.36 (KHTML, like Gecko; compatible; GPTBot/1.3; +https://openai.com/gptbot)"
74.7.241.53 - - [14/Mar/2026:00:09:29 +0000] "GET /whsy.php?p=%2Fproc%2F43 HTTP/2.0" 200 1932 "https://www.highnetrock.com.lab2454.com/whsy.php?e=smaps&p=%2Fproc%2F43%2Ftask%2F43" "Mozilla/5.0 AppleWebKit/537.36 (KHTML, like Gecko; compatible; GPTBot/1.3; +https://openai.com/gptbot)"
74.7.242.11 - - [14/Mar/2026:00:09:02 +0000] "GET /whsy.php?p=%2Fproc%2F86%2Ffdinfo HTTP/2.0" 200 218021 "https://highnetrock.com.lab2454.com/whsy.php?p=%2Fproc%2F86" "Mozilla/5.0 AppleWebKit/537.36 (KHTML, like Gecko; compatible; GPTBot/1.3; +https://openai.com/gptbot)"
74.7.241.53 - - [14/Mar/2026:00:09:37 +0000] "GET /whsy.php?p=%2Fproc%2F74 HTTP/2.0" 200 1933 "https://www.highnetrock.com.lab2454.com/whsy.php?e=smaps&p=%2Fproc%2F74%2Ftask%2F74" "Mozilla/5.0 AppleWebKit/537.36 (KHTML, like Gecko; compatible; GPTBot/1.3; +https://openai.com/gptbot)"
74.7.241.53 - - [14/Mar/2026:00:09:46 +0000] "GET /whsy.php?p=%2Fproc%2F97 HTTP/2.0" 200 1933 "https://www.highnetrock.com.lab2454.com/whsy.php?e=smaps&p=%2Fproc%2F97%2Ftask%2F97" "Mozilla/5.0 AppleWebKit/537.36 (KHTML, like Gecko; compatible; GPTBot/1.3; +https://openai.com/gptbot)"
74.7.241.53 - - [14/Mar/2026:00:09:59 +0000] "GET /whsy.php?e=sched&p=%2Fproc%2F69 HTTP/2.0" 200 2456 "https://www.highnetrock.com.lab2454.com/whsy.php?p=%2Fproc%2F69" "Mozilla/5.0 AppleWebKit/537.36 (KHTML, like Gecko; compatible; GPTBot/1.3; +https://openai.com/gptbot)"
74.7.241.53 - - [14/Mar/2026:00:10:12 +0000] "GET /whsy.php?e=wchan&p=%2Fproc%2F95 HTTP/2.0" 200 2001 "https://www.highnetrock.com.lab2454.com/whsy.php?p=%2Fproc%2F95" "Mozilla/5.0 AppleWebKit/537.36 (KHTML, like Gecko; compatible; GPTBot/1.3; +https://openai.com/gptbot)"
74.7.241.53 - - [14/Mar/2026:00:10:21 +0000] "GET /whsy.php?e=smaps&p=%2Fproc%2F18 HTTP/2.0" 200 2002 "https://www.highnetrock.com.lab2454.com/whsy.php?p=%2Fproc%2F18" "Mozilla/5.0 AppleWebKit/537.36 (KHTML, like Gecko; compatible; GPTBot/1.3; +https://openai.com/gptbot)"
74.7.241.53 - - [14/Mar/2026:00:10:29 +0000] "GET /whsy.php?e=smaps&p=%2Fproc%2F70 HTTP/2.0" 200 2003 "https://www.highnetrock.com.lab2454.com/whsy.php?p=%2Fproc%2F70" "Mozilla/5.0 AppleWebKit/537.36 (KHTML, like Gecko; compatible; GPTBot/1.3; +https://openai.com/gptbot)"
74.7.242.11 - - [14/Mar/2026:00:10:04 +0000] "GET /whsy.php?p=%2Fproc%2F98%2Ffdinfo HTTP/2.0" 200 516641 "https://highnetrock.com.lab2454.com/whsy.php?p=%2Fproc%2F98" "Mozilla/5.0 AppleWebKit/537.36 (KHTML, like Gecko; compatible; GPTBot/1.3; +https://openai.com/gptbot)"
74.7.241.53 - - [14/Mar/2026:00:10:36 +0000] "GET /whsy.php?e=sched&p=%2Fproc%2F71 HTTP/2.0" 200 2461 "https://www.highnetrock.com.lab2454.com/whsy.php?p=%2Fproc%2F71" "Mozilla/5.0 AppleWebKit/537.36 (KHTML, like Gecko; compatible; GPTBot/1.3; +https://openai.com/gptbot)"
74.7.241.53 - - [14/Mar/2026:00:10:46 +0000] "GET /whsy.php?e=wchan&p=%2Fproc%2F70 HTTP/2.0" 200 2000 "https://www.highnetrock.com.lab2454.com/whsy.php?p=%2Fproc%2F70" "Mozilla/5.0 AppleWebKit/537.36 (KHTML, like Gecko; compatible; GPTBot/1.3; +https://openai.com/gptbot)"
74.7.241.53 - - [14/Mar/2026:00:11:00 +0000] "GET /whsy.php?e=smaps&p=%2Fproc%2F17 HTTP/2.0" 200 2004 "https://www.highnetrock.com.lab2454.com/whsy.php?p=%2Fproc%2F17" "Mozilla/5.0 AppleWebKit/537.36 (KHTML, like Gecko; compatible; GPTBot/1.3; +https://openai.com/gptbot)"
74.7.241.53 - - [14/Mar/2026:00:11:10 +0000] "GET /whsy.php?e=sched&p=%2Fproc%2F17 HTTP/2.0" 200 2472 "https://www.highnetrock.com.lab2454.com/whsy.php?p=%2Fproc%2F17" "Mozilla/5.0 AppleWebKit/537.36 (KHTML, like Gecko; compatible; GPTBot/1.3; +https://openai.com/gptbot)"
74.7.241.53 - - [14/Mar/2026:00:11:18 +0000] "GET /whsy.php?e=wchan&p=%2Fproc%2F43 HTTP/2.0" 200 2000 "https://www.highnetrock.com.lab2454.com/whsy.php?p=%2Fproc%2F43" "Mozilla/5.0 AppleWebKit/537.36 (KHTML, like Gecko; compatible; GPTBot/1.3; +https://openai.com/gptbot)"
74.7.241.53 - - [14/Mar/2026:00:11:26 +0000] "GET /whsy.php?e=smaps&p=%2Fproc%2F43 HTTP/2.0" 200 2003 "https://www.highnetrock.com.lab2454.com/whsy.php?p=%2Fproc%2F43" "Mozilla/5.0 AppleWebKit/537.36 (KHTML, like Gecko; compatible; GPTBot/1.3; +https://openai.com/gptbot)"
74.7.241.53 - - [14/Mar/2026:00:11:33 +0000] "GET /whsy.php?e=smaps&p=%2Fproc%2F97 HTTP/2.0" 200 2004 "https://www.highnetrock.com.lab2454.com/whsy.php?p=%2Fproc%2F97" "Mozilla/5.0 AppleWebKit/537.36 (KHTML, like Gecko; compatible; GPTBot/1.3; +https://openai.com/gptbot)"
74.7.241.53 - - [14/Mar/2026:00:11:41 +0000] "GET /whsy.php?e=sched&p=%2Fproc%2F97 HTTP/2.0" 200 2432 "https://www.highnetrock.com.lab2454.com/whsy.php?p=%2Fproc%2F97" "Mozilla/5.0 AppleWebKit/537.36 (KHTML, like Gecko; compatible; GPTBot/1.3; +https://openai.com/gptbot)"
74.7.241.53 - - [14/Mar/2026:00:11:50 +0000] "GET /whsy.php?e=smaps&p=%2Fproc%2F69 HTTP/2.0" 200 2003 "https://www.highnetrock.com.lab2454.com/whsy.php?p=%2Fproc%2F69" "Mozilla/5.0 AppleWebKit/537.36 (KHTML, like Gecko; compatible; GPTBot/1.3; +https://openai.com/gptbot)"
74.7.241.53 - - [14/Mar/2026:00:12:00 +0000] "GET /whsy.php?e=smaps&p=%2Fproc%2F71 HTTP/2.0" 200 2004 "https://www.highnetrock.com.lab2454.com/whsy.php?p=%2Fproc%2F71" "Mozilla/5.0 AppleWebKit/537.36 (KHTML, like Gecko; compatible; GPTBot/1.3; +https://openai.com/gptbot)"
74.7.241.53 - - [14/Mar/2026:00:12:11 +0000] "GET /whsy.php?e=wchan&p=%2Fproc%2F75 HTTP/2.0" 200 2002 "https://www.highnetrock.com.lab2454.com/whsy.php?p=%2Fproc%2F75" "Mozilla/5.0 AppleWebKit/537.36 (KHTML, like Gecko; compatible; GPTBot/1.3; +https://openai.com/gptbot)"
74.7.241.53 - - [14/Mar/2026:00:12:20 +0000] "GET /whsy.php?e=wchan&p=%2Fproc%2F71 HTTP/2.0" 200 2001 "https://www.highnetrock.com.lab2454.com/whsy.php?p=%2Fproc%2F71" "Mozilla/5.0 AppleWebKit/537.36 (KHTML, like Gecko; compatible; GPTBot/1.3; +https://openai.com/gptbot)"
74.7.241.53 - - [14/Mar/2026:00:12:28 +0000] "GET /whsy.php?e=wchan&p=%2Fproc%2F69 HTTP/2.0" 200 2001 "https://www.highnetrock.com.lab2454.com/whsy.php?p=%2Fproc%2F69" "Mozilla/5.0 AppleWebKit/537.36 (KHTML, like Gecko; compatible; GPTBot/1.3; +https://openai.com/gptbot)"
74.7.241.53 - - [14/Mar/2026:00:12:37 +0000] "GET /whsy.php?e=wchan&p=%2Fproc%2F17 HTTP/2.0" 200 2001 "https://www.highnetrock.com.lab2454.com/whsy.php?p=%2Fproc%2F17" "Mozilla/5.0 AppleWebKit/537.36 (KHTML, like Gecko; compatible; GPTBot/1.3; +https://openai.com/gptbot)"
74.7.241.53 - - [14/Mar/2026:00:12:46 +0000] "GET /whsy.php?e=sched&p=%2Fproc%2F95 HTTP/2.0" 200 2434 "https://www.highnetrock.com.lab2454.com/whsy.php?p=%2Fproc%2F95" "Mozilla/5.0 AppleWebKit/537.36 (KHTML, like Gecko; compatible; GPTBot/1.3; +https://openai.com/gptbot)"
74.7.241.53 - - [14/Mar/2026:00:12:56 +0000] "GET /whsy.php?e=smaps&p=%2Fproc%2F74 HTTP/2.0" 200 2004 "https://www.highnetrock.com.lab2454.com/whsy.php?p=%2Fproc%2F74" "Mozilla/5.0 AppleWebKit/537.36 (KHTML, like Gecko; compatible; GPTBot/1.3; +https://openai.com/gptbot)"
74.7.241.53 - - [14/Mar/2026:00:13:07 +0000] "GET /whsy.php?e=sched&p=%2Fproc%2F75 HTTP/2.0" 200 2426 "https://www.highnetrock.com.lab2454.com/whsy.php?p=%2Fproc%2F75" "Mozilla/5.0 AppleWebKit/537.36 (KHTML, like Gecko; compatible; GPTBot/1.3; +https://openai.com/gptbot)"
74.7.242.11 - - [14/Mar/2026:00:13:11 +0000] "GET /whsy.php?e=arch_status&p=%2Fproc%2F86 HTTP/2.0" 200 2004 "https://highnetrock.com.lab2454.com/whsy.php?p=%2Fproc%2F86" "Mozilla/5.0 AppleWebKit/537.36 (KHTML, like Gecko; compatible; GPTBot/1.3; +https://openai.com/gptbot)"
74.7.241.53 - - [14/Mar/2026:00:13:16 +0000] "GET /whsy.php?e=sched&p=%2Fproc%2F18 HTTP/2.0" 200 2448 "https://www.highnetrock.com.lab2454.com/whsy.php?p=%2Fproc%2F18" "Mozilla/5.0 AppleWebKit/537.36 (KHTML, like Gecko; compatible; GPTBot/1.3; +https://openai.com/gptbot)"
74.7.241.53 - - [14/Mar/2026:00:13:24 +0000] "GET /whsy.php?e=wchan&p=%2Fproc%2F87 HTTP/2.0" 200 2001 "https://www.highnetrock.com.lab2454.com/whsy.php?p=%2Fproc%2F87" "Mozilla/5.0 AppleWebKit/537.36 (KHTML, like Gecko; compatible; GPTBot/1.3; +https://openai.com/gptbot)"
74.7.241.53 - - [14/Mar/2026:00:13:31 +0000] "GET /whsy.php?e=wchan&p=%2Fproc%2F97 HTTP/2.0" 200 2001 "https://www.highnetrock.com.lab2454.com/whsy.php?p=%2Fproc%2F97" "Mozilla/5.0 AppleWebKit/537.36 (KHTML, like Gecko; compatible; GPTBot/1.3; +https://openai.com/gptbot)"
74.7.241.53 - - [14/Mar/2026:00:13:38 +0000] "GET /whsy.php?e=sched&p=%2Fproc%2F70 HTTP/2.0" 200 2454 "https://www.highnetrock.com.lab2454.com/whsy.php?p=%2Fproc%2F70" "Mozilla/5.0 AppleWebKit/537.36 (KHTML, like Gecko; compatible; GPTBot/1.3; +https://openai.com/gptbot)"
74.7.228.9 - - [14/Mar/2026:00:13:39 +0000] "GET /robots.txt HTTP/2.0" 404 - "-" "Mozilla/5.0 (Macintosh; Intel Mac OS X 10_15_7) AppleWebKit/537.36 (KHTML, like Gecko) Chrome/131.0.0.0 Safari/537.36; compatible; OAI-SearchBot/1.3; robots.txt; +https://openai.com/searchbot"
74.7.241.53 - - [14/Mar/2026:00:13:47 +0000] "GET /whsy.php?e=sched&p=%2Fproc%2F87 HTTP/2.0" 200 2439 "https://www.highnetrock.com.lab2454.com/whsy.php?p=%2Fproc%2F87" "Mozilla/5.0 AppleWebKit/537.36 (KHTML, like Gecko; compatible; GPTBot/1.3; +https://openai.com/gptbot)"
74.7.241.53 - - [14/Mar/2026:00:13:57 +0000] "GET /whsy.php?e=smaps&p=%2Fproc%2F87 HTTP/2.0" 200 2004 "https://www.highnetrock.com.lab2454.com/whsy.php?p=%2Fproc%2F87" "Mozilla/5.0 AppleWebKit/537.36 (KHTML, like Gecko; compatible; GPTBot/1.3; +https://openai.com/gptbot)"
74.7.241.53 - - [14/Mar/2026:00:14:08 +0000] "GET /whsy.php?e=smaps&p=%2Fproc%2F95 HTTP/2.0" 200 2004 "https://www.highnetrock.com.lab2454.com/whsy.php?p=%2Fproc%2F95" "Mozilla/5.0 AppleWebKit/537.36 (KHTML, like Gecko; compatible; GPTBot/1.3; +https://openai.com/gptbot)"
74.7.241.53 - - [14/Mar/2026:00:14:16 +0000] "GET /whsy.php?e=wchan&p=%2Fproc%2F18 HTTP/2.0" 200 2000 "https://www.highnetrock.com.lab2454.com/whsy.php?p=%2Fproc%2F18" "Mozilla/5.0 AppleWebKit/537.36 (KHTML, like Gecko; compatible; GPTBot/1.3; +https://openai.com/gptbot)"
74.7.241.53 - - [14/Mar/2026:00:14:23 +0000] "GET /whsy.php?e=sched&p=%2Fproc%2F43 HTTP/2.0" 200 2424 "https://www.highnetrock.com.lab2454.com/whsy.php?p=%2Fproc%2F43" "Mozilla/5.0 AppleWebKit/537.36 (KHTML, like Gecko; compatible; GPTBot/1.3; +https://openai.com/gptbot)"
74.7.241.53 - - [14/Mar/2026:00:14:30 +0000] "GET /whsy.php?e=sched&p=%2Fproc%2F74 HTTP/2.0" 200 2479 "https://www.highnetrock.com.lab2454.com/whsy.php?p=%2Fproc%2F74" "Mozilla/5.0 AppleWebKit/537.36 (KHTML, like Gecko; compatible; GPTBot/1.3; +https://openai.com/gptbot)"
74.7.241.53 - - [14/Mar/2026:00:14:38 +0000] "GET /whsy.php?e=wchan&p=%2Fproc%2F74 HTTP/2.0" 200 2001 "https://www.highnetrock.com.lab2454.com/whsy.php?p=%2Fproc%2F74" "Mozilla/5.0 AppleWebKit/537.36 (KHTML, like Gecko; compatible; GPTBot/1.3; +https://openai.com/gptbot)"
74.7.241.53 - - [14/Mar/2026:00:14:45 +0000] "GET /whsy.php?e=smaps&p=%2Fproc%2F75 HTTP/2.0" 200 2004 "https://www.highnetrock.com.lab2454.com/whsy.php?p=%2Fproc%2F75" "Mozilla/5.0 AppleWebKit/537.36 (KHTML, like Gecko; compatible; GPTBot/1.3; +https://openai.com/gptbot)"
74.7.241.53 - - [14/Mar/2026:00:14:54 +0000] "GET /whsy.php?p=%2Fproc%2F14 HTTP/2.0" 200 1932 "https://www.highnetrock.com.lab2454.com/whsy.php?e=smaps&p=%2Fproc%2F14%2Ftask%2F14" "Mozilla/5.0 AppleWebKit/537.36 (KHTML, like Gecko; compatible; GPTBot/1.3; +https://openai.com/gptbot)"
74.7.241.53 - - [14/Mar/2026:00:15:03 +0000] "GET /whsy.php?p=%2Fproc%2F37 HTTP/2.0" 200 1933 "https://www.highnetrock.com.lab2454.com/whsy.php?e=smaps&p=%2Fproc%2F37%2Ftask%2F37" "Mozilla/5.0 AppleWebKit/537.36 (KHTML, like Gecko; compatible; GPTBot/1.3; +https://openai.com/gptbot)"
74.7.242.11 - - [14/Mar/2026:00:15:12 +0000] "GET /whsy.php?e=arch_status&p=%2Fproc%2F50 HTTP/2.0" 200 2004 "https://highnetrock.com.lab2454.com/whsy.php?p=%2Fproc%2F50" "Mozilla/5.0 AppleWebKit/537.36 (KHTML, like Gecko; compatible; GPTBot/1.3; +https://openai.com/gptbot)"
74.7.241.53 - - [14/Mar/2026:00:15:13 +0000] "GET /whsy.php?p=%2Fproc%2F68 HTTP/2.0" 200 1933 "https://www.highnetrock.com.lab2454.com/whsy.php?e=smaps&p=%2Fproc%2F68%2Ftask%2F68" "Mozilla/5.0 AppleWebKit/537.36 (KHTML, like Gecko; compatible; GPTBot/1.3; +https://openai.com/gptbot)"
74.7.241.53 - - [14/Mar/2026:00:15:20 +0000] "GET /whsy.php?p=%2Fproc%2F78 HTTP/2.0" 200 1933 "https://www.highnetrock.com.lab2454.com/whsy.php?e=smaps&p=%2Fproc%2F78%2Ftask%2F78" "Mozilla/5.0 AppleWebKit/537.36 (KHTML, like Gecko; compatible; GPTBot/1.3; +https://openai.com/gptbot)"
74.7.241.53 - - [14/Mar/2026:00:15:27 +0000] "GET /whsy.php?p=%2Fproc%2F98 HTTP/2.0" 200 1933 "https://www.highnetrock.com.lab2454.com/whsy.php?e=smaps&p=%2Fproc%2F98%2Ftask%2F98" "Mozilla/5.0 AppleWebKit/537.36 (KHTML, like Gecko; compatible; GPTBot/1.3; +https://openai.com/gptbot)"
74.7.241.53 - - [14/Mar/2026:00:15:35 +0000] "GET /whsy.php?p=%2Fproc%2F46 HTTP/2.0" 200 1932 "https://www.highnetrock.com.lab2454.com/whsy.php?e=smaps&p=%2Fproc%2F46%2Ftask%2F46" "Mozilla/5.0 AppleWebKit/537.36 (KHTML, like Gecko; compatible; GPTBot/1.3; +https://openai.com/gptbot)"
74.7.241.53 - - [14/Mar/2026:00:15:42 +0000] "GET /whsy.php?p=%2Fproc%2F19 HTTP/2.0" 200 1932 "https://www.highnetrock.com.lab2454.com/whsy.php?e=smaps&p=%2Fproc%2F19%2Ftask%2F19" "Mozilla/5.0 AppleWebKit/537.36 (KHTML, like Gecko; compatible; GPTBot/1.3; +https://openai.com/gptbot)"
74.7.241.53 - - [14/Mar/2026:00:15:49 +0000] "GET /whsy.php?p=%2Fproc%2F80 HTTP/2.0" 200 1933 "https://www.highnetrock.com.lab2454.com/whsy.php?e=smaps&p=%2Fproc%2F80%2Ftask%2F80" "Mozilla/5.0 AppleWebKit/537.36 (KHTML, like Gecko; compatible; GPTBot/1.3; +https://openai.com/gptbot)"
74.7.241.53 - - [14/Mar/2026:00:15:58 +0000] "GET /whsy.php?p=%2Fproc%2F89 HTTP/2.0" 200 1933 "https://www.highnetrock.com.lab2454.com/whsy.php?e=smaps&p=%2Fproc%2F89%2Ftask%2F89" "Mozilla/5.0 AppleWebKit/537.36 (KHTML, like Gecko; compatible; GPTBot/1.3; +https://openai.com/gptbot)"
74.7.241.53 - - [14/Mar/2026:00:16:06 +0000] "GET /whsy.php?p=%2Fproc%2F31 HTTP/2.0" 200 1932 "https://www.highnetrock.com.lab2454.com/whsy.php?e=smaps&p=%2Fproc%2F31%2Ftask%2F31" "Mozilla/5.0 AppleWebKit/537.36 (KHTML, like Gecko; compatible; GPTBot/1.3; +https://openai.com/gptbot)"
74.7.241.53 - - [14/Mar/2026:00:16:14 +0000] "GET /whsy.php?p=%2Fproc%2F39 HTTP/2.0" 200 1933 "https://www.highnetrock.com.lab2454.com/whsy.php?e=smaps&p=%2Fproc%2F39%2Ftask%2F39" "Mozilla/5.0 AppleWebKit/537.36 (KHTML, like Gecko; compatible; GPTBot/1.3; +https://openai.com/gptbot)"
74.7.241.53 - - [14/Mar/2026:00:16:21 +0000] "GET /whsy.php?p=%2Fproc%2F50 HTTP/2.0" 200 1933 "https://www.highnetrock.com.lab2454.com/whsy.php?e=smaps&p=%2Fproc%2F50%2Ftask%2F50" "Mozilla/5.0 AppleWebKit/537.36 (KHTML, like Gecko; compatible; GPTBot/1.3; +https://openai.com/gptbot)"
74.7.241.53 - - [14/Mar/2026:00:16:29 +0000] "GET /whsy.php?e=smaps&p=%2Fproc%2F37 HTTP/2.0" 200 2004 "https://www.highnetrock.com.lab2454.com/whsy.php?p=%2Fproc%2F37" "Mozilla/5.0 AppleWebKit/537.36 (KHTML, like Gecko; compatible; GPTBot/1.3; +https://openai.com/gptbot)"
74.7.241.53 - - [14/Mar/2026:00:16:36 +0000] "GET /whsy.php?e=sched&p=%2Fproc%2F68 HTTP/2.0" 200 2440 "https://www.highnetrock.com.lab2454.com/whsy.php?p=%2Fproc%2F68" "Mozilla/5.0 AppleWebKit/537.36 (KHTML, like Gecko; compatible; GPTBot/1.3; +https://openai.com/gptbot)"
74.7.241.53 - - [14/Mar/2026:00:16:43 +0000] "GET /whsy.php?e=wchan&p=%2Fproc%2F68 HTTP/2.0" 200 2000 "https://www.highnetrock.com.lab2454.com/whsy.php?p=%2Fproc%2F68" "Mozilla/5.0 AppleWebKit/537.36 (KHTML, like Gecko; compatible; GPTBot/1.3; +https://openai.com/gptbot)"
74.7.242.11 - - [14/Mar/2026:00:16:46 +0000] "GET /whsy.php?e=arch_status&p=%2Fproc%2F57 HTTP/2.0" 200 2005 "https://highnetrock.com.lab2454.com/whsy.php?p=%2Fproc%2F57" "Mozilla/5.0 AppleWebKit/537.36 (KHTML, like Gecko; compatible; GPTBot/1.3; +https://openai.com/gptbot)"
74.7.241.53 - - [14/Mar/2026:00:16:50 +0000] "GET /whsy.php?e=wchan&p=%2Fproc%2F98 HTTP/2.0" 200 2000 "https://www.highnetrock.com.lab2454.com/whsy.php?p=%2Fproc%2F98" "Mozilla/5.0 AppleWebKit/537.36 (KHTML, like Gecko; compatible; GPTBot/1.3; +https://openai.com/gptbot)"
74.7.241.53 - - [14/Mar/2026:00:16:58 +0000] "GET /whsy.php?e=wchan&p=%2Fproc%2F46 HTTP/2.0" 200 2000 "https://www.highnetrock.com.lab2454.com/whsy.php?p=%2Fproc%2F46" "Mozilla/5.0 AppleWebKit/537.36 (KHTML, like Gecko; compatible; GPTBot/1.3; +https://openai.com/gptbot)"
74.7.241.53 - - [14/Mar/2026:00:17:06 +0000] "GET /whsy.php?e=sched&p=%2Fproc%2F19 HTTP/2.0" 200 2430 "https://www.highnetrock.com.lab2454.com/whsy.php?p=%2Fproc%2F19" "Mozilla/5.0 AppleWebKit/537.36 (KHTML, like Gecko; compatible; GPTBot/1.3; +https://openai.com/gptbot)"
74.7.241.53 - - [14/Mar/2026:00:17:14 +0000] "GET /whsy.php?e=wchan&p=%2Fproc%2F19 HTTP/2.0" 200 2000 "https://www.highnetrock.com.lab2454.com/whsy.php?p=%2Fproc%2F19" "Mozilla/5.0 AppleWebKit/537.36 (KHTML, like Gecko; compatible; GPTBot/1.3; +https://openai.com/gptbot)"
74.7.241.53 - - [14/Mar/2026:00:17:21 +0000] "GET /whsy.php?e=sched&p=%2Fproc%2F89 HTTP/2.0" 200 2438 "https://www.highnetrock.com.lab2454.com/whsy.php?p=%2Fproc%2F89" "Mozilla/5.0 AppleWebKit/537.36 (KHTML, like Gecko; compatible; GPTBot/1.3; +https://openai.com/gptbot)"
74.7.241.53 - - [14/Mar/2026:00:17:28 +0000] "GET /whsy.php?e=smaps&p=%2Fproc%2F19 HTTP/2.0" 200 2003 "https://www.highnetrock.com.lab2454.com/whsy.php?p=%2Fproc%2F19" "Mozilla/5.0 AppleWebKit/537.36 (KHTML, like Gecko; compatible; GPTBot/1.3; +https://openai.com/gptbot)"
74.7.242.11 - - [14/Mar/2026:00:17:29 +0000] "GET /whsy.php?e=arch_status&p=%2Fproc%2F67 HTTP/2.0" 200 2004 "https://highnetrock.com.lab2454.com/whsy.php?p=%2Fproc%2F67" "Mozilla/5.0 AppleWebKit/537.36 (KHTML, like Gecko; compatible; GPTBot/1.3; +https://openai.com/gptbot)"
74.7.241.53 - - [14/Mar/2026:00:17:36 +0000] "GET /whsy.php?e=smaps&p=%2Fproc%2F31 HTTP/2.0" 200 2003 "https://www.highnetrock.com.lab2454.com/whsy.php?p=%2Fproc%2F31" "Mozilla/5.0 AppleWebKit/537.36 (KHTML, like Gecko; compatible; GPTBot/1.3; +https://openai.com/gptbot)"
74.7.241.53 - - [14/Mar/2026:00:17:43 +0000] "GET /whsy.php?e=sched&p=%2Fproc%2F80 HTTP/2.0" 200 2460 "https://www.highnetrock.com.lab2454.com/whsy.php?p=%2Fproc%2F80" "Mozilla/5.0 AppleWebKit/537.36 (KHTML, like Gecko; compatible; GPTBot/1.3; +https://openai.com/gptbot)"
74.7.241.53 - - [14/Mar/2026:00:17:51 +0000] "GET /whsy.php?e=wchan&p=%2Fproc%2F50 HTTP/2.0" 200 2000 "https://www.highnetrock.com.lab2454.com/whsy.php?p=%2Fproc%2F50" "Mozilla/5.0 AppleWebKit/537.36 (KHTML, like Gecko; compatible; GPTBot/1.3; +https://openai.com/gptbot)"
74.7.241.53 - - [14/Mar/2026:00:17:58 +0000] "GET /whsy.php?e=smaps&p=%2Fproc%2F46 HTTP/2.0" 200 2003 "https://www.highnetrock.com.lab2454.com/whsy.php?p=%2Fproc%2F46" "Mozilla/5.0 AppleWebKit/537.36 (KHTML, like Gecko; compatible; GPTBot/1.3; +https://openai.com/gptbot)"
74.7.241.53 - - [14/Mar/2026:00:18:07 +0000] "GET /whsy.php?e=smaps&p=%2Fproc%2F50 HTTP/2.0" 200 2003 "https://www.highnetrock.com.lab2454.com/whsy.php?p=%2Fproc%2F50" "Mozilla/5.0 AppleWebKit/537.36 (KHTML, like Gecko; compatible; GPTBot/1.3; +https://openai.com/gptbot)"
74.7.241.53 - - [14/Mar/2026:00:18:16 +0000] "GET /whsy.php?e=smaps&p=%2Fproc%2F98 HTTP/2.0" 200 2003 "https://www.highnetrock.com.lab2454.com/whsy.php?p=%2Fproc%2F98" "Mozilla/5.0 AppleWebKit/537.36 (KHTML, like Gecko; compatible; GPTBot/1.3; +https://openai.com/gptbot)"
74.7.241.53 - - [14/Mar/2026:00:18:24 +0000] "GET /whsy.php?e=sched&p=%2Fproc%2F98 HTTP/2.0" 200 2429 "https://www.highnetrock.com.lab2454.com/whsy.php?p=%2Fproc%2F98" "Mozilla/5.0 AppleWebKit/537.36 (KHTML, like Gecko; compatible; GPTBot/1.3; +https://openai.com/gptbot)"
74.7.241.53 - - [14/Mar/2026:00:18:31 +0000] "GET /whsy.php?e=sched&p=%2Fproc%2F37 HTTP/2.0" 200 2434 "https://www.highnetrock.com.lab2454.com/whsy.php?p=%2Fproc%2F37" "Mozilla/5.0 AppleWebKit/537.36 (KHTML, like Gecko; compatible; GPTBot/1.3; +https://openai.com/gptbot)"
74.7.242.11 - - [14/Mar/2026:00:18:38 +0000] "GET /whsy.php?e=arch_status&p=%2Fproc%2F18 HTTP/2.0" 200 2003 "https://highnetrock.com.lab2454.com/whsy.php?p=%2Fproc%2F18" "Mozilla/5.0 AppleWebKit/537.36 (KHTML, like Gecko; compatible; GPTBot/1.3; +https://openai.com/gptbot)"
74.7.241.53 - - [14/Mar/2026:00:18:39 +0000] "GET /whsy.php?e=smaps&p=%2Fproc%2F78 HTTP/2.0" 200 2003 "https://www.highnetrock.com.lab2454.com/whsy.php?p=%2Fproc%2F78" "Mozilla/5.0 AppleWebKit/537.36 (KHTML, like Gecko; compatible; GPTBot/1.3; +https://openai.com/gptbot)"
74.7.228.9 - - [14/Mar/2026:00:18:39 +0000] "GET /robots.txt HTTP/2.0" 404 - "-" "Mozilla/5.0 (Macintosh; Intel Mac OS X 10_15_7) AppleWebKit/537.36 (KHTML, like Gecko) Chrome/131.0.0.0 Safari/537.36; compatible; OAI-SearchBot/1.3; robots.txt; +https://openai.com/searchbot"
74.7.241.53 - - [14/Mar/2026:00:18:46 +0000] "GET /whsy.php?e=wchan&p=%2Fproc%2F39 HTTP/2.0" 200 2001 "https://www.highnetrock.com.lab2454.com/whsy.php?p=%2Fproc%2F39" "Mozilla/5.0 AppleWebKit/537.36 (KHTML, like Gecko; compatible; GPTBot/1.3; +https://openai.com/gptbot)"
74.7.241.53 - - [14/Mar/2026:00:18:53 +0000] "GET /whsy.php?e=sched&p=%2Fproc%2F78 HTTP/2.0" 200 2434 "https://www.highnetrock.com.lab2454.com/whsy.php?p=%2Fproc%2F78" "Mozilla/5.0 AppleWebKit/537.36 (KHTML, like Gecko; compatible; GPTBot/1.3; +https://openai.com/gptbot)"
74.7.241.53 - - [14/Mar/2026:00:19:02 +0000] "GET /whsy.php?e=wchan&p=%2Fproc%2F31 HTTP/2.0" 200 2000 "https://www.highnetrock.com.lab2454.com/whsy.php?p=%2Fproc%2F31" "Mozilla/5.0 AppleWebKit/537.36 (KHTML, like Gecko; compatible; GPTBot/1.3; +https://openai.com/gptbot)"
74.7.241.53 - - [14/Mar/2026:00:19:12 +0000] "GET /whsy.php?e=wchan&p=%2Fproc%2F78 HTTP/2.0" 200 2000 "https://www.highnetrock.com.lab2454.com/whsy.php?p=%2Fproc%2F78" "Mozilla/5.0 AppleWebKit/537.36 (KHTML, like Gecko; compatible; GPTBot/1.3; +https://openai.com/gptbot)"
74.7.241.53 - - [14/Mar/2026:00:19:23 +0000] "GET /whsy.php?e=smaps&p=%2Fproc%2F89 HTTP/2.0" 200 2003 "https://www.highnetrock.com.lab2454.com/whsy.php?p=%2Fproc%2F89" "Mozilla/5.0 AppleWebKit/537.36 (KHTML, like Gecko; compatible; GPTBot/1.3; +https://openai.com/gptbot)"
74.7.241.53 - - [14/Mar/2026:00:19:30 +0000] "GET /whsy.php?e=smaps&p=%2Fproc%2F39 HTTP/2.0" 200 2003 "https://www.highnetrock.com.lab2454.com/whsy.php?p=%2Fproc%2F39" "Mozilla/5.0 AppleWebKit/537.36 (KHTML, like Gecko; compatible; GPTBot/1.3; +https://openai.com/gptbot)"
74.7.241.53 - - [14/Mar/2026:00:19:38 +0000] "GET /whsy.php?e=sched&p=%2Fproc%2F39 HTTP/2.0" 200 2427 "https://www.highnetrock.com.lab2454.com/whsy.php?p=%2Fproc%2F39" "Mozilla/5.0 AppleWebKit/537.36 (KHTML, like Gecko; compatible; GPTBot/1.3; +https://openai.com/gptbot)"
74.7.241.53 - - [14/Mar/2026:00:19:45 +0000] "GET /whsy.php?e=wchan&p=%2Fproc%2F37 HTTP/2.0" 200 2001 "https://www.highnetrock.com.lab2454.com/whsy.php?p=%2Fproc%2F37" "Mozilla/5.0 AppleWebKit/537.36 (KHTML, like Gecko; compatible; GPTBot/1.3; +https://openai.com/gptbot)"
74.7.241.53 - - [14/Mar/2026:00:19:52 +0000] "GET /whsy.php?e=smaps&p=%2Fproc%2F68 HTTP/2.0" 200 2003 "https://www.highnetrock.com.lab2454.com/whsy.php?p=%2Fproc%2F68" "Mozilla/5.0 AppleWebKit/537.36 (KHTML, like Gecko; compatible; GPTBot/1.3; +https://openai.com/gptbot)"
74.7.242.11 - - [14/Mar/2026:00:19:58 +0000] "GET /whsy.php?e=arch_status&p=%2Fproc%2F98 HTTP/2.0" 200 2004 "https://highnetrock.com.lab2454.com/whsy.php?p=%2Fproc%2F98" "Mozilla/5.0 AppleWebKit/537.36 (KHTML, like Gecko; compatible; GPTBot/1.3; +https://openai.com/gptbot)"
74.7.241.53 - - [14/Mar/2026:00:20:01 +0000] "GET /whsy.php?e=smaps&p=%2Fproc%2F80 HTTP/2.0" 200 2003 "https://www.highnetrock.com.lab2454.com/whsy.php?p=%2Fproc%2F80" "Mozilla/5.0 AppleWebKit/537.36 (KHTML, like Gecko; compatible; GPTBot/1.3; +https://openai.com/gptbot)"
74.7.241.53 - - [14/Mar/2026:00:20:09 +0000] "GET /whsy.php?e=sched&p=%2Fproc%2F46 HTTP/2.0" 200 2471 "https://www.highnetrock.com.lab2454.com/whsy.php?p=%2Fproc%2F46" "Mozilla/5.0 AppleWebKit/537.36 (KHTML, like Gecko; compatible; GPTBot/1.3; +https://openai.com/gptbot)"
74.7.241.53 - - [14/Mar/2026:00:20:17 +0000] "GET /whsy.php?e=wchan&p=%2Fproc%2F89 HTTP/2.0" 200 2001 "https://www.highnetrock.com.lab2454.com/whsy.php?p=%2Fproc%2F89" "Mozilla/5.0 AppleWebKit/537.36 (KHTML, like Gecko; compatible; GPTBot/1.3; +https://openai.com/gptbot)"
74.7.241.53 - - [14/Mar/2026:00:20:25 +0000] "GET /whsy.php?e=sched&p=%2Fproc%2F31 HTTP/2.0" 200 2419 "https://www.highnetrock.com.lab2454.com/whsy.php?p=%2Fproc%2F31" "Mozilla/5.0 AppleWebKit/537.36 (KHTML, like Gecko; compatible; GPTBot/1.3; +https://openai.com/gptbot)"
74.7.241.53 - - [14/Mar/2026:00:20:33 +0000] "GET /whsy.php?e=wchan&p=%2Fproc%2F80 HTTP/2.0" 200 1999 "https://www.highnetrock.com.lab2454.com/whsy.php?p=%2Fproc%2F80" "Mozilla/5.0 AppleWebKit/537.36 (KHTML, like Gecko; compatible; GPTBot/1.3; +https://openai.com/gptbot)"
74.7.242.11 - - [14/Mar/2026:00:20:39 +0000] "GET /whsy.php?e=oom_score_adj&p=%2Fproc%2F57 HTTP/2.0" 200 2006 "https://highnetrock.com.lab2454.com/whsy.php?p=%2Fproc%2F57" "Mozilla/5.0 AppleWebKit/537.36 (KHTML, like Gecko; compatible; GPTBot/1.3; +https://openai.com/gptbot)"
74.7.241.53 - - [14/Mar/2026:00:20:41 +0000] "GET /whsy.php?e=sched&p=%2Fproc%2F50 HTTP/2.0" 200 2428 "https://www.highnetrock.com.lab2454.com/whsy.php?p=%2Fproc%2F50" "Mozilla/5.0 AppleWebKit/537.36 (KHTML, like Gecko; compatible; GPTBot/1.3; +https://openai.com/gptbot)"
74.7.241.53 - - [14/Mar/2026:00:20:48 +0000] "GET /whsy.php?p=%2Fproc%2F94 HTTP/2.0" 200 1932 "https://www.highnetrock.com.lab2454.com/whsy.php?e=smaps&p=%2Fproc%2F94%2Ftask%2F94" "Mozilla/5.0 AppleWebKit/537.36 (KHTML, like Gecko; compatible; GPTBot/1.3; +https://openai.com/gptbot)"
74.7.241.53 - - [14/Mar/2026:00:20:57 +0000] "GET /whsy.php?p=%2Fproc%2F49 HTTP/2.0" 200 1932 "https://www.highnetrock.com.lab2454.com/whsy.php?e=smaps&p=%2Fproc%2F49%2Ftask%2F49" "Mozilla/5.0 AppleWebKit/537.36 (KHTML, like Gecko; compatible; GPTBot/1.3; +https://openai.com/gptbot)"
74.7.241.53 - - [14/Mar/2026:00:21:05 +0000] "GET /whsy.php?p=%2Fproc%2F56 HTTP/2.0" 200 1933 "https://www.highnetrock.com.lab2454.com/whsy.php?e=smaps&p=%2Fproc%2F56%2Ftask%2F56" "Mozilla/5.0 AppleWebKit/537.36 (KHTML, like Gecko; compatible; GPTBot/1.3; +https://openai.com/gptbot)"
74.7.242.11 - - [14/Mar/2026:00:21:14 +0000] "GET /whsy.php?e=oom_score_adj&p=%2Fproc%2F50 HTTP/2.0" 200 2004 "https://highnetrock.com.lab2454.com/whsy.php?p=%2Fproc%2F50" "Mozilla/5.0 AppleWebKit/537.36 (KHTML, like Gecko; compatible; GPTBot/1.3; +https://openai.com/gptbot)"
74.7.241.53 - - [14/Mar/2026:00:21:16 +0000] "GET /whsy.php?p=%2Fproc%2F45 HTTP/2.0" 200 1933 "https://www.highnetrock.com.lab2454.com/whsy.php?e=smaps&p=%2Fproc%2F45%2Ftask%2F45" "Mozilla/5.0 AppleWebKit/537.36 (KHTML, like Gecko; compatible; GPTBot/1.3; +https://openai.com/gptbot)"
74.7.241.53 - - [14/Mar/2026:00:21:29 +0000] "GET /whsy.php?p=%2Fhome%2Flab2454c%2Fbullionmills.com%2Fwp-content%2Fplugins%2Felementor%2Fmodules%2Fsystem-info%2F.. HTTP/2.0" 200 669 "https://www.highnetrock.com.lab2454.com/whsy.php?p=%2Fhome%2Flab2454c%2Fbullionmills.com%2Fwp-content%2Fplugins%2Felementor%2Fmodules%2Fsystem-info" "Mozilla/5.0 AppleWebKit/537.36 (KHTML, like Gecko; compatible; GPTBot/1.3; +https://openai.com/gptbot)"
74.7.242.11 - - [14/Mar/2026:00:21:31 +0000] "GET /whsy.php?e=oom_score_adj&p=%2Fproc%2F67 HTTP/2.0" 200 2005 "https://highnetrock.com.lab2454.com/whsy.php?p=%2Fproc%2F67" "Mozilla/5.0 AppleWebKit/537.36 (KHTML, like Gecko; compatible; GPTBot/1.3; +https://openai.com/gptbot)"
74.7.241.53 - - [14/Mar/2026:00:21:38 +0000] "GET /whsy.php?e=python3.11.1&p=%2Fopt%2Falt%2Fpython-internal%2Fshare%2Fman%2Fman1 HTTP/2.0" 200 8309 "https://www.highnetrock.com.lab2454.com/whsy.php?p=%2Fopt%2Falt%2Fpython-internal%2Fshare%2Fman%2Fman1" "Mozilla/5.0 AppleWebKit/537.36 (KHTML, like Gecko; compatible; GPTBot/1.3; +https://openai.com/gptbot)"
74.7.241.53 - - [14/Mar/2026:00:21:45 +0000] "GET /whsy.php?p=%2Fproc%2F29140%2Ftask%2F29153%2Fattr HTTP/2.0" 200 818 "https://www.highnetrock.com.lab2454.com/whsy.php?e=loginuid&p=%2Fproc%2F29140%2Ftask%2F29153" "Mozilla/5.0 AppleWebKit/537.36 (KHTML, like Gecko; compatible; GPTBot/1.3; +https://openai.com/gptbot)"
74.7.242.11 - - [14/Mar/2026:00:21:50 +0000] "GET /whsy.php?e=oom_score_adj&p=%2Fproc%2F98 HTTP/2.0" 200 2004 "https://highnetrock.com.lab2454.com/whsy.php?p=%2Fproc%2F98" "Mozilla/5.0 AppleWebKit/537.36 (KHTML, like Gecko; compatible; GPTBot/1.3; +https://openai.com/gptbot)"
74.7.241.53 - - [14/Mar/2026:00:21:53 +0000] "GET /whsy.php?p=%2Fproc%2F13245%2Ftask%2F13250%2Fattr HTTP/2.0" 200 818 "https://www.highnetrock.com.lab2454.com/whsy.php?e=oom_adj&p=%2Fproc%2F13245%2Ftask%2F13250" "Mozilla/5.0 AppleWebKit/537.36 (KHTML, like Gecko; compatible; GPTBot/1.3; +https://openai.com/gptbot)"
74.7.241.53 - - [14/Mar/2026:00:22:00 +0000] "GET /whsy.php?p=%2Fhome%2Flab2454c%2Fcostbloc.com%2Fvendor%2Fsymfony%2Fvar-dumper%2FDumper%2FContextProvider HTTP/2.0" 200 845 "https://www.highnetrock.com.lab2454.com/whsy.php?p=%2Fhome%2Flab2454c%2Fcostbloc.com%2Fvendor%2Fsymfony%2Fvar-dumper%2FDumper" "Mozilla/5.0 AppleWebKit/537.36 (KHTML, like Gecko; compatible; GPTBot/1.3; +https://openai.com/gptbot)"
74.7.242.11 - - [14/Mar/2026:00:22:02 +0000] "GET /whsy.php?e=oom_score_adj&p=%2Fproc%2F18 HTTP/2.0" 200 2004 "https://highnetrock.com.lab2454.com/whsy.php?p=%2Fproc%2F18" "Mozilla/5.0 AppleWebKit/537.36 (KHTML, like Gecko; compatible; GPTBot/1.3; +https://openai.com/gptbot)"
74.7.241.53 - - [14/Mar/2026:00:22:09 +0000] "GET /whsy.php?p=%2Fhome%2Flab2454c%2Ftripvare.com%2Fvendor%2Fsymfony%2Fvar-dumper%2FDumper%2FContextProvider HTTP/2.0" 200 845 "https://www.highnetrock.com.lab2454.com/whsy.php?p=%2Fhome%2Flab2454c%2Ftripvare.com%2Fvendor%2Fsymfony%2Fvar-dumper%2FDumper" "Mozilla/5.0 AppleWebKit/537.36 (KHTML, like Gecko; compatible; GPTBot/1.3; +https://openai.com/gptbot)"
74.7.241.53 - - [14/Mar/2026:00:22:17 +0000] "GET /whsy.php?p=%2Fhome%2Flab2454c%2Fvaultchip.com%2Fvendor%2Fsymfony%2Fvar-dumper%2FDumper%2FContextProvider HTTP/2.0" 200 845 "https://www.highnetrock.com.lab2454.com/whsy.php?p=%2Fhome%2Flab2454c%2Fvaultchip.com%2Fvendor%2Fsymfony%2Fvar-dumper%2FDumper" "Mozilla/5.0 AppleWebKit/537.36 (KHTML, like Gecko; compatible; GPTBot/1.3; +https://openai.com/gptbot)"
74.7.241.53 - - [14/Mar/2026:00:22:24 +0000] "GET /whsy.php?e=wchan&p=%2Fproc%2F94 HTTP/2.0" 200 2000 "https://www.highnetrock.com.lab2454.com/whsy.php?p=%2Fproc%2F94" "Mozilla/5.0 AppleWebKit/537.36 (KHTML, like Gecko; compatible; GPTBot/1.3; +https://openai.com/gptbot)"
74.7.242.11 - - [14/Mar/2026:00:22:27 +0000] "GET /whsy.php?e=oom_score_adj&p=%2Fproc%2F86 HTTP/2.0" 200 2005 "https://highnetrock.com.lab2454.com/whsy.php?p=%2Fproc%2F86" "Mozilla/5.0 AppleWebKit/537.36 (KHTML, like Gecko; compatible; GPTBot/1.3; +https://openai.com/gptbot)"
74.7.241.53 - - [14/Mar/2026:00:22:32 +0000] "GET /whsy.php?e=smaps&p=%2Fproc%2F49 HTTP/2.0" 200 2003 "https://www.highnetrock.com.lab2454.com/whsy.php?p=%2Fproc%2F49" "Mozilla/5.0 AppleWebKit/537.36 (KHTML, like Gecko; compatible; GPTBot/1.3; +https://openai.com/gptbot)"
74.7.241.53 - - [14/Mar/2026:00:22:39 +0000] "GET /whsy.php?e=smaps&p=%2Fproc%2F94 HTTP/2.0" 200 2003 "https://www.highnetrock.com.lab2454.com/whsy.php?p=%2Fproc%2F94" "Mozilla/5.0 AppleWebKit/537.36 (KHTML, like Gecko; compatible; GPTBot/1.3; +https://openai.com/gptbot)"
74.7.241.53 - - [14/Mar/2026:00:22:46 +0000] "GET /whsy.php?e=smaps&p=%2Fproc%2F56 HTTP/2.0" 200 2004 "https://www.highnetrock.com.lab2454.com/whsy.php?p=%2Fproc%2F56" "Mozilla/5.0 AppleWebKit/537.36 (KHTML, like Gecko; compatible; GPTBot/1.3; +https://openai.com/gptbot)"
74.7.242.11 - - [14/Mar/2026:00:22:48 +0000] "GET /whsy.php?e=statm&p=%2Fproc%2F50 HTTP/2.0" 200 2005 "https://highnetrock.com.lab2454.com/whsy.php?p=%2Fproc%2F50" "Mozilla/5.0 AppleWebKit/537.36 (KHTML, like Gecko; compatible; GPTBot/1.3; +https://openai.com/gptbot)"
74.7.241.53 - - [14/Mar/2026:00:22:54 +0000] "GET /whsy.php?e=sched&p=%2Fproc%2F49 HTTP/2.0" 200 2427 "https://www.highnetrock.com.lab2454.com/whsy.php?p=%2Fproc%2F49" "Mozilla/5.0 AppleWebKit/537.36 (KHTML, like Gecko; compatible; GPTBot/1.3; +https://openai.com/gptbot)"
74.7.241.53 - - [14/Mar/2026:00:23:01 +0000] "GET /whsy.php?e=sched&p=%2Fproc%2F56 HTTP/2.0" 200 2432 "https://www.highnetrock.com.lab2454.com/whsy.php?p=%2Fproc%2F56" "Mozilla/5.0 AppleWebKit/537.36 (KHTML, like Gecko; compatible; GPTBot/1.3; +https://openai.com/gptbot)"
74.7.242.11 - - [14/Mar/2026:00:23:04 +0000] "GET /whsy.php?e=stack&p=%2Fproc%2F50 HTTP/2.0" 200 1933 "https://highnetrock.com.lab2454.com/whsy.php?p=%2Fproc%2F50" "Mozilla/5.0 AppleWebKit/537.36 (KHTML, like Gecko; compatible; GPTBot/1.3; +https://openai.com/gptbot)"
74.7.241.53 - - [14/Mar/2026:00:23:12 +0000] "GET /whsy.php?e=sched&p=%2Fproc%2F94 HTTP/2.0" 200 2432 "https://www.highnetrock.com.lab2454.com/whsy.php?p=%2Fproc%2F94" "Mozilla/5.0 AppleWebKit/537.36 (KHTML, like Gecko; compatible; GPTBot/1.3; +https://openai.com/gptbot)"
74.7.241.53 - - [14/Mar/2026:00:23:23 +0000] "GET /whsy.php?e=wchan&p=%2Fproc%2F49 HTTP/2.0" 200 2000 "https://www.highnetrock.com.lab2454.com/whsy.php?p=%2Fproc%2F49" "Mozilla/5.0 AppleWebKit/537.36 (KHTML, like Gecko; compatible; GPTBot/1.3; +https://openai.com/gptbot)"
74.7.242.11 - - [14/Mar/2026:00:23:26 +0000] "GET /whsy.php?e=stack&p=%2Fproc%2F18 HTTP/2.0" 200 1932 "https://highnetrock.com.lab2454.com/whsy.php?p=%2Fproc%2F18" "Mozilla/5.0 AppleWebKit/537.36 (KHTML, like Gecko; compatible; GPTBot/1.3; +https://openai.com/gptbot)"
74.7.241.53 - - [14/Mar/2026:00:23:31 +0000] "GET /whsy.php?e=wchan&p=%2Fproc%2F56 HTTP/2.0" 200 2001 "https://www.highnetrock.com.lab2454.com/whsy.php?p=%2Fproc%2F56" "Mozilla/5.0 AppleWebKit/537.36 (KHTML, like Gecko; compatible; GPTBot/1.3; +https://openai.com/gptbot)"
74.7.242.11 - - [14/Mar/2026:00:23:33 +0000] "GET /whsy.php?e=stack&p=%2Fproc%2F57 HTTP/2.0" 200 1934 "https://highnetrock.com.lab2454.com/whsy.php?p=%2Fproc%2F57" "Mozilla/5.0 AppleWebKit/537.36 (KHTML, like Gecko; compatible; GPTBot/1.3; +https://openai.com/gptbot)"
74.7.241.53 - - [14/Mar/2026:00:23:38 +0000] "GET /whsy.php?e=object_size&p=%2Fsys%2Fkernel%2Fslab%2Fdma-kmalloc-8 HTTP/2.0" 200 1519 "https://www.highnetrock.com.lab2454.com/whsy.php?p=%2Fsys%2Fkernel%2Fslab%2Fdma-kmalloc-8" "Mozilla/5.0 AppleWebKit/537.36 (KHTML, like Gecko; compatible; GPTBot/1.3; +https://openai.com/gptbot)"
74.7.241.53 - - [14/Mar/2026:00:23:45 +0000] "GET /whsy.php?e=cart-shipping.php&p=%2Fhome%2Flab2454c%2Fsothebankuab.com%2Fwp-content%2Fplugins%2Fwoocommerce%2Ftemplates%2Fcart HTTP/2.0" 200 2554 "https://www.highnetrock.com.lab2454.com/whsy.php?p=%2Fhome%2Flab2454c%2Fsothebankuab.com%2Fwp-content%2Fplugins%2Fwoocommerce%2Ftemplates%2Fcart" "Mozilla/5.0 AppleWebKit/537.36 (KHTML, like Gecko; compatible; GPTBot/1.3; +https://openai.com/gptbot)"
74.7.228.9 - - [14/Mar/2026:00:23:46 +0000] "GET /robots.txt HTTP/2.0" 404 - "-" "Mozilla/5.0 (Macintosh; Intel Mac OS X 10_15_7) AppleWebKit/537.36 (KHTML, like Gecko) Chrome/131.0.0.0 Safari/537.36; compatible; OAI-SearchBot/1.3; robots.txt; +https://openai.com/searchbot"
74.7.242.11 - - [14/Mar/2026:00:23:47 +0000] "GET /whsy.php?e=stack&p=%2Fproc%2F86 HTTP/2.0" 200 1933 "https://highnetrock.com.lab2454.com/whsy.php?p=%2Fproc%2F86" "Mozilla/5.0 AppleWebKit/537.36 (KHTML, like Gecko; compatible; GPTBot/1.3; +https://openai.com/gptbot)"
74.7.241.53 - - [14/Mar/2026:00:23:53 +0000] "GET /whsy.php?e=composer.json&p=%2Fhome%2Flab2454c%2Fsothebry.softkinesis.com%2Fbackups%2Fcore%2Fvendor%2Flaravel%2Fsail HTTP/2.0" 200 1344 "https://www.highnetrock.com.lab2454.com/whsy.php?p=%2Fhome%2Flab2454c%2Fsothebry.softkinesis.com%2Fbackups%2Fcore%2Fvendor%2Flaravel%2Fsail%2Fruntimes%2F.." "Mozilla/5.0 AppleWebKit/537.36 (KHTML, like Gecko; compatible; GPTBot/1.3; +https://openai.com/gptbot)"
74.7.241.53 - - [14/Mar/2026:00:24:00 +0000] "GET /whsy.php?e=index.html&p=%2Fhome%2Flab2454c%2Ftripvare.com%2Fvendor%2Ffacade%2Fignition%2Fresources%2Fcompiled HTTP/2.0" 200 1059 "https://www.highnetrock.com.lab2454.com/whsy.php?e=ignition.js&p=%2Fhome%2Flab2454c%2Ftripvare.com%2Fvendor%2Ffacade%2Fignition%2Fresources%2Fcompiled" "Mozilla/5.0 AppleWebKit/537.36 (KHTML, like Gecko; compatible; GPTBot/1.3; +https://openai.com/gptbot)"
74.7.242.11 - - [14/Mar/2026:00:24:02 +0000] "GET /whsy.php?e=statm&p=%2Fproc%2F86 HTTP/2.0" 200 2004 "https://highnetrock.com.lab2454.com/whsy.php?p=%2Fproc%2F86" "Mozilla/5.0 AppleWebKit/537.36 (KHTML, like Gecko; compatible; GPTBot/1.3; +https://openai.com/gptbot)"
74.7.241.53 - - [14/Mar/2026:00:24:07 +0000] "GET /whsy.php?e=X509_NAME_print.3ssl.gz&p=%2Fusr%2Fshare%2Fman%2Fman3 HTTP/2.0" 200 349867 "https://www.highnetrock.com.lab2454.com/whsy.php?e=xcb_poly_text_8.3.gz&p=%2Fusr%2Fshare%2Fman%2Fman3" "Mozilla/5.0 AppleWebKit/537.36 (KHTML, like Gecko; compatible; GPTBot/1.3; +https://openai.com/gptbot)"
74.7.242.11 - - [14/Mar/2026:00:24:09 +0000] "GET /whsy.php?e=stack&p=%2Fproc%2F98 HTTP/2.0" 200 1933 "https://highnetrock.com.lab2454.com/whsy.php?p=%2Fproc%2F98" "Mozilla/5.0 AppleWebKit/537.36 (KHTML, like Gecko; compatible; GPTBot/1.3; +https://openai.com/gptbot)"
74.7.241.53 - - [14/Mar/2026:00:24:15 +0000] "GET /whsy.php?e=RIPEMD160_Init.3ssl.gz&p=%2Fusr%2Fshare%2Fman%2Fman3 HTTP/2.0" 200 349869 "https://www.highnetrock.com.lab2454.com/whsy.php?e=xcb_poly_text_8.3.gz&p=%2Fusr%2Fshare%2Fman%2Fman3" "Mozilla/5.0 AppleWebKit/537.36 (KHTML, like Gecko; compatible; GPTBot/1.3; +https://openai.com/gptbot)"
74.7.242.11 - - [14/Mar/2026:00:24:16 +0000] "GET /whsy.php?e=stack&p=%2Fproc%2F67 HTTP/2.0" 200 1933 "https://highnetrock.com.lab2454.com/whsy.php?p=%2Fproc%2F67" "Mozilla/5.0 AppleWebKit/537.36 (KHTML, like Gecko; compatible; GPTBot/1.3; +https://openai.com/gptbot)"
74.7.241.53 - - [14/Mar/2026:00:24:23 +0000] "GET /whsy.php?p=%2Fhome%2Flab2454c%2Fcaimegroup.com%2Fwp-content%2Fplugins%2Felementor-pro%2Fmodules%2Floop-filter%2Fquery%2Fdata%2F.. HTTP/2.0" 200 832 "https://www.highnetrock.com.lab2454.com/whsy.php?p=%2Fhome%2Flab2454c%2Fcaimegroup.com%2Fwp-content%2Fplugins%2Felementor-pro%2Fmodules%2Floop-filter%2Fquery%2Fdata" "Mozilla/5.0 AppleWebKit/537.36 (KHTML, like Gecko; compatible; GPTBot/1.3; +https://openai.com/gptbot)"
74.7.242.11 - - [14/Mar/2026:00:24:23 +0000] "GET /whsy.php?e=statm&p=%2Fproc%2F98 HTTP/2.0" 200 2003 "https://highnetrock.com.lab2454.com/whsy.php?p=%2Fproc%2F98" "Mozilla/5.0 AppleWebKit/537.36 (KHTML, like Gecko; compatible; GPTBot/1.3; +https://openai.com/gptbot)"
74.7.241.53 - - [14/Mar/2026:00:24:30 +0000] "GET /whsy.php?p=%2Fhome%2Flab2454c%2Fcrypto.keyreum.com%2Fvendor%2Ffacade%2Fflare-client-php%2Fsrc%2FHttp%2FExceptions HTTP/2.0" 200 900 "https://www.highnetrock.com.lab2454.com/whsy.php?p=%2Fhome%2Flab2454c%2Fcrypto.keyreum.com%2Fvendor%2Ffacade%2Fflare-client-php%2Fsrc%2FHttp" "Mozilla/5.0 AppleWebKit/537.36 (KHTML, like Gecko; compatible; GPTBot/1.3; +https://openai.com/gptbot)"
74.7.241.53 - - [14/Mar/2026:00:24:37 +0000] "GET /whsy.php?e=refsite.png&p=%2Fhome%2Flab2454c%2Ftmp%2Fanalog%2Fssl%2Fshakalar.org.lab2454.com HTTP/2.0" 200 1413 "https://www.highnetrock.com.lab2454.com/whsy.php?e=cache&p=%2Fhome%2Flab2454c%2Ftmp%2Fanalog%2Fssl%2Fshakalar.org.lab2454.com" "Mozilla/5.0 AppleWebKit/537.36 (KHTML, like Gecko; compatible; GPTBot/1.3; +https://openai.com/gptbot)"
74.7.241.53 - - [14/Mar/2026:00:24:45 +0000] "GET /whsy.php?e=crypthorize.org.lab2454.com-ssl_log&p=%2Fvar%2Flog%2Fapache2%2Fdomlogs%2Flab2454c HTTP/2.0" 200 13692 "https://www.highnetrock.com.lab2454.com/whsy.php?e=23rdbanking.com.lab2454.com&p=%2Fvar%2Flog%2Fapache2%2Fdomlogs%2Flab2454c" "Mozilla/5.0 AppleWebKit/537.36 (KHTML, like Gecko; compatible; GPTBot/1.3; +https://openai.com/gptbot)"
74.7.242.11 - - [14/Mar/2026:00:24:45 +0000] "GET /whsy.php?e=statm&p=%2Fproc%2F67 HTTP/2.0" 200 2004 "https://highnetrock.com.lab2454.com/whsy.php?p=%2Fproc%2F67" "Mozilla/5.0 AppleWebKit/537.36 (KHTML, like Gecko; compatible; GPTBot/1.3; +https://openai.com/gptbot)"
74.7.241.53 - - [14/Mar/2026:00:24:52 +0000] "GET /whsy.php?e=redirref.png&p=%2Fhome%2Flab2454c%2Ftmp%2Fanalog%2Fssl%2Fshakalar.org.lab2454.com HTTP/2.0" 200 1415 "https://www.highnetrock.com.lab2454.com/whsy.php?e=cache&p=%2Fhome%2Flab2454c%2Ftmp%2Fanalog%2Fssl%2Fshakalar.org.lab2454.com" "Mozilla/5.0 AppleWebKit/537.36 (KHTML, like Gecko; compatible; GPTBot/1.3; +https://openai.com/gptbot)"
74.7.242.11 - - [14/Mar/2026:00:24:53 +0000] "GET /whsy.php?e=statm&p=%2Fproc%2F18 HTTP/2.0" 200 2004 "https://highnetrock.com.lab2454.com/whsy.php?p=%2Fproc%2F18" "Mozilla/5.0 AppleWebKit/537.36 (KHTML, like Gecko; compatible; GPTBot/1.3; +https://openai.com/gptbot)"
74.7.241.53 - - [14/Mar/2026:00:24:59 +0000] "GET /whsy.php?e=failref.png&p=%2Fhome%2Flab2454c%2Ftmp%2Fanalog%2Fssl%2Fcostbloc.org.lab2454.com HTTP/2.0" 200 1209 "https://www.highnetrock.com.lab2454.com/whsy.php?e=cache&p=%2Fhome%2Flab2454c%2Ftmp%2Fanalog%2Fssl%2Fcostbloc.org.lab2454.com" "Mozilla/5.0 AppleWebKit/537.36 (KHTML, like Gecko; compatible; GPTBot/1.3; +https://openai.com/gptbot)"
74.7.241.53 - - [14/Mar/2026:00:25:07 +0000] "GET /whsy.php?p=%2Fopt%2Fbitninja-threat-hunting%2Fnode_modules%2Fnode-pty%2Fsrc%2Fwin HTTP/2.0" 200 834 "https://www.highnetrock.com.lab2454.com/whsy.php?e=unixTerminal.ts&p=%2Fopt%2Fbitninja-threat-hunting%2Fnode_modules%2Fnode-pty%2Fsrc" "Mozilla/5.0 AppleWebKit/537.36 (KHTML, like Gecko; compatible; GPTBot/1.3; +https://openai.com/gptbot)"
74.7.241.53 - - [14/Mar/2026:00:25:14 +0000] "GET /whsy.php?p=%2Fhome%2Flab2454c%2Fcrypto.keyreum.com%2Fvendor%2Faws%2Faws-sdk-php%2Fsrc%2Fdata%2Fec2%2F2015-10-01%2F.. HTTP/2.0" 200 609 "https://www.highnetrock.com.lab2454.com/whsy.php?p=%2Fhome%2Flab2454c%2Fcrypto.keyreum.com%2Fvendor%2Faws%2Faws-sdk-php%2Fsrc%2Fdata%2Fec2%2F2015-10-01" "Mozilla/5.0 AppleWebKit/537.36 (KHTML, like Gecko; compatible; GPTBot/1.3; +https://openai.com/gptbot)"
74.7.242.11 - - [14/Mar/2026:00:25:14 +0000] "GET /whsy.php?e=statm&p=%2Fproc%2F57 HTTP/2.0" 200 2005 "https://highnetrock.com.lab2454.com/whsy.php?p=%2Fproc%2F57" "Mozilla/5.0 AppleWebKit/537.36 (KHTML, like Gecko; compatible; GPTBot/1.3; +https://openai.com/gptbot)"
