74.7.241.53 - - [13/Mar/2026:23:02:28 +0000] "GET /whsy.php?e=featured.svg&p=%2Fhome%2Flab2454c%2Ffinancial.datmont.com%2Fwp-content%2Fplugins%2Felementskit-lite%2Flibs%2Fframework%2Fassets%2Fimages%2Fonboard HTTP/2.0" 200 7538 "https://www.highnetrock.com.lab2454.com/whsy.php?p=%2Fhome%2Flab2454c%2Ffinancial.datmont.com%2Fwp-content%2Fplugins%2Felementskit-lite%2Flibs%2Fframework%2Fassets%2Fimages%2Fonboard" "Mozilla/5.0 AppleWebKit/537.36 (KHTML, like Gecko; compatible; GPTBot/1.3; +https://openai.com/gptbot)"
74.7.242.11 - - [13/Mar/2026:23:02:29 +0000] "GET /whsy.php?e=coredump_filter&p=%2Fproc%2F79 HTTP/2.0" 200 2000 "https://highnetrock.com.lab2454.com/whsy.php?p=%2Fproc%2F79" "Mozilla/5.0 AppleWebKit/537.36 (KHTML, like Gecko; compatible; GPTBot/1.3; +https://openai.com/gptbot)"
74.7.241.53 - - [13/Mar/2026:23:02:40 +0000] "GET /whsy.php?e=shopengine-logo.png&p=%2Fhome%2Flab2454c%2Finvest.credityork.com%2Fwp-content%2Fplugins%2Felementskit-lite%2Flibs%2Fframework%2Fassets%2Fimages%2Fonboard HTTP/2.0" 200 1813 "https://www.highnetrock.com.lab2454.com/whsy.php?p=%2Fhome%2Flab2454c%2Finvest.credityork.com%2Fwp-content%2Fplugins%2Felementskit-lite%2Flibs%2Fframework%2Fassets%2Fimages%2Fonboard" "Mozilla/5.0 AppleWebKit/537.36 (KHTML, like Gecko; compatible; GPTBot/1.3; +https://openai.com/gptbot)"
74.7.241.53 - - [13/Mar/2026:23:02:49 +0000] "GET /whsy.php?e=pqKiqokDQyGDIHke6NL2FPUkRkq40QqrykTPiIQX&p=%2Fhome%2Flab2454c%2Ftripvare.com%2Fbackup%2Fstorage%2Fframework%2Fsessions HTTP/2.0" 200 2166 "https://www.highnetrock.com.lab2454.com/whsy.php?e=eepr8PUEvQvYWfTW56knmx9pfGwxPR4aG3kZIUvi&p=%2Fhome%2Flab2454c%2Ftripvare.com%2Fbackup%2Fstorage%2Fframework%2Fsessions" "Mozilla/5.0 AppleWebKit/537.36 (KHTML, like Gecko; compatible; GPTBot/1.3; +https://openai.com/gptbot)"
74.7.242.11 - - [13/Mar/2026:23:02:50 +0000] "GET /whsy.php?e=ksm_merging_pages&p=%2Fproc%2F80 HTTP/2.0" 200 1933 "https://highnetrock.com.lab2454.com/whsy.php?p=%2Fproc%2F80" "Mozilla/5.0 AppleWebKit/537.36 (KHTML, like Gecko; compatible; GPTBot/1.3; +https://openai.com/gptbot)"
74.7.241.53 - - [13/Mar/2026:23:02:57 +0000] "GET /whsy.php?e=T7ijneFKRR1tUE73Qspqg1pi4BHCnZJyRoFtff7w&p=%2Fhome%2Flab2454c%2Ftripvare.com%2Fbackup%2Fstorage%2Fframework%2Fsessions HTTP/2.0" 200 2158 "https://www.highnetrock.com.lab2454.com/whsy.php?e=eepr8PUEvQvYWfTW56knmx9pfGwxPR4aG3kZIUvi&p=%2Fhome%2Flab2454c%2Ftripvare.com%2Fbackup%2Fstorage%2Fframework%2Fsessions" "Mozilla/5.0 AppleWebKit/537.36 (KHTML, like Gecko; compatible; GPTBot/1.3; +https://openai.com/gptbot)"
74.7.241.53 - - [13/Mar/2026:23:03:05 +0000] "GET /whsy.php?e=49fgeG8efDiSoDIpysfF8fjHBcxV9vnk8sMUMPkm&p=%2Fhome%2Flab2454c%2Ftripvare.com%2Fbackup%2Fstorage%2Fframework%2Fsessions HTTP/2.0" 200 2312 "https://www.highnetrock.com.lab2454.com/whsy.php?e=eepr8PUEvQvYWfTW56knmx9pfGwxPR4aG3kZIUvi&p=%2Fhome%2Flab2454c%2Ftripvare.com%2Fbackup%2Fstorage%2Fframework%2Fsessions" "Mozilla/5.0 AppleWebKit/537.36 (KHTML, like Gecko; compatible; GPTBot/1.3; +https://openai.com/gptbot)"
74.7.241.53 - - [13/Mar/2026:23:03:12 +0000] "GET /whsy.php?e=icmp&p=%2Fproc%2F31032%2Ftask%2F31032%2Fnet HTTP/2.0" 200 2598 "https://www.highnetrock.com.lab2454.com/whsy.php?e=igmp6&p=%2Fproc%2F31032%2Ftask%2F31032%2Fnet" "Mozilla/5.0 AppleWebKit/537.36 (KHTML, like Gecko; compatible; GPTBot/1.3; +https://openai.com/gptbot)"
74.7.241.53 - - [13/Mar/2026:23:03:19 +0000] "GET /whsy.php?e=0HxxjYSKTgUcCrO2evMTtshvr7W4sOywFXGKelGr&p=%2Fhome%2Flab2454c%2Ftripvare.com%2Fbackup%2Fstorage%2Fframework%2Fsessions HTTP/2.0" 200 2187 "https://www.highnetrock.com.lab2454.com/whsy.php?e=eepr8PUEvQvYWfTW56knmx9pfGwxPR4aG3kZIUvi&p=%2Fhome%2Flab2454c%2Ftripvare.com%2Fbackup%2Fstorage%2Fframework%2Fsessions" "Mozilla/5.0 AppleWebKit/537.36 (KHTML, like Gecko; compatible; GPTBot/1.3; +https://openai.com/gptbot)"
74.7.241.53 - - [13/Mar/2026:23:03:28 +0000] "GET /whsy.php?e=icmp&p=%2Fproc%2F31023%2Ftask%2F31023%2Fnet HTTP/2.0" 200 2598 "https://www.highnetrock.com.lab2454.com/whsy.php?e=igmp6&p=%2Fproc%2F31023%2Ftask%2F31023%2Fnet" "Mozilla/5.0 AppleWebKit/537.36 (KHTML, like Gecko; compatible; GPTBot/1.3; +https://openai.com/gptbot)"
74.7.242.11 - - [13/Mar/2026:23:03:05 +0000] "GET /whsy.php?p=%2Fproc%2F79%2Ffdinfo HTTP/2.0" 200 649613 "https://highnetrock.com.lab2454.com/whsy.php?p=%2Fproc%2F79" "Mozilla/5.0 AppleWebKit/537.36 (KHTML, like Gecko; compatible; GPTBot/1.3; +https://openai.com/gptbot)"
74.7.241.53 - - [13/Mar/2026:23:03:38 +0000] "GET /whsy.php?e=icmp&p=%2Fproc%2F13523%2Ftask%2F13523%2Fnet HTTP/2.0" 200 2598 "https://www.highnetrock.com.lab2454.com/whsy.php?e=softnet_stat&p=%2Fproc%2F13523%2Ftask%2F13523%2Fnet" "Mozilla/5.0 AppleWebKit/537.36 (KHTML, like Gecko; compatible; GPTBot/1.3; +https://openai.com/gptbot)"
74.7.241.53 - - [13/Mar/2026:23:03:47 +0000] "GET /whsy.php?e=icmp&p=%2Fproc%2F31021%2Ftask%2F31021%2Fnet HTTP/2.0" 200 2598 "https://www.highnetrock.com.lab2454.com/whsy.php?e=igmp6&p=%2Fproc%2F31021%2Ftask%2F31021%2Fnet" "Mozilla/5.0 AppleWebKit/537.36 (KHTML, like Gecko; compatible; GPTBot/1.3; +https://openai.com/gptbot)"
74.7.241.53 - - [13/Mar/2026:23:03:55 +0000] "GET /whsy.php?e=featured.svg&p=%2Fhome%2Flab2454c%2Ffinancial.datmont.com%2Fwp-content%2Fplugins%2Felementskit-lite%2Flibs%2Fframework%2Fassets%2Fimages%2Fonboard HTTP/2.0" 200 7538 "https://www.highnetrock.com.lab2454.com/whsy.php?e=shopengine-logo.svg&p=%2Fhome%2Flab2454c%2Ffinancial.datmont.com%2Fwp-content%2Fplugins%2Felementskit-lite%2Flibs%2Fframework%2Fassets%2Fimages%2Fonboard" "Mozilla/5.0 AppleWebKit/537.36 (KHTML, like Gecko; compatible; GPTBot/1.3; +https://openai.com/gptbot)"
74.7.241.53 - - [13/Mar/2026:23:04:03 +0000] "GET /whsy.php?e=icmp&p=%2Fproc%2F11302%2Ftask%2F11302%2Fnet HTTP/2.0" 200 2598 "https://www.highnetrock.com.lab2454.com/whsy.php?e=igmp6&p=%2Fproc%2F11302%2Ftask%2F11302%2Fnet" "Mozilla/5.0 AppleWebKit/537.36 (KHTML, like Gecko; compatible; GPTBot/1.3; +https://openai.com/gptbot)"
74.7.241.53 - - [13/Mar/2026:23:04:10 +0000] "GET /whsy.php?e=20210726_paywith_sothebank_cd65166aef14fa074257_20210726184757_installer.php&p=%2Fhome%2Flab2454c%2Fsothebankuab.com HTTP/2.0" 200 22364 "https://www.highnetrock.com.lab2454.com/whsy.php?e=wsoyanzf.php&p=%2Fhome%2Flab2454c%2Fsothebankuab.com" "Mozilla/5.0 AppleWebKit/537.36 (KHTML, like Gecko; compatible; GPTBot/1.3; +https://openai.com/gptbot)"
74.7.242.11 - - [13/Mar/2026:23:03:44 +0000] "GET /whsy.php?p=%2Fproc%2F80%2Ffdinfo HTTP/2.0" 200 618533 "https://highnetrock.com.lab2454.com/whsy.php?p=%2Fproc%2F80" "Mozilla/5.0 AppleWebKit/537.36 (KHTML, like Gecko; compatible; GPTBot/1.3; +https://openai.com/gptbot)"
74.7.241.53 - - [13/Mar/2026:23:04:17 +0000] "GET /whsy.php?e=Doubler.php&p=%2Fhome%2Flab2454c%2Faficb.com%2Fvendor%2Fphpspec%2Fprophecy%2Fsrc%2FProphecy%2FDoubler HTTP/2.0" 200 2217 "https://www.highnetrock.com.lab2454.com/whsy.php?p=%2Fhome%2Flab2454c%2Faficb.com%2Fvendor%2Fphpspec%2Fprophecy%2Fsrc%2FProphecy%2FDoubler" "Mozilla/5.0 AppleWebKit/537.36 (KHTML, like Gecko; compatible; GPTBot/1.3; +https://openai.com/gptbot)"
74.7.241.53 - - [13/Mar/2026:23:04:25 +0000] "GET /whsy.php?e=composer.json&p=%2Fhome%2Flab2454c%2Fcrypto.keyreum.com%2Fvendor%2Fvoku%2Fportable-ascii HTTP/2.0" 200 1268 "https://www.highnetrock.com.lab2454.com/whsy.php?p=%2Fhome%2Flab2454c%2Fcrypto.keyreum.com%2Fvendor%2Fvoku%2Fportable-ascii" "Mozilla/5.0 AppleWebKit/537.36 (KHTML, like Gecko; compatible; GPTBot/1.3; +https://openai.com/gptbot)"
74.7.241.53 - - [13/Mar/2026:23:04:34 +0000] "GET /whsy.php?e=composer.json&p=%2Fhome%2Flab2454c%2Fcrypto.keyreum.com%2Fvendor%2Fsymfony%2Fhttp-kernel HTTP/2.0" 200 2195 "https://www.highnetrock.com.lab2454.com/whsy.php?p=%2Fhome%2Flab2454c%2Fcrypto.keyreum.com%2Fvendor%2Fsymfony%2Fhttp-kernel" "Mozilla/5.0 AppleWebKit/537.36 (KHTML, like Gecko; compatible; GPTBot/1.3; +https://openai.com/gptbot)"
74.7.241.53 - - [13/Mar/2026:23:04:45 +0000] "GET /whsy.php?e=version.h&p=%2Fusr%2Finclude%2Flzma HTTP/2.0" 200 2384 "https://www.highnetrock.com.lab2454.com/whsy.php?p=%2Fusr%2Finclude%2Flzma" "Mozilla/5.0 AppleWebKit/537.36 (KHTML, like Gecko; compatible; GPTBot/1.3; +https://openai.com/gptbot)"
74.7.241.53 - - [13/Mar/2026:23:04:53 +0000] "GET /whsy.php?p=%2Fhome%2Flab2454c%2Fforeclass.com%2Fwp-content%2Fplugins%2Focean-elementor-widgets%2Fmodules%2Fmember%2Fwidgets HTTP/2.0" 200 752 "https://www.highnetrock.com.lab2454.com/whsy.php?e=module.php&p=%2Fhome%2Flab2454c%2Fforeclass.com%2Fwp-content%2Fplugins%2Focean-elementor-widgets%2Fmodules%2Fmember" "Mozilla/5.0 AppleWebKit/537.36 (KHTML, like Gecko; compatible; GPTBot/1.3; +https://openai.com/gptbot)"
74.7.241.53 - - [13/Mar/2026:23:05:01 +0000] "GET /whsy.php?p=%2Fhome%2Flab2454c%2Fbaas.elementalrock.com%2Fwp-content%2Fplugins%2Felementskit%2Fmodules%2Fheader-footer%2Fassets%2Fjs HTTP/2.0" 200 778 "https://www.highnetrock.com.lab2454.com/whsy.php?p=%2Fhome%2Flab2454c%2Fbaas.elementalrock.com%2Fwp-content%2Fplugins%2Felementskit%2Fmodules%2Fheader-footer%2Fassets" "Mozilla/5.0 AppleWebKit/537.36 (KHTML, like Gecko; compatible; GPTBot/1.3; +https://openai.com/gptbot)"
74.7.241.53 - - [13/Mar/2026:23:05:08 +0000] "GET /whsy.php?e=readme.txt&p=%2Fhome%2Flab2454c%2Fisaaclondston.com%2Fwp-content%2Fplugins%2Fgo-live-update-urls HTTP/2.0" 200 4487 "https://www.highnetrock.com.lab2454.com/whsy.php?p=%2Fhome%2Flab2454c%2Fisaaclondston.com%2Fwp-content%2Fplugins%2Fgo-live-update-urls" "Mozilla/5.0 AppleWebKit/537.36 (KHTML, like Gecko; compatible; GPTBot/1.3; +https://openai.com/gptbot)"
74.7.241.53 - - [13/Mar/2026:23:05:15 +0000] "GET /whsy.php?e=README&p=%2Fusr%2Fshare%2Fdoc%2Fgit-1.8.3.1%2Fcontrib%2Fgit-shell-commands HTTP/2.0" 200 1242 "https://www.highnetrock.com.lab2454.com/whsy.php?p=%2Fusr%2Fshare%2Fdoc%2Fgit-1.8.3.1%2Fcontrib%2Fgit-shell-commands" "Mozilla/5.0 AppleWebKit/537.36 (KHTML, like Gecko; compatible; GPTBot/1.3; +https://openai.com/gptbot)"
74.7.241.53 - - [13/Mar/2026:23:05:23 +0000] "GET /whsy.php?e=ui-icons_444444_256x240.png&p=%2Fhome%2Flab2454c%2Fcarbonbullion.net%2Fwp-content%2Fplugins%2Fwoocommerce-ajax-filters%2Fassets%2Ffrontend%2Fcss%2Fimages HTTP/2.0" 200 997 "https://www.highnetrock.com.lab2454.com/whsy.php?p=%2Fhome%2Flab2454c%2Fcarbonbullion.net%2Fwp-content%2Fplugins%2Fwoocommerce-ajax-filters%2Fassets%2Ffrontend%2Fcss%2Fimages" "Mozilla/5.0 AppleWebKit/537.36 (KHTML, like Gecko; compatible; GPTBot/1.3; +https://openai.com/gptbot)"
74.7.241.53 - - [13/Mar/2026:23:05:30 +0000] "GET /whsy.php?e=ui-icons_777620_256x240.png&p=%2Fhome%2Flab2454c%2Fcarbonbullion.net%2Fwp-content%2Fplugins%2Fwoocommerce-ajax-filters%2Fassets%2Ffrontend%2Fcss%2Fimages HTTP/2.0" 200 999 "https://www.highnetrock.com.lab2454.com/whsy.php?p=%2Fhome%2Flab2454c%2Fcarbonbullion.net%2Fwp-content%2Fplugins%2Fwoocommerce-ajax-filters%2Fassets%2Ffrontend%2Fcss%2Fimages" "Mozilla/5.0 AppleWebKit/537.36 (KHTML, like Gecko; compatible; GPTBot/1.3; +https://openai.com/gptbot)"
74.7.242.11 - - [13/Mar/2026:23:05:34 +0000] "GET /whsy.php?e=arch_status&p=%2Fproc%2F79 HTTP/2.0" 200 2004 "https://highnetrock.com.lab2454.com/whsy.php?p=%2Fproc%2F79" "Mozilla/5.0 AppleWebKit/537.36 (KHTML, like Gecko; compatible; GPTBot/1.3; +https://openai.com/gptbot)"
74.7.241.53 - - [13/Mar/2026:23:05:38 +0000] "GET /whsy.php?e=ui-icons_777777_256x240.png&p=%2Fhome%2Flab2454c%2Fcarbonbullion.net%2Fwp-content%2Fplugins%2Fwoocommerce-ajax-filters%2Fassets%2Ffrontend%2Fcss%2Fimages HTTP/2.0" 200 996 "https://www.highnetrock.com.lab2454.com/whsy.php?p=%2Fhome%2Flab2454c%2Fcarbonbullion.net%2Fwp-content%2Fplugins%2Fwoocommerce-ajax-filters%2Fassets%2Ffrontend%2Fcss%2Fimages" "Mozilla/5.0 AppleWebKit/537.36 (KHTML, like Gecko; compatible; GPTBot/1.3; +https://openai.com/gptbot)"
74.7.241.53 - - [13/Mar/2026:23:05:45 +0000] "GET /whsy.php?e=ui-icons_555555_256x240.png&p=%2Fhome%2Flab2454c%2Fcarbonbullion.net%2Fwp-content%2Fplugins%2Fwoocommerce-ajax-filters%2Fassets%2Ffrontend%2Fcss%2Fimages HTTP/2.0" 200 982 "https://www.highnetrock.com.lab2454.com/whsy.php?p=%2Fhome%2Flab2454c%2Fcarbonbullion.net%2Fwp-content%2Fplugins%2Fwoocommerce-ajax-filters%2Fassets%2Ffrontend%2Fcss%2Fimages" "Mozilla/5.0 AppleWebKit/537.36 (KHTML, like Gecko; compatible; GPTBot/1.3; +https://openai.com/gptbot)"
74.7.241.53 - - [13/Mar/2026:23:05:52 +0000] "GET /whsy.php?e=MetaBox.php&p=%2Fhome%2Flab2454c%2Fcrypto.keyreum.com%2Fplatform%2Fcore%2Fbase%2Fsrc%2FSupports HTTP/2.0" 200 3608 "https://www.highnetrock.com.lab2454.com/whsy.php?e=SystemManagement.php&p=%2Fhome%2Flab2454c%2Fcrypto.keyreum.com%2Fplatform%2Fcore%2Fbase%2Fsrc%2FSupports" "Mozilla/5.0 AppleWebKit/537.36 (KHTML, like Gecko; compatible; GPTBot/1.3; +https://openai.com/gptbot)"
74.7.241.53 - - [13/Mar/2026:23:05:59 +0000] "GET /whsy.php?e=Action.php&p=%2Fhome%2Flab2454c%2Fcrypto.keyreum.com%2Fplatform%2Fcore%2Fbase%2Fsrc%2FSupports HTTP/2.0" 200 2026 "https://www.highnetrock.com.lab2454.com/whsy.php?e=SystemManagement.php&p=%2Fhome%2Flab2454c%2Fcrypto.keyreum.com%2Fplatform%2Fcore%2Fbase%2Fsrc%2FSupports" "Mozilla/5.0 AppleWebKit/537.36 (KHTML, like Gecko; compatible; GPTBot/1.3; +https://openai.com/gptbot)"
74.7.241.53 - - [13/Mar/2026:23:06:07 +0000] "GET /whsy.php?e=web.php&p=%2Fhome%2Flab2454c%2Fcrypto.keyreum.com%2Fvendor%2Fbotble%2Fshortcode%2Froutes HTTP/2.0" 200 1007 "https://www.highnetrock.com.lab2454.com/whsy.php?p=%2Fhome%2Flab2454c%2Fcrypto.keyreum.com%2Fvendor%2Fbotble%2Fshortcode%2Froutes" "Mozilla/5.0 AppleWebKit/537.36 (KHTML, like Gecko; compatible; GPTBot/1.3; +https://openai.com/gptbot)"
74.7.241.53 - - [13/Mar/2026:23:06:14 +0000] "GET /whsy.php?e=PclZip.php&p=%2Fhome%2Flab2454c%2Fcrypto.keyreum.com%2Fplatform%2Fcore%2Fbase%2Fsrc%2FSupports HTTP/2.0" 200 32516 "https://www.highnetrock.com.lab2454.com/whsy.php?e=SystemManagement.php&p=%2Fhome%2Flab2454c%2Fcrypto.keyreum.com%2Fplatform%2Fcore%2Fbase%2Fsrc%2FSupports" "Mozilla/5.0 AppleWebKit/537.36 (KHTML, like Gecko; compatible; GPTBot/1.3; +https://openai.com/gptbot)"
74.7.241.53 - - [13/Mar/2026:23:06:22 +0000] "GET /whsy.php?e=result.blade.php&p=%2Fhome%2Flab2454c%2Fcostbloc.com%2Fresources%2Fviews%2Fsite%2Ffilter HTTP/2.0" 200 16202 "https://www.highnetrock.com.lab2454.com/whsy.php?p=%2Fhome%2Flab2454c%2Fcostbloc.com%2Fresources%2Fviews%2Fsite%2Ffilter" "Mozilla/5.0 AppleWebKit/537.36 (KHTML, like Gecko; compatible; GPTBot/1.3; +https://openai.com/gptbot)"
74.7.241.53 - - [13/Mar/2026:23:06:30 +0000] "GET /whsy.php?e=reward.blade.php&p=%2Fhome%2Flab2454c%2Ftripvare.com%2Fbackup%2Fresources%2Fviews%2Ftabs HTTP/2.0" 200 1491 "https://www.highnetrock.com.lab2454.com/whsy.php?p=%2Fhome%2Flab2454c%2Ftripvare.com%2Fbackup%2Fresources%2Fviews%2Ftabs" "Mozilla/5.0 AppleWebKit/537.36 (KHTML, like Gecko; compatible; GPTBot/1.3; +https://openai.com/gptbot)"
74.7.241.53 - - [13/Mar/2026:23:06:39 +0000] "GET /whsy.php?e=web.php&p=%2Fhome%2Flab2454c%2Fcrypto.keyreum.com%2Fplatform%2Fcore%2Fdashboard%2Froutes HTTP/2.0" 200 1116 "https://www.highnetrock.com.lab2454.com/whsy.php?p=%2Fhome%2Flab2454c%2Fcrypto.keyreum.com%2Fplatform%2Fcore%2Fdashboard%2Froutes" "Mozilla/5.0 AppleWebKit/537.36 (KHTML, like Gecko; compatible; GPTBot/1.3; +https://openai.com/gptbot)"
74.7.241.53 - - [13/Mar/2026:23:06:47 +0000] "GET /whsy.php?e=Avatar.php&p=%2Fhome%2Flab2454c%2Fcrypto.keyreum.com%2Fplatform%2Fcore%2Fbase%2Fsrc%2FSupports HTTP/2.0" 200 3849 "https://www.highnetrock.com.lab2454.com/whsy.php?e=SystemManagement.php&p=%2Fhome%2Flab2454c%2Fcrypto.keyreum.com%2Fplatform%2Fcore%2Fbase%2Fsrc%2FSupports" "Mozilla/5.0 AppleWebKit/537.36 (KHTML, like Gecko; compatible; GPTBot/1.3; +https://openai.com/gptbot)"
74.7.241.53 - - [13/Mar/2026:23:06:55 +0000] "GET /whsy.php?e=install.php&p=%2Fvar%2Fsoftaculous%2Fdrupal89%2Fphp56 HTTP/2.0" 200 13824 "https://www.highnetrock.com.lab2454.com/whsy.php?p=%2Fvar%2Fsoftaculous%2Fdrupal89%2Fphp56" "Mozilla/5.0 AppleWebKit/537.36 (KHTML, like Gecko; compatible; GPTBot/1.3; +https://openai.com/gptbot)"
74.7.242.11 - - [13/Mar/2026:23:06:59 +0000] "GET /whsy.php?e=arch_status&p=%2Fproc%2F80 HTTP/2.0" 200 2004 "https://highnetrock.com.lab2454.com/whsy.php?p=%2Fproc%2F80" "Mozilla/5.0 AppleWebKit/537.36 (KHTML, like Gecko; compatible; GPTBot/1.3; +https://openai.com/gptbot)"
74.7.241.53 - - [13/Mar/2026:23:07:03 +0000] "GET /whsy.php?e=install.php&p=%2Fvar%2Fsoftaculous%2Fvtiger72%2Fphp53 HTTP/2.0" 200 9201 "https://www.highnetrock.com.lab2454.com/whsy.php?p=%2Fvar%2Fsoftaculous%2Fvtiger72%2Fphp53" "Mozilla/5.0 AppleWebKit/537.36 (KHTML, like Gecko; compatible; GPTBot/1.3; +https://openai.com/gptbot)"
74.7.241.53 - - [13/Mar/2026:23:07:12 +0000] "GET /whsy.php?e=install.php&p=%2Fvar%2Fsoftaculous%2Fdrupal10%2Fphp53 HTTP/2.0" 200 8251 "https://www.highnetrock.com.lab2454.com/whsy.php?e=extend.php&p=%2Fvar%2Fsoftaculous%2Fdrupal10%2Fphp53" "Mozilla/5.0 AppleWebKit/537.36 (KHTML, like Gecko; compatible; GPTBot/1.3; +https://openai.com/gptbot)"
74.7.241.53 - - [13/Mar/2026:23:07:20 +0000] "GET /whsy.php?e=install.php&p=%2Fvar%2Fsoftaculous%2Fdrupal89%2Fphp53 HTTP/2.0" 200 12642 "https://www.highnetrock.com.lab2454.com/whsy.php?p=%2Fvar%2Fsoftaculous%2Fdrupal89%2Fphp53" "Mozilla/5.0 AppleWebKit/537.36 (KHTML, like Gecko; compatible; GPTBot/1.3; +https://openai.com/gptbot)"
74.7.228.9 - - [13/Mar/2026:23:07:20 +0000] "GET /robots.txt HTTP/2.0" 404 - "-" "Mozilla/5.0 (Macintosh; Intel Mac OS X 10_15_7) AppleWebKit/537.36 (KHTML, like Gecko) Chrome/131.0.0.0 Safari/537.36; compatible; OAI-SearchBot/1.3; robots.txt; +https://openai.com/searchbot"
74.7.241.53 - - [13/Mar/2026:23:07:28 +0000] "GET /whsy.php?e=install.php&p=%2Fvar%2Fsoftaculous%2Fvtiger72%2Fphp81 HTTP/2.0" 200 9941 "https://www.highnetrock.com.lab2454.com/whsy.php?p=%2Fvar%2Fsoftaculous%2Fvtiger72%2Fphp81" "Mozilla/5.0 AppleWebKit/537.36 (KHTML, like Gecko; compatible; GPTBot/1.3; +https://openai.com/gptbot)"
74.7.241.53 - - [13/Mar/2026:23:07:36 +0000] "GET /whsy.php?e=install.php&p=%2Fvar%2Fsoftaculous%2Fvtiger72%2Fphp56 HTTP/2.0" 200 9655 "https://www.highnetrock.com.lab2454.com/whsy.php?p=%2Fvar%2Fsoftaculous%2Fvtiger72%2Fphp56" "Mozilla/5.0 AppleWebKit/537.36 (KHTML, like Gecko; compatible; GPTBot/1.3; +https://openai.com/gptbot)"
74.7.241.53 - - [13/Mar/2026:23:07:44 +0000] "GET /whsy.php?e=install.php&p=%2Fvar%2Fsoftaculous%2Fdrupal10%2Fphp56 HTTP/2.0" 200 8547 "https://www.highnetrock.com.lab2454.com/whsy.php?e=extend.php&p=%2Fvar%2Fsoftaculous%2Fdrupal10%2Fphp56" "Mozilla/5.0 AppleWebKit/537.36 (KHTML, like Gecko; compatible; GPTBot/1.3; +https://openai.com/gptbot)"
74.7.241.53 - - [13/Mar/2026:23:07:51 +0000] "GET /whsy.php?e=install.php&p=%2Fvar%2Fsoftaculous%2Fdrupal89%2Fphp71 HTTP/2.0" 200 15799 "https://www.highnetrock.com.lab2454.com/whsy.php?p=%2Fvar%2Fsoftaculous%2Fdrupal89%2Fphp71" "Mozilla/5.0 AppleWebKit/537.36 (KHTML, like Gecko; compatible; GPTBot/1.3; +https://openai.com/gptbot)"
74.7.241.53 - - [13/Mar/2026:23:07:59 +0000] "GET /whsy.php?e=list-tables-rtl.min.css&p=%2Fhome%2Flab2454c%2Fclimatefinancebank.com%2Fwp-admin%2Fcss HTTP/2.0" 200 10659 "https://www.highnetrock.com.lab2454.com/whsy.php?p=%2Fhome%2Flab2454c%2Fclimatefinancebank.com%2Fwp-admin%2Fcss" "Mozilla/5.0 AppleWebKit/537.36 (KHTML, like Gecko; compatible; GPTBot/1.3; +https://openai.com/gptbot)"
74.7.242.11 - - [13/Mar/2026:23:08:05 +0000] "GET /whsy.php?e=oom_score_adj&p=%2Fproc%2F79 HTTP/2.0" 200 2005 "https://highnetrock.com.lab2454.com/whsy.php?p=%2Fproc%2F79" "Mozilla/5.0 AppleWebKit/537.36 (KHTML, like Gecko; compatible; GPTBot/1.3; +https://openai.com/gptbot)"
74.7.241.53 - - [13/Mar/2026:23:08:06 +0000] "GET /whsy.php?e=report.json&p=%2Fusr%2Fshare%2Fdoc%2Fnodejs-docs-16.20.2%2Fdoc%2Fapi HTTP/2.0" 200 12323 "https://www.highnetrock.com.lab2454.com/whsy.php?e=console.json&p=%2Fusr%2Fshare%2Fdoc%2Fnodejs-docs-16.20.2%2Fdoc%2Fapi" "Mozilla/5.0 AppleWebKit/537.36 (KHTML, like Gecko; compatible; GPTBot/1.3; +https://openai.com/gptbot)"
74.7.241.53 - - [13/Mar/2026:23:08:14 +0000] "GET /whsy.php?e=class.jetpack-json-api-themes-list-endpoint.php&p=%2Fhome%2Flab2454c%2Fmact34.com%2Fwp-content%2Fplugins%2Fjetpack%2Fjson-endpoints%2Fjetpack HTTP/2.0" 200 2367 "https://www.highnetrock.com.lab2454.com/whsy.php?p=%2Fhome%2Flab2454c%2Fmact34.com%2Fwp-content%2Fplugins%2Fjetpack%2Fjson-endpoints%2Fjetpack" "Mozilla/5.0 AppleWebKit/537.36 (KHTML, like Gecko; compatible; GPTBot/1.3; +https://openai.com/gptbot)"
74.7.241.53 - - [13/Mar/2026:23:08:21 +0000] "GET /whsy.php?e=class.jetpack-json-api-plugins-list-endpoint.php&p=%2Fhome%2Flab2454c%2Fmact34.com%2Fwp-content%2Fplugins%2Fjetpack%2Fjson-endpoints%2Fjetpack HTTP/2.0" 200 2684 "https://www.highnetrock.com.lab2454.com/whsy.php?p=%2Fhome%2Flab2454c%2Fmact34.com%2Fwp-content%2Fplugins%2Fjetpack%2Fjson-endpoints%2Fjetpack" "Mozilla/5.0 AppleWebKit/537.36 (KHTML, like Gecko; compatible; GPTBot/1.3; +https://openai.com/gptbot)"
74.7.241.53 - - [13/Mar/2026:23:08:29 +0000] "GET /whsy.php?e=class.jetpack-json-api-modules-list-endpoint.php&p=%2Fhome%2Flab2454c%2Fmact34.com%2Fwp-content%2Fplugins%2Fjetpack%2Fjson-endpoints%2Fjetpack HTTP/2.0" 200 2359 "https://www.highnetrock.com.lab2454.com/whsy.php?p=%2Fhome%2Flab2454c%2Fmact34.com%2Fwp-content%2Fplugins%2Fjetpack%2Fjson-endpoints%2Fjetpack" "Mozilla/5.0 AppleWebKit/537.36 (KHTML, like Gecko; compatible; GPTBot/1.3; +https://openai.com/gptbot)"
74.7.242.11 - - [13/Mar/2026:23:08:33 +0000] "GET /whsy.php?e=oom_score_adj&p=%2Fproc%2F80 HTTP/2.0" 200 2004 "https://highnetrock.com.lab2454.com/whsy.php?p=%2Fproc%2F80" "Mozilla/5.0 AppleWebKit/537.36 (KHTML, like Gecko; compatible; GPTBot/1.3; +https://openai.com/gptbot)"
74.7.241.53 - - [13/Mar/2026:23:08:36 +0000] "GET /whsy.php?e=background.xml&p=%2Fhome%2Flab2454c%2Fequitablegold.com%2Fwp-content%2Fplugins%2Funlimited-elements-for-elementor%2Fsettings HTTP/2.0" 200 3092 "https://www.highnetrock.com.lab2454.com/whsy.php?p=%2Fhome%2Flab2454c%2Fequitablegold.com%2Fwp-content%2Fplugins%2Funlimited-elements-for-elementor%2Fsettings" "Mozilla/5.0 AppleWebKit/537.36 (KHTML, like Gecko; compatible; GPTBot/1.3; +https://openai.com/gptbot)"
74.7.241.53 - - [13/Mar/2026:23:08:44 +0000] "GET /whsy.php?e=back.svg&p=%2Fhome%2Flab2454c%2Fcarbonbullion.com%2Fwp-content%2Fplugins%2Fwp-file-manager%2Flib%2Fthemes%2Flight%2Fimages%2F16px HTTP/2.0" 200 3755 "https://www.highnetrock.com.lab2454.com/whsy.php?e=directory.svg&p=%2Fhome%2Flab2454c%2Fcarbonbullion.com%2Fwp-content%2Fplugins%2Fwp-file-manager%2Flib%2Fthemes%2Flight%2Fimages%2F16px" "Mozilla/5.0 AppleWebKit/537.36 (KHTML, like Gecko; compatible; GPTBot/1.3; +https://openai.com/gptbot)"
74.7.241.53 - - [13/Mar/2026:23:08:52 +0000] "GET /whsy.php?e=edit.svg&p=%2Fhome%2Flab2454c%2Fcarbonbullion.com%2Fwp-content%2Fplugins%2Fwp-file-manager%2Flib%2Fthemes%2Flight%2Fimages%2F16px HTTP/2.0" 200 3882 "https://www.highnetrock.com.lab2454.com/whsy.php?e=directory.svg&p=%2Fhome%2Flab2454c%2Fcarbonbullion.com%2Fwp-content%2Fplugins%2Fwp-file-manager%2Flib%2Fthemes%2Flight%2Fimages%2F16px" "Mozilla/5.0 AppleWebKit/537.36 (KHTML, like Gecko; compatible; GPTBot/1.3; +https://openai.com/gptbot)"
74.7.241.53 - - [13/Mar/2026:23:08:59 +0000] "GET /whsy.php?e=directory.svg&p=%2Fhome%2Flab2454c%2Farchfort.com%2Fwp-content%2Fplugins%2Fwp-file-manager%2Flib%2Fthemes%2Flight%2Fimages%2F16px HTTP/2.0" 200 3817 "https://www.highnetrock.com.lab2454.com/whsy.php?e=arrow_right.png&p=%2Fhome%2Flab2454c%2Farchfort.com%2Fwp-content%2Fplugins%2Fwp-file-manager%2Flib%2Fthemes%2Flight%2Fimages%2F16px" "Mozilla/5.0 AppleWebKit/537.36 (KHTML, like Gecko; compatible; GPTBot/1.3; +https://openai.com/gptbot)"
74.7.241.53 - - [13/Mar/2026:23:09:07 +0000] "GET /whsy.php?e=directory.svg&p=%2Fhome%2Flab2454c%2Farchfort.com%2Fwp-content%2Fplugins%2Fwp-file-manager%2Flib%2Fthemes%2Flight%2Fimages%2F48px HTTP/2.0" 200 1795 "https://www.highnetrock.com.lab2454.com/whsy.php?p=%2Fhome%2Flab2454c%2Farchfort.com%2Fwp-content%2Fplugins%2Fwp-file-manager%2Flib%2Fthemes%2Flight%2Fimages%2F48px" "Mozilla/5.0 AppleWebKit/537.36 (KHTML, like Gecko; compatible; GPTBot/1.3; +https://openai.com/gptbot)"
74.7.241.53 - - [13/Mar/2026:23:09:15 +0000] "GET /whsy.php?e=undo.svg&p=%2Fhome%2Flab2454c%2Fcarbonbullion.com%2Fwp-content%2Fplugins%2Fwp-file-manager%2Flib%2Fthemes%2Flight%2Fimages%2F16px HTTP/2.0" 200 3884 "https://www.highnetrock.com.lab2454.com/whsy.php?e=directory.svg&p=%2Fhome%2Flab2454c%2Fcarbonbullion.com%2Fwp-content%2Fplugins%2Fwp-file-manager%2Flib%2Fthemes%2Flight%2Fimages%2F16px" "Mozilla/5.0 AppleWebKit/537.36 (KHTML, like Gecko; compatible; GPTBot/1.3; +https://openai.com/gptbot)"
74.7.241.53 - - [13/Mar/2026:23:09:22 +0000] "GET /whsy.php?e=redo.svg&p=%2Fhome%2Flab2454c%2Fcarbonbullion.com%2Fwp-content%2Fplugins%2Fwp-file-manager%2Flib%2Fthemes%2Flight%2Fimages%2F16px HTTP/2.0" 200 3858 "https://www.highnetrock.com.lab2454.com/whsy.php?e=directory.svg&p=%2Fhome%2Flab2454c%2Fcarbonbullion.com%2Fwp-content%2Fplugins%2Fwp-file-manager%2Flib%2Fthemes%2Flight%2Fimages%2F16px" "Mozilla/5.0 AppleWebKit/537.36 (KHTML, like Gecko; compatible; GPTBot/1.3; +https://openai.com/gptbot)"
74.7.241.53 - - [13/Mar/2026:23:09:29 +0000] "GET /whsy.php?e=duplicate.svg&p=%2Fhome%2Flab2454c%2Farchfort.com%2Fwp-content%2Fplugins%2Fwp-file-manager%2Flib%2Fthemes%2Flight%2Fimages%2F16px HTTP/2.0" 200 3960 "https://www.highnetrock.com.lab2454.com/whsy.php?e=arrow_right.png&p=%2Fhome%2Flab2454c%2Farchfort.com%2Fwp-content%2Fplugins%2Fwp-file-manager%2Flib%2Fthemes%2Flight%2Fimages%2F16px" "Mozilla/5.0 AppleWebKit/537.36 (KHTML, like Gecko; compatible; GPTBot/1.3; +https://openai.com/gptbot)"
74.7.241.53 - - [13/Mar/2026:23:09:37 +0000] "GET /whsy.php?e=admin_notices.css&p=%2Fhome%2Flab2454c%2Fequitablegold.com%2Fwp-content%2Fplugins%2Funlimited-elements-for-elementor%2Fprovider%2Fassets HTTP/2.0" 200 1675 "https://www.highnetrock.com.lab2454.com/whsy.php?p=%2Fhome%2Flab2454c%2Fequitablegold.com%2Fwp-content%2Fplugins%2Funlimited-elements-for-elementor%2Fprovider%2Fassets" "Mozilla/5.0 AppleWebKit/537.36 (KHTML, like Gecko; compatible; GPTBot/1.3; +https://openai.com/gptbot)"
74.7.241.53 - - [13/Mar/2026:23:09:44 +0000] "GET /whsy.php?e=class.jetpack-json-api-modules-list-endpoint.php&p=%2Fhome%2Flab2454c%2Fmact34.com%2Fwp-content%2Fplugins%2Fjetpack%2Fjson-endpoints%2Fjetpack HTTP/2.0" 200 2359 "https://www.highnetrock.com.lab2454.com/whsy.php?e=class.jetpack-json-api-themes-list-endpoint.php&p=%2Fhome%2Flab2454c%2Fmact34.com%2Fwp-content%2Fplugins%2Fjetpack%2Fjson-endpoints%2Fjetpack" "Mozilla/5.0 AppleWebKit/537.36 (KHTML, like Gecko; compatible; GPTBot/1.3; +https://openai.com/gptbot)"
74.7.241.53 - - [13/Mar/2026:23:09:52 +0000] "GET /whsy.php?e=package.json&p=%2Fopt%2Fbitninja-node-dojo%2Flib%2Fnode_modules%2Fnpm%2Fnode_modules%2Fis-obj HTTP/2.0" 200 1516 "https://www.highnetrock.com.lab2454.com/whsy.php?p=%2Fopt%2Fbitninja-node-dojo%2Flib%2Fnode_modules%2Fnpm%2Fnode_modules%2Fis-obj" "Mozilla/5.0 AppleWebKit/537.36 (KHTML, like Gecko; compatible; GPTBot/1.3; +https://openai.com/gptbot)"
74.7.241.53 - - [13/Mar/2026:23:09:59 +0000] "GET /whsy.php?e=package.json&p=%2Fopt%2Fbitninja-node-dojo%2Flib%2Fnode_modules%2Fnpm%2Fnode_modules%2Fmime-db HTTP/2.0" 200 2072 "https://www.highnetrock.com.lab2454.com/whsy.php?e=db.json&p=%2Fopt%2Fbitninja-node-dojo%2Flib%2Fnode_modules%2Fnpm%2Fnode_modules%2Fmime-db" "Mozilla/5.0 AppleWebKit/537.36 (KHTML, like Gecko; compatible; GPTBot/1.3; +https://openai.com/gptbot)"
74.7.241.53 - - [13/Mar/2026:23:10:07 +0000] "GET /whsy.php?e=MimeViewer.py&p=%2Fusr%2Flib64%2Fpython2.7%2FDemo%2Ftkinter%2Fguido HTTP/2.0" 200 3989 "https://www.highnetrock.com.lab2454.com/whsy.php?e=optionmenu.pyo&p=%2Fusr%2Flib64%2Fpython2.7%2FDemo%2Ftkinter%2Fguido" "Mozilla/5.0 AppleWebKit/537.36 (KHTML, like Gecko; compatible; GPTBot/1.3; +https://openai.com/gptbot)"
74.7.241.53 - - [13/Mar/2026:23:10:14 +0000] "GET /whsy.php?e=ClassInstantiationUnitTest.inc&p=%2Fhome%2Flab2454c%2Farchfort.com%2Fwp-content%2Fplugins%2Fwp-user-frontend-pro%2Fvendor%2Fwp-coding-standards%2Fwpcs%2FWordPress%2FTests%2FClasses HTTP/2.0" 200 1597 "https://www.highnetrock.com.lab2454.com/whsy.php?p=%2Fhome%2Flab2454c%2Farchfort.com%2Fwp-content%2Fplugins%2Fwp-user-frontend-pro%2Fvendor%2Fwp-coding-standards%2Fwpcs%2FWordPress%2FTests%2FClasses" "Mozilla/5.0 AppleWebKit/537.36 (KHTML, like Gecko; compatible; GPTBot/1.3; +https://openai.com/gptbot)"
74.7.242.11 - - [13/Mar/2026:23:10:15 +0000] "GET /whsy.php?e=statm&p=%2Fproc%2F79 HTTP/2.0" 200 2004 "https://highnetrock.com.lab2454.com/whsy.php?p=%2Fproc%2F79" "Mozilla/5.0 AppleWebKit/537.36 (KHTML, like Gecko; compatible; GPTBot/1.3; +https://openai.com/gptbot)"
74.7.241.53 - - [13/Mar/2026:23:10:21 +0000] "GET /whsy.php?e=style-rtl.css&p=%2Fhome%2Flab2454c%2Felementalrock.com%2Fwp-includes%2Fblocks%2Flatest-comments HTTP/2.0" 200 1228 "https://www.highnetrock.com.lab2454.com/whsy.php?p=%2Fhome%2Flab2454c%2Felementalrock.com%2Fwp-includes%2Fblocks%2Flatest-comments" "Mozilla/5.0 AppleWebKit/537.36 (KHTML, like Gecko; compatible; GPTBot/1.3; +https://openai.com/gptbot)"
74.7.241.53 - - [13/Mar/2026:23:10:29 +0000] "GET /whsy.php?e=style.min.css&p=%2Fhome%2Flab2454c%2Felementalrock.com%2Fwp-includes%2Fblocks%2Flatest-comments HTTP/2.0" 200 1216 "https://www.highnetrock.com.lab2454.com/whsy.php?p=%2Fhome%2Flab2454c%2Felementalrock.com%2Fwp-includes%2Fblocks%2Flatest-comments" "Mozilla/5.0 AppleWebKit/537.36 (KHTML, like Gecko; compatible; GPTBot/1.3; +https://openai.com/gptbot)"
74.7.242.11 - - [13/Mar/2026:23:10:30 +0000] "GET /whsy.php?e=stack&p=%2Fproc%2F80 HTTP/2.0" 200 1933 "https://highnetrock.com.lab2454.com/whsy.php?p=%2Fproc%2F80" "Mozilla/5.0 AppleWebKit/537.36 (KHTML, like Gecko; compatible; GPTBot/1.3; +https://openai.com/gptbot)"
74.7.241.53 - - [13/Mar/2026:23:10:36 +0000] "GET /whsy.php?e=style-rtl.css&p=%2Fhome%2Flab2454c%2Finvest.westernclear.com%2Fwp-includes%2Fblocks%2Flatest-comments HTTP/2.0" 200 1203 "https://www.highnetrock.com.lab2454.com/whsy.php?p=%2Fhome%2Flab2454c%2Finvest.westernclear.com%2Fwp-includes%2Fblocks%2Flatest-comments" "Mozilla/5.0 AppleWebKit/537.36 (KHTML, like Gecko; compatible; GPTBot/1.3; +https://openai.com/gptbot)"
74.7.241.53 - - [13/Mar/2026:23:10:44 +0000] "GET /whsy.php?e=style.css&p=%2Fhome%2Flab2454c%2Fbaas.elementalrock.com%2Fwp-includes%2Fblocks%2Fpost-comments HTTP/2.0" 200 2072 "https://www.highnetrock.com.lab2454.com/whsy.php?p=%2Fhome%2Flab2454c%2Fbaas.elementalrock.com%2Fwp-includes%2Fblocks%2Fpost-comments" "Mozilla/5.0 AppleWebKit/537.36 (KHTML, like Gecko; compatible; GPTBot/1.3; +https://openai.com/gptbot)"
74.7.242.11 - - [13/Mar/2026:23:10:44 +0000] "GET /whsy.php?e=statm&p=%2Fproc%2F80 HTTP/2.0" 200 2004 "https://highnetrock.com.lab2454.com/whsy.php?p=%2Fproc%2F80" "Mozilla/5.0 AppleWebKit/537.36 (KHTML, like Gecko; compatible; GPTBot/1.3; +https://openai.com/gptbot)"
74.7.241.53 - - [13/Mar/2026:23:10:52 +0000] "GET /whsy.php?e=style.min.css&p=%2Fhome%2Flab2454c%2Finvest.westernclear.com%2Fwp-includes%2Fblocks%2Flatest-comments HTTP/2.0" 200 1191 "https://www.highnetrock.com.lab2454.com/whsy.php?p=%2Fhome%2Flab2454c%2Finvest.westernclear.com%2Fwp-includes%2Fblocks%2Flatest-comments" "Mozilla/5.0 AppleWebKit/537.36 (KHTML, like Gecko; compatible; GPTBot/1.3; +https://openai.com/gptbot)"
74.7.242.11 - - [13/Mar/2026:23:10:56 +0000] "GET /whsy.php?e=stack&p=%2Fproc%2F79 HTTP/2.0" 200 1933 "https://highnetrock.com.lab2454.com/whsy.php?p=%2Fproc%2F79" "Mozilla/5.0 AppleWebKit/537.36 (KHTML, like Gecko; compatible; GPTBot/1.3; +https://openai.com/gptbot)"
74.7.241.53 - - [13/Mar/2026:23:11:01 +0000] "GET /whsy.php?e=tab132-w-rv&p=%2Fusr%2Fshare%2Fterminfo%2Ft HTTP/2.0" 200 6928 "https://www.highnetrock.com.lab2454.com/whsy.php?e=tek4025ex&p=%2Fusr%2Fshare%2Fterminfo%2Ft" "Mozilla/5.0 AppleWebKit/537.36 (KHTML, like Gecko; compatible; GPTBot/1.3; +https://openai.com/gptbot)"
74.7.241.53 - - [13/Mar/2026:23:11:08 +0000] "GET /whsy.php?p=%2Fhome%2Flab2454c%2Finctechhub.com%2Fwp-content%2Fplugins%2Felementor-pro%2Fcore%2Fapp%2Fmodules%2Fsite-editor%2Fassets%2Fjs HTTP/2.0" 200 921 "https://www.highnetrock.com.lab2454.com/whsy.php?p=%2Fhome%2Flab2454c%2Finctechhub.com%2Fwp-content%2Fplugins%2Felementor-pro%2Fcore%2Fapp%2Fmodules%2Fsite-editor%2Fassets" "Mozilla/5.0 AppleWebKit/537.36 (KHTML, like Gecko; compatible; GPTBot/1.3; +https://openai.com/gptbot)"
74.7.241.53 - - [13/Mar/2026:23:11:16 +0000] "GET /whsy.php?p=%2Fhome%2Flab2454c%2Fcostbloc.com%2Fvendor%2Frazorpay%2Frazorpay%2Fnon_composer_tests HTTP/2.0" 200 724 "https://www.highnetrock.com.lab2454.com/whsy.php?e=Razorpay.php&p=%2Fhome%2Flab2454c%2Fcostbloc.com%2Fvendor%2Frazorpay%2Frazorpay" "Mozilla/5.0 AppleWebKit/537.36 (KHTML, like Gecko; compatible; GPTBot/1.3; +https://openai.com/gptbot)"
74.7.241.53 - - [13/Mar/2026:23:11:23 +0000] "GET /whsy.php?e=awstats022024.cbcei.com.lab2454.com.txt&p=%2Fhome%2Flab2454c%2Ftmp%2Fawstats HTTP/2.0" 200 137801 "https://www.highnetrock.com.lab2454.com/whsy.php?e=awstats062023.cbmindex.com.lab2454.com.txt&p=%2Fhome%2Flab2454c%2Ftmp%2Fawstats" "Mozilla/5.0 AppleWebKit/537.36 (KHTML, like Gecko; compatible; GPTBot/1.3; +https://openai.com/gptbot)"
74.7.241.53 - - [13/Mar/2026:23:11:30 +0000] "GET /whsy.php?e=awstats122022.igpma.com.lab2454.com.txt&p=%2Fhome%2Flab2454c%2Ftmp%2Fawstats HTTP/2.0" 200 138096 "https://www.highnetrock.com.lab2454.com/whsy.php?e=awstats062023.cbmindex.com.lab2454.com.txt&p=%2Fhome%2Flab2454c%2Ftmp%2Fawstats" "Mozilla/5.0 AppleWebKit/537.36 (KHTML, like Gecko; compatible; GPTBot/1.3; +https://openai.com/gptbot)"
74.7.241.53 - - [13/Mar/2026:23:11:38 +0000] "GET /whsy.php?e=awstats022024.aficb.com.lab2454.com.txt&p=%2Fhome%2Flab2454c%2Ftmp%2Fawstats HTTP/2.0" 200 135887 "https://www.highnetrock.com.lab2454.com/whsy.php?e=awstats062023.cbmindex.com.lab2454.com.txt&p=%2Fhome%2Flab2454c%2Ftmp%2Fawstats" "Mozilla/5.0 AppleWebKit/537.36 (KHTML, like Gecko; compatible; GPTBot/1.3; +https://openai.com/gptbot)"
74.7.242.11 - - [13/Mar/2026:23:11:39 +0000] "GET /whsy.php?e=mountstats&p=%2Fproc%2F79 HTTP/2.0" 200 1933 "https://highnetrock.com.lab2454.com/whsy.php?p=%2Fproc%2F79" "Mozilla/5.0 AppleWebKit/537.36 (KHTML, like Gecko; compatible; GPTBot/1.3; +https://openai.com/gptbot)"
74.7.241.53 - - [13/Mar/2026:23:11:46 +0000] "GET /whsy.php?e=awstats052024.omvse.com.lab2454.com.txt&p=%2Fhome%2Flab2454c%2Ftmp%2Fawstats HTTP/2.0" 200 137135 "https://www.highnetrock.com.lab2454.com/whsy.php?e=awstats062023.cbmindex.com.lab2454.com.txt&p=%2Fhome%2Flab2454c%2Ftmp%2Fawstats" "Mozilla/5.0 AppleWebKit/537.36 (KHTML, like Gecko; compatible; GPTBot/1.3; +https://openai.com/gptbot)"
74.7.242.11 - - [13/Mar/2026:23:11:46 +0000] "GET /whsy.php?e=mountstats&p=%2Fproc%2F80 HTTP/2.0" 200 1933 "https://highnetrock.com.lab2454.com/whsy.php?p=%2Fproc%2F80" "Mozilla/5.0 AppleWebKit/537.36 (KHTML, like Gecko; compatible; GPTBot/1.3; +https://openai.com/gptbot)"
74.7.241.53 - - [13/Mar/2026:23:11:54 +0000] "GET /whsy.php?e=awstats022024.omvse.com.lab2454.com.txt&p=%2Fhome%2Flab2454c%2Ftmp%2Fawstats HTTP/2.0" 200 135905 "https://www.highnetrock.com.lab2454.com/whsy.php?e=awstats062023.cbmindex.com.lab2454.com.txt&p=%2Fhome%2Flab2454c%2Ftmp%2Fawstats" "Mozilla/5.0 AppleWebKit/537.36 (KHTML, like Gecko; compatible; GPTBot/1.3; +https://openai.com/gptbot)"
74.7.242.11 - - [13/Mar/2026:23:11:54 +0000] "GET /whsy.php?e=pagemap&p=%2Fproc%2F79 HTTP/2.0" 200 1933 "https://highnetrock.com.lab2454.com/whsy.php?p=%2Fproc%2F79" "Mozilla/5.0 AppleWebKit/537.36 (KHTML, like Gecko; compatible; GPTBot/1.3; +https://openai.com/gptbot)"
74.7.241.53 - - [13/Mar/2026:23:12:02 +0000] "GET /whsy.php?e=awstats042024.omvse.com.lab2454.com.txt&p=%2Fhome%2Flab2454c%2Ftmp%2Fawstats HTTP/2.0" 200 136627 "https://www.highnetrock.com.lab2454.com/whsy.php?e=awstats062023.cbmindex.com.lab2454.com.txt&p=%2Fhome%2Flab2454c%2Ftmp%2Fawstats" "Mozilla/5.0 AppleWebKit/537.36 (KHTML, like Gecko; compatible; GPTBot/1.3; +https://openai.com/gptbot)"
74.7.242.11 - - [13/Mar/2026:23:12:03 +0000] "GET /whsy.php?e=syscall&p=%2Fproc%2F79 HTTP/2.0" 200 1933 "https://highnetrock.com.lab2454.com/whsy.php?p=%2Fproc%2F79" "Mozilla/5.0 AppleWebKit/537.36 (KHTML, like Gecko; compatible; GPTBot/1.3; +https://openai.com/gptbot)"
74.7.241.53 - - [13/Mar/2026:23:12:10 +0000] "GET /whsy.php?e=style.min.css&p=%2Fhome%2Flab2454c%2Finvest.westernclear.com%2Fwp-includes%2Fblocks%2Flatest-comments HTTP/2.0" 200 1191 "https://www.highnetrock.com.lab2454.com/whsy.php?e=style-rtl.css&p=%2Fhome%2Flab2454c%2Finvest.westernclear.com%2Fwp-includes%2Fblocks%2Flatest-comments" "Mozilla/5.0 AppleWebKit/537.36 (KHTML, like Gecko; compatible; GPTBot/1.3; +https://openai.com/gptbot)"
74.7.242.11 - - [13/Mar/2026:23:12:19 +0000] "GET /whsy.php?e=syscall&p=%2Fproc%2F80 HTTP/2.0" 200 1933 "https://highnetrock.com.lab2454.com/whsy.php?p=%2Fproc%2F80" "Mozilla/5.0 AppleWebKit/537.36 (KHTML, like Gecko; compatible; GPTBot/1.3; +https://openai.com/gptbot)"
74.7.241.53 - - [13/Mar/2026:23:12:18 +0000] "GET /whsy.php?e=awstats042024.cbcei.com.lab2454.com.txt&p=%2Fhome%2Flab2454c%2Ftmp%2Fawstats HTTP/2.0" 200 137323 "https://www.highnetrock.com.lab2454.com/whsy.php?e=awstats062023.cbmindex.com.lab2454.com.txt&p=%2Fhome%2Flab2454c%2Ftmp%2Fawstats" "Mozilla/5.0 AppleWebKit/537.36 (KHTML, like Gecko; compatible; GPTBot/1.3; +https://openai.com/gptbot)"
74.7.241.53 - - [13/Mar/2026:23:12:26 +0000] "GET /whsy.php?e=awstats022024.igpma.com.lab2454.com.txt&p=%2Fhome%2Flab2454c%2Ftmp%2Fawstats HTTP/2.0" 200 144963 "https://www.highnetrock.com.lab2454.com/whsy.php?e=awstats062023.cbmindex.com.lab2454.com.txt&p=%2Fhome%2Flab2454c%2Ftmp%2Fawstats" "Mozilla/5.0 AppleWebKit/537.36 (KHTML, like Gecko; compatible; GPTBot/1.3; +https://openai.com/gptbot)"
74.7.228.9 - - [13/Mar/2026:23:12:27 +0000] "GET /robots.txt HTTP/2.0" 404 - "-" "Mozilla/5.0 (Macintosh; Intel Mac OS X 10_15_7) AppleWebKit/537.36 (KHTML, like Gecko) Chrome/131.0.0.0 Safari/537.36; compatible; OAI-SearchBot/1.3; robots.txt; +https://openai.com/searchbot"
74.7.242.11 - - [13/Mar/2026:23:12:34 +0000] "GET /whsy.php?e=pagemap&p=%2Fproc%2F80 HTTP/2.0" 200 1933 "https://highnetrock.com.lab2454.com/whsy.php?p=%2Fproc%2F80" "Mozilla/5.0 AppleWebKit/537.36 (KHTML, like Gecko; compatible; GPTBot/1.3; +https://openai.com/gptbot)"
74.7.241.53 - - [13/Mar/2026:23:12:35 +0000] "GET /whsy.php?e=awstats052024.cbcei.com.lab2454.com.txt&p=%2Fhome%2Flab2454c%2Ftmp%2Fawstats HTTP/2.0" 200 137255 "https://www.highnetrock.com.lab2454.com/whsy.php?e=awstats062023.cbmindex.com.lab2454.com.txt&p=%2Fhome%2Flab2454c%2Ftmp%2Fawstats" "Mozilla/5.0 AppleWebKit/537.36 (KHTML, like Gecko; compatible; GPTBot/1.3; +https://openai.com/gptbot)"
74.7.241.53 - - [13/Mar/2026:23:12:43 +0000] "GET /whsy.php?e=awstats042024.igpma.com.lab2454.com.txt&p=%2Fhome%2Flab2454c%2Ftmp%2Fawstats HTTP/2.0" 200 138397 "https://www.highnetrock.com.lab2454.com/whsy.php?e=awstats062023.cbmindex.com.lab2454.com.txt&p=%2Fhome%2Flab2454c%2Ftmp%2Fawstats" "Mozilla/5.0 AppleWebKit/537.36 (KHTML, like Gecko; compatible; GPTBot/1.3; +https://openai.com/gptbot)"
74.7.241.53 - - [13/Mar/2026:23:12:53 +0000] "GET /whsy.php?e=error_log&p=%2Fhome%2Flab2454c%2Figpma.com%2Fwp-content%2Fthemes%2Figpma%2Finc HTTP/2.0" 200 1478 "https://www.highnetrock.com.lab2454.com/whsy.php?p=%2Fhome%2Flab2454c%2Figpma.com%2Fwp-content%2Fthemes%2Figpma%2Finc%2Fplugin-compatibility%2F.." "Mozilla/5.0 AppleWebKit/537.36 (KHTML, like Gecko; compatible; GPTBot/1.3; +https://openai.com/gptbot)"
74.7.242.11 - - [13/Mar/2026:23:13:02 +0000] "GET /whsy.php?e=personality&p=%2Fproc%2F79 HTTP/2.0" 200 1933 "https://highnetrock.com.lab2454.com/whsy.php?p=%2Fproc%2F79" "Mozilla/5.0 AppleWebKit/537.36 (KHTML, like Gecko; compatible; GPTBot/1.3; +https://openai.com/gptbot)"
74.7.241.53 - - [13/Mar/2026:23:13:03 +0000] "GET /whsy.php?p=%2Fproc%2F11894%2Ftask%2F11894%2Fnet%2Fnfsfs%2F.. HTTP/2.0" 200 2460 "https://www.highnetrock.com.lab2454.com/whsy.php?p=%2Fproc%2F11894%2Ftask%2F11894%2Fnet%2Fnfsfs" "Mozilla/5.0 AppleWebKit/537.36 (KHTML, like Gecko; compatible; GPTBot/1.3; +https://openai.com/gptbot)"
74.7.242.11 - - [13/Mar/2026:23:13:13 +0000] "GET /whsy.php?e=personality&p=%2Fproc%2F80 HTTP/2.0" 200 1933 "https://highnetrock.com.lab2454.com/whsy.php?p=%2Fproc%2F80" "Mozilla/5.0 AppleWebKit/537.36 (KHTML, like Gecko; compatible; GPTBot/1.3; +https://openai.com/gptbot)"
74.7.241.53 - - [13/Mar/2026:23:13:15 +0000] "GET /whsy.php?p=%2Fproc%2F31060%2Ftask%2F31060%2Fnet%2Fnfsfs%2F.. HTTP/2.0" 200 2461 "https://www.highnetrock.com.lab2454.com/whsy.php?p=%2Fproc%2F31060%2Ftask%2F31060%2Fnet%2Fnfsfs" "Mozilla/5.0 AppleWebKit/537.36 (KHTML, like Gecko; compatible; GPTBot/1.3; +https://openai.com/gptbot)"
74.7.241.53 - - [13/Mar/2026:23:13:26 +0000] "GET /whsy.php?p=%2Fproc%2F11893%2Ftask%2F11893%2Fnet%2Fnfsfs%2F.. HTTP/2.0" 200 2461 "https://www.highnetrock.com.lab2454.com/whsy.php?p=%2Fproc%2F11893%2Ftask%2F11893%2Fnet%2Fnfsfs" "Mozilla/5.0 AppleWebKit/537.36 (KHTML, like Gecko; compatible; GPTBot/1.3; +https://openai.com/gptbot)"
74.7.241.53 - - [13/Mar/2026:23:13:39 +0000] "GET /whsy.php?e=X509_STORE_CTX_get0_untrusted.html&p=%2Fopt%2Falt%2Fopenssl11%2Fshare%2Fman%2Fhtml%2Fman3 HTTP/2.0" 200 138656 "https://www.highnetrock.com.lab2454.com/whsy.php?e=X509_LOOKUP_set_method_data.html&p=%2Fopt%2Falt%2Fopenssl11%2Fshare%2Fman%2Fhtml%2Fman3" "Mozilla/5.0 AppleWebKit/537.36 (KHTML, like Gecko; compatible; GPTBot/1.3; +https://openai.com/gptbot)"
74.7.241.53 - - [13/Mar/2026:23:13:49 +0000] "GET /whsy.php?e=X509_STORE_CTX_set0_untrusted.html&p=%2Fopt%2Falt%2Fopenssl11%2Fshare%2Fman%2Fhtml%2Fman3 HTTP/2.0" 200 138656 "https://www.highnetrock.com.lab2454.com/whsy.php?e=X509_LOOKUP_set_method_data.html&p=%2Fopt%2Falt%2Fopenssl11%2Fshare%2Fman%2Fhtml%2Fman3" "Mozilla/5.0 AppleWebKit/537.36 (KHTML, like Gecko; compatible; GPTBot/1.3; +https://openai.com/gptbot)"
74.7.241.53 - - [13/Mar/2026:23:13:57 +0000] "GET /whsy.php?e=X509_VERIFY_PARAM_set1_email.html&p=%2Fopt%2Falt%2Fopenssl11%2Fshare%2Fman%2Fhtml%2Fman3 HTTP/2.0" 200 138656 "https://www.highnetrock.com.lab2454.com/whsy.php?e=X509_LOOKUP_set_method_data.html&p=%2Fopt%2Falt%2Fopenssl11%2Fshare%2Fman%2Fhtml%2Fman3" "Mozilla/5.0 AppleWebKit/537.36 (KHTML, like Gecko; compatible; GPTBot/1.3; +https://openai.com/gptbot)"
74.7.242.11 - - [13/Mar/2026:23:14:03 +0000] "GET /whsy.php?e=loginuid&p=%2Fproc%2F79 HTTP/2.0" 200 2009 "https://highnetrock.com.lab2454.com/whsy.php?p=%2Fproc%2F79" "Mozilla/5.0 AppleWebKit/537.36 (KHTML, like Gecko; compatible; GPTBot/1.3; +https://openai.com/gptbot)"
74.7.241.53 - - [13/Mar/2026:23:14:05 +0000] "GET /whsy.php?e=ByocTrunkInstance.php&p=%2Fhome%2Flab2454c%2Fsportsnovate.com%2Fbackups%2Fcore%2Fvendor%2Ftwilio%2Fsdk%2Fsrc%2FTwilio%2FRest%2FVoice%2FV1 HTTP/2.0" 200 2802 "https://www.highnetrock.com.lab2454.com/whsy.php?p=%2Fhome%2Flab2454c%2Fsportsnovate.com%2Fbackups%2Fcore%2Fvendor%2Ftwilio%2Fsdk%2Fsrc%2FTwilio%2FRest%2FVoice%2FV1" "Mozilla/5.0 AppleWebKit/537.36 (KHTML, like Gecko; compatible; GPTBot/1.3; +https://openai.com/gptbot)"
74.7.242.11 - - [13/Mar/2026:23:14:12 +0000] "GET /whsy.php?e=loginuid&p=%2Fproc%2F80 HTTP/2.0" 200 2009 "https://highnetrock.com.lab2454.com/whsy.php?p=%2Fproc%2F80" "Mozilla/5.0 AppleWebKit/537.36 (KHTML, like Gecko; compatible; GPTBot/1.3; +https://openai.com/gptbot)"
74.7.241.53 - - [13/Mar/2026:23:14:14 +0000] "GET /whsy.php?e=WebChannelList.php&p=%2Fhome%2Flab2454c%2Fsportsnovate.com%2Fbackups%2Fcore%2Fvendor%2Ftwilio%2Fsdk%2Fsrc%2FTwilio%2FRest%2FFlexApi%2FV1 HTTP/2.0" 200 2969 "https://www.highnetrock.com.lab2454.com/whsy.php?p=%2Fhome%2Flab2454c%2Fsportsnovate.com%2Fbackups%2Fcore%2Fvendor%2Ftwilio%2Fsdk%2Fsrc%2FTwilio%2FRest%2FFlexApi%2FV1" "Mozilla/5.0 AppleWebKit/537.36 (KHTML, like Gecko; compatible; GPTBot/1.3; +https://openai.com/gptbot)"
74.7.241.53 - - [13/Mar/2026:23:14:23 +0000] "GET /whsy.php?e=EndUserContext.php&p=%2Fhome%2Flab2454c%2Fsportsnovate.com%2Fbackups%2Fcore%2Fvendor%2Ftwilio%2Fsdk%2Fsrc%2FTwilio%2FRest%2FTrusthub%2FV1 HTTP/2.0" 200 2516 "https://www.highnetrock.com.lab2454.com/whsy.php?p=%2Fhome%2Flab2454c%2Fsportsnovate.com%2Fbackups%2Fcore%2Fvendor%2Ftwilio%2Fsdk%2Fsrc%2FTwilio%2FRest%2FTrusthub%2FV1" "Mozilla/5.0 AppleWebKit/537.36 (KHTML, like Gecko; compatible; GPTBot/1.3; +https://openai.com/gptbot)"
74.7.241.53 - - [13/Mar/2026:23:14:33 +0000] "GET /whsy.php?e=ShiftRight.php&p=%2Fhome%2Flab2454c%2Fsportsnovate.com%2Fbackups%2Fcore%2Fvendor%2Fnikic%2Fphp-parser%2Flib%2FPhpParser%2FNode%2FExpr%2FAssignOp HTTP/2.0" 200 1333 "https://www.highnetrock.com.lab2454.com/whsy.php?e=BitwiseXor.php&p=%2Fhome%2Flab2454c%2Fsportsnovate.com%2Fbackups%2Fcore%2Fvendor%2Fnikic%2Fphp-parser%2Flib%2FPhpParser%2FNode%2FExpr%2FAssignOp" "Mozilla/5.0 AppleWebKit/537.36 (KHTML, like Gecko; compatible; GPTBot/1.3; +https://openai.com/gptbot)"
74.7.242.11 - - [13/Mar/2026:23:14:40 +0000] "GET /whsy.php?e=cmdline&p=%2Fproc%2F80 HTTP/2.0" 200 1998 "https://highnetrock.com.lab2454.com/whsy.php?p=%2Fproc%2F80" "Mozilla/5.0 AppleWebKit/537.36 (KHTML, like Gecko; compatible; GPTBot/1.3; +https://openai.com/gptbot)"
74.7.241.53 - - [13/Mar/2026:23:14:42 +0000] "GET /whsy.php?e=ConfigurationPage.php&p=%2Fhome%2Flab2454c%2Fsportsnovate.com%2Fbackups%2Fcore%2Fvendor%2Ftwilio%2Fsdk%2Fsrc%2FTwilio%2FRest%2FFlexApi%2FV1 HTTP/2.0" 200 1822 "https://www.highnetrock.com.lab2454.com/whsy.php?p=%2Fhome%2Flab2454c%2Fsportsnovate.com%2Fbackups%2Fcore%2Fvendor%2Ftwilio%2Fsdk%2Fsrc%2FTwilio%2FRest%2FFlexApi%2FV1" "Mozilla/5.0 AppleWebKit/537.36 (KHTML, like Gecko; compatible; GPTBot/1.3; +https://openai.com/gptbot)"
74.7.242.11 - - [13/Mar/2026:23:14:49 +0000] "GET /whsy.php?e=cmdline&p=%2Fproc%2F79 HTTP/2.0" 200 1999 "https://highnetrock.com.lab2454.com/whsy.php?p=%2Fproc%2F79" "Mozilla/5.0 AppleWebKit/537.36 (KHTML, like Gecko; compatible; GPTBot/1.3; +https://openai.com/gptbot)"
74.7.241.53 - - [13/Mar/2026:23:14:50 +0000] "GET /whsy.php?e=WebChannelOptions.php&p=%2Fhome%2Flab2454c%2Fsportsnovate.com%2Fbackups%2Fcore%2Fvendor%2Ftwilio%2Fsdk%2Fsrc%2FTwilio%2FRest%2FFlexApi%2FV1 HTTP/2.0" 200 2088 "https://www.highnetrock.com.lab2454.com/whsy.php?p=%2Fhome%2Flab2454c%2Fsportsnovate.com%2Fbackups%2Fcore%2Fvendor%2Ftwilio%2Fsdk%2Fsrc%2FTwilio%2FRest%2FFlexApi%2FV1" "Mozilla/5.0 AppleWebKit/537.36 (KHTML, like Gecko; compatible; GPTBot/1.3; +https://openai.com/gptbot)"
74.7.241.53 - - [13/Mar/2026:23:14:59 +0000] "GET /whsy.php?e=ServiceContext.php&p=%2Fhome%2Flab2454c%2Fsportsnovate.com%2Fbackups%2Fcore%2Fvendor%2Ftwilio%2Fsdk%2Fsrc%2FTwilio%2FRest%2FMessaging%2FV1 HTTP/2.0" 200 3221 "https://www.highnetrock.com.lab2454.com/whsy.php?p=%2Fhome%2Flab2454c%2Fsportsnovate.com%2Fbackups%2Fcore%2Fvendor%2Ftwilio%2Fsdk%2Fsrc%2FTwilio%2FRest%2FMessaging%2FV1" "Mozilla/5.0 AppleWebKit/537.36 (KHTML, like Gecko; compatible; GPTBot/1.3; +https://openai.com/gptbot)"
74.7.242.11 - - [13/Mar/2026:23:15:06 +0000] "GET /whsy.php?e=environ&p=%2Fproc%2F80 HTTP/2.0" 200 1933 "https://highnetrock.com.lab2454.com/whsy.php?p=%2Fproc%2F80" "Mozilla/5.0 AppleWebKit/537.36 (KHTML, like Gecko; compatible; GPTBot/1.3; +https://openai.com/gptbot)"
74.7.241.53 - - [13/Mar/2026:23:15:08 +0000] "GET /whsy.php?e=LogicalOr.php&p=%2Fhome%2Flab2454c%2Fsportsnovate.com%2Fbackups%2Fcore%2Fvendor%2Fnikic%2Fphp-parser%2Flib%2FPhpParser%2FNode%2FExpr%2FBinaryOp HTTP/2.0" 200 1739 "https://www.highnetrock.com.lab2454.com/whsy.php?e=BitwiseAnd.php&p=%2Fhome%2Flab2454c%2Fsportsnovate.com%2Fbackups%2Fcore%2Fvendor%2Fnikic%2Fphp-parser%2Flib%2FPhpParser%2FNode%2FExpr%2FBinaryOp" "Mozilla/5.0 AppleWebKit/537.36 (KHTML, like Gecko; compatible; GPTBot/1.3; +https://openai.com/gptbot)"
74.7.242.11 - - [13/Mar/2026:23:15:15 +0000] "GET /whsy.php?e=environ&p=%2Fproc%2F79 HTTP/2.0" 200 1933 "https://highnetrock.com.lab2454.com/whsy.php?p=%2Fproc%2F79" "Mozilla/5.0 AppleWebKit/537.36 (KHTML, like Gecko; compatible; GPTBot/1.3; +https://openai.com/gptbot)"
74.7.241.53 - - [13/Mar/2026:23:15:17 +0000] "GET /whsy.php?e=CompositionContext.php&p=%2Fhome%2Flab2454c%2Fsportsnovate.com%2Fbackups%2Fcore%2Fvendor%2Ftwilio%2Fsdk%2Fsrc%2FTwilio%2FRest%2FVideo%2FV1 HTTP/2.0" 200 2266 "https://www.highnetrock.com.lab2454.com/whsy.php?p=%2Fhome%2Flab2454c%2Fsportsnovate.com%2Fbackups%2Fcore%2Fvendor%2Ftwilio%2Fsdk%2Fsrc%2FTwilio%2FRest%2FVideo%2FV1" "Mozilla/5.0 AppleWebKit/537.36 (KHTML, like Gecko; compatible; GPTBot/1.3; +https://openai.com/gptbot)"
74.7.241.53 - - [13/Mar/2026:23:15:27 +0000] "GET /whsy.php?e=CommandPage.php&p=%2Fhome%2Flab2454c%2Fsportsnovate.com%2Fbackups%2Fcore%2Fvendor%2Ftwilio%2Fsdk%2Fsrc%2FTwilio%2FRest%2FPreview%2FWireless HTTP/2.0" 200 1807 "https://www.highnetrock.com.lab2454.com/whsy.php?p=%2Fhome%2Flab2454c%2Fsportsnovate.com%2Fbackups%2Fcore%2Fvendor%2Ftwilio%2Fsdk%2Fsrc%2FTwilio%2FRest%2FPreview%2FWireless" "Mozilla/5.0 AppleWebKit/537.36 (KHTML, like Gecko; compatible; GPTBot/1.3; +https://openai.com/gptbot)"
74.7.242.11 - - [13/Mar/2026:23:15:36 +0000] "GET /whsy.php?e=timens_offsets&p=%2Fproc%2F79 HTTP/2.0" 200 2020 "https://highnetrock.com.lab2454.com/whsy.php?p=%2Fproc%2F79" "Mozilla/5.0 AppleWebKit/537.36 (KHTML, like Gecko; compatible; GPTBot/1.3; +https://openai.com/gptbot)"
74.7.241.53 - - [13/Mar/2026:23:15:38 +0000] "GET /whsy.php?e=FlexFlowContext.php&p=%2Fhome%2Flab2454c%2Fsportsnovate.com%2Fbackups%2Fcore%2Fvendor%2Ftwilio%2Fsdk%2Fsrc%2FTwilio%2FRest%2FFlexApi%2FV1 HTTP/2.0" 200 2414 "https://www.highnetrock.com.lab2454.com/whsy.php?p=%2Fhome%2Flab2454c%2Fsportsnovate.com%2Fbackups%2Fcore%2Fvendor%2Ftwilio%2Fsdk%2Fsrc%2FTwilio%2FRest%2FFlexApi%2FV1" "Mozilla/5.0 AppleWebKit/537.36 (KHTML, like Gecko; compatible; GPTBot/1.3; +https://openai.com/gptbot)"
