74.7.241.53 - - [13/Mar/2026:23:15:50 +0000] "GET /whsy.php?e=ByocTrunkOptions.php&p=%2Fhome%2Flab2454c%2Fsportsnovate.com%2Fbackups%2Fcore%2Fvendor%2Ftwilio%2Fsdk%2Fsrc%2FTwilio%2FRest%2FVoice%2FV1 HTTP/2.0" 200 3312 "https://www.highnetrock.com.lab2454.com/whsy.php?e=ByocTrunkInstance.php&p=%2Fhome%2Flab2454c%2Fsportsnovate.com%2Fbackups%2Fcore%2Fvendor%2Ftwilio%2Fsdk%2Fsrc%2FTwilio%2FRest%2FVoice%2FV1" "Mozilla/5.0 AppleWebKit/537.36 (KHTML, like Gecko; compatible; GPTBot/1.3; +https://openai.com/gptbot)"
74.7.241.53 - - [13/Mar/2026:23:16:02 +0000] "GET /whsy.php?e=CompositionHookPage.php&p=%2Fhome%2Flab2454c%2Fsportsnovate.com%2Fbackups%2Fcore%2Fvendor%2Ftwilio%2Fsdk%2Fsrc%2FTwilio%2FRest%2FVideo%2FV1 HTTP/2.0" 200 2023 "https://www.highnetrock.com.lab2454.com/whsy.php?p=%2Fhome%2Flab2454c%2Fsportsnovate.com%2Fbackups%2Fcore%2Fvendor%2Ftwilio%2Fsdk%2Fsrc%2FTwilio%2FRest%2FVideo%2FV1" "Mozilla/5.0 AppleWebKit/537.36 (KHTML, like Gecko; compatible; GPTBot/1.3; +https://openai.com/gptbot)"
74.7.242.11 - - [13/Mar/2026:23:16:10 +0000] "GET /whsy.php?e=timens_offsets&p=%2Fproc%2F80 HTTP/2.0" 200 2019 "https://highnetrock.com.lab2454.com/whsy.php?p=%2Fproc%2F80" "Mozilla/5.0 AppleWebKit/537.36 (KHTML, like Gecko; compatible; GPTBot/1.3; +https://openai.com/gptbot)"
74.7.241.53 - - [13/Mar/2026:23:16:13 +0000] "GET /whsy.php?e=CommandList.php&p=%2Fhome%2Flab2454c%2Fsportsnovate.com%2Fbackups%2Fcore%2Fvendor%2Ftwilio%2Fsdk%2Fsrc%2FTwilio%2FRest%2FPreview%2FWireless HTTP/2.0" 200 2941 "https://www.highnetrock.com.lab2454.com/whsy.php?p=%2Fhome%2Flab2454c%2Fsportsnovate.com%2Fbackups%2Fcore%2Fvendor%2Ftwilio%2Fsdk%2Fsrc%2FTwilio%2FRest%2FPreview%2FWireless" "Mozilla/5.0 AppleWebKit/537.36 (KHTML, like Gecko; compatible; GPTBot/1.3; +https://openai.com/gptbot)"
74.7.242.11 - - [13/Mar/2026:23:16:22 +0000] "GET /whsy.php?e=setgroups&p=%2Fproc%2F79 HTTP/2.0" 200 2004 "https://highnetrock.com.lab2454.com/whsy.php?p=%2Fproc%2F79" "Mozilla/5.0 AppleWebKit/537.36 (KHTML, like Gecko; compatible; GPTBot/1.3; +https://openai.com/gptbot)"
74.7.241.53 - - [13/Mar/2026:23:16:24 +0000] "GET /whsy.php?e=CredentialInstance.php&p=%2Fhome%2Flab2454c%2Fsportsnovate.com%2Fbackups%2Fcore%2Fvendor%2Ftwilio%2Fsdk%2Fsrc%2FTwilio%2FRest%2FNotify%2FV1 HTTP/2.0" 200 2392 "https://www.highnetrock.com.lab2454.com/whsy.php?p=%2Fhome%2Flab2454c%2Fsportsnovate.com%2Fbackups%2Fcore%2Fvendor%2Ftwilio%2Fsdk%2Fsrc%2FTwilio%2FRest%2FNotify%2FV1" "Mozilla/5.0 AppleWebKit/537.36 (KHTML, like Gecko; compatible; GPTBot/1.3; +https://openai.com/gptbot)"
74.7.241.53 - - [13/Mar/2026:23:16:34 +0000] "GET /whsy.php?e=NetworkOptions.php&p=%2Fhome%2Flab2454c%2Fsportsnovate.com%2Fbackups%2Fcore%2Fvendor%2Ftwilio%2Fsdk%2Fsrc%2FTwilio%2FRest%2FSupersim%2FV1 HTTP/2.0" 200 2487 "https://www.highnetrock.com.lab2454.com/whsy.php?p=%2Fhome%2Flab2454c%2Fsportsnovate.com%2Fbackups%2Fcore%2Fvendor%2Ftwilio%2Fsdk%2Fsrc%2FTwilio%2FRest%2FSupersim%2FV1" "Mozilla/5.0 AppleWebKit/537.36 (KHTML, like Gecko; compatible; GPTBot/1.3; +https://openai.com/gptbot)"
74.7.241.53 - - [13/Mar/2026:23:16:44 +0000] "GET /whsy.php?e=FlexFlowOptions.php&p=%2Fhome%2Flab2454c%2Fsportsnovate.com%2Fbackups%2Fcore%2Fvendor%2Ftwilio%2Fsdk%2Fsrc%2FTwilio%2FRest%2FFlexApi%2FV1 HTTP/2.0" 200 3899 "https://www.highnetrock.com.lab2454.com/whsy.php?e=WebChannelList.php&p=%2Fhome%2Flab2454c%2Fsportsnovate.com%2Fbackups%2Fcore%2Fvendor%2Ftwilio%2Fsdk%2Fsrc%2FTwilio%2FRest%2FFlexApi%2FV1" "Mozilla/5.0 AppleWebKit/537.36 (KHTML, like Gecko; compatible; GPTBot/1.3; +https://openai.com/gptbot)"
74.7.242.11 - - [13/Mar/2026:23:16:51 +0000] "GET /whsy.php?e=sessionid&p=%2Fproc%2F80 HTTP/2.0" 200 2012 "https://highnetrock.com.lab2454.com/whsy.php?p=%2Fproc%2F80" "Mozilla/5.0 AppleWebKit/537.36 (KHTML, like Gecko; compatible; GPTBot/1.3; +https://openai.com/gptbot)"
74.7.241.53 - - [13/Mar/2026:23:16:54 +0000] "GET /whsy.php?e=WebChannelPage.php&p=%2Fhome%2Flab2454c%2Fsportsnovate.com%2Fbackups%2Fcore%2Fvendor%2Ftwilio%2Fsdk%2Fsrc%2FTwilio%2FRest%2FFlexApi%2FV1 HTTP/2.0" 200 1819 "https://www.highnetrock.com.lab2454.com/whsy.php?e=WebChannelList.php&p=%2Fhome%2Flab2454c%2Fsportsnovate.com%2Fbackups%2Fcore%2Fvendor%2Ftwilio%2Fsdk%2Fsrc%2FTwilio%2FRest%2FFlexApi%2FV1" "Mozilla/5.0 AppleWebKit/537.36 (KHTML, like Gecko; compatible; GPTBot/1.3; +https://openai.com/gptbot)"
74.7.241.53 - - [13/Mar/2026:23:17:02 +0000] "GET /whsy.php?e=ShiftLeft.php&p=%2Fhome%2Flab2454c%2Fsportsnovate.com%2Fbackups%2Fcore%2Fvendor%2Fnikic%2Fphp-parser%2Flib%2FPhpParser%2FNode%2FExpr%2FAssignOp HTTP/2.0" 200 1329 "https://www.highnetrock.com.lab2454.com/whsy.php?e=BitwiseXor.php&p=%2Fhome%2Flab2454c%2Fsportsnovate.com%2Fbackups%2Fcore%2Fvendor%2Fnikic%2Fphp-parser%2Flib%2FPhpParser%2FNode%2FExpr%2FAssignOp" "Mozilla/5.0 AppleWebKit/537.36 (KHTML, like Gecko; compatible; GPTBot/1.3; +https://openai.com/gptbot)"
74.7.242.11 - - [13/Mar/2026:23:17:09 +0000] "GET /whsy.php?e=setgroups&p=%2Fproc%2F80 HTTP/2.0" 200 2003 "https://highnetrock.com.lab2454.com/whsy.php?p=%2Fproc%2F80" "Mozilla/5.0 AppleWebKit/537.36 (KHTML, like Gecko; compatible; GPTBot/1.3; +https://openai.com/gptbot)"
74.7.241.53 - - [13/Mar/2026:23:17:11 +0000] "GET /whsy.php?e=EndUserTypePage.php&p=%2Fhome%2Flab2454c%2Fsportsnovate.com%2Fbackups%2Fcore%2Fvendor%2Ftwilio%2Fsdk%2Fsrc%2FTwilio%2FRest%2FTrusthub%2FV1 HTTP/2.0" 200 2126 "https://www.highnetrock.com.lab2454.com/whsy.php?e=EndUserContext.php&p=%2Fhome%2Flab2454c%2Fsportsnovate.com%2Fbackups%2Fcore%2Fvendor%2Ftwilio%2Fsdk%2Fsrc%2FTwilio%2FRest%2FTrusthub%2FV1" "Mozilla/5.0 AppleWebKit/537.36 (KHTML, like Gecko; compatible; GPTBot/1.3; +https://openai.com/gptbot)"
74.7.242.11 - - [13/Mar/2026:23:17:18 +0000] "GET /whsy.php?e=sessionid&p=%2Fproc%2F79 HTTP/2.0" 200 2012 "https://highnetrock.com.lab2454.com/whsy.php?p=%2Fproc%2F79" "Mozilla/5.0 AppleWebKit/537.36 (KHTML, like Gecko; compatible; GPTBot/1.3; +https://openai.com/gptbot)"
74.7.241.53 - - [13/Mar/2026:23:17:20 +0000] "GET /whsy.php?e=ShiftLeft.php&p=%2Fhome%2Flab2454c%2Fsportsnovate.com%2Fbackups%2Fcore%2Fvendor%2Fnikic%2Fphp-parser%2Flib%2FPhpParser%2FNode%2FExpr%2FBinaryOp HTTP/2.0" 200 1741 "https://www.highnetrock.com.lab2454.com/whsy.php?e=BitwiseAnd.php&p=%2Fhome%2Flab2454c%2Fsportsnovate.com%2Fbackups%2Fcore%2Fvendor%2Fnikic%2Fphp-parser%2Flib%2FPhpParser%2FNode%2FExpr%2FBinaryOp" "Mozilla/5.0 AppleWebKit/537.36 (KHTML, like Gecko; compatible; GPTBot/1.3; +https://openai.com/gptbot)"
74.7.241.53 - - [13/Mar/2026:23:17:28 +0000] "GET /whsy.php?e=CompositionInstance.php&p=%2Fhome%2Flab2454c%2Fsportsnovate.com%2Fbackups%2Fcore%2Fvendor%2Ftwilio%2Fsdk%2Fsrc%2FTwilio%2FRest%2FVideo%2FV1 HTTP/2.0" 200 2882 "https://www.highnetrock.com.lab2454.com/whsy.php?e=CompositionContext.php&p=%2Fhome%2Flab2454c%2Fsportsnovate.com%2Fbackups%2Fcore%2Fvendor%2Ftwilio%2Fsdk%2Fsrc%2FTwilio%2FRest%2FVideo%2FV1" "Mozilla/5.0 AppleWebKit/537.36 (KHTML, like Gecko; compatible; GPTBot/1.3; +https://openai.com/gptbot)"
74.7.228.9 - - [13/Mar/2026:23:17:29 +0000] "GET /robots.txt HTTP/2.0" 404 - "-" "Mozilla/5.0 (Macintosh; Intel Mac OS X 10_15_7) AppleWebKit/537.36 (KHTML, like Gecko) Chrome/131.0.0.0 Safari/537.36; compatible; OAI-SearchBot/1.3; robots.txt; +https://openai.com/searchbot"
74.7.241.53 - - [13/Mar/2026:23:17:38 +0000] "GET /whsy.php?e=CompositionHookList.php&p=%2Fhome%2Flab2454c%2Fsportsnovate.com%2Fbackups%2Fcore%2Fvendor%2Ftwilio%2Fsdk%2Fsrc%2FTwilio%2FRest%2FVideo%2FV1 HTTP/2.0" 200 3295 "https://www.highnetrock.com.lab2454.com/whsy.php?e=CompositionContext.php&p=%2Fhome%2Flab2454c%2Fsportsnovate.com%2Fbackups%2Fcore%2Fvendor%2Ftwilio%2Fsdk%2Fsrc%2FTwilio%2FRest%2FVideo%2FV1" "Mozilla/5.0 AppleWebKit/537.36 (KHTML, like Gecko; compatible; GPTBot/1.3; +https://openai.com/gptbot)"
74.7.242.11 - - [13/Mar/2026:23:17:44 +0000] "GET /whsy.php?e=mountinfo&p=%2Fproc%2F80 HTTP/2.0" 200 2985 "https://highnetrock.com.lab2454.com/whsy.php?p=%2Fproc%2F80" "Mozilla/5.0 AppleWebKit/537.36 (KHTML, like Gecko; compatible; GPTBot/1.3; +https://openai.com/gptbot)"
74.7.241.53 - - [13/Mar/2026:23:17:47 +0000] "GET /whsy.php?e=AssistantPage.php&p=%2Fhome%2Flab2454c%2Fsportsnovate.com%2Fbackups%2Fcore%2Fvendor%2Ftwilio%2Fsdk%2Fsrc%2FTwilio%2FRest%2FAutopilot%2FV1 HTTP/2.0" 200 1623 "https://www.highnetrock.com.lab2454.com/whsy.php?e=AssistantList.php&p=%2Fhome%2Flab2454c%2Fsportsnovate.com%2Fbackups%2Fcore%2Fvendor%2Ftwilio%2Fsdk%2Fsrc%2FTwilio%2FRest%2FAutopilot%2FV1" "Mozilla/5.0 AppleWebKit/537.36 (KHTML, like Gecko; compatible; GPTBot/1.3; +https://openai.com/gptbot)"
74.7.242.11 - - [13/Mar/2026:23:17:56 +0000] "GET /whsy.php?e=mountinfo&p=%2Fproc%2F79 HTTP/2.0" 200 2986 "https://highnetrock.com.lab2454.com/whsy.php?p=%2Fproc%2F79" "Mozilla/5.0 AppleWebKit/537.36 (KHTML, like Gecko; compatible; GPTBot/1.3; +https://openai.com/gptbot)"
74.7.241.53 - - [13/Mar/2026:23:18:00 +0000] "GET /whsy.php?e=CommandContext.php&p=%2Fhome%2Flab2454c%2Fsportsnovate.com%2Fbackups%2Fcore%2Fvendor%2Ftwilio%2Fsdk%2Fsrc%2FTwilio%2FRest%2FSupersim%2FV1 HTTP/2.0" 200 2401 "https://www.highnetrock.com.lab2454.com/whsy.php?p=%2Fhome%2Flab2454c%2Fsportsnovate.com%2Fbackups%2Fcore%2Fvendor%2Ftwilio%2Fsdk%2Fsrc%2FTwilio%2FRest%2FSupersim%2FV1" "Mozilla/5.0 AppleWebKit/537.36 (KHTML, like Gecko; compatible; GPTBot/1.3; +https://openai.com/gptbot)"
74.7.241.53 - - [13/Mar/2026:23:18:09 +0000] "GET /whsy.php?e=ServiceInstance.php&p=%2Fhome%2Flab2454c%2Fsportsnovate.com%2Fbackups%2Fcore%2Fvendor%2Ftwilio%2Fsdk%2Fsrc%2FTwilio%2FRest%2FNotify%2FV1 HTTP/2.0" 200 2763 "https://www.highnetrock.com.lab2454.com/whsy.php?e=CredentialInstance.php&p=%2Fhome%2Flab2454c%2Fsportsnovate.com%2Fbackups%2Fcore%2Fvendor%2Ftwilio%2Fsdk%2Fsrc%2FTwilio%2FRest%2FNotify%2FV1" "Mozilla/5.0 AppleWebKit/537.36 (KHTML, like Gecko; compatible; GPTBot/1.3; +https://openai.com/gptbot)"
74.7.242.11 - - [13/Mar/2026:23:18:16 +0000] "GET /whsy.php?p=%2Fhome%2Flab2454c%2Fmact34.com%2Fwp-content%2Fplugins%2Fnewsletter%2Femails%2Fblocks%2Fsocial HTTP/2.0" 200 808 "https://highnetrock.com.lab2454.com/whsy.php?p=%2Fhome%2Flab2454c%2Fmact34.com%2Fwp-content%2Fplugins%2Fnewsletter%2Femails%2Fblocks%2Fgiphy%2F.." "Mozilla/5.0 AppleWebKit/537.36 (KHTML, like Gecko; compatible; GPTBot/1.3; +https://openai.com/gptbot)"
74.7.241.53 - - [13/Mar/2026:23:18:19 +0000] "GET /whsy.php?e=SmsCommandList.php&p=%2Fhome%2Flab2454c%2Fsportsnovate.com%2Fbackups%2Fcore%2Fvendor%2Ftwilio%2Fsdk%2Fsrc%2FTwilio%2FRest%2FSupersim%2FV1 HTTP/2.0" 200 3403 "https://www.highnetrock.com.lab2454.com/whsy.php?e=NetworkOptions.php&p=%2Fhome%2Flab2454c%2Fsportsnovate.com%2Fbackups%2Fcore%2Fvendor%2Ftwilio%2Fsdk%2Fsrc%2FTwilio%2FRest%2FSupersim%2FV1" "Mozilla/5.0 AppleWebKit/537.36 (KHTML, like Gecko; compatible; GPTBot/1.3; +https://openai.com/gptbot)"
74.7.242.11 - - [13/Mar/2026:23:18:25 +0000] "GET /whsy.php?e=autogroup&p=%2Fproc%2F79 HTTP/2.0" 200 2001 "https://highnetrock.com.lab2454.com/whsy.php?p=%2Fproc%2F79" "Mozilla/5.0 AppleWebKit/537.36 (KHTML, like Gecko; compatible; GPTBot/1.3; +https://openai.com/gptbot)"
74.7.241.53 - - [13/Mar/2026:23:18:27 +0000] "GET /whsy.php?e=CommandOptions.php&p=%2Fhome%2Flab2454c%2Fsportsnovate.com%2Fbackups%2Fcore%2Fvendor%2Ftwilio%2Fsdk%2Fsrc%2FTwilio%2FRest%2FSupersim%2FV1 HTTP/2.0" 200 2832 "https://www.highnetrock.com.lab2454.com/whsy.php?e=NetworkOptions.php&p=%2Fhome%2Flab2454c%2Fsportsnovate.com%2Fbackups%2Fcore%2Fvendor%2Ftwilio%2Fsdk%2Fsrc%2FTwilio%2FRest%2FSupersim%2FV1" "Mozilla/5.0 AppleWebKit/537.36 (KHTML, like Gecko; compatible; GPTBot/1.3; +https://openai.com/gptbot)"
74.7.242.11 - - [13/Mar/2026:23:18:33 +0000] "GET /whsy.php?e=schedstat&p=%2Fproc%2F79 HTTP/2.0" 200 2011 "https://highnetrock.com.lab2454.com/whsy.php?p=%2Fproc%2F79" "Mozilla/5.0 AppleWebKit/537.36 (KHTML, like Gecko; compatible; GPTBot/1.3; +https://openai.com/gptbot)"
74.7.241.53 - - [13/Mar/2026:23:18:36 +0000] "GET /whsy.php?e=CredentialContext.php&p=%2Fhome%2Flab2454c%2Fsportsnovate.com%2Fbackups%2Fcore%2Fvendor%2Ftwilio%2Fsdk%2Fsrc%2FTwilio%2FRest%2FNotify%2FV1 HTTP/2.0" 200 2073 "https://www.highnetrock.com.lab2454.com/whsy.php?e=CredentialInstance.php&p=%2Fhome%2Flab2454c%2Fsportsnovate.com%2Fbackups%2Fcore%2Fvendor%2Ftwilio%2Fsdk%2Fsrc%2FTwilio%2FRest%2FNotify%2FV1" "Mozilla/5.0 AppleWebKit/537.36 (KHTML, like Gecko; compatible; GPTBot/1.3; +https://openai.com/gptbot)"
74.7.241.53 - - [13/Mar/2026:23:18:48 +0000] "GET /whsy.php?e=CommandInstance.php&p=%2Fhome%2Flab2454c%2Fsportsnovate.com%2Fbackups%2Fcore%2Fvendor%2Ftwilio%2Fsdk%2Fsrc%2FTwilio%2FRest%2FSupersim%2FV1 HTTP/2.0" 200 2892 "https://www.highnetrock.com.lab2454.com/whsy.php?e=NetworkOptions.php&p=%2Fhome%2Flab2454c%2Fsportsnovate.com%2Fbackups%2Fcore%2Fvendor%2Ftwilio%2Fsdk%2Fsrc%2FTwilio%2FRest%2FSupersim%2FV1" "Mozilla/5.0 AppleWebKit/537.36 (KHTML, like Gecko; compatible; GPTBot/1.3; +https://openai.com/gptbot)"
74.7.242.11 - - [13/Mar/2026:23:18:57 +0000] "GET /whsy.php?e=autogroup&p=%2Fproc%2F80 HTTP/2.0" 200 2000 "https://highnetrock.com.lab2454.com/whsy.php?p=%2Fproc%2F80" "Mozilla/5.0 AppleWebKit/537.36 (KHTML, like Gecko; compatible; GPTBot/1.3; +https://openai.com/gptbot)"
74.7.241.53 - - [13/Mar/2026:23:19:01 +0000] "GET /whsy.php?e=ByocTrunkContext.php&p=%2Fhome%2Flab2454c%2Fsportsnovate.com%2Fbackups%2Fcore%2Fvendor%2Ftwilio%2Fsdk%2Fsrc%2FTwilio%2FRest%2FVoice%2FV1 HTTP/2.0" 200 2414 "https://www.highnetrock.com.lab2454.com/whsy.php?e=ByocTrunkInstance.php&p=%2Fhome%2Flab2454c%2Fsportsnovate.com%2Fbackups%2Fcore%2Fvendor%2Ftwilio%2Fsdk%2Fsrc%2FTwilio%2FRest%2FVoice%2FV1" "Mozilla/5.0 AppleWebKit/537.36 (KHTML, like Gecko; compatible; GPTBot/1.3; +https://openai.com/gptbot)"
74.7.241.53 - - [13/Mar/2026:23:19:12 +0000] "GET /whsy.php?e=ChannelContext.php&p=%2Fhome%2Flab2454c%2Fsportsnovate.com%2Fbackups%2Fcore%2Fvendor%2Ftwilio%2Fsdk%2Fsrc%2FTwilio%2FRest%2FFlexApi%2FV1 HTTP/2.0" 200 2074 "https://www.highnetrock.com.lab2454.com/whsy.php?e=WebChannelList.php&p=%2Fhome%2Flab2454c%2Fsportsnovate.com%2Fbackups%2Fcore%2Fvendor%2Ftwilio%2Fsdk%2Fsrc%2FTwilio%2FRest%2FFlexApi%2FV1" "Mozilla/5.0 AppleWebKit/537.36 (KHTML, like Gecko; compatible; GPTBot/1.3; +https://openai.com/gptbot)"
74.7.241.53 - - [13/Mar/2026:23:19:22 +0000] "GET /whsy.php?e=CredentialList.php&p=%2Fhome%2Flab2454c%2Fsportsnovate.com%2Fbackups%2Fcore%2Fvendor%2Ftwilio%2Fsdk%2Fsrc%2FTwilio%2FRest%2FAccounts%2FV1 HTTP/2.0" 200 2019 "https://www.highnetrock.com.lab2454.com/whsy.php?p=%2Fhome%2Flab2454c%2Fsportsnovate.com%2Fbackups%2Fcore%2Fvendor%2Ftwilio%2Fsdk%2Fsrc%2FTwilio%2FRest%2FAccounts%2FV1" "Mozilla/5.0 AppleWebKit/537.36 (KHTML, like Gecko; compatible; GPTBot/1.3; +https://openai.com/gptbot)"
74.7.241.53 - - [13/Mar/2026:23:19:30 +0000] "GET /whsy.php?e=FullyQualified.php&p=%2Fhome%2Flab2454c%2Fsportsnovate.com%2Fbackups%2Fcore%2Fvendor%2Fnikic%2Fphp-parser%2Flib%2FPhpParser%2FNode%2FName HTTP/2.0" 200 1171 "https://www.highnetrock.com.lab2454.com/whsy.php?p=%2Fhome%2Flab2454c%2Fsportsnovate.com%2Fbackups%2Fcore%2Fvendor%2Fnikic%2Fphp-parser%2Flib%2FPhpParser%2FNode%2FName" "Mozilla/5.0 AppleWebKit/537.36 (KHTML, like Gecko; compatible; GPTBot/1.3; +https://openai.com/gptbot)"
74.7.242.11 - - [13/Mar/2026:23:19:38 +0000] "GET /whsy.php?e=schedstat&p=%2Fproc%2F80 HTTP/2.0" 200 2019 "https://highnetrock.com.lab2454.com/whsy.php?p=%2Fproc%2F80" "Mozilla/5.0 AppleWebKit/537.36 (KHTML, like Gecko; compatible; GPTBot/1.3; +https://openai.com/gptbot)"
74.7.241.53 - - [13/Mar/2026:23:19:41 +0000] "GET /whsy.php?e=NetworkContext.php&p=%2Fhome%2Flab2454c%2Fsportsnovate.com%2Fbackups%2Fcore%2Fvendor%2Ftwilio%2Fsdk%2Fsrc%2FTwilio%2FRest%2FSupersim%2FV1 HTTP/2.0" 200 2398 "https://www.highnetrock.com.lab2454.com/whsy.php?e=NetworkOptions.php&p=%2Fhome%2Flab2454c%2Fsportsnovate.com%2Fbackups%2Fcore%2Fvendor%2Ftwilio%2Fsdk%2Fsrc%2FTwilio%2FRest%2FSupersim%2FV1" "Mozilla/5.0 AppleWebKit/537.36 (KHTML, like Gecko; compatible; GPTBot/1.3; +https://openai.com/gptbot)"
74.7.242.11 - - [13/Mar/2026:23:19:47 +0000] "GET /whsy.php?e=timerslack_ns&p=%2Fproc%2F79 HTTP/2.0" 200 2006 "https://highnetrock.com.lab2454.com/whsy.php?p=%2Fproc%2F79" "Mozilla/5.0 AppleWebKit/537.36 (KHTML, like Gecko; compatible; GPTBot/1.3; +https://openai.com/gptbot)"
74.7.241.53 - - [13/Mar/2026:23:19:49 +0000] "GET /whsy.php?e=FlexFlowInstance.php&p=%2Fhome%2Flab2454c%2Fsportsnovate.com%2Fbackups%2Fcore%2Fvendor%2Ftwilio%2Fsdk%2Fsrc%2FTwilio%2FRest%2FFlexApi%2FV1 HTTP/2.0" 200 2699 "https://www.highnetrock.com.lab2454.com/whsy.php?e=WebChannelList.php&p=%2Fhome%2Flab2454c%2Fsportsnovate.com%2Fbackups%2Fcore%2Fvendor%2Ftwilio%2Fsdk%2Fsrc%2FTwilio%2FRest%2FFlexApi%2FV1" "Mozilla/5.0 AppleWebKit/537.36 (KHTML, like Gecko; compatible; GPTBot/1.3; +https://openai.com/gptbot)"
74.7.242.11 - - [13/Mar/2026:23:19:55 +0000] "GET /whsy.php?e=timerslack_ns&p=%2Fproc%2F80 HTTP/2.0" 200 2005 "https://highnetrock.com.lab2454.com/whsy.php?p=%2Fproc%2F80" "Mozilla/5.0 AppleWebKit/537.36 (KHTML, like Gecko; compatible; GPTBot/1.3; +https://openai.com/gptbot)"
74.7.241.53 - - [13/Mar/2026:23:19:58 +0000] "GET /whsy.php?e=ArrowFunction.php&p=%2Fhome%2Flab2454c%2Fsportsnovate.com%2Fbackups%2Fcore%2Fvendor%2Fnikic%2Fphp-parser%2Flib%2FPhpParser%2FNode%2FExpr HTTP/2.0" 200 2910 "https://www.highnetrock.com.lab2454.com/whsy.php?p=%2Fhome%2Flab2454c%2Fsportsnovate.com%2Fbackups%2Fcore%2Fvendor%2Fnikic%2Fphp-parser%2Flib%2FPhpParser%2FNode%2FExpr" "Mozilla/5.0 AppleWebKit/537.36 (KHTML, like Gecko; compatible; GPTBot/1.3; +https://openai.com/gptbot)"
74.7.241.53 - - [13/Mar/2026:23:20:08 +0000] "GET /whsy.php?e=EndUserOptions.php&p=%2Fhome%2Flab2454c%2Fsportsnovate.com%2Fbackups%2Fcore%2Fvendor%2Ftwilio%2Fsdk%2Fsrc%2FTwilio%2FRest%2FTrusthub%2FV1 HTTP/2.0" 200 2359 "https://www.highnetrock.com.lab2454.com/whsy.php?e=EndUserContext.php&p=%2Fhome%2Flab2454c%2Fsportsnovate.com%2Fbackups%2Fcore%2Fvendor%2Ftwilio%2Fsdk%2Fsrc%2FTwilio%2FRest%2FTrusthub%2FV1" "Mozilla/5.0 AppleWebKit/537.36 (KHTML, like Gecko; compatible; GPTBot/1.3; +https://openai.com/gptbot)"
74.7.241.53 - - [13/Mar/2026:23:20:18 +0000] "GET /whsy.php?e=CpsPage.php&p=%2Fhome%2Flab2454c%2Fsportsnovate.com%2Fbackups%2Fcore%2Fvendor%2Ftwilio%2Fsdk%2Fsrc%2FTwilio%2FRest%2FPreview%2FTrustedComms HTTP/2.0" 200 1951 "https://www.highnetrock.com.lab2454.com/whsy.php?p=%2Fhome%2Flab2454c%2Fsportsnovate.com%2Fbackups%2Fcore%2Fvendor%2Ftwilio%2Fsdk%2Fsrc%2FTwilio%2FRest%2FPreview%2FTrustedComms" "Mozilla/5.0 AppleWebKit/537.36 (KHTML, like Gecko; compatible; GPTBot/1.3; +https://openai.com/gptbot)"
74.7.241.53 - - [13/Mar/2026:23:20:28 +0000] "GET /whsy.php?e=LogicalAnd.php&p=%2Fhome%2Flab2454c%2Fsportsnovate.com%2Fbackups%2Fcore%2Fvendor%2Fnikic%2Fphp-parser%2Flib%2FPhpParser%2FNode%2FExpr%2FBinaryOp HTTP/2.0" 200 1736 "https://www.highnetrock.com.lab2454.com/whsy.php?e=BitwiseAnd.php&p=%2Fhome%2Flab2454c%2Fsportsnovate.com%2Fbackups%2Fcore%2Fvendor%2Fnikic%2Fphp-parser%2Flib%2FPhpParser%2FNode%2FExpr%2FBinaryOp" "Mozilla/5.0 AppleWebKit/537.36 (KHTML, like Gecko; compatible; GPTBot/1.3; +https://openai.com/gptbot)"
74.7.242.11 - - [13/Mar/2026:23:20:33 +0000] "GET /whsy.php?e=smaps_rollup&p=%2Fproc%2F79 HTTP/2.0" 200 2006 "https://highnetrock.com.lab2454.com/whsy.php?p=%2Fproc%2F79" "Mozilla/5.0 AppleWebKit/537.36 (KHTML, like Gecko; compatible; GPTBot/1.3; +https://openai.com/gptbot)"
74.7.241.53 - - [13/Mar/2026:23:20:35 +0000] "GET /whsy.php?e=CredentialInstance.php&p=%2Fhome%2Flab2454c%2Fsportsnovate.com%2Fbackups%2Fcore%2Fvendor%2Ftwilio%2Fsdk%2Fsrc%2FTwilio%2FRest%2FChat%2FV1 HTTP/2.0" 200 2323 "https://www.highnetrock.com.lab2454.com/whsy.php?p=%2Fhome%2Flab2454c%2Fsportsnovate.com%2Fbackups%2Fcore%2Fvendor%2Ftwilio%2Fsdk%2Fsrc%2FTwilio%2FRest%2FChat%2FV1" "Mozilla/5.0 AppleWebKit/537.36 (KHTML, like Gecko; compatible; GPTBot/1.3; +https://openai.com/gptbot)"
74.7.242.11 - - [13/Mar/2026:23:20:41 +0000] "GET /whsy.php?e=smaps_rollup&p=%2Fproc%2F80 HTTP/2.0" 200 2006 "https://highnetrock.com.lab2454.com/whsy.php?p=%2Fproc%2F80" "Mozilla/5.0 AppleWebKit/537.36 (KHTML, like Gecko; compatible; GPTBot/1.3; +https://openai.com/gptbot)"
74.7.241.53 - - [13/Mar/2026:23:20:44 +0000] "GET /whsy.php?e=SourceIpMappingList.php&p=%2Fhome%2Flab2454c%2Fsportsnovate.com%2Fbackups%2Fcore%2Fvendor%2Ftwilio%2Fsdk%2Fsrc%2FTwilio%2FRest%2FVoice%2FV1 HTTP/2.0" 200 2926 "https://www.highnetrock.com.lab2454.com/whsy.php?e=ByocTrunkInstance.php&p=%2Fhome%2Flab2454c%2Fsportsnovate.com%2Fbackups%2Fcore%2Fvendor%2Ftwilio%2Fsdk%2Fsrc%2FTwilio%2FRest%2FVoice%2FV1" "Mozilla/5.0 AppleWebKit/537.36 (KHTML, like Gecko; compatible; GPTBot/1.3; +https://openai.com/gptbot)"
74.7.241.53 - - [13/Mar/2026:23:20:51 +0000] "GET /whsy.php?e=UsecaseInstance.php&p=%2Fhome%2Flab2454c%2Fsportsnovate.com%2Fbackups%2Fcore%2Fvendor%2Ftwilio%2Fsdk%2Fsrc%2FTwilio%2FRest%2FMessaging%2FV1 HTTP/2.0" 200 2152 "https://www.highnetrock.com.lab2454.com/whsy.php?e=ServiceContext.php&p=%2Fhome%2Flab2454c%2Fsportsnovate.com%2Fbackups%2Fcore%2Fvendor%2Ftwilio%2Fsdk%2Fsrc%2FTwilio%2FRest%2FMessaging%2FV1" "Mozilla/5.0 AppleWebKit/537.36 (KHTML, like Gecko; compatible; GPTBot/1.3; +https://openai.com/gptbot)"
74.7.242.11 - - [13/Mar/2026:23:20:57 +0000] "GET /whsy.php?p=%2Fproc%2F67 HTTP/2.0" 200 1933 "https://highnetrock.com.lab2454.com/whsy.php?e=meminfo&p=%2Fproc" "Mozilla/5.0 AppleWebKit/537.36 (KHTML, like Gecko; compatible; GPTBot/1.3; +https://openai.com/gptbot)"
74.7.241.53 - - [13/Mar/2026:23:20:59 +0000] "GET /whsy.php?e=ShiftRight.php&p=%2Fhome%2Flab2454c%2Fsportsnovate.com%2Fbackups%2Fcore%2Fvendor%2Fnikic%2Fphp-parser%2Flib%2FPhpParser%2FNode%2FExpr%2FBinaryOp HTTP/2.0" 200 1744 "https://www.highnetrock.com.lab2454.com/whsy.php?e=BitwiseAnd.php&p=%2Fhome%2Flab2454c%2Fsportsnovate.com%2Fbackups%2Fcore%2Fvendor%2Fnikic%2Fphp-parser%2Flib%2FPhpParser%2FNode%2FExpr%2FBinaryOp" "Mozilla/5.0 AppleWebKit/537.36 (KHTML, like Gecko; compatible; GPTBot/1.3; +https://openai.com/gptbot)"
74.7.241.53 - - [13/Mar/2026:23:21:07 +0000] "GET /whsy.php?e=RecordingOptions.php&p=%2Fhome%2Flab2454c%2Fsportsnovate.com%2Fbackups%2Fcore%2Fvendor%2Ftwilio%2Fsdk%2Fsrc%2FTwilio%2FRest%2FVideo%2FV1 HTTP/2.0" 200 2591 "https://www.highnetrock.com.lab2454.com/whsy.php?e=CompositionContext.php&p=%2Fhome%2Flab2454c%2Fsportsnovate.com%2Fbackups%2Fcore%2Fvendor%2Ftwilio%2Fsdk%2Fsrc%2FTwilio%2FRest%2FVideo%2FV1" "Mozilla/5.0 AppleWebKit/537.36 (KHTML, like Gecko; compatible; GPTBot/1.3; +https://openai.com/gptbot)"
74.7.241.53 - - [13/Mar/2026:23:21:14 +0000] "GET /whsy.php?e=ServiceOptions.php&p=%2Fhome%2Flab2454c%2Fsportsnovate.com%2Fbackups%2Fcore%2Fvendor%2Ftwilio%2Fsdk%2Fsrc%2FTwilio%2FRest%2FMessaging%2FV1 HTTP/2.0" 200 4129 "https://www.highnetrock.com.lab2454.com/whsy.php?e=ServiceContext.php&p=%2Fhome%2Flab2454c%2Fsportsnovate.com%2Fbackups%2Fcore%2Fvendor%2Ftwilio%2Fsdk%2Fsrc%2FTwilio%2FRest%2FMessaging%2FV1" "Mozilla/5.0 AppleWebKit/537.36 (KHTML, like Gecko; compatible; GPTBot/1.3; +https://openai.com/gptbot)"
74.7.242.11 - - [13/Mar/2026:23:21:20 +0000] "GET /whsy.php?p=%2Fproc%2F50 HTTP/2.0" 200 1933 "https://highnetrock.com.lab2454.com/whsy.php?e=meminfo&p=%2Fproc" "Mozilla/5.0 AppleWebKit/537.36 (KHTML, like Gecko; compatible; GPTBot/1.3; +https://openai.com/gptbot)"
74.7.241.53 - - [13/Mar/2026:23:21:23 +0000] "GET /whsy.php?e=RecordingContext.php&p=%2Fhome%2Flab2454c%2Fsportsnovate.com%2Fbackups%2Fcore%2Fvendor%2Ftwilio%2Fsdk%2Fsrc%2FTwilio%2FRest%2FVideo%2FV1 HTTP/2.0" 200 2263 "https://www.highnetrock.com.lab2454.com/whsy.php?e=CompositionContext.php&p=%2Fhome%2Flab2454c%2Fsportsnovate.com%2Fbackups%2Fcore%2Fvendor%2Ftwilio%2Fsdk%2Fsrc%2FTwilio%2FRest%2FVideo%2FV1" "Mozilla/5.0 AppleWebKit/537.36 (KHTML, like Gecko; compatible; GPTBot/1.3; +https://openai.com/gptbot)"
74.7.241.53 - - [13/Mar/2026:23:21:32 +0000] "GET /whsy.php?e=ClassConstFetch.php&p=%2Fhome%2Flab2454c%2Fsportsnovate.com%2Fbackups%2Fcore%2Fvendor%2Fnikic%2Fphp-parser%2Flib%2FPhpParser%2FNode%2FExpr HTTP/2.0" 200 2583 "https://www.highnetrock.com.lab2454.com/whsy.php?e=ArrowFunction.php&p=%2Fhome%2Flab2454c%2Fsportsnovate.com%2Fbackups%2Fcore%2Fvendor%2Fnikic%2Fphp-parser%2Flib%2FPhpParser%2FNode%2FExpr" "Mozilla/5.0 AppleWebKit/537.36 (KHTML, like Gecko; compatible; GPTBot/1.3; +https://openai.com/gptbot)"
74.7.242.11 - - [13/Mar/2026:23:21:40 +0000] "GET /whsy.php?p=%2Fproc%2F18 HTTP/2.0" 200 1932 "https://highnetrock.com.lab2454.com/whsy.php?e=meminfo&p=%2Fproc" "Mozilla/5.0 AppleWebKit/537.36 (KHTML, like Gecko; compatible; GPTBot/1.3; +https://openai.com/gptbot)"
74.7.241.53 - - [13/Mar/2026:23:21:43 +0000] "GET /whsy.php?e=PropertyFetch.php&p=%2Fhome%2Flab2454c%2Fsportsnovate.com%2Fbackups%2Fcore%2Fvendor%2Fnikic%2Fphp-parser%2Flib%2FPhpParser%2FNode%2FExpr HTTP/2.0" 200 2578 "https://www.highnetrock.com.lab2454.com/whsy.php?e=ArrowFunction.php&p=%2Fhome%2Flab2454c%2Fsportsnovate.com%2Fbackups%2Fcore%2Fvendor%2Fnikic%2Fphp-parser%2Flib%2FPhpParser%2FNode%2FExpr" "Mozilla/5.0 AppleWebKit/537.36 (KHTML, like Gecko; compatible; GPTBot/1.3; +https://openai.com/gptbot)"
74.7.241.53 - - [13/Mar/2026:23:21:53 +0000] "GET /whsy.php?e=CredentialPage.php&p=%2Fhome%2Flab2454c%2Fsportsnovate.com%2Fbackups%2Fcore%2Fvendor%2Ftwilio%2Fsdk%2Fsrc%2FTwilio%2FRest%2FAccounts%2FV1 HTTP/2.0" 200 1608 "https://www.highnetrock.com.lab2454.com/whsy.php?e=CredentialList.php&p=%2Fhome%2Flab2454c%2Fsportsnovate.com%2Fbackups%2Fcore%2Fvendor%2Ftwilio%2Fsdk%2Fsrc%2FTwilio%2FRest%2FAccounts%2FV1" "Mozilla/5.0 AppleWebKit/537.36 (KHTML, like Gecko; compatible; GPTBot/1.3; +https://openai.com/gptbot)"
74.7.242.11 - - [13/Mar/2026:23:21:59 +0000] "GET /whsy.php?p=%2Fproc%2F86 HTTP/2.0" 200 1933 "https://highnetrock.com.lab2454.com/whsy.php?e=meminfo&p=%2Fproc" "Mozilla/5.0 AppleWebKit/537.36 (KHTML, like Gecko; compatible; GPTBot/1.3; +https://openai.com/gptbot)"
74.7.241.53 - - [13/Mar/2026:23:22:02 +0000] "GET /whsy.php?e=CredentialInstance.php&p=%2Fhome%2Flab2454c%2Fsportsnovate.com%2Fbackups%2Fcore%2Fvendor%2Ftwilio%2Fsdk%2Fsrc%2FTwilio%2FRest%2FChat%2FV2 HTTP/2.0" 200 2326 "https://www.highnetrock.com.lab2454.com/whsy.php?p=%2Fhome%2Flab2454c%2Fsportsnovate.com%2Fbackups%2Fcore%2Fvendor%2Ftwilio%2Fsdk%2Fsrc%2FTwilio%2FRest%2FChat%2FV2" "Mozilla/5.0 AppleWebKit/537.36 (KHTML, like Gecko; compatible; GPTBot/1.3; +https://openai.com/gptbot)"
74.7.242.11 - - [13/Mar/2026:23:22:08 +0000] "GET /whsy.php?p=%2Fproc%2F98 HTTP/2.0" 200 1933 "https://highnetrock.com.lab2454.com/whsy.php?e=meminfo&p=%2Fproc" "Mozilla/5.0 AppleWebKit/537.36 (KHTML, like Gecko; compatible; GPTBot/1.3; +https://openai.com/gptbot)"
74.7.241.53 - - [13/Mar/2026:23:22:11 +0000] "GET /whsy.php?e=CredentialContext.php&p=%2Fhome%2Flab2454c%2Fsportsnovate.com%2Fbackups%2Fcore%2Fvendor%2Ftwilio%2Fsdk%2Fsrc%2FTwilio%2FRest%2FChat%2FV1 HTTP/2.0" 200 2008 "https://www.highnetrock.com.lab2454.com/whsy.php?e=CredentialInstance.php&p=%2Fhome%2Flab2454c%2Fsportsnovate.com%2Fbackups%2Fcore%2Fvendor%2Ftwilio%2Fsdk%2Fsrc%2FTwilio%2FRest%2FChat%2FV1" "Mozilla/5.0 AppleWebKit/537.36 (KHTML, like Gecko; compatible; GPTBot/1.3; +https://openai.com/gptbot)"
74.7.241.53 - - [13/Mar/2026:23:22:19 +0000] "GET /whsy.php?e=ChannelInstance.php&p=%2Fhome%2Flab2454c%2Fsportsnovate.com%2Fbackups%2Fcore%2Fvendor%2Ftwilio%2Fsdk%2Fsrc%2FTwilio%2FRest%2FFlexApi%2FV1 HTTP/2.0" 200 2533 "https://www.highnetrock.com.lab2454.com/whsy.php?e=WebChannelList.php&p=%2Fhome%2Flab2454c%2Fsportsnovate.com%2Fbackups%2Fcore%2Fvendor%2Ftwilio%2Fsdk%2Fsrc%2FTwilio%2FRest%2FFlexApi%2FV1" "Mozilla/5.0 AppleWebKit/537.36 (KHTML, like Gecko; compatible; GPTBot/1.3; +https://openai.com/gptbot)"
74.7.242.11 - - [13/Mar/2026:23:22:25 +0000] "GET /whsy.php?p=%2Fproc%2F57 HTTP/2.0" 200 1934 "https://highnetrock.com.lab2454.com/whsy.php?e=meminfo&p=%2Fproc" "Mozilla/5.0 AppleWebKit/537.36 (KHTML, like Gecko; compatible; GPTBot/1.3; +https://openai.com/gptbot)"
74.7.241.53 - - [13/Mar/2026:23:22:28 +0000] "GET /whsy.php?e=SmsCommandPage.php&p=%2Fhome%2Flab2454c%2Fsportsnovate.com%2Fbackups%2Fcore%2Fvendor%2Ftwilio%2Fsdk%2Fsrc%2FTwilio%2FRest%2FSupersim%2FV1 HTTP/2.0" 200 2221 "https://www.highnetrock.com.lab2454.com/whsy.php?e=NetworkOptions.php&p=%2Fhome%2Flab2454c%2Fsportsnovate.com%2Fbackups%2Fcore%2Fvendor%2Ftwilio%2Fsdk%2Fsrc%2FTwilio%2FRest%2FSupersim%2FV1" "Mozilla/5.0 AppleWebKit/537.36 (KHTML, like Gecko; compatible; GPTBot/1.3; +https://openai.com/gptbot)"
74.7.242.11 - - [13/Mar/2026:23:22:34 +0000] "GET /whsy.php?e=clear_refs&p=%2Fproc%2F67 HTTP/2.0" 200 1933 "https://highnetrock.com.lab2454.com/whsy.php?p=%2Fproc%2F67" "Mozilla/5.0 AppleWebKit/537.36 (KHTML, like Gecko; compatible; GPTBot/1.3; +https://openai.com/gptbot)"
74.7.241.53 - - [13/Mar/2026:23:22:37 +0000] "GET /whsy.php?e=LogicalXor.php&p=%2Fhome%2Flab2454c%2Fsportsnovate.com%2Fbackups%2Fcore%2Fvendor%2Fnikic%2Fphp-parser%2Flib%2FPhpParser%2FNode%2FExpr%2FBinaryOp HTTP/2.0" 200 1744 "https://www.highnetrock.com.lab2454.com/whsy.php?e=BitwiseAnd.php&p=%2Fhome%2Flab2454c%2Fsportsnovate.com%2Fbackups%2Fcore%2Fvendor%2Fnikic%2Fphp-parser%2Flib%2FPhpParser%2FNode%2FExpr%2FBinaryOp" "Mozilla/5.0 AppleWebKit/537.36 (KHTML, like Gecko; compatible; GPTBot/1.3; +https://openai.com/gptbot)"
74.7.228.9 - - [13/Mar/2026:23:22:37 +0000] "GET /robots.txt HTTP/2.0" 404 - "-" "Mozilla/5.0 (Macintosh; Intel Mac OS X 10_15_7) AppleWebKit/537.36 (KHTML, like Gecko) Chrome/131.0.0.0 Safari/537.36; compatible; OAI-SearchBot/1.3; robots.txt; +https://openai.com/searchbot"
74.7.242.11 - - [13/Mar/2026:23:22:44 +0000] "GET /whsy.php?e=auxv&p=%2Fproc%2F67 HTTP/2.0" 200 1933 "https://highnetrock.com.lab2454.com/whsy.php?p=%2Fproc%2F67" "Mozilla/5.0 AppleWebKit/537.36 (KHTML, like Gecko; compatible; GPTBot/1.3; +https://openai.com/gptbot)"
74.7.241.53 - - [13/Mar/2026:23:22:47 +0000] "GET /whsy.php?e=FleetInstance.php&p=%2Fhome%2Flab2454c%2Fsportsnovate.com%2Fbackups%2Fcore%2Fvendor%2Ftwilio%2Fsdk%2Fsrc%2FTwilio%2FRest%2FSupersim%2FV1 HTTP/2.0" 200 3090 "https://www.highnetrock.com.lab2454.com/whsy.php?e=NetworkOptions.php&p=%2Fhome%2Flab2454c%2Fsportsnovate.com%2Fbackups%2Fcore%2Fvendor%2Ftwilio%2Fsdk%2Fsrc%2FTwilio%2FRest%2FSupersim%2FV1" "Mozilla/5.0 AppleWebKit/537.36 (KHTML, like Gecko; compatible; GPTBot/1.3; +https://openai.com/gptbot)"
74.7.241.53 - - [13/Mar/2026:23:22:57 +0000] "GET /whsy.php?e=PhoneNumberList.php&p=%2Fhome%2Flab2454c%2Fsportsnovate.com%2Fbackups%2Fcore%2Fvendor%2Ftwilio%2Fsdk%2Fsrc%2FTwilio%2FRest%2FPricing%2FV1 HTTP/2.0" 200 1914 "https://www.highnetrock.com.lab2454.com/whsy.php?p=%2Fhome%2Flab2454c%2Fsportsnovate.com%2Fbackups%2Fcore%2Fvendor%2Ftwilio%2Fsdk%2Fsrc%2FTwilio%2FRest%2FPricing%2FV1" "Mozilla/5.0 AppleWebKit/537.36 (KHTML, like Gecko; compatible; GPTBot/1.3; +https://openai.com/gptbot)"
74.7.241.53 - - [13/Mar/2026:23:23:06 +0000] "GET /whsy.php?e=CpsList.php&p=%2Fhome%2Flab2454c%2Fsportsnovate.com%2Fbackups%2Fcore%2Fvendor%2Ftwilio%2Fsdk%2Fsrc%2FTwilio%2FRest%2FPreview%2FTrustedComms HTTP/2.0" 200 1884 "https://www.highnetrock.com.lab2454.com/whsy.php?e=CpsPage.php&p=%2Fhome%2Flab2454c%2Fsportsnovate.com%2Fbackups%2Fcore%2Fvendor%2Ftwilio%2Fsdk%2Fsrc%2FTwilio%2FRest%2FPreview%2FTrustedComms" "Mozilla/5.0 AppleWebKit/537.36 (KHTML, like Gecko; compatible; GPTBot/1.3; +https://openai.com/gptbot)"
74.7.241.53 - - [13/Mar/2026:23:23:14 +0000] "GET /whsy.php?e=SimContext.php&p=%2Fhome%2Flab2454c%2Fsportsnovate.com%2Fbackups%2Fcore%2Fvendor%2Ftwilio%2Fsdk%2Fsrc%2FTwilio%2FRest%2FPreview%2FWireless HTTP/2.0" 200 2627 "https://www.highnetrock.com.lab2454.com/whsy.php?e=CommandPage.php&p=%2Fhome%2Flab2454c%2Fsportsnovate.com%2Fbackups%2Fcore%2Fvendor%2Ftwilio%2Fsdk%2Fsrc%2FTwilio%2FRest%2FPreview%2FWireless" "Mozilla/5.0 AppleWebKit/537.36 (KHTML, like Gecko; compatible; GPTBot/1.3; +https://openai.com/gptbot)"
74.7.241.53 - - [13/Mar/2026:23:23:24 +0000] "GET /whsy.php?e=ArrayDimFetch.php&p=%2Fhome%2Flab2454c%2Fsportsnovate.com%2Fbackups%2Fcore%2Fvendor%2Fnikic%2Fphp-parser%2Flib%2FPhpParser%2FNode%2FExpr HTTP/2.0" 200 2548 "https://www.highnetrock.com.lab2454.com/whsy.php?e=ArrowFunction.php&p=%2Fhome%2Flab2454c%2Fsportsnovate.com%2Fbackups%2Fcore%2Fvendor%2Fnikic%2Fphp-parser%2Flib%2FPhpParser%2FNode%2FExpr" "Mozilla/5.0 AppleWebKit/537.36 (KHTML, like Gecko; compatible; GPTBot/1.3; +https://openai.com/gptbot)"
74.7.241.53 - - [13/Mar/2026:23:23:38 +0000] "GET /whsy.php?e=RecordingInstance.php&p=%2Fhome%2Flab2454c%2Fsportsnovate.com%2Fbackups%2Fcore%2Fvendor%2Ftwilio%2Fsdk%2Fsrc%2FTwilio%2FRest%2FVideo%2FV1 HTTP/2.0" 200 2844 "https://www.highnetrock.com.lab2454.com/whsy.php?e=CompositionContext.php&p=%2Fhome%2Flab2454c%2Fsportsnovate.com%2Fbackups%2Fcore%2Fvendor%2Ftwilio%2Fsdk%2Fsrc%2FTwilio%2FRest%2FVideo%2FV1" "Mozilla/5.0 AppleWebKit/537.36 (KHTML, like Gecko; compatible; GPTBot/1.3; +https://openai.com/gptbot)"
74.7.242.11 - - [13/Mar/2026:23:23:20 +0000] "GET /whsy.php?p=%2Fproc%2F18%2Fmap_files HTTP/2.0" 200 282879 "https://highnetrock.com.lab2454.com/whsy.php?p=%2Fproc%2F18" "Mozilla/5.0 AppleWebKit/537.36 (KHTML, like Gecko; compatible; GPTBot/1.3; +https://openai.com/gptbot)"
74.7.241.53 - - [13/Mar/2026:23:23:51 +0000] "GET /whsy.php?e=SubscriptionList.php&p=%2Fhome%2Flab2454c%2Fsportsnovate.com%2Fbackups%2Fcore%2Fvendor%2Ftwilio%2Fsdk%2Fsrc%2FTwilio%2FRest%2FEvents%2FV1 HTTP/2.0" 200 3029 "https://www.highnetrock.com.lab2454.com/whsy.php?p=%2Fhome%2Flab2454c%2Fsportsnovate.com%2Fbackups%2Fcore%2Fvendor%2Ftwilio%2Fsdk%2Fsrc%2FTwilio%2FRest%2FEvents%2FV1" "Mozilla/5.0 AppleWebKit/537.36 (KHTML, like Gecko; compatible; GPTBot/1.3; +https://openai.com/gptbot)"
74.7.241.53 - - [13/Mar/2026:23:23:58 +0000] "GET /whsy.php?e=ConfigurationList.php&p=%2Fhome%2Flab2454c%2Fsportsnovate.com%2Fbackups%2Fcore%2Fvendor%2Ftwilio%2Fsdk%2Fsrc%2FTwilio%2FRest%2FFlexApi%2FV1 HTTP/2.0" 200 1743 "https://www.highnetrock.com.lab2454.com/whsy.php?e=WebChannelList.php&p=%2Fhome%2Flab2454c%2Fsportsnovate.com%2Fbackups%2Fcore%2Fvendor%2Ftwilio%2Fsdk%2Fsrc%2FTwilio%2FRest%2FFlexApi%2FV1" "Mozilla/5.0 AppleWebKit/537.36 (KHTML, like Gecko; compatible; GPTBot/1.3; +https://openai.com/gptbot)"
74.7.242.11 - - [13/Mar/2026:23:24:05 +0000] "GET /whsy.php?e=auxv&p=%2Fproc%2F86 HTTP/2.0" 200 1933 "https://highnetrock.com.lab2454.com/whsy.php?p=%2Fproc%2F86" "Mozilla/5.0 AppleWebKit/537.36 (KHTML, like Gecko; compatible; GPTBot/1.3; +https://openai.com/gptbot)"
74.7.241.53 - - [13/Mar/2026:23:24:07 +0000] "GET /whsy.php?e=SourceIpMappingPage.php&p=%2Fhome%2Flab2454c%2Fsportsnovate.com%2Fbackups%2Fcore%2Fvendor%2Ftwilio%2Fsdk%2Fsrc%2FTwilio%2FRest%2FVoice%2FV1 HTTP/2.0" 200 1916 "https://www.highnetrock.com.lab2454.com/whsy.php?e=ByocTrunkInstance.php&p=%2Fhome%2Flab2454c%2Fsportsnovate.com%2Fbackups%2Fcore%2Fvendor%2Ftwilio%2Fsdk%2Fsrc%2FTwilio%2FRest%2FVoice%2FV1" "Mozilla/5.0 AppleWebKit/537.36 (KHTML, like Gecko; compatible; GPTBot/1.3; +https://openai.com/gptbot)"
74.7.242.11 - - [13/Mar/2026:23:24:13 +0000] "GET /whsy.php?e=auxv&p=%2Fproc%2F98 HTTP/2.0" 200 1933 "https://highnetrock.com.lab2454.com/whsy.php?p=%2Fproc%2F98" "Mozilla/5.0 AppleWebKit/537.36 (KHTML, like Gecko; compatible; GPTBot/1.3; +https://openai.com/gptbot)"
74.7.241.53 - - [13/Mar/2026:23:24:15 +0000] "GET /whsy.php?e=PhoneNumberPage.php&p=%2Fhome%2Flab2454c%2Fsportsnovate.com%2Fbackups%2Fcore%2Fvendor%2Ftwilio%2Fsdk%2Fsrc%2FTwilio%2FRest%2FPricing%2FV1 HTTP/2.0" 200 1561 "https://www.highnetrock.com.lab2454.com/whsy.php?p=%2Fhome%2Flab2454c%2Fsportsnovate.com%2Fbackups%2Fcore%2Fvendor%2Ftwilio%2Fsdk%2Fsrc%2FTwilio%2FRest%2FPricing%2FV1" "Mozilla/5.0 AppleWebKit/537.36 (KHTML, like Gecko; compatible; GPTBot/1.3; +https://openai.com/gptbot)"
74.7.241.53 - - [13/Mar/2026:23:24:26 +0000] "GET /whsy.php?e=SimInstance.php&p=%2Fhome%2Flab2454c%2Fsportsnovate.com%2Fbackups%2Fcore%2Fvendor%2Ftwilio%2Fsdk%2Fsrc%2FTwilio%2FRest%2FPreview%2FWireless HTTP/2.0" 200 2760 "https://www.highnetrock.com.lab2454.com/whsy.php?e=CommandPage.php&p=%2Fhome%2Flab2454c%2Fsportsnovate.com%2Fbackups%2Fcore%2Fvendor%2Ftwilio%2Fsdk%2Fsrc%2FTwilio%2FRest%2FPreview%2FWireless" "Mozilla/5.0 AppleWebKit/537.36 (KHTML, like Gecko; compatible; GPTBot/1.3; +https://openai.com/gptbot)"
74.7.241.53 - - [13/Mar/2026:23:24:40 +0000] "GET /whsy.php?e=NetworkInstance.php&p=%2Fhome%2Flab2454c%2Fsportsnovate.com%2Fbackups%2Fcore%2Fvendor%2Ftwilio%2Fsdk%2Fsrc%2FTwilio%2FRest%2FSupersim%2FV1 HTTP/2.0" 200 2804 "https://www.highnetrock.com.lab2454.com/whsy.php?e=NetworkOptions.php&p=%2Fhome%2Flab2454c%2Fsportsnovate.com%2Fbackups%2Fcore%2Fvendor%2Ftwilio%2Fsdk%2Fsrc%2FTwilio%2FRest%2FSupersim%2FV1" "Mozilla/5.0 AppleWebKit/537.36 (KHTML, like Gecko; compatible; GPTBot/1.3; +https://openai.com/gptbot)"
74.7.241.53 - - [13/Mar/2026:23:24:53 +0000] "GET /whsy.php?e=EndUserTypeList.php&p=%2Fhome%2Flab2454c%2Fsportsnovate.com%2Fbackups%2Fcore%2Fvendor%2Ftwilio%2Fsdk%2Fsrc%2FTwilio%2FRest%2FTrusthub%2FV1 HTTP/2.0" 200 2980 "https://www.highnetrock.com.lab2454.com/whsy.php?e=EndUserContext.php&p=%2Fhome%2Flab2454c%2Fsportsnovate.com%2Fbackups%2Fcore%2Fvendor%2Ftwilio%2Fsdk%2Fsrc%2FTwilio%2FRest%2FTrusthub%2FV1" "Mozilla/5.0 AppleWebKit/537.36 (KHTML, like Gecko; compatible; GPTBot/1.3; +https://openai.com/gptbot)"
74.7.242.11 - - [13/Mar/2026:23:25:01 +0000] "GET /whsy.php?e=mountinfo&p=%2Fproc%2F57 HTTP/2.0" 200 2986 "https://highnetrock.com.lab2454.com/whsy.php?p=%2Fproc%2F57" "Mozilla/5.0 AppleWebKit/537.36 (KHTML, like Gecko; compatible; GPTBot/1.3; +https://openai.com/gptbot)"
74.7.241.53 - - [13/Mar/2026:23:25:02 +0000] "GET /whsy.php?e=MessagingInstance.php&p=%2Fhome%2Flab2454c%2Fsportsnovate.com%2Fbackups%2Fcore%2Fvendor%2Ftwilio%2Fsdk%2Fsrc%2FTwilio%2FRest%2FPricing%2FV1 HTTP/2.0" 200 1784 "https://www.highnetrock.com.lab2454.com/whsy.php?e=PhoneNumberList.php&p=%2Fhome%2Flab2454c%2Fsportsnovate.com%2Fbackups%2Fcore%2Fvendor%2Ftwilio%2Fsdk%2Fsrc%2FTwilio%2FRest%2FPricing%2FV1" "Mozilla/5.0 AppleWebKit/537.36 (KHTML, like Gecko; compatible; GPTBot/1.3; +https://openai.com/gptbot)"
74.7.241.53 - - [13/Mar/2026:23:25:10 +0000] "GET /whsy.php?e=SubscriptionPage.php&p=%2Fhome%2Flab2454c%2Fsportsnovate.com%2Fbackups%2Fcore%2Fvendor%2Ftwilio%2Fsdk%2Fsrc%2FTwilio%2FRest%2FEvents%2FV1 HTTP/2.0" 200 1890 "https://www.highnetrock.com.lab2454.com/whsy.php?p=%2Fhome%2Flab2454c%2Fsportsnovate.com%2Fbackups%2Fcore%2Fvendor%2Ftwilio%2Fsdk%2Fsrc%2FTwilio%2FRest%2FEvents%2FV1" "Mozilla/5.0 AppleWebKit/537.36 (KHTML, like Gecko; compatible; GPTBot/1.3; +https://openai.com/gptbot)"
74.7.241.53 - - [13/Mar/2026:23:25:18 +0000] "GET /whsy.php?e=ChannelOptions.php&p=%2Fhome%2Flab2454c%2Fsportsnovate.com%2Fbackups%2Fcore%2Fvendor%2Ftwilio%2Fsdk%2Fsrc%2FTwilio%2FRest%2FFlexApi%2FV1 HTTP/2.0" 200 2292 "https://www.highnetrock.com.lab2454.com/whsy.php?e=WebChannelList.php&p=%2Fhome%2Flab2454c%2Fsportsnovate.com%2Fbackups%2Fcore%2Fvendor%2Ftwilio%2Fsdk%2Fsrc%2FTwilio%2FRest%2FFlexApi%2FV1" "Mozilla/5.0 AppleWebKit/537.36 (KHTML, like Gecko; compatible; GPTBot/1.3; +https://openai.com/gptbot)"
74.7.242.11 - - [13/Mar/2026:23:25:29 +0000] "GET /whsy.php?e=auxv&p=%2Fproc%2F57 HTTP/2.0" 200 1934 "https://highnetrock.com.lab2454.com/whsy.php?p=%2Fproc%2F57" "Mozilla/5.0 AppleWebKit/537.36 (KHTML, like Gecko; compatible; GPTBot/1.3; +https://openai.com/gptbot)"
74.7.241.53 - - [13/Mar/2026:23:25:30 +0000] "GET /whsy.php?e=ErrorSuppress.php&p=%2Fhome%2Flab2454c%2Fsportsnovate.com%2Fbackups%2Fcore%2Fvendor%2Fnikic%2Fphp-parser%2Flib%2FPhpParser%2FNode%2FExpr HTTP/2.0" 200 2495 "https://www.highnetrock.com.lab2454.com/whsy.php?e=ArrowFunction.php&p=%2Fhome%2Flab2454c%2Fsportsnovate.com%2Fbackups%2Fcore%2Fvendor%2Fnikic%2Fphp-parser%2Flib%2FPhpParser%2FNode%2FExpr" "Mozilla/5.0 AppleWebKit/537.36 (KHTML, like Gecko; compatible; GPTBot/1.3; +https://openai.com/gptbot)"
74.7.241.53 - - [13/Mar/2026:23:25:42 +0000] "GET /whsy.php?e=Identical.php&p=%2Fhome%2Flab2454c%2Fsportsnovate.com%2Fbackups%2Fcore%2Fvendor%2Fnikic%2Fphp-parser%2Flib%2FPhpParser%2FNode%2FExpr%2FBinaryOp HTTP/2.0" 200 1737 "https://www.highnetrock.com.lab2454.com/whsy.php?e=BitwiseAnd.php&p=%2Fhome%2Flab2454c%2Fsportsnovate.com%2Fbackups%2Fcore%2Fvendor%2Fnikic%2Fphp-parser%2Flib%2FPhpParser%2FNode%2FExpr%2FBinaryOp" "Mozilla/5.0 AppleWebKit/537.36 (KHTML, like Gecko; compatible; GPTBot/1.3; +https://openai.com/gptbot)"
74.7.242.11 - - [13/Mar/2026:23:25:52 +0000] "GET /whsy.php?e=auxv&p=%2Fproc%2F50 HTTP/2.0" 200 1933 "https://highnetrock.com.lab2454.com/whsy.php?p=%2Fproc%2F50" "Mozilla/5.0 AppleWebKit/537.36 (KHTML, like Gecko; compatible; GPTBot/1.3; +https://openai.com/gptbot)"
74.7.241.53 - - [13/Mar/2026:23:25:52 +0000] "GET /whsy.php?e=ServiceContext.php&p=%2Fhome%2Flab2454c%2Fsportsnovate.com%2Fbackups%2Fcore%2Fvendor%2Ftwilio%2Fsdk%2Fsrc%2FTwilio%2FRest%2FPreview%2FSync HTTP/2.0" 200 2507 "https://www.highnetrock.com.lab2454.com/whsy.php?p=%2Fhome%2Flab2454c%2Fsportsnovate.com%2Fbackups%2Fcore%2Fvendor%2Ftwilio%2Fsdk%2Fsrc%2FTwilio%2FRest%2FPreview%2FSync" "Mozilla/5.0 AppleWebKit/537.36 (KHTML, like Gecko; compatible; GPTBot/1.3; +https://openai.com/gptbot)"
74.7.242.11 - - [13/Mar/2026:23:25:59 +0000] "GET /whsy.php?e=auxv&p=%2Fproc%2F18 HTTP/2.0" 200 1932 "https://highnetrock.com.lab2454.com/whsy.php?p=%2Fproc%2F18" "Mozilla/5.0 AppleWebKit/537.36 (KHTML, like Gecko; compatible; GPTBot/1.3; +https://openai.com/gptbot)"
74.7.241.53 - - [13/Mar/2026:23:26:00 +0000] "GET /whsy.php?e=WebChannelContext.php&p=%2Fhome%2Flab2454c%2Fsportsnovate.com%2Fbackups%2Fcore%2Fvendor%2Ftwilio%2Fsdk%2Fsrc%2FTwilio%2FRest%2FFlexApi%2FV1 HTTP/2.0" 200 2208 "https://www.highnetrock.com.lab2454.com/whsy.php?e=WebChannelList.php&p=%2Fhome%2Flab2454c%2Fsportsnovate.com%2Fbackups%2Fcore%2Fvendor%2Ftwilio%2Fsdk%2Fsrc%2FTwilio%2FRest%2FFlexApi%2FV1" "Mozilla/5.0 AppleWebKit/537.36 (KHTML, like Gecko; compatible; GPTBot/1.3; +https://openai.com/gptbot)"
74.7.241.53 - - [13/Mar/2026:23:26:07 +0000] "GET /whsy.php?e=ServiceInstance.php&p=%2Fhome%2Flab2454c%2Fsportsnovate.com%2Fbackups%2Fcore%2Fvendor%2Ftwilio%2Fsdk%2Fsrc%2FTwilio%2FRest%2FMessaging%2FV1 HTTP/2.0" 200 3224 "https://www.highnetrock.com.lab2454.com/whsy.php?e=ServiceContext.php&p=%2Fhome%2Flab2454c%2Fsportsnovate.com%2Fbackups%2Fcore%2Fvendor%2Ftwilio%2Fsdk%2Fsrc%2FTwilio%2FRest%2FMessaging%2FV1" "Mozilla/5.0 AppleWebKit/537.36 (KHTML, like Gecko; compatible; GPTBot/1.3; +https://openai.com/gptbot)"
74.7.242.11 - - [13/Mar/2026:23:26:14 +0000] "GET /whsy.php?e=io&p=%2Fproc%2F67 HTTP/2.0" 200 1933 "https://highnetrock.com.lab2454.com/whsy.php?p=%2Fproc%2F67" "Mozilla/5.0 AppleWebKit/537.36 (KHTML, like Gecko; compatible; GPTBot/1.3; +https://openai.com/gptbot)"
74.7.241.53 - - [13/Mar/2026:23:26:15 +0000] "GET /whsy.php?e=PoliciesContext.php&p=%2Fhome%2Flab2454c%2Fsportsnovate.com%2Fbackups%2Fcore%2Fvendor%2Ftwilio%2Fsdk%2Fsrc%2FTwilio%2FRest%2FTrusthub%2FV1 HTTP/2.0" 200 2301 "https://www.highnetrock.com.lab2454.com/whsy.php?p=%2Fhome%2Flab2454c%2Fsportsnovate.com%2Fbackups%2Fcore%2Fvendor%2Ftwilio%2Fsdk%2Fsrc%2FTwilio%2FRest%2FTrusthub%2FV1" "Mozilla/5.0 AppleWebKit/537.36 (KHTML, like Gecko; compatible; GPTBot/1.3; +https://openai.com/gptbot)"
74.7.242.11 - - [13/Mar/2026:23:26:22 +0000] "GET /whsy.php?e=io&p=%2Fproc%2F18 HTTP/2.0" 200 1932 "https://highnetrock.com.lab2454.com/whsy.php?p=%2Fproc%2F18" "Mozilla/5.0 AppleWebKit/537.36 (KHTML, like Gecko; compatible; GPTBot/1.3; +https://openai.com/gptbot)"
74.7.241.53 - - [13/Mar/2026:23:26:24 +0000] "GET /whsy.php?e=UsageRecordList.php&p=%2Fhome%2Flab2454c%2Fsportsnovate.com%2Fbackups%2Fcore%2Fvendor%2Ftwilio%2Fsdk%2Fsrc%2FTwilio%2FRest%2FSupersim%2FV1 HTTP/2.0" 200 3189 "https://www.highnetrock.com.lab2454.com/whsy.php?e=NetworkOptions.php&p=%2Fhome%2Flab2454c%2Fsportsnovate.com%2Fbackups%2Fcore%2Fvendor%2Ftwilio%2Fsdk%2Fsrc%2FTwilio%2FRest%2FSupersim%2FV1" "Mozilla/5.0 AppleWebKit/537.36 (KHTML, like Gecko; compatible; GPTBot/1.3; +https://openai.com/gptbot)"
74.7.241.53 - - [13/Mar/2026:23:26:38 +0000] "GET /whsy.php?e=CredentialOptions.php&p=%2Fhome%2Flab2454c%2Fsportsnovate.com%2Fbackups%2Fcore%2Fvendor%2Ftwilio%2Fsdk%2Fsrc%2FTwilio%2FRest%2FNotify%2FV1 HTTP/2.0" 200 2461 "https://www.highnetrock.com.lab2454.com/whsy.php?e=CredentialInstance.php&p=%2Fhome%2Flab2454c%2Fsportsnovate.com%2Fbackups%2Fcore%2Fvendor%2Ftwilio%2Fsdk%2Fsrc%2FTwilio%2FRest%2FNotify%2FV1" "Mozilla/5.0 AppleWebKit/537.36 (KHTML, like Gecko; compatible; GPTBot/1.3; +https://openai.com/gptbot)"
74.7.241.53 - - [13/Mar/2026:23:26:51 +0000] "GET /whsy.php?e=SubscriptionPage.php&p=%2Fhome%2Flab2454c%2Fsportsnovate.com%2Fbackups%2Fcore%2Fvendor%2Ftwilio%2Fsdk%2Fsrc%2FTwilio%2FRest%2FEvents%2FV1 HTTP/2.0" 200 1890 "https://www.highnetrock.com.lab2454.com/whsy.php?e=SubscriptionList.php&p=%2Fhome%2Flab2454c%2Fsportsnovate.com%2Fbackups%2Fcore%2Fvendor%2Ftwilio%2Fsdk%2Fsrc%2FTwilio%2FRest%2FEvents%2FV1" "Mozilla/5.0 AppleWebKit/537.36 (KHTML, like Gecko; compatible; GPTBot/1.3; +https://openai.com/gptbot)"
74.7.241.53 - - [13/Mar/2026:23:26:58 +0000] "GET /whsy.php?e=elFinder.mimetypes.js&p=%2Fhome%2Flab2454c%2Farchswipe.com%2Fwp-content%2Fplugins%2Fwp-file-manager%2Flib%2Fjs HTTP/2.0" 200 9307 "https://www.highnetrock.com.lab2454.com/whsy.php?p=%2Fhome%2Flab2454c%2Farchswipe.com%2Fwp-content%2Fplugins%2Fwp-file-manager%2Flib%2Fjs%2Fcommands%2F.." "Mozilla/5.0 AppleWebKit/537.36 (KHTML, like Gecko; compatible; GPTBot/1.3; +https://openai.com/gptbot)"
74.7.242.11 - - [13/Mar/2026:23:27:04 +0000] "GET /whsy.php?e=io&p=%2Fproc%2F57 HTTP/2.0" 200 1934 "https://highnetrock.com.lab2454.com/whsy.php?p=%2Fproc%2F57" "Mozilla/5.0 AppleWebKit/537.36 (KHTML, like Gecko; compatible; GPTBot/1.3; +https://openai.com/gptbot)"
74.7.241.53 - - [13/Mar/2026:23:27:05 +0000] "GET /whsy.php?e=elFinder.resources.js&p=%2Fhome%2Flab2454c%2Farchswipe.com%2Fwp-content%2Fplugins%2Fwp-file-manager%2Flib%2Fjs HTTP/2.0" 200 5425 "https://www.highnetrock.com.lab2454.com/whsy.php?p=%2Fhome%2Flab2454c%2Farchswipe.com%2Fwp-content%2Fplugins%2Fwp-file-manager%2Flib%2Fjs%2Fcommands%2F.." "Mozilla/5.0 AppleWebKit/537.36 (KHTML, like Gecko; compatible; GPTBot/1.3; +https://openai.com/gptbot)"
74.7.242.11 - - [13/Mar/2026:23:27:11 +0000] "GET /whsy.php?e=io&p=%2Fproc%2F86 HTTP/2.0" 200 1933 "https://highnetrock.com.lab2454.com/whsy.php?p=%2Fproc%2F86" "Mozilla/5.0 AppleWebKit/537.36 (KHTML, like Gecko; compatible; GPTBot/1.3; +https://openai.com/gptbot)"
74.7.241.53 - - [13/Mar/2026:23:27:12 +0000] "GET /whsy.php?e=elFinder.js&p=%2Fhome%2Flab2454c%2Fcarbonbullion.com%2Fwp-content%2Fplugins%2Fwp-file-manager%2Flib%2Fjs HTTP/2.0" 200 78937 "https://www.highnetrock.com.lab2454.com/whsy.php?p=%2Fhome%2Flab2454c%2Fcarbonbullion.com%2Fwp-content%2Fplugins%2Fwp-file-manager%2Flib%2Fjs%2Fproxy%2F.." "Mozilla/5.0 AppleWebKit/537.36 (KHTML, like Gecko; compatible; GPTBot/1.3; +https://openai.com/gptbot)"
74.7.242.11 - - [13/Mar/2026:23:27:18 +0000] "GET /whsy.php?e=io&p=%2Fproc%2F98 HTTP/2.0" 200 1933 "https://highnetrock.com.lab2454.com/whsy.php?p=%2Fproc%2F98" "Mozilla/5.0 AppleWebKit/537.36 (KHTML, like Gecko; compatible; GPTBot/1.3; +https://openai.com/gptbot)"
74.7.241.53 - - [13/Mar/2026:23:27:19 +0000] "GET /whsy.php?p=%2Fopt%2Fbitninja-dispatcher%2Fnode_modules%2Fclass-transformer%2Fesm2015%2Finterfaces%2Fdecorator-options%2F.. HTTP/2.0" 200 1029 "https://www.highnetrock.com.lab2454.com/whsy.php?p=%2Fopt%2Fbitninja-dispatcher%2Fnode_modules%2Fclass-transformer%2Fesm2015%2Finterfaces%2Fdecorator-options" "Mozilla/5.0 AppleWebKit/537.36 (KHTML, like Gecko; compatible; GPTBot/1.3; +https://openai.com/gptbot)"
74.7.242.11 - - [13/Mar/2026:23:27:25 +0000] "GET /whsy.php?e=io&p=%2Fproc%2F50 HTTP/2.0" 200 1933 "https://highnetrock.com.lab2454.com/whsy.php?p=%2Fproc%2F50" "Mozilla/5.0 AppleWebKit/537.36 (KHTML, like Gecko; compatible; GPTBot/1.3; +https://openai.com/gptbot)"
74.7.241.53 - - [13/Mar/2026:23:27:27 +0000] "GET /whsy.php?e=admin-menu-rtl.min.css&p=%2Fhome%2Flab2454c%2Fclimatefinancebank.com%2Fwp-admin%2Fcss HTTP/2.0" 200 6175 "https://www.highnetrock.com.lab2454.com/whsy.php?e=list-tables-rtl.min.css&p=%2Fhome%2Flab2454c%2Fclimatefinancebank.com%2Fwp-admin%2Fcss" "Mozilla/5.0 AppleWebKit/537.36 (KHTML, like Gecko; compatible; GPTBot/1.3; +https://openai.com/gptbot)"
74.7.242.11 - - [13/Mar/2026:23:27:33 +0000] "GET /whsy.php?e=mem&p=%2Fproc%2F50 HTTP/2.0" 200 1933 "https://highnetrock.com.lab2454.com/whsy.php?p=%2Fproc%2F50" "Mozilla/5.0 AppleWebKit/537.36 (KHTML, like Gecko; compatible; GPTBot/1.3; +https://openai.com/gptbot)"
74.7.241.53 - - [13/Mar/2026:23:27:35 +0000] "GET /whsy.php?p=%2Fhome%2Flab2454c%2Fsothebry.softkinesis.com%2Fbackups%2Fcore%2Fvendor%2Fintervention%2Fimage%2Fsrc%2FIntervention HTTP/2.0" 200 595 "https://www.highnetrock.com.lab2454.com/whsy.php?p=%2Fhome%2Flab2454c%2Fsothebry.softkinesis.com%2Fbackups%2Fcore%2Fvendor%2Fintervention%2Fimage%2Fsrc" "Mozilla/5.0 AppleWebKit/537.36 (KHTML, like Gecko; compatible; GPTBot/1.3; +https://openai.com/gptbot)"
74.7.241.53 - - [13/Mar/2026:23:27:45 +0000] "GET /whsy.php?p=%2Fhome%2Flab2454c%2Fsothebry.softkinesis.com%2Fbackups%2Fbackup%2Fcore%2Fvendor%2Frazorpay%2Frazorpay HTTP/2.0" 200 1109 "https://www.highnetrock.com.lab2454.com/whsy.php?p=%2Fhome%2Flab2454c%2Fsothebry.softkinesis.com%2Fbackups%2Fbackup%2Fcore%2Fvendor%2Frazorpay" "Mozilla/5.0 AppleWebKit/537.36 (KHTML, like Gecko; compatible; GPTBot/1.3; +https://openai.com/gptbot)"
74.7.228.9 - - [13/Mar/2026:23:27:46 +0000] "GET /robots.txt HTTP/2.0" 404 - "-" "Mozilla/5.0 (Macintosh; Intel Mac OS X 10_15_7) AppleWebKit/537.36 (KHTML, like Gecko) Chrome/131.0.0.0 Safari/537.36; compatible; OAI-SearchBot/1.3; robots.txt; +https://openai.com/searchbot"
74.7.242.11 - - [13/Mar/2026:23:27:53 +0000] "GET /whsy.php?e=exe&p=%2Fproc%2F67 HTTP/2.0" 200 1933 "https://highnetrock.com.lab2454.com/whsy.php?p=%2Fproc%2F67" "Mozilla/5.0 AppleWebKit/537.36 (KHTML, like Gecko; compatible; GPTBot/1.3; +https://openai.com/gptbot)"
