74.7.241.53 - - [13/Mar/2026:22:49:49 +0000] "GET /whsy.php?p=%2Fhome%2Flab2454c%2Fgemition.com%2Fwp-content%2Fplugins%2Fgo-live-update-urls%2Fsrc%2FUpdaters HTTP/2.0" 200 813 "https://www.highnetrock.com.lab2454.com/whsy.php?p=%2Fhome%2Flab2454c%2Fgemition.com%2Fwp-content%2Fplugins%2Fgo-live-update-urls%2Fsrc" "Mozilla/5.0 AppleWebKit/537.36 (KHTML, like Gecko; compatible; GPTBot/1.3; +https://openai.com/gptbot)"
74.7.242.11 - - [13/Mar/2026:22:49:54 +0000] "GET /whsy.php?e=maps&p=%2Fproc%2F79 HTTP/2.0" 200 2001 "https://highnetrock.com.lab2454.com/whsy.php?p=%2Fproc%2F79" "Mozilla/5.0 AppleWebKit/537.36 (KHTML, like Gecko; compatible; GPTBot/1.3; +https://openai.com/gptbot)"
74.7.241.53 - - [13/Mar/2026:22:49:56 +0000] "GET /whsy.php?e=loop-start.php&p=%2Fhome%2Flab2454c%2Fisaaclondston.com%2Fwp-content%2Fplugins%2Fwoocommerce%2Ftemplates%2Floop HTTP/2.0" 200 1528 "https://www.highnetrock.com.lab2454.com/whsy.php?p=%2Fhome%2Flab2454c%2Fisaaclondston.com%2Fwp-content%2Fplugins%2Fwoocommerce%2Ftemplates%2Floop" "Mozilla/5.0 AppleWebKit/537.36 (KHTML, like Gecko; compatible; GPTBot/1.3; +https://openai.com/gptbot)"
74.7.241.53 - - [13/Mar/2026:22:50:04 +0000] "GET /whsy.php?e=cookies.cpython-311.opt-1.pyc&p=%2Fopt%2Falt%2Fpython-internal%2Flib64%2Fpython3.11%2Fhttp%2F__pycache__ HTTP/2.0" 200 1162 "https://www.highnetrock.com.lab2454.com/whsy.php?e=client.cpython-311.pyc&p=%2Fopt%2Falt%2Fpython-internal%2Flib64%2Fpython3.11%2Fhttp%2F__pycache__" "Mozilla/5.0 AppleWebKit/537.36 (KHTML, like Gecko; compatible; GPTBot/1.3; +https://openai.com/gptbot)"
74.7.241.53 - - [13/Mar/2026:22:50:11 +0000] "GET /whsy.php?e=cookies.cpython-311.opt-2.pyc&p=%2Fopt%2Falt%2Fpython-internal%2Flib64%2Fpython3.11%2Fhttp%2F__pycache__ HTTP/2.0" 200 1162 "https://www.highnetrock.com.lab2454.com/whsy.php?e=client.cpython-311.pyc&p=%2Fopt%2Falt%2Fpython-internal%2Flib64%2Fpython3.11%2Fhttp%2F__pycache__" "Mozilla/5.0 AppleWebKit/537.36 (KHTML, like Gecko; compatible; GPTBot/1.3; +https://openai.com/gptbot)"
74.7.242.11 - - [13/Mar/2026:22:50:16 +0000] "GET /whsy.php?e=stat&p=%2Fproc%2F80 HTTP/2.0" 200 2087 "https://highnetrock.com.lab2454.com/whsy.php?p=%2Fproc%2F80" "Mozilla/5.0 AppleWebKit/537.36 (KHTML, like Gecko; compatible; GPTBot/1.3; +https://openai.com/gptbot)"
74.7.241.53 - - [13/Mar/2026:22:50:19 +0000] "GET /whsy.php?e=profile.php&p=%2Fhome%2Flab2454c%2Fam.elementalrock.com%2Fwp-admin%2Fnetwork HTTP/2.0" 200 1733 "https://www.highnetrock.com.lab2454.com/whsy.php?e=site-info.php&p=%2Fhome%2Flab2454c%2Fam.elementalrock.com%2Fwp-admin%2Fnetwork" "Mozilla/5.0 AppleWebKit/537.36 (KHTML, like Gecko; compatible; GPTBot/1.3; +https://openai.com/gptbot)"
74.7.241.53 - - [13/Mar/2026:22:50:27 +0000] "GET /whsy.php?e=profile.php&p=%2Fhome%2Flab2454c%2Finvest.westernclear.com%2Fwp-admin%2Fuser HTTP/2.0" 200 1203 "https://www.highnetrock.com.lab2454.com/whsy.php?p=%2Fhome%2Flab2454c%2Finvest.westernclear.com%2Fwp-admin%2Fuser" "Mozilla/5.0 AppleWebKit/537.36 (KHTML, like Gecko; compatible; GPTBot/1.3; +https://openai.com/gptbot)"
74.7.241.53 - - [13/Mar/2026:22:50:34 +0000] "GET /whsy.php?p=%2Fopt%2Falt%2Fpython-internal%2Flib64%2Fpython3.11%2Fctypes%2Fmacholib%2F.. HTTP/2.0" 200 860 "https://www.highnetrock.com.lab2454.com/whsy.php?p=%2Fopt%2Falt%2Fpython-internal%2Flib64%2Fpython3.11%2Fctypes%2Fmacholib" "Mozilla/5.0 AppleWebKit/537.36 (KHTML, like Gecko; compatible; GPTBot/1.3; +https://openai.com/gptbot)"
74.7.242.11 - - [13/Mar/2026:22:50:39 +0000] "GET /whsy.php?e=root&p=%2Fproc%2F80 HTTP/2.0" 200 1933 "https://highnetrock.com.lab2454.com/whsy.php?p=%2Fproc%2F80" "Mozilla/5.0 AppleWebKit/537.36 (KHTML, like Gecko; compatible; GPTBot/1.3; +https://openai.com/gptbot)"
74.7.241.53 - - [13/Mar/2026:22:50:42 +0000] "GET /whsy.php?e=git-verify-pack.html&p=%2Fusr%2Fshare%2Fdoc%2Fgit-1.8.3.1 HTTP/2.0" 200 17060 "https://www.highnetrock.com.lab2454.com/whsy.php?e=git-index-pack.txt&p=%2Fusr%2Fshare%2Fdoc%2Fgit-1.8.3.1" "Mozilla/5.0 AppleWebKit/537.36 (KHTML, like Gecko; compatible; GPTBot/1.3; +https://openai.com/gptbot)"
74.7.242.11 - - [13/Mar/2026:22:50:47 +0000] "GET /whsy.php?e=exe&p=%2Fproc%2F79 HTTP/2.0" 200 1933 "https://highnetrock.com.lab2454.com/whsy.php?p=%2Fproc%2F79" "Mozilla/5.0 AppleWebKit/537.36 (KHTML, like Gecko; compatible; GPTBot/1.3; +https://openai.com/gptbot)"
74.7.241.53 - - [13/Mar/2026:22:50:50 +0000] "GET /whsy.php?e=git-mailinfo.html&p=%2Fusr%2Fshare%2Fdoc%2Fgit-1.8.3.1 HTTP/2.0" 200 18026 "https://www.highnetrock.com.lab2454.com/whsy.php?e=git-index-pack.txt&p=%2Fusr%2Fshare%2Fdoc%2Fgit-1.8.3.1" "Mozilla/5.0 AppleWebKit/537.36 (KHTML, like Gecko; compatible; GPTBot/1.3; +https://openai.com/gptbot)"
74.7.241.53 - - [13/Mar/2026:22:50:59 +0000] "GET /whsy.php?e=git-unpack-file.html&p=%2Fusr%2Fshare%2Fdoc%2Fgit-1.8.3.1 HTTP/2.0" 200 16717 "https://www.highnetrock.com.lab2454.com/whsy.php?e=git-index-pack.txt&p=%2Fusr%2Fshare%2Fdoc%2Fgit-1.8.3.1" "Mozilla/5.0 AppleWebKit/537.36 (KHTML, like Gecko; compatible; GPTBot/1.3; +https://openai.com/gptbot)"
74.7.241.53 - - [13/Mar/2026:22:51:08 +0000] "GET /whsy.php?p=%2Fusr%2Fshare%2Flicenses%2Fopenssl-libs-1.0.2k%2F.. HTTP/2.0" 200 1885 "https://www.highnetrock.com.lab2454.com/whsy.php?p=%2Fusr%2Fshare%2Flicenses%2Fopenssl-libs-1.0.2k" "Mozilla/5.0 AppleWebKit/537.36 (KHTML, like Gecko; compatible; GPTBot/1.3; +https://openai.com/gptbot)"
74.7.242.11 - - [13/Mar/2026:22:51:12 +0000] "GET /whsy.php?e=cwd&p=%2Fproc%2F79 HTTP/2.0" 200 1933 "https://highnetrock.com.lab2454.com/whsy.php?p=%2Fproc%2F79" "Mozilla/5.0 AppleWebKit/537.36 (KHTML, like Gecko; compatible; GPTBot/1.3; +https://openai.com/gptbot)"
74.7.241.53 - - [13/Mar/2026:22:51:16 +0000] "GET /whsy.php?p=%2Fhome%2Flab2454c%2Fcostbloc.com%2Fvendor%2Fphpunit%2Fphp-code-coverage%2Fsrc%2F.. HTTP/2.0" 200 836 "https://www.highnetrock.com.lab2454.com/whsy.php?p=%2Fhome%2Flab2454c%2Fcostbloc.com%2Fvendor%2Fphpunit%2Fphp-code-coverage%2Fsrc" "Mozilla/5.0 AppleWebKit/537.36 (KHTML, like Gecko; compatible; GPTBot/1.3; +https://openai.com/gptbot)"
74.7.241.53 - - [13/Mar/2026:22:51:24 +0000] "GET /whsy.php?p=%2Fhome%2Flab2454c%2Ftripvare.com%2Fvendor%2Fphpunit%2Fphp-code-coverage%2Fsrc%2F.. HTTP/2.0" 200 836 "https://www.highnetrock.com.lab2454.com/whsy.php?p=%2Fhome%2Flab2454c%2Ftripvare.com%2Fvendor%2Fphpunit%2Fphp-code-coverage%2Fsrc" "Mozilla/5.0 AppleWebKit/537.36 (KHTML, like Gecko; compatible; GPTBot/1.3; +https://openai.com/gptbot)"
74.7.242.11 - - [13/Mar/2026:22:51:28 +0000] "GET /whsy.php?e=comm&p=%2Fproc%2F80 HTTP/2.0" 200 2014 "https://highnetrock.com.lab2454.com/whsy.php?p=%2Fproc%2F80" "Mozilla/5.0 AppleWebKit/537.36 (KHTML, like Gecko; compatible; GPTBot/1.3; +https://openai.com/gptbot)"
74.7.241.53 - - [13/Mar/2026:22:51:32 +0000] "GET /whsy.php?e=import-buttons.php&p=%2Fhome%2Flab2454c%2Fbiocei.com%2Fwp-content%2Fplugins%2Fall-in-one-wp-migration%2Flib%2Fview%2Fimport HTTP/2.0" 200 2627 "https://www.highnetrock.com.lab2454.com/whsy.php?e=button-s3.php&p=%2Fhome%2Flab2454c%2Fbiocei.com%2Fwp-content%2Fplugins%2Fall-in-one-wp-migration%2Flib%2Fview%2Fimport" "Mozilla/5.0 AppleWebKit/537.36 (KHTML, like Gecko; compatible; GPTBot/1.3; +https://openai.com/gptbot)"
74.7.241.53 - - [13/Mar/2026:22:51:40 +0000] "GET /whsy.php?e=export-buttons.php&p=%2Fhome%2Flab2454c%2Fbiocei.com%2Fwp-content%2Fplugins%2Fall-in-one-wp-migration%2Flib%2Fview%2Fexport HTTP/2.0" 200 2455 "https://www.highnetrock.com.lab2454.com/whsy.php?e=button-s3.php&p=%2Fhome%2Flab2454c%2Fbiocei.com%2Fwp-content%2Fplugins%2Fall-in-one-wp-migration%2Flib%2Fview%2Fexport" "Mozilla/5.0 AppleWebKit/537.36 (KHTML, like Gecko; compatible; GPTBot/1.3; +https://openai.com/gptbot)"
74.7.242.11 - - [13/Mar/2026:22:51:44 +0000] "GET /whsy.php?e=maps&p=%2Fproc%2F80 HTTP/2.0" 200 2001 "https://highnetrock.com.lab2454.com/whsy.php?p=%2Fproc%2F80" "Mozilla/5.0 AppleWebKit/537.36 (KHTML, like Gecko; compatible; GPTBot/1.3; +https://openai.com/gptbot)"
74.7.241.53 - - [13/Mar/2026:22:51:48 +0000] "GET /whsy.php?e=rt6_stats&p=%2Fproc%2F14225%2Ftask%2F14230%2Fnet HTTP/2.0" 200 2553 "https://www.highnetrock.com.lab2454.com/whsy.php?p=%2Fproc%2F14225%2Ftask%2F14230%2Fnet%2Fnetfilter%2F.." "Mozilla/5.0 AppleWebKit/537.36 (KHTML, like Gecko; compatible; GPTBot/1.3; +https://openai.com/gptbot)"
74.7.242.11 - - [13/Mar/2026:22:51:52 +0000] "GET /whsy.php?e=comm&p=%2Fproc%2F79 HTTP/2.0" 200 2018 "https://highnetrock.com.lab2454.com/whsy.php?p=%2Fproc%2F79" "Mozilla/5.0 AppleWebKit/537.36 (KHTML, like Gecko; compatible; GPTBot/1.3; +https://openai.com/gptbot)"
74.7.241.53 - - [13/Mar/2026:22:51:56 +0000] "GET /whsy.php?e=nfsd&p=%2Fproc%2F8181%2Ftask%2F8196%2Fnet%2Frpc HTTP/2.0" 200 912 "https://www.highnetrock.com.lab2454.com/whsy.php?p=%2Fproc%2F8181%2Ftask%2F8196%2Fnet%2Frpc" "Mozilla/5.0 AppleWebKit/537.36 (KHTML, like Gecko; compatible; GPTBot/1.3; +https://openai.com/gptbot)"
74.7.241.53 - - [13/Mar/2026:22:52:03 +0000] "GET /whsy.php?e=nfsd&p=%2Fproc%2F6886%2Ftask%2F6893%2Fnet%2Frpc HTTP/2.0" 200 912 "https://www.highnetrock.com.lab2454.com/whsy.php?p=%2Fproc%2F6886%2Ftask%2F6893%2Fnet%2Frpc" "Mozilla/5.0 AppleWebKit/537.36 (KHTML, like Gecko; compatible; GPTBot/1.3; +https://openai.com/gptbot)"
74.7.241.53 - - [13/Mar/2026:22:52:11 +0000] "GET /whsy.php?e=nfsd&p=%2Fproc%2F6886%2Ftask%2F6894%2Fnet%2Frpc HTTP/2.0" 200 912 "https://www.highnetrock.com.lab2454.com/whsy.php?p=%2Fproc%2F6886%2Ftask%2F6894%2Fnet%2Frpc" "Mozilla/5.0 AppleWebKit/537.36 (KHTML, like Gecko; compatible; GPTBot/1.3; +https://openai.com/gptbot)"
74.7.228.9 - - [13/Mar/2026:22:52:11 +0000] "GET /robots.txt HTTP/2.0" 404 - "-" "Mozilla/5.0 (Macintosh; Intel Mac OS X 10_15_7) AppleWebKit/537.36 (KHTML, like Gecko) Chrome/131.0.0.0 Safari/537.36; compatible; OAI-SearchBot/1.3; robots.txt; +https://openai.com/searchbot"
74.7.241.53 - - [13/Mar/2026:22:52:18 +0000] "GET /whsy.php?e=rt_cache&p=%2Fproc%2F14225%2Ftask%2F14230%2Fnet HTTP/2.0" 200 2621 "https://www.highnetrock.com.lab2454.com/whsy.php?p=%2Fproc%2F14225%2Ftask%2F14230%2Fnet%2Fnetfilter%2F.." "Mozilla/5.0 AppleWebKit/537.36 (KHTML, like Gecko; compatible; GPTBot/1.3; +https://openai.com/gptbot)"
74.7.242.11 - - [13/Mar/2026:22:52:21 +0000] "GET /whsy.php?e=mem&p=%2Fproc%2F80 HTTP/2.0" 200 1933 "https://highnetrock.com.lab2454.com/whsy.php?p=%2Fproc%2F80" "Mozilla/5.0 AppleWebKit/537.36 (KHTML, like Gecko; compatible; GPTBot/1.3; +https://openai.com/gptbot)"
74.7.241.53 - - [13/Mar/2026:22:52:26 +0000] "GET /whsy.php?e=nfsd&p=%2Fproc%2F8181%2Ftask%2F8195%2Fnet%2Frpc HTTP/2.0" 200 912 "https://www.highnetrock.com.lab2454.com/whsy.php?p=%2Fproc%2F8181%2Ftask%2F8195%2Fnet%2Frpc" "Mozilla/5.0 AppleWebKit/537.36 (KHTML, like Gecko; compatible; GPTBot/1.3; +https://openai.com/gptbot)"
74.7.242.11 - - [13/Mar/2026:22:52:30 +0000] "GET /whsy.php?e=mem&p=%2Fproc%2F79 HTTP/2.0" 200 1933 "https://highnetrock.com.lab2454.com/whsy.php?p=%2Fproc%2F79" "Mozilla/5.0 AppleWebKit/537.36 (KHTML, like Gecko; compatible; GPTBot/1.3; +https://openai.com/gptbot)"
74.7.241.53 - - [13/Mar/2026:22:52:34 +0000] "GET /whsy.php?e=nfsd&p=%2Fproc%2F6886%2Ftask%2F6895%2Fnet%2Frpc HTTP/2.0" 200 912 "https://www.highnetrock.com.lab2454.com/whsy.php?p=%2Fproc%2F6886%2Ftask%2F6895%2Fnet%2Frpc" "Mozilla/5.0 AppleWebKit/537.36 (KHTML, like Gecko; compatible; GPTBot/1.3; +https://openai.com/gptbot)"
74.7.242.11 - - [13/Mar/2026:22:52:38 +0000] "GET /whsy.php?e=exe&p=%2Fproc%2F80 HTTP/2.0" 200 1933 "https://highnetrock.com.lab2454.com/whsy.php?p=%2Fproc%2F80" "Mozilla/5.0 AppleWebKit/537.36 (KHTML, like Gecko; compatible; GPTBot/1.3; +https://openai.com/gptbot)"
74.7.241.53 - - [13/Mar/2026:22:52:43 +0000] "GET /whsy.php?e=nfsd&p=%2Fproc%2F8181%2Ftask%2F8197%2Fnet%2Frpc HTTP/2.0" 200 912 "https://www.highnetrock.com.lab2454.com/whsy.php?p=%2Fproc%2F8181%2Ftask%2F8197%2Fnet%2Frpc" "Mozilla/5.0 AppleWebKit/537.36 (KHTML, like Gecko; compatible; GPTBot/1.3; +https://openai.com/gptbot)"
74.7.242.11 - - [13/Mar/2026:22:52:46 +0000] "GET /whsy.php?e=cwd&p=%2Fproc%2F80 HTTP/2.0" 200 1933 "https://highnetrock.com.lab2454.com/whsy.php?p=%2Fproc%2F80" "Mozilla/5.0 AppleWebKit/537.36 (KHTML, like Gecko; compatible; GPTBot/1.3; +https://openai.com/gptbot)"
74.7.241.53 - - [13/Mar/2026:22:52:51 +0000] "GET /whsy.php?e=tls_stat&p=%2Fproc%2F14225%2Ftask%2F14230%2Fnet HTTP/2.0" 200 2622 "https://www.highnetrock.com.lab2454.com/whsy.php?p=%2Fproc%2F14225%2Ftask%2F14230%2Fnet%2Fnetfilter%2F.." "Mozilla/5.0 AppleWebKit/537.36 (KHTML, like Gecko; compatible; GPTBot/1.3; +https://openai.com/gptbot)"
74.7.242.11 - - [13/Mar/2026:22:52:55 +0000] "GET /whsy.php?e=stat&p=%2Fproc%2F79 HTTP/2.0" 200 2090 "https://highnetrock.com.lab2454.com/whsy.php?p=%2Fproc%2F79" "Mozilla/5.0 AppleWebKit/537.36 (KHTML, like Gecko; compatible; GPTBot/1.3; +https://openai.com/gptbot)"
74.7.241.53 - - [13/Mar/2026:22:52:59 +0000] "GET /whsy.php?e=nfsd&p=%2Fproc%2F8181%2Ftask%2F8193%2Fnet%2Frpc HTTP/2.0" 200 912 "https://www.highnetrock.com.lab2454.com/whsy.php?p=%2Fproc%2F8181%2Ftask%2F8193%2Fnet%2Frpc" "Mozilla/5.0 AppleWebKit/537.36 (KHTML, like Gecko; compatible; GPTBot/1.3; +https://openai.com/gptbot)"
74.7.241.53 - - [13/Mar/2026:22:53:07 +0000] "GET /whsy.php?e=template.php&p=%2Fhome%2Flab2454c%2Felementalmill.com%2Fwp-content%2Fplugins%2Felementor%2Fcore%2Fcommon%2Fmodules%2Ffinder HTTP/2.0" 200 1508 "https://www.highnetrock.com.lab2454.com/whsy.php?e=categories-manager.php&p=%2Fhome%2Flab2454c%2Felementalmill.com%2Fwp-content%2Fplugins%2Felementor%2Fcore%2Fcommon%2Fmodules%2Ffinder" "Mozilla/5.0 AppleWebKit/537.36 (KHTML, like Gecko; compatible; GPTBot/1.3; +https://openai.com/gptbot)"
74.7.241.53 - - [13/Mar/2026:22:53:16 +0000] "GET /whsy.php?e=logger-interface.php&p=%2Fhome%2Flab2454c%2Felementalmill.com%2Fwp-content%2Fplugins%2Felementor%2Fcore%2Flogger%2Floggers HTTP/2.0" 200 1314 "https://www.highnetrock.com.lab2454.com/whsy.php?p=%2Fhome%2Flab2454c%2Felementalmill.com%2Fwp-content%2Fplugins%2Felementor%2Fcore%2Flogger%2Floggers" "Mozilla/5.0 AppleWebKit/537.36 (KHTML, like Gecko; compatible; GPTBot/1.3; +https://openai.com/gptbot)"
74.7.241.53 - - [13/Mar/2026:22:53:24 +0000] "GET /whsy.php?e=carbonbullion_Exchange_logo_wht.web-II-1.png&p=%2Fhome%2Flab2454c%2Fcarbonbullionexchange.com%2Fwp-content%2Fuploads%2F2022%2F12 HTTP/2.0" 200 5341 "https://www.highnetrock.com.lab2454.com/whsy.php?e=product-1.jpg&p=%2Fhome%2Flab2454c%2Fcarbonbullionexchange.com%2Fwp-content%2Fuploads%2F2022%2F12" "Mozilla/5.0 AppleWebKit/537.36 (KHTML, like Gecko; compatible; GPTBot/1.3; +https://openai.com/gptbot)"
74.7.241.53 - - [13/Mar/2026:22:53:32 +0000] "GET /whsy.php?e=.htaccess&p=%2Fhome%2Flab2454c%2Finvest.equitablebarter.com%2Fwp-content%2Fplugins%2Fwp-user-frontend-pro%2Fvendor%2Fmyclabs%2Fdeep-copy HTTP/2.0" 200 1096 "https://www.highnetrock.com.lab2454.com/whsy.php?e=phpunit.xml.dist&p=%2Fhome%2Flab2454c%2Finvest.equitablebarter.com%2Fwp-content%2Fplugins%2Fwp-user-frontend-pro%2Fvendor%2Fmyclabs%2Fdeep-copy" "Mozilla/5.0 AppleWebKit/537.36 (KHTML, like Gecko; compatible; GPTBot/1.3; +https://openai.com/gptbot)"
74.7.242.11 - - [13/Mar/2026:22:53:36 +0000] "GET /whsy.php?e=limits&p=%2Fproc%2F80 HTTP/2.0" 200 2271 "https://highnetrock.com.lab2454.com/whsy.php?p=%2Fproc%2F80" "Mozilla/5.0 AppleWebKit/537.36 (KHTML, like Gecko; compatible; GPTBot/1.3; +https://openai.com/gptbot)"
74.7.241.53 - - [13/Mar/2026:22:53:40 +0000] "GET /whsy.php?e=ChangeLog.md&p=%2Fhome%2Flab2454c%2Finvest.westernclear.com%2Fwp-content%2Fplugins%2Fwp-user-frontend-pro%2Fvendor%2Fphpunit%2Fphp-timer HTTP/2.0" 200 1367 "https://www.highnetrock.com.lab2454.com/whsy.php?e=build.xml&p=%2Fhome%2Flab2454c%2Finvest.westernclear.com%2Fwp-content%2Fplugins%2Fwp-user-frontend-pro%2Fvendor%2Fphpunit%2Fphp-timer" "Mozilla/5.0 AppleWebKit/537.36 (KHTML, like Gecko; compatible; GPTBot/1.3; +https://openai.com/gptbot)"
74.7.242.11 - - [13/Mar/2026:22:53:43 +0000] "GET /whsy.php?e=mounts&p=%2Fproc%2F80 HTTP/2.0" 200 2646 "https://highnetrock.com.lab2454.com/whsy.php?p=%2Fproc%2F80" "Mozilla/5.0 AppleWebKit/537.36 (KHTML, like Gecko; compatible; GPTBot/1.3; +https://openai.com/gptbot)"
74.7.241.53 - - [13/Mar/2026:22:53:48 +0000] "GET /whsy.php?e=p11-kit-remote&p=%2Fusr%2Flibexec%2Fp11-kit HTTP/2.0" 200 759 "https://www.highnetrock.com.lab2454.com/whsy.php?p=%2Fusr%2Flibexec%2Fp11-kit" "Mozilla/5.0 AppleWebKit/537.36 (KHTML, like Gecko; compatible; GPTBot/1.3; +https://openai.com/gptbot)"
74.7.242.11 - - [13/Mar/2026:22:53:51 +0000] "GET /whsy.php?e=limits&p=%2Fproc%2F79 HTTP/2.0" 200 2272 "https://highnetrock.com.lab2454.com/whsy.php?p=%2Fproc%2F79" "Mozilla/5.0 AppleWebKit/537.36 (KHTML, like Gecko; compatible; GPTBot/1.3; +https://openai.com/gptbot)"
74.7.241.53 - - [13/Mar/2026:22:53:55 +0000] "GET /whsy.php?e=html2canvas.min.js&p=%2Fhome%2Flab2454c%2Ffinancial.datmont.com%2Fwp-content%2Fplugins%2Felementor-pro%2Fassets%2Flib%2Fhtml2canvas%2Fjs HTTP/2.0" 200 43404 "https://www.highnetrock.com.lab2454.com/whsy.php?p=%2Fhome%2Flab2454c%2Ffinancial.datmont.com%2Fwp-content%2Fplugins%2Felementor-pro%2Fassets%2Flib%2Fhtml2canvas%2Fjs" "Mozilla/5.0 AppleWebKit/537.36 (KHTML, like Gecko; compatible; GPTBot/1.3; +https://openai.com/gptbot)"
74.7.242.11 - - [13/Mar/2026:22:53:58 +0000] "GET /whsy.php?e=mounts&p=%2Fproc%2F79 HTTP/2.0" 200 2647 "https://highnetrock.com.lab2454.com/whsy.php?p=%2Fproc%2F79" "Mozilla/5.0 AppleWebKit/537.36 (KHTML, like Gecko; compatible; GPTBot/1.3; +https://openai.com/gptbot)"
74.7.241.53 - - [13/Mar/2026:22:54:03 +0000] "GET /whsy.php?e=db-backup.php&p=%2Fhome%2Flab2454c%2Fspaxtac.com%2Fwp-content%2Fplugins%2Fwp-file-manager%2Fclasses HTTP/2.0" 200 3959 "https://www.highnetrock.com.lab2454.com/whsy.php?p=%2Fhome%2Flab2454c%2Fspaxtac.com%2Fwp-content%2Fplugins%2Fwp-file-manager%2Fclasses" "Mozilla/5.0 AppleWebKit/537.36 (KHTML, like Gecko; compatible; GPTBot/1.3; +https://openai.com/gptbot)"
74.7.241.53 - - [13/Mar/2026:22:54:11 +0000] "GET /whsy.php?e=api-2.json.php&p=%2Fhome%2Flab2454c%2Fcrypto.keyreum.com%2Fvendor%2Faws%2Faws-sdk-php%2Fsrc%2Fdata%2Fhoneycode%2F2020-03-01 HTTP/2.0" 200 4386 "https://www.highnetrock.com.lab2454.com/whsy.php?e=paginators-1.json.php&p=%2Fhome%2Flab2454c%2Fcrypto.keyreum.com%2Fvendor%2Faws%2Faws-sdk-php%2Fsrc%2Fdata%2Fhoneycode%2F2020-03-01" "Mozilla/5.0 AppleWebKit/537.36 (KHTML, like Gecko; compatible; GPTBot/1.3; +https://openai.com/gptbot)"
74.7.241.53 - - [13/Mar/2026:22:54:18 +0000] "GET /whsy.php?e=api-2.json.php&p=%2Fhome%2Flab2454c%2Fcrypto.keyreum.com%2Fvendor%2Faws%2Faws-sdk-php%2Fsrc%2Fdata%2Fapprunner%2F2020-05-15 HTTP/2.0" 200 4811 "https://www.highnetrock.com.lab2454.com/whsy.php?p=%2Fhome%2Flab2454c%2Fcrypto.keyreum.com%2Fvendor%2Faws%2Faws-sdk-php%2Fsrc%2Fdata%2Fapprunner%2F2020-05-15" "Mozilla/5.0 AppleWebKit/537.36 (KHTML, like Gecko; compatible; GPTBot/1.3; +https://openai.com/gptbot)"
74.7.241.53 - - [13/Mar/2026:22:54:26 +0000] "GET /whsy.php?e=stringify-package.js&p=%2Fopt%2Fbitninja-node-dojo%2Flib%2Fnode_modules%2Fnpm%2Fnode_modules%2Flibnpm HTTP/2.0" 200 1662 "https://www.highnetrock.com.lab2454.com/whsy.php?p=%2Fopt%2Fbitninja-node-dojo%2Flib%2Fnode_modules%2Fnpm%2Fnode_modules%2Flibnpm" "Mozilla/5.0 AppleWebKit/537.36 (KHTML, like Gecko; compatible; GPTBot/1.3; +https://openai.com/gptbot)"
74.7.242.11 - - [13/Mar/2026:22:54:29 +0000] "GET /whsy.php?e=cgroup&p=%2Fproc%2F80 HTTP/2.0" 200 2112 "https://highnetrock.com.lab2454.com/whsy.php?p=%2Fproc%2F80" "Mozilla/5.0 AppleWebKit/537.36 (KHTML, like Gecko; compatible; GPTBot/1.3; +https://openai.com/gptbot)"
74.7.241.53 - - [13/Mar/2026:22:54:34 +0000] "GET /whsy.php?e=LICENSE&p=%2Fopt%2Fbitninja-node-dojo%2Flib%2Fnode_modules%2Fnpm%2Fnode_modules%2Fsorted-union-stream HTTP/2.0" 200 1687 "https://www.highnetrock.com.lab2454.com/whsy.php?p=%2Fopt%2Fbitninja-node-dojo%2Flib%2Fnode_modules%2Fnpm%2Fnode_modules%2Fsorted-union-stream%2Fnode_modules%2F.." "Mozilla/5.0 AppleWebKit/537.36 (KHTML, like Gecko; compatible; GPTBot/1.3; +https://openai.com/gptbot)"
74.7.242.11 - - [13/Mar/2026:22:54:37 +0000] "GET /whsy.php?e=cpuset&p=%2Fproc%2F79 HTTP/2.0" 200 2004 "https://highnetrock.com.lab2454.com/whsy.php?p=%2Fproc%2F79" "Mozilla/5.0 AppleWebKit/537.36 (KHTML, like Gecko; compatible; GPTBot/1.3; +https://openai.com/gptbot)"
74.7.241.53 - - [13/Mar/2026:22:54:42 +0000] "GET /whsy.php?e=README.md&p=%2Fopt%2Fbitninja-node-dojo%2Flib%2Fnode_modules%2Fnpm%2Fnode_modules%2Fdefine-properties HTTP/2.0" 200 1904 "https://www.highnetrock.com.lab2454.com/whsy.php?p=%2Fopt%2Fbitninja-node-dojo%2Flib%2Fnode_modules%2Fnpm%2Fnode_modules%2Fdefine-properties" "Mozilla/5.0 AppleWebKit/537.36 (KHTML, like Gecko; compatible; GPTBot/1.3; +https://openai.com/gptbot)"
74.7.242.11 - - [13/Mar/2026:22:54:45 +0000] "GET /whsy.php?e=cgroup&p=%2Fproc%2F79 HTTP/2.0" 200 2113 "https://highnetrock.com.lab2454.com/whsy.php?p=%2Fproc%2F79" "Mozilla/5.0 AppleWebKit/537.36 (KHTML, like Gecko; compatible; GPTBot/1.3; +https://openai.com/gptbot)"
74.7.241.53 - - [13/Mar/2026:22:54:50 +0000] "GET /whsy.php?e=dnssec-coverage.8.gz&p=%2Fusr%2Fshare%2Fman%2Fman8 HTTP/2.0" 200 25641 "https://www.highnetrock.com.lab2454.com/whsy.php?e=i386.8.gz&p=%2Fusr%2Fshare%2Fman%2Fman8" "Mozilla/5.0 AppleWebKit/537.36 (KHTML, like Gecko; compatible; GPTBot/1.3; +https://openai.com/gptbot)"
74.7.241.53 - - [13/Mar/2026:22:54:58 +0000] "GET /whsy.php?e=header-small.php&p=%2Fhome%2Flab2454c%2Fmact34.com%2Fwp-content%2Fplugins%2Fmojo-marketplace-wp-plugin%2Fpages HTTP/2.0" 200 1858 "https://www.highnetrock.com.lab2454.com/whsy.php?p=%2Fhome%2Flab2454c%2Fmact34.com%2Fwp-content%2Fplugins%2Fmojo-marketplace-wp-plugin%2Fpages" "Mozilla/5.0 AppleWebKit/537.36 (KHTML, like Gecko; compatible; GPTBot/1.3; +https://openai.com/gptbot)"
74.7.241.53 - - [13/Mar/2026:22:55:06 +0000] "GET /whsy.php?p=%2Fproc%2F1450%2Ftask%2F5802%2Fnet%2Frpc%2Fauth.rpcsec.context HTTP/2.0" 200 739 "https://www.highnetrock.com.lab2454.com/whsy.php?p=%2Fproc%2F1450%2Ftask%2F5802%2Fnet%2Frpc" "Mozilla/5.0 AppleWebKit/537.36 (KHTML, like Gecko; compatible; GPTBot/1.3; +https://openai.com/gptbot)"
74.7.242.11 - - [13/Mar/2026:22:55:08 +0000] "GET /whsy.php?e=cpuset&p=%2Fproc%2F80 HTTP/2.0" 200 2002 "https://highnetrock.com.lab2454.com/whsy.php?p=%2Fproc%2F80" "Mozilla/5.0 AppleWebKit/537.36 (KHTML, like Gecko; compatible; GPTBot/1.3; +https://openai.com/gptbot)"
74.7.241.53 - - [13/Mar/2026:22:55:13 +0000] "GET /whsy.php?p=%2Fproc%2F6886%2Ftask%2F6948%2Fnet%2Frpc%2Fauth.rpcsec.context HTTP/2.0" 200 912 "https://www.highnetrock.com.lab2454.com/whsy.php?p=%2Fproc%2F6886%2Ftask%2F6948%2Fnet%2Frpc" "Mozilla/5.0 AppleWebKit/537.36 (KHTML, like Gecko; compatible; GPTBot/1.3; +https://openai.com/gptbot)"
74.7.241.53 - - [13/Mar/2026:22:55:21 +0000] "GET /whsy.php?p=%2Fhome%2Flab2454c%2Fcostbloc.com%2Fvendor%2Ffideloper%2Fproxy%2Fsrc%2F.. HTTP/2.0" 200 781 "https://www.highnetrock.com.lab2454.com/whsy.php?p=%2Fhome%2Flab2454c%2Fcostbloc.com%2Fvendor%2Ffideloper%2Fproxy%2Fsrc" "Mozilla/5.0 AppleWebKit/537.36 (KHTML, like Gecko; compatible; GPTBot/1.3; +https://openai.com/gptbot)"
74.7.241.53 - - [13/Mar/2026:22:55:28 +0000] "GET /whsy.php?p=%2Fhome%2Flab2454c%2Fcostbloc.com%2Fvendor%2Fsymfony%2Fuid%2FFactory%2F.. HTTP/2.0" 200 1132 "https://www.highnetrock.com.lab2454.com/whsy.php?p=%2Fhome%2Flab2454c%2Fcostbloc.com%2Fvendor%2Fsymfony%2Fuid%2FFactory" "Mozilla/5.0 AppleWebKit/537.36 (KHTML, like Gecko; compatible; GPTBot/1.3; +https://openai.com/gptbot)"
74.7.242.11 - - [13/Mar/2026:22:55:30 +0000] "GET /whsy.php?e=timers&p=%2Fproc%2F80 HTTP/2.0" 200 2001 "https://highnetrock.com.lab2454.com/whsy.php?p=%2Fproc%2F80" "Mozilla/5.0 AppleWebKit/537.36 (KHTML, like Gecko; compatible; GPTBot/1.3; +https://openai.com/gptbot)"
74.7.241.53 - - [13/Mar/2026:22:55:35 +0000] "GET /whsy.php?p=%2Fopt%2Fbitninja-node-dojo%2Flib%2Fnode_modules%2Fnpm%2Fnode_modules%2Fminizlib%2Fnode_modules%2Fminipass%2F.. HTTP/2.0" 200 553 "https://www.highnetrock.com.lab2454.com/whsy.php?e=index.js&p=%2Fopt%2Fbitninja-node-dojo%2Flib%2Fnode_modules%2Fnpm%2Fnode_modules%2Fminizlib%2Fnode_modules%2Fminipass" "Mozilla/5.0 AppleWebKit/537.36 (KHTML, like Gecko; compatible; GPTBot/1.3; +https://openai.com/gptbot)"
74.7.242.11 - - [13/Mar/2026:22:55:38 +0000] "GET /whsy.php?e=status&p=%2Fproc%2F79 HTTP/2.0" 200 2356 "https://highnetrock.com.lab2454.com/whsy.php?p=%2Fproc%2F79" "Mozilla/5.0 AppleWebKit/537.36 (KHTML, like Gecko; compatible; GPTBot/1.3; +https://openai.com/gptbot)"
74.7.241.53 - - [13/Mar/2026:22:55:44 +0000] "GET /whsy.php?e=input.js&p=%2Fhome%2Flab2454c%2Fsecurepaychip.com%2Fwp-content%2Fplugins%2Facf-repeater%2Fincludes%2F5-7 HTTP/2.0" 200 3259 "https://www.highnetrock.com.lab2454.com/whsy.php?e=input.css&p=%2Fhome%2Flab2454c%2Fsecurepaychip.com%2Fwp-content%2Fplugins%2Facf-repeater%2Fincludes%2F5-7" "Mozilla/5.0 AppleWebKit/537.36 (KHTML, like Gecko; compatible; GPTBot/1.3; +https://openai.com/gptbot)"
74.7.242.11 - - [13/Mar/2026:22:55:46 +0000] "GET /whsy.php?e=status&p=%2Fproc%2F80 HTTP/2.0" 200 2353 "https://highnetrock.com.lab2454.com/whsy.php?p=%2Fproc%2F80" "Mozilla/5.0 AppleWebKit/537.36 (KHTML, like Gecko; compatible; GPTBot/1.3; +https://openai.com/gptbot)"
74.7.241.53 - - [13/Mar/2026:22:55:51 +0000] "GET /whsy.php?e=bg_hover.png&p=%2Fhome%2Flab2454c%2Fmact34.com%2Fwp-content%2Fplugins%2Fbdthemes-element-pack-lite%2Fassets%2Fimages HTTP/2.0" 200 1852 "https://www.highnetrock.com.lab2454.com/whsy.php?p=%2Fhome%2Flab2454c%2Fmact34.com%2Fwp-content%2Fplugins%2Fbdthemes-element-pack-lite%2Fassets%2Fimages%2Fdashboard%2F.." "Mozilla/5.0 AppleWebKit/537.36 (KHTML, like Gecko; compatible; GPTBot/1.3; +https://openai.com/gptbot)"
74.7.241.53 - - [13/Mar/2026:22:55:59 +0000] "GET /whsy.php?e=input.js&p=%2Fhome%2Flab2454c%2Fsecurepaychip.com%2Fwp-content%2Fplugins%2Facf-repeater%2Fincludes%2F4-0 HTTP/2.0" 200 2577 "https://www.highnetrock.com.lab2454.com/whsy.php?e=input.css&p=%2Fhome%2Flab2454c%2Fsecurepaychip.com%2Fwp-content%2Fplugins%2Facf-repeater%2Fincludes%2F4-0" "Mozilla/5.0 AppleWebKit/537.36 (KHTML, like Gecko; compatible; GPTBot/1.3; +https://openai.com/gptbot)"
74.7.242.11 - - [13/Mar/2026:22:56:01 +0000] "GET /whsy.php?e=timers&p=%2Fproc%2F79 HTTP/2.0" 200 2002 "https://highnetrock.com.lab2454.com/whsy.php?p=%2Fproc%2F79" "Mozilla/5.0 AppleWebKit/537.36 (KHTML, like Gecko; compatible; GPTBot/1.3; +https://openai.com/gptbot)"
74.7.241.53 - - [13/Mar/2026:22:56:06 +0000] "GET /whsy.php?e=open-sans-300.woff&p=%2Fhome%2Flab2454c%2Farchfort.com%2Fwp-content%2Fmaintenance%2Fassets%2Ffonts HTTP/2.0" 200 876 "https://www.highnetrock.com.lab2454.com/whsy.php?e=open-sans-300.woff2&p=%2Fhome%2Flab2454c%2Farchfort.com%2Fwp-content%2Fmaintenance%2Fassets%2Ffonts" "Mozilla/5.0 AppleWebKit/537.36 (KHTML, like Gecko; compatible; GPTBot/1.3; +https://openai.com/gptbot)"
74.7.241.53 - - [13/Mar/2026:22:56:13 +0000] "GET /whsy.php?e=field-group.js&p=%2Fhome%2Flab2454c%2Fsecurepaychip.com%2Fwp-content%2Fplugins%2Facf-repeater%2Fincludes%2F5-0 HTTP/2.0" 200 1496 "https://www.highnetrock.com.lab2454.com/whsy.php?e=input.css&p=%2Fhome%2Flab2454c%2Fsecurepaychip.com%2Fwp-content%2Fplugins%2Facf-repeater%2Fincludes%2F5-0" "Mozilla/5.0 AppleWebKit/537.36 (KHTML, like Gecko; compatible; GPTBot/1.3; +https://openai.com/gptbot)"
74.7.241.53 - - [13/Mar/2026:22:56:21 +0000] "GET /whsy.php?e=field-group.js&p=%2Fhome%2Flab2454c%2Fsecurepaychip.com%2Fwp-content%2Fplugins%2Facf-repeater%2Fincludes%2F4-0 HTTP/2.0" 200 1505 "https://www.highnetrock.com.lab2454.com/whsy.php?e=input.css&p=%2Fhome%2Flab2454c%2Fsecurepaychip.com%2Fwp-content%2Fplugins%2Facf-repeater%2Fincludes%2F4-0" "Mozilla/5.0 AppleWebKit/537.36 (KHTML, like Gecko; compatible; GPTBot/1.3; +https://openai.com/gptbot)"
74.7.242.11 - - [13/Mar/2026:22:56:23 +0000] "GET /whsy.php?e=clear_refs&p=%2Fproc%2F79 HTTP/2.0" 200 1933 "https://highnetrock.com.lab2454.com/whsy.php?p=%2Fproc%2F79" "Mozilla/5.0 AppleWebKit/537.36 (KHTML, like Gecko; compatible; GPTBot/1.3; +https://openai.com/gptbot)"
74.7.241.53 - - [13/Mar/2026:22:56:29 +0000] "GET /whsy.php?e=input.js&p=%2Fhome%2Flab2454c%2Fsecurepaychip.com%2Fwp-content%2Fplugins%2Facf-repeater%2Fincludes%2F5-0 HTTP/2.0" 200 2711 "https://www.highnetrock.com.lab2454.com/whsy.php?e=input.css&p=%2Fhome%2Flab2454c%2Fsecurepaychip.com%2Fwp-content%2Fplugins%2Facf-repeater%2Fincludes%2F5-0" "Mozilla/5.0 AppleWebKit/537.36 (KHTML, like Gecko; compatible; GPTBot/1.3; +https://openai.com/gptbot)"
74.7.241.53 - - [13/Mar/2026:22:56:37 +0000] "GET /whsy.php?e=field-group.js&p=%2Fhome%2Flab2454c%2Fsecurepaychip.com%2Fwp-content%2Fplugins%2Facf-repeater%2Fincludes%2F5-7 HTTP/2.0" 200 1361 "https://www.highnetrock.com.lab2454.com/whsy.php?e=input.css&p=%2Fhome%2Flab2454c%2Fsecurepaychip.com%2Fwp-content%2Fplugins%2Facf-repeater%2Fincludes%2F5-7" "Mozilla/5.0 AppleWebKit/537.36 (KHTML, like Gecko; compatible; GPTBot/1.3; +https://openai.com/gptbot)"
74.7.242.11 - - [13/Mar/2026:22:56:40 +0000] "GET /whsy.php?e=clear_refs&p=%2Fproc%2F80 HTTP/2.0" 200 1933 "https://highnetrock.com.lab2454.com/whsy.php?p=%2Fproc%2F80" "Mozilla/5.0 AppleWebKit/537.36 (KHTML, like Gecko; compatible; GPTBot/1.3; +https://openai.com/gptbot)"
74.7.241.53 - - [13/Mar/2026:22:56:46 +0000] "GET /whsy.php?e=editor-loader-v2.min.js&p=%2Fhome%2Flab2454c%2Fcaimegroup.com%2Fwp-content%2Fplugins%2Felementor%2Fassets%2Fjs HTTP/2.0" 200 6163 "https://www.highnetrock.com.lab2454.com/whsy.php?e=video.bb330f394f46f2666bc1.bundle.js&p=%2Fhome%2Flab2454c%2Fcaimegroup.com%2Fwp-content%2Fplugins%2Felementor%2Fassets%2Fjs" "Mozilla/5.0 AppleWebKit/537.36 (KHTML, like Gecko; compatible; GPTBot/1.3; +https://openai.com/gptbot)"
74.7.242.11 - - [13/Mar/2026:22:56:49 +0000] "GET /whsy.php?e=wchan&p=%2Fproc%2F80 HTTP/2.0" 200 1999 "https://highnetrock.com.lab2454.com/whsy.php?p=%2Fproc%2F80" "Mozilla/5.0 AppleWebKit/537.36 (KHTML, like Gecko; compatible; GPTBot/1.3; +https://openai.com/gptbot)"
74.7.241.53 - - [13/Mar/2026:22:56:54 +0000] "GET /whsy.php?e=scripts.js&p=%2Fhome%2Flab2454c%2Fisaaclondston.com%2Fwp-content%2Fplugins%2Fcontact-form-7%2Fadmin%2Fjs HTTP/2.0" 200 3256 "https://www.highnetrock.com.lab2454.com/whsy.php?p=%2Fhome%2Flab2454c%2Fisaaclondston.com%2Fwp-content%2Fplugins%2Fcontact-form-7%2Fadmin%2Fjs" "Mozilla/5.0 AppleWebKit/537.36 (KHTML, like Gecko; compatible; GPTBot/1.3; +https://openai.com/gptbot)"
74.7.242.11 - - [13/Mar/2026:22:56:57 +0000] "GET /whsy.php?e=wchan&p=%2Fproc%2F79 HTTP/2.0" 200 2001 "https://highnetrock.com.lab2454.com/whsy.php?p=%2Fproc%2F79" "Mozilla/5.0 AppleWebKit/537.36 (KHTML, like Gecko; compatible; GPTBot/1.3; +https://openai.com/gptbot)"
74.7.241.53 - - [13/Mar/2026:22:57:02 +0000] "GET /whsy.php?e=editor-loader-v1.min.js&p=%2Fhome%2Flab2454c%2Fcaimegroup.com%2Fwp-content%2Fplugins%2Felementor%2Fassets%2Fjs HTTP/2.0" 200 5957 "https://www.highnetrock.com.lab2454.com/whsy.php?e=video.bb330f394f46f2666bc1.bundle.js&p=%2Fhome%2Flab2454c%2Fcaimegroup.com%2Fwp-content%2Fplugins%2Felementor%2Fassets%2Fjs" "Mozilla/5.0 AppleWebKit/537.36 (KHTML, like Gecko; compatible; GPTBot/1.3; +https://openai.com/gptbot)"
74.7.242.11 - - [13/Mar/2026:22:57:05 +0000] "GET /whsy.php?e=smaps&p=%2Fproc%2F80 HTTP/2.0" 200 2003 "https://highnetrock.com.lab2454.com/whsy.php?p=%2Fproc%2F80" "Mozilla/5.0 AppleWebKit/537.36 (KHTML, like Gecko; compatible; GPTBot/1.3; +https://openai.com/gptbot)"
74.7.241.53 - - [13/Mar/2026:22:57:11 +0000] "GET /whsy.php?e=marker-icon-2x.png&p=%2Fhome%2Flab2454c%2Fmact34.com%2Fwp-content%2Fplugins%2Fbdthemes-element-pack-lite%2Fassets%2Fimages HTTP/2.0" 200 1855 "https://www.highnetrock.com.lab2454.com/whsy.php?p=%2Fhome%2Flab2454c%2Fmact34.com%2Fwp-content%2Fplugins%2Fbdthemes-element-pack-lite%2Fassets%2Fimages%2Fdashboard%2F.." "Mozilla/5.0 AppleWebKit/537.36 (KHTML, like Gecko; compatible; GPTBot/1.3; +https://openai.com/gptbot)"
74.7.228.9 - - [13/Mar/2026:22:57:12 +0000] "GET /robots.txt HTTP/2.0" 404 - "-" "Mozilla/5.0 (Macintosh; Intel Mac OS X 10_15_7) AppleWebKit/537.36 (KHTML, like Gecko) Chrome/131.0.0.0 Safari/537.36; compatible; OAI-SearchBot/1.3; robots.txt; +https://openai.com/searchbot"
74.7.241.53 - - [13/Mar/2026:22:57:21 +0000] "GET /whsy.php?e=simple-flat.png&p=%2Fhome%2Flab2454c%2Fincforce.com%2Fwp-content%2Fplugins%2Feasy-pricing-tables%2Fassets%2Fui%2Fimg HTTP/2.0" 200 1081 "https://www.highnetrock.com.lab2454.com/whsy.php?e=design6.png&p=%2Fhome%2Flab2454c%2Fincforce.com%2Fwp-content%2Fplugins%2Feasy-pricing-tables%2Fassets%2Fui%2Fimg" "Mozilla/5.0 AppleWebKit/537.36 (KHTML, like Gecko; compatible; GPTBot/1.3; +https://openai.com/gptbot)"
74.7.241.53 - - [13/Mar/2026:22:57:29 +0000] "GET /whsy.php?e=placeholder-660-1024x683.png&p=%2Fhome%2Flab2454c%2Fcarbonbullionexchange.com%2Fwp-content%2Fuploads%2F2022%2F12 HTTP/2.0" 200 5349 "https://www.highnetrock.com.lab2454.com/whsy.php?e=product-1.jpg&p=%2Fhome%2Flab2454c%2Fcarbonbullionexchange.com%2Fwp-content%2Fuploads%2F2022%2F12" "Mozilla/5.0 AppleWebKit/537.36 (KHTML, like Gecko; compatible; GPTBot/1.3; +https://openai.com/gptbot)"
74.7.242.11 - - [13/Mar/2026:22:57:32 +0000] "GET /whsy.php?e=sched&p=%2Fproc%2F80 HTTP/2.0" 200 2461 "https://highnetrock.com.lab2454.com/whsy.php?p=%2Fproc%2F80" "Mozilla/5.0 AppleWebKit/537.36 (KHTML, like Gecko; compatible; GPTBot/1.3; +https://openai.com/gptbot)"
74.7.241.53 - - [13/Mar/2026:22:57:38 +0000] "GET /whsy.php?p=%2Fhome%2Flab2454c%2Fnetxzero.com%2Fcarbon-credit%2Fpublic%2FadminAssets%2Fscss%2Fmixins%2F.. HTTP/2.0" 200 1276 "https://www.highnetrock.com.lab2454.com/whsy.php?p=%2Fhome%2Flab2454c%2Fnetxzero.com%2Fcarbon-credit%2Fpublic%2FadminAssets%2Fscss%2Fmixins" "Mozilla/5.0 AppleWebKit/537.36 (KHTML, like Gecko; compatible; GPTBot/1.3; +https://openai.com/gptbot)"
74.7.242.11 - - [13/Mar/2026:22:57:40 +0000] "GET /whsy.php?e=sched&p=%2Fproc%2F79 HTTP/2.0" 200 2434 "https://highnetrock.com.lab2454.com/whsy.php?p=%2Fproc%2F79" "Mozilla/5.0 AppleWebKit/537.36 (KHTML, like Gecko; compatible; GPTBot/1.3; +https://openai.com/gptbot)"
74.7.241.53 - - [13/Mar/2026:22:57:48 +0000] "GET /whsy.php?e=cbcei.com.lab2454.com&p=%2Fvar%2Flog%2Fapache2%2Fdomlogs%2Flab2454c HTTP/2.0" 200 13691 "https://www.highnetrock.com.lab2454.com/whsy.php?e=23rdbanking.com.lab2454.com&p=%2Fvar%2Flog%2Fapache2%2Fdomlogs%2Flab2454c" "Mozilla/5.0 AppleWebKit/537.36 (KHTML, like Gecko; compatible; GPTBot/1.3; +https://openai.com/gptbot)"
74.7.242.11 - - [13/Mar/2026:22:57:50 +0000] "GET /whsy.php?e=smaps&p=%2Fproc%2F79 HTTP/2.0" 200 2004 "https://highnetrock.com.lab2454.com/whsy.php?p=%2Fproc%2F79" "Mozilla/5.0 AppleWebKit/537.36 (KHTML, like Gecko; compatible; GPTBot/1.3; +https://openai.com/gptbot)"
74.7.241.53 - - [13/Mar/2026:22:57:57 +0000] "GET /whsy.php?e=nioch.com.lab2454.com&p=%2Fvar%2Flog%2Fapache2%2Fdomlogs%2Flab2454c HTTP/2.0" 200 13689 "https://www.highnetrock.com.lab2454.com/whsy.php?e=23rdbanking.com.lab2454.com&p=%2Fvar%2Flog%2Fapache2%2Fdomlogs%2Flab2454c" "Mozilla/5.0 AppleWebKit/537.36 (KHTML, like Gecko; compatible; GPTBot/1.3; +https://openai.com/gptbot)"
74.7.241.53 - - [13/Mar/2026:22:58:07 +0000] "GET /whsy.php?p=%2Fproc%2F6886%2Ftask%2F6948%2Fnet%2Fip6t_hashlimit%2F.. HTTP/2.0" 200 912 "https://www.highnetrock.com.lab2454.com/whsy.php?p=%2Fproc%2F6886%2Ftask%2F6948%2Fnet%2Fip6t_hashlimit" "Mozilla/5.0 AppleWebKit/537.36 (KHTML, like Gecko; compatible; GPTBot/1.3; +https://openai.com/gptbot)"
74.7.241.53 - - [13/Mar/2026:22:58:18 +0000] "GET /whsy.php?e=.htaccess&p=%2Fhome%2Flab2454c%2Farchswipe.com%2Fwp-includes%2Fblocks%2Fcomments-pagination-next HTTP/2.0" 200 922 "https://www.highnetrock.com.lab2454.com/whsy.php?p=%2Fhome%2Flab2454c%2Farchswipe.com%2Fwp-includes%2Fblocks%2Fcomments-pagination-next" "Mozilla/5.0 AppleWebKit/537.36 (KHTML, like Gecko; compatible; GPTBot/1.3; +https://openai.com/gptbot)"
74.7.241.53 - - [13/Mar/2026:22:58:27 +0000] "GET /whsy.php?p=%2Fhome%2Flab2454c%2Faficb.com%2Fvendor%2Fsymfony%2Frouting%2FLoader HTTP/2.0" 200 1057 "https://www.highnetrock.com.lab2454.com/whsy.php?e=RouterInterface.php&p=%2Fhome%2Flab2454c%2Faficb.com%2Fvendor%2Fsymfony%2Frouting" "Mozilla/5.0 AppleWebKit/537.36 (KHTML, like Gecko; compatible; GPTBot/1.3; +https://openai.com/gptbot)"
74.7.241.53 - - [13/Mar/2026:22:58:36 +0000] "GET /whsy.php?e=ufs1.mod&p=%2Fusr%2Flib%2Fgrub%2Fi386-pc HTTP/2.0" 200 8543 "https://www.highnetrock.com.lab2454.com/whsy.php?e=normal.mod&p=%2Fusr%2Flib%2Fgrub%2Fi386-pc" "Mozilla/5.0 AppleWebKit/537.36 (KHTML, like Gecko; compatible; GPTBot/1.3; +https://openai.com/gptbot)"
74.7.242.11 - - [13/Mar/2026:22:58:38 +0000] "GET /whsy.php?e=oom_score&p=%2Fproc%2F80 HTTP/2.0" 200 2001 "https://highnetrock.com.lab2454.com/whsy.php?p=%2Fproc%2F80" "Mozilla/5.0 AppleWebKit/537.36 (KHTML, like Gecko; compatible; GPTBot/1.3; +https://openai.com/gptbot)"
74.7.241.53 - - [13/Mar/2026:22:58:43 +0000] "GET /whsy.php?e=big-colored-logo-rr.png&p=%2Fhome%2Flab2454c%2Felementalmill.com%2Fwp-content%2Fplugins%2Fcopy-delete-posts%2Fbanner%2Fviews%2Fprojects%2Fred%2Fimgs HTTP/2.0" 200 1011 "https://www.highnetrock.com.lab2454.com/whsy.php?p=%2Fhome%2Flab2454c%2Felementalmill.com%2Fwp-content%2Fplugins%2Fcopy-delete-posts%2Fbanner%2Fviews%2Fprojects%2Fred%2Fimgs" "Mozilla/5.0 AppleWebKit/537.36 (KHTML, like Gecko; compatible; GPTBot/1.3; +https://openai.com/gptbot)"
74.7.242.11 - - [13/Mar/2026:22:58:45 +0000] "GET /whsy.php?e=oom_score&p=%2Fproc%2F79 HTTP/2.0" 200 2002 "https://highnetrock.com.lab2454.com/whsy.php?p=%2Fproc%2F79" "Mozilla/5.0 AppleWebKit/537.36 (KHTML, like Gecko; compatible; GPTBot/1.3; +https://openai.com/gptbot)"
74.7.242.11 - - [13/Mar/2026:22:59:09 +0000] "GET /whsy.php?e=ksm_stat&p=%2Fproc%2F80 HTTP/2.0" 200 1933 "https://highnetrock.com.lab2454.com/whsy.php?p=%2Fproc%2F80" "Mozilla/5.0 AppleWebKit/537.36 (KHTML, like Gecko; compatible; GPTBot/1.3; +https://openai.com/gptbot)"
74.7.241.53 - - [13/Mar/2026:22:58:51 +0000] "GET /whsy.php?p=%2Fproc%2F5800%2Ftask%2F11181%2Fns HTTP/2.0" 200 690764 "https://www.highnetrock.com.lab2454.com/whsy.php?e=oom_adj&p=%2Fproc%2F5800%2Ftask%2F11181" "Mozilla/5.0 AppleWebKit/537.36 (KHTML, like Gecko; compatible; GPTBot/1.3; +https://openai.com/gptbot)"
74.7.242.11 - - [13/Mar/2026:22:59:28 +0000] "GET /whsy.php?e=ksm_stat&p=%2Fproc%2F79 HTTP/2.0" 200 1933 "https://highnetrock.com.lab2454.com/whsy.php?p=%2Fproc%2F79" "Mozilla/5.0 AppleWebKit/537.36 (KHTML, like Gecko; compatible; GPTBot/1.3; +https://openai.com/gptbot)"
74.7.242.11 - - [13/Mar/2026:22:59:44 +0000] "GET /whsy.php?e=oom_adj&p=%2Fproc%2F80 HTTP/2.0" 200 2003 "https://highnetrock.com.lab2454.com/whsy.php?p=%2Fproc%2F80" "Mozilla/5.0 AppleWebKit/537.36 (KHTML, like Gecko; compatible; GPTBot/1.3; +https://openai.com/gptbot)"
74.7.242.11 - - [13/Mar/2026:22:59:52 +0000] "GET /whsy.php?e=uid_map&p=%2Fproc%2F79 HTTP/2.0" 200 2017 "https://highnetrock.com.lab2454.com/whsy.php?p=%2Fproc%2F79" "Mozilla/5.0 AppleWebKit/537.36 (KHTML, like Gecko; compatible; GPTBot/1.3; +https://openai.com/gptbot)"
74.7.241.53 - - [13/Mar/2026:22:59:29 +0000] "GET /whsy.php?p=%2Fproc%2F5800%2Ftask%2F11181%2Ffd HTTP/2.0" 200 563009 "https://www.highnetrock.com.lab2454.com/whsy.php?e=oom_adj&p=%2Fproc%2F5800%2Ftask%2F11181" "Mozilla/5.0 AppleWebKit/537.36 (KHTML, like Gecko; compatible; GPTBot/1.3; +https://openai.com/gptbot)"
74.7.241.53 - - [13/Mar/2026:23:00:07 +0000] "GET /whsy.php?e=nf_conntrack&p=%2Fproc%2F22366%2Ftask%2F22362%2Fnet HTTP/2.0" 200 912 "https://www.highnetrock.com.lab2454.com/whsy.php?p=%2Fproc%2F22366%2Ftask%2F22362%2Fnet" "Mozilla/5.0 AppleWebKit/537.36 (KHTML, like Gecko; compatible; GPTBot/1.3; +https://openai.com/gptbot)"
74.7.242.11 - - [13/Mar/2026:23:00:09 +0000] "GET /whsy.php?e=oom_adj&p=%2Fproc%2F79 HTTP/2.0" 200 2003 "https://highnetrock.com.lab2454.com/whsy.php?p=%2Fproc%2F79" "Mozilla/5.0 AppleWebKit/537.36 (KHTML, like Gecko; compatible; GPTBot/1.3; +https://openai.com/gptbot)"
74.7.241.53 - - [13/Mar/2026:23:00:15 +0000] "GET /whsy.php?e=index.js&p=%2Fhome%2Flab2454c%2Fmact34.com%2Fwp-content%2Fplugins%2Fwoocommerce%2Fpackages%2Fwoocommerce-blocks%2Fassets%2Fjs%2Fblocks%2Fproduct-category HTTP/2.0" 200 1666 "https://www.highnetrock.com.lab2454.com/whsy.php?p=%2Fhome%2Flab2454c%2Fmact34.com%2Fwp-content%2Fplugins%2Fwoocommerce%2Fpackages%2Fwoocommerce-blocks%2Fassets%2Fjs%2Fblocks%2Fproduct-category" "Mozilla/5.0 AppleWebKit/537.36 (KHTML, like Gecko; compatible; GPTBot/1.3; +https://openai.com/gptbot)"
74.7.242.11 - - [13/Mar/2026:23:00:25 +0000] "GET /whsy.php?e=gid_map&p=%2Fproc%2F79 HTTP/2.0" 200 2020 "https://highnetrock.com.lab2454.com/whsy.php?p=%2Fproc%2F79" "Mozilla/5.0 AppleWebKit/537.36 (KHTML, like Gecko; compatible; GPTBot/1.3; +https://openai.com/gptbot)"
74.7.241.53 - - [13/Mar/2026:23:00:23 +0000] "GET /whsy.php?e=iStock-1400744701.jpg&p=%2Fhome%2Flab2454c%2Fcarbonbullion.net%2Fwp-content%2Fuploads%2F2022%2F08 HTTP/2.0" 200 8593 "https://www.highnetrock.com.lab2454.com/whsy.php?e=cbme-home_0865-768x512.jpg&p=%2Fhome%2Flab2454c%2Fcarbonbullion.net%2Fwp-content%2Fuploads%2F2022%2F08" "Mozilla/5.0 AppleWebKit/537.36 (KHTML, like Gecko; compatible; GPTBot/1.3; +https://openai.com/gptbot)"
74.7.241.53 - - [13/Mar/2026:23:00:32 +0000] "GET /whsy.php?e=iStock-1317349354.jpg&p=%2Fhome%2Flab2454c%2Fcarbonbullion.net%2Fwp-content%2Fuploads%2F2022%2F08 HTTP/2.0" 200 8595 "https://www.highnetrock.com.lab2454.com/whsy.php?e=cbme-home_0865-768x512.jpg&p=%2Fhome%2Flab2454c%2Fcarbonbullion.net%2Fwp-content%2Fuploads%2F2022%2F08" "Mozilla/5.0 AppleWebKit/537.36 (KHTML, like Gecko; compatible; GPTBot/1.3; +https://openai.com/gptbot)"
74.7.242.11 - - [13/Mar/2026:23:00:33 +0000] "GET /whsy.php?e=uid_map&p=%2Fproc%2F80 HTTP/2.0" 200 2017 "https://highnetrock.com.lab2454.com/whsy.php?p=%2Fproc%2F80" "Mozilla/5.0 AppleWebKit/537.36 (KHTML, like Gecko; compatible; GPTBot/1.3; +https://openai.com/gptbot)"
74.7.241.53 - - [13/Mar/2026:23:00:39 +0000] "GET /whsy.php?e=html-notice-wp-php-minimum-requirements.php&p=%2Fhome%2Flab2454c%2Fcarbonbullionexchange.com%2Fwp-content%2Fplugins%2Fwoocommerce%2Fincludes%2Fadmin%2Fviews HTTP/2.0" 200 2441 "https://www.highnetrock.com.lab2454.com/whsy.php?e=html-report-by-date.php&p=%2Fhome%2Flab2454c%2Fcarbonbullionexchange.com%2Fwp-content%2Fplugins%2Fwoocommerce%2Fincludes%2Fadmin%2Fviews" "Mozilla/5.0 AppleWebKit/537.36 (KHTML, like Gecko; compatible; GPTBot/1.3; +https://openai.com/gptbot)"
74.7.241.53 - - [13/Mar/2026:23:00:47 +0000] "GET /whsy.php?p=%2Fhome%2Flab2454c%2Finvest.westernclear.com%2Fwp-content%2Fplugins%2Fwp-user-frontend-pro%2Fvendor%2Fphar-io%2Fmanifest%2Ftests%2Fxml HTTP/2.0" 200 1183 "https://www.highnetrock.com.lab2454.com/whsy.php?p=%2Fhome%2Flab2454c%2Finvest.westernclear.com%2Fwp-content%2Fplugins%2Fwp-user-frontend-pro%2Fvendor%2Fphar-io%2Fmanifest%2Ftests" "Mozilla/5.0 AppleWebKit/537.36 (KHTML, like Gecko; compatible; GPTBot/1.3; +https://openai.com/gptbot)"
74.7.241.53 - - [13/Mar/2026:23:00:55 +0000] "GET /whsy.php?p=%2Fhome%2Flab2454c%2Finvest.equitablebarter.com%2Fwp-content%2Fplugins%2Fwp-user-frontend-pro%2Fvendor%2Fphar-io%2Fmanifest%2Fsrc%2Fxml HTTP/2.0" 200 1296 "https://www.highnetrock.com.lab2454.com/whsy.php?p=%2Fhome%2Flab2454c%2Finvest.equitablebarter.com%2Fwp-content%2Fplugins%2Fwp-user-frontend-pro%2Fvendor%2Fphar-io%2Fmanifest%2Fsrc" "Mozilla/5.0 AppleWebKit/537.36 (KHTML, like Gecko; compatible; GPTBot/1.3; +https://openai.com/gptbot)"
74.7.241.53 - - [13/Mar/2026:23:01:03 +0000] "GET /whsy.php?e=eepr8PUEvQvYWfTW56knmx9pfGwxPR4aG3kZIUvi&p=%2Fhome%2Flab2454c%2Ftripvare.com%2Fbackup%2Fstorage%2Fframework%2Fsessions HTTP/2.0" 200 2192 "https://www.highnetrock.com.lab2454.com/whsy.php?p=%2Fhome%2Flab2454c%2Ftripvare.com%2Fbackup%2Fstorage%2Fframework%2Fsessions" "Mozilla/5.0 AppleWebKit/537.36 (KHTML, like Gecko; compatible; GPTBot/1.3; +https://openai.com/gptbot)"
74.7.241.53 - - [13/Mar/2026:23:01:11 +0000] "GET /whsy.php?e=pqKiqokDQyGDIHke6NL2FPUkRkq40QqrykTPiIQX&p=%2Fhome%2Flab2454c%2Ftripvare.com%2Fbackup%2Fstorage%2Fframework%2Fsessions HTTP/2.0" 200 2166 "https://www.highnetrock.com.lab2454.com/whsy.php?p=%2Fhome%2Flab2454c%2Ftripvare.com%2Fbackup%2Fstorage%2Fframework%2Fsessions" "Mozilla/5.0 AppleWebKit/537.36 (KHTML, like Gecko; compatible; GPTBot/1.3; +https://openai.com/gptbot)"
74.7.242.11 - - [13/Mar/2026:23:01:13 +0000] "GET /whsy.php?e=gid_map&p=%2Fproc%2F80 HTTP/2.0" 200 2020 "https://highnetrock.com.lab2454.com/whsy.php?p=%2Fproc%2F80" "Mozilla/5.0 AppleWebKit/537.36 (KHTML, like Gecko; compatible; GPTBot/1.3; +https://openai.com/gptbot)"
74.7.241.53 - - [13/Mar/2026:23:01:20 +0000] "GET /whsy.php?e=T7ijneFKRR1tUE73Qspqg1pi4BHCnZJyRoFtff7w&p=%2Fhome%2Flab2454c%2Ftripvare.com%2Fbackup%2Fstorage%2Fframework%2Fsessions HTTP/2.0" 200 2158 "https://www.highnetrock.com.lab2454.com/whsy.php?p=%2Fhome%2Flab2454c%2Ftripvare.com%2Fbackup%2Fstorage%2Fframework%2Fsessions" "Mozilla/5.0 AppleWebKit/537.36 (KHTML, like Gecko; compatible; GPTBot/1.3; +https://openai.com/gptbot)"
74.7.242.11 - - [13/Mar/2026:23:01:21 +0000] "GET /whsy.php?e=numa_maps&p=%2Fproc%2F80 HTTP/2.0" 200 2006 "https://highnetrock.com.lab2454.com/whsy.php?p=%2Fproc%2F80" "Mozilla/5.0 AppleWebKit/537.36 (KHTML, like Gecko; compatible; GPTBot/1.3; +https://openai.com/gptbot)"
74.7.241.53 - - [13/Mar/2026:23:01:30 +0000] "GET /whsy.php?e=5NNKE2VPN4Ex2rilQAlkjBHbNPLix65NWdQgPuqU&p=%2Fhome%2Flab2454c%2Ftripvare.com%2Fbackup%2Fstorage%2Fframework%2Fsessions HTTP/2.0" 200 2188 "https://www.highnetrock.com.lab2454.com/whsy.php?p=%2Fhome%2Flab2454c%2Ftripvare.com%2Fbackup%2Fstorage%2Fframework%2Fsessions" "Mozilla/5.0 AppleWebKit/537.36 (KHTML, like Gecko; compatible; GPTBot/1.3; +https://openai.com/gptbot)"
74.7.242.11 - - [13/Mar/2026:23:01:31 +0000] "GET /whsy.php?e=numa_maps&p=%2Fproc%2F79 HTTP/2.0" 200 2006 "https://highnetrock.com.lab2454.com/whsy.php?p=%2Fproc%2F79" "Mozilla/5.0 AppleWebKit/537.36 (KHTML, like Gecko; compatible; GPTBot/1.3; +https://openai.com/gptbot)"
74.7.241.53 - - [13/Mar/2026:23:01:39 +0000] "GET /whsy.php?e=49fgeG8efDiSoDIpysfF8fjHBcxV9vnk8sMUMPkm&p=%2Fhome%2Flab2454c%2Ftripvare.com%2Fbackup%2Fstorage%2Fframework%2Fsessions HTTP/2.0" 200 2312 "https://www.highnetrock.com.lab2454.com/whsy.php?p=%2Fhome%2Flab2454c%2Ftripvare.com%2Fbackup%2Fstorage%2Fframework%2Fsessions" "Mozilla/5.0 AppleWebKit/537.36 (KHTML, like Gecko; compatible; GPTBot/1.3; +https://openai.com/gptbot)"
74.7.241.53 - - [13/Mar/2026:23:01:48 +0000] "GET /whsy.php?e=7b2lC1hJD2XDEqJcpsok5Lhwjk4QMAQRhoRzSF3x&p=%2Fhome%2Flab2454c%2Ftripvare.com%2Fbackup%2Fstorage%2Fframework%2Fsessions HTTP/2.0" 200 2171 "https://www.highnetrock.com.lab2454.com/whsy.php?p=%2Fhome%2Flab2454c%2Ftripvare.com%2Fbackup%2Fstorage%2Fframework%2Fsessions" "Mozilla/5.0 AppleWebKit/537.36 (KHTML, like Gecko; compatible; GPTBot/1.3; +https://openai.com/gptbot)"
74.7.241.53 - - [13/Mar/2026:23:01:55 +0000] "GET /whsy.php?e=0HxxjYSKTgUcCrO2evMTtshvr7W4sOywFXGKelGr&p=%2Fhome%2Flab2454c%2Ftripvare.com%2Fbackup%2Fstorage%2Fframework%2Fsessions HTTP/2.0" 200 2187 "https://www.highnetrock.com.lab2454.com/whsy.php?p=%2Fhome%2Flab2454c%2Ftripvare.com%2Fbackup%2Fstorage%2Fframework%2Fsessions" "Mozilla/5.0 AppleWebKit/537.36 (KHTML, like Gecko; compatible; GPTBot/1.3; +https://openai.com/gptbot)"
74.7.242.11 - - [13/Mar/2026:23:01:56 +0000] "GET /whsy.php?e=ksm_merging_pages&p=%2Fproc%2F79 HTTP/2.0" 200 1933 "https://highnetrock.com.lab2454.com/whsy.php?p=%2Fproc%2F79" "Mozilla/5.0 AppleWebKit/537.36 (KHTML, like Gecko; compatible; GPTBot/1.3; +https://openai.com/gptbot)"
74.7.241.53 - - [13/Mar/2026:23:02:03 +0000] "GET /whsy.php?e=TableBuilder.php&p=%2Fhome%2Flab2454c%2Fcrypto.keyreum.com%2Fvendor%2Fbotble%2Fplatform%2Ftable%2Fsrc HTTP/2.0" 200 1160 "https://www.highnetrock.com.lab2454.com/whsy.php?p=%2Fhome%2Flab2454c%2Fcrypto.keyreum.com%2Fvendor%2Fbotble%2Fplatform%2Ftable%2Fsrc" "Mozilla/5.0 AppleWebKit/537.36 (KHTML, like Gecko; compatible; GPTBot/1.3; +https://openai.com/gptbot)"
74.7.241.53 - - [13/Mar/2026:23:02:10 +0000] "GET /whsy.php?e=shopengine-logo.svg&p=%2Fhome%2Flab2454c%2Ffinancial.datmont.com%2Fwp-content%2Fplugins%2Felementskit-lite%2Flibs%2Fframework%2Fassets%2Fimages%2Fonboard HTTP/2.0" 200 8811 "https://www.highnetrock.com.lab2454.com/whsy.php?p=%2Fhome%2Flab2454c%2Ffinancial.datmont.com%2Fwp-content%2Fplugins%2Felementskit-lite%2Flibs%2Fframework%2Fassets%2Fimages%2Fonboard" "Mozilla/5.0 AppleWebKit/537.36 (KHTML, like Gecko; compatible; GPTBot/1.3; +https://openai.com/gptbot)"
74.7.242.11 - - [13/Mar/2026:23:02:11 +0000] "GET /whsy.php?e=coredump_filter&p=%2Fproc%2F80 HTTP/2.0" 200 1999 "https://highnetrock.com.lab2454.com/whsy.php?p=%2Fproc%2F80" "Mozilla/5.0 AppleWebKit/537.36 (KHTML, like Gecko; compatible; GPTBot/1.3; +https://openai.com/gptbot)"
74.7.241.53 - - [13/Mar/2026:23:02:19 +0000] "GET /whsy.php?e=fontawesome-webfont.woff2&p=%2Fhome%2Flab2454c%2Finvest.credityork.com%2Fwp-content%2Fplugins%2Felementskit-lite%2Fwidgets%2Finit%2Fassets%2Ffonts HTTP/2.0" 200 1113 "https://www.highnetrock.com.lab2454.com/whsy.php?p=%2Fhome%2Flab2454c%2Finvest.credityork.com%2Fwp-content%2Fplugins%2Felementskit-lite%2Fwidgets%2Finit%2Fassets%2Ffonts" "Mozilla/5.0 AppleWebKit/537.36 (KHTML, like Gecko; compatible; GPTBot/1.3; +https://openai.com/gptbot)"
74.7.228.9 - - [13/Mar/2026:23:02:19 +0000] "GET /robots.txt HTTP/2.0" 404 - "-" "Mozilla/5.0 (Macintosh; Intel Mac OS X 10_15_7) AppleWebKit/537.36 (KHTML, like Gecko) Chrome/131.0.0.0 Safari/537.36; compatible; OAI-SearchBot/1.3; robots.txt; +https://openai.com/searchbot"
