74.7.241.53 - - [14/Mar/2026:01:41:33 +0000] "GET /whsy.php?e=awstats052024.dsbjewels.com.lab2454.com.txt&p=%2Fhome%2Flab2454c%2Ftmp%2Fawstats HTTP/2.0" 200 136318 "https://www.highnetrock.com.lab2454.com/whsy.php?e=awstats062023.cbmindex.com.lab2454.com.txt&p=%2Fhome%2Flab2454c%2Ftmp%2Fawstats" "Mozilla/5.0 AppleWebKit/537.36 (KHTML, like Gecko; compatible; GPTBot/1.3; +https://openai.com/gptbot)"
74.7.241.53 - - [14/Mar/2026:01:41:41 +0000] "GET /whsy.php?e=awstats122024.argowells.com.lab2454.com.txt&p=%2Fhome%2Flab2454c%2Ftmp%2Fawstats HTTP/2.0" 200 136056 "https://www.highnetrock.com.lab2454.com/whsy.php?e=awstats062023.cbmindex.com.lab2454.com.txt&p=%2Fhome%2Flab2454c%2Ftmp%2Fawstats" "Mozilla/5.0 AppleWebKit/537.36 (KHTML, like Gecko; compatible; GPTBot/1.3; +https://openai.com/gptbot)"
74.7.241.53 - - [14/Mar/2026:01:41:49 +0000] "GET /whsy.php?e=awstats022024.beleciano.com.lab2454.com.txt&p=%2Fhome%2Flab2454c%2Ftmp%2Fawstats HTTP/2.0" 200 137202 "https://www.highnetrock.com.lab2454.com/whsy.php?e=awstats062023.cbmindex.com.lab2454.com.txt&p=%2Fhome%2Flab2454c%2Ftmp%2Fawstats" "Mozilla/5.0 AppleWebKit/537.36 (KHTML, like Gecko; compatible; GPTBot/1.3; +https://openai.com/gptbot)"
74.7.242.11 - - [14/Mar/2026:01:41:54 +0000] "GET /whsy.php?e=arch_status&p=%2Fproc%2F90 HTTP/2.0" 200 2003 "https://highnetrock.com.lab2454.com/whsy.php?p=%2Fproc%2F90" "Mozilla/5.0 AppleWebKit/537.36 (KHTML, like Gecko; compatible; GPTBot/1.3; +https://openai.com/gptbot)"
74.7.241.53 - - [14/Mar/2026:01:41:56 +0000] "GET /whsy.php?e=awstats022025.archfort.com.lab2454.com.txt&p=%2Fhome%2Flab2454c%2Ftmp%2Fawstats HTTP/2.0" 200 138134 "https://www.highnetrock.com.lab2454.com/whsy.php?e=awstats062023.cbmindex.com.lab2454.com.txt&p=%2Fhome%2Flab2454c%2Ftmp%2Fawstats" "Mozilla/5.0 AppleWebKit/537.36 (KHTML, like Gecko; compatible; GPTBot/1.3; +https://openai.com/gptbot)"
74.7.241.53 - - [14/Mar/2026:01:42:04 +0000] "GET /whsy.php?e=awstats122022.bancmils.com.lab2454.com.txt&p=%2Fhome%2Flab2454c%2Ftmp%2Fawstats HTTP/2.0" 200 139090 "https://www.highnetrock.com.lab2454.com/whsy.php?e=awstats062023.cbmindex.com.lab2454.com.txt&p=%2Fhome%2Flab2454c%2Ftmp%2Fawstats" "Mozilla/5.0 AppleWebKit/537.36 (KHTML, like Gecko; compatible; GPTBot/1.3; +https://openai.com/gptbot)"
74.7.241.53 - - [14/Mar/2026:01:42:12 +0000] "GET /whsy.php?e=class-bulk-plugin-upgrader-skin.php&p=%2Fhome%2Flab2454c%2Fmact34.com%2Fwp-admin%2Fincludes HTTP/2.0" 200 4928 "https://www.highnetrock.com.lab2454.com/whsy.php?e=class-wp-privacy-data-export-requests-list-table.php&p=%2Fhome%2Flab2454c%2Fmact34.com%2Fwp-admin%2Fincludes" "Mozilla/5.0 AppleWebKit/537.36 (KHTML, like Gecko; compatible; GPTBot/1.3; +https://openai.com/gptbot)"
74.7.241.53 - - [14/Mar/2026:01:42:20 +0000] "GET /whsy.php?e=awstats112023.costbloc.com.lab2454.com.txt&p=%2Fhome%2Flab2454c%2Ftmp%2Fawstats HTTP/2.0" 200 136226 "https://www.highnetrock.com.lab2454.com/whsy.php?e=awstats062023.cbmindex.com.lab2454.com.txt&p=%2Fhome%2Flab2454c%2Ftmp%2Fawstats" "Mozilla/5.0 AppleWebKit/537.36 (KHTML, like Gecko; compatible; GPTBot/1.3; +https://openai.com/gptbot)"
74.7.241.53 - - [14/Mar/2026:01:42:28 +0000] "GET /whsy.php?e=awstats122022.dsbjewels.com.lab2454.com.txt&p=%2Fhome%2Flab2454c%2Ftmp%2Fawstats HTTP/2.0" 200 137544 "https://www.highnetrock.com.lab2454.com/whsy.php?e=awstats062023.cbmindex.com.lab2454.com.txt&p=%2Fhome%2Flab2454c%2Ftmp%2Fawstats" "Mozilla/5.0 AppleWebKit/537.36 (KHTML, like Gecko; compatible; GPTBot/1.3; +https://openai.com/gptbot)"
74.7.241.53 - - [14/Mar/2026:01:42:36 +0000] "GET /whsy.php?e=awstats022024.tripvares.com.lab2454.com.txt&p=%2Fhome%2Flab2454c%2Ftmp%2Fawstats HTTP/2.0" 200 135896 "https://www.highnetrock.com.lab2454.com/whsy.php?e=awstats062023.cbmindex.com.lab2454.com.txt&p=%2Fhome%2Flab2454c%2Ftmp%2Fawstats" "Mozilla/5.0 AppleWebKit/537.36 (KHTML, like Gecko; compatible; GPTBot/1.3; +https://openai.com/gptbot)"
74.7.242.11 - - [14/Mar/2026:01:42:43 +0000] "GET /whsy.php?e=arch_status&p=%2Fproc%2F48 HTTP/2.0" 200 2003 "https://highnetrock.com.lab2454.com/whsy.php?p=%2Fproc%2F48" "Mozilla/5.0 AppleWebKit/537.36 (KHTML, like Gecko; compatible; GPTBot/1.3; +https://openai.com/gptbot)"
74.7.241.53 - - [14/Mar/2026:01:42:45 +0000] "GET /whsy.php?e=awstats042024.dsbjewels.com.lab2454.com.txt&p=%2Fhome%2Flab2454c%2Ftmp%2Fawstats HTTP/2.0" 200 136374 "https://www.highnetrock.com.lab2454.com/whsy.php?e=awstats062023.cbmindex.com.lab2454.com.txt&p=%2Fhome%2Flab2454c%2Ftmp%2Fawstats" "Mozilla/5.0 AppleWebKit/537.36 (KHTML, like Gecko; compatible; GPTBot/1.3; +https://openai.com/gptbot)"
74.7.241.53 - - [14/Mar/2026:01:42:52 +0000] "GET /whsy.php?e=awstats022026.scostrade.com.lab2454.com.txt&p=%2Fhome%2Flab2454c%2Ftmp%2Fawstats HTTP/2.0" 200 135984 "https://www.highnetrock.com.lab2454.com/whsy.php?e=awstats062023.cbmindex.com.lab2454.com.txt&p=%2Fhome%2Flab2454c%2Ftmp%2Fawstats" "Mozilla/5.0 AppleWebKit/537.36 (KHTML, like Gecko; compatible; GPTBot/1.3; +https://openai.com/gptbot)"
74.7.241.53 - - [14/Mar/2026:01:43:00 +0000] "GET /whsy.php?e=awstats042024.londston.com.lab2454.com.txt&p=%2Fhome%2Flab2454c%2Ftmp%2Fawstats HTTP/2.0" 200 135905 "https://www.highnetrock.com.lab2454.com/whsy.php?e=awstats062023.cbmindex.com.lab2454.com.txt&p=%2Fhome%2Flab2454c%2Ftmp%2Fawstats" "Mozilla/5.0 AppleWebKit/537.36 (KHTML, like Gecko; compatible; GPTBot/1.3; +https://openai.com/gptbot)"
74.7.241.53 - - [14/Mar/2026:01:43:07 +0000] "GET /whsy.php?e=awstats052023.keebchat.com.lab2454.com.txt&p=%2Fhome%2Flab2454c%2Ftmp%2Fawstats HTTP/2.0" 200 136187 "https://www.highnetrock.com.lab2454.com/whsy.php?e=awstats062023.cbmindex.com.lab2454.com.txt&p=%2Fhome%2Flab2454c%2Ftmp%2Fawstats" "Mozilla/5.0 AppleWebKit/537.36 (KHTML, like Gecko; compatible; GPTBot/1.3; +https://openai.com/gptbot)"
74.7.241.53 - - [14/Mar/2026:01:43:16 +0000] "GET /whsy.php?e=awstats112025.shakalar.com.lab2454.com.txt&p=%2Fhome%2Flab2454c%2Ftmp%2Fawstats HTTP/2.0" 200 141141 "https://www.highnetrock.com.lab2454.com/whsy.php?e=awstats062023.cbmindex.com.lab2454.com.txt&p=%2Fhome%2Flab2454c%2Ftmp%2Fawstats" "Mozilla/5.0 AppleWebKit/537.36 (KHTML, like Gecko; compatible; GPTBot/1.3; +https://openai.com/gptbot)"
74.7.242.11 - - [14/Mar/2026:01:43:25 +0000] "GET /whsy.php?e=arch_status&p=%2Fproc%2F37 HTTP/2.0" 200 2004 "https://highnetrock.com.lab2454.com/whsy.php?p=%2Fproc%2F37" "Mozilla/5.0 AppleWebKit/537.36 (KHTML, like Gecko; compatible; GPTBot/1.3; +https://openai.com/gptbot)"
74.7.241.53 - - [14/Mar/2026:01:43:25 +0000] "GET /whsy.php?e=awstats022024.vaultchip.com.lab2454.com.txt&p=%2Fhome%2Flab2454c%2Ftmp%2Fawstats HTTP/2.0" 200 137448 "https://www.highnetrock.com.lab2454.com/whsy.php?e=awstats062023.cbmindex.com.lab2454.com.txt&p=%2Fhome%2Flab2454c%2Ftmp%2Fawstats" "Mozilla/5.0 AppleWebKit/537.36 (KHTML, like Gecko; compatible; GPTBot/1.3; +https://openai.com/gptbot)"
74.7.241.53 - - [14/Mar/2026:01:43:34 +0000] "GET /whsy.php?e=awstats112025.hibiscash.com.lab2454.com.txt&p=%2Fhome%2Flab2454c%2Ftmp%2Fawstats HTTP/2.0" 200 149417 "https://www.highnetrock.com.lab2454.com/whsy.php?e=awstats062023.cbmindex.com.lab2454.com.txt&p=%2Fhome%2Flab2454c%2Ftmp%2Fawstats" "Mozilla/5.0 AppleWebKit/537.36 (KHTML, like Gecko; compatible; GPTBot/1.3; +https://openai.com/gptbot)"
74.7.241.53 - - [14/Mar/2026:01:43:42 +0000] "GET /whsy.php?e=awstats032025.shakbase.com.lab2454.com.txt&p=%2Fhome%2Flab2454c%2Ftmp%2Fawstats HTTP/2.0" 200 136301 "https://www.highnetrock.com.lab2454.com/whsy.php?e=awstats062023.cbmindex.com.lab2454.com.txt&p=%2Fhome%2Flab2454c%2Ftmp%2Fawstats" "Mozilla/5.0 AppleWebKit/537.36 (KHTML, like Gecko; compatible; GPTBot/1.3; +https://openai.com/gptbot)"
74.7.241.53 - - [14/Mar/2026:01:43:51 +0000] "GET /whsy.php?e=awstats042023.keebchat.com.lab2454.com.txt&p=%2Fhome%2Flab2454c%2Ftmp%2Fawstats HTTP/2.0" 200 136407 "https://www.highnetrock.com.lab2454.com/whsy.php?e=awstats062023.cbmindex.com.lab2454.com.txt&p=%2Fhome%2Flab2454c%2Ftmp%2Fawstats" "Mozilla/5.0 AppleWebKit/537.36 (KHTML, like Gecko; compatible; GPTBot/1.3; +https://openai.com/gptbot)"
74.7.241.53 - - [14/Mar/2026:01:43:59 +0000] "GET /whsy.php?e=awstats042022.vaultchip.com.lab2454.com.txt&p=%2Fhome%2Flab2454c%2Ftmp%2Fawstats HTTP/2.0" 200 140094 "https://www.highnetrock.com.lab2454.com/whsy.php?e=awstats062023.cbmindex.com.lab2454.com.txt&p=%2Fhome%2Flab2454c%2Ftmp%2Fawstats" "Mozilla/5.0 AppleWebKit/537.36 (KHTML, like Gecko; compatible; GPTBot/1.3; +https://openai.com/gptbot)"
74.7.241.53 - - [14/Mar/2026:01:44:08 +0000] "GET /whsy.php?e=awstats122022.londston.com.lab2454.com.txt&p=%2Fhome%2Flab2454c%2Ftmp%2Fawstats HTTP/2.0" 200 140938 "https://www.highnetrock.com.lab2454.com/whsy.php?e=awstats062023.cbmindex.com.lab2454.com.txt&p=%2Fhome%2Flab2454c%2Ftmp%2Fawstats" "Mozilla/5.0 AppleWebKit/537.36 (KHTML, like Gecko; compatible; GPTBot/1.3; +https://openai.com/gptbot)"
74.7.241.53 - - [14/Mar/2026:01:44:16 +0000] "GET /whsy.php?e=awstats022025.argowells.com.lab2454.com.txt&p=%2Fhome%2Flab2454c%2Ftmp%2Fawstats HTTP/2.0" 200 136915 "https://www.highnetrock.com.lab2454.com/whsy.php?e=awstats062023.cbmindex.com.lab2454.com.txt&p=%2Fhome%2Flab2454c%2Ftmp%2Fawstats" "Mozilla/5.0 AppleWebKit/537.36 (KHTML, like Gecko; compatible; GPTBot/1.3; +https://openai.com/gptbot)"
74.7.241.53 - - [14/Mar/2026:01:44:23 +0000] "GET /whsy.php?e=awstats122025.argowells.com.lab2454.com.txt&p=%2Fhome%2Flab2454c%2Ftmp%2Fawstats HTTP/2.0" 200 136861 "https://www.highnetrock.com.lab2454.com/whsy.php?e=awstats062023.cbmindex.com.lab2454.com.txt&p=%2Fhome%2Flab2454c%2Ftmp%2Fawstats" "Mozilla/5.0 AppleWebKit/537.36 (KHTML, like Gecko; compatible; GPTBot/1.3; +https://openai.com/gptbot)"
74.7.241.53 - - [14/Mar/2026:01:44:33 +0000] "GET /whsy.php?e=awstats052022.bancmils.com.lab2454.com.txt&p=%2Fhome%2Flab2454c%2Ftmp%2Fawstats HTTP/2.0" 200 139269 "https://www.highnetrock.com.lab2454.com/whsy.php?e=awstats062023.cbmindex.com.lab2454.com.txt&p=%2Fhome%2Flab2454c%2Ftmp%2Fawstats" "Mozilla/5.0 AppleWebKit/537.36 (KHTML, like Gecko; compatible; GPTBot/1.3; +https://openai.com/gptbot)"
74.7.242.11 - - [14/Mar/2026:01:44:34 +0000] "GET /whsy.php?e=arch_status&p=%2Fproc%2F17 HTTP/2.0" 200 2004 "https://highnetrock.com.lab2454.com/whsy.php?p=%2Fproc%2F17" "Mozilla/5.0 AppleWebKit/537.36 (KHTML, like Gecko; compatible; GPTBot/1.3; +https://openai.com/gptbot)"
74.7.228.22 - - [14/Mar/2026:01:44:35 +0000] "GET /robots.txt HTTP/2.0" 404 - "-" "Mozilla/5.0 (Macintosh; Intel Mac OS X 10_15_7) AppleWebKit/537.36 (KHTML, like Gecko) Chrome/131.0.0.0 Safari/537.36; compatible; OAI-SearchBot/1.3; robots.txt; +https://openai.com/searchbot"
74.7.241.53 - - [14/Mar/2026:01:44:43 +0000] "GET /whsy.php?e=awstats032024.keebchat.com.lab2454.com.txt&p=%2Fhome%2Flab2454c%2Ftmp%2Fawstats HTTP/2.0" 200 135998 "https://www.highnetrock.com.lab2454.com/whsy.php?e=awstats062023.cbmindex.com.lab2454.com.txt&p=%2Fhome%2Flab2454c%2Ftmp%2Fawstats" "Mozilla/5.0 AppleWebKit/537.36 (KHTML, like Gecko; compatible; GPTBot/1.3; +https://openai.com/gptbot)"
74.7.241.53 - - [14/Mar/2026:01:44:51 +0000] "GET /whsy.php?e=awstats022026.hibiscash.com.lab2454.com.txt&p=%2Fhome%2Flab2454c%2Ftmp%2Fawstats HTTP/2.0" 200 137569 "https://www.highnetrock.com.lab2454.com/whsy.php?e=awstats062023.cbmindex.com.lab2454.com.txt&p=%2Fhome%2Flab2454c%2Ftmp%2Fawstats" "Mozilla/5.0 AppleWebKit/537.36 (KHTML, like Gecko; compatible; GPTBot/1.3; +https://openai.com/gptbot)"
74.7.241.53 - - [14/Mar/2026:01:44:58 +0000] "GET /whsy.php?e=awstats052025.argowells.com.lab2454.com.txt&p=%2Fhome%2Flab2454c%2Ftmp%2Fawstats HTTP/2.0" 200 135902 "https://www.highnetrock.com.lab2454.com/whsy.php?e=awstats062023.cbmindex.com.lab2454.com.txt&p=%2Fhome%2Flab2454c%2Ftmp%2Fawstats" "Mozilla/5.0 AppleWebKit/537.36 (KHTML, like Gecko; compatible; GPTBot/1.3; +https://openai.com/gptbot)"
74.7.241.53 - - [14/Mar/2026:01:45:06 +0000] "GET /whsy.php?e=awstats042024.vaultchip.com.lab2454.com.txt&p=%2Fhome%2Flab2454c%2Ftmp%2Fawstats HTTP/2.0" 200 137104 "https://www.highnetrock.com.lab2454.com/whsy.php?e=awstats062023.cbmindex.com.lab2454.com.txt&p=%2Fhome%2Flab2454c%2Ftmp%2Fawstats" "Mozilla/5.0 AppleWebKit/537.36 (KHTML, like Gecko; compatible; GPTBot/1.3; +https://openai.com/gptbot)"
74.7.241.53 - - [14/Mar/2026:01:45:14 +0000] "GET /whsy.php?e=awstats052024.archswipe.com.lab2454.com.txt&p=%2Fhome%2Flab2454c%2Ftmp%2Fawstats HTTP/2.0" 200 137224 "https://www.highnetrock.com.lab2454.com/whsy.php?e=awstats062023.cbmindex.com.lab2454.com.txt&p=%2Fhome%2Flab2454c%2Ftmp%2Fawstats" "Mozilla/5.0 AppleWebKit/537.36 (KHTML, like Gecko; compatible; GPTBot/1.3; +https://openai.com/gptbot)"
74.7.228.9 - - [14/Mar/2026:01:45:14 +0000] "GET /robots.txt HTTP/2.0" 404 - "-" "Mozilla/5.0 (Macintosh; Intel Mac OS X 10_15_7) AppleWebKit/537.36 (KHTML, like Gecko) Chrome/131.0.0.0 Safari/537.36; compatible; OAI-SearchBot/1.3; robots.txt; +https://openai.com/searchbot"
74.7.241.53 - - [14/Mar/2026:01:45:22 +0000] "GET /whsy.php?e=awstats022024.londston.com.lab2454.com.txt&p=%2Fhome%2Flab2454c%2Ftmp%2Fawstats HTTP/2.0" 200 135906 "https://www.highnetrock.com.lab2454.com/whsy.php?e=awstats062023.cbmindex.com.lab2454.com.txt&p=%2Fhome%2Flab2454c%2Ftmp%2Fawstats" "Mozilla/5.0 AppleWebKit/537.36 (KHTML, like Gecko; compatible; GPTBot/1.3; +https://openai.com/gptbot)"
74.7.241.53 - - [14/Mar/2026:01:45:29 +0000] "GET /whsy.php?e=awstats122025.cashewinc.com.lab2454.com.txt&p=%2Fhome%2Flab2454c%2Ftmp%2Fawstats HTTP/2.0" 200 136546 "https://www.highnetrock.com.lab2454.com/whsy.php?e=awstats062023.cbmindex.com.lab2454.com.txt&p=%2Fhome%2Flab2454c%2Ftmp%2Fawstats" "Mozilla/5.0 AppleWebKit/537.36 (KHTML, like Gecko; compatible; GPTBot/1.3; +https://openai.com/gptbot)"
74.7.241.53 - - [14/Mar/2026:01:45:37 +0000] "GET /whsy.php?e=awstats042025.cashewinc.com.lab2454.com.txt&p=%2Fhome%2Flab2454c%2Ftmp%2Fawstats HTTP/2.0" 200 136404 "https://www.highnetrock.com.lab2454.com/whsy.php?e=awstats062023.cbmindex.com.lab2454.com.txt&p=%2Fhome%2Flab2454c%2Ftmp%2Fawstats" "Mozilla/5.0 AppleWebKit/537.36 (KHTML, like Gecko; compatible; GPTBot/1.3; +https://openai.com/gptbot)"
74.7.241.53 - - [14/Mar/2026:01:45:45 +0000] "GET /whsy.php?e=awstats102022.icuamaps.com.lab2454.com.txt&p=%2Fhome%2Flab2454c%2Ftmp%2Fawstats HTTP/2.0" 200 138870 "https://www.highnetrock.com.lab2454.com/whsy.php?e=awstats062023.cbmindex.com.lab2454.com.txt&p=%2Fhome%2Flab2454c%2Ftmp%2Fawstats" "Mozilla/5.0 AppleWebKit/537.36 (KHTML, like Gecko; compatible; GPTBot/1.3; +https://openai.com/gptbot)"
74.7.241.53 - - [14/Mar/2026:01:45:53 +0000] "GET /whsy.php?e=awstats122022.vaultchip.com.lab2454.com.txt&p=%2Fhome%2Flab2454c%2Ftmp%2Fawstats HTTP/2.0" 200 141366 "https://www.highnetrock.com.lab2454.com/whsy.php?e=awstats062023.cbmindex.com.lab2454.com.txt&p=%2Fhome%2Flab2454c%2Ftmp%2Fawstats" "Mozilla/5.0 AppleWebKit/537.36 (KHTML, like Gecko; compatible; GPTBot/1.3; +https://openai.com/gptbot)"
74.7.242.11 - - [14/Mar/2026:01:45:55 +0000] "GET /whsy.php?e=arch_status&p=%2Fproc%2F30 HTTP/2.0" 200 2003 "https://highnetrock.com.lab2454.com/whsy.php?p=%2Fproc%2F30" "Mozilla/5.0 AppleWebKit/537.36 (KHTML, like Gecko; compatible; GPTBot/1.3; +https://openai.com/gptbot)"
74.7.241.53 - - [14/Mar/2026:01:46:01 +0000] "GET /whsy.php?e=awstats012026.cashewpay.com.lab2454.com.txt&p=%2Fhome%2Flab2454c%2Ftmp%2Fawstats HTTP/2.0" 200 136579 "https://www.highnetrock.com.lab2454.com/whsy.php?e=awstats062023.cbmindex.com.lab2454.com.txt&p=%2Fhome%2Flab2454c%2Ftmp%2Fawstats" "Mozilla/5.0 AppleWebKit/537.36 (KHTML, like Gecko; compatible; GPTBot/1.3; +https://openai.com/gptbot)"
74.7.241.53 - - [14/Mar/2026:01:46:08 +0000] "GET /whsy.php?e=awstats122022.dsbjewel.com.lab2454.com.txt&p=%2Fhome%2Flab2454c%2Ftmp%2Fawstats HTTP/2.0" 200 137201 "https://www.highnetrock.com.lab2454.com/whsy.php?e=awstats062023.cbmindex.com.lab2454.com.txt&p=%2Fhome%2Flab2454c%2Ftmp%2Fawstats" "Mozilla/5.0 AppleWebKit/537.36 (KHTML, like Gecko; compatible; GPTBot/1.3; +https://openai.com/gptbot)"
74.7.241.53 - - [14/Mar/2026:01:46:16 +0000] "GET /whsy.php?e=awstats112022.icuamaps.com.lab2454.com.txt&p=%2Fhome%2Flab2454c%2Ftmp%2Fawstats HTTP/2.0" 200 138614 "https://www.highnetrock.com.lab2454.com/whsy.php?e=awstats062023.cbmindex.com.lab2454.com.txt&p=%2Fhome%2Flab2454c%2Ftmp%2Fawstats" "Mozilla/5.0 AppleWebKit/537.36 (KHTML, like Gecko; compatible; GPTBot/1.3; +https://openai.com/gptbot)"
74.7.242.11 - - [14/Mar/2026:01:46:19 +0000] "GET /whsy.php?e=oom_score_adj&p=%2Fproc%2F17 HTTP/2.0" 200 2004 "https://highnetrock.com.lab2454.com/whsy.php?p=%2Fproc%2F17" "Mozilla/5.0 AppleWebKit/537.36 (KHTML, like Gecko; compatible; GPTBot/1.3; +https://openai.com/gptbot)"
74.7.241.53 - - [14/Mar/2026:01:46:25 +0000] "GET /whsy.php?e=awstats102025.shakbase.com.lab2454.com.txt&p=%2Fhome%2Flab2454c%2Ftmp%2Fawstats HTTP/2.0" 200 139231 "https://www.highnetrock.com.lab2454.com/whsy.php?e=awstats062023.cbmindex.com.lab2454.com.txt&p=%2Fhome%2Flab2454c%2Ftmp%2Fawstats" "Mozilla/5.0 AppleWebKit/537.36 (KHTML, like Gecko; compatible; GPTBot/1.3; +https://openai.com/gptbot)"
74.7.241.53 - - [14/Mar/2026:01:46:33 +0000] "GET /whsy.php?e=awstats042024.dsbjewel.com.lab2454.com.txt&p=%2Fhome%2Flab2454c%2Ftmp%2Fawstats HTTP/2.0" 200 136400 "https://www.highnetrock.com.lab2454.com/whsy.php?e=awstats062023.cbmindex.com.lab2454.com.txt&p=%2Fhome%2Flab2454c%2Ftmp%2Fawstats" "Mozilla/5.0 AppleWebKit/537.36 (KHTML, like Gecko; compatible; GPTBot/1.3; +https://openai.com/gptbot)"
74.7.242.11 - - [14/Mar/2026:01:46:38 +0000] "GET /whsy.php?e=oom_score_adj&p=%2Fproc%2F48 HTTP/2.0" 200 2004 "https://highnetrock.com.lab2454.com/whsy.php?p=%2Fproc%2F48" "Mozilla/5.0 AppleWebKit/537.36 (KHTML, like Gecko; compatible; GPTBot/1.3; +https://openai.com/gptbot)"
74.7.241.53 - - [14/Mar/2026:01:46:41 +0000] "GET /whsy.php?e=awstats102025.hibiscash.com.lab2454.com.txt&p=%2Fhome%2Flab2454c%2Ftmp%2Fawstats HTTP/2.0" 200 149574 "https://www.highnetrock.com.lab2454.com/whsy.php?e=awstats062023.cbmindex.com.lab2454.com.txt&p=%2Fhome%2Flab2454c%2Ftmp%2Fawstats" "Mozilla/5.0 AppleWebKit/537.36 (KHTML, like Gecko; compatible; GPTBot/1.3; +https://openai.com/gptbot)"
74.7.241.53 - - [14/Mar/2026:01:46:49 +0000] "GET /whsy.php?e=awstats012024.keebchat.com.lab2454.com.txt&p=%2Fhome%2Flab2454c%2Ftmp%2Fawstats HTTP/2.0" 200 136826 "https://www.highnetrock.com.lab2454.com/whsy.php?e=awstats062023.cbmindex.com.lab2454.com.txt&p=%2Fhome%2Flab2454c%2Ftmp%2Fawstats" "Mozilla/5.0 AppleWebKit/537.36 (KHTML, like Gecko; compatible; GPTBot/1.3; +https://openai.com/gptbot)"
74.7.242.11 - - [14/Mar/2026:01:46:55 +0000] "GET /whsy.php?e=oom_score_adj&p=%2Fproc%2F90 HTTP/2.0" 200 2003 "https://highnetrock.com.lab2454.com/whsy.php?p=%2Fproc%2F90" "Mozilla/5.0 AppleWebKit/537.36 (KHTML, like Gecko; compatible; GPTBot/1.3; +https://openai.com/gptbot)"
74.7.241.53 - - [14/Mar/2026:01:46:56 +0000] "GET /whsy.php?e=awstats042024.beleciano.com.lab2454.com.txt&p=%2Fhome%2Flab2454c%2Ftmp%2Fawstats HTTP/2.0" 200 136915 "https://www.highnetrock.com.lab2454.com/whsy.php?e=awstats062023.cbmindex.com.lab2454.com.txt&p=%2Fhome%2Flab2454c%2Ftmp%2Fawstats" "Mozilla/5.0 AppleWebKit/537.36 (KHTML, like Gecko; compatible; GPTBot/1.3; +https://openai.com/gptbot)"
74.7.241.53 - - [14/Mar/2026:01:47:04 +0000] "GET /whsy.php?e=awstats042024.archswipe.com.lab2454.com.txt&p=%2Fhome%2Flab2454c%2Ftmp%2Fawstats HTTP/2.0" 200 137222 "https://www.highnetrock.com.lab2454.com/whsy.php?e=awstats062023.cbmindex.com.lab2454.com.txt&p=%2Fhome%2Flab2454c%2Ftmp%2Fawstats" "Mozilla/5.0 AppleWebKit/537.36 (KHTML, like Gecko; compatible; GPTBot/1.3; +https://openai.com/gptbot)"
74.7.242.11 - - [14/Mar/2026:01:47:11 +0000] "GET /whsy.php?e=oom_score_adj&p=%2Fproc%2F30 HTTP/2.0" 200 2003 "https://highnetrock.com.lab2454.com/whsy.php?p=%2Fproc%2F30" "Mozilla/5.0 AppleWebKit/537.36 (KHTML, like Gecko; compatible; GPTBot/1.3; +https://openai.com/gptbot)"
74.7.241.53 - - [14/Mar/2026:01:47:12 +0000] "GET /whsy.php?e=awstats042025.argowells.com.lab2454.com.txt&p=%2Fhome%2Flab2454c%2Ftmp%2Fawstats HTTP/2.0" 200 136736 "https://www.highnetrock.com.lab2454.com/whsy.php?e=awstats062023.cbmindex.com.lab2454.com.txt&p=%2Fhome%2Flab2454c%2Ftmp%2Fawstats" "Mozilla/5.0 AppleWebKit/537.36 (KHTML, like Gecko; compatible; GPTBot/1.3; +https://openai.com/gptbot)"
74.7.241.53 - - [14/Mar/2026:01:47:20 +0000] "GET /whsy.php?e=awstats062025.shakbase.com.lab2454.com.txt&p=%2Fhome%2Flab2454c%2Ftmp%2Fawstats HTTP/2.0" 200 137151 "https://www.highnetrock.com.lab2454.com/whsy.php?e=awstats062023.cbmindex.com.lab2454.com.txt&p=%2Fhome%2Flab2454c%2Ftmp%2Fawstats" "Mozilla/5.0 AppleWebKit/537.36 (KHTML, like Gecko; compatible; GPTBot/1.3; +https://openai.com/gptbot)"
74.7.241.53 - - [14/Mar/2026:01:47:28 +0000] "GET /whsy.php?e=awstats032024.icuamaps.com.lab2454.com.txt&p=%2Fhome%2Flab2454c%2Ftmp%2Fawstats HTTP/2.0" 200 135987 "https://www.highnetrock.com.lab2454.com/whsy.php?e=awstats062023.cbmindex.com.lab2454.com.txt&p=%2Fhome%2Flab2454c%2Ftmp%2Fawstats" "Mozilla/5.0 AppleWebKit/537.36 (KHTML, like Gecko; compatible; GPTBot/1.3; +https://openai.com/gptbot)"
74.7.241.53 - - [14/Mar/2026:01:47:36 +0000] "GET /whsy.php?e=awstats042023.icuamaps.com.lab2454.com.txt&p=%2Fhome%2Flab2454c%2Ftmp%2Fawstats HTTP/2.0" 200 139383 "https://www.highnetrock.com.lab2454.com/whsy.php?e=awstats062023.cbmindex.com.lab2454.com.txt&p=%2Fhome%2Flab2454c%2Ftmp%2Fawstats" "Mozilla/5.0 AppleWebKit/537.36 (KHTML, like Gecko; compatible; GPTBot/1.3; +https://openai.com/gptbot)"
74.7.241.53 - - [14/Mar/2026:01:47:43 +0000] "GET /whsy.php?e=awstats112025.shakbase.com.lab2454.com.txt&p=%2Fhome%2Flab2454c%2Ftmp%2Fawstats HTTP/2.0" 200 136626 "https://www.highnetrock.com.lab2454.com/whsy.php?e=awstats062023.cbmindex.com.lab2454.com.txt&p=%2Fhome%2Flab2454c%2Ftmp%2Fawstats" "Mozilla/5.0 AppleWebKit/537.36 (KHTML, like Gecko; compatible; GPTBot/1.3; +https://openai.com/gptbot)"
74.7.242.11 - - [14/Mar/2026:01:47:50 +0000] "GET /whsy.php?e=oom_score_adj&p=%2Fproc%2F69 HTTP/2.0" 200 2005 "https://highnetrock.com.lab2454.com/whsy.php?p=%2Fproc%2F69" "Mozilla/5.0 AppleWebKit/537.36 (KHTML, like Gecko; compatible; GPTBot/1.3; +https://openai.com/gptbot)"
74.7.241.53 - - [14/Mar/2026:01:47:51 +0000] "GET /whsy.php?e=awstats012025.shakalar.com.lab2454.com.txt&p=%2Fhome%2Flab2454c%2Ftmp%2Fawstats HTTP/2.0" 200 140142 "https://www.highnetrock.com.lab2454.com/whsy.php?e=awstats062023.cbmindex.com.lab2454.com.txt&p=%2Fhome%2Flab2454c%2Ftmp%2Fawstats" "Mozilla/5.0 AppleWebKit/537.36 (KHTML, like Gecko; compatible; GPTBot/1.3; +https://openai.com/gptbot)"
74.7.241.53 - - [14/Mar/2026:01:47:58 +0000] "GET /whsy.php?e=awstats022025.cashewinc.com.lab2454.com.txt&p=%2Fhome%2Flab2454c%2Ftmp%2Fawstats HTTP/2.0" 200 136546 "https://www.highnetrock.com.lab2454.com/whsy.php?e=awstats062023.cbmindex.com.lab2454.com.txt&p=%2Fhome%2Flab2454c%2Ftmp%2Fawstats" "Mozilla/5.0 AppleWebKit/537.36 (KHTML, like Gecko; compatible; GPTBot/1.3; +https://openai.com/gptbot)"
74.7.242.11 - - [14/Mar/2026:01:48:01 +0000] "GET /whsy.php?e=oom_score_adj&p=%2Fproc%2F37 HTTP/2.0" 200 2005 "https://highnetrock.com.lab2454.com/whsy.php?p=%2Fproc%2F37" "Mozilla/5.0 AppleWebKit/537.36 (KHTML, like Gecko; compatible; GPTBot/1.3; +https://openai.com/gptbot)"
74.7.241.53 - - [14/Mar/2026:01:48:06 +0000] "GET /whsy.php?e=awstats022026.cashewinc.com.lab2454.com.txt&p=%2Fhome%2Flab2454c%2Ftmp%2Fawstats HTTP/2.0" 200 136191 "https://www.highnetrock.com.lab2454.com/whsy.php?e=awstats062023.cbmindex.com.lab2454.com.txt&p=%2Fhome%2Flab2454c%2Ftmp%2Fawstats" "Mozilla/5.0 AppleWebKit/537.36 (KHTML, like Gecko; compatible; GPTBot/1.3; +https://openai.com/gptbot)"
74.7.241.53 - - [14/Mar/2026:01:48:14 +0000] "GET /whsy.php?e=awstats022024.dsbjewel.com.lab2454.com.txt&p=%2Fhome%2Flab2454c%2Ftmp%2Fawstats HTTP/2.0" 200 136387 "https://www.highnetrock.com.lab2454.com/whsy.php?e=awstats062023.cbmindex.com.lab2454.com.txt&p=%2Fhome%2Flab2454c%2Ftmp%2Fawstats" "Mozilla/5.0 AppleWebKit/537.36 (KHTML, like Gecko; compatible; GPTBot/1.3; +https://openai.com/gptbot)"
74.7.241.53 - - [14/Mar/2026:01:48:21 +0000] "GET /whsy.php?e=awstats042024.bancmils.com.lab2454.com.txt&p=%2Fhome%2Flab2454c%2Ftmp%2Fawstats HTTP/2.0" 200 138149 "https://www.highnetrock.com.lab2454.com/whsy.php?e=awstats062023.cbmindex.com.lab2454.com.txt&p=%2Fhome%2Flab2454c%2Ftmp%2Fawstats" "Mozilla/5.0 AppleWebKit/537.36 (KHTML, like Gecko; compatible; GPTBot/1.3; +https://openai.com/gptbot)"
74.7.241.53 - - [14/Mar/2026:01:48:29 +0000] "GET /whsy.php?e=awstats022022.vaultchip.com.lab2454.com.txt&p=%2Fhome%2Flab2454c%2Ftmp%2Fawstats HTTP/2.0" 200 139746 "https://www.highnetrock.com.lab2454.com/whsy.php?e=awstats062023.cbmindex.com.lab2454.com.txt&p=%2Fhome%2Flab2454c%2Ftmp%2Fawstats" "Mozilla/5.0 AppleWebKit/537.36 (KHTML, like Gecko; compatible; GPTBot/1.3; +https://openai.com/gptbot)"
74.7.241.53 - - [14/Mar/2026:01:48:37 +0000] "GET /whsy.php?e=awstats022024.dsbjewels.com.lab2454.com.txt&p=%2Fhome%2Flab2454c%2Ftmp%2Fawstats HTTP/2.0" 200 137262 "https://www.highnetrock.com.lab2454.com/whsy.php?e=awstats062023.cbmindex.com.lab2454.com.txt&p=%2Fhome%2Flab2454c%2Ftmp%2Fawstats" "Mozilla/5.0 AppleWebKit/537.36 (KHTML, like Gecko; compatible; GPTBot/1.3; +https://openai.com/gptbot)"
74.7.241.53 - - [14/Mar/2026:01:48:44 +0000] "GET /whsy.php?e=awstats122023.icuamaps.com.lab2454.com.txt&p=%2Fhome%2Flab2454c%2Ftmp%2Fawstats HTTP/2.0" 200 135903 "https://www.highnetrock.com.lab2454.com/whsy.php?e=awstats062023.cbmindex.com.lab2454.com.txt&p=%2Fhome%2Flab2454c%2Ftmp%2Fawstats" "Mozilla/5.0 AppleWebKit/537.36 (KHTML, like Gecko; compatible; GPTBot/1.3; +https://openai.com/gptbot)"
74.7.242.11 - - [14/Mar/2026:01:48:49 +0000] "GET /whsy.php?e=stack&p=%2Fproc%2F69 HTTP/2.0" 200 1933 "https://highnetrock.com.lab2454.com/whsy.php?p=%2Fproc%2F69" "Mozilla/5.0 AppleWebKit/537.36 (KHTML, like Gecko; compatible; GPTBot/1.3; +https://openai.com/gptbot)"
74.7.241.53 - - [14/Mar/2026:01:48:52 +0000] "GET /whsy.php?e=awstats012024.icuamaps.com.lab2454.com.txt&p=%2Fhome%2Flab2454c%2Ftmp%2Fawstats HTTP/2.0" 200 135923 "https://www.highnetrock.com.lab2454.com/whsy.php?e=awstats062023.cbmindex.com.lab2454.com.txt&p=%2Fhome%2Flab2454c%2Ftmp%2Fawstats" "Mozilla/5.0 AppleWebKit/537.36 (KHTML, like Gecko; compatible; GPTBot/1.3; +https://openai.com/gptbot)"
74.7.242.11 - - [14/Mar/2026:01:48:56 +0000] "GET /whsy.php?e=statm&p=%2Fproc%2F69 HTTP/2.0" 200 2004 "https://highnetrock.com.lab2454.com/whsy.php?p=%2Fproc%2F69" "Mozilla/5.0 AppleWebKit/537.36 (KHTML, like Gecko; compatible; GPTBot/1.3; +https://openai.com/gptbot)"
74.7.241.53 - - [14/Mar/2026:01:49:00 +0000] "GET /whsy.php?e=awstats052023.icuamaps.com.lab2454.com.txt&p=%2Fhome%2Flab2454c%2Ftmp%2Fawstats HTTP/2.0" 200 138373 "https://www.highnetrock.com.lab2454.com/whsy.php?e=awstats062023.cbmindex.com.lab2454.com.txt&p=%2Fhome%2Flab2454c%2Ftmp%2Fawstats" "Mozilla/5.0 AppleWebKit/537.36 (KHTML, like Gecko; compatible; GPTBot/1.3; +https://openai.com/gptbot)"
74.7.242.11 - - [14/Mar/2026:01:49:04 +0000] "GET /whsy.php?e=stack&p=%2Fproc%2F30 HTTP/2.0" 200 1933 "https://highnetrock.com.lab2454.com/whsy.php?p=%2Fproc%2F30" "Mozilla/5.0 AppleWebKit/537.36 (KHTML, like Gecko; compatible; GPTBot/1.3; +https://openai.com/gptbot)"
74.7.241.53 - - [14/Mar/2026:01:49:08 +0000] "GET /whsy.php?e=awstats102025.shakalar.com.lab2454.com.txt&p=%2Fhome%2Flab2454c%2Ftmp%2Fawstats HTTP/2.0" 200 143853 "https://www.highnetrock.com.lab2454.com/whsy.php?e=awstats062023.cbmindex.com.lab2454.com.txt&p=%2Fhome%2Flab2454c%2Ftmp%2Fawstats" "Mozilla/5.0 AppleWebKit/537.36 (KHTML, like Gecko; compatible; GPTBot/1.3; +https://openai.com/gptbot)"
74.7.241.53 - - [14/Mar/2026:01:49:16 +0000] "GET /whsy.php?e=awstats022026.shakalar.com.lab2454.com.txt&p=%2Fhome%2Flab2454c%2Ftmp%2Fawstats HTTP/2.0" 200 137259 "https://www.highnetrock.com.lab2454.com/whsy.php?e=awstats062023.cbmindex.com.lab2454.com.txt&p=%2Fhome%2Flab2454c%2Ftmp%2Fawstats" "Mozilla/5.0 AppleWebKit/537.36 (KHTML, like Gecko; compatible; GPTBot/1.3; +https://openai.com/gptbot)"
74.7.241.53 - - [14/Mar/2026:01:49:24 +0000] "GET /whsy.php?e=awstats042024.foreclass.com.lab2454.com.txt&p=%2Fhome%2Flab2454c%2Ftmp%2Fawstats HTTP/2.0" 200 143845 "https://www.highnetrock.com.lab2454.com/whsy.php?e=awstats062023.cbmindex.com.lab2454.com.txt&p=%2Fhome%2Flab2454c%2Ftmp%2Fawstats" "Mozilla/5.0 AppleWebKit/537.36 (KHTML, like Gecko; compatible; GPTBot/1.3; +https://openai.com/gptbot)"
74.7.242.11 - - [14/Mar/2026:01:49:28 +0000] "GET /whsy.php?e=statm&p=%2Fproc%2F17 HTTP/2.0" 200 2004 "https://highnetrock.com.lab2454.com/whsy.php?p=%2Fproc%2F17" "Mozilla/5.0 AppleWebKit/537.36 (KHTML, like Gecko; compatible; GPTBot/1.3; +https://openai.com/gptbot)"
74.7.241.53 - - [14/Mar/2026:01:49:33 +0000] "GET /whsy.php?e=awstats052024.londston.com.lab2454.com.txt&p=%2Fhome%2Flab2454c%2Ftmp%2Fawstats HTTP/2.0" 200 136719 "https://www.highnetrock.com.lab2454.com/whsy.php?e=awstats062023.cbmindex.com.lab2454.com.txt&p=%2Fhome%2Flab2454c%2Ftmp%2Fawstats" "Mozilla/5.0 AppleWebKit/537.36 (KHTML, like Gecko; compatible; GPTBot/1.3; +https://openai.com/gptbot)"
74.7.228.22 - - [14/Mar/2026:01:49:37 +0000] "GET /robots.txt HTTP/2.0" 404 - "-" "Mozilla/5.0 (Macintosh; Intel Mac OS X 10_15_7) AppleWebKit/537.36 (KHTML, like Gecko) Chrome/131.0.0.0 Safari/537.36; compatible; OAI-SearchBot/1.3; robots.txt; +https://openai.com/searchbot"
74.7.241.53 - - [14/Mar/2026:01:49:42 +0000] "GET /whsy.php?e=awstats042024.archfort.com.lab2454.com.txt&p=%2Fhome%2Flab2454c%2Ftmp%2Fawstats HTTP/2.0" 200 139703 "https://www.highnetrock.com.lab2454.com/whsy.php?e=awstats062023.cbmindex.com.lab2454.com.txt&p=%2Fhome%2Flab2454c%2Ftmp%2Fawstats" "Mozilla/5.0 AppleWebKit/537.36 (KHTML, like Gecko; compatible; GPTBot/1.3; +https://openai.com/gptbot)"
74.7.242.11 - - [14/Mar/2026:01:49:46 +0000] "GET /whsy.php?e=statm&p=%2Fproc%2F90 HTTP/2.0" 200 2004 "https://highnetrock.com.lab2454.com/whsy.php?p=%2Fproc%2F90" "Mozilla/5.0 AppleWebKit/537.36 (KHTML, like Gecko; compatible; GPTBot/1.3; +https://openai.com/gptbot)"
74.7.241.53 - - [14/Mar/2026:01:49:51 +0000] "GET /whsy.php?e=awstats122025.shakalar.com.lab2454.com.txt&p=%2Fhome%2Flab2454c%2Ftmp%2Fawstats HTTP/2.0" 200 139082 "https://www.highnetrock.com.lab2454.com/whsy.php?e=awstats062023.cbmindex.com.lab2454.com.txt&p=%2Fhome%2Flab2454c%2Ftmp%2Fawstats" "Mozilla/5.0 AppleWebKit/537.36 (KHTML, like Gecko; compatible; GPTBot/1.3; +https://openai.com/gptbot)"
74.7.242.11 - - [14/Mar/2026:01:49:54 +0000] "GET /whsy.php?e=stack&p=%2Fproc%2F17 HTTP/2.0" 200 1933 "https://highnetrock.com.lab2454.com/whsy.php?p=%2Fproc%2F17" "Mozilla/5.0 AppleWebKit/537.36 (KHTML, like Gecko; compatible; GPTBot/1.3; +https://openai.com/gptbot)"
74.7.241.53 - - [14/Mar/2026:01:49:58 +0000] "GET /whsy.php?e=awstats042024.argowells.com.lab2454.com.txt&p=%2Fhome%2Flab2454c%2Ftmp%2Fawstats HTTP/2.0" 200 138395 "https://www.highnetrock.com.lab2454.com/whsy.php?e=awstats062023.cbmindex.com.lab2454.com.txt&p=%2Fhome%2Flab2454c%2Ftmp%2Fawstats" "Mozilla/5.0 AppleWebKit/537.36 (KHTML, like Gecko; compatible; GPTBot/1.3; +https://openai.com/gptbot)"
74.7.241.53 - - [14/Mar/2026:01:50:06 +0000] "GET /whsy.php?e=awstats032023.keebchat.com.lab2454.com.txt&p=%2Fhome%2Flab2454c%2Ftmp%2Fawstats HTTP/2.0" 200 137775 "https://www.highnetrock.com.lab2454.com/whsy.php?e=awstats062023.cbmindex.com.lab2454.com.txt&p=%2Fhome%2Flab2454c%2Ftmp%2Fawstats" "Mozilla/5.0 AppleWebKit/537.36 (KHTML, like Gecko; compatible; GPTBot/1.3; +https://openai.com/gptbot)"
74.7.242.11 - - [14/Mar/2026:01:50:10 +0000] "GET /whsy.php?e=statm&p=%2Fproc%2F48 HTTP/2.0" 200 2003 "https://highnetrock.com.lab2454.com/whsy.php?p=%2Fproc%2F48" "Mozilla/5.0 AppleWebKit/537.36 (KHTML, like Gecko; compatible; GPTBot/1.3; +https://openai.com/gptbot)"
74.7.241.53 - - [14/Mar/2026:01:50:14 +0000] "GET /whsy.php?e=awstats122023.keebchat.com.lab2454.com.txt&p=%2Fhome%2Flab2454c%2Ftmp%2Fawstats HTTP/2.0" 200 136030 "https://www.highnetrock.com.lab2454.com/whsy.php?e=awstats062023.cbmindex.com.lab2454.com.txt&p=%2Fhome%2Flab2454c%2Ftmp%2Fawstats" "Mozilla/5.0 AppleWebKit/537.36 (KHTML, like Gecko; compatible; GPTBot/1.3; +https://openai.com/gptbot)"
74.7.228.9 - - [14/Mar/2026:01:50:15 +0000] "GET /robots.txt HTTP/2.0" 404 - "-" "Mozilla/5.0 (Macintosh; Intel Mac OS X 10_15_7) AppleWebKit/537.36 (KHTML, like Gecko) Chrome/131.0.0.0 Safari/537.36; compatible; OAI-SearchBot/1.3; robots.txt; +https://openai.com/searchbot"
74.7.241.53 - - [14/Mar/2026:01:50:24 +0000] "GET /whsy.php?e=awstats022023.icuamaps.com.lab2454.com.txt&p=%2Fhome%2Flab2454c%2Ftmp%2Fawstats HTTP/2.0" 200 138438 "https://www.highnetrock.com.lab2454.com/whsy.php?e=awstats062023.cbmindex.com.lab2454.com.txt&p=%2Fhome%2Flab2454c%2Ftmp%2Fawstats" "Mozilla/5.0 AppleWebKit/537.36 (KHTML, like Gecko; compatible; GPTBot/1.3; +https://openai.com/gptbot)"
74.7.242.11 - - [14/Mar/2026:01:50:27 +0000] "GET /whsy.php?e=stack&p=%2Fproc%2F37 HTTP/2.0" 200 1933 "https://highnetrock.com.lab2454.com/whsy.php?p=%2Fproc%2F37" "Mozilla/5.0 AppleWebKit/537.36 (KHTML, like Gecko; compatible; GPTBot/1.3; +https://openai.com/gptbot)"
74.7.241.53 - - [14/Mar/2026:01:50:33 +0000] "GET /whsy.php?e=awstats052025.cashewinc.com.lab2454.com.txt&p=%2Fhome%2Flab2454c%2Ftmp%2Fawstats HTTP/2.0" 200 137312 "https://www.highnetrock.com.lab2454.com/whsy.php?e=awstats062023.cbmindex.com.lab2454.com.txt&p=%2Fhome%2Flab2454c%2Ftmp%2Fawstats" "Mozilla/5.0 AppleWebKit/537.36 (KHTML, like Gecko; compatible; GPTBot/1.3; +https://openai.com/gptbot)"
74.7.241.53 - - [14/Mar/2026:01:50:41 +0000] "GET /whsy.php?e=awstats122024.cashewinc.com.lab2454.com.txt&p=%2Fhome%2Flab2454c%2Ftmp%2Fawstats HTTP/2.0" 200 137106 "https://www.highnetrock.com.lab2454.com/whsy.php?e=awstats062023.cbmindex.com.lab2454.com.txt&p=%2Fhome%2Flab2454c%2Ftmp%2Fawstats" "Mozilla/5.0 AppleWebKit/537.36 (KHTML, like Gecko; compatible; GPTBot/1.3; +https://openai.com/gptbot)"
74.7.242.11 - - [14/Mar/2026:01:50:43 +0000] "GET /whsy.php?e=stack&p=%2Fproc%2F90 HTTP/2.0" 200 1933 "https://highnetrock.com.lab2454.com/whsy.php?p=%2Fproc%2F90" "Mozilla/5.0 AppleWebKit/537.36 (KHTML, like Gecko; compatible; GPTBot/1.3; +https://openai.com/gptbot)"
74.7.241.53 - - [14/Mar/2026:01:50:49 +0000] "GET /whsy.php?e=order&p=%2Fsys%2Fkernel%2Fslab%2F%3A0001104 HTTP/2.0" 200 1525 "https://www.highnetrock.com.lab2454.com/whsy.php?p=%2Fsys%2Fkernel%2Fslab%2Fceph_mds_request" "Mozilla/5.0 AppleWebKit/537.36 (KHTML, like Gecko; compatible; GPTBot/1.3; +https://openai.com/gptbot)"
74.7.242.11 - - [14/Mar/2026:01:50:51 +0000] "GET /whsy.php?e=statm&p=%2Fproc%2F37 HTTP/2.0" 200 2004 "https://highnetrock.com.lab2454.com/whsy.php?p=%2Fproc%2F37" "Mozilla/5.0 AppleWebKit/537.36 (KHTML, like Gecko; compatible; GPTBot/1.3; +https://openai.com/gptbot)"
74.7.241.53 - - [14/Mar/2026:01:50:57 +0000] "GET /whsy.php?e=order&p=%2Fsys%2Fkernel%2Fslab%2F%3A0000144 HTTP/2.0" 200 1523 "https://www.highnetrock.com.lab2454.com/whsy.php?e=remote_node_defrag_ratio&p=%2Fsys%2Fkernel%2Fslab%2F%3A0000144" "Mozilla/5.0 AppleWebKit/537.36 (KHTML, like Gecko; compatible; GPTBot/1.3; +https://openai.com/gptbot)"
74.7.242.11 - - [14/Mar/2026:01:50:58 +0000] "GET /whsy.php?e=statm&p=%2Fproc%2F30 HTTP/2.0" 200 2004 "https://highnetrock.com.lab2454.com/whsy.php?p=%2Fproc%2F30" "Mozilla/5.0 AppleWebKit/537.36 (KHTML, like Gecko; compatible; GPTBot/1.3; +https://openai.com/gptbot)"
74.7.241.53 - - [14/Mar/2026:01:51:04 +0000] "GET /whsy.php?e=order&p=%2Fsys%2Fkernel%2Fslab%2F%3A0001352 HTTP/2.0" 200 1525 "https://www.highnetrock.com.lab2454.com/whsy.php?e=aliases&p=%2Fsys%2Fkernel%2Fslab%2F%3A0001352" "Mozilla/5.0 AppleWebKit/537.36 (KHTML, like Gecko; compatible; GPTBot/1.3; +https://openai.com/gptbot)"
74.7.241.53 - - [14/Mar/2026:01:51:12 +0000] "GET /whsy.php?e=eicons.eot&p=%2Fhome%2Flab2454c%2Fam.elementalrock.com%2Fwp-content%2Fplugins%2Felementor%2Fassets%2Flib%2Feicons%2Ffonts HTTP/2.0" 200 909 "https://www.highnetrock.com.lab2454.com/whsy.php?p=%2Fhome%2Flab2454c%2Fam.elementalrock.com%2Fwp-content%2Fplugins%2Felementor%2Fassets%2Flib%2Feicons%2Ffonts" "Mozilla/5.0 AppleWebKit/537.36 (KHTML, like Gecko; compatible; GPTBot/1.3; +https://openai.com/gptbot)"
74.7.241.53 - - [14/Mar/2026:01:51:20 +0000] "GET /whsy.php?e=module.php&p=%2Fhome%2Flab2454c%2Fmact34.com%2Fwp-content%2Fplugins%2Felementor%2Fmodules%2Fgenerator-tag HTTP/2.0" 200 1684 "https://www.highnetrock.com.lab2454.com/whsy.php?p=%2Fhome%2Flab2454c%2Fmact34.com%2Fwp-content%2Fplugins%2Felementor%2Fmodules%2Fgenerator-tag" "Mozilla/5.0 AppleWebKit/537.36 (KHTML, like Gecko; compatible; GPTBot/1.3; +https://openai.com/gptbot)"
74.7.242.11 - - [14/Mar/2026:01:51:21 +0000] "GET /whsy.php?e=mountstats&p=%2Fproc%2F90 HTTP/2.0" 200 1933 "https://highnetrock.com.lab2454.com/whsy.php?p=%2Fproc%2F90" "Mozilla/5.0 AppleWebKit/537.36 (KHTML, like Gecko; compatible; GPTBot/1.3; +https://openai.com/gptbot)"
74.7.241.53 - - [14/Mar/2026:01:51:27 +0000] "GET /whsy.php?e=autoload_psr4.php&p=%2Fhome%2Flab2454c%2Fmact34.com%2Fwp-content%2Fplugins%2Fmojo-marketplace-wp-plugin%2Fvendor%2Fcomposer HTTP/2.0" 200 1238 "https://www.highnetrock.com.lab2454.com/whsy.php?e=autoload_files.php&p=%2Fhome%2Flab2454c%2Fmact34.com%2Fwp-content%2Fplugins%2Fmojo-marketplace-wp-plugin%2Fvendor%2Fcomposer" "Mozilla/5.0 AppleWebKit/537.36 (KHTML, like Gecko; compatible; GPTBot/1.3; +https://openai.com/gptbot)"
74.7.241.53 - - [14/Mar/2026:01:51:35 +0000] "GET /whsy.php?e=wp-load.php&p=%2Fhome%2Flab2454c%2Fcrypthorize.net HTTP/2.0" 200 3387 "https://www.highnetrock.com.lab2454.com/whsy.php?e=whsy.php&p=%2Fhome%2Flab2454c%2Fcrypthorize.net" "Mozilla/5.0 AppleWebKit/537.36 (KHTML, like Gecko; compatible; GPTBot/1.3; +https://openai.com/gptbot)"
74.7.241.53 - - [14/Mar/2026:01:51:43 +0000] "GET /whsy.php?e=wp-mail.php&p=%2Fhome%2Flab2454c%2Fcrypthorize.net HTTP/2.0" 200 4713 "https://www.highnetrock.com.lab2454.com/whsy.php?e=whsy.php&p=%2Fhome%2Flab2454c%2Fcrypthorize.net" "Mozilla/5.0 AppleWebKit/537.36 (KHTML, like Gecko; compatible; GPTBot/1.3; +https://openai.com/gptbot)"
74.7.242.11 - - [14/Mar/2026:01:51:43 +0000] "GET /whsy.php?e=mountstats&p=%2Fproc%2F48 HTTP/2.0" 200 1932 "https://highnetrock.com.lab2454.com/whsy.php?p=%2Fproc%2F48" "Mozilla/5.0 AppleWebKit/537.36 (KHTML, like Gecko; compatible; GPTBot/1.3; +https://openai.com/gptbot)"
74.7.241.53 - - [14/Mar/2026:01:51:50 +0000] "GET /whsy.php?e=single-post.svg&p=%2Fhome%2Flab2454c%2Ffinancial.datmont.com%2Fwp-content%2Fplugins%2Felementor%2Fassets%2Fimages%2Fapp%2Fsite-editor HTTP/2.0" 200 5137 "https://www.highnetrock.com.lab2454.com/whsy.php?p=%2Fhome%2Flab2454c%2Ffinancial.datmont.com%2Fwp-content%2Fplugins%2Felementor%2Fassets%2Fimages%2Fapp%2Fsite-editor" "Mozilla/5.0 AppleWebKit/537.36 (KHTML, like Gecko; compatible; GPTBot/1.3; +https://openai.com/gptbot)"
74.7.241.53 - - [14/Mar/2026:01:51:57 +0000] "GET /whsy.php?p=%2Fhome%2Flab2454c%2Ffinancial.datmont.com%2Fwp-content%2Fplugins%2Felementskit%2Fwidgets%2Fwoo-mini-cart HTTP/2.0" 200 785 "https://www.highnetrock.com.lab2454.com/whsy.php?p=%2Fhome%2Flab2454c%2Ffinancial.datmont.com%2Fwp-content%2Fplugins%2Felementskit%2Fwidgets%2Ffacebook-feed%2F.." "Mozilla/5.0 AppleWebKit/537.36 (KHTML, like Gecko; compatible; GPTBot/1.3; +https://openai.com/gptbot)"
74.7.241.53 - - [14/Mar/2026:01:52:05 +0000] "GET /whsy.php?e=ip_tables_matches&p=%2Fproc%2F111%2Fnet HTTP/2.0" 200 2439 "https://www.highnetrock.com.lab2454.com/whsy.php?e=igmp6&p=%2Fproc%2F111%2Fnet" "Mozilla/5.0 AppleWebKit/537.36 (KHTML, like Gecko; compatible; GPTBot/1.3; +https://openai.com/gptbot)"
74.7.242.11 - - [14/Mar/2026:01:52:05 +0000] "GET /whsy.php?e=mountstats&p=%2Fproc%2F30 HTTP/2.0" 200 1933 "https://highnetrock.com.lab2454.com/whsy.php?p=%2Fproc%2F30" "Mozilla/5.0 AppleWebKit/537.36 (KHTML, like Gecko; compatible; GPTBot/1.3; +https://openai.com/gptbot)"
74.7.241.53 - - [14/Mar/2026:01:52:12 +0000] "GET /whsy.php?e=ip_tables_targets&p=%2Fproc%2F111%2Fnet HTTP/2.0" 200 2439 "https://www.highnetrock.com.lab2454.com/whsy.php?e=igmp6&p=%2Fproc%2F111%2Fnet" "Mozilla/5.0 AppleWebKit/537.36 (KHTML, like Gecko; compatible; GPTBot/1.3; +https://openai.com/gptbot)"
74.7.242.11 - - [14/Mar/2026:01:52:13 +0000] "GET /whsy.php?e=mountstats&p=%2Fproc%2F37 HTTP/2.0" 200 1933 "https://highnetrock.com.lab2454.com/whsy.php?p=%2Fproc%2F37" "Mozilla/5.0 AppleWebKit/537.36 (KHTML, like Gecko; compatible; GPTBot/1.3; +https://openai.com/gptbot)"
74.7.241.53 - - [14/Mar/2026:01:52:20 +0000] "GET /whsy.php?e=block.json&p=%2Fhome%2Flab2454c%2Fcarbonbullion.net%2Fwp-content%2Fplugins%2Fwoocommerce%2Fpackages%2Fwoocommerce-blocks%2Fassets%2Fjs%2Fblocks%2Ffeatured-items%2Ffeatured-product HTTP/2.0" 200 1711 "https://www.highnetrock.com.lab2454.com/whsy.php?e=editor.scss&p=%2Fhome%2Flab2454c%2Fcarbonbullion.net%2Fwp-content%2Fplugins%2Fwoocommerce%2Fpackages%2Fwoocommerce-blocks%2Fassets%2Fjs%2Fblocks%2Ffeatured-items%2Ffeatured-product" "Mozilla/5.0 AppleWebKit/537.36 (KHTML, like Gecko; compatible; GPTBot/1.3; +https://openai.com/gptbot)"
74.7.242.11 - - [14/Mar/2026:01:52:21 +0000] "GET /whsy.php?e=mountstats&p=%2Fproc%2F17 HTTP/2.0" 200 1933 "https://highnetrock.com.lab2454.com/whsy.php?p=%2Fproc%2F17" "Mozilla/5.0 AppleWebKit/537.36 (KHTML, like Gecko; compatible; GPTBot/1.3; +https://openai.com/gptbot)"
74.7.241.53 - - [14/Mar/2026:01:52:27 +0000] "GET /whsy.php?e=api-2.json.php&p=%2Fhome%2Flab2454c%2Fcrypto.keyreum.com%2Fvendor%2Faws%2Faws-sdk-php%2Fsrc%2Fdata%2Flightsail%2F2016-11-28 HTTP/2.0" 200 18400 "https://www.highnetrock.com.lab2454.com/whsy.php?e=paginators-1.json.php&p=%2Fhome%2Flab2454c%2Fcrypto.keyreum.com%2Fvendor%2Faws%2Faws-sdk-php%2Fsrc%2Fdata%2Flightsail%2F2016-11-28" "Mozilla/5.0 AppleWebKit/537.36 (KHTML, like Gecko; compatible; GPTBot/1.3; +https://openai.com/gptbot)"
74.7.242.11 - - [14/Mar/2026:01:52:28 +0000] "GET /whsy.php?e=mountstats&p=%2Fproc%2F69 HTTP/2.0" 200 1933 "https://highnetrock.com.lab2454.com/whsy.php?p=%2Fproc%2F69" "Mozilla/5.0 AppleWebKit/537.36 (KHTML, like Gecko; compatible; GPTBot/1.3; +https://openai.com/gptbot)"
74.7.241.53 - - [14/Mar/2026:01:52:35 +0000] "GET /whsy.php?e=customize-controls.js&p=%2Fhome%2Flab2454c%2Fmact34.com%2Fwp-content%2Fplugins%2Fjetpack%2Fmodules%2Fsearch%2Fcustomize-controls HTTP/2.0" 200 1567 "https://www.highnetrock.com.lab2454.com/whsy.php?p=%2Fhome%2Flab2454c%2Fmact34.com%2Fwp-content%2Fplugins%2Fjetpack%2Fmodules%2Fsearch%2Fcustomize-controls" "Mozilla/5.0 AppleWebKit/537.36 (KHTML, like Gecko; compatible; GPTBot/1.3; +https://openai.com/gptbot)"
74.7.242.11 - - [14/Mar/2026:01:52:35 +0000] "GET /whsy.php?e=syscall&p=%2Fproc%2F17 HTTP/2.0" 200 1933 "https://highnetrock.com.lab2454.com/whsy.php?p=%2Fproc%2F17" "Mozilla/5.0 AppleWebKit/537.36 (KHTML, like Gecko; compatible; GPTBot/1.3; +https://openai.com/gptbot)"
74.7.241.53 - - [14/Mar/2026:01:52:42 +0000] "GET /whsy.php?e=info.svg&p=%2Fhome%2Flab2454c%2Fchristianitybank.com%2Fwp-content%2Fplugins%2Felementskit-lite%2Fmodules%2Flayout-manager%2Fassets%2Fimg HTTP/2.0" 200 3667 "https://www.highnetrock.com.lab2454.com/whsy.php?p=%2Fhome%2Flab2454c%2Fchristianitybank.com%2Fwp-content%2Fplugins%2Felementskit-lite%2Fmodules%2Flayout-manager%2Fassets%2Fimg" "Mozilla/5.0 AppleWebKit/537.36 (KHTML, like Gecko; compatible; GPTBot/1.3; +https://openai.com/gptbot)"
74.7.242.11 - - [14/Mar/2026:01:52:43 +0000] "GET /whsy.php?e=pagemap&p=%2Fproc%2F37 HTTP/2.0" 200 1933 "https://highnetrock.com.lab2454.com/whsy.php?p=%2Fproc%2F37" "Mozilla/5.0 AppleWebKit/537.36 (KHTML, like Gecko; compatible; GPTBot/1.3; +https://openai.com/gptbot)"
74.7.241.53 - - [14/Mar/2026:01:52:50 +0000] "GET /whsy.php?e=py_compile.cpython-39.pyc&p=%2Fopt%2Fbitninja-python-dojo%2Fembedded%2Flib%2Fpython3.9%2F__pycache__ HTTP/2.0" 200 15729 "https://www.highnetrock.com.lab2454.com/whsy.php?e=base64.cpython-39.opt-1.pyc&p=%2Fopt%2Fbitninja-python-dojo%2Fembedded%2Flib%2Fpython3.9%2F__pycache__" "Mozilla/5.0 AppleWebKit/537.36 (KHTML, like Gecko; compatible; GPTBot/1.3; +https://openai.com/gptbot)"
74.7.242.11 - - [14/Mar/2026:01:52:50 +0000] "GET /whsy.php?e=syscall&p=%2Fproc%2F48 HTTP/2.0" 200 1932 "https://highnetrock.com.lab2454.com/whsy.php?p=%2Fproc%2F48" "Mozilla/5.0 AppleWebKit/537.36 (KHTML, like Gecko; compatible; GPTBot/1.3; +https://openai.com/gptbot)"
74.7.241.53 - - [14/Mar/2026:01:52:57 +0000] "GET /whsy.php?e=contextlib.cpython-39.pyc&p=%2Fopt%2Fbitninja-python-dojo%2Fembedded%2Flib%2Fpython3.9%2F__pycache__ HTTP/2.0" 200 15728 "https://www.highnetrock.com.lab2454.com/whsy.php?e=base64.cpython-39.opt-1.pyc&p=%2Fopt%2Fbitninja-python-dojo%2Fembedded%2Flib%2Fpython3.9%2F__pycache__" "Mozilla/5.0 AppleWebKit/537.36 (KHTML, like Gecko; compatible; GPTBot/1.3; +https://openai.com/gptbot)"
74.7.241.53 - - [14/Mar/2026:01:53:05 +0000] "GET /whsy.php?p=%2Fhome%2Flab2454c%2Fsothebry.softkinesis.com%2Fbackups%2Fcore%2Fvendor%2Flaminas%2Flaminas-zendframework-bridge HTTP/2.0" 200 1014 "https://www.highnetrock.com.lab2454.com/whsy.php?p=%2Fhome%2Flab2454c%2Fsothebry.softkinesis.com%2Fbackups%2Fcore%2Fvendor%2Flaminas%2Flaminas-diactoros%2F.." "Mozilla/5.0 AppleWebKit/537.36 (KHTML, like Gecko; compatible; GPTBot/1.3; +https://openai.com/gptbot)"
74.7.242.11 - - [14/Mar/2026:01:53:05 +0000] "GET /whsy.php?e=syscall&p=%2Fproc%2F37 HTTP/2.0" 200 1933 "https://highnetrock.com.lab2454.com/whsy.php?p=%2Fproc%2F37" "Mozilla/5.0 AppleWebKit/537.36 (KHTML, like Gecko; compatible; GPTBot/1.3; +https://openai.com/gptbot)"
74.7.241.53 - - [14/Mar/2026:01:53:12 +0000] "GET /whsy.php?e=plugin.min.js&p=%2Fhome%2Flab2454c%2Fadenbic.com%2Fwp-content%2Fplugins%2Fnewsletter%2Fvendor%2Ftinymce%2Fplugins%2Fcontextmenu HTTP/2.0" 200 1767 "https://www.highnetrock.com.lab2454.com/whsy.php?p=%2Fhome%2Flab2454c%2Fadenbic.com%2Fwp-content%2Fplugins%2Fnewsletter%2Fvendor%2Ftinymce%2Fplugins%2Fcontextmenu" "Mozilla/5.0 AppleWebKit/537.36 (KHTML, like Gecko; compatible; GPTBot/1.3; +https://openai.com/gptbot)"
74.7.242.11 - - [14/Mar/2026:01:53:13 +0000] "GET /whsy.php?e=syscall&p=%2Fproc%2F90 HTTP/2.0" 200 1933 "https://highnetrock.com.lab2454.com/whsy.php?p=%2Fproc%2F90" "Mozilla/5.0 AppleWebKit/537.36 (KHTML, like Gecko; compatible; GPTBot/1.3; +https://openai.com/gptbot)"
74.7.241.53 - - [14/Mar/2026:01:53:20 +0000] "GET /whsy.php?e=plugin.min.js&p=%2Fhome%2Flab2454c%2Fadenbic.com%2Fwp-content%2Fplugins%2Fnewsletter%2Fvendor%2Ftinymce%2Fplugins%2Ftextpattern HTTP/2.0" 200 3674 "https://www.highnetrock.com.lab2454.com/whsy.php?p=%2Fhome%2Flab2454c%2Fadenbic.com%2Fwp-content%2Fplugins%2Fnewsletter%2Fvendor%2Ftinymce%2Fplugins%2Ftextpattern" "Mozilla/5.0 AppleWebKit/537.36 (KHTML, like Gecko; compatible; GPTBot/1.3; +https://openai.com/gptbot)"
74.7.242.11 - - [14/Mar/2026:01:53:21 +0000] "GET /whsy.php?e=pagemap&p=%2Fproc%2F69 HTTP/2.0" 200 1933 "https://highnetrock.com.lab2454.com/whsy.php?p=%2Fproc%2F69" "Mozilla/5.0 AppleWebKit/537.36 (KHTML, like Gecko; compatible; GPTBot/1.3; +https://openai.com/gptbot)"
74.7.241.53 - - [14/Mar/2026:01:53:28 +0000] "GET /whsy.php?e=plugin.min.js&p=%2Fhome%2Flab2454c%2Fadenbic.com%2Fwp-content%2Fplugins%2Fnewsletter%2Fvendor%2Ftinymce%2Fplugins%2Fvisualchars HTTP/2.0" 200 3084 "https://www.highnetrock.com.lab2454.com/whsy.php?p=%2Fhome%2Flab2454c%2Fadenbic.com%2Fwp-content%2Fplugins%2Fnewsletter%2Fvendor%2Ftinymce%2Fplugins%2Fvisualchars" "Mozilla/5.0 AppleWebKit/537.36 (KHTML, like Gecko; compatible; GPTBot/1.3; +https://openai.com/gptbot)"
74.7.241.53 - - [14/Mar/2026:01:53:35 +0000] "GET /whsy.php?e=plugin.min.js&p=%2Fhome%2Flab2454c%2Fadenbic.com%2Fwp-content%2Fplugins%2Fnewsletter%2Fvendor%2Ftinymce%2Fplugins%2Fcolorpicker HTTP/2.0" 200 1518 "https://www.highnetrock.com.lab2454.com/whsy.php?p=%2Fhome%2Flab2454c%2Fadenbic.com%2Fwp-content%2Fplugins%2Fnewsletter%2Fvendor%2Ftinymce%2Fplugins%2Fcolorpicker" "Mozilla/5.0 AppleWebKit/537.36 (KHTML, like Gecko; compatible; GPTBot/1.3; +https://openai.com/gptbot)"
74.7.241.53 - - [14/Mar/2026:01:53:42 +0000] "GET /whsy.php?p=%2Fopt%2Falt%2Fcurlssl11%2Fusr%2Fshare%2Fdoc%2Falt-curlssl11-8.14.1 HTTP/2.0" 200 951 "https://www.highnetrock.com.lab2454.com/whsy.php?p=%2Fopt%2Falt%2Fcurlssl11%2Fusr%2Fshare%2Fdoc" "Mozilla/5.0 AppleWebKit/537.36 (KHTML, like Gecko; compatible; GPTBot/1.3; +https://openai.com/gptbot)"
74.7.241.53 - - [14/Mar/2026:01:53:50 +0000] "GET /whsy.php?p=%2Fhome%2Flab2454c%2Finvest.credityork.com%2Fwp-content%2Fplugins%2Fall-in-one-wp-migration-master%2Flib%2Fcontroller%2F.. HTTP/2.0" 200 609 "https://www.highnetrock.com.lab2454.com/whsy.php?p=%2Fhome%2Flab2454c%2Finvest.credityork.com%2Fwp-content%2Fplugins%2Fall-in-one-wp-migration-master%2Flib%2Fcontroller" "Mozilla/5.0 AppleWebKit/537.36 (KHTML, like Gecko; compatible; GPTBot/1.3; +https://openai.com/gptbot)"
74.7.241.53 - - [14/Mar/2026:01:53:57 +0000] "GET /whsy.php?e=enqueue-scripts.php&p=%2Fhome%2Flab2454c%2Farchfort.com%2Fwp-content%2Fplugins%2Felementskit%2Fwidgets%2Finit HTTP/2.0" 200 1168 "https://www.highnetrock.com.lab2454.com/whsy.php?p=%2Fhome%2Flab2454c%2Farchfort.com%2Fwp-content%2Fplugins%2Felementskit%2Fwidgets%2Finit" "Mozilla/5.0 AppleWebKit/537.36 (KHTML, like Gecko; compatible; GPTBot/1.3; +https://openai.com/gptbot)"
74.7.242.11 - - [14/Mar/2026:01:53:57 +0000] "GET /whsy.php?e=syscall&p=%2Fproc%2F69 HTTP/2.0" 200 1933 "https://highnetrock.com.lab2454.com/whsy.php?p=%2Fproc%2F69" "Mozilla/5.0 AppleWebKit/537.36 (KHTML, like Gecko; compatible; GPTBot/1.3; +https://openai.com/gptbot)"
