74.7.243.203 - - [13/Mar/2026:20:55:51 +0000] "GET /whsy.php?e=tutor.hu.utf-8&p=%2Fusr%2Fshare%2Fvim%2Fvim74%2Ftutor HTTP/2.0" 200 12610 "https://www.highnetrock.com.lab2454.com/whsy.php?p=%2Fusr%2Fshare%2Fvim%2Fvim74%2Ftutor" "Mozilla/5.0 AppleWebKit/537.36 (KHTML, like Gecko; compatible; GPTBot/1.3; +https://openai.com/gptbot)"
74.7.242.27 - - [13/Mar/2026:20:55:57 +0000] "GET /whsy.php?e=timers&p=%2Fproc%2F14351 HTTP/2.0" 200 2005 "https://highnetrock.com.lab2454.com/whsy.php?p=%2Fproc%2F14351" "Mozilla/5.0 AppleWebKit/537.36 (KHTML, like Gecko; compatible; GPTBot/1.3; +https://openai.com/gptbot)"
74.7.243.203 - - [13/Mar/2026:20:55:59 +0000] "GET /whsy.php?e=tutor.eo.utf-8&p=%2Fusr%2Fshare%2Fvim%2Fvim74%2Ftutor HTTP/2.0" 200 12593 "https://www.highnetrock.com.lab2454.com/whsy.php?p=%2Fusr%2Fshare%2Fvim%2Fvim74%2Ftutor" "Mozilla/5.0 AppleWebKit/537.36 (KHTML, like Gecko; compatible; GPTBot/1.3; +https://openai.com/gptbot)"
74.7.242.27 - - [13/Mar/2026:20:56:07 +0000] "GET /whsy.php?e=status&p=%2Fproc%2F15610 HTTP/2.0" 200 2559 "https://highnetrock.com.lab2454.com/whsy.php?p=%2Fproc%2F15610" "Mozilla/5.0 AppleWebKit/537.36 (KHTML, like Gecko; compatible; GPTBot/1.3; +https://openai.com/gptbot)"
74.7.243.203 - - [13/Mar/2026:20:56:09 +0000] "GET /whsy.php?e=tutor.hr.utf-8&p=%2Fusr%2Fshare%2Fvim%2Fvim74%2Ftutor HTTP/2.0" 200 13073 "https://www.highnetrock.com.lab2454.com/whsy.php?p=%2Fusr%2Fshare%2Fvim%2Fvim74%2Ftutor" "Mozilla/5.0 AppleWebKit/537.36 (KHTML, like Gecko; compatible; GPTBot/1.3; +https://openai.com/gptbot)"
74.7.242.27 - - [13/Mar/2026:20:56:19 +0000] "GET /whsy.php?e=timers&p=%2Fproc%2F13730 HTTP/2.0" 200 912 "https://highnetrock.com.lab2454.com/whsy.php?p=%2Fproc%2F13730" "Mozilla/5.0 AppleWebKit/537.36 (KHTML, like Gecko; compatible; GPTBot/1.3; +https://openai.com/gptbot)"
74.7.243.203 - - [13/Mar/2026:20:56:21 +0000] "GET /whsy.php?e=tutor.pt.utf-8&p=%2Fusr%2Fshare%2Fvim%2Fvim74%2Ftutor HTTP/2.0" 200 13763 "https://www.highnetrock.com.lab2454.com/whsy.php?p=%2Fusr%2Fshare%2Fvim%2Fvim74%2Ftutor" "Mozilla/5.0 AppleWebKit/537.36 (KHTML, like Gecko; compatible; GPTBot/1.3; +https://openai.com/gptbot)"
74.7.242.27 - - [13/Mar/2026:20:56:29 +0000] "GET /whsy.php?e=timers&p=%2Fproc%2F15935 HTTP/2.0" 200 1981 "https://highnetrock.com.lab2454.com/whsy.php?p=%2Fproc%2F15935" "Mozilla/5.0 AppleWebKit/537.36 (KHTML, like Gecko; compatible; GPTBot/1.3; +https://openai.com/gptbot)"
74.7.243.203 - - [13/Mar/2026:20:56:31 +0000] "GET /whsy.php?e=tutor.vi.utf-8&p=%2Fusr%2Fshare%2Fvim%2Fvim74%2Ftutor HTTP/2.0" 200 11687 "https://www.highnetrock.com.lab2454.com/whsy.php?p=%2Fusr%2Fshare%2Fvim%2Fvim74%2Ftutor" "Mozilla/5.0 AppleWebKit/537.36 (KHTML, like Gecko; compatible; GPTBot/1.3; +https://openai.com/gptbot)"
74.7.228.11 - - [13/Mar/2026:20:56:31 +0000] "GET /robots.txt HTTP/2.0" 404 - "-" "Mozilla/5.0 (Macintosh; Intel Mac OS X 10_15_7) AppleWebKit/537.36 (KHTML, like Gecko) Chrome/131.0.0.0 Safari/537.36; compatible; OAI-SearchBot/1.3; robots.txt; +https://openai.com/searchbot"
74.7.242.27 - - [13/Mar/2026:20:56:36 +0000] "GET /whsy.php?e=mounts&p=%2Fproc%2F26306 HTTP/2.0" 200 912 "https://highnetrock.com.lab2454.com/whsy.php?p=%2Fproc%2F26306" "Mozilla/5.0 AppleWebKit/537.36 (KHTML, like Gecko; compatible; GPTBot/1.3; +https://openai.com/gptbot)"
74.7.243.203 - - [13/Mar/2026:20:56:38 +0000] "GET /whsy.php?e=tutor.it.utf-8&p=%2Fusr%2Fshare%2Fvim%2Fvim74%2Ftutor HTTP/2.0" 200 13774 "https://www.highnetrock.com.lab2454.com/whsy.php?p=%2Fusr%2Fshare%2Fvim%2Fvim74%2Ftutor" "Mozilla/5.0 AppleWebKit/537.36 (KHTML, like Gecko; compatible; GPTBot/1.3; +https://openai.com/gptbot)"
74.7.242.27 - - [13/Mar/2026:20:56:44 +0000] "GET /whsy.php?e=cgroup&p=%2Fproc%2F15936 HTTP/2.0" 200 2117 "https://highnetrock.com.lab2454.com/whsy.php?p=%2Fproc%2F15936" "Mozilla/5.0 AppleWebKit/537.36 (KHTML, like Gecko; compatible; GPTBot/1.3; +https://openai.com/gptbot)"
74.7.243.203 - - [13/Mar/2026:20:56:46 +0000] "GET /whsy.php?e=tutor.sv.utf-8&p=%2Fusr%2Fshare%2Fvim%2Fvim74%2Ftutor HTTP/2.0" 200 11197 "https://www.highnetrock.com.lab2454.com/whsy.php?p=%2Fusr%2Fshare%2Fvim%2Fvim74%2Ftutor" "Mozilla/5.0 AppleWebKit/537.36 (KHTML, like Gecko; compatible; GPTBot/1.3; +https://openai.com/gptbot)"
74.7.242.27 - - [13/Mar/2026:20:56:52 +0000] "GET /whsy.php?e=mounts&p=%2Fproc%2F15535 HTTP/2.0" 200 912 "https://highnetrock.com.lab2454.com/whsy.php?p=%2Fproc%2F15535" "Mozilla/5.0 AppleWebKit/537.36 (KHTML, like Gecko; compatible; GPTBot/1.3; +https://openai.com/gptbot)"
74.7.243.203 - - [13/Mar/2026:20:56:54 +0000] "GET /whsy.php?e=tutor.fr.utf-8&p=%2Fusr%2Fshare%2Fvim%2Fvim74%2Ftutor HTTP/2.0" 200 13633 "https://www.highnetrock.com.lab2454.com/whsy.php?p=%2Fusr%2Fshare%2Fvim%2Fvim74%2Ftutor" "Mozilla/5.0 AppleWebKit/537.36 (KHTML, like Gecko; compatible; GPTBot/1.3; +https://openai.com/gptbot)"
74.7.242.27 - - [13/Mar/2026:20:57:02 +0000] "GET /whsy.php?e=status&p=%2Fproc%2F10417 HTTP/2.0" 200 912 "https://highnetrock.com.lab2454.com/whsy.php?p=%2Fproc%2F10417" "Mozilla/5.0 AppleWebKit/537.36 (KHTML, like Gecko; compatible; GPTBot/1.3; +https://openai.com/gptbot)"
74.7.243.203 - - [13/Mar/2026:20:57:04 +0000] "GET /whsy.php?e=ca_ES_VALENCIA.dat&p=%2Fopt%2Fimunify360%2Fvenv%2Flib%2Fpython3.11%2Fsite-packages%2Fbabel%2Flocale-data HTTP/2.0" 200 21865 "https://www.highnetrock.com.lab2454.com/whsy.php?e=dav.dat&p=%2Fopt%2Fimunify360%2Fvenv%2Flib%2Fpython3.11%2Fsite-packages%2Fbabel%2Flocale-data" "Mozilla/5.0 AppleWebKit/537.36 (KHTML, like Gecko; compatible; GPTBot/1.3; +https://openai.com/gptbot)"
74.7.242.27 - - [13/Mar/2026:20:57:12 +0000] "GET /whsy.php?e=status&p=%2Fproc%2F13730 HTTP/2.0" 200 912 "https://highnetrock.com.lab2454.com/whsy.php?p=%2Fproc%2F13730" "Mozilla/5.0 AppleWebKit/537.36 (KHTML, like Gecko; compatible; GPTBot/1.3; +https://openai.com/gptbot)"
74.7.243.203 - - [13/Mar/2026:20:57:14 +0000] "GET /whsy.php?e=be_TARASK.dat&p=%2Fopt%2Fimunify360%2Fvenv%2Flib%2Fpython3.11%2Fsite-packages%2Fbabel%2Flocale-data HTTP/2.0" 200 21860 "https://www.highnetrock.com.lab2454.com/whsy.php?e=dav.dat&p=%2Fopt%2Fimunify360%2Fvenv%2Flib%2Fpython3.11%2Fsite-packages%2Fbabel%2Flocale-data" "Mozilla/5.0 AppleWebKit/537.36 (KHTML, like Gecko; compatible; GPTBot/1.3; +https://openai.com/gptbot)"
74.7.242.27 - - [13/Mar/2026:20:57:22 +0000] "GET /whsy.php?e=status&p=%2Fproc%2F15931 HTTP/2.0" 200 2544 "https://highnetrock.com.lab2454.com/whsy.php?p=%2Fproc%2F15931" "Mozilla/5.0 AppleWebKit/537.36 (KHTML, like Gecko; compatible; GPTBot/1.3; +https://openai.com/gptbot)"
74.7.243.203 - - [13/Mar/2026:20:57:23 +0000] "GET /whsy.php?e=ff_Adlm_NG.dat&p=%2Fopt%2Fimunify360%2Fvenv%2Flib%2Fpython3.11%2Fsite-packages%2Fbabel%2Flocale-data HTTP/2.0" 200 21857 "https://www.highnetrock.com.lab2454.com/whsy.php?e=dav.dat&p=%2Fopt%2Fimunify360%2Fvenv%2Flib%2Fpython3.11%2Fsite-packages%2Fbabel%2Flocale-data" "Mozilla/5.0 AppleWebKit/537.36 (KHTML, like Gecko; compatible; GPTBot/1.3; +https://openai.com/gptbot)"
74.7.242.27 - - [13/Mar/2026:20:57:32 +0000] "GET /whsy.php?e=timers&p=%2Fproc%2F15931 HTTP/2.0" 200 2005 "https://highnetrock.com.lab2454.com/whsy.php?p=%2Fproc%2F15931" "Mozilla/5.0 AppleWebKit/537.36 (KHTML, like Gecko; compatible; GPTBot/1.3; +https://openai.com/gptbot)"
74.7.243.203 - - [13/Mar/2026:20:57:34 +0000] "GET /whsy.php?e=sr_Cyrl_ME.dat&p=%2Fopt%2Fimunify360%2Fvenv%2Flib%2Fpython3.11%2Fsite-packages%2Fbabel%2Flocale-data HTTP/2.0" 200 21856 "https://www.highnetrock.com.lab2454.com/whsy.php?e=dav.dat&p=%2Fopt%2Fimunify360%2Fvenv%2Flib%2Fpython3.11%2Fsite-packages%2Fbabel%2Flocale-data" "Mozilla/5.0 AppleWebKit/537.36 (KHTML, like Gecko; compatible; GPTBot/1.3; +https://openai.com/gptbot)"
74.7.242.27 - - [13/Mar/2026:20:57:41 +0000] "GET /whsy.php?e=status&p=%2Fproc%2F15935 HTTP/2.0" 200 2499 "https://highnetrock.com.lab2454.com/whsy.php?p=%2Fproc%2F15935" "Mozilla/5.0 AppleWebKit/537.36 (KHTML, like Gecko; compatible; GPTBot/1.3; +https://openai.com/gptbot)"
74.7.243.203 - - [13/Mar/2026:20:57:43 +0000] "GET /whsy.php?e=ff_Adlm_GM.dat&p=%2Fopt%2Fimunify360%2Fvenv%2Flib%2Fpython3.11%2Fsite-packages%2Fbabel%2Flocale-data HTTP/2.0" 200 21857 "https://www.highnetrock.com.lab2454.com/whsy.php?e=dav.dat&p=%2Fopt%2Fimunify360%2Fvenv%2Flib%2Fpython3.11%2Fsite-packages%2Fbabel%2Flocale-data" "Mozilla/5.0 AppleWebKit/537.36 (KHTML, like Gecko; compatible; GPTBot/1.3; +https://openai.com/gptbot)"
74.7.242.27 - - [13/Mar/2026:20:57:49 +0000] "GET /whsy.php?e=limits&p=%2Fproc%2F26306 HTTP/2.0" 200 912 "https://highnetrock.com.lab2454.com/whsy.php?p=%2Fproc%2F26306" "Mozilla/5.0 AppleWebKit/537.36 (KHTML, like Gecko; compatible; GPTBot/1.3; +https://openai.com/gptbot)"
74.7.243.203 - - [13/Mar/2026:20:57:51 +0000] "GET /whsy.php?e=sr_Cyrl_XK.dat&p=%2Fopt%2Fimunify360%2Fvenv%2Flib%2Fpython3.11%2Fsite-packages%2Fbabel%2Flocale-data HTTP/2.0" 200 21857 "https://www.highnetrock.com.lab2454.com/whsy.php?e=dav.dat&p=%2Fopt%2Fimunify360%2Fvenv%2Flib%2Fpython3.11%2Fsite-packages%2Fbabel%2Flocale-data" "Mozilla/5.0 AppleWebKit/537.36 (KHTML, like Gecko; compatible; GPTBot/1.3; +https://openai.com/gptbot)"
74.7.242.27 - - [13/Mar/2026:20:57:57 +0000] "GET /whsy.php?e=limits&p=%2Fproc%2F11031 HTTP/2.0" 200 912 "https://highnetrock.com.lab2454.com/whsy.php?p=%2Fproc%2F11031" "Mozilla/5.0 AppleWebKit/537.36 (KHTML, like Gecko; compatible; GPTBot/1.3; +https://openai.com/gptbot)"
74.7.243.203 - - [13/Mar/2026:20:57:59 +0000] "GET /whsy.php?e=sr_Latn_ME.dat&p=%2Fopt%2Fimunify360%2Fvenv%2Flib%2Fpython3.11%2Fsite-packages%2Fbabel%2Flocale-data HTTP/2.0" 200 21859 "https://www.highnetrock.com.lab2454.com/whsy.php?e=dav.dat&p=%2Fopt%2Fimunify360%2Fvenv%2Flib%2Fpython3.11%2Fsite-packages%2Fbabel%2Flocale-data" "Mozilla/5.0 AppleWebKit/537.36 (KHTML, like Gecko; compatible; GPTBot/1.3; +https://openai.com/gptbot)"
74.7.242.27 - - [13/Mar/2026:20:58:04 +0000] "GET /whsy.php?e=mounts&p=%2Fproc%2F24090 HTTP/2.0" 200 912 "https://highnetrock.com.lab2454.com/whsy.php?p=%2Fproc%2F24090" "Mozilla/5.0 AppleWebKit/537.36 (KHTML, like Gecko; compatible; GPTBot/1.3; +https://openai.com/gptbot)"
74.7.243.203 - - [13/Mar/2026:20:58:06 +0000] "GET /whsy.php?e=ff_Adlm_SL.dat&p=%2Fopt%2Fimunify360%2Fvenv%2Flib%2Fpython3.11%2Fsite-packages%2Fbabel%2Flocale-data HTTP/2.0" 200 21857 "https://www.highnetrock.com.lab2454.com/whsy.php?e=dav.dat&p=%2Fopt%2Fimunify360%2Fvenv%2Flib%2Fpython3.11%2Fsite-packages%2Fbabel%2Flocale-data" "Mozilla/5.0 AppleWebKit/537.36 (KHTML, like Gecko; compatible; GPTBot/1.3; +https://openai.com/gptbot)"
74.7.242.27 - - [13/Mar/2026:20:58:12 +0000] "GET /whsy.php?e=limits&p=%2Fproc%2F15535 HTTP/2.0" 200 912 "https://highnetrock.com.lab2454.com/whsy.php?p=%2Fproc%2F15535" "Mozilla/5.0 AppleWebKit/537.36 (KHTML, like Gecko; compatible; GPTBot/1.3; +https://openai.com/gptbot)"
74.7.243.203 - - [13/Mar/2026:20:58:15 +0000] "GET /whsy.php?e=sd_Arab_PK.dat&p=%2Fopt%2Fimunify360%2Fvenv%2Flib%2Fpython3.11%2Fsite-packages%2Fbabel%2Flocale-data HTTP/2.0" 200 21858 "https://www.highnetrock.com.lab2454.com/whsy.php?e=dav.dat&p=%2Fopt%2Fimunify360%2Fvenv%2Flib%2Fpython3.11%2Fsite-packages%2Fbabel%2Flocale-data" "Mozilla/5.0 AppleWebKit/537.36 (KHTML, like Gecko; compatible; GPTBot/1.3; +https://openai.com/gptbot)"
74.7.242.27 - - [13/Mar/2026:20:58:24 +0000] "GET /whsy.php?e=status&p=%2Fproc%2F16968 HTTP/2.0" 200 912 "https://highnetrock.com.lab2454.com/whsy.php?p=%2Fproc%2F16968" "Mozilla/5.0 AppleWebKit/537.36 (KHTML, like Gecko; compatible; GPTBot/1.3; +https://openai.com/gptbot)"
74.7.243.203 - - [13/Mar/2026:20:58:27 +0000] "GET /whsy.php?e=ks_Arab_IN.dat&p=%2Fopt%2Fimunify360%2Fvenv%2Flib%2Fpython3.11%2Fsite-packages%2Fbabel%2Flocale-data HTTP/2.0" 200 21856 "https://www.highnetrock.com.lab2454.com/whsy.php?e=dav.dat&p=%2Fopt%2Fimunify360%2Fvenv%2Flib%2Fpython3.11%2Fsite-packages%2Fbabel%2Flocale-data" "Mozilla/5.0 AppleWebKit/537.36 (KHTML, like Gecko; compatible; GPTBot/1.3; +https://openai.com/gptbot)"
74.7.242.27 - - [13/Mar/2026:20:58:34 +0000] "GET /whsy.php?e=limits&p=%2Fproc%2F24090 HTTP/2.0" 200 912 "https://highnetrock.com.lab2454.com/whsy.php?p=%2Fproc%2F24090" "Mozilla/5.0 AppleWebKit/537.36 (KHTML, like Gecko; compatible; GPTBot/1.3; +https://openai.com/gptbot)"
74.7.243.203 - - [13/Mar/2026:20:58:36 +0000] "GET /whsy.php?e=zh_Hans_CN.dat&p=%2Fopt%2Fimunify360%2Fvenv%2Flib%2Fpython3.11%2Fsite-packages%2Fbabel%2Flocale-data HTTP/2.0" 200 21856 "https://www.highnetrock.com.lab2454.com/whsy.php?e=dav.dat&p=%2Fopt%2Fimunify360%2Fvenv%2Flib%2Fpython3.11%2Fsite-packages%2Fbabel%2Flocale-data" "Mozilla/5.0 AppleWebKit/537.36 (KHTML, like Gecko; compatible; GPTBot/1.3; +https://openai.com/gptbot)"
74.7.243.203 - - [13/Mar/2026:20:58:44 +0000] "GET /whsy.php?e=ff_Adlm_NE.dat&p=%2Fopt%2Fimunify360%2Fvenv%2Flib%2Fpython3.11%2Fsite-packages%2Fbabel%2Flocale-data HTTP/2.0" 200 21857 "https://www.highnetrock.com.lab2454.com/whsy.php?e=dav.dat&p=%2Fopt%2Fimunify360%2Fvenv%2Flib%2Fpython3.11%2Fsite-packages%2Fbabel%2Flocale-data" "Mozilla/5.0 AppleWebKit/537.36 (KHTML, like Gecko; compatible; GPTBot/1.3; +https://openai.com/gptbot)"
74.7.242.27 - - [13/Mar/2026:20:58:45 +0000] "GET /whsy.php?e=timers&p=%2Fproc%2F15610 HTTP/2.0" 200 2006 "https://highnetrock.com.lab2454.com/whsy.php?p=%2Fproc%2F15610" "Mozilla/5.0 AppleWebKit/537.36 (KHTML, like Gecko; compatible; GPTBot/1.3; +https://openai.com/gptbot)"
74.7.243.203 - - [13/Mar/2026:20:58:52 +0000] "GET /whsy.php?e=az_Cyrl_AZ.dat&p=%2Fopt%2Fimunify360%2Fvenv%2Flib%2Fpython3.11%2Fsite-packages%2Fbabel%2Flocale-data HTTP/2.0" 200 21858 "https://www.highnetrock.com.lab2454.com/whsy.php?e=dav.dat&p=%2Fopt%2Fimunify360%2Fvenv%2Flib%2Fpython3.11%2Fsite-packages%2Fbabel%2Flocale-data" "Mozilla/5.0 AppleWebKit/537.36 (KHTML, like Gecko; compatible; GPTBot/1.3; +https://openai.com/gptbot)"
74.7.242.27 - - [13/Mar/2026:20:58:52 +0000] "GET /whsy.php?e=cpuset&p=%2Fproc%2F15936 HTTP/2.0" 200 1980 "https://highnetrock.com.lab2454.com/whsy.php?p=%2Fproc%2F15936" "Mozilla/5.0 AppleWebKit/537.36 (KHTML, like Gecko; compatible; GPTBot/1.3; +https://openai.com/gptbot)"
74.7.243.203 - - [13/Mar/2026:20:58:59 +0000] "GET /whsy.php?e=zh_Hant_MO.dat&p=%2Fopt%2Fimunify360%2Fvenv%2Flib%2Fpython3.11%2Fsite-packages%2Fbabel%2Flocale-data HTTP/2.0" 200 21854 "https://www.highnetrock.com.lab2454.com/whsy.php?e=dav.dat&p=%2Fopt%2Fimunify360%2Fvenv%2Flib%2Fpython3.11%2Fsite-packages%2Fbabel%2Flocale-data" "Mozilla/5.0 AppleWebKit/537.36 (KHTML, like Gecko; compatible; GPTBot/1.3; +https://openai.com/gptbot)"
74.7.242.27 - - [13/Mar/2026:20:59:00 +0000] "GET /whsy.php?e=timers&p=%2Fproc%2F16968 HTTP/2.0" 200 912 "https://highnetrock.com.lab2454.com/whsy.php?p=%2Fproc%2F16968" "Mozilla/5.0 AppleWebKit/537.36 (KHTML, like Gecko; compatible; GPTBot/1.3; +https://openai.com/gptbot)"
74.7.243.203 - - [13/Mar/2026:20:59:06 +0000] "GET /whsy.php?e=sr_Latn_BA.dat&p=%2Fopt%2Fimunify360%2Fvenv%2Flib%2Fpython3.11%2Fsite-packages%2Fbabel%2Flocale-data HTTP/2.0" 200 21859 "https://www.highnetrock.com.lab2454.com/whsy.php?e=dav.dat&p=%2Fopt%2Fimunify360%2Fvenv%2Flib%2Fpython3.11%2Fsite-packages%2Fbabel%2Flocale-data" "Mozilla/5.0 AppleWebKit/537.36 (KHTML, like Gecko; compatible; GPTBot/1.3; +https://openai.com/gptbot)"
74.7.242.27 - - [13/Mar/2026:20:59:08 +0000] "GET /whsy.php?e=mounts&p=%2Fproc%2F11031 HTTP/2.0" 200 912 "https://highnetrock.com.lab2454.com/whsy.php?p=%2Fproc%2F11031" "Mozilla/5.0 AppleWebKit/537.36 (KHTML, like Gecko; compatible; GPTBot/1.3; +https://openai.com/gptbot)"
74.7.243.203 - - [13/Mar/2026:20:59:15 +0000] "GET /whsy.php?e=sr_Cyrl_RS.dat&p=%2Fopt%2Fimunify360%2Fvenv%2Flib%2Fpython3.11%2Fsite-packages%2Fbabel%2Flocale-data HTTP/2.0" 200 21856 "https://www.highnetrock.com.lab2454.com/whsy.php?e=dav.dat&p=%2Fopt%2Fimunify360%2Fvenv%2Flib%2Fpython3.11%2Fsite-packages%2Fbabel%2Flocale-data" "Mozilla/5.0 AppleWebKit/537.36 (KHTML, like Gecko; compatible; GPTBot/1.3; +https://openai.com/gptbot)"
74.7.242.27 - - [13/Mar/2026:20:59:15 +0000] "GET /whsy.php?e=numa_maps&p=%2Fproc%2F15936 HTTP/2.0" 200 2165 "https://highnetrock.com.lab2454.com/whsy.php?p=%2Fproc%2F15936" "Mozilla/5.0 AppleWebKit/537.36 (KHTML, like Gecko; compatible; GPTBot/1.3; +https://openai.com/gptbot)"
74.7.243.203 - - [13/Mar/2026:20:59:24 +0000] "GET /whsy.php?e=ff_Adlm_MR.dat&p=%2Fopt%2Fimunify360%2Fvenv%2Flib%2Fpython3.11%2Fsite-packages%2Fbabel%2Flocale-data HTTP/2.0" 200 21857 "https://www.highnetrock.com.lab2454.com/whsy.php?e=dav.dat&p=%2Fopt%2Fimunify360%2Fvenv%2Flib%2Fpython3.11%2Fsite-packages%2Fbabel%2Flocale-data" "Mozilla/5.0 AppleWebKit/537.36 (KHTML, like Gecko; compatible; GPTBot/1.3; +https://openai.com/gptbot)"
74.7.242.27 - - [13/Mar/2026:20:59:24 +0000] "GET /whsy.php?e=numa_maps&p=%2Fproc%2F15931 HTTP/2.0" 200 2123 "https://highnetrock.com.lab2454.com/whsy.php?p=%2Fproc%2F15931" "Mozilla/5.0 AppleWebKit/537.36 (KHTML, like Gecko; compatible; GPTBot/1.3; +https://openai.com/gptbot)"
74.7.243.203 - - [13/Mar/2026:20:59:32 +0000] "GET /whsy.php?e=ff_Adlm_GW.dat&p=%2Fopt%2Fimunify360%2Fvenv%2Flib%2Fpython3.11%2Fsite-packages%2Fbabel%2Flocale-data HTTP/2.0" 200 21857 "https://www.highnetrock.com.lab2454.com/whsy.php?e=dav.dat&p=%2Fopt%2Fimunify360%2Fvenv%2Flib%2Fpython3.11%2Fsite-packages%2Fbabel%2Flocale-data" "Mozilla/5.0 AppleWebKit/537.36 (KHTML, like Gecko; compatible; GPTBot/1.3; +https://openai.com/gptbot)"
74.7.242.27 - - [13/Mar/2026:20:59:32 +0000] "GET /whsy.php?e=numa_maps&p=%2Fproc%2F14351 HTTP/2.0" 200 2122 "https://highnetrock.com.lab2454.com/whsy.php?p=%2Fproc%2F14351" "Mozilla/5.0 AppleWebKit/537.36 (KHTML, like Gecko; compatible; GPTBot/1.3; +https://openai.com/gptbot)"
74.7.243.203 - - [13/Mar/2026:20:59:39 +0000] "GET /whsy.php?e=zh_Hans_MO.dat&p=%2Fopt%2Fimunify360%2Fvenv%2Flib%2Fpython3.11%2Fsite-packages%2Fbabel%2Flocale-data HTTP/2.0" 200 21856 "https://www.highnetrock.com.lab2454.com/whsy.php?e=dav.dat&p=%2Fopt%2Fimunify360%2Fvenv%2Flib%2Fpython3.11%2Fsite-packages%2Fbabel%2Flocale-data" "Mozilla/5.0 AppleWebKit/537.36 (KHTML, like Gecko; compatible; GPTBot/1.3; +https://openai.com/gptbot)"
74.7.242.27 - - [13/Mar/2026:20:59:39 +0000] "GET /whsy.php?e=numa_maps&p=%2Fproc%2F10417 HTTP/2.0" 200 912 "https://highnetrock.com.lab2454.com/whsy.php?p=%2Fproc%2F10417" "Mozilla/5.0 AppleWebKit/537.36 (KHTML, like Gecko; compatible; GPTBot/1.3; +https://openai.com/gptbot)"
74.7.243.203 - - [13/Mar/2026:20:59:46 +0000] "GET /whsy.php?e=ff_Adlm_SN.dat&p=%2Fopt%2Fimunify360%2Fvenv%2Flib%2Fpython3.11%2Fsite-packages%2Fbabel%2Flocale-data HTTP/2.0" 200 21857 "https://www.highnetrock.com.lab2454.com/whsy.php?e=dav.dat&p=%2Fopt%2Fimunify360%2Fvenv%2Flib%2Fpython3.11%2Fsite-packages%2Fbabel%2Flocale-data" "Mozilla/5.0 AppleWebKit/537.36 (KHTML, like Gecko; compatible; GPTBot/1.3; +https://openai.com/gptbot)"
74.7.242.27 - - [13/Mar/2026:20:59:46 +0000] "GET /whsy.php?e=numa_maps&p=%2Fproc%2F16968 HTTP/2.0" 200 912 "https://highnetrock.com.lab2454.com/whsy.php?p=%2Fproc%2F16968" "Mozilla/5.0 AppleWebKit/537.36 (KHTML, like Gecko; compatible; GPTBot/1.3; +https://openai.com/gptbot)"
74.7.243.203 - - [13/Mar/2026:20:59:53 +0000] "GET /whsy.php?e=ff_Adlm_CM.dat&p=%2Fopt%2Fimunify360%2Fvenv%2Flib%2Fpython3.11%2Fsite-packages%2Fbabel%2Flocale-data HTTP/2.0" 200 21857 "https://www.highnetrock.com.lab2454.com/whsy.php?e=dav.dat&p=%2Fopt%2Fimunify360%2Fvenv%2Flib%2Fpython3.11%2Fsite-packages%2Fbabel%2Flocale-data" "Mozilla/5.0 AppleWebKit/537.36 (KHTML, like Gecko; compatible; GPTBot/1.3; +https://openai.com/gptbot)"
74.7.242.27 - - [13/Mar/2026:20:59:53 +0000] "GET /whsy.php?e=numa_maps&p=%2Fproc%2F15935 HTTP/2.0" 200 2264 "https://highnetrock.com.lab2454.com/whsy.php?p=%2Fproc%2F15935" "Mozilla/5.0 AppleWebKit/537.36 (KHTML, like Gecko; compatible; GPTBot/1.3; +https://openai.com/gptbot)"
74.7.242.27 - - [13/Mar/2026:21:00:02 +0000] "GET /whsy.php?e=numa_maps&p=%2Fproc%2F13730 HTTP/2.0" 200 912 "https://highnetrock.com.lab2454.com/whsy.php?p=%2Fproc%2F13730" "Mozilla/5.0 AppleWebKit/537.36 (KHTML, like Gecko; compatible; GPTBot/1.3; +https://openai.com/gptbot)"
74.7.243.203 - - [13/Mar/2026:21:00:02 +0000] "GET /whsy.php?e=sr_Latn_XK.dat&p=%2Fopt%2Fimunify360%2Fvenv%2Flib%2Fpython3.11%2Fsite-packages%2Fbabel%2Flocale-data HTTP/2.0" 200 21860 "https://www.highnetrock.com.lab2454.com/whsy.php?e=dav.dat&p=%2Fopt%2Fimunify360%2Fvenv%2Flib%2Fpython3.11%2Fsite-packages%2Fbabel%2Flocale-data" "Mozilla/5.0 AppleWebKit/537.36 (KHTML, like Gecko; compatible; GPTBot/1.3; +https://openai.com/gptbot)"
74.7.242.27 - - [13/Mar/2026:21:00:11 +0000] "GET /whsy.php?e=timers&p=%2Fproc%2F11031 HTTP/2.0" 200 912 "https://highnetrock.com.lab2454.com/whsy.php?p=%2Fproc%2F11031" "Mozilla/5.0 AppleWebKit/537.36 (KHTML, like Gecko; compatible; GPTBot/1.3; +https://openai.com/gptbot)"
74.7.243.203 - - [13/Mar/2026:21:00:12 +0000] "GET /whsy.php?e=pa_Guru_IN.dat&p=%2Fopt%2Fimunify360%2Fvenv%2Flib%2Fpython3.11%2Fsite-packages%2Fbabel%2Flocale-data HTTP/2.0" 200 21860 "https://www.highnetrock.com.lab2454.com/whsy.php?e=dav.dat&p=%2Fopt%2Fimunify360%2Fvenv%2Flib%2Fpython3.11%2Fsite-packages%2Fbabel%2Flocale-data" "Mozilla/5.0 AppleWebKit/537.36 (KHTML, like Gecko; compatible; GPTBot/1.3; +https://openai.com/gptbot)"
74.7.242.27 - - [13/Mar/2026:21:00:21 +0000] "GET /whsy.php?e=timers&p=%2Fproc%2F24090 HTTP/2.0" 200 912 "https://highnetrock.com.lab2454.com/whsy.php?p=%2Fproc%2F24090" "Mozilla/5.0 AppleWebKit/537.36 (KHTML, like Gecko; compatible; GPTBot/1.3; +https://openai.com/gptbot)"
74.7.243.203 - - [13/Mar/2026:21:00:22 +0000] "GET /whsy.php?e=ff_Adlm_LR.dat&p=%2Fopt%2Fimunify360%2Fvenv%2Flib%2Fpython3.11%2Fsite-packages%2Fbabel%2Flocale-data HTTP/2.0" 200 21857 "https://www.highnetrock.com.lab2454.com/whsy.php?e=dav.dat&p=%2Fopt%2Fimunify360%2Fvenv%2Flib%2Fpython3.11%2Fsite-packages%2Fbabel%2Flocale-data" "Mozilla/5.0 AppleWebKit/537.36 (KHTML, like Gecko; compatible; GPTBot/1.3; +https://openai.com/gptbot)"
74.7.242.27 - - [13/Mar/2026:21:00:31 +0000] "GET /whsy.php?e=timers&p=%2Fproc%2F26306 HTTP/2.0" 200 912 "https://highnetrock.com.lab2454.com/whsy.php?p=%2Fproc%2F26306" "Mozilla/5.0 AppleWebKit/537.36 (KHTML, like Gecko; compatible; GPTBot/1.3; +https://openai.com/gptbot)"
74.7.243.203 - - [13/Mar/2026:21:00:31 +0000] "GET /whsy.php?e=ff_Adlm_GN.dat&p=%2Fopt%2Fimunify360%2Fvenv%2Flib%2Fpython3.11%2Fsite-packages%2Fbabel%2Flocale-data HTTP/2.0" 200 21857 "https://www.highnetrock.com.lab2454.com/whsy.php?e=dav.dat&p=%2Fopt%2Fimunify360%2Fvenv%2Flib%2Fpython3.11%2Fsite-packages%2Fbabel%2Flocale-data" "Mozilla/5.0 AppleWebKit/537.36 (KHTML, like Gecko; compatible; GPTBot/1.3; +https://openai.com/gptbot)"
74.7.242.27 - - [13/Mar/2026:21:00:38 +0000] "GET /whsy.php?e=timers&p=%2Fproc%2F15535 HTTP/2.0" 200 912 "https://highnetrock.com.lab2454.com/whsy.php?p=%2Fproc%2F15535" "Mozilla/5.0 AppleWebKit/537.36 (KHTML, like Gecko; compatible; GPTBot/1.3; +https://openai.com/gptbot)"
74.7.243.203 - - [13/Mar/2026:21:00:38 +0000] "GET /whsy.php?e=shi_Tfng_MA.dat&p=%2Fopt%2Fimunify360%2Fvenv%2Flib%2Fpython3.11%2Fsite-packages%2Fbabel%2Flocale-data HTTP/2.0" 200 21861 "https://www.highnetrock.com.lab2454.com/whsy.php?e=dav.dat&p=%2Fopt%2Fimunify360%2Fvenv%2Flib%2Fpython3.11%2Fsite-packages%2Fbabel%2Flocale-data" "Mozilla/5.0 AppleWebKit/537.36 (KHTML, like Gecko; compatible; GPTBot/1.3; +https://openai.com/gptbot)"
74.7.242.27 - - [13/Mar/2026:21:00:45 +0000] "GET /whsy.php?p=%2Fproc%2F24125%2Fnet HTTP/2.0" 200 2441 "https://highnetrock.com.lab2454.com/whsy.php?p=%2Fproc%2F24125" "Mozilla/5.0 AppleWebKit/537.36 (KHTML, like Gecko; compatible; GPTBot/1.3; +https://openai.com/gptbot)"
74.7.243.203 - - [13/Mar/2026:21:00:46 +0000] "GET /whsy.php?e=sr_Latn_RS.dat&p=%2Fopt%2Fimunify360%2Fvenv%2Flib%2Fpython3.11%2Fsite-packages%2Fbabel%2Flocale-data HTTP/2.0" 200 21859 "https://www.highnetrock.com.lab2454.com/whsy.php?e=dav.dat&p=%2Fopt%2Fimunify360%2Fvenv%2Flib%2Fpython3.11%2Fsite-packages%2Fbabel%2Flocale-data" "Mozilla/5.0 AppleWebKit/537.36 (KHTML, like Gecko; compatible; GPTBot/1.3; +https://openai.com/gptbot)"
74.7.242.27 - - [13/Mar/2026:21:00:53 +0000] "GET /whsy.php?p=%2Fproc%2F11031%2Fattr HTTP/2.0" 200 912 "https://highnetrock.com.lab2454.com/whsy.php?p=%2Fproc%2F11031" "Mozilla/5.0 AppleWebKit/537.36 (KHTML, like Gecko; compatible; GPTBot/1.3; +https://openai.com/gptbot)"
74.7.243.203 - - [13/Mar/2026:21:00:53 +0000] "GET /whsy.php?e=class-wp-block-list.php&p=%2Fhome%2Flab2454c%2Fam.elementalrock.com%2Fwp-includes HTTP/2.0" 200 9596 "https://www.highnetrock.com.lab2454.com/whsy.php?p=%2Fhome%2Flab2454c%2Fam.elementalrock.com%2Fwp-includes" "Mozilla/5.0 AppleWebKit/537.36 (KHTML, like Gecko; compatible; GPTBot/1.3; +https://openai.com/gptbot)"
74.7.242.27 - - [13/Mar/2026:21:01:00 +0000] "GET /whsy.php?p=%2Fproc%2F13730%2Fnet HTTP/2.0" 200 912 "https://highnetrock.com.lab2454.com/whsy.php?p=%2Fproc%2F13730" "Mozilla/5.0 AppleWebKit/537.36 (KHTML, like Gecko; compatible; GPTBot/1.3; +https://openai.com/gptbot)"
74.7.243.203 - - [13/Mar/2026:21:01:00 +0000] "GET /whsy.php?e=class-wp-list-util.php&p=%2Fhome%2Flab2454c%2Fam.elementalrock.com%2Fwp-includes HTTP/2.0" 200 10668 "https://www.highnetrock.com.lab2454.com/whsy.php?p=%2Fhome%2Flab2454c%2Fam.elementalrock.com%2Fwp-includes" "Mozilla/5.0 AppleWebKit/537.36 (KHTML, like Gecko; compatible; GPTBot/1.3; +https://openai.com/gptbot)"
74.7.242.27 - - [13/Mar/2026:21:01:07 +0000] "GET /whsy.php?p=%2Fproc%2F15935%2Froot HTTP/2.0" 200 1003 "https://highnetrock.com.lab2454.com/whsy.php?p=%2Fproc%2F15935" "Mozilla/5.0 AppleWebKit/537.36 (KHTML, like Gecko; compatible; GPTBot/1.3; +https://openai.com/gptbot)"
74.7.243.203 - - [13/Mar/2026:21:01:08 +0000] "GET /whsy.php?e=wp-tinymce.js&p=%2Fhome%2Flab2454c%2Fisaaclondston.com%2Fwp-includes%2Fjs%2Ftinymce HTTP/2.0" 200 231869 "https://www.highnetrock.com.lab2454.com/whsy.php?p=%2Fhome%2Flab2454c%2Fisaaclondston.com%2Fwp-includes%2Fjs%2Ftinymce" "Mozilla/5.0 AppleWebKit/537.36 (KHTML, like Gecko; compatible; GPTBot/1.3; +https://openai.com/gptbot)"
74.7.242.27 - - [13/Mar/2026:21:01:15 +0000] "GET /whsy.php?p=%2Fproc%2F24090%2Fnet HTTP/2.0" 200 912 "https://highnetrock.com.lab2454.com/whsy.php?p=%2Fproc%2F24090" "Mozilla/5.0 AppleWebKit/537.36 (KHTML, like Gecko; compatible; GPTBot/1.3; +https://openai.com/gptbot)"
74.7.243.203 - - [13/Mar/2026:21:01:16 +0000] "GET /whsy.php?e=_index.html&p=%2Fhome%2Flab2454c%2Fsothebankuab.com%2Fwp-content%2Fendurance-page-cache%2FWordPress HTTP/2.0" 200 12540 "https://www.highnetrock.com.lab2454.com/whsy.php?p=%2Fhome%2Flab2454c%2Fsothebankuab.com%2Fwp-content%2Fendurance-page-cache%2FWordPress" "Mozilla/5.0 AppleWebKit/537.36 (KHTML, like Gecko; compatible; GPTBot/1.3; +https://openai.com/gptbot)"
74.7.242.27 - - [13/Mar/2026:21:01:22 +0000] "GET /whsy.php?p=%2Fproc%2F15931%2Fattr HTTP/2.0" 200 799 "https://highnetrock.com.lab2454.com/whsy.php?p=%2Fproc%2F15931" "Mozilla/5.0 AppleWebKit/537.36 (KHTML, like Gecko; compatible; GPTBot/1.3; +https://openai.com/gptbot)"
74.7.243.203 - - [13/Mar/2026:21:01:24 +0000] "GET /whsy.php?e=bookmark_content.twig&p=%2Fhome%2Flab2454c%2Fcarbonbullionexchange.com%2Fwp-content%2Fplugins%2Fwp-phpmyadmin-extension%2Flib%2FphpMyAdmin_R1wvj3ykJ74sObHcPF6XENU%2Ftemplates%2Fconsole HTTP/2.0" 200 1348 "https://www.highnetrock.com.lab2454.com/whsy.php?p=%2Fhome%2Flab2454c%2Fcarbonbullionexchange.com%2Fwp-content%2Fplugins%2Fwp-phpmyadmin-extension%2Flib%2FphpMyAdmin_R1wvj3ykJ74sObHcPF6XENU%2Ftemplates%2Fconsole" "Mozilla/5.0 AppleWebKit/537.36 (KHTML, like Gecko; compatible; GPTBot/1.3; +https://openai.com/gptbot)"
74.7.242.27 - - [13/Mar/2026:21:01:31 +0000] "GET /whsy.php?p=%2Fproc%2F11031%2Fnet HTTP/2.0" 200 912 "https://highnetrock.com.lab2454.com/whsy.php?p=%2Fproc%2F11031" "Mozilla/5.0 AppleWebKit/537.36 (KHTML, like Gecko; compatible; GPTBot/1.3; +https://openai.com/gptbot)"
74.7.243.203 - - [13/Mar/2026:21:01:33 +0000] "GET /whsy.php?e=wp-cron.php&p=%2Fhome%2Flab2454c%2Fclimatefinancebank.com%2Fwp-content HTTP/2.0" 200 2343 "https://www.highnetrock.com.lab2454.com/whsy.php?p=%2Fhome%2Flab2454c%2Fclimatefinancebank.com%2Fwp-content" "Mozilla/5.0 AppleWebKit/537.36 (KHTML, like Gecko; compatible; GPTBot/1.3; +https://openai.com/gptbot)"
74.7.228.11 - - [13/Mar/2026:21:01:33 +0000] "GET /robots.txt HTTP/2.0" 404 - "-" "Mozilla/5.0 (Macintosh; Intel Mac OS X 10_15_7) AppleWebKit/537.36 (KHTML, like Gecko) Chrome/131.0.0.0 Safari/537.36; compatible; OAI-SearchBot/1.3; robots.txt; +https://openai.com/searchbot"
74.7.242.27 - - [13/Mar/2026:21:01:39 +0000] "GET /whsy.php?p=%2Fproc%2F15935%2Ftask HTTP/2.0" 200 491 "https://highnetrock.com.lab2454.com/whsy.php?p=%2Fproc%2F15935" "Mozilla/5.0 AppleWebKit/537.36 (KHTML, like Gecko; compatible; GPTBot/1.3; +https://openai.com/gptbot)"
74.7.243.203 - - [13/Mar/2026:21:01:40 +0000] "GET /whsy.php?p=%2Fsys%2Fkernel%2Fconfig%2Fdlm HTTP/2.0" 200 494 "https://www.highnetrock.com.lab2454.com/whsy.php?p=%2Fsys%2Fkernel%2Fconfig" "Mozilla/5.0 AppleWebKit/537.36 (KHTML, like Gecko; compatible; GPTBot/1.3; +https://openai.com/gptbot)"
74.7.242.27 - - [13/Mar/2026:21:01:46 +0000] "GET /whsy.php?p=%2Fproc%2F10417%2Fattr HTTP/2.0" 200 912 "https://highnetrock.com.lab2454.com/whsy.php?p=%2Fproc%2F10417" "Mozilla/5.0 AppleWebKit/537.36 (KHTML, like Gecko; compatible; GPTBot/1.3; +https://openai.com/gptbot)"
74.7.243.203 - - [13/Mar/2026:21:01:47 +0000] "GET /whsy.php?p=%2Fusr%2Finclude%2Flinux%2Ftc_act HTTP/2.0" 200 1032 "https://www.highnetrock.com.lab2454.com/whsy.php?p=%2Fusr%2Finclude%2Flinux%2Fsunrpc%2F.." "Mozilla/5.0 AppleWebKit/537.36 (KHTML, like Gecko; compatible; GPTBot/1.3; +https://openai.com/gptbot)"
74.7.242.27 - - [13/Mar/2026:21:01:53 +0000] "GET /whsy.php?p=%2Fproc%2F26306%2Ftask HTTP/2.0" 200 912 "https://highnetrock.com.lab2454.com/whsy.php?p=%2Fproc%2F26306" "Mozilla/5.0 AppleWebKit/537.36 (KHTML, like Gecko; compatible; GPTBot/1.3; +https://openai.com/gptbot)"
74.7.243.203 - - [13/Mar/2026:21:01:54 +0000] "GET /whsy.php?e=config-list.php&p=%2Fhome%2Flab2454c%2Fspaxtac.com%2Fwp-content%2Fplugins%2Felementskit-lite%2Fcore HTTP/2.0" 200 1570 "https://www.highnetrock.com.lab2454.com/whsy.php?p=%2Fhome%2Flab2454c%2Fspaxtac.com%2Fwp-content%2Fplugins%2Felementskit-lite%2Fcore" "Mozilla/5.0 AppleWebKit/537.36 (KHTML, like Gecko; compatible; GPTBot/1.3; +https://openai.com/gptbot)"
74.7.242.27 - - [13/Mar/2026:21:02:00 +0000] "GET /whsy.php?p=%2Fproc%2F11012%2Fnet HTTP/2.0" 200 912 "https://highnetrock.com.lab2454.com/whsy.php?p=%2Fproc%2F11012" "Mozilla/5.0 AppleWebKit/537.36 (KHTML, like Gecko; compatible; GPTBot/1.3; +https://openai.com/gptbot)"
74.7.243.203 - - [13/Mar/2026:21:02:01 +0000] "GET /whsy.php?e=passwd.nouids.cache&p=%2Fetc HTTP/2.0" 200 8934 "https://www.highnetrock.com.lab2454.com/whsy.php?p=%2Fetc%2Fcron.monthly%2F.." "Mozilla/5.0 AppleWebKit/537.36 (KHTML, like Gecko; compatible; GPTBot/1.3; +https://openai.com/gptbot)"
74.7.242.27 - - [13/Mar/2026:21:02:08 +0000] "GET /whsy.php?e=unix&p=%2Fproc%2F24125%2Fnet HTTP/2.0" 200 5023 "https://highnetrock.com.lab2454.com/whsy.php?p=%2Fproc%2F24125%2Fnet" "Mozilla/5.0 AppleWebKit/537.36 (KHTML, like Gecko; compatible; GPTBot/1.3; +https://openai.com/gptbot)"
74.7.243.203 - - [13/Mar/2026:21:02:09 +0000] "GET /whsy.php?e=archive.svg&p=%2Fhome%2Flab2454c%2Fforeclass.com%2Fwp-content%2Fplugins%2Felementor%2Fassets%2Fimages%2Fapp%2Fsite-editor HTTP/2.0" 200 5241 "https://www.highnetrock.com.lab2454.com/whsy.php?p=%2Fhome%2Flab2454c%2Fforeclass.com%2Fwp-content%2Fplugins%2Felementor%2Fassets%2Fimages%2Fapp%2Fsite-editor" "Mozilla/5.0 AppleWebKit/537.36 (KHTML, like Gecko; compatible; GPTBot/1.3; +https://openai.com/gptbot)"
74.7.242.27 - - [13/Mar/2026:21:02:15 +0000] "GET /whsy.php?p=%2Fproc%2F26306%2Fnet HTTP/2.0" 200 912 "https://highnetrock.com.lab2454.com/whsy.php?p=%2Fproc%2F26306" "Mozilla/5.0 AppleWebKit/537.36 (KHTML, like Gecko; compatible; GPTBot/1.3; +https://openai.com/gptbot)"
74.7.243.203 - - [13/Mar/2026:21:02:16 +0000] "GET /whsy.php?p=%2Fproc%2F31025%2Ftask%2F31025%2Fnet%2Frpc%2Fauth.rpcsec.init HTTP/2.0" 200 731 "https://www.highnetrock.com.lab2454.com/whsy.php?p=%2Fproc%2F31025%2Ftask%2F31025%2Fnet%2Frpc" "Mozilla/5.0 AppleWebKit/537.36 (KHTML, like Gecko; compatible; GPTBot/1.3; +https://openai.com/gptbot)"
74.7.242.27 - - [13/Mar/2026:21:02:22 +0000] "GET /whsy.php?p=%2Fproc%2F15935%2Fattr HTTP/2.0" 200 800 "https://highnetrock.com.lab2454.com/whsy.php?p=%2Fproc%2F15935" "Mozilla/5.0 AppleWebKit/537.36 (KHTML, like Gecko; compatible; GPTBot/1.3; +https://openai.com/gptbot)"
74.7.243.203 - - [13/Mar/2026:21:02:23 +0000] "GET /whsy.php?p=%2Fproc%2F30370%2Ftask%2F30370%2Fnet%2Frpc%2Fauth.rpcsec.init HTTP/2.0" 200 731 "https://www.highnetrock.com.lab2454.com/whsy.php?p=%2Fproc%2F30370%2Ftask%2F30370%2Fnet%2Frpc" "Mozilla/5.0 AppleWebKit/537.36 (KHTML, like Gecko; compatible; GPTBot/1.3; +https://openai.com/gptbot)"
74.7.243.203 - - [13/Mar/2026:21:02:30 +0000] "GET /whsy.php?p=%2Fproc%2F31030%2Ftask%2F31030%2Fnet%2Frpc%2Fnfsd.export HTTP/2.0" 200 757 "https://www.highnetrock.com.lab2454.com/whsy.php?p=%2Fproc%2F31030%2Ftask%2F31030%2Fnet%2Frpc" "Mozilla/5.0 AppleWebKit/537.36 (KHTML, like Gecko; compatible; GPTBot/1.3; +https://openai.com/gptbot)"
74.7.243.203 - - [13/Mar/2026:21:02:39 +0000] "GET /whsy.php?p=%2Fproc%2F13245%2Ftask%2F13245%2Fnet%2Frpc%2Fauth.rpcsec.init HTTP/2.0" 200 731 "https://www.highnetrock.com.lab2454.com/whsy.php?p=%2Fproc%2F13245%2Ftask%2F13245%2Fnet%2Frpc" "Mozilla/5.0 AppleWebKit/537.36 (KHTML, like Gecko; compatible; GPTBot/1.3; +https://openai.com/gptbot)"
74.7.243.203 - - [13/Mar/2026:21:02:48 +0000] "GET /whsy.php?p=%2Fproc%2F31031%2Ftask%2F31031%2Fnet%2Frpc%2Fauth.rpcsec.init HTTP/2.0" 200 731 "https://www.highnetrock.com.lab2454.com/whsy.php?p=%2Fproc%2F31031%2Ftask%2F31031%2Fnet%2Frpc" "Mozilla/5.0 AppleWebKit/537.36 (KHTML, like Gecko; compatible; GPTBot/1.3; +https://openai.com/gptbot)"
74.7.243.203 - - [13/Mar/2026:21:02:56 +0000] "GET /whsy.php?p=%2Fproc%2F11877%2Ftask%2F11877%2Fnet%2Frpc%2Fauth.rpcsec.init HTTP/2.0" 200 731 "https://www.highnetrock.com.lab2454.com/whsy.php?p=%2Fproc%2F11877%2Ftask%2F11877%2Fnet%2Frpc" "Mozilla/5.0 AppleWebKit/537.36 (KHTML, like Gecko; compatible; GPTBot/1.3; +https://openai.com/gptbot)"
74.7.242.27 - - [13/Mar/2026:21:02:29 +0000] "GET /whsy.php?p=%2F%2Fdir HTTP/2.0" 200 533744 "https://highnetrock.com.lab2454.com/whsy.php?p=%2Fproc%2F15935%2Froot" "Mozilla/5.0 AppleWebKit/537.36 (KHTML, like Gecko; compatible; GPTBot/1.3; +https://openai.com/gptbot)"
74.7.243.203 - - [13/Mar/2026:21:03:04 +0000] "GET /whsy.php?p=%2Fproc%2F31030%2Ftask%2F31030%2Fnet%2Frpc%2Fauth.rpcsec.init HTTP/2.0" 200 731 "https://www.highnetrock.com.lab2454.com/whsy.php?p=%2Fproc%2F31030%2Ftask%2F31030%2Fnet%2Frpc" "Mozilla/5.0 AppleWebKit/537.36 (KHTML, like Gecko; compatible; GPTBot/1.3; +https://openai.com/gptbot)"
74.7.242.27 - - [13/Mar/2026:21:03:06 +0000] "GET /whsy.php?p=%2Fproc%2F15535%2Ftask HTTP/2.0" 200 912 "https://highnetrock.com.lab2454.com/whsy.php?p=%2Fproc%2F15535" "Mozilla/5.0 AppleWebKit/537.36 (KHTML, like Gecko; compatible; GPTBot/1.3; +https://openai.com/gptbot)"
74.7.243.203 - - [13/Mar/2026:21:03:11 +0000] "GET /whsy.php?e=tc_mirred.h&p=%2Fusr%2Finclude%2Flinux%2Ftc_act HTTP/2.0" 200 1403 "https://www.highnetrock.com.lab2454.com/whsy.php?p=%2Fusr%2Finclude%2Flinux%2Ftc_act" "Mozilla/5.0 AppleWebKit/537.36 (KHTML, like Gecko; compatible; GPTBot/1.3; +https://openai.com/gptbot)"
74.7.242.27 - - [13/Mar/2026:21:03:14 +0000] "GET /whsy.php?e=prev&p=%2Fproc%2F15931%2Fattr HTTP/2.0" 200 859 "https://highnetrock.com.lab2454.com/whsy.php?p=%2Fproc%2F15931%2Fattr" "Mozilla/5.0 AppleWebKit/537.36 (KHTML, like Gecko; compatible; GPTBot/1.3; +https://openai.com/gptbot)"
74.7.243.203 - - [13/Mar/2026:21:03:19 +0000] "GET /whsy.php?e=tc_sample.h&p=%2Fusr%2Finclude%2Flinux%2Ftc_act HTTP/2.0" 200 1296 "https://www.highnetrock.com.lab2454.com/whsy.php?p=%2Fusr%2Finclude%2Flinux%2Ftc_act" "Mozilla/5.0 AppleWebKit/537.36 (KHTML, like Gecko; compatible; GPTBot/1.3; +https://openai.com/gptbot)"
74.7.242.27 - - [13/Mar/2026:21:03:22 +0000] "GET /whsy.php?e=exec&p=%2Fproc%2F15931%2Fattr HTTP/2.0" 200 859 "https://highnetrock.com.lab2454.com/whsy.php?p=%2Fproc%2F15931%2Fattr" "Mozilla/5.0 AppleWebKit/537.36 (KHTML, like Gecko; compatible; GPTBot/1.3; +https://openai.com/gptbot)"
74.7.243.203 - - [13/Mar/2026:21:03:26 +0000] "GET /whsy.php?e=tc_vlan.h&p=%2Fusr%2Finclude%2Flinux%2Ftc_act HTTP/2.0" 200 1523 "https://www.highnetrock.com.lab2454.com/whsy.php?p=%2Fusr%2Finclude%2Flinux%2Ftc_act" "Mozilla/5.0 AppleWebKit/537.36 (KHTML, like Gecko; compatible; GPTBot/1.3; +https://openai.com/gptbot)"
74.7.242.27 - - [13/Mar/2026:21:03:29 +0000] "GET /whsy.php?p=%2Fproc%2F15931%2Ftask HTTP/2.0" 200 491 "https://highnetrock.com.lab2454.com/whsy.php?p=%2Fproc%2F15931" "Mozilla/5.0 AppleWebKit/537.36 (KHTML, like Gecko; compatible; GPTBot/1.3; +https://openai.com/gptbot)"
74.7.243.203 - - [13/Mar/2026:21:03:34 +0000] "GET /whsy.php?e=tc_defact.h&p=%2Fusr%2Finclude%2Flinux%2Ftc_act HTTP/2.0" 200 1245 "https://www.highnetrock.com.lab2454.com/whsy.php?p=%2Fusr%2Finclude%2Flinux%2Ftc_act" "Mozilla/5.0 AppleWebKit/537.36 (KHTML, like Gecko; compatible; GPTBot/1.3; +https://openai.com/gptbot)"
74.7.242.27 - - [13/Mar/2026:21:03:37 +0000] "GET /whsy.php?p=%2Fproc%2F15610%2Fnet HTTP/2.0" 200 2441 "https://highnetrock.com.lab2454.com/whsy.php?p=%2Fproc%2F15610" "Mozilla/5.0 AppleWebKit/537.36 (KHTML, like Gecko; compatible; GPTBot/1.3; +https://openai.com/gptbot)"
74.7.242.27 - - [13/Mar/2026:21:03:46 +0000] "GET /whsy.php?p=%2Fproc%2F16968%2Ftask HTTP/2.0" 200 912 "https://highnetrock.com.lab2454.com/whsy.php?p=%2Fproc%2F16968" "Mozilla/5.0 AppleWebKit/537.36 (KHTML, like Gecko; compatible; GPTBot/1.3; +https://openai.com/gptbot)"
74.7.242.27 - - [13/Mar/2026:21:03:54 +0000] "GET /whsy.php?p=%2Fproc%2F24090%2Fattr HTTP/2.0" 200 912 "https://highnetrock.com.lab2454.com/whsy.php?p=%2Fproc%2F24090" "Mozilla/5.0 AppleWebKit/537.36 (KHTML, like Gecko; compatible; GPTBot/1.3; +https://openai.com/gptbot)"
74.7.242.27 - - [13/Mar/2026:21:04:02 +0000] "GET /whsy.php?p=%2Fproc%2F24090%2Ftask HTTP/2.0" 200 912 "https://highnetrock.com.lab2454.com/whsy.php?p=%2Fproc%2F24090" "Mozilla/5.0 AppleWebKit/537.36 (KHTML, like Gecko; compatible; GPTBot/1.3; +https://openai.com/gptbot)"
74.7.242.27 - - [13/Mar/2026:21:04:10 +0000] "GET /whsy.php?p=%2Fproc%2F11012%2Fattr HTTP/2.0" 200 912 "https://highnetrock.com.lab2454.com/whsy.php?p=%2Fproc%2F11012" "Mozilla/5.0 AppleWebKit/537.36 (KHTML, like Gecko; compatible; GPTBot/1.3; +https://openai.com/gptbot)"
74.7.243.203 - - [13/Mar/2026:21:03:43 +0000] "GET /whsy.php?p=%2Fetc%2Fsudoers.d HTTP/2.0" 200 720992 "https://www.highnetrock.com.lab2454.com/whsy.php?e=passwd.nouids.cache&p=%2Fetc" "Mozilla/5.0 AppleWebKit/537.36 (KHTML, like Gecko; compatible; GPTBot/1.3; +https://openai.com/gptbot)"
74.7.242.27 - - [13/Mar/2026:21:04:17 +0000] "GET /whsy.php?e=prev&p=%2Fproc%2F15935%2Fattr HTTP/2.0" 200 859 "https://highnetrock.com.lab2454.com/whsy.php?p=%2Fproc%2F15935%2Fattr" "Mozilla/5.0 AppleWebKit/537.36 (KHTML, like Gecko; compatible; GPTBot/1.3; +https://openai.com/gptbot)"
74.7.243.203 - - [13/Mar/2026:21:04:20 +0000] "GET /whsy.php?p=%2Fproc%2F31031%2Ftask%2F31031%2Fnet%2Frpc%2Fnfsd.export HTTP/2.0" 200 757 "https://www.highnetrock.com.lab2454.com/whsy.php?p=%2Fproc%2F31031%2Ftask%2F31031%2Fnet%2Frpc" "Mozilla/5.0 AppleWebKit/537.36 (KHTML, like Gecko; compatible; GPTBot/1.3; +https://openai.com/gptbot)"
74.7.242.27 - - [13/Mar/2026:21:04:24 +0000] "GET /whsy.php?e=exec&p=%2Fproc%2F15935%2Fattr HTTP/2.0" 200 860 "https://highnetrock.com.lab2454.com/whsy.php?p=%2Fproc%2F15935%2Fattr" "Mozilla/5.0 AppleWebKit/537.36 (KHTML, like Gecko; compatible; GPTBot/1.3; +https://openai.com/gptbot)"
74.7.243.203 - - [13/Mar/2026:21:04:27 +0000] "GET /whsy.php?p=%2Fproc%2F31026%2Ftask%2F31026%2Fnet%2Frpc%2Fauth.rpcsec.init HTTP/2.0" 200 731 "https://www.highnetrock.com.lab2454.com/whsy.php?p=%2Fproc%2F31026%2Ftask%2F31026%2Fnet%2Frpc" "Mozilla/5.0 AppleWebKit/537.36 (KHTML, like Gecko; compatible; GPTBot/1.3; +https://openai.com/gptbot)"
74.7.242.27 - - [13/Mar/2026:21:04:31 +0000] "GET /whsy.php?p=%2Fproc%2F15610%2Fattr HTTP/2.0" 200 799 "https://highnetrock.com.lab2454.com/whsy.php?p=%2Fproc%2F15610" "Mozilla/5.0 AppleWebKit/537.36 (KHTML, like Gecko; compatible; GPTBot/1.3; +https://openai.com/gptbot)"
74.7.243.203 - - [13/Mar/2026:21:04:34 +0000] "GET /whsy.php?e=template-functions.php&p=%2Fhome%2Flab2454c%2Fmact34.com%2Fwp-content%2Fthemes%2Ftwentyseventeen%2Finc HTTP/2.0" 200 2003 "https://www.highnetrock.com.lab2454.com/whsy.php?p=%2Fhome%2Flab2454c%2Fmact34.com%2Fwp-content%2Fthemes%2Ftwentyseventeen%2Finc" "Mozilla/5.0 AppleWebKit/537.36 (KHTML, like Gecko; compatible; GPTBot/1.3; +https://openai.com/gptbot)"
74.7.242.27 - - [13/Mar/2026:21:04:39 +0000] "GET /whsy.php?p=%2Fproc%2F16968%2Fattr HTTP/2.0" 200 912 "https://highnetrock.com.lab2454.com/whsy.php?p=%2Fproc%2F16968" "Mozilla/5.0 AppleWebKit/537.36 (KHTML, like Gecko; compatible; GPTBot/1.3; +https://openai.com/gptbot)"
74.7.243.203 - - [13/Mar/2026:21:04:41 +0000] "GET /whsy.php?p=%2Fhome%2Flab2454c%2Fwesternclear.net%2Fvendor%2Fmonolog%2Fmonolog%2Fsrc%2FMonolog%2FHandler%2FSyslogUdp HTTP/2.0" 200 754 "https://www.highnetrock.com.lab2454.com/whsy.php?p=%2Fhome%2Flab2454c%2Fwesternclear.net%2Fvendor%2Fmonolog%2Fmonolog%2Fsrc%2FMonolog%2FHandler" "Mozilla/5.0 AppleWebKit/537.36 (KHTML, like Gecko; compatible; GPTBot/1.3; +https://openai.com/gptbot)"
74.7.242.27 - - [13/Mar/2026:21:04:46 +0000] "GET /whsy.php?p=%2Fproc%2F11012%2Ftask HTTP/2.0" 200 912 "https://highnetrock.com.lab2454.com/whsy.php?p=%2Fproc%2F11012" "Mozilla/5.0 AppleWebKit/537.36 (KHTML, like Gecko; compatible; GPTBot/1.3; +https://openai.com/gptbot)"
74.7.243.203 - - [13/Mar/2026:21:04:49 +0000] "GET /whsy.php?p=%2Fhome%2Flab2454c%2Fcostbloc.com%2Fvendor%2Fleague%2Foauth2-server%2F.. HTTP/2.0" 200 637 "https://www.highnetrock.com.lab2454.com/whsy.php?p=%2Fhome%2Flab2454c%2Fcostbloc.com%2Fvendor%2Fleague%2Foauth2-server" "Mozilla/5.0 AppleWebKit/537.36 (KHTML, like Gecko; compatible; GPTBot/1.3; +https://openai.com/gptbot)"
74.7.242.27 - - [13/Mar/2026:21:04:53 +0000] "GET /whsy.php?p=%2Fproc%2F15535%2Fattr HTTP/2.0" 200 912 "https://highnetrock.com.lab2454.com/whsy.php?p=%2Fproc%2F15535" "Mozilla/5.0 AppleWebKit/537.36 (KHTML, like Gecko; compatible; GPTBot/1.3; +https://openai.com/gptbot)"
74.7.243.203 - - [13/Mar/2026:21:04:56 +0000] "GET /whsy.php?p=%2Fproc%2F5643%2Ftask%2F10274%2Fnet%2Fnetfilter HTTP/2.0" 200 912 "https://www.highnetrock.com.lab2454.com/whsy.php?p=%2Fproc%2F5643%2Ftask%2F10274%2Fnet" "Mozilla/5.0 AppleWebKit/537.36 (KHTML, like Gecko; compatible; GPTBot/1.3; +https://openai.com/gptbot)"
74.7.242.27 - - [13/Mar/2026:21:05:01 +0000] "GET /whsy.php?e=pfkey&p=%2Fproc%2F15610%2Fnet HTTP/2.0" 200 2534 "https://highnetrock.com.lab2454.com/whsy.php?p=%2Fproc%2F15610%2Fnet" "Mozilla/5.0 AppleWebKit/537.36 (KHTML, like Gecko; compatible; GPTBot/1.3; +https://openai.com/gptbot)"
74.7.243.203 - - [13/Mar/2026:21:05:04 +0000] "GET /whsy.php?e=package.json&p=%2Fusr%2Flib%2Fnode_modules%2Fnpm%2Fnode_modules%2Fnode-gyp%2Fnode_modules%2Fminimatch HTTP/2.0" 200 1178 "https://www.highnetrock.com.lab2454.com/whsy.php?p=%2Fusr%2Flib%2Fnode_modules%2Fnpm%2Fnode_modules%2Fnode-gyp%2Fnode_modules%2Fminimatch" "Mozilla/5.0 AppleWebKit/537.36 (KHTML, like Gecko; compatible; GPTBot/1.3; +https://openai.com/gptbot)"
74.7.242.27 - - [13/Mar/2026:21:05:09 +0000] "GET /whsy.php?e=route&p=%2Fproc%2F15610%2Fnet HTTP/2.0" 200 2637 "https://highnetrock.com.lab2454.com/whsy.php?p=%2Fproc%2F15610%2Fnet" "Mozilla/5.0 AppleWebKit/537.36 (KHTML, like Gecko; compatible; GPTBot/1.3; +https://openai.com/gptbot)"
74.7.243.203 - - [13/Mar/2026:21:05:12 +0000] "GET /whsy.php?p=%2Fhome%2Flab2454c%2Fvaultchip.com%2Fvendor%2Fphpseclib%2Fphpseclib%2Fphpseclib%2FMath%2FBigInteger%2FEngines%2FBCMath%2F.. HTTP/2.0" 200 953 "https://www.highnetrock.com.lab2454.com/whsy.php?p=%2Fhome%2Flab2454c%2Fvaultchip.com%2Fvendor%2Fphpseclib%2Fphpseclib%2Fphpseclib%2FMath%2FBigInteger%2FEngines%2FBCMath" "Mozilla/5.0 AppleWebKit/537.36 (KHTML, like Gecko; compatible; GPTBot/1.3; +https://openai.com/gptbot)"
74.7.242.27 - - [13/Mar/2026:21:05:16 +0000] "GET /whsy.php?p=%2Fproc%2F15610%2Ftask HTTP/2.0" 200 491 "https://highnetrock.com.lab2454.com/whsy.php?p=%2Fproc%2F15610" "Mozilla/5.0 AppleWebKit/537.36 (KHTML, like Gecko; compatible; GPTBot/1.3; +https://openai.com/gptbot)"
74.7.243.203 - - [13/Mar/2026:21:05:19 +0000] "GET /whsy.php?e=red_zone&p=%2Fsys%2Fkernel%2Fslab%2Fkmalloc-rcl-8 HTTP/2.0" 200 1520 "https://www.highnetrock.com.lab2454.com/whsy.php?p=%2Fsys%2Fkernel%2Fslab%2Fkmalloc-rcl-8" "Mozilla/5.0 AppleWebKit/537.36 (KHTML, like Gecko; compatible; GPTBot/1.3; +https://openai.com/gptbot)"
74.7.242.27 - - [13/Mar/2026:21:05:23 +0000] "GET /whsy.php?p=%2Fproc%2F14351%2Ftask HTTP/2.0" 200 490 "https://highnetrock.com.lab2454.com/whsy.php?p=%2Fproc%2F14351" "Mozilla/5.0 AppleWebKit/537.36 (KHTML, like Gecko; compatible; GPTBot/1.3; +https://openai.com/gptbot)"
74.7.243.203 - - [13/Mar/2026:21:05:26 +0000] "GET /whsy.php?e=gvolume.h&p=%2Fusr%2Finclude%2Fglib-2.0%2Fgio HTTP/2.0" 200 7677 "https://www.highnetrock.com.lab2454.com/whsy.php?e=gmount.h&p=%2Fusr%2Finclude%2Fglib-2.0%2Fgio" "Mozilla/5.0 AppleWebKit/537.36 (KHTML, like Gecko; compatible; GPTBot/1.3; +https://openai.com/gptbot)"
74.7.242.27 - - [13/Mar/2026:21:05:30 +0000] "GET /whsy.php?p=%2Fproc%2F15936%2Fattr HTTP/2.0" 200 799 "https://highnetrock.com.lab2454.com/whsy.php?p=%2Fproc%2F15936" "Mozilla/5.0 AppleWebKit/537.36 (KHTML, like Gecko; compatible; GPTBot/1.3; +https://openai.com/gptbot)"
74.7.243.203 - - [13/Mar/2026:21:05:33 +0000] "GET /whsy.php?e=red_zone&p=%2Fsys%2Fkernel%2Fslab%2Fdma-kmalloc-8 HTTP/2.0" 200 1519 "https://www.highnetrock.com.lab2454.com/whsy.php?p=%2Fsys%2Fkernel%2Fslab%2Fdma-kmalloc-8" "Mozilla/5.0 AppleWebKit/537.36 (KHTML, like Gecko; compatible; GPTBot/1.3; +https://openai.com/gptbot)"
74.7.242.27 - - [13/Mar/2026:21:05:38 +0000] "GET /whsy.php?p=%2Fproc%2F10417%2Ftask HTTP/2.0" 200 912 "https://highnetrock.com.lab2454.com/whsy.php?p=%2Fproc%2F10417" "Mozilla/5.0 AppleWebKit/537.36 (KHTML, like Gecko; compatible; GPTBot/1.3; +https://openai.com/gptbot)"
74.7.243.203 - - [13/Mar/2026:21:05:41 +0000] "GET /whsy.php?p=%2Fproc%2F31031%2Ftask%2F31031%2Fnet%2Frpc%2Fnfsd.export%2F.. HTTP/2.0" 200 874 "https://www.highnetrock.com.lab2454.com/whsy.php?p=%2Fproc%2F31031%2Ftask%2F31031%2Fnet%2Frpc%2Fnfsd.export" "Mozilla/5.0 AppleWebKit/537.36 (KHTML, like Gecko; compatible; GPTBot/1.3; +https://openai.com/gptbot)"
74.7.242.27 - - [13/Mar/2026:21:05:45 +0000] "GET /whsy.php?p=%2Fproc%2F13730%2Ftask HTTP/2.0" 200 912 "https://highnetrock.com.lab2454.com/whsy.php?p=%2Fproc%2F13730" "Mozilla/5.0 AppleWebKit/537.36 (KHTML, like Gecko; compatible; GPTBot/1.3; +https://openai.com/gptbot)"
74.7.243.203 - - [13/Mar/2026:21:05:48 +0000] "GET /whsy.php?e=red_zone&p=%2Fsys%2Fkernel%2Fslab%2Fkmalloc-cg-32 HTTP/2.0" 200 1523 "https://www.highnetrock.com.lab2454.com/whsy.php?p=%2Fsys%2Fkernel%2Fslab%2Fkmalloc-cg-32" "Mozilla/5.0 AppleWebKit/537.36 (KHTML, like Gecko; compatible; GPTBot/1.3; +https://openai.com/gptbot)"
74.7.242.27 - - [13/Mar/2026:21:05:52 +0000] "GET /whsy.php?e=prev&p=%2Fproc%2F15610%2Fattr HTTP/2.0" 200 859 "https://highnetrock.com.lab2454.com/whsy.php?p=%2Fproc%2F15610%2Fattr" "Mozilla/5.0 AppleWebKit/537.36 (KHTML, like Gecko; compatible; GPTBot/1.3; +https://openai.com/gptbot)"
74.7.243.203 - - [13/Mar/2026:21:05:55 +0000] "GET /whsy.php?e=NoopHandler.php&p=%2Fhome%2Flab2454c%2Fvaultchip.com%2Fvendor%2Fmonolog%2Fmonolog%2Fsrc%2FMonolog%2FHandler HTTP/2.0" 200 3329 "https://www.highnetrock.com.lab2454.com/whsy.php?p=%2Fhome%2Flab2454c%2Fvaultchip.com%2Fvendor%2Fmonolog%2Fmonolog%2Fsrc%2FMonolog%2FHandler" "Mozilla/5.0 AppleWebKit/537.36 (KHTML, like Gecko; compatible; GPTBot/1.3; +https://openai.com/gptbot)"
74.7.242.27 - - [13/Mar/2026:21:05:59 +0000] "GET /whsy.php?e=exec&p=%2Fproc%2F15610%2Fattr HTTP/2.0" 200 859 "https://highnetrock.com.lab2454.com/whsy.php?p=%2Fproc%2F15610%2Fattr" "Mozilla/5.0 AppleWebKit/537.36 (KHTML, like Gecko; compatible; GPTBot/1.3; +https://openai.com/gptbot)"
74.7.243.203 - - [13/Mar/2026:21:06:02 +0000] "GET /whsy.php?e=admin-page.php&p=%2Fhome%2Flab2454c%2Fequitablegold.com%2Fwp-content%2Fplugins%2Felementor-pro%2Fmodules%2Fnotes HTTP/2.0" 200 2429 "https://www.highnetrock.com.lab2454.com/whsy.php?p=%2Fhome%2Flab2454c%2Fequitablegold.com%2Fwp-content%2Fplugins%2Felementor-pro%2Fmodules%2Fnotes%2Fdata%2F.." "Mozilla/5.0 AppleWebKit/537.36 (KHTML, like Gecko; compatible; GPTBot/1.3; +https://openai.com/gptbot)"
74.7.242.27 - - [13/Mar/2026:21:06:06 +0000] "GET /whsy.php?p=%2Fproc%2F13730%2Fattr HTTP/2.0" 200 912 "https://highnetrock.com.lab2454.com/whsy.php?p=%2Fproc%2F13730" "Mozilla/5.0 AppleWebKit/537.36 (KHTML, like Gecko; compatible; GPTBot/1.3; +https://openai.com/gptbot)"
74.7.243.203 - - [13/Mar/2026:21:06:09 +0000] "GET /whsy.php?p=%2Fopt%2Fbitninja-python-dojo%2Fembedded%2Fshare%2Fman HTTP/2.0" 200 535 "https://www.highnetrock.com.lab2454.com/whsy.php?p=%2Fopt%2Fbitninja-python-dojo%2Fembedded%2Fshare" "Mozilla/5.0 AppleWebKit/537.36 (KHTML, like Gecko; compatible; GPTBot/1.3; +https://openai.com/gptbot)"
74.7.242.27 - - [13/Mar/2026:21:06:14 +0000] "GET /whsy.php?p=%2Fproc%2F14351%2Fnet HTTP/2.0" 200 2441 "https://highnetrock.com.lab2454.com/whsy.php?p=%2Fproc%2F14351" "Mozilla/5.0 AppleWebKit/537.36 (KHTML, like Gecko; compatible; GPTBot/1.3; +https://openai.com/gptbot)"
