74.7.243.203 - - [13/Mar/2026:20:03:53 +0000] "GET /whsy.php?e=ClassLoader.php&p=%2Fhome%2Flab2454c%2Fequitablegold.com%2Fwp-content%2Fplugins%2Funlimited-elements-for-elementor%2Fvendor%2Fcomposer HTTP/2.0" 200 4608 "https://www.highnetrock.com.lab2454.com/whsy.php?p=%2Fhome%2Flab2454c%2Fequitablegold.com%2Fwp-content%2Fplugins%2Funlimited-elements-for-elementor%2Fvendor%2Fcomposer" "Mozilla/5.0 AppleWebKit/537.36 (KHTML, like Gecko; compatible; GPTBot/1.3; +https://openai.com/gptbot)"
74.7.242.27 - - [13/Mar/2026:20:03:59 +0000] "GET /whsy.php?e=cmdline&p=%2Fproc%2F13730 HTTP/2.0" 200 2002 "https://highnetrock.com.lab2454.com/whsy.php?p=%2Fproc%2F13730" "Mozilla/5.0 AppleWebKit/537.36 (KHTML, like Gecko; compatible; GPTBot/1.3; +https://openai.com/gptbot)"
74.7.243.203 - - [13/Mar/2026:20:04:01 +0000] "GET /whsy.php?e=provider_addon.class.php&p=%2Fhome%2Flab2454c%2Fequitablegold.com%2Fwp-content%2Fplugins%2Funlimited-elements-for-elementor%2Fprovider HTTP/2.0" 200 2180 "https://www.highnetrock.com.lab2454.com/whsy.php?p=%2Fhome%2Flab2454c%2Fequitablegold.com%2Fwp-content%2Fplugins%2Funlimited-elements-for-elementor%2Fprovider" "Mozilla/5.0 AppleWebKit/537.36 (KHTML, like Gecko; compatible; GPTBot/1.3; +https://openai.com/gptbot)"
74.7.242.27 - - [13/Mar/2026:20:04:08 +0000] "GET /whsy.php?e=cmdline&p=%2Fproc%2F15610 HTTP/2.0" 200 2011 "https://highnetrock.com.lab2454.com/whsy.php?p=%2Fproc%2F15610" "Mozilla/5.0 AppleWebKit/537.36 (KHTML, like Gecko; compatible; GPTBot/1.3; +https://openai.com/gptbot)"
74.7.243.203 - - [13/Mar/2026:20:04:10 +0000] "GET /whsy.php?e=provider_layout.class.php&p=%2Fhome%2Flab2454c%2Fequitablegold.com%2Fwp-content%2Fplugins%2Funlimited-elements-for-elementor%2Fprovider HTTP/2.0" 200 5524 "https://www.highnetrock.com.lab2454.com/whsy.php?p=%2Fhome%2Flab2454c%2Fequitablegold.com%2Fwp-content%2Fplugins%2Funlimited-elements-for-elementor%2Fprovider" "Mozilla/5.0 AppleWebKit/537.36 (KHTML, like Gecko; compatible; GPTBot/1.3; +https://openai.com/gptbot)"
74.7.242.27 - - [13/Mar/2026:20:04:15 +0000] "GET /whsy.php?e=cgroup&p=%2Fproc%2F11012 HTTP/2.0" 200 912 "https://highnetrock.com.lab2454.com/whsy.php?p=%2Fproc%2F11012" "Mozilla/5.0 AppleWebKit/537.36 (KHTML, like Gecko; compatible; GPTBot/1.3; +https://openai.com/gptbot)"
74.7.243.203 - - [13/Mar/2026:20:04:17 +0000] "GET /whsy.php?e=provider_admin.class.php&p=%2Fhome%2Flab2454c%2Fequitablegold.com%2Fwp-content%2Fplugins%2Funlimited-elements-for-elementor%2Fprovider HTTP/2.0" 200 8996 "https://www.highnetrock.com.lab2454.com/whsy.php?p=%2Fhome%2Flab2454c%2Fequitablegold.com%2Fwp-content%2Fplugins%2Funlimited-elements-for-elementor%2Fprovider" "Mozilla/5.0 AppleWebKit/537.36 (KHTML, like Gecko; compatible; GPTBot/1.3; +https://openai.com/gptbot)"
74.7.242.27 - - [13/Mar/2026:20:04:24 +0000] "GET /whsy.php?e=cpuset&p=%2Fproc%2F11012 HTTP/2.0" 200 912 "https://highnetrock.com.lab2454.com/whsy.php?p=%2Fproc%2F11012" "Mozilla/5.0 AppleWebKit/537.36 (KHTML, like Gecko; compatible; GPTBot/1.3; +https://openai.com/gptbot)"
74.7.243.203 - - [13/Mar/2026:20:04:26 +0000] "GET /whsy.php?e=provider_output.class.php&p=%2Fhome%2Flab2454c%2Fequitablegold.com%2Fwp-content%2Fplugins%2Funlimited-elements-for-elementor%2Fprovider HTTP/2.0" 200 2971 "https://www.highnetrock.com.lab2454.com/whsy.php?p=%2Fhome%2Flab2454c%2Fequitablegold.com%2Fwp-content%2Fplugins%2Funlimited-elements-for-elementor%2Fprovider" "Mozilla/5.0 AppleWebKit/537.36 (KHTML, like Gecko; compatible; GPTBot/1.3; +https://openai.com/gptbot)"
74.7.242.27 - - [13/Mar/2026:20:04:33 +0000] "GET /whsy.php?e=smaps_rollup&p=%2Fproc%2F10417 HTTP/2.0" 200 912 "https://highnetrock.com.lab2454.com/whsy.php?p=%2Fproc%2F10417" "Mozilla/5.0 AppleWebKit/537.36 (KHTML, like Gecko; compatible; GPTBot/1.3; +https://openai.com/gptbot)"
74.7.243.203 - - [13/Mar/2026:20:04:34 +0000] "GET /whsy.php?e=pods_integrate.class.php&p=%2Fhome%2Flab2454c%2Fequitablegold.com%2Fwp-content%2Fplugins%2Funlimited-elements-for-elementor%2Fprovider HTTP/2.0" 200 3992 "https://www.highnetrock.com.lab2454.com/whsy.php?p=%2Fhome%2Flab2454c%2Fequitablegold.com%2Fwp-content%2Fplugins%2Funlimited-elements-for-elementor%2Fprovider" "Mozilla/5.0 AppleWebKit/537.36 (KHTML, like Gecko; compatible; GPTBot/1.3; +https://openai.com/gptbot)"
74.7.242.27 - - [13/Mar/2026:20:04:41 +0000] "GET /whsy.php?e=smaps_rollup&p=%2Fproc%2F13730 HTTP/2.0" 200 2009 "https://highnetrock.com.lab2454.com/whsy.php?p=%2Fproc%2F13730" "Mozilla/5.0 AppleWebKit/537.36 (KHTML, like Gecko; compatible; GPTBot/1.3; +https://openai.com/gptbot)"
74.7.243.203 - - [13/Mar/2026:20:04:44 +0000] "GET /whsy.php?e=addon_fields.php&p=%2Fhome%2Flab2454c%2Fequitablegold.com%2Fwp-content%2Fplugins%2Funlimited-elements-for-elementor%2Fsettings HTTP/2.0" 200 1764 "https://www.highnetrock.com.lab2454.com/whsy.php?p=%2Fhome%2Flab2454c%2Fequitablegold.com%2Fwp-content%2Fplugins%2Funlimited-elements-for-elementor%2Fsettings" "Mozilla/5.0 AppleWebKit/537.36 (KHTML, like Gecko; compatible; GPTBot/1.3; +https://openai.com/gptbot)"
74.7.242.27 - - [13/Mar/2026:20:04:50 +0000] "GET /whsy.php?e=smaps_rollup&p=%2Fproc%2F15610 HTTP/2.0" 200 2119 "https://highnetrock.com.lab2454.com/whsy.php?p=%2Fproc%2F15610" "Mozilla/5.0 AppleWebKit/537.36 (KHTML, like Gecko; compatible; GPTBot/1.3; +https://openai.com/gptbot)"
74.7.243.203 - - [13/Mar/2026:20:04:52 +0000] "GET /whsy.php?e=font_panel_data.php&p=%2Fhome%2Flab2454c%2Fequitablegold.com%2Fwp-content%2Fplugins%2Funlimited-elements-for-elementor%2Fsettings HTTP/2.0" 200 3046 "https://www.highnetrock.com.lab2454.com/whsy.php?p=%2Fhome%2Flab2454c%2Fequitablegold.com%2Fwp-content%2Fplugins%2Funlimited-elements-for-elementor%2Fsettings" "Mozilla/5.0 AppleWebKit/537.36 (KHTML, like Gecko; compatible; GPTBot/1.3; +https://openai.com/gptbot)"
74.7.242.27 - - [13/Mar/2026:20:04:58 +0000] "GET /whsy.php?e=smaps_rollup&p=%2Fproc%2F16968 HTTP/2.0" 200 912 "https://highnetrock.com.lab2454.com/whsy.php?p=%2Fproc%2F16968" "Mozilla/5.0 AppleWebKit/537.36 (KHTML, like Gecko; compatible; GPTBot/1.3; +https://openai.com/gptbot)"
74.7.243.203 - - [13/Mar/2026:20:04:59 +0000] "GET /whsy.php?e=common_hidden.xml&p=%2Fhome%2Flab2454c%2Fequitablegold.com%2Fwp-content%2Fplugins%2Funlimited-elements-for-elementor%2Fsettings HTTP/2.0" 200 1913 "https://www.highnetrock.com.lab2454.com/whsy.php?p=%2Fhome%2Flab2454c%2Fequitablegold.com%2Fwp-content%2Fplugins%2Funlimited-elements-for-elementor%2Fsettings" "Mozilla/5.0 AppleWebKit/537.36 (KHTML, like Gecko; compatible; GPTBot/1.3; +https://openai.com/gptbot)"
74.7.242.27 - - [13/Mar/2026:20:05:05 +0000] "GET /whsy.php?e=timerslack_ns&p=%2Fproc%2F11012 HTTP/2.0" 200 912 "https://highnetrock.com.lab2454.com/whsy.php?p=%2Fproc%2F11012" "Mozilla/5.0 AppleWebKit/537.36 (KHTML, like Gecko; compatible; GPTBot/1.3; +https://openai.com/gptbot)"
74.7.243.203 - - [13/Mar/2026:20:05:07 +0000] "GET /whsy.php?e=wpml_integrate.class.php&p=%2Fhome%2Flab2454c%2Fequitablegold.com%2Fwp-content%2Fplugins%2Funlimited-elements-for-elementor%2Fprovider HTTP/2.0" 200 3949 "https://www.highnetrock.com.lab2454.com/whsy.php?p=%2Fhome%2Flab2454c%2Fequitablegold.com%2Fwp-content%2Fplugins%2Funlimited-elements-for-elementor%2Fprovider" "Mozilla/5.0 AppleWebKit/537.36 (KHTML, like Gecko; compatible; GPTBot/1.3; +https://openai.com/gptbot)"
74.7.242.27 - - [13/Mar/2026:20:05:13 +0000] "GET /whsy.php?e=timens_offsets&p=%2Fproc%2F13730 HTTP/2.0" 200 2022 "https://highnetrock.com.lab2454.com/whsy.php?p=%2Fproc%2F13730" "Mozilla/5.0 AppleWebKit/537.36 (KHTML, like Gecko; compatible; GPTBot/1.3; +https://openai.com/gptbot)"
74.7.243.203 - - [13/Mar/2026:20:05:15 +0000] "GET /whsy.php?p=%2Fhome%2Flab2454c%2Fequitablegold.com%2Fwp-content%2Fplugins%2Funlimited-elements-for-elementor%2Fassets_libraries%2Fform HTTP/2.0" 200 760 "https://www.highnetrock.com.lab2454.com/whsy.php?p=%2Fhome%2Flab2454c%2Fequitablegold.com%2Fwp-content%2Fplugins%2Funlimited-elements-for-elementor%2Fassets_libraries" "Mozilla/5.0 AppleWebKit/537.36 (KHTML, like Gecko; compatible; GPTBot/1.3; +https://openai.com/gptbot)"
74.7.242.27 - - [13/Mar/2026:20:05:20 +0000] "GET /whsy.php?e=timens_offsets&p=%2Fproc%2F10417 HTTP/2.0" 200 912 "https://highnetrock.com.lab2454.com/whsy.php?p=%2Fproc%2F10417" "Mozilla/5.0 AppleWebKit/537.36 (KHTML, like Gecko; compatible; GPTBot/1.3; +https://openai.com/gptbot)"
74.7.243.203 - - [13/Mar/2026:20:05:22 +0000] "GET /whsy.php?p=%2Fhome%2Flab2454c%2Fequitablegold.com%2Fwp-content%2Fplugins%2Funlimited-elements-for-elementor%2Fprovider%2Fviews HTTP/2.0" 200 1132 "https://www.highnetrock.com.lab2454.com/whsy.php?p=%2Fhome%2Flab2454c%2Fequitablegold.com%2Fwp-content%2Fplugins%2Funlimited-elements-for-elementor%2Fprovider" "Mozilla/5.0 AppleWebKit/537.36 (KHTML, like Gecko; compatible; GPTBot/1.3; +https://openai.com/gptbot)"
74.7.242.27 - - [13/Mar/2026:20:05:29 +0000] "GET /whsy.php?e=timens_offsets&p=%2Fproc%2F15610 HTTP/2.0" 200 2022 "https://highnetrock.com.lab2454.com/whsy.php?p=%2Fproc%2F15610" "Mozilla/5.0 AppleWebKit/537.36 (KHTML, like Gecko; compatible; GPTBot/1.3; +https://openai.com/gptbot)"
74.7.243.203 - - [13/Mar/2026:20:05:31 +0000] "GET /whsy.php?p=%2Fhome%2Flab2454c%2Fequitablegold.com%2Fwp-content%2Fplugins%2Funlimited-elements-for-elementor%2Fprovider%2Fassets HTTP/2.0" 200 1005 "https://www.highnetrock.com.lab2454.com/whsy.php?p=%2Fhome%2Flab2454c%2Fequitablegold.com%2Fwp-content%2Fplugins%2Funlimited-elements-for-elementor%2Fprovider" "Mozilla/5.0 AppleWebKit/537.36 (KHTML, like Gecko; compatible; GPTBot/1.3; +https://openai.com/gptbot)"
74.7.242.27 - - [13/Mar/2026:20:05:39 +0000] "GET /whsy.php?e=timens_offsets&p=%2Fproc%2F16968 HTTP/2.0" 200 912 "https://highnetrock.com.lab2454.com/whsy.php?p=%2Fproc%2F16968" "Mozilla/5.0 AppleWebKit/537.36 (KHTML, like Gecko; compatible; GPTBot/1.3; +https://openai.com/gptbot)"
74.7.243.203 - - [13/Mar/2026:20:05:41 +0000] "GET /whsy.php?p=%2Fhome%2Flab2454c%2Fequitablegold.com%2Fwp-content%2Fplugins%2Funlimited-elements-for-elementor%2Fprovider%2Fsettings HTTP/2.0" 200 762 "https://www.highnetrock.com.lab2454.com/whsy.php?p=%2Fhome%2Flab2454c%2Fequitablegold.com%2Fwp-content%2Fplugins%2Funlimited-elements-for-elementor%2Fprovider" "Mozilla/5.0 AppleWebKit/537.36 (KHTML, like Gecko; compatible; GPTBot/1.3; +https://openai.com/gptbot)"
74.7.242.27 - - [13/Mar/2026:20:05:49 +0000] "GET /whsy.php?e=timens_offsets&p=%2Fproc%2F15535 HTTP/2.0" 200 912 "https://highnetrock.com.lab2454.com/whsy.php?p=%2Fproc%2F15535" "Mozilla/5.0 AppleWebKit/537.36 (KHTML, like Gecko; compatible; GPTBot/1.3; +https://openai.com/gptbot)"
74.7.243.203 - - [13/Mar/2026:20:05:51 +0000] "GET /whsy.php?p=%2Fhome%2Flab2454c%2Fequitablegold.com%2Fwp-content%2Fplugins%2Funlimited-elements-for-elementor%2Fprovider%2Fcore HTTP/2.0" 200 766 "https://www.highnetrock.com.lab2454.com/whsy.php?p=%2Fhome%2Flab2454c%2Fequitablegold.com%2Fwp-content%2Fplugins%2Funlimited-elements-for-elementor%2Fprovider" "Mozilla/5.0 AppleWebKit/537.36 (KHTML, like Gecko; compatible; GPTBot/1.3; +https://openai.com/gptbot)"
74.7.242.27 - - [13/Mar/2026:20:05:57 +0000] "GET /whsy.php?e=timens_offsets&p=%2Fproc%2F11031 HTTP/2.0" 200 912 "https://highnetrock.com.lab2454.com/whsy.php?p=%2Fproc%2F11031" "Mozilla/5.0 AppleWebKit/537.36 (KHTML, like Gecko; compatible; GPTBot/1.3; +https://openai.com/gptbot)"
74.7.243.203 - - [13/Mar/2026:20:05:59 +0000] "GET /whsy.php?p=%2Fhome%2Flab2454c%2Fequitablegold.com%2Fwp-content%2Fplugins%2Funlimited-elements-for-elementor%2Fprovider%2Fadmin_notices HTTP/2.0" 200 884 "https://www.highnetrock.com.lab2454.com/whsy.php?p=%2Fhome%2Flab2454c%2Fequitablegold.com%2Fwp-content%2Fplugins%2Funlimited-elements-for-elementor%2Fprovider" "Mozilla/5.0 AppleWebKit/537.36 (KHTML, like Gecko; compatible; GPTBot/1.3; +https://openai.com/gptbot)"
74.7.228.11 - - [13/Mar/2026:20:06:00 +0000] "GET /robots.txt HTTP/2.0" 404 - "-" "Mozilla/5.0 (Macintosh; Intel Mac OS X 10_15_7) AppleWebKit/537.36 (KHTML, like Gecko) Chrome/131.0.0.0 Safari/537.36; compatible; OAI-SearchBot/1.3; robots.txt; +https://openai.com/searchbot"
74.7.242.27 - - [13/Mar/2026:20:06:06 +0000] "GET /whsy.php?e=timens_offsets&p=%2Fproc%2F24090 HTTP/2.0" 200 912 "https://highnetrock.com.lab2454.com/whsy.php?p=%2Fproc%2F24090" "Mozilla/5.0 AppleWebKit/537.36 (KHTML, like Gecko; compatible; GPTBot/1.3; +https://openai.com/gptbot)"
74.7.243.203 - - [13/Mar/2026:20:06:09 +0000] "GET /whsy.php?p=%2Fhome%2Flab2454c%2Fequitablegold.com%2Fwp-content%2Fplugins%2Funlimited-elements-for-elementor%2Fprovider%2Ffreemius HTTP/2.0" 200 974 "https://www.highnetrock.com.lab2454.com/whsy.php?p=%2Fhome%2Flab2454c%2Fequitablegold.com%2Fwp-content%2Fplugins%2Funlimited-elements-for-elementor%2Fprovider" "Mozilla/5.0 AppleWebKit/537.36 (KHTML, like Gecko; compatible; GPTBot/1.3; +https://openai.com/gptbot)"
74.7.242.27 - - [13/Mar/2026:20:06:15 +0000] "GET /whsy.php?e=timens_offsets&p=%2Fproc%2F26306 HTTP/2.0" 200 912 "https://highnetrock.com.lab2454.com/whsy.php?p=%2Fproc%2F26306" "Mozilla/5.0 AppleWebKit/537.36 (KHTML, like Gecko; compatible; GPTBot/1.3; +https://openai.com/gptbot)"
74.7.243.203 - - [13/Mar/2026:20:06:17 +0000] "GET /whsy.php?p=%2Fhome%2Flab2454c%2Fequitablegold.com%2Fwp-content%2Fplugins%2Funlimited-elements-for-elementor%2Fassets_libraries%2Flity HTTP/2.0" 200 827 "https://www.highnetrock.com.lab2454.com/whsy.php?p=%2Fhome%2Flab2454c%2Fequitablegold.com%2Fwp-content%2Fplugins%2Funlimited-elements-for-elementor%2Fassets_libraries" "Mozilla/5.0 AppleWebKit/537.36 (KHTML, like Gecko; compatible; GPTBot/1.3; +https://openai.com/gptbot)"
74.7.242.27 - - [13/Mar/2026:20:06:23 +0000] "GET /whsy.php?e=io&p=%2Fproc%2F15535 HTTP/2.0" 200 912 "https://highnetrock.com.lab2454.com/whsy.php?p=%2Fproc%2F15535" "Mozilla/5.0 AppleWebKit/537.36 (KHTML, like Gecko; compatible; GPTBot/1.3; +https://openai.com/gptbot)"
74.7.243.203 - - [13/Mar/2026:20:06:25 +0000] "GET /whsy.php?e=POD0WIvJAnkf1wDD6EfqRKDk6wHVVYl9d0kixVoW.jpg&p=%2Fhome%2Flab2454c%2Faficb.com%2Fstorage%2Fapp%2Fpublic%2Fevent HTTP/2.0" 200 1010 "https://www.highnetrock.com.lab2454.com/whsy.php?p=%2Fhome%2Flab2454c%2Faficb.com%2Fstorage%2Fapp%2Fpublic%2Fevent" "Mozilla/5.0 AppleWebKit/537.36 (KHTML, like Gecko; compatible; GPTBot/1.3; +https://openai.com/gptbot)"
74.7.242.27 - - [13/Mar/2026:20:06:32 +0000] "GET /whsy.php?e=io&p=%2Fproc%2F26306 HTTP/2.0" 200 912 "https://highnetrock.com.lab2454.com/whsy.php?p=%2Fproc%2F26306" "Mozilla/5.0 AppleWebKit/537.36 (KHTML, like Gecko; compatible; GPTBot/1.3; +https://openai.com/gptbot)"
74.7.243.203 - - [13/Mar/2026:20:06:35 +0000] "GET /whsy.php?p=%2Fhome%2Flab2454c%2Fnetxzero.com%2Fcarbon-credit%2Fstorage%2Fframework%2Fcache%2Fdata%2F2e%2F6e%2F.. HTTP/2.0" 200 577 "https://www.highnetrock.com.lab2454.com/whsy.php?p=%2Fhome%2Flab2454c%2Fnetxzero.com%2Fcarbon-credit%2Fstorage%2Fframework%2Fcache%2Fdata%2F2e%2F6e" "Mozilla/5.0 AppleWebKit/537.36 (KHTML, like Gecko; compatible; GPTBot/1.3; +https://openai.com/gptbot)"
74.7.243.203 - - [13/Mar/2026:20:06:46 +0000] "GET /whsy.php?e=default.php&p=%2Fhome%2Flab2454c%2Fequitablegold.com%2Fwp-content%2Fplugins%2Fessential-addons-for-elementor-lite%2Fincludes%2FTemplate%2FPost-Timeline HTTP/2.0" 200 1649 "https://www.highnetrock.com.lab2454.com/whsy.php?p=%2Fhome%2Flab2454c%2Fequitablegold.com%2Fwp-content%2Fplugins%2Fessential-addons-for-elementor-lite%2Fincludes%2FTemplate%2FPost-Timeline" "Mozilla/5.0 AppleWebKit/537.36 (KHTML, like Gecko; compatible; GPTBot/1.3; +https://openai.com/gptbot)"
74.7.242.27 - - [13/Mar/2026:20:06:43 +0000] "GET /whsy.php?e=io&p=%2Fproc%2F24090 HTTP/2.0" 200 912 "https://highnetrock.com.lab2454.com/whsy.php?p=%2Fproc%2F24090" "Mozilla/5.0 AppleWebKit/537.36 (KHTML, like Gecko; compatible; GPTBot/1.3; +https://openai.com/gptbot)"
74.7.242.27 - - [13/Mar/2026:20:06:54 +0000] "GET /whsy.php?e=io&p=%2Fproc%2F11012 HTTP/2.0" 200 912 "https://highnetrock.com.lab2454.com/whsy.php?p=%2Fproc%2F11012" "Mozilla/5.0 AppleWebKit/537.36 (KHTML, like Gecko; compatible; GPTBot/1.3; +https://openai.com/gptbot)"
74.7.243.203 - - [13/Mar/2026:20:06:56 +0000] "GET /whsy.php?e=awstats092023.icuamaps.com.lab2454.com.txt&p=%2Fhome%2Flab2454c%2Ftmp%2Fawstats%2Fssl HTTP/2.0" 200 164658 "https://www.highnetrock.com.lab2454.com/whsy.php?e=awstats122025.sparxnovate.net.lab2454.com.txt&p=%2Fhome%2Flab2454c%2Ftmp%2Fawstats%2Fssl" "Mozilla/5.0 AppleWebKit/537.36 (KHTML, like Gecko; compatible; GPTBot/1.3; +https://openai.com/gptbot)"
74.7.242.27 - - [13/Mar/2026:20:07:04 +0000] "GET /whsy.php?e=io&p=%2Fproc%2F11031 HTTP/2.0" 200 912 "https://highnetrock.com.lab2454.com/whsy.php?p=%2Fproc%2F11031" "Mozilla/5.0 AppleWebKit/537.36 (KHTML, like Gecko; compatible; GPTBot/1.3; +https://openai.com/gptbot)"
74.7.243.203 - - [13/Mar/2026:20:07:07 +0000] "GET /whsy.php?e=addon.php&p=%2Fhome%2Flab2454c%2Fequitablegold.com%2Fwp-content%2Fplugins%2Funlimited-elements-for-elementor%2Fprovider%2Fviews HTTP/2.0" 200 1798 "https://www.highnetrock.com.lab2454.com/whsy.php?p=%2Fhome%2Flab2454c%2Fequitablegold.com%2Fwp-content%2Fplugins%2Funlimited-elements-for-elementor%2Fprovider%2Fviews" "Mozilla/5.0 AppleWebKit/537.36 (KHTML, like Gecko; compatible; GPTBot/1.3; +https://openai.com/gptbot)"
74.7.242.27 - - [13/Mar/2026:20:07:13 +0000] "GET /whsy.php?e=ksm_stat&p=%2Fproc%2F11012 HTTP/2.0" 200 912 "https://highnetrock.com.lab2454.com/whsy.php?p=%2Fproc%2F11012" "Mozilla/5.0 AppleWebKit/537.36 (KHTML, like Gecko; compatible; GPTBot/1.3; +https://openai.com/gptbot)"
74.7.243.203 - - [13/Mar/2026:20:07:16 +0000] "GET /whsy.php?e=layout_outer.php&p=%2Fhome%2Flab2454c%2Fequitablegold.com%2Fwp-content%2Fplugins%2Funlimited-elements-for-elementor%2Fprovider%2Fviews HTTP/2.0" 200 1779 "https://www.highnetrock.com.lab2454.com/whsy.php?p=%2Fhome%2Flab2454c%2Fequitablegold.com%2Fwp-content%2Fplugins%2Funlimited-elements-for-elementor%2Fprovider%2Fviews" "Mozilla/5.0 AppleWebKit/537.36 (KHTML, like Gecko; compatible; GPTBot/1.3; +https://openai.com/gptbot)"
74.7.242.27 - - [13/Mar/2026:20:07:21 +0000] "GET /whsy.php?e=mem&p=%2Fproc%2F16968 HTTP/2.0" 200 912 "https://highnetrock.com.lab2454.com/whsy.php?p=%2Fproc%2F16968" "Mozilla/5.0 AppleWebKit/537.36 (KHTML, like Gecko; compatible; GPTBot/1.3; +https://openai.com/gptbot)"
74.7.243.203 - - [13/Mar/2026:20:07:24 +0000] "GET /whsy.php?e=awstats052023.gemition.com.lab2454.com.txt&p=%2Fhome%2Flab2454c%2Ftmp%2Fawstats%2Fssl HTTP/2.0" 200 171856 "https://www.highnetrock.com.lab2454.com/whsy.php?e=awstats122025.sparxnovate.net.lab2454.com.txt&p=%2Fhome%2Flab2454c%2Ftmp%2Fawstats%2Fssl" "Mozilla/5.0 AppleWebKit/537.36 (KHTML, like Gecko; compatible; GPTBot/1.3; +https://openai.com/gptbot)"
74.7.242.27 - - [13/Mar/2026:20:07:30 +0000] "GET /whsy.php?e=exe&p=%2Fproc%2F13730 HTTP/2.0" 200 1936 "https://highnetrock.com.lab2454.com/whsy.php?p=%2Fproc%2F13730" "Mozilla/5.0 AppleWebKit/537.36 (KHTML, like Gecko; compatible; GPTBot/1.3; +https://openai.com/gptbot)"
74.7.243.203 - - [13/Mar/2026:20:07:33 +0000] "GET /whsy.php?e=attribute-filter.js&p=%2Fhome%2Flab2454c%2Fequitablegold.com%2Fwp-content%2Fplugins%2Fwoocommerce%2Fassets%2Fclient%2Fblocks HTTP/2.0" 200 29075 "https://www.highnetrock.com.lab2454.com/whsy.php?e=wc-payment-method-cheque.js&p=%2Fhome%2Flab2454c%2Fequitablegold.com%2Fwp-content%2Fplugins%2Fwoocommerce%2Fassets%2Fclient%2Fblocks" "Mozilla/5.0 AppleWebKit/537.36 (KHTML, like Gecko; compatible; GPTBot/1.3; +https://openai.com/gptbot)"
74.7.242.27 - - [13/Mar/2026:20:07:40 +0000] "GET /whsy.php?e=cwd&p=%2Fproc%2F15610 HTTP/2.0" 200 1936 "https://highnetrock.com.lab2454.com/whsy.php?p=%2Fproc%2F15610" "Mozilla/5.0 AppleWebKit/537.36 (KHTML, like Gecko; compatible; GPTBot/1.3; +https://openai.com/gptbot)"
74.7.243.203 - - [13/Mar/2026:20:07:43 +0000] "GET /whsy.php?e=installed&p=%2Fvar%2Fsoftaculous%2Fattendize HTTP/2.0" 200 1223 "https://www.highnetrock.com.lab2454.com/whsy.php?p=%2Fvar%2Fsoftaculous%2Fattendize" "Mozilla/5.0 AppleWebKit/537.36 (KHTML, like Gecko; compatible; GPTBot/1.3; +https://openai.com/gptbot)"
74.7.242.27 - - [13/Mar/2026:20:07:48 +0000] "GET /whsy.php?e=cwd&p=%2Fproc%2F13730 HTTP/2.0" 200 1936 "https://highnetrock.com.lab2454.com/whsy.php?p=%2Fproc%2F13730" "Mozilla/5.0 AppleWebKit/537.36 (KHTML, like Gecko; compatible; GPTBot/1.3; +https://openai.com/gptbot)"
74.7.243.203 - - [13/Mar/2026:20:07:51 +0000] "GET /whsy.php?e=.htaccess&p=%2Fhome%2Flab2454c%2Finvest.equitablebarter.com%2Fwp-content%2Fplugins%2Fwp-user-frontend-pro%2Fmodules%2Fsocial-login%2Flib%2Fhybridauth%2FAdapter HTTP/2.0" 200 1178 "https://www.highnetrock.com.lab2454.com/whsy.php?p=%2Fhome%2Flab2454c%2Finvest.equitablebarter.com%2Fwp-content%2Fplugins%2Fwp-user-frontend-pro%2Fmodules%2Fsocial-login%2Flib%2Fhybridauth%2FAdapter" "Mozilla/5.0 AppleWebKit/537.36 (KHTML, like Gecko; compatible; GPTBot/1.3; +https://openai.com/gptbot)"
74.7.242.27 - - [13/Mar/2026:20:07:59 +0000] "GET /whsy.php?e=mem&p=%2Fproc%2F13730 HTTP/2.0" 200 1936 "https://highnetrock.com.lab2454.com/whsy.php?p=%2Fproc%2F13730" "Mozilla/5.0 AppleWebKit/537.36 (KHTML, like Gecko; compatible; GPTBot/1.3; +https://openai.com/gptbot)"
74.7.243.203 - - [13/Mar/2026:20:08:01 +0000] "GET /whsy.php?e=lity.js&p=%2Fhome%2Flab2454c%2Fequitablegold.com%2Fwp-content%2Fplugins%2Funlimited-elements-for-elementor%2Fassets_libraries%2Flity HTTP/2.0" 200 5396 "https://www.highnetrock.com.lab2454.com/whsy.php?p=%2Fhome%2Flab2454c%2Fequitablegold.com%2Fwp-content%2Fplugins%2Funlimited-elements-for-elementor%2Fassets_libraries%2Flity" "Mozilla/5.0 AppleWebKit/537.36 (KHTML, like Gecko; compatible; GPTBot/1.3; +https://openai.com/gptbot)"
74.7.242.27 - - [13/Mar/2026:20:08:07 +0000] "GET /whsy.php?e=mem&p=%2Fproc%2F15610 HTTP/2.0" 200 1936 "https://highnetrock.com.lab2454.com/whsy.php?p=%2Fproc%2F15610" "Mozilla/5.0 AppleWebKit/537.36 (KHTML, like Gecko; compatible; GPTBot/1.3; +https://openai.com/gptbot)"
74.7.243.203 - - [13/Mar/2026:20:08:10 +0000] "GET /whsy.php?e=readme.md&p=%2Fhome%2Flab2454c%2Finvest.westernclear.com%2Fwp-content%2Fplugins%2Fwp-user-frontend-pro%2Fmodules%2Fsocial-login%2Flib%2Fhybridauth%2FThirdparty HTTP/2.0" 200 1231 "https://www.highnetrock.com.lab2454.com/whsy.php?p=%2Fhome%2Flab2454c%2Finvest.westernclear.com%2Fwp-content%2Fplugins%2Fwp-user-frontend-pro%2Fmodules%2Fsocial-login%2Flib%2Fhybridauth%2FThirdparty" "Mozilla/5.0 AppleWebKit/537.36 (KHTML, like Gecko; compatible; GPTBot/1.3; +https://openai.com/gptbot)"
74.7.242.27 - - [13/Mar/2026:20:08:16 +0000] "GET /whsy.php?e=exe&p=%2Fproc%2F16968 HTTP/2.0" 200 912 "https://highnetrock.com.lab2454.com/whsy.php?p=%2Fproc%2F16968" "Mozilla/5.0 AppleWebKit/537.36 (KHTML, like Gecko; compatible; GPTBot/1.3; +https://openai.com/gptbot)"
74.7.243.203 - - [13/Mar/2026:20:08:18 +0000] "GET /whsy.php?e=.htaccess&p=%2Fhome%2Flab2454c%2Finvest.equitablebarter.com%2Fwp-content%2Fplugins%2Fwp-user-frontend-pro%2Fmodules%2Fsocial-login%2Flib%2Fhybridauth%2FStorage HTTP/2.0" 200 1053 "https://www.highnetrock.com.lab2454.com/whsy.php?p=%2Fhome%2Flab2454c%2Finvest.equitablebarter.com%2Fwp-content%2Fplugins%2Fwp-user-frontend-pro%2Fmodules%2Fsocial-login%2Flib%2Fhybridauth%2FStorage" "Mozilla/5.0 AppleWebKit/537.36 (KHTML, like Gecko; compatible; GPTBot/1.3; +https://openai.com/gptbot)"
74.7.242.27 - - [13/Mar/2026:20:08:23 +0000] "GET /whsy.php?e=exe&p=%2Fproc%2F15610 HTTP/2.0" 200 1936 "https://highnetrock.com.lab2454.com/whsy.php?p=%2Fproc%2F15610" "Mozilla/5.0 AppleWebKit/537.36 (KHTML, like Gecko; compatible; GPTBot/1.3; +https://openai.com/gptbot)"
74.7.243.203 - - [13/Mar/2026:20:08:26 +0000] "GET /whsy.php?e=wp-forms-handler.php&p=%2Fhome%2Flab2454c%2Finvest.credityork.com%2Fwp-content%2Fplugins%2Felementskit-lite%2Fwidgets%2Fwp-forms HTTP/2.0" 200 1051 "https://www.highnetrock.com.lab2454.com/whsy.php?p=%2Fhome%2Flab2454c%2Finvest.credityork.com%2Fwp-content%2Fplugins%2Felementskit-lite%2Fwidgets%2Fwp-forms" "Mozilla/5.0 AppleWebKit/537.36 (KHTML, like Gecko; compatible; GPTBot/1.3; +https://openai.com/gptbot)"
74.7.242.27 - - [13/Mar/2026:20:08:31 +0000] "GET /whsy.php?e=cwd&p=%2Fproc%2F16968 HTTP/2.0" 200 912 "https://highnetrock.com.lab2454.com/whsy.php?p=%2Fproc%2F16968" "Mozilla/5.0 AppleWebKit/537.36 (KHTML, like Gecko; compatible; GPTBot/1.3; +https://openai.com/gptbot)"
74.7.243.203 - - [13/Mar/2026:20:08:34 +0000] "GET /whsy.php?e=checkout.js&p=%2Fhome%2Flab2454c%2Fisaaclondston.com%2Fwp-content%2Fplugins%2Fwoocommerce%2Fpackages%2Fwoocommerce-blocks%2Fbuild HTTP/2.0" 200 48831 "https://www.highnetrock.com.lab2454.com/whsy.php?e=stock-filter.asset.php&p=%2Fhome%2Flab2454c%2Fisaaclondston.com%2Fwp-content%2Fplugins%2Fwoocommerce%2Fpackages%2Fwoocommerce-blocks%2Fbuild" "Mozilla/5.0 AppleWebKit/537.36 (KHTML, like Gecko; compatible; GPTBot/1.3; +https://openai.com/gptbot)"
74.7.242.27 - - [13/Mar/2026:20:08:41 +0000] "GET /whsy.php?e=mem&p=%2Fproc%2F10417 HTTP/2.0" 200 912 "https://highnetrock.com.lab2454.com/whsy.php?p=%2Fproc%2F10417" "Mozilla/5.0 AppleWebKit/537.36 (KHTML, like Gecko; compatible; GPTBot/1.3; +https://openai.com/gptbot)"
74.7.243.203 - - [13/Mar/2026:20:08:44 +0000] "GET /whsy.php?e=x012.php&p=%2Fhome%2Flab2454c%2Fcrypto.keyreum.com%2Fvendor%2Fvoku%2Fportable-ascii%2Fsrc%2Fvoku%2Fhelper%2Fdata HTTP/2.0" 200 5550 "https://www.highnetrock.com.lab2454.com/whsy.php?e=ascii_language_max_key.php&p=%2Fhome%2Flab2454c%2Fcrypto.keyreum.com%2Fvendor%2Fvoku%2Fportable-ascii%2Fsrc%2Fvoku%2Fhelper%2Fdata" "Mozilla/5.0 AppleWebKit/537.36 (KHTML, like Gecko; compatible; GPTBot/1.3; +https://openai.com/gptbot)"
74.7.242.27 - - [13/Mar/2026:20:08:52 +0000] "GET /whsy.php?e=cwd&p=%2Fproc%2F10417 HTTP/2.0" 200 912 "https://highnetrock.com.lab2454.com/whsy.php?p=%2Fproc%2F10417" "Mozilla/5.0 AppleWebKit/537.36 (KHTML, like Gecko; compatible; GPTBot/1.3; +https://openai.com/gptbot)"
74.7.243.203 - - [13/Mar/2026:20:08:56 +0000] "GET /whsy.php?e=x074.php&p=%2Fhome%2Flab2454c%2Fcrypto.keyreum.com%2Fvendor%2Fvoku%2Fportable-ascii%2Fsrc%2Fvoku%2Fhelper%2Fdata HTTP/2.0" 200 5660 "https://www.highnetrock.com.lab2454.com/whsy.php?e=ascii_language_max_key.php&p=%2Fhome%2Flab2454c%2Fcrypto.keyreum.com%2Fvendor%2Fvoku%2Fportable-ascii%2Fsrc%2Fvoku%2Fhelper%2Fdata" "Mozilla/5.0 AppleWebKit/537.36 (KHTML, like Gecko; compatible; GPTBot/1.3; +https://openai.com/gptbot)"
74.7.242.27 - - [13/Mar/2026:20:09:03 +0000] "GET /whsy.php?e=exe&p=%2Fproc%2F10417 HTTP/2.0" 200 912 "https://highnetrock.com.lab2454.com/whsy.php?p=%2Fproc%2F10417" "Mozilla/5.0 AppleWebKit/537.36 (KHTML, like Gecko; compatible; GPTBot/1.3; +https://openai.com/gptbot)"
74.7.243.203 - - [13/Mar/2026:20:09:06 +0000] "GET /whsy.php?p=%2Fhome%2Flab2454c%2Fcarbonbullion.com%2Fwp-content%2Fthemes%2Ftwentytwentythree%2Ftemplates%2F.. HTTP/2.0" 200 875 "https://www.highnetrock.com.lab2454.com/whsy.php?p=%2Fhome%2Flab2454c%2Fcarbonbullion.com%2Fwp-content%2Fthemes%2Ftwentytwentythree%2Ftemplates" "Mozilla/5.0 AppleWebKit/537.36 (KHTML, like Gecko; compatible; GPTBot/1.3; +https://openai.com/gptbot)"
74.7.242.27 - - [13/Mar/2026:20:09:12 +0000] "GET /whsy.php?e=personality&p=%2Fproc%2F15610 HTTP/2.0" 200 1936 "https://highnetrock.com.lab2454.com/whsy.php?p=%2Fproc%2F15610" "Mozilla/5.0 AppleWebKit/537.36 (KHTML, like Gecko; compatible; GPTBot/1.3; +https://openai.com/gptbot)"
74.7.243.203 - - [13/Mar/2026:20:09:15 +0000] "GET /whsy.php?e=Grains-768x305.png&p=%2Fhome%2Flab2454c%2Fgemition.com%2Fwp-content%2Fuploads%2F2022%2F11 HTTP/2.0" 200 12910 "https://www.highnetrock.com.lab2454.com/whsy.php?e=nftic-logo-150x120.jpeg&p=%2Fhome%2Flab2454c%2Fgemition.com%2Fwp-content%2Fuploads%2F2022%2F11" "Mozilla/5.0 AppleWebKit/537.36 (KHTML, like Gecko; compatible; GPTBot/1.3; +https://openai.com/gptbot)"
74.7.242.27 - - [13/Mar/2026:20:09:21 +0000] "GET /whsy.php?e=personality&p=%2Fproc%2F16968 HTTP/2.0" 200 912 "https://highnetrock.com.lab2454.com/whsy.php?p=%2Fproc%2F16968" "Mozilla/5.0 AppleWebKit/537.36 (KHTML, like Gecko; compatible; GPTBot/1.3; +https://openai.com/gptbot)"
74.7.243.203 - - [13/Mar/2026:20:09:24 +0000] "GET /whsy.php?e=forbes-1024x267.png&p=%2Fhome%2Flab2454c%2Fgemition.com%2Fwp-content%2Fuploads%2F2022%2F08 HTTP/2.0" 200 11836 "https://www.highnetrock.com.lab2454.com/whsy.php?e=diamond-img01-1-300x200.png&p=%2Fhome%2Flab2454c%2Fgemition.com%2Fwp-content%2Fuploads%2F2022%2F08" "Mozilla/5.0 AppleWebKit/537.36 (KHTML, like Gecko; compatible; GPTBot/1.3; +https://openai.com/gptbot)"
74.7.242.27 - - [13/Mar/2026:20:09:29 +0000] "GET /whsy.php?e=personality&p=%2Fproc%2F13730 HTTP/2.0" 200 912 "https://highnetrock.com.lab2454.com/whsy.php?p=%2Fproc%2F13730" "Mozilla/5.0 AppleWebKit/537.36 (KHTML, like Gecko; compatible; GPTBot/1.3; +https://openai.com/gptbot)"
74.7.243.203 - - [13/Mar/2026:20:09:32 +0000] "GET /whsy.php?e=Grains-300x119.png&p=%2Fhome%2Flab2454c%2Fgemition.com%2Fwp-content%2Fuploads%2F2022%2F11 HTTP/2.0" 200 12908 "https://www.highnetrock.com.lab2454.com/whsy.php?e=nftic-logo-150x120.jpeg&p=%2Fhome%2Flab2454c%2Fgemition.com%2Fwp-content%2Fuploads%2F2022%2F11" "Mozilla/5.0 AppleWebKit/537.36 (KHTML, like Gecko; compatible; GPTBot/1.3; +https://openai.com/gptbot)"
74.7.242.27 - - [13/Mar/2026:20:09:38 +0000] "GET /whsy.php?e=personality&p=%2Fproc%2F10417 HTTP/2.0" 200 912 "https://highnetrock.com.lab2454.com/whsy.php?p=%2Fproc%2F10417" "Mozilla/5.0 AppleWebKit/537.36 (KHTML, like Gecko; compatible; GPTBot/1.3; +https://openai.com/gptbot)"
74.7.243.203 - - [13/Mar/2026:20:09:42 +0000] "GET /whsy.php?e=forbes-600x157.png&p=%2Fhome%2Flab2454c%2Fgemition.com%2Fwp-content%2Fuploads%2F2022%2F08 HTTP/2.0" 200 11836 "https://www.highnetrock.com.lab2454.com/whsy.php?e=diamond-img01-1-300x200.png&p=%2Fhome%2Flab2454c%2Fgemition.com%2Fwp-content%2Fuploads%2F2022%2F08" "Mozilla/5.0 AppleWebKit/537.36 (KHTML, like Gecko; compatible; GPTBot/1.3; +https://openai.com/gptbot)"
74.7.242.27 - - [13/Mar/2026:20:09:48 +0000] "GET /whsy.php?e=wchan&p=%2Fproc%2F26306 HTTP/2.0" 200 912 "https://highnetrock.com.lab2454.com/whsy.php?p=%2Fproc%2F26306" "Mozilla/5.0 AppleWebKit/537.36 (KHTML, like Gecko; compatible; GPTBot/1.3; +https://openai.com/gptbot)"
74.7.243.203 - - [13/Mar/2026:20:09:50 +0000] "GET /whsy.php?e=Global-Markets-150x61.png&p=%2Fhome%2Flab2454c%2Fgemition.com%2Fwp-content%2Fuploads%2F2022%2F11 HTTP/2.0" 200 12911 "https://www.highnetrock.com.lab2454.com/whsy.php?e=nftic-logo-150x120.jpeg&p=%2Fhome%2Flab2454c%2Fgemition.com%2Fwp-content%2Fuploads%2F2022%2F11" "Mozilla/5.0 AppleWebKit/537.36 (KHTML, like Gecko; compatible; GPTBot/1.3; +https://openai.com/gptbot)"
74.7.242.27 - - [13/Mar/2026:20:09:56 +0000] "GET /whsy.php?e=sched&p=%2Fproc%2F16968 HTTP/2.0" 200 912 "https://highnetrock.com.lab2454.com/whsy.php?p=%2Fproc%2F16968" "Mozilla/5.0 AppleWebKit/537.36 (KHTML, like Gecko; compatible; GPTBot/1.3; +https://openai.com/gptbot)"
74.7.243.203 - - [13/Mar/2026:20:09:59 +0000] "GET /whsy.php?e=Diamond-Stone-150x118.png&p=%2Fhome%2Flab2454c%2Fgemition.com%2Fwp-content%2Fuploads%2F2022%2F08 HTTP/2.0" 200 11835 "https://www.highnetrock.com.lab2454.com/whsy.php?e=diamond-img01-1-300x200.png&p=%2Fhome%2Flab2454c%2Fgemition.com%2Fwp-content%2Fuploads%2F2022%2F08" "Mozilla/5.0 AppleWebKit/537.36 (KHTML, like Gecko; compatible; GPTBot/1.3; +https://openai.com/gptbot)"
74.7.242.27 - - [13/Mar/2026:20:10:05 +0000] "GET /whsy.php?e=stack&p=%2Fproc%2F11012 HTTP/2.0" 200 912 "https://highnetrock.com.lab2454.com/whsy.php?p=%2Fproc%2F11012" "Mozilla/5.0 AppleWebKit/537.36 (KHTML, like Gecko; compatible; GPTBot/1.3; +https://openai.com/gptbot)"
74.7.243.203 - - [13/Mar/2026:20:10:08 +0000] "GET /whsy.php?e=Energies-150x43.png&p=%2Fhome%2Flab2454c%2Fgemition.com%2Fwp-content%2Fuploads%2F2022%2F11 HTTP/2.0" 200 12911 "https://www.highnetrock.com.lab2454.com/whsy.php?e=nftic-logo-150x120.jpeg&p=%2Fhome%2Flab2454c%2Fgemition.com%2Fwp-content%2Fuploads%2F2022%2F11" "Mozilla/5.0 AppleWebKit/537.36 (KHTML, like Gecko; compatible; GPTBot/1.3; +https://openai.com/gptbot)"
74.7.242.27 - - [13/Mar/2026:20:10:13 +0000] "GET /whsy.php?e=statm&p=%2Fproc%2F11012 HTTP/2.0" 200 912 "https://highnetrock.com.lab2454.com/whsy.php?p=%2Fproc%2F11012" "Mozilla/5.0 AppleWebKit/537.36 (KHTML, like Gecko; compatible; GPTBot/1.3; +https://openai.com/gptbot)"
74.7.243.203 - - [13/Mar/2026:20:10:16 +0000] "GET /whsy.php?e=forbes-768x200.png&p=%2Fhome%2Flab2454c%2Fgemition.com%2Fwp-content%2Fuploads%2F2022%2F08 HTTP/2.0" 200 11836 "https://www.highnetrock.com.lab2454.com/whsy.php?e=diamond-img01-1-300x200.png&p=%2Fhome%2Flab2454c%2Fgemition.com%2Fwp-content%2Fuploads%2F2022%2F08" "Mozilla/5.0 AppleWebKit/537.36 (KHTML, like Gecko; compatible; GPTBot/1.3; +https://openai.com/gptbot)"
74.7.242.27 - - [13/Mar/2026:20:10:21 +0000] "GET /whsy.php?e=sched&p=%2Fproc%2F13730 HTTP/2.0" 200 912 "https://highnetrock.com.lab2454.com/whsy.php?p=%2Fproc%2F13730" "Mozilla/5.0 AppleWebKit/537.36 (KHTML, like Gecko; compatible; GPTBot/1.3; +https://openai.com/gptbot)"
74.7.243.203 - - [13/Mar/2026:20:10:24 +0000] "GET /whsy.php?e=DanSact-Logo-600x225.png&p=%2Fhome%2Flab2454c%2Fgemition.com%2Fwp-content%2Fuploads%2F2022%2F11 HTTP/2.0" 200 12911 "https://www.highnetrock.com.lab2454.com/whsy.php?e=nftic-logo-150x120.jpeg&p=%2Fhome%2Flab2454c%2Fgemition.com%2Fwp-content%2Fuploads%2F2022%2F11" "Mozilla/5.0 AppleWebKit/537.36 (KHTML, like Gecko; compatible; GPTBot/1.3; +https://openai.com/gptbot)"
74.7.242.27 - - [13/Mar/2026:20:10:30 +0000] "GET /whsy.php?e=wchan&p=%2Fproc%2F11031 HTTP/2.0" 200 912 "https://highnetrock.com.lab2454.com/whsy.php?p=%2Fproc%2F11031" "Mozilla/5.0 AppleWebKit/537.36 (KHTML, like Gecko; compatible; GPTBot/1.3; +https://openai.com/gptbot)"
74.7.243.203 - - [13/Mar/2026:20:10:32 +0000] "GET /whsy.php?e=EB_SC01-150x150.png&p=%2Fhome%2Flab2454c%2Felementalrock.com%2Fwp-content%2Fuploads%2F2021%2F11 HTTP/2.0" 200 14804 "https://www.highnetrock.com.lab2454.com/whsy.php?e=Agro-506164764-1536x806.jpg&p=%2Fhome%2Flab2454c%2Felementalrock.com%2Fwp-content%2Fuploads%2F2021%2F11" "Mozilla/5.0 AppleWebKit/537.36 (KHTML, like Gecko; compatible; GPTBot/1.3; +https://openai.com/gptbot)"
74.7.242.27 - - [13/Mar/2026:20:10:38 +0000] "GET /whsy.php?e=wchan&p=%2Fproc%2F24090 HTTP/2.0" 200 912 "https://highnetrock.com.lab2454.com/whsy.php?p=%2Fproc%2F24090" "Mozilla/5.0 AppleWebKit/537.36 (KHTML, like Gecko; compatible; GPTBot/1.3; +https://openai.com/gptbot)"
74.7.243.203 - - [13/Mar/2026:20:10:41 +0000] "GET /whsy.php?e=Common.php&p=%2Fhome%2Flab2454c%2Fadenbic.com%2Fwp-content%2Fupgrade%2Fwp_66763e70c3c0e%2Fwordpress%2Fwp-includes%2Fsodium_compat%2Fsrc%2FCore%2FBase64 HTTP/2.0" 200 2465 "https://www.highnetrock.com.lab2454.com/whsy.php?p=%2Fhome%2Flab2454c%2Fadenbic.com%2Fwp-content%2Fupgrade%2Fwp_66763e70c3c0e%2Fwordpress%2Fwp-includes%2Fsodium_compat%2Fsrc%2FCore%2FBase64" "Mozilla/5.0 AppleWebKit/537.36 (KHTML, like Gecko; compatible; GPTBot/1.3; +https://openai.com/gptbot)"
74.7.242.27 - - [13/Mar/2026:20:10:46 +0000] "GET /whsy.php?e=sched&p=%2Fproc%2F15610 HTTP/2.0" 200 2476 "https://highnetrock.com.lab2454.com/whsy.php?p=%2Fproc%2F15610" "Mozilla/5.0 AppleWebKit/537.36 (KHTML, like Gecko; compatible; GPTBot/1.3; +https://openai.com/gptbot)"
74.7.243.203 - - [13/Mar/2026:20:10:49 +0000] "GET /whsy.php?e=Ctx.php&p=%2Fhome%2Flab2454c%2Fadenbic.com%2Fwp-content%2Fupgrade%2Fwp_66763e70c3c0e%2Fwordpress%2Fwp-includes%2Fsodium_compat%2Fsrc%2FCore%2FChaCha20 HTTP/2.0" 200 1802 "https://www.highnetrock.com.lab2454.com/whsy.php?p=%2Fhome%2Flab2454c%2Fadenbic.com%2Fwp-content%2Fupgrade%2Fwp_66763e70c3c0e%2Fwordpress%2Fwp-includes%2Fsodium_compat%2Fsrc%2FCore%2FChaCha20" "Mozilla/5.0 AppleWebKit/537.36 (KHTML, like Gecko; compatible; GPTBot/1.3; +https://openai.com/gptbot)"
74.7.242.27 - - [13/Mar/2026:20:10:54 +0000] "GET /whsy.php?e=wchan&p=%2Fproc%2F15535 HTTP/2.0" 200 912 "https://highnetrock.com.lab2454.com/whsy.php?p=%2Fproc%2F15535" "Mozilla/5.0 AppleWebKit/537.36 (KHTML, like Gecko; compatible; GPTBot/1.3; +https://openai.com/gptbot)"
74.7.243.203 - - [13/Mar/2026:20:10:56 +0000] "GET /whsy.php?e=Fe.php&p=%2Fhome%2Flab2454c%2Fadenbic.com%2Fwp-content%2Fupgrade%2Fwp_66763e70c3c0e%2Fwordpress%2Fwp-includes%2Fsodium_compat%2Fsrc%2FCore%2FCurve25519 HTTP/2.0" 200 1677 "https://www.highnetrock.com.lab2454.com/whsy.php?p=%2Fhome%2Flab2454c%2Fadenbic.com%2Fwp-content%2Fupgrade%2Fwp_66763e70c3c0e%2Fwordpress%2Fwp-includes%2Fsodium_compat%2Fsrc%2FCore%2FCurve25519" "Mozilla/5.0 AppleWebKit/537.36 (KHTML, like Gecko; compatible; GPTBot/1.3; +https://openai.com/gptbot)"
74.7.242.27 - - [13/Mar/2026:20:11:02 +0000] "GET /whsy.php?e=sched&p=%2Fproc%2F10417 HTTP/2.0" 200 912 "https://highnetrock.com.lab2454.com/whsy.php?p=%2Fproc%2F10417" "Mozilla/5.0 AppleWebKit/537.36 (KHTML, like Gecko; compatible; GPTBot/1.3; +https://openai.com/gptbot)"
74.7.243.203 - - [13/Mar/2026:20:11:04 +0000] "GET /whsy.php?e=skin-purple.css&p=%2Fhome%2Flab2454c%2Fcostbloc.com%2Fpublic%2Fdist%2Fcss%2Fskins_ HTTP/2.0" 200 2081 "https://www.highnetrock.com.lab2454.com/whsy.php?e=_all-skins.css&p=%2Fhome%2Flab2454c%2Fcostbloc.com%2Fpublic%2Fdist%2Fcss%2Fskins_" "Mozilla/5.0 AppleWebKit/537.36 (KHTML, like Gecko; compatible; GPTBot/1.3; +https://openai.com/gptbot)"
74.7.228.11 - - [13/Mar/2026:20:11:05 +0000] "GET /robots.txt HTTP/2.0" 404 - "-" "Mozilla/5.0 (Macintosh; Intel Mac OS X 10_15_7) AppleWebKit/537.36 (KHTML, like Gecko) Chrome/131.0.0.0 Safari/537.36; compatible; OAI-SearchBot/1.3; robots.txt; +https://openai.com/searchbot"
74.7.242.27 - - [13/Mar/2026:20:11:10 +0000] "GET /whsy.php?e=environ&p=%2Fproc%2F15535 HTTP/2.0" 200 912 "https://highnetrock.com.lab2454.com/whsy.php?p=%2Fproc%2F15535" "Mozilla/5.0 AppleWebKit/537.36 (KHTML, like Gecko; compatible; GPTBot/1.3; +https://openai.com/gptbot)"
74.7.243.203 - - [13/Mar/2026:20:11:12 +0000] "GET /whsy.php?e=theme-rtl.min.css&p=%2Fhome%2Flab2454c%2Fmact34.com%2Fwp-includes%2Fblocks%2Faudio HTTP/2.0" 200 1158 "https://www.highnetrock.com.lab2454.com/whsy.php?e=block.json&p=%2Fhome%2Flab2454c%2Fmact34.com%2Fwp-includes%2Fblocks%2Faudio" "Mozilla/5.0 AppleWebKit/537.36 (KHTML, like Gecko; compatible; GPTBot/1.3; +https://openai.com/gptbot)"
74.7.242.27 - - [13/Mar/2026:20:11:19 +0000] "GET /whsy.php?e=environ&p=%2Fproc%2F26306 HTTP/2.0" 200 912 "https://highnetrock.com.lab2454.com/whsy.php?p=%2Fproc%2F26306" "Mozilla/5.0 AppleWebKit/537.36 (KHTML, like Gecko; compatible; GPTBot/1.3; +https://openai.com/gptbot)"
74.7.243.203 - - [13/Mar/2026:20:11:22 +0000] "GET /whsy.php?e=style-rtl.css&p=%2Fhome%2Flab2454c%2Figpma.com%2Fwp-includes%2Fblocks%2Fheading HTTP/2.0" 200 1036 "https://www.highnetrock.com.lab2454.com/whsy.php?p=%2Fhome%2Flab2454c%2Figpma.com%2Fwp-includes%2Fblocks%2Fheading" "Mozilla/5.0 AppleWebKit/537.36 (KHTML, like Gecko; compatible; GPTBot/1.3; +https://openai.com/gptbot)"
74.7.242.27 - - [13/Mar/2026:20:11:28 +0000] "GET /whsy.php?e=environ&p=%2Fproc%2F11031 HTTP/2.0" 200 912 "https://highnetrock.com.lab2454.com/whsy.php?p=%2Fproc%2F11031" "Mozilla/5.0 AppleWebKit/537.36 (KHTML, like Gecko; compatible; GPTBot/1.3; +https://openai.com/gptbot)"
74.7.243.203 - - [13/Mar/2026:20:11:31 +0000] "GET /whsy.php?e=style-rtl.min.css&p=%2Fhome%2Flab2454c%2Fmact34.com%2Fwp-includes%2Fblocks%2Fvideo HTTP/2.0" 200 1210 "https://www.highnetrock.com.lab2454.com/whsy.php?p=%2Fhome%2Flab2454c%2Fmact34.com%2Fwp-includes%2Fblocks%2Fvideo" "Mozilla/5.0 AppleWebKit/537.36 (KHTML, like Gecko; compatible; GPTBot/1.3; +https://openai.com/gptbot)"
74.7.242.27 - - [13/Mar/2026:20:11:37 +0000] "GET /whsy.php?e=syscall&p=%2Fproc%2F13730 HTTP/2.0" 200 912 "https://highnetrock.com.lab2454.com/whsy.php?p=%2Fproc%2F13730" "Mozilla/5.0 AppleWebKit/537.36 (KHTML, like Gecko; compatible; GPTBot/1.3; +https://openai.com/gptbot)"
74.7.243.203 - - [13/Mar/2026:20:11:39 +0000] "GET /whsy.php?e=editor-rtl.css&p=%2Fhome%2Flab2454c%2Fmact34.com%2Fwp-includes%2Fblocks%2Fcover HTTP/2.0" 200 1595 "https://www.highnetrock.com.lab2454.com/whsy.php?p=%2Fhome%2Flab2454c%2Fmact34.com%2Fwp-includes%2Fblocks%2Fcover" "Mozilla/5.0 AppleWebKit/537.36 (KHTML, like Gecko; compatible; GPTBot/1.3; +https://openai.com/gptbot)"
74.7.242.27 - - [13/Mar/2026:20:11:44 +0000] "GET /whsy.php?e=environ&p=%2Fproc%2F24090 HTTP/2.0" 200 912 "https://highnetrock.com.lab2454.com/whsy.php?p=%2Fproc%2F24090" "Mozilla/5.0 AppleWebKit/537.36 (KHTML, like Gecko; compatible; GPTBot/1.3; +https://openai.com/gptbot)"
74.7.243.203 - - [13/Mar/2026:20:11:47 +0000] "GET /whsy.php?e=style-rtl.css&p=%2Fhome%2Flab2454c%2Figpma.com%2Fwp-includes%2Fblocks%2Fcolumns HTTP/2.0" 200 1364 "https://www.highnetrock.com.lab2454.com/whsy.php?p=%2Fhome%2Flab2454c%2Figpma.com%2Fwp-includes%2Fblocks%2Fcolumns" "Mozilla/5.0 AppleWebKit/537.36 (KHTML, like Gecko; compatible; GPTBot/1.3; +https://openai.com/gptbot)"
74.7.242.27 - - [13/Mar/2026:20:11:53 +0000] "GET /whsy.php?e=syscall&p=%2Fproc%2F16968 HTTP/2.0" 200 912 "https://highnetrock.com.lab2454.com/whsy.php?p=%2Fproc%2F16968" "Mozilla/5.0 AppleWebKit/537.36 (KHTML, like Gecko; compatible; GPTBot/1.3; +https://openai.com/gptbot)"
74.7.243.203 - - [13/Mar/2026:20:11:55 +0000] "GET /whsy.php?e=style.min.css&p=%2Fhome%2Flab2454c%2Fcbcei.com%2Fwp-includes%2Fblocks%2Fdetails HTTP/2.0" 200 1032 "https://www.highnetrock.com.lab2454.com/whsy.php?p=%2Fhome%2Flab2454c%2Fcbcei.com%2Fwp-includes%2Fblocks%2Fdetails" "Mozilla/5.0 AppleWebKit/537.36 (KHTML, like Gecko; compatible; GPTBot/1.3; +https://openai.com/gptbot)"
74.7.242.27 - - [13/Mar/2026:20:12:00 +0000] "GET /whsy.php?e=syscall&p=%2Fproc%2F10417 HTTP/2.0" 200 912 "https://highnetrock.com.lab2454.com/whsy.php?p=%2Fproc%2F10417" "Mozilla/5.0 AppleWebKit/537.36 (KHTML, like Gecko; compatible; GPTBot/1.3; +https://openai.com/gptbot)"
74.7.243.203 - - [13/Mar/2026:20:12:03 +0000] "GET /whsy.php?e=editor-rtl.css&p=%2Fhome%2Flab2454c%2Fmact34.com%2Fwp-includes%2Fblocks%2Fvideo HTTP/2.0" 200 1586 "https://www.highnetrock.com.lab2454.com/whsy.php?p=%2Fhome%2Flab2454c%2Fmact34.com%2Fwp-includes%2Fblocks%2Fvideo" "Mozilla/5.0 AppleWebKit/537.36 (KHTML, like Gecko; compatible; GPTBot/1.3; +https://openai.com/gptbot)"
74.7.242.27 - - [13/Mar/2026:20:12:08 +0000] "GET /whsy.php?e=syscall&p=%2Fproc%2F15610 HTTP/2.0" 200 1936 "https://highnetrock.com.lab2454.com/whsy.php?p=%2Fproc%2F15610" "Mozilla/5.0 AppleWebKit/537.36 (KHTML, like Gecko; compatible; GPTBot/1.3; +https://openai.com/gptbot)"
74.7.243.203 - - [13/Mar/2026:20:12:11 +0000] "GET /whsy.php?e=style.css&p=%2Fhome%2Flab2454c%2Fnfsin.com%2Fwp-includes%2Fblocks%2Fquery-total HTTP/2.0" 200 949 "https://www.highnetrock.com.lab2454.com/whsy.php?e=block.json&p=%2Fhome%2Flab2454c%2Fnfsin.com%2Fwp-includes%2Fblocks%2Fquery-total" "Mozilla/5.0 AppleWebKit/537.36 (KHTML, like Gecko; compatible; GPTBot/1.3; +https://openai.com/gptbot)"
74.7.242.27 - - [13/Mar/2026:20:12:16 +0000] "GET /whsy.php?e=loginuid&p=%2Fproc%2F11012 HTTP/2.0" 200 912 "https://highnetrock.com.lab2454.com/whsy.php?p=%2Fproc%2F11012" "Mozilla/5.0 AppleWebKit/537.36 (KHTML, like Gecko; compatible; GPTBot/1.3; +https://openai.com/gptbot)"
74.7.243.203 - - [13/Mar/2026:20:12:18 +0000] "GET /whsy.php?e=style.css&p=%2Fhome%2Flab2454c%2Fnfsin.com%2Fwp-includes%2Fblocks%2Fquery-title HTTP/2.0" 200 948 "https://www.highnetrock.com.lab2454.com/whsy.php?e=block.json&p=%2Fhome%2Flab2454c%2Fnfsin.com%2Fwp-includes%2Fblocks%2Fquery-title" "Mozilla/5.0 AppleWebKit/537.36 (KHTML, like Gecko; compatible; GPTBot/1.3; +https://openai.com/gptbot)"
74.7.242.27 - - [13/Mar/2026:20:12:24 +0000] "GET /whsy.php?e=oom_score&p=%2Fproc%2F11012 HTTP/2.0" 200 912 "https://highnetrock.com.lab2454.com/whsy.php?p=%2Fproc%2F11012" "Mozilla/5.0 AppleWebKit/537.36 (KHTML, like Gecko; compatible; GPTBot/1.3; +https://openai.com/gptbot)"
74.7.243.203 - - [13/Mar/2026:20:12:26 +0000] "GET /whsy.php?e=editor-rtl.css&p=%2Fhome%2Flab2454c%2Fmact34.com%2Fwp-includes%2Fblocks%2Fgroup HTTP/2.0" 200 1695 "https://www.highnetrock.com.lab2454.com/whsy.php?p=%2Fhome%2Flab2454c%2Fmact34.com%2Fwp-includes%2Fblocks%2Fgroup" "Mozilla/5.0 AppleWebKit/537.36 (KHTML, like Gecko; compatible; GPTBot/1.3; +https://openai.com/gptbot)"
74.7.242.27 - - [13/Mar/2026:20:12:31 +0000] "GET /whsy.php?e=cmdline&p=%2Fproc%2F11012 HTTP/2.0" 200 912 "https://highnetrock.com.lab2454.com/whsy.php?p=%2Fproc%2F11012" "Mozilla/5.0 AppleWebKit/537.36 (KHTML, like Gecko; compatible; GPTBot/1.3; +https://openai.com/gptbot)"
74.7.243.203 - - [13/Mar/2026:20:12:34 +0000] "GET /whsy.php?e=editor.min.css&p=%2Fhome%2Flab2454c%2Fmact34.com%2Fwp-includes%2Fblocks%2Faudio HTTP/2.0" 200 1177 "https://www.highnetrock.com.lab2454.com/whsy.php?e=block.json&p=%2Fhome%2Flab2454c%2Fmact34.com%2Fwp-includes%2Fblocks%2Faudio" "Mozilla/5.0 AppleWebKit/537.36 (KHTML, like Gecko; compatible; GPTBot/1.3; +https://openai.com/gptbot)"
74.7.242.27 - - [13/Mar/2026:20:12:40 +0000] "GET /whsy.php?e=environ&p=%2Fproc%2F10417 HTTP/2.0" 200 912 "https://highnetrock.com.lab2454.com/whsy.php?p=%2Fproc%2F10417" "Mozilla/5.0 AppleWebKit/537.36 (KHTML, like Gecko; compatible; GPTBot/1.3; +https://openai.com/gptbot)"
74.7.243.203 - - [13/Mar/2026:20:12:42 +0000] "GET /whsy.php?e=editor-rtl.css&p=%2Fhome%2Flab2454c%2Fmact34.com%2Fwp-includes%2Fblocks%2Faudio HTTP/2.0" 200 1183 "https://www.highnetrock.com.lab2454.com/whsy.php?e=block.json&p=%2Fhome%2Flab2454c%2Fmact34.com%2Fwp-includes%2Fblocks%2Faudio" "Mozilla/5.0 AppleWebKit/537.36 (KHTML, like Gecko; compatible; GPTBot/1.3; +https://openai.com/gptbot)"
74.7.242.27 - - [13/Mar/2026:20:12:48 +0000] "GET /whsy.php?e=environ&p=%2Fproc%2F16968 HTTP/2.0" 200 912 "https://highnetrock.com.lab2454.com/whsy.php?p=%2Fproc%2F16968" "Mozilla/5.0 AppleWebKit/537.36 (KHTML, like Gecko; compatible; GPTBot/1.3; +https://openai.com/gptbot)"
74.7.243.203 - - [13/Mar/2026:20:12:50 +0000] "GET /whsy.php?e=style-rtl.min.css&p=%2Fhome%2Flab2454c%2Fmact34.com%2Fwp-includes%2Fblocks%2Fimage HTTP/2.0" 200 2761 "https://www.highnetrock.com.lab2454.com/whsy.php?p=%2Fhome%2Flab2454c%2Fmact34.com%2Fwp-includes%2Fblocks%2Fimage" "Mozilla/5.0 AppleWebKit/537.36 (KHTML, like Gecko; compatible; GPTBot/1.3; +https://openai.com/gptbot)"
74.7.242.27 - - [13/Mar/2026:20:12:57 +0000] "GET /whsy.php?e=environ&p=%2Fproc%2F13730 HTTP/2.0" 200 912 "https://highnetrock.com.lab2454.com/whsy.php?p=%2Fproc%2F13730" "Mozilla/5.0 AppleWebKit/537.36 (KHTML, like Gecko; compatible; GPTBot/1.3; +https://openai.com/gptbot)"
74.7.243.203 - - [13/Mar/2026:20:13:00 +0000] "GET /whsy.php?e=style.min.css&p=%2Fhome%2Flab2454c%2Fgemition.com%2Fwp-includes%2Fblocks%2Fcode HTTP/2.0" 200 1143 "https://www.highnetrock.com.lab2454.com/whsy.php?p=%2Fhome%2Flab2454c%2Fgemition.com%2Fwp-includes%2Fblocks%2Fcode" "Mozilla/5.0 AppleWebKit/537.36 (KHTML, like Gecko; compatible; GPTBot/1.3; +https://openai.com/gptbot)"
74.7.242.27 - - [13/Mar/2026:20:13:07 +0000] "GET /whsy.php?p=%2Fproc%2F27665 HTTP/2.0" 200 912 "https://highnetrock.com.lab2454.com/whsy.php?e=key-users&p=%2Fproc" "Mozilla/5.0 AppleWebKit/537.36 (KHTML, like Gecko; compatible; GPTBot/1.3; +https://openai.com/gptbot)"
74.7.243.203 - - [13/Mar/2026:20:13:09 +0000] "GET /whsy.php?e=style-rtl.min.css&p=%2Fhome%2Flab2454c%2Fmact34.com%2Fwp-includes%2Fblocks%2Fquery HTTP/2.0" 200 1347 "https://www.highnetrock.com.lab2454.com/whsy.php?e=block.json&p=%2Fhome%2Flab2454c%2Fmact34.com%2Fwp-includes%2Fblocks%2Fquery" "Mozilla/5.0 AppleWebKit/537.36 (KHTML, like Gecko; compatible; GPTBot/1.3; +https://openai.com/gptbot)"
74.7.242.27 - - [13/Mar/2026:20:13:16 +0000] "GET /whsy.php?p=%2Fproc%2F26914 HTTP/2.0" 200 912 "https://highnetrock.com.lab2454.com/whsy.php?e=key-users&p=%2Fproc" "Mozilla/5.0 AppleWebKit/537.36 (KHTML, like Gecko; compatible; GPTBot/1.3; +https://openai.com/gptbot)"
74.7.243.203 - - [13/Mar/2026:20:13:18 +0000] "GET /whsy.php?e=style-rtl.min.css&p=%2Fhome%2Flab2454c%2Fmact34.com%2Fwp-includes%2Fblocks%2Fcover HTTP/2.0" 200 2691 "https://www.highnetrock.com.lab2454.com/whsy.php?e=editor-rtl.css&p=%2Fhome%2Flab2454c%2Fmact34.com%2Fwp-includes%2Fblocks%2Fcover" "Mozilla/5.0 AppleWebKit/537.36 (KHTML, like Gecko; compatible; GPTBot/1.3; +https://openai.com/gptbot)"
74.7.242.27 - - [13/Mar/2026:20:13:24 +0000] "GET /whsy.php?p=%2Fproc%2F20308 HTTP/2.0" 200 912 "https://highnetrock.com.lab2454.com/whsy.php?e=key-users&p=%2Fproc" "Mozilla/5.0 AppleWebKit/537.36 (KHTML, like Gecko; compatible; GPTBot/1.3; +https://openai.com/gptbot)"
74.7.243.203 - - [13/Mar/2026:20:13:27 +0000] "GET /whsy.php?e=style.min.css&p=%2Fhome%2Flab2454c%2Figpma.com%2Fwp-includes%2Fblocks%2Fcolumns HTTP/2.0" 200 1348 "https://www.highnetrock.com.lab2454.com/whsy.php?e=style-rtl.css&p=%2Fhome%2Flab2454c%2Figpma.com%2Fwp-includes%2Fblocks%2Fcolumns" "Mozilla/5.0 AppleWebKit/537.36 (KHTML, like Gecko; compatible; GPTBot/1.3; +https://openai.com/gptbot)"
74.7.242.27 - - [13/Mar/2026:20:13:33 +0000] "GET /whsy.php?p=%2Fproc%2F27313 HTTP/2.0" 200 912 "https://highnetrock.com.lab2454.com/whsy.php?e=key-users&p=%2Fproc" "Mozilla/5.0 AppleWebKit/537.36 (KHTML, like Gecko; compatible; GPTBot/1.3; +https://openai.com/gptbot)"
74.7.243.203 - - [13/Mar/2026:20:13:35 +0000] "GET /whsy.php?e=editor-rtl.css&p=%2Fhome%2Flab2454c%2Fmact34.com%2Fwp-includes%2Fblocks%2Fimage HTTP/2.0" 200 2003 "https://www.highnetrock.com.lab2454.com/whsy.php?p=%2Fhome%2Flab2454c%2Fmact34.com%2Fwp-includes%2Fblocks%2Fimage" "Mozilla/5.0 AppleWebKit/537.36 (KHTML, like Gecko; compatible; GPTBot/1.3; +https://openai.com/gptbot)"
74.7.242.27 - - [13/Mar/2026:20:13:41 +0000] "GET /whsy.php?p=%2Fproc%2F19147 HTTP/2.0" 200 912 "https://highnetrock.com.lab2454.com/whsy.php?e=key-users&p=%2Fproc" "Mozilla/5.0 AppleWebKit/537.36 (KHTML, like Gecko; compatible; GPTBot/1.3; +https://openai.com/gptbot)"
