74.7.243.203 - - [13/Mar/2026:20:34:53 +0000] "GET /whsy.php?e=terms-frontend.js&p=%2Fhome%2Flab2454c%2Fisaaclondston.com%2Fwp-content%2Fplugins%2Fwoocommerce%2Fpackages%2Fwoocommerce-blocks%2Fbuild%2Fcheckout-blocks HTTP/2.0" 200 3061 "https://www.highnetrock.com.lab2454.com/whsy.php?e=contact-information-frontend.js&p=%2Fhome%2Flab2454c%2Fisaaclondston.com%2Fwp-content%2Fplugins%2Fwoocommerce%2Fpackages%2Fwoocommerce-blocks%2Fbuild%2Fcheckout-blocks" "Mozilla/5.0 AppleWebKit/537.36 (KHTML, like Gecko; compatible; GPTBot/1.3; +https://openai.com/gptbot)"
74.7.242.27 - - [13/Mar/2026:20:34:54 +0000] "GET /whsy.php?e=comm&p=%2Fproc%2F15935 HTTP/2.0" 200 1984 "https://highnetrock.com.lab2454.com/whsy.php?p=%2Fproc%2F15935" "Mozilla/5.0 AppleWebKit/537.36 (KHTML, like Gecko; compatible; GPTBot/1.3; +https://openai.com/gptbot)"
74.7.243.203 - - [13/Mar/2026:20:35:04 +0000] "GET /whsy.php?e=setgroups&p=%2Fproc%2F5800%2Ftask%2F20215 HTTP/2.0" 200 1870 "https://www.highnetrock.com.lab2454.com/whsy.php?e=ksm_merging_pages&p=%2Fproc%2F5800%2Ftask%2F20215" "Mozilla/5.0 AppleWebKit/537.36 (KHTML, like Gecko; compatible; GPTBot/1.3; +https://openai.com/gptbot)"
74.7.242.27 - - [13/Mar/2026:20:35:05 +0000] "GET /whsy.php?e=comm&p=%2Fproc%2F15931 HTTP/2.0" 200 2015 "https://highnetrock.com.lab2454.com/whsy.php?p=%2Fproc%2F15931" "Mozilla/5.0 AppleWebKit/537.36 (KHTML, like Gecko; compatible; GPTBot/1.3; +https://openai.com/gptbot)"
74.7.243.203 - - [13/Mar/2026:20:35:14 +0000] "GET /whsy.php?e=sessionid&p=%2Fproc%2F5800%2Ftask%2F20215 HTTP/2.0" 200 1877 "https://www.highnetrock.com.lab2454.com/whsy.php?e=ksm_merging_pages&p=%2Fproc%2F5800%2Ftask%2F20215" "Mozilla/5.0 AppleWebKit/537.36 (KHTML, like Gecko; compatible; GPTBot/1.3; +https://openai.com/gptbot)"
74.7.242.27 - - [13/Mar/2026:20:35:15 +0000] "GET /whsy.php?e=comm&p=%2Fproc%2F14351 HTTP/2.0" 200 2015 "https://highnetrock.com.lab2454.com/whsy.php?p=%2Fproc%2F14351" "Mozilla/5.0 AppleWebKit/537.36 (KHTML, like Gecko; compatible; GPTBot/1.3; +https://openai.com/gptbot)"
74.7.243.203 - - [13/Mar/2026:20:35:22 +0000] "GET /whsy.php?e=sessionid&p=%2Fproc%2F5800%2Ftask%2F20207 HTTP/2.0" 200 1879 "https://www.highnetrock.com.lab2454.com/whsy.php?e=cgroup&p=%2Fproc%2F5800%2Ftask%2F20207" "Mozilla/5.0 AppleWebKit/537.36 (KHTML, like Gecko; compatible; GPTBot/1.3; +https://openai.com/gptbot)"
74.7.242.27 - - [13/Mar/2026:20:35:23 +0000] "GET /whsy.php?e=maps&p=%2Fproc%2F14351 HTTP/2.0" 200 2117 "https://highnetrock.com.lab2454.com/whsy.php?p=%2Fproc%2F14351" "Mozilla/5.0 AppleWebKit/537.36 (KHTML, like Gecko; compatible; GPTBot/1.3; +https://openai.com/gptbot)"
74.7.243.203 - - [13/Mar/2026:20:35:30 +0000] "GET /whsy.php?e=sessionid&p=%2Fproc%2F5800%2Ftask%2F20209 HTTP/2.0" 200 1879 "https://www.highnetrock.com.lab2454.com/whsy.php?e=cgroup&p=%2Fproc%2F5800%2Ftask%2F20209" "Mozilla/5.0 AppleWebKit/537.36 (KHTML, like Gecko; compatible; GPTBot/1.3; +https://openai.com/gptbot)"
74.7.242.27 - - [13/Mar/2026:20:35:31 +0000] "GET /whsy.php?e=maps&p=%2Fproc%2F15935 HTTP/2.0" 200 2307 "https://highnetrock.com.lab2454.com/whsy.php?p=%2Fproc%2F15935" "Mozilla/5.0 AppleWebKit/537.36 (KHTML, like Gecko; compatible; GPTBot/1.3; +https://openai.com/gptbot)"
74.7.243.203 - - [13/Mar/2026:20:35:38 +0000] "GET /whsy.php?e=README.md&p=%2Fhome%2Flab2454c%2Fadenbic.com%2Fwp-content%2Fplugins%2Fgoogle-analytics-for-wordpress%2Fincludes%2Fgutenberg%2Fheadline-tool%2Fphpinsight HTTP/2.0" 200 1219 "https://www.highnetrock.com.lab2454.com/whsy.php?p=%2Fhome%2Flab2454c%2Fadenbic.com%2Fwp-content%2Fplugins%2Fgoogle-analytics-for-wordpress%2Fincludes%2Fgutenberg%2Fheadline-tool%2Fphpinsight" "Mozilla/5.0 AppleWebKit/537.36 (KHTML, like Gecko; compatible; GPTBot/1.3; +https://openai.com/gptbot)"
74.7.242.27 - - [13/Mar/2026:20:35:39 +0000] "GET /whsy.php?e=cmdline&p=%2Fproc%2F15931 HTTP/2.0" 200 2031 "https://highnetrock.com.lab2454.com/whsy.php?p=%2Fproc%2F15931" "Mozilla/5.0 AppleWebKit/537.36 (KHTML, like Gecko; compatible; GPTBot/1.3; +https://openai.com/gptbot)"
74.7.243.203 - - [13/Mar/2026:20:35:46 +0000] "GET /whsy.php?e=pkgIndex.tcl&p=%2Fusr%2Fshare%2Ftcl8.5%2Fopt0.4 HTTP/2.0" 200 1102 "https://www.highnetrock.com.lab2454.com/whsy.php?p=%2Fusr%2Fshare%2Ftcl8.5%2Fopt0.4" "Mozilla/5.0 AppleWebKit/537.36 (KHTML, like Gecko; compatible; GPTBot/1.3; +https://openai.com/gptbot)"
74.7.242.27 - - [13/Mar/2026:20:35:47 +0000] "GET /whsy.php?e=cmdline&p=%2Fproc%2F15935 HTTP/2.0" 200 2287 "https://highnetrock.com.lab2454.com/whsy.php?p=%2Fproc%2F15935" "Mozilla/5.0 AppleWebKit/537.36 (KHTML, like Gecko; compatible; GPTBot/1.3; +https://openai.com/gptbot)"
74.7.243.203 - - [13/Mar/2026:20:35:55 +0000] "GET /whsy.php?e=class-wp-list-table-compat.php&p=%2Fhome%2Flab2454c%2Fclimatefinancebank.com%2Fwp-admin%2Fincludes HTTP/2.0" 200 4627 "https://www.highnetrock.com.lab2454.com/whsy.php?p=%2Fhome%2Flab2454c%2Fclimatefinancebank.com%2Fwp-admin%2Fincludes" "Mozilla/5.0 AppleWebKit/537.36 (KHTML, like Gecko; compatible; GPTBot/1.3; +https://openai.com/gptbot)"
74.7.242.27 - - [13/Mar/2026:20:35:56 +0000] "GET /whsy.php?e=cmdline&p=%2Fproc%2F15936 HTTP/2.0" 200 2262 "https://highnetrock.com.lab2454.com/whsy.php?p=%2Fproc%2F15936" "Mozilla/5.0 AppleWebKit/537.36 (KHTML, like Gecko; compatible; GPTBot/1.3; +https://openai.com/gptbot)"
74.7.243.203 - - [13/Mar/2026:20:36:04 +0000] "GET /whsy.php?e=class-wp-themes-list-table.php&p=%2Fhome%2Flab2454c%2Fclimatefinancebank.com%2Fwp-admin%2Fincludes HTTP/2.0" 200 7341 "https://www.highnetrock.com.lab2454.com/whsy.php?p=%2Fhome%2Flab2454c%2Fclimatefinancebank.com%2Fwp-admin%2Fincludes" "Mozilla/5.0 AppleWebKit/537.36 (KHTML, like Gecko; compatible; GPTBot/1.3; +https://openai.com/gptbot)"
74.7.242.27 - - [13/Mar/2026:20:36:05 +0000] "GET /whsy.php?e=cmdline&p=%2Fproc%2F14351 HTTP/2.0" 200 2044 "https://highnetrock.com.lab2454.com/whsy.php?p=%2Fproc%2F14351" "Mozilla/5.0 AppleWebKit/537.36 (KHTML, like Gecko; compatible; GPTBot/1.3; +https://openai.com/gptbot)"
74.7.243.203 - - [13/Mar/2026:20:36:13 +0000] "GET /whsy.php?e=admin-filters.php&p=%2Fhome%2Flab2454c%2Fclimatefinancebank.com%2Fwp-admin%2Fincludes HTTP/2.0" 200 6045 "https://www.highnetrock.com.lab2454.com/whsy.php?p=%2Fhome%2Flab2454c%2Fclimatefinancebank.com%2Fwp-admin%2Fincludes" "Mozilla/5.0 AppleWebKit/537.36 (KHTML, like Gecko; compatible; GPTBot/1.3; +https://openai.com/gptbot)"
74.7.242.27 - - [13/Mar/2026:20:36:14 +0000] "GET /whsy.php?e=smaps_rollup&p=%2Fproc%2F15935 HTTP/2.0" 200 2222 "https://highnetrock.com.lab2454.com/whsy.php?p=%2Fproc%2F15935" "Mozilla/5.0 AppleWebKit/537.36 (KHTML, like Gecko; compatible; GPTBot/1.3; +https://openai.com/gptbot)"
74.7.243.203 - - [13/Mar/2026:20:36:21 +0000] "GET /whsy.php?e=comment.php&p=%2Fhome%2Flab2454c%2Fclimatefinancebank.com%2Fwp-admin%2Fincludes HTTP/2.0" 200 6153 "https://www.highnetrock.com.lab2454.com/whsy.php?p=%2Fhome%2Flab2454c%2Fclimatefinancebank.com%2Fwp-admin%2Fincludes" "Mozilla/5.0 AppleWebKit/537.36 (KHTML, like Gecko; compatible; GPTBot/1.3; +https://openai.com/gptbot)"
74.7.228.11 - - [13/Mar/2026:20:36:22 +0000] "GET /robots.txt HTTP/2.0" 404 - "-" "Mozilla/5.0 (Macintosh; Intel Mac OS X 10_15_7) AppleWebKit/537.36 (KHTML, like Gecko) Chrome/131.0.0.0 Safari/537.36; compatible; OAI-SearchBot/1.3; robots.txt; +https://openai.com/searchbot"
74.7.242.27 - - [13/Mar/2026:20:36:22 +0000] "GET /whsy.php?e=smaps_rollup&p=%2Fproc%2F14351 HTTP/2.0" 200 2119 "https://highnetrock.com.lab2454.com/whsy.php?p=%2Fproc%2F14351" "Mozilla/5.0 AppleWebKit/537.36 (KHTML, like Gecko; compatible; GPTBot/1.3; +https://openai.com/gptbot)"
74.7.243.203 - - [13/Mar/2026:20:36:28 +0000] "GET /whsy.php?e=class-bulk-plugin-upgrader-skin.php&p=%2Fhome%2Flab2454c%2Fclimatefinancebank.com%2Fwp-admin%2Fincludes HTTP/2.0" 200 4912 "https://www.highnetrock.com.lab2454.com/whsy.php?p=%2Fhome%2Flab2454c%2Fclimatefinancebank.com%2Fwp-admin%2Fincludes" "Mozilla/5.0 AppleWebKit/537.36 (KHTML, like Gecko; compatible; GPTBot/1.3; +https://openai.com/gptbot)"
74.7.242.27 - - [13/Mar/2026:20:36:29 +0000] "GET /whsy.php?e=smaps_rollup&p=%2Fproc%2F15931 HTTP/2.0" 200 2119 "https://highnetrock.com.lab2454.com/whsy.php?p=%2Fproc%2F15931" "Mozilla/5.0 AppleWebKit/537.36 (KHTML, like Gecko; compatible; GPTBot/1.3; +https://openai.com/gptbot)"
74.7.242.27 - - [13/Mar/2026:20:36:36 +0000] "GET /whsy.php?e=timens_offsets&p=%2Fproc%2F15931 HTTP/2.0" 200 2023 "https://highnetrock.com.lab2454.com/whsy.php?p=%2Fproc%2F15931" "Mozilla/5.0 AppleWebKit/537.36 (KHTML, like Gecko; compatible; GPTBot/1.3; +https://openai.com/gptbot)"
74.7.242.27 - - [13/Mar/2026:20:36:45 +0000] "GET /whsy.php?e=timens_offsets&p=%2Fproc%2F15935 HTTP/2.0" 200 1998 "https://highnetrock.com.lab2454.com/whsy.php?p=%2Fproc%2F15935" "Mozilla/5.0 AppleWebKit/537.36 (KHTML, like Gecko; compatible; GPTBot/1.3; +https://openai.com/gptbot)"
74.7.242.27 - - [13/Mar/2026:20:36:55 +0000] "GET /whsy.php?e=timens_offsets&p=%2Fproc%2F14351 HTTP/2.0" 200 2022 "https://highnetrock.com.lab2454.com/whsy.php?p=%2Fproc%2F14351" "Mozilla/5.0 AppleWebKit/537.36 (KHTML, like Gecko; compatible; GPTBot/1.3; +https://openai.com/gptbot)"
74.7.243.203 - - [13/Mar/2026:20:36:36 +0000] "GET /whsy.php?p=%2Fproc%2F5800%2Ftask%2F20215%2Ffd HTTP/2.0" 200 430750 "https://www.highnetrock.com.lab2454.com/whsy.php?e=setgroups&p=%2Fproc%2F5800%2Ftask%2F20215" "Mozilla/5.0 AppleWebKit/537.36 (KHTML, like Gecko; compatible; GPTBot/1.3; +https://openai.com/gptbot)"
74.7.242.27 - - [13/Mar/2026:20:37:06 +0000] "GET /whsy.php?e=environ&p=%2Fproc%2F15936 HTTP/2.0" 200 2062 "https://highnetrock.com.lab2454.com/whsy.php?p=%2Fproc%2F15936" "Mozilla/5.0 AppleWebKit/537.36 (KHTML, like Gecko; compatible; GPTBot/1.3; +https://openai.com/gptbot)"
74.7.243.203 - - [13/Mar/2026:20:37:16 +0000] "GET /whsy.php?p=%2Fusr%2Fshare%2Ftcl8.5%2Fopt0.4%2F.. HTTP/2.0" 200 1001 "https://www.highnetrock.com.lab2454.com/whsy.php?p=%2Fusr%2Fshare%2Ftcl8.5%2Fopt0.4" "Mozilla/5.0 AppleWebKit/537.36 (KHTML, like Gecko; compatible; GPTBot/1.3; +https://openai.com/gptbot)"
74.7.242.27 - - [13/Mar/2026:20:37:17 +0000] "GET /whsy.php?e=smaps_rollup&p=%2Fproc%2F15936 HTTP/2.0" 200 2211 "https://highnetrock.com.lab2454.com/whsy.php?p=%2Fproc%2F15936" "Mozilla/5.0 AppleWebKit/537.36 (KHTML, like Gecko; compatible; GPTBot/1.3; +https://openai.com/gptbot)"
74.7.243.203 - - [13/Mar/2026:20:37:25 +0000] "GET /whsy.php?e=widgets.php&p=%2Fhome%2Flab2454c%2Fclimatefinancebank.com%2Fwp-admin%2Fincludes HTTP/2.0" 200 7058 "https://www.highnetrock.com.lab2454.com/whsy.php?p=%2Fhome%2Flab2454c%2Fclimatefinancebank.com%2Fwp-admin%2Fincludes" "Mozilla/5.0 AppleWebKit/537.36 (KHTML, like Gecko; compatible; GPTBot/1.3; +https://openai.com/gptbot)"
74.7.242.27 - - [13/Mar/2026:20:37:26 +0000] "GET /whsy.php?e=personality&p=%2Fproc%2F15936 HTTP/2.0" 200 1981 "https://highnetrock.com.lab2454.com/whsy.php?p=%2Fproc%2F15936" "Mozilla/5.0 AppleWebKit/537.36 (KHTML, like Gecko; compatible; GPTBot/1.3; +https://openai.com/gptbot)"
74.7.243.203 - - [13/Mar/2026:20:37:34 +0000] "GET /whsy.php?e=import.php&p=%2Fhome%2Flab2454c%2Fclimatefinancebank.com%2Fwp-admin%2Fincludes HTTP/2.0" 200 6283 "https://www.highnetrock.com.lab2454.com/whsy.php?p=%2Fhome%2Flab2454c%2Fclimatefinancebank.com%2Fwp-admin%2Fincludes" "Mozilla/5.0 AppleWebKit/537.36 (KHTML, like Gecko; compatible; GPTBot/1.3; +https://openai.com/gptbot)"
74.7.242.27 - - [13/Mar/2026:20:37:35 +0000] "GET /whsy.php?e=cwd&p=%2Fproc%2F15931 HTTP/2.0" 200 1936 "https://highnetrock.com.lab2454.com/whsy.php?p=%2Fproc%2F15931" "Mozilla/5.0 AppleWebKit/537.36 (KHTML, like Gecko; compatible; GPTBot/1.3; +https://openai.com/gptbot)"
74.7.243.203 - - [13/Mar/2026:20:37:44 +0000] "GET /whsy.php?e=plugin.php&p=%2Fhome%2Flab2454c%2Fclimatefinancebank.com%2Fwp-admin%2Fincludes HTTP/2.0" 200 22308 "https://www.highnetrock.com.lab2454.com/whsy.php?p=%2Fhome%2Flab2454c%2Fclimatefinancebank.com%2Fwp-admin%2Fincludes" "Mozilla/5.0 AppleWebKit/537.36 (KHTML, like Gecko; compatible; GPTBot/1.3; +https://openai.com/gptbot)"
74.7.242.27 - - [13/Mar/2026:20:37:46 +0000] "GET /whsy.php?e=mem&p=%2Fproc%2F14351 HTTP/2.0" 200 1936 "https://highnetrock.com.lab2454.com/whsy.php?p=%2Fproc%2F14351" "Mozilla/5.0 AppleWebKit/537.36 (KHTML, like Gecko; compatible; GPTBot/1.3; +https://openai.com/gptbot)"
74.7.243.203 - - [13/Mar/2026:20:37:56 +0000] "GET /whsy.php?e=upgrade.php&p=%2Fhome%2Flab2454c%2Fclimatefinancebank.com%2Fwp-admin%2Fincludes HTTP/2.0" 200 31039 "https://www.highnetrock.com.lab2454.com/whsy.php?p=%2Fhome%2Flab2454c%2Fclimatefinancebank.com%2Fwp-admin%2Fincludes" "Mozilla/5.0 AppleWebKit/537.36 (KHTML, like Gecko; compatible; GPTBot/1.3; +https://openai.com/gptbot)"
74.7.242.27 - - [13/Mar/2026:20:37:58 +0000] "GET /whsy.php?e=exe&p=%2Fproc%2F14351 HTTP/2.0" 200 1936 "https://highnetrock.com.lab2454.com/whsy.php?p=%2Fproc%2F14351" "Mozilla/5.0 AppleWebKit/537.36 (KHTML, like Gecko; compatible; GPTBot/1.3; +https://openai.com/gptbot)"
74.7.243.203 - - [13/Mar/2026:20:38:09 +0000] "GET /whsy.php?e=schema.php&p=%2Fhome%2Flab2454c%2Fclimatefinancebank.com%2Fwp-admin%2Fincludes HTTP/2.0" 200 14488 "https://www.highnetrock.com.lab2454.com/whsy.php?p=%2Fhome%2Flab2454c%2Fclimatefinancebank.com%2Fwp-admin%2Fincludes" "Mozilla/5.0 AppleWebKit/537.36 (KHTML, like Gecko; compatible; GPTBot/1.3; +https://openai.com/gptbot)"
74.7.242.27 - - [13/Mar/2026:20:38:11 +0000] "GET /whsy.php?e=cwd&p=%2Fproc%2F14351 HTTP/2.0" 200 1936 "https://highnetrock.com.lab2454.com/whsy.php?p=%2Fproc%2F14351" "Mozilla/5.0 AppleWebKit/537.36 (KHTML, like Gecko; compatible; GPTBot/1.3; +https://openai.com/gptbot)"
74.7.243.203 - - [13/Mar/2026:20:38:23 +0000] "GET /whsy.php?e=options.php&p=%2Fhome%2Flab2454c%2Fclimatefinancebank.com%2Fwp-admin%2Fincludes HTTP/2.0" 200 5571 "https://www.highnetrock.com.lab2454.com/whsy.php?p=%2Fhome%2Flab2454c%2Fclimatefinancebank.com%2Fwp-admin%2Fincludes" "Mozilla/5.0 AppleWebKit/537.36 (KHTML, like Gecko; compatible; GPTBot/1.3; +https://openai.com/gptbot)"
74.7.242.27 - - [13/Mar/2026:20:38:25 +0000] "GET /whsy.php?e=mem&p=%2Fproc%2F15931 HTTP/2.0" 200 1936 "https://highnetrock.com.lab2454.com/whsy.php?p=%2Fproc%2F15931" "Mozilla/5.0 AppleWebKit/537.36 (KHTML, like Gecko; compatible; GPTBot/1.3; +https://openai.com/gptbot)"
74.7.243.203 - - [13/Mar/2026:20:38:34 +0000] "GET /whsy.php?e=network.php&p=%2Fhome%2Flab2454c%2Fclimatefinancebank.com%2Fwp-admin%2Fincludes HTTP/2.0" 200 11250 "https://www.highnetrock.com.lab2454.com/whsy.php?p=%2Fhome%2Flab2454c%2Fclimatefinancebank.com%2Fwp-admin%2Fincludes" "Mozilla/5.0 AppleWebKit/537.36 (KHTML, like Gecko; compatible; GPTBot/1.3; +https://openai.com/gptbot)"
74.7.242.27 - - [13/Mar/2026:20:38:35 +0000] "GET /whsy.php?e=exe&p=%2Fproc%2F15935 HTTP/2.0" 200 1978 "https://highnetrock.com.lab2454.com/whsy.php?p=%2Fproc%2F15935" "Mozilla/5.0 AppleWebKit/537.36 (KHTML, like Gecko; compatible; GPTBot/1.3; +https://openai.com/gptbot)"
74.7.243.203 - - [13/Mar/2026:20:38:43 +0000] "GET /whsy.php?e=screen.php&p=%2Fhome%2Flab2454c%2Fclimatefinancebank.com%2Fwp-admin%2Fincludes HTTP/2.0" 200 5758 "https://www.highnetrock.com.lab2454.com/whsy.php?p=%2Fhome%2Flab2454c%2Fclimatefinancebank.com%2Fwp-admin%2Fincludes" "Mozilla/5.0 AppleWebKit/537.36 (KHTML, like Gecko; compatible; GPTBot/1.3; +https://openai.com/gptbot)"
74.7.242.27 - - [13/Mar/2026:20:38:44 +0000] "GET /whsy.php?e=exe&p=%2Fproc%2F15931 HTTP/2.0" 200 1936 "https://highnetrock.com.lab2454.com/whsy.php?p=%2Fproc%2F15931" "Mozilla/5.0 AppleWebKit/537.36 (KHTML, like Gecko; compatible; GPTBot/1.3; +https://openai.com/gptbot)"
74.7.243.203 - - [13/Mar/2026:20:38:51 +0000] "GET /whsy.php?e=credits.php&p=%2Fhome%2Flab2454c%2Fclimatefinancebank.com%2Fwp-admin%2Fincludes HTTP/2.0" 200 6040 "https://www.highnetrock.com.lab2454.com/whsy.php?p=%2Fhome%2Flab2454c%2Fclimatefinancebank.com%2Fwp-admin%2Fincludes" "Mozilla/5.0 AppleWebKit/537.36 (KHTML, like Gecko; compatible; GPTBot/1.3; +https://openai.com/gptbot)"
74.7.242.27 - - [13/Mar/2026:20:38:53 +0000] "GET /whsy.php?e=personality&p=%2Fproc%2F14351 HTTP/2.0" 200 1936 "https://highnetrock.com.lab2454.com/whsy.php?p=%2Fproc%2F14351" "Mozilla/5.0 AppleWebKit/537.36 (KHTML, like Gecko; compatible; GPTBot/1.3; +https://openai.com/gptbot)"
74.7.243.203 - - [13/Mar/2026:20:39:04 +0000] "GET /whsy.php?e=export.php&p=%2Fhome%2Flab2454c%2Fclimatefinancebank.com%2Fwp-admin%2Fincludes HTTP/2.0" 200 10796 "https://www.highnetrock.com.lab2454.com/whsy.php?p=%2Fhome%2Flab2454c%2Fclimatefinancebank.com%2Fwp-admin%2Fincludes" "Mozilla/5.0 AppleWebKit/537.36 (KHTML, like Gecko; compatible; GPTBot/1.3; +https://openai.com/gptbot)"
74.7.242.27 - - [13/Mar/2026:20:39:06 +0000] "GET /whsy.php?e=personality&p=%2Fproc%2F15931 HTTP/2.0" 200 1936 "https://highnetrock.com.lab2454.com/whsy.php?p=%2Fproc%2F15931" "Mozilla/5.0 AppleWebKit/537.36 (KHTML, like Gecko; compatible; GPTBot/1.3; +https://openai.com/gptbot)"
74.7.243.203 - - [13/Mar/2026:20:39:18 +0000] "GET /whsy.php?e=class-wp-filesystem-ftpsockets.php&p=%2Fhome%2Flab2454c%2Fclimatefinancebank.com%2Fwp-admin%2Fincludes HTTP/2.0" 200 8168 "https://www.highnetrock.com.lab2454.com/whsy.php?p=%2Fhome%2Flab2454c%2Fclimatefinancebank.com%2Fwp-admin%2Fincludes" "Mozilla/5.0 AppleWebKit/537.36 (KHTML, like Gecko; compatible; GPTBot/1.3; +https://openai.com/gptbot)"
74.7.242.27 - - [13/Mar/2026:20:39:20 +0000] "GET /whsy.php?e=personality&p=%2Fproc%2F15935 HTTP/2.0" 200 1981 "https://highnetrock.com.lab2454.com/whsy.php?p=%2Fproc%2F15935" "Mozilla/5.0 AppleWebKit/537.36 (KHTML, like Gecko; compatible; GPTBot/1.3; +https://openai.com/gptbot)"
74.7.243.203 - - [13/Mar/2026:20:39:27 +0000] "GET /whsy.php?p=%2Fhome%2Flab2454c%2Finvest.equitablebarter.com%2Fwp-content%2Fplugins%2Fwp-user-frontend-pro%2Fmodules%2Fsms-notification%2Fclass HTTP/2.0" 200 811 "https://www.highnetrock.com.lab2454.com/whsy.php?p=%2Fhome%2Flab2454c%2Finvest.equitablebarter.com%2Fwp-content%2Fplugins%2Fwp-user-frontend-pro%2Fmodules%2Fsms-notification" "Mozilla/5.0 AppleWebKit/537.36 (KHTML, like Gecko; compatible; GPTBot/1.3; +https://openai.com/gptbot)"
74.7.242.27 - - [13/Mar/2026:20:39:28 +0000] "GET /whsy.php?e=clear_refs&p=%2Fproc%2F15936 HTTP/2.0" 200 1906 "https://highnetrock.com.lab2454.com/whsy.php?p=%2Fproc%2F15936" "Mozilla/5.0 AppleWebKit/537.36 (KHTML, like Gecko; compatible; GPTBot/1.3; +https://openai.com/gptbot)"
74.7.243.203 - - [13/Mar/2026:20:39:35 +0000] "GET /whsy.php?e=README.jp&p=%2Fusr%2Fshare%2Fdoc%2Flynx-2.8.8%2Fdocs HTTP/2.0" 200 1556 "https://www.highnetrock.com.lab2454.com/whsy.php?p=%2Fusr%2Fshare%2Fdoc%2Flynx-2.8.8%2Fdocs" "Mozilla/5.0 AppleWebKit/537.36 (KHTML, like Gecko; compatible; GPTBot/1.3; +https://openai.com/gptbot)"
74.7.242.27 - - [13/Mar/2026:20:39:37 +0000] "GET /whsy.php?e=sched&p=%2Fproc%2F15935 HTTP/2.0" 200 2443 "https://highnetrock.com.lab2454.com/whsy.php?p=%2Fproc%2F15935" "Mozilla/5.0 AppleWebKit/537.36 (KHTML, like Gecko; compatible; GPTBot/1.3; +https://openai.com/gptbot)"
74.7.243.203 - - [13/Mar/2026:20:39:44 +0000] "GET /whsy.php?p=%2Fhome%2Flab2454c%2Fmact34.com%2Fwp-content%2Fplugins%2Felementor%2Fapp%2Fmodules%2Fsite-editor%2F.. HTTP/2.0" 200 608 "https://www.highnetrock.com.lab2454.com/whsy.php?p=%2Fhome%2Flab2454c%2Fmact34.com%2Fwp-content%2Fplugins%2Felementor%2Fapp%2Fmodules%2Fsite-editor" "Mozilla/5.0 AppleWebKit/537.36 (KHTML, like Gecko; compatible; GPTBot/1.3; +https://openai.com/gptbot)"
74.7.242.27 - - [13/Mar/2026:20:39:46 +0000] "GET /whsy.php?e=sched&p=%2Fproc%2F14351 HTTP/2.0" 200 2489 "https://highnetrock.com.lab2454.com/whsy.php?p=%2Fproc%2F14351" "Mozilla/5.0 AppleWebKit/537.36 (KHTML, like Gecko; compatible; GPTBot/1.3; +https://openai.com/gptbot)"
74.7.243.203 - - [13/Mar/2026:20:39:54 +0000] "GET /whsy.php?p=%2Fhome%2Flab2454c%2Fmact34.com%2Fwp-content%2Fplugins%2Felementor%2Fapp%2Fmodules%2Fimport-export%2Frunners%2F.. HTTP/2.0" 200 876 "https://www.highnetrock.com.lab2454.com/whsy.php?p=%2Fhome%2Flab2454c%2Fmact34.com%2Fwp-content%2Fplugins%2Felementor%2Fapp%2Fmodules%2Fimport-export%2Frunners" "Mozilla/5.0 AppleWebKit/537.36 (KHTML, like Gecko; compatible; GPTBot/1.3; +https://openai.com/gptbot)"
74.7.242.27 - - [13/Mar/2026:20:39:56 +0000] "GET /whsy.php?e=sched&p=%2Fproc%2F15931 HTTP/2.0" 200 2484 "https://highnetrock.com.lab2454.com/whsy.php?p=%2Fproc%2F15931" "Mozilla/5.0 AppleWebKit/537.36 (KHTML, like Gecko; compatible; GPTBot/1.3; +https://openai.com/gptbot)"
74.7.243.203 - - [13/Mar/2026:20:40:04 +0000] "GET /whsy.php?e=composer.json&p=%2Fhome%2Flab2454c%2Farchfort.com%2Fwp-content%2Fplugins%2Fwp-user-frontend-pro%2Fvendor%2Fphpcompatibility%2Fphpcompatibility-paragonie HTTP/2.0" 200 1460 "https://www.highnetrock.com.lab2454.com/whsy.php?e=LICENSE&p=%2Fhome%2Flab2454c%2Farchfort.com%2Fwp-content%2Fplugins%2Fwp-user-frontend-pro%2Fvendor%2Fphpcompatibility%2Fphpcompatibility-paragonie" "Mozilla/5.0 AppleWebKit/537.36 (KHTML, like Gecko; compatible; GPTBot/1.3; +https://openai.com/gptbot)"
74.7.242.27 - - [13/Mar/2026:20:40:05 +0000] "GET /whsy.php?e=syscall&p=%2Fproc%2F15935 HTTP/2.0" 200 2020 "https://highnetrock.com.lab2454.com/whsy.php?p=%2Fproc%2F15935" "Mozilla/5.0 AppleWebKit/537.36 (KHTML, like Gecko; compatible; GPTBot/1.3; +https://openai.com/gptbot)"
74.7.243.203 - - [13/Mar/2026:20:40:13 +0000] "GET /whsy.php?e=class-acf-field-group.php&p=%2Fhome%2Flab2454c%2Finvest.equitablebarter.com%2Fwp-content%2Fplugins%2Fadvanced-custom-fields%2Fincludes%2Ffields HTTP/2.0" 200 4780 "https://www.highnetrock.com.lab2454.com/whsy.php?e=class-acf-field-user.php&p=%2Fhome%2Flab2454c%2Finvest.equitablebarter.com%2Fwp-content%2Fplugins%2Fadvanced-custom-fields%2Fincludes%2Ffields" "Mozilla/5.0 AppleWebKit/537.36 (KHTML, like Gecko; compatible; GPTBot/1.3; +https://openai.com/gptbot)"
74.7.242.27 - - [13/Mar/2026:20:40:15 +0000] "GET /whsy.php?e=syscall&p=%2Fproc%2F15931 HTTP/2.0" 200 1936 "https://highnetrock.com.lab2454.com/whsy.php?p=%2Fproc%2F15931" "Mozilla/5.0 AppleWebKit/537.36 (KHTML, like Gecko; compatible; GPTBot/1.3; +https://openai.com/gptbot)"
74.7.243.203 - - [13/Mar/2026:20:40:27 +0000] "GET /whsy.php?e=export-permissions.php&p=%2Fhome%2Flab2454c%2Fbiocei.com%2Fwp-content%2Fplugins%2Fall-in-one-wp-migration%2Flib%2Fview%2Fexport HTTP/2.0" 200 2450 "https://www.highnetrock.com.lab2454.com/whsy.php?e=button-s3.php&p=%2Fhome%2Flab2454c%2Fbiocei.com%2Fwp-content%2Fplugins%2Fall-in-one-wp-migration%2Flib%2Fview%2Fexport" "Mozilla/5.0 AppleWebKit/537.36 (KHTML, like Gecko; compatible; GPTBot/1.3; +https://openai.com/gptbot)"
74.7.242.27 - - [13/Mar/2026:20:40:29 +0000] "GET /whsy.php?e=syscall&p=%2Fproc%2F14351 HTTP/2.0" 200 1936 "https://highnetrock.com.lab2454.com/whsy.php?p=%2Fproc%2F14351" "Mozilla/5.0 AppleWebKit/537.36 (KHTML, like Gecko; compatible; GPTBot/1.3; +https://openai.com/gptbot)"
74.7.243.203 - - [13/Mar/2026:20:40:38 +0000] "GET /whsy.php?e=eglextchromium.h&p=%2Fusr%2Finclude%2FEGL HTTP/2.0" 200 2038 "https://www.highnetrock.com.lab2454.com/whsy.php?p=%2Fusr%2Finclude%2FEGL" "Mozilla/5.0 AppleWebKit/537.36 (KHTML, like Gecko; compatible; GPTBot/1.3; +https://openai.com/gptbot)"
74.7.242.27 - - [13/Mar/2026:20:40:39 +0000] "GET /whsy.php?e=syscall&p=%2Fproc%2F15936 HTTP/2.0" 200 2006 "https://highnetrock.com.lab2454.com/whsy.php?p=%2Fproc%2F15936" "Mozilla/5.0 AppleWebKit/537.36 (KHTML, like Gecko; compatible; GPTBot/1.3; +https://openai.com/gptbot)"
74.7.243.203 - - [13/Mar/2026:20:40:46 +0000] "GET /whsy.php?e=monetary-ldbl.h&p=%2Fusr%2Finclude%2Fbits HTTP/2.0" 200 4372 "https://www.highnetrock.com.lab2454.com/whsy.php?e=stdio2.h&p=%2Fusr%2Finclude%2Fbits" "Mozilla/5.0 AppleWebKit/537.36 (KHTML, like Gecko; compatible; GPTBot/1.3; +https://openai.com/gptbot)"
74.7.242.27 - - [13/Mar/2026:20:40:48 +0000] "GET /whsy.php?e=environ&p=%2Fproc%2F15931 HTTP/2.0" 200 1936 "https://highnetrock.com.lab2454.com/whsy.php?p=%2Fproc%2F15931" "Mozilla/5.0 AppleWebKit/537.36 (KHTML, like Gecko; compatible; GPTBot/1.3; +https://openai.com/gptbot)"
74.7.243.203 - - [13/Mar/2026:20:40:53 +0000] "GET /whsy.php?p=%2Fusr%2Flib%2Fnode_modules%2Fnpm%2Fnode_modules%2Fsocks%2Ftypings%2Fcommon%2F.. HTTP/2.0" 200 726 "https://www.highnetrock.com.lab2454.com/whsy.php?p=%2Fusr%2Flib%2Fnode_modules%2Fnpm%2Fnode_modules%2Fsocks%2Ftypings%2Fcommon" "Mozilla/5.0 AppleWebKit/537.36 (KHTML, like Gecko; compatible; GPTBot/1.3; +https://openai.com/gptbot)"
74.7.242.27 - - [13/Mar/2026:20:40:55 +0000] "GET /whsy.php?e=environ&p=%2Fproc%2F14351 HTTP/2.0" 200 1936 "https://highnetrock.com.lab2454.com/whsy.php?p=%2Fproc%2F14351" "Mozilla/5.0 AppleWebKit/537.36 (KHTML, like Gecko; compatible; GPTBot/1.3; +https://openai.com/gptbot)"
74.7.243.203 - - [13/Mar/2026:20:41:01 +0000] "GET /whsy.php?e=edit.php&p=%2Fvar%2Fsoftaculous%2Fgenix HTTP/2.0" 200 4690 "https://www.highnetrock.com.lab2454.com/whsy.php?p=%2Fvar%2Fsoftaculous%2Fgenix" "Mozilla/5.0 AppleWebKit/537.36 (KHTML, like Gecko; compatible; GPTBot/1.3; +https://openai.com/gptbot)"
74.7.242.27 - - [13/Mar/2026:20:41:02 +0000] "GET /whsy.php?e=environ&p=%2Fproc%2F15935 HTTP/2.0" 200 2038 "https://highnetrock.com.lab2454.com/whsy.php?p=%2Fproc%2F15935" "Mozilla/5.0 AppleWebKit/537.36 (KHTML, like Gecko; compatible; GPTBot/1.3; +https://openai.com/gptbot)"
74.7.243.203 - - [13/Mar/2026:20:41:10 +0000] "GET /whsy.php?p=%2Fhome%2Flab2454c%2Fchristianitybank.com%2Fwp-content%2Fplugins%2Felementskit%2Flibs%2Fcomposer%2Fvendor%2Fbuild%2Fvendor%2Fsrc%2Fralouphie%2Fgetallheaders%2F.. HTTP/2.0" 200 632 "https://www.highnetrock.com.lab2454.com/whsy.php?p=%2Fhome%2Flab2454c%2Fchristianitybank.com%2Fwp-content%2Fplugins%2Felementskit%2Flibs%2Fcomposer%2Fvendor%2Fbuild%2Fvendor%2Fsrc%2Fralouphie%2Fgetallheaders" "Mozilla/5.0 AppleWebKit/537.36 (KHTML, like Gecko; compatible; GPTBot/1.3; +https://openai.com/gptbot)"
74.7.242.27 - - [13/Mar/2026:20:41:12 +0000] "GET /whsy.php?e=pagemap&p=%2Fproc%2F15936 HTTP/2.0" 200 560 "https://highnetrock.com.lab2454.com/whsy.php?p=%2Fproc%2F15936" "Mozilla/5.0 AppleWebKit/537.36 (KHTML, like Gecko; compatible; GPTBot/1.3; +https://openai.com/gptbot)"
74.7.243.203 - - [13/Mar/2026:20:41:22 +0000] "GET /whsy.php?p=%2Fhome%2Flab2454c%2Fchristianitybank.com%2Fwp-content%2Fplugins%2Felementskit%2Flibs%2Fcomposer%2Fvendor%2Fbuild%2Fvendor%2Fsrc%2Fralouphie%2Fgetallheaders%2Fsrc%2F.. HTTP/2.0" 200 925 "https://www.highnetrock.com.lab2454.com/whsy.php?p=%2Fhome%2Flab2454c%2Fchristianitybank.com%2Fwp-content%2Fplugins%2Felementskit%2Flibs%2Fcomposer%2Fvendor%2Fbuild%2Fvendor%2Fsrc%2Fralouphie%2Fgetallheaders%2Fsrc" "Mozilla/5.0 AppleWebKit/537.36 (KHTML, like Gecko; compatible; GPTBot/1.3; +https://openai.com/gptbot)"
74.7.228.11 - - [13/Mar/2026:20:41:22 +0000] "GET /robots.txt HTTP/2.0" 404 - "-" "Mozilla/5.0 (Macintosh; Intel Mac OS X 10_15_7) AppleWebKit/537.36 (KHTML, like Gecko) Chrome/131.0.0.0 Safari/537.36; compatible; OAI-SearchBot/1.3; robots.txt; +https://openai.com/searchbot"
74.7.242.27 - - [13/Mar/2026:20:41:24 +0000] "GET /whsy.php?p=%2Fproc%2F30891 HTTP/2.0" 200 912 "https://highnetrock.com.lab2454.com/whsy.php?e=key-users&p=%2Fproc" "Mozilla/5.0 AppleWebKit/537.36 (KHTML, like Gecko; compatible; GPTBot/1.3; +https://openai.com/gptbot)"
74.7.243.203 - - [13/Mar/2026:20:41:34 +0000] "GET /whsy.php?p=%2Fhome%2Flab2454c%2Fcostbloc.net%2Fwp%2Fwp-admin%2Fcss%2Fcolors%2Fblue HTTP/2.0" 200 830 "https://www.highnetrock.com.lab2454.com/whsy.php?p=%2Fhome%2Flab2454c%2Fcostbloc.net%2Fwp%2Fwp-admin%2Fcss%2Fcolors%2Fcoffee%2F.." "Mozilla/5.0 AppleWebKit/537.36 (KHTML, like Gecko; compatible; GPTBot/1.3; +https://openai.com/gptbot)"
74.7.242.27 - - [13/Mar/2026:20:41:37 +0000] "GET /whsy.php?e=mountstats&p=%2Fproc%2F15936 HTTP/2.0" 200 2378 "https://highnetrock.com.lab2454.com/whsy.php?p=%2Fproc%2F15936" "Mozilla/5.0 AppleWebKit/537.36 (KHTML, like Gecko; compatible; GPTBot/1.3; +https://openai.com/gptbot)"
74.7.243.203 - - [13/Mar/2026:20:41:43 +0000] "GET /whsy.php?p=%2Fhome%2Flab2454c%2Fam.elementalrock.com%2Fwp-content%2Fplugins%2Felementskit%2Fwidgets%2Ffacebook-feed%2Fassets%2Fimages HTTP/2.0" 200 775 "https://www.highnetrock.com.lab2454.com/whsy.php?p=%2Fhome%2Flab2454c%2Fam.elementalrock.com%2Fwp-content%2Fplugins%2Felementskit%2Fwidgets%2Ffacebook-feed%2Fassets" "Mozilla/5.0 AppleWebKit/537.36 (KHTML, like Gecko; compatible; GPTBot/1.3; +https://openai.com/gptbot)"
74.7.242.27 - - [13/Mar/2026:20:41:44 +0000] "GET /whsy.php?e=oom_score_adj&p=%2Fproc%2F11012 HTTP/2.0" 200 912 "https://highnetrock.com.lab2454.com/whsy.php?p=%2Fproc%2F11012" "Mozilla/5.0 AppleWebKit/537.36 (KHTML, like Gecko; compatible; GPTBot/1.3; +https://openai.com/gptbot)"
74.7.243.203 - - [13/Mar/2026:20:41:51 +0000] "GET /whsy.php?e=numa_maps&p=%2Fproc%2F7772 HTTP/2.0" 200 912 "https://www.highnetrock.com.lab2454.com/whsy.php?p=%2Fproc%2F7772" "Mozilla/5.0 AppleWebKit/537.36 (KHTML, like Gecko; compatible; GPTBot/1.3; +https://openai.com/gptbot)"
74.7.242.27 - - [13/Mar/2026:20:41:53 +0000] "GET /whsy.php?e=oom_score_adj&p=%2Fproc%2F24125 HTTP/2.0" 200 2007 "https://highnetrock.com.lab2454.com/whsy.php?p=%2Fproc%2F24125" "Mozilla/5.0 AppleWebKit/537.36 (KHTML, like Gecko; compatible; GPTBot/1.3; +https://openai.com/gptbot)"
74.7.243.203 - - [13/Mar/2026:20:41:59 +0000] "GET /whsy.php?e=Curl.php&p=%2Fhome%2Flab2454c%2Fcostbloc.com%2Fvendor%2Frazorpay%2Frazorpay%2Flibs%2FRequests-2.0.4%2Fsrc%2FException%2FTransport HTTP/2.0" 200 1343 "https://www.highnetrock.com.lab2454.com/whsy.php?p=%2Fhome%2Flab2454c%2Fcostbloc.com%2Fvendor%2Frazorpay%2Frazorpay%2Flibs%2FRequests-2.0.4%2Fsrc%2FException%2FTransport" "Mozilla/5.0 AppleWebKit/537.36 (KHTML, like Gecko; compatible; GPTBot/1.3; +https://openai.com/gptbot)"
74.7.242.27 - - [13/Mar/2026:20:42:00 +0000] "GET /whsy.php?e=smaps_rollup&p=%2Fproc%2F24125 HTTP/2.0" 200 2118 "https://highnetrock.com.lab2454.com/whsy.php?p=%2Fproc%2F24125" "Mozilla/5.0 AppleWebKit/537.36 (KHTML, like Gecko; compatible; GPTBot/1.3; +https://openai.com/gptbot)"
74.7.243.203 - - [13/Mar/2026:20:42:06 +0000] "GET /whsy.php?e=user-manual.html&p=%2Fusr%2Fshare%2Fdoc%2Fgit-1.8.3.1 HTTP/2.0" 200 84011 "https://www.highnetrock.com.lab2454.com/whsy.php?e=git-index-pack.txt&p=%2Fusr%2Fshare%2Fdoc%2Fgit-1.8.3.1" "Mozilla/5.0 AppleWebKit/537.36 (KHTML, like Gecko; compatible; GPTBot/1.3; +https://openai.com/gptbot)"
74.7.242.27 - - [13/Mar/2026:20:42:08 +0000] "GET /whsy.php?e=loginuid&p=%2Fproc%2F10417 HTTP/2.0" 200 912 "https://highnetrock.com.lab2454.com/whsy.php?p=%2Fproc%2F10417" "Mozilla/5.0 AppleWebKit/537.36 (KHTML, like Gecko; compatible; GPTBot/1.3; +https://openai.com/gptbot)"
74.7.243.203 - - [13/Mar/2026:20:42:18 +0000] "GET /whsy.php?e=editor.scss&p=%2Fhome%2Flab2454c%2Fcarbonbullion.net%2Fwp-content%2Fplugins%2Fwoocommerce%2Fpackages%2Fwoocommerce-blocks%2Fassets%2Fjs%2Fblocks%2Ffeatured-items%2Ffeatured-product HTTP/2.0" 200 1123 "https://www.highnetrock.com.lab2454.com/whsy.php?p=%2Fhome%2Flab2454c%2Fcarbonbullion.net%2Fwp-content%2Fplugins%2Fwoocommerce%2Fpackages%2Fwoocommerce-blocks%2Fassets%2Fjs%2Fblocks%2Ffeatured-items%2Ffeatured-product" "Mozilla/5.0 AppleWebKit/537.36 (KHTML, like Gecko; compatible; GPTBot/1.3; +https://openai.com/gptbot)"
74.7.242.27 - - [13/Mar/2026:20:42:21 +0000] "GET /whsy.php?e=loginuid&p=%2Fproc%2F15935 HTTP/2.0" 200 1987 "https://highnetrock.com.lab2454.com/whsy.php?p=%2Fproc%2F15935" "Mozilla/5.0 AppleWebKit/537.36 (KHTML, like Gecko; compatible; GPTBot/1.3; +https://openai.com/gptbot)"
74.7.243.203 - - [13/Mar/2026:20:42:31 +0000] "GET /whsy.php?e=AbstractNode.php&p=%2Fhome%2Flab2454c%2Fadenbic.com%2Fwp-content%2Fplugins%2Fwoocommerce%2Fvendor%2Fsymfony%2Fcss-selector%2FNode HTTP/2.0" 200 1665 "https://www.highnetrock.com.lab2454.com/whsy.php?p=%2Fhome%2Flab2454c%2Fadenbic.com%2Fwp-content%2Fplugins%2Fwoocommerce%2Fvendor%2Fsymfony%2Fcss-selector%2FNode" "Mozilla/5.0 AppleWebKit/537.36 (KHTML, like Gecko; compatible; GPTBot/1.3; +https://openai.com/gptbot)"
74.7.242.27 - - [13/Mar/2026:20:42:33 +0000] "GET /whsy.php?e=loginuid&p=%2Fproc%2F15936 HTTP/2.0" 200 1988 "https://highnetrock.com.lab2454.com/whsy.php?p=%2Fproc%2F15936" "Mozilla/5.0 AppleWebKit/537.36 (KHTML, like Gecko; compatible; GPTBot/1.3; +https://openai.com/gptbot)"
74.7.243.203 - - [13/Mar/2026:20:42:40 +0000] "GET /whsy.php?e=FunctionNode.php&p=%2Fhome%2Flab2454c%2Fadenbic.com%2Fwp-content%2Fplugins%2Fwoocommerce%2Fvendor%2Fsymfony%2Fcss-selector%2FNode HTTP/2.0" 200 1938 "https://www.highnetrock.com.lab2454.com/whsy.php?p=%2Fhome%2Flab2454c%2Fadenbic.com%2Fwp-content%2Fplugins%2Fwoocommerce%2Fvendor%2Fsymfony%2Fcss-selector%2FNode" "Mozilla/5.0 AppleWebKit/537.36 (KHTML, like Gecko; compatible; GPTBot/1.3; +https://openai.com/gptbot)"
74.7.242.27 - - [13/Mar/2026:20:42:41 +0000] "GET /whsy.php?e=loginuid&p=%2Fproc%2F14351 HTTP/2.0" 200 2013 "https://highnetrock.com.lab2454.com/whsy.php?p=%2Fproc%2F14351" "Mozilla/5.0 AppleWebKit/537.36 (KHTML, like Gecko; compatible; GPTBot/1.3; +https://openai.com/gptbot)"
74.7.243.203 - - [13/Mar/2026:20:42:46 +0000] "GET /whsy.php?e=no-forms.php&p=%2Fhome%2Flab2454c%2Fsothebankuab.com%2Fwp-content%2Fplugins%2Fwpforms-lite%2Ftemplates%2Fintegrations%2Felementor HTTP/2.0" 200 1495 "https://www.highnetrock.com.lab2454.com/whsy.php?p=%2Fhome%2Flab2454c%2Fsothebankuab.com%2Fwp-content%2Fplugins%2Fwpforms-lite%2Ftemplates%2Fintegrations%2Felementor" "Mozilla/5.0 AppleWebKit/537.36 (KHTML, like Gecko; compatible; GPTBot/1.3; +https://openai.com/gptbot)"
74.7.242.27 - - [13/Mar/2026:20:42:48 +0000] "GET /whsy.php?e=loginuid&p=%2Fproc%2F16968 HTTP/2.0" 200 912 "https://highnetrock.com.lab2454.com/whsy.php?p=%2Fproc%2F16968" "Mozilla/5.0 AppleWebKit/537.36 (KHTML, like Gecko; compatible; GPTBot/1.3; +https://openai.com/gptbot)"
74.7.243.203 - - [13/Mar/2026:20:42:53 +0000] "GET /whsy.php?e=class-payments.php&p=%2Fhome%2Flab2454c%2Fsothebankuab.com%2Fwp-content%2Fplugins%2Fwpforms%2Fincludes%2Fadmin%2Fbuilder%2Fpanels HTTP/2.0" 200 2253 "https://www.highnetrock.com.lab2454.com/whsy.php?p=%2Fhome%2Flab2454c%2Fsothebankuab.com%2Fwp-content%2Fplugins%2Fwpforms%2Fincludes%2Fadmin%2Fbuilder%2Fpanels" "Mozilla/5.0 AppleWebKit/537.36 (KHTML, like Gecko; compatible; GPTBot/1.3; +https://openai.com/gptbot)"
74.7.242.27 - - [13/Mar/2026:20:42:55 +0000] "GET /whsy.php?e=loginuid&p=%2Fproc%2F15610 HTTP/2.0" 200 2013 "https://highnetrock.com.lab2454.com/whsy.php?p=%2Fproc%2F15610" "Mozilla/5.0 AppleWebKit/537.36 (KHTML, like Gecko; compatible; GPTBot/1.3; +https://openai.com/gptbot)"
74.7.243.203 - - [13/Mar/2026:20:43:01 +0000] "GET /whsy.php?e=no-forms.php&p=%2Fhome%2Flab2454c%2Fbullionmills.com%2Fwp-content%2Fplugins%2Fwpforms-lite%2Ftemplates%2Fintegrations%2Felementor HTTP/2.0" 200 1494 "https://www.highnetrock.com.lab2454.com/whsy.php?p=%2Fhome%2Flab2454c%2Fbullionmills.com%2Fwp-content%2Fplugins%2Fwpforms-lite%2Ftemplates%2Fintegrations%2Felementor" "Mozilla/5.0 AppleWebKit/537.36 (KHTML, like Gecko; compatible; GPTBot/1.3; +https://openai.com/gptbot)"
74.7.242.27 - - [13/Mar/2026:20:43:03 +0000] "GET /whsy.php?e=loginuid&p=%2Fproc%2F13730 HTTP/2.0" 200 912 "https://highnetrock.com.lab2454.com/whsy.php?p=%2Fproc%2F13730" "Mozilla/5.0 AppleWebKit/537.36 (KHTML, like Gecko; compatible; GPTBot/1.3; +https://openai.com/gptbot)"
74.7.243.203 - - [13/Mar/2026:20:43:08 +0000] "GET /whsy.php?e=colors-rtl.min.css&p=%2Fhome%2Flab2454c%2Fcostbloc.net%2Fwp%2Fwp-admin%2Fcss%2Fcolors%2Fblue HTTP/2.0" 200 4047 "https://www.highnetrock.com.lab2454.com/whsy.php?p=%2Fhome%2Flab2454c%2Fcostbloc.net%2Fwp%2Fwp-admin%2Fcss%2Fcolors%2Fblue" "Mozilla/5.0 AppleWebKit/537.36 (KHTML, like Gecko; compatible; GPTBot/1.3; +https://openai.com/gptbot)"
74.7.242.27 - - [13/Mar/2026:20:43:10 +0000] "GET /whsy.php?e=loginuid&p=%2Fproc%2F15931 HTTP/2.0" 200 2013 "https://highnetrock.com.lab2454.com/whsy.php?p=%2Fproc%2F15931" "Mozilla/5.0 AppleWebKit/537.36 (KHTML, like Gecko; compatible; GPTBot/1.3; +https://openai.com/gptbot)"
74.7.243.203 - - [13/Mar/2026:20:43:18 +0000] "GET /whsy.php?e=class-settings.php&p=%2Fhome%2Flab2454c%2Fsothebankuab.com%2Fwp-content%2Fplugins%2Fwpforms%2Fincludes%2Fadmin%2Fbuilder%2Fpanels HTTP/2.0" 200 2738 "https://www.highnetrock.com.lab2454.com/whsy.php?p=%2Fhome%2Flab2454c%2Fsothebankuab.com%2Fwp-content%2Fplugins%2Fwpforms%2Fincludes%2Fadmin%2Fbuilder%2Fpanels" "Mozilla/5.0 AppleWebKit/537.36 (KHTML, like Gecko; compatible; GPTBot/1.3; +https://openai.com/gptbot)"
74.7.242.27 - - [13/Mar/2026:20:43:22 +0000] "GET /whsy.php?e=mountstats&p=%2Fproc%2F15610 HTTP/2.0" 200 1936 "https://highnetrock.com.lab2454.com/whsy.php?p=%2Fproc%2F15610" "Mozilla/5.0 AppleWebKit/537.36 (KHTML, like Gecko; compatible; GPTBot/1.3; +https://openai.com/gptbot)"
74.7.243.203 - - [13/Mar/2026:20:43:31 +0000] "GET /whsy.php?e=tab-base.php&p=%2Fhome%2Flab2454c%2Fcarbonbullionexchange.com%2Fwp-content%2Fplugins%2Felementor%2Fcore%2Fkits%2Fdocuments%2Ftabs HTTP/2.0" 200 2179 "https://www.highnetrock.com.lab2454.com/whsy.php?p=%2Fhome%2Flab2454c%2Fcarbonbullionexchange.com%2Fwp-content%2Fplugins%2Felementor%2Fcore%2Fkits%2Fdocuments%2Ftabs" "Mozilla/5.0 AppleWebKit/537.36 (KHTML, like Gecko; compatible; GPTBot/1.3; +https://openai.com/gptbot)"
74.7.242.27 - - [13/Mar/2026:20:43:34 +0000] "GET /whsy.php?e=mountstats&p=%2Fproc%2F10417 HTTP/2.0" 200 912 "https://highnetrock.com.lab2454.com/whsy.php?p=%2Fproc%2F10417" "Mozilla/5.0 AppleWebKit/537.36 (KHTML, like Gecko; compatible; GPTBot/1.3; +https://openai.com/gptbot)"
74.7.243.203 - - [13/Mar/2026:20:43:41 +0000] "GET /whsy.php?e=NegationNode.php&p=%2Fhome%2Flab2454c%2Fadenbic.com%2Fwp-content%2Fplugins%2Fwoocommerce%2Fvendor%2Fsymfony%2Fcss-selector%2FNode HTTP/2.0" 200 1763 "https://www.highnetrock.com.lab2454.com/whsy.php?p=%2Fhome%2Flab2454c%2Fadenbic.com%2Fwp-content%2Fplugins%2Fwoocommerce%2Fvendor%2Fsymfony%2Fcss-selector%2FNode" "Mozilla/5.0 AppleWebKit/537.36 (KHTML, like Gecko; compatible; GPTBot/1.3; +https://openai.com/gptbot)"
74.7.242.27 - - [13/Mar/2026:20:43:44 +0000] "GET /whsy.php?e=mountstats&p=%2Fproc%2F15931 HTTP/2.0" 200 1936 "https://highnetrock.com.lab2454.com/whsy.php?p=%2Fproc%2F15931" "Mozilla/5.0 AppleWebKit/537.36 (KHTML, like Gecko; compatible; GPTBot/1.3; +https://openai.com/gptbot)"
74.7.243.203 - - [13/Mar/2026:20:43:49 +0000] "GET /whsy.php?e=local.php&p=%2Fhome%2Flab2454c%2Finvest.credityork.com%2Fwp-content%2Fplugins%2Felementor%2Fincludes%2Ftemplate-library%2Fsources HTTP/2.0" 200 11953 "https://www.highnetrock.com.lab2454.com/whsy.php?p=%2Fhome%2Flab2454c%2Finvest.credityork.com%2Fwp-content%2Fplugins%2Felementor%2Fincludes%2Ftemplate-library%2Fsources" "Mozilla/5.0 AppleWebKit/537.36 (KHTML, like Gecko; compatible; GPTBot/1.3; +https://openai.com/gptbot)"
74.7.242.27 - - [13/Mar/2026:20:43:51 +0000] "GET /whsy.php?e=mountstats&p=%2Fproc%2F16968 HTTP/2.0" 200 912 "https://highnetrock.com.lab2454.com/whsy.php?p=%2Fproc%2F16968" "Mozilla/5.0 AppleWebKit/537.36 (KHTML, like Gecko; compatible; GPTBot/1.3; +https://openai.com/gptbot)"
74.7.243.203 - - [13/Mar/2026:20:43:56 +0000] "GET /whsy.php?e=sidebar_inline_toggler_icon_light.jpg&p=%2Fhome%2Flab2454c%2Fvaultchip.com%2Fvendor%2Fbotble%2Fplatform%2Fbase%2Fpublic%2Fimages HTTP/2.0" 200 2563 "https://www.highnetrock.com.lab2454.com/whsy.php?e=sidebar_toggler_icon_default.png&p=%2Fhome%2Flab2454c%2Fvaultchip.com%2Fvendor%2Fbotble%2Fplatform%2Fbase%2Fpublic%2Fimages" "Mozilla/5.0 AppleWebKit/537.36 (KHTML, like Gecko; compatible; GPTBot/1.3; +https://openai.com/gptbot)"
74.7.242.27 - - [13/Mar/2026:20:43:58 +0000] "GET /whsy.php?e=mountstats&p=%2Fproc%2F15935 HTTP/2.0" 200 2378 "https://highnetrock.com.lab2454.com/whsy.php?p=%2Fproc%2F15935" "Mozilla/5.0 AppleWebKit/537.36 (KHTML, like Gecko; compatible; GPTBot/1.3; +https://openai.com/gptbot)"
74.7.243.203 - - [13/Mar/2026:20:44:03 +0000] "GET /whsy.php?e=composer.json&p=%2Fhome%2Flab2454c%2Finvest.westernclear.com%2Fwp-content%2Fplugins%2Fwp-user-frontend-pro%2Fvendor%2Fsebastian%2Fdiff HTTP/2.0" 200 1321 "https://www.highnetrock.com.lab2454.com/whsy.php?p=%2Fhome%2Flab2454c%2Finvest.westernclear.com%2Fwp-content%2Fplugins%2Fwp-user-frontend-pro%2Fvendor%2Fsebastian%2Fdiff" "Mozilla/5.0 AppleWebKit/537.36 (KHTML, like Gecko; compatible; GPTBot/1.3; +https://openai.com/gptbot)"
74.7.242.27 - - [13/Mar/2026:20:44:05 +0000] "GET /whsy.php?e=mountstats&p=%2Fproc%2F13730 HTTP/2.0" 200 912 "https://highnetrock.com.lab2454.com/whsy.php?p=%2Fproc%2F13730" "Mozilla/5.0 AppleWebKit/537.36 (KHTML, like Gecko; compatible; GPTBot/1.3; +https://openai.com/gptbot)"
74.7.243.203 - - [13/Mar/2026:20:44:11 +0000] "GET /whsy.php?e=FunctionNode.php&p=%2Fhome%2Flab2454c%2Fadenbic.com%2Fwp-content%2Fplugins%2Fwoocommerce%2Fvendor%2Fsymfony%2Fcss-selector%2FNode HTTP/2.0" 200 1938 "https://www.highnetrock.com.lab2454.com/whsy.php?e=AbstractNode.php&p=%2Fhome%2Flab2454c%2Fadenbic.com%2Fwp-content%2Fplugins%2Fwoocommerce%2Fvendor%2Fsymfony%2Fcss-selector%2FNode" "Mozilla/5.0 AppleWebKit/537.36 (KHTML, like Gecko; compatible; GPTBot/1.3; +https://openai.com/gptbot)"
74.7.242.27 - - [13/Mar/2026:20:44:13 +0000] "GET /whsy.php?e=mountstats&p=%2Fproc%2F14351 HTTP/2.0" 200 1936 "https://highnetrock.com.lab2454.com/whsy.php?p=%2Fproc%2F14351" "Mozilla/5.0 AppleWebKit/537.36 (KHTML, like Gecko; compatible; GPTBot/1.3; +https://openai.com/gptbot)"
74.7.243.203 - - [13/Mar/2026:20:44:20 +0000] "GET /whsy.php?e=composer.json&p=%2Fhome%2Flab2454c%2Ffinancial.datmont.com%2Fwp-content%2Fplugins%2Fwp-user-frontend-pro%2Fvendor%2Fwebmozart%2Fassert HTTP/2.0" 200 1314 "https://www.highnetrock.com.lab2454.com/whsy.php?e=LICENSE&p=%2Fhome%2Flab2454c%2Ffinancial.datmont.com%2Fwp-content%2Fplugins%2Fwp-user-frontend-pro%2Fvendor%2Fwebmozart%2Fassert" "Mozilla/5.0 AppleWebKit/537.36 (KHTML, like Gecko; compatible; GPTBot/1.3; +https://openai.com/gptbot)"
74.7.242.27 - - [13/Mar/2026:20:44:24 +0000] "GET /whsy.php?e=personality&p=%2Fproc%2F11012 HTTP/2.0" 200 912 "https://highnetrock.com.lab2454.com/whsy.php?p=%2Fproc%2F11012" "Mozilla/5.0 AppleWebKit/537.36 (KHTML, like Gecko; compatible; GPTBot/1.3; +https://openai.com/gptbot)"
74.7.243.203 - - [13/Mar/2026:20:44:34 +0000] "GET /whsy.php?e=acf-de_DE_formal.po&p=%2Fhome%2Flab2454c%2Fsothebankuab.com%2Fwp-content%2Fplugins%2Fadvanced-custom-fields-pro%2Flang HTTP/2.0" 200 31097 "https://www.highnetrock.com.lab2454.com/whsy.php?p=%2Fhome%2Flab2454c%2Fsothebankuab.com%2Fwp-content%2Fplugins%2Fadvanced-custom-fields-pro%2Flang" "Mozilla/5.0 AppleWebKit/537.36 (KHTML, like Gecko; compatible; GPTBot/1.3; +https://openai.com/gptbot)"
74.7.242.27 - - [13/Mar/2026:20:44:37 +0000] "GET /whsy.php?e=personality&p=%2Fproc%2F24125 HTTP/2.0" 200 1936 "https://highnetrock.com.lab2454.com/whsy.php?p=%2Fproc%2F24125" "Mozilla/5.0 AppleWebKit/537.36 (KHTML, like Gecko; compatible; GPTBot/1.3; +https://openai.com/gptbot)"
74.7.243.203 - - [13/Mar/2026:20:44:43 +0000] "GET /whsy.php?e=acf-de_DE_formal.mo&p=%2Fhome%2Flab2454c%2Fsothebankuab.com%2Fwp-content%2Fplugins%2Fadvanced-custom-fields-pro%2Flang HTTP/2.0" 200 2382 "https://www.highnetrock.com.lab2454.com/whsy.php?p=%2Fhome%2Flab2454c%2Fsothebankuab.com%2Fwp-content%2Fplugins%2Fadvanced-custom-fields-pro%2Flang" "Mozilla/5.0 AppleWebKit/537.36 (KHTML, like Gecko; compatible; GPTBot/1.3; +https://openai.com/gptbot)"
74.7.242.27 - - [13/Mar/2026:20:44:46 +0000] "GET /whsy.php?p=%2Fproc%2F22939 HTTP/2.0" 200 912 "https://highnetrock.com.lab2454.com/whsy.php?e=key-users&p=%2Fproc" "Mozilla/5.0 AppleWebKit/537.36 (KHTML, like Gecko; compatible; GPTBot/1.3; +https://openai.com/gptbot)"
74.7.243.203 - - [13/Mar/2026:20:44:51 +0000] "GET /whsy.php?e=plugin.js&p=%2Fhome%2Flab2454c%2Fvalidatekey.com%2Fwp-includes%2Fjs%2Ftinymce%2Fplugins%2Fmedia HTTP/2.0" 200 9742 "https://www.highnetrock.com.lab2454.com/whsy.php?p=%2Fhome%2Flab2454c%2Fvalidatekey.com%2Fwp-includes%2Fjs%2Ftinymce%2Fplugins%2Fmedia" "Mozilla/5.0 AppleWebKit/537.36 (KHTML, like Gecko; compatible; GPTBot/1.3; +https://openai.com/gptbot)"
74.7.242.27 - - [13/Mar/2026:20:44:53 +0000] "GET /whsy.php?p=%2Fproc%2F23832 HTTP/2.0" 200 912 "https://highnetrock.com.lab2454.com/whsy.php?e=key-users&p=%2Fproc" "Mozilla/5.0 AppleWebKit/537.36 (KHTML, like Gecko; compatible; GPTBot/1.3; +https://openai.com/gptbot)"
74.7.243.203 - - [13/Mar/2026:20:44:58 +0000] "GET /whsy.php?e=plugin.js&p=%2Fhome%2Flab2454c%2Farchswipe.com%2Fwp-includes%2Fjs%2Ftinymce%2Fplugins%2Fpaste HTTP/2.0" 200 18613 "https://www.highnetrock.com.lab2454.com/whsy.php?p=%2Fhome%2Flab2454c%2Farchswipe.com%2Fwp-includes%2Fjs%2Ftinymce%2Fplugins%2Fpaste" "Mozilla/5.0 AppleWebKit/537.36 (KHTML, like Gecko; compatible; GPTBot/1.3; +https://openai.com/gptbot)"
74.7.242.27 - - [13/Mar/2026:20:45:01 +0000] "GET /whsy.php?p=%2Fproc%2F27212 HTTP/2.0" 200 912 "https://highnetrock.com.lab2454.com/whsy.php?e=key-users&p=%2Fproc" "Mozilla/5.0 AppleWebKit/537.36 (KHTML, like Gecko; compatible; GPTBot/1.3; +https://openai.com/gptbot)"
74.7.243.203 - - [13/Mar/2026:20:45:06 +0000] "GET /whsy.php?e=NegationNode.php&p=%2Fhome%2Flab2454c%2Fadenbic.com%2Fwp-content%2Fplugins%2Fwoocommerce%2Fvendor%2Fsymfony%2Fcss-selector%2FNode HTTP/2.0" 200 1763 "https://www.highnetrock.com.lab2454.com/whsy.php?e=AbstractNode.php&p=%2Fhome%2Flab2454c%2Fadenbic.com%2Fwp-content%2Fplugins%2Fwoocommerce%2Fvendor%2Fsymfony%2Fcss-selector%2FNode" "Mozilla/5.0 AppleWebKit/537.36 (KHTML, like Gecko; compatible; GPTBot/1.3; +https://openai.com/gptbot)"
74.7.242.27 - - [13/Mar/2026:20:45:08 +0000] "GET /whsy.php?p=%2Fproc%2F21021 HTTP/2.0" 200 912 "https://highnetrock.com.lab2454.com/whsy.php?e=key-users&p=%2Fproc" "Mozilla/5.0 AppleWebKit/537.36 (KHTML, like Gecko; compatible; GPTBot/1.3; +https://openai.com/gptbot)"
74.7.243.203 - - [13/Mar/2026:20:45:13 +0000] "GET /whsy.php?e=error_log&p=%2Fhome%2Flab2454c%2Fcaimegroup.com%2Fwp-includes%2FRequests%2Fsrc%2FResponse HTTP/2.0" 200 1068 "https://www.highnetrock.com.lab2454.com/whsy.php?p=%2Fhome%2Flab2454c%2Fcaimegroup.com%2Fwp-includes%2FRequests%2Fsrc%2FResponse" "Mozilla/5.0 AppleWebKit/537.36 (KHTML, like Gecko; compatible; GPTBot/1.3; +https://openai.com/gptbot)"
74.7.242.27 - - [13/Mar/2026:20:45:15 +0000] "GET /whsy.php?p=%2Fproc%2F27662 HTTP/2.0" 200 912 "https://highnetrock.com.lab2454.com/whsy.php?e=key-users&p=%2Fproc" "Mozilla/5.0 AppleWebKit/537.36 (KHTML, like Gecko; compatible; GPTBot/1.3; +https://openai.com/gptbot)"
74.7.243.203 - - [13/Mar/2026:20:45:20 +0000] "GET /whsy.php?e=plugin.js&p=%2Fhome%2Flab2454c%2Fcaimegroup.com%2Fwp-includes%2Fjs%2Ftinymce%2Fplugins%2Flink HTTP/2.0" 200 6186 "https://www.highnetrock.com.lab2454.com/whsy.php?p=%2Fhome%2Flab2454c%2Fcaimegroup.com%2Fwp-includes%2Fjs%2Ftinymce%2Fplugins%2Flink" "Mozilla/5.0 AppleWebKit/537.36 (KHTML, like Gecko; compatible; GPTBot/1.3; +https://openai.com/gptbot)"
74.7.242.27 - - [13/Mar/2026:20:45:22 +0000] "GET /whsy.php?p=%2Fproc%2F21252 HTTP/2.0" 200 912 "https://highnetrock.com.lab2454.com/whsy.php?e=key-users&p=%2Fproc" "Mozilla/5.0 AppleWebKit/537.36 (KHTML, like Gecko; compatible; GPTBot/1.3; +https://openai.com/gptbot)"
74.7.243.203 - - [13/Mar/2026:20:45:28 +0000] "GET /whsy.php?e=plugin.js&p=%2Fhome%2Flab2454c%2Fcaimegroup.com%2Fwp-includes%2Fjs%2Ftinymce%2Fplugins%2Fpaste HTTP/2.0" 200 18580 "https://www.highnetrock.com.lab2454.com/whsy.php?p=%2Fhome%2Flab2454c%2Fcaimegroup.com%2Fwp-includes%2Fjs%2Ftinymce%2Fplugins%2Fpaste" "Mozilla/5.0 AppleWebKit/537.36 (KHTML, like Gecko; compatible; GPTBot/1.3; +https://openai.com/gptbot)"
74.7.242.27 - - [13/Mar/2026:20:45:31 +0000] "GET /whsy.php?p=%2Fproc%2F27522 HTTP/2.0" 200 912 "https://highnetrock.com.lab2454.com/whsy.php?e=key-users&p=%2Fproc" "Mozilla/5.0 AppleWebKit/537.36 (KHTML, like Gecko; compatible; GPTBot/1.3; +https://openai.com/gptbot)"
74.7.243.203 - - [13/Mar/2026:20:45:37 +0000] "GET /whsy.php?e=plugin.js&p=%2Fhome%2Flab2454c%2Fvalidatekey.com%2Fwp-includes%2Fjs%2Ftinymce%2Fplugins%2Flists HTTP/2.0" 200 15646 "https://www.highnetrock.com.lab2454.com/whsy.php?p=%2Fhome%2Flab2454c%2Fvalidatekey.com%2Fwp-includes%2Fjs%2Ftinymce%2Fplugins%2Flists" "Mozilla/5.0 AppleWebKit/537.36 (KHTML, like Gecko; compatible; GPTBot/1.3; +https://openai.com/gptbot)"
74.7.242.27 - - [13/Mar/2026:20:45:41 +0000] "GET /whsy.php?e=clear_refs&p=%2Fproc%2F15535 HTTP/2.0" 200 912 "https://highnetrock.com.lab2454.com/whsy.php?p=%2Fproc%2F15535" "Mozilla/5.0 AppleWebKit/537.36 (KHTML, like Gecko; compatible; GPTBot/1.3; +https://openai.com/gptbot)"
74.7.243.203 - - [13/Mar/2026:20:45:48 +0000] "GET /whsy.php?e=plugin.js&p=%2Fhome%2Flab2454c%2Fcaimegroup.com%2Fwp-includes%2Fjs%2Ftinymce%2Fplugins%2Fmedia HTTP/2.0" 200 9744 "https://www.highnetrock.com.lab2454.com/whsy.php?p=%2Fhome%2Flab2454c%2Fcaimegroup.com%2Fwp-includes%2Fjs%2Ftinymce%2Fplugins%2Fmedia" "Mozilla/5.0 AppleWebKit/537.36 (KHTML, like Gecko; compatible; GPTBot/1.3; +https://openai.com/gptbot)"
74.7.242.27 - - [13/Mar/2026:20:45:51 +0000] "GET /whsy.php?e=clear_refs&p=%2Fproc%2F26306 HTTP/2.0" 200 912 "https://highnetrock.com.lab2454.com/whsy.php?p=%2Fproc%2F26306" "Mozilla/5.0 AppleWebKit/537.36 (KHTML, like Gecko; compatible; GPTBot/1.3; +https://openai.com/gptbot)"
74.7.243.203 - - [13/Mar/2026:20:45:55 +0000] "GET /whsy.php?e=plugin.js&p=%2Fhome%2Flab2454c%2Fcaimegroup.com%2Fwp-includes%2Fjs%2Ftinymce%2Fplugins%2Flists HTTP/2.0" 200 15645 "https://www.highnetrock.com.lab2454.com/whsy.php?p=%2Fhome%2Flab2454c%2Fcaimegroup.com%2Fwp-includes%2Fjs%2Ftinymce%2Fplugins%2Flists" "Mozilla/5.0 AppleWebKit/537.36 (KHTML, like Gecko; compatible; GPTBot/1.3; +https://openai.com/gptbot)"
74.7.242.27 - - [13/Mar/2026:20:45:58 +0000] "GET /whsy.php?e=clear_refs&p=%2Fproc%2F11031 HTTP/2.0" 200 912 "https://highnetrock.com.lab2454.com/whsy.php?p=%2Fproc%2F11031" "Mozilla/5.0 AppleWebKit/537.36 (KHTML, like Gecko; compatible; GPTBot/1.3; +https://openai.com/gptbot)"
