74.7.241.53 - - [14/Mar/2026:00:37:51 +0000] "GET /whsy.php?e=arp_tables_matches&p=%2Fproc%2F18011%2Ftask%2F18011%2Fnet HTTP/2.0" 200 2460 "https://www.highnetrock.com.lab2454.com/whsy.php?e=igmp6&p=%2Fproc%2F18011%2Ftask%2F18011%2Fnet" "Mozilla/5.0 AppleWebKit/537.36 (KHTML, like Gecko; compatible; GPTBot/1.3; +https://openai.com/gptbot)"
74.7.241.53 - - [14/Mar/2026:00:37:58 +0000] "GET /whsy.php?e=ip_tables_targets&p=%2Fproc%2F31023%2Ftask%2F31023%2Fnet HTTP/2.0" 200 2460 "https://www.highnetrock.com.lab2454.com/whsy.php?e=igmp6&p=%2Fproc%2F31023%2Ftask%2F31023%2Fnet" "Mozilla/5.0 AppleWebKit/537.36 (KHTML, like Gecko; compatible; GPTBot/1.3; +https://openai.com/gptbot)"
74.7.242.11 - - [14/Mar/2026:00:38:02 +0000] "GET /whsy.php?e=setgroups&p=%2Fproc%2F67 HTTP/2.0" 200 2004 "https://highnetrock.com.lab2454.com/whsy.php?p=%2Fproc%2F67" "Mozilla/5.0 AppleWebKit/537.36 (KHTML, like Gecko; compatible; GPTBot/1.3; +https://openai.com/gptbot)"
74.7.241.53 - - [14/Mar/2026:00:38:05 +0000] "GET /whsy.php?e=ip_tables_matches&p=%2Fproc%2F11328%2Ftask%2F11328%2Fnet HTTP/2.0" 200 2460 "https://www.highnetrock.com.lab2454.com/whsy.php?e=igmp6&p=%2Fproc%2F11328%2Ftask%2F11328%2Fnet" "Mozilla/5.0 AppleWebKit/537.36 (KHTML, like Gecko; compatible; GPTBot/1.3; +https://openai.com/gptbot)"
74.7.242.11 - - [14/Mar/2026:00:38:09 +0000] "GET /whsy.php?e=sessionid&p=%2Fproc%2F18 HTTP/2.0" 200 2012 "https://highnetrock.com.lab2454.com/whsy.php?p=%2Fproc%2F18" "Mozilla/5.0 AppleWebKit/537.36 (KHTML, like Gecko; compatible; GPTBot/1.3; +https://openai.com/gptbot)"
74.7.241.53 - - [14/Mar/2026:00:38:13 +0000] "GET /whsy.php?e=ip_tables_targets&p=%2Fproc%2F11237%2Ftask%2F11237%2Fnet HTTP/2.0" 200 2460 "https://www.highnetrock.com.lab2454.com/whsy.php?e=igmp6&p=%2Fproc%2F11237%2Ftask%2F11237%2Fnet" "Mozilla/5.0 AppleWebKit/537.36 (KHTML, like Gecko; compatible; GPTBot/1.3; +https://openai.com/gptbot)"
74.7.242.11 - - [14/Mar/2026:00:38:16 +0000] "GET /whsy.php?e=sessionid&p=%2Fproc%2F57 HTTP/2.0" 200 2013 "https://highnetrock.com.lab2454.com/whsy.php?p=%2Fproc%2F57" "Mozilla/5.0 AppleWebKit/537.36 (KHTML, like Gecko; compatible; GPTBot/1.3; +https://openai.com/gptbot)"
74.7.241.53 - - [14/Mar/2026:00:38:20 +0000] "GET /whsy.php?e=arp_tables_matches&p=%2Fproc%2F10692%2Ftask%2F10692%2Fnet HTTP/2.0" 200 2461 "https://www.highnetrock.com.lab2454.com/whsy.php?e=igmp6&p=%2Fproc%2F10692%2Ftask%2F10692%2Fnet" "Mozilla/5.0 AppleWebKit/537.36 (KHTML, like Gecko; compatible; GPTBot/1.3; +https://openai.com/gptbot)"
74.7.242.11 - - [14/Mar/2026:00:38:24 +0000] "GET /whsy.php?e=setgroups&p=%2Fproc%2F18 HTTP/2.0" 200 2003 "https://highnetrock.com.lab2454.com/whsy.php?p=%2Fproc%2F18" "Mozilla/5.0 AppleWebKit/537.36 (KHTML, like Gecko; compatible; GPTBot/1.3; +https://openai.com/gptbot)"
74.7.241.53 - - [14/Mar/2026:00:38:28 +0000] "GET /whsy.php?e=ip_tables_targets&p=%2Fproc%2F28851%2Ftask%2F28851%2Fnet HTTP/2.0" 200 2461 "https://www.highnetrock.com.lab2454.com/whsy.php?e=igmp6&p=%2Fproc%2F28851%2Ftask%2F28851%2Fnet" "Mozilla/5.0 AppleWebKit/537.36 (KHTML, like Gecko; compatible; GPTBot/1.3; +https://openai.com/gptbot)"
74.7.241.53 - - [14/Mar/2026:00:38:35 +0000] "GET /whsy.php?e=cbcei_imag1_carbonoffsets-1-150x150.png&p=%2Fhome%2Flab2454c%2Fcbcei.com%2Fwp-content%2Fuploads%2F2023%2F04 HTTP/2.0" 200 5218 "https://www.highnetrock.com.lab2454.com/whsy.php?e=cbcei_imagCarbon-Offsets-1-16x16.png&p=%2Fhome%2Flab2454c%2Fcbcei.com%2Fwp-content%2Fuploads%2F2023%2F04" "Mozilla/5.0 AppleWebKit/537.36 (KHTML, like Gecko; compatible; GPTBot/1.3; +https://openai.com/gptbot)"
74.7.242.11 - - [14/Mar/2026:00:38:39 +0000] "GET /whsy.php?e=sessionid&p=%2Fproc%2F50 HTTP/2.0" 200 2012 "https://highnetrock.com.lab2454.com/whsy.php?p=%2Fproc%2F50" "Mozilla/5.0 AppleWebKit/537.36 (KHTML, like Gecko; compatible; GPTBot/1.3; +https://openai.com/gptbot)"
74.7.241.53 - - [14/Mar/2026:00:38:44 +0000] "GET /whsy.php?e=comment-likes.php&p=%2Fhome%2Flab2454c%2Fsothebankuab.com%2Fwp-content%2Fplugins%2Fjetpack%2Fmodules HTTP/2.0" 200 5374 "https://www.highnetrock.com.lab2454.com/whsy.php?p=%2Fhome%2Flab2454c%2Fsothebankuab.com%2Fwp-content%2Fplugins%2Fjetpack%2Fmodules%2Fcontact-form%2F.." "Mozilla/5.0 AppleWebKit/537.36 (KHTML, like Gecko; compatible; GPTBot/1.3; +https://openai.com/gptbot)"
74.7.241.53 - - [14/Mar/2026:00:38:53 +0000] "GET /whsy.php?p=%2Fhome%2Flab2454c%2Fcarbonbullion.com%2Fwp-content%2Fplugins%2Felementskit%2Flibs%2Fframework%2Fclasses%2F.. HTTP/2.0" 200 762 "https://www.highnetrock.com.lab2454.com/whsy.php?p=%2Fhome%2Flab2454c%2Fcarbonbullion.com%2Fwp-content%2Fplugins%2Felementskit%2Flibs%2Fframework%2Fclasses" "Mozilla/5.0 AppleWebKit/537.36 (KHTML, like Gecko; compatible; GPTBot/1.3; +https://openai.com/gptbot)"
74.7.242.11 - - [14/Mar/2026:00:38:58 +0000] "GET /whsy.php?e=sessionid&p=%2Fproc%2F98 HTTP/2.0" 200 2012 "https://highnetrock.com.lab2454.com/whsy.php?p=%2Fproc%2F98" "Mozilla/5.0 AppleWebKit/537.36 (KHTML, like Gecko; compatible; GPTBot/1.3; +https://openai.com/gptbot)"
74.7.241.53 - - [14/Mar/2026:00:39:02 +0000] "GET /whsy.php?p=%2Fhome%2Flab2454c%2Ftripvare.com%2Fbackup%2Fresources%2Fviews%2Femails%2Fadmin HTTP/2.0" 200 743 "https://www.highnetrock.com.lab2454.com/whsy.php?p=%2Fhome%2Flab2454c%2Ftripvare.com%2Fbackup%2Fresources%2Fviews%2Femails" "Mozilla/5.0 AppleWebKit/537.36 (KHTML, like Gecko; compatible; GPTBot/1.3; +https://openai.com/gptbot)"
74.7.242.11 - - [14/Mar/2026:00:39:06 +0000] "GET /whsy.php?e=setgroups&p=%2Fproc%2F57 HTTP/2.0" 200 2005 "https://highnetrock.com.lab2454.com/whsy.php?p=%2Fproc%2F57" "Mozilla/5.0 AppleWebKit/537.36 (KHTML, like Gecko; compatible; GPTBot/1.3; +https://openai.com/gptbot)"
74.7.241.53 - - [14/Mar/2026:00:39:10 +0000] "GET /whsy.php?p=%2Fhome%2Flab2454c%2Fvaultchip.com%2Fvendor%2Fbotble%2Fslug%2Fresources%2Fviews HTTP/2.0" 200 797 "https://www.highnetrock.com.lab2454.com/whsy.php?p=%2Fhome%2Flab2454c%2Fvaultchip.com%2Fvendor%2Fbotble%2Fslug%2Fresources" "Mozilla/5.0 AppleWebKit/537.36 (KHTML, like Gecko; compatible; GPTBot/1.3; +https://openai.com/gptbot)"
74.7.242.11 - - [14/Mar/2026:00:39:14 +0000] "GET /whsy.php?e=setgroups&p=%2Fproc%2F50 HTTP/2.0" 200 2004 "https://highnetrock.com.lab2454.com/whsy.php?p=%2Fproc%2F50" "Mozilla/5.0 AppleWebKit/537.36 (KHTML, like Gecko; compatible; GPTBot/1.3; +https://openai.com/gptbot)"
74.7.241.53 - - [14/Mar/2026:00:39:17 +0000] "GET /whsy.php?p=%2Fhome%2Flab2454c%2Fvaultchip.com%2Fvendor%2Fbotble%2Fpage%2Fresources%2Fviews HTTP/2.0" 200 750 "https://www.highnetrock.com.lab2454.com/whsy.php?p=%2Fhome%2Flab2454c%2Fvaultchip.com%2Fvendor%2Fbotble%2Fpage%2Fresources" "Mozilla/5.0 AppleWebKit/537.36 (KHTML, like Gecko; compatible; GPTBot/1.3; +https://openai.com/gptbot)"
74.7.241.53 - - [14/Mar/2026:00:39:25 +0000] "GET /whsy.php?p=%2Fhome%2Flab2454c%2Fvaultchip.com%2Fvendor%2Fbotble%2Fmenu%2Fresources%2Fviews HTTP/2.0" 200 787 "https://www.highnetrock.com.lab2454.com/whsy.php?p=%2Fhome%2Flab2454c%2Fvaultchip.com%2Fvendor%2Fbotble%2Fmenu%2Fresources" "Mozilla/5.0 AppleWebKit/537.36 (KHTML, like Gecko; compatible; GPTBot/1.3; +https://openai.com/gptbot)"
74.7.242.11 - - [14/Mar/2026:00:39:28 +0000] "GET /whsy.php?e=mountinfo&p=%2Fproc%2F86 HTTP/2.0" 200 2943 "https://highnetrock.com.lab2454.com/whsy.php?p=%2Fproc%2F86" "Mozilla/5.0 AppleWebKit/537.36 (KHTML, like Gecko; compatible; GPTBot/1.3; +https://openai.com/gptbot)"
74.7.241.53 - - [14/Mar/2026:00:39:33 +0000] "GET /whsy.php?e=class-ai1wm-recursive-exclude-filter.php&p=%2Fhome%2Flab2454c%2Fcarbonbullionexchange.com%2Fwp-content%2Fplugins%2Fall-in-one-wp-migration-master%2Flib%2Fvendor%2Fservmask%2Ffilter HTTP/2.0" 200 1761 "https://www.highnetrock.com.lab2454.com/whsy.php?p=%2Fhome%2Flab2454c%2Fcarbonbullionexchange.com%2Fwp-content%2Fplugins%2Fall-in-one-wp-migration-master%2Flib%2Fvendor%2Fservmask%2Ffilter" "Mozilla/5.0 AppleWebKit/537.36 (KHTML, like Gecko; compatible; GPTBot/1.3; +https://openai.com/gptbot)"
74.7.242.11 - - [14/Mar/2026:00:39:36 +0000] "GET /whsy.php?e=mountinfo&p=%2Fproc%2F18 HTTP/2.0" 200 2942 "https://highnetrock.com.lab2454.com/whsy.php?p=%2Fproc%2F18" "Mozilla/5.0 AppleWebKit/537.36 (KHTML, like Gecko; compatible; GPTBot/1.3; +https://openai.com/gptbot)"
74.7.241.53 - - [14/Mar/2026:00:39:41 +0000] "GET /whsy.php?e=class-ai1wm-recursive-extension-filter.php&p=%2Fhome%2Flab2454c%2Fcarbonbullionexchange.com%2Fwp-content%2Fplugins%2Fall-in-one-wp-migration-master%2Flib%2Fvendor%2Fservmask%2Ffilter HTTP/2.0" 200 1810 "https://www.highnetrock.com.lab2454.com/whsy.php?p=%2Fhome%2Flab2454c%2Fcarbonbullionexchange.com%2Fwp-content%2Fplugins%2Fall-in-one-wp-migration-master%2Flib%2Fvendor%2Fservmask%2Ffilter" "Mozilla/5.0 AppleWebKit/537.36 (KHTML, like Gecko; compatible; GPTBot/1.3; +https://openai.com/gptbot)"
74.7.242.11 - - [14/Mar/2026:00:39:44 +0000] "GET /whsy.php?e=mountinfo&p=%2Fproc%2F67 HTTP/2.0" 200 2077 "https://highnetrock.com.lab2454.com/whsy.php?p=%2Fproc%2F67" "Mozilla/5.0 AppleWebKit/537.36 (KHTML, like Gecko; compatible; GPTBot/1.3; +https://openai.com/gptbot)"
74.7.241.53 - - [14/Mar/2026:00:39:49 +0000] "GET /whsy.php?e=class-ai1wm-recursive-newline-filter.php&p=%2Fhome%2Flab2454c%2Fcarbonbullionexchange.com%2Fwp-content%2Fplugins%2Fall-in-one-wp-migration-master%2Flib%2Fvendor%2Fservmask%2Ffilter HTTP/2.0" 200 1689 "https://www.highnetrock.com.lab2454.com/whsy.php?p=%2Fhome%2Flab2454c%2Fcarbonbullionexchange.com%2Fwp-content%2Fplugins%2Fall-in-one-wp-migration-master%2Flib%2Fvendor%2Fservmask%2Ffilter" "Mozilla/5.0 AppleWebKit/537.36 (KHTML, like Gecko; compatible; GPTBot/1.3; +https://openai.com/gptbot)"
74.7.241.53 - - [14/Mar/2026:00:39:56 +0000] "GET /whsy.php?e=statm&p=%2Fproc%2F22242 HTTP/2.0" 200 912 "https://www.highnetrock.com.lab2454.com/whsy.php?p=%2Fproc%2F22242" "Mozilla/5.0 AppleWebKit/537.36 (KHTML, like Gecko; compatible; GPTBot/1.3; +https://openai.com/gptbot)"
74.7.241.53 - - [14/Mar/2026:00:40:04 +0000] "GET /whsy.php?e=stack&p=%2Fproc%2F22242 HTTP/2.0" 200 912 "https://www.highnetrock.com.lab2454.com/whsy.php?p=%2Fproc%2F22242" "Mozilla/5.0 AppleWebKit/537.36 (KHTML, like Gecko; compatible; GPTBot/1.3; +https://openai.com/gptbot)"
74.7.241.53 - - [14/Mar/2026:00:40:11 +0000] "GET /whsy.php?e=wchan&p=%2Fproc%2F22242 HTTP/2.0" 200 912 "https://www.highnetrock.com.lab2454.com/whsy.php?p=%2Fproc%2F22242" "Mozilla/5.0 AppleWebKit/537.36 (KHTML, like Gecko; compatible; GPTBot/1.3; +https://openai.com/gptbot)"
74.7.241.53 - - [14/Mar/2026:00:40:18 +0000] "GET /whsy.php?e=wchan&p=%2Fproc%2F22236 HTTP/2.0" 200 912 "https://www.highnetrock.com.lab2454.com/whsy.php?p=%2Fproc%2F22236" "Mozilla/5.0 AppleWebKit/537.36 (KHTML, like Gecko; compatible; GPTBot/1.3; +https://openai.com/gptbot)"
74.7.241.53 - - [14/Mar/2026:00:40:26 +0000] "GET /whsy.php?e=smaps&p=%2Fproc%2F22236 HTTP/2.0" 200 912 "https://www.highnetrock.com.lab2454.com/whsy.php?p=%2Fproc%2F22236" "Mozilla/5.0 AppleWebKit/537.36 (KHTML, like Gecko; compatible; GPTBot/1.3; +https://openai.com/gptbot)"
74.7.242.11 - - [14/Mar/2026:00:40:29 +0000] "GET /whsy.php?e=mountinfo&p=%2Fproc%2F98 HTTP/2.0" 200 2986 "https://highnetrock.com.lab2454.com/whsy.php?p=%2Fproc%2F98" "Mozilla/5.0 AppleWebKit/537.36 (KHTML, like Gecko; compatible; GPTBot/1.3; +https://openai.com/gptbot)"
74.7.241.53 - - [14/Mar/2026:00:40:33 +0000] "GET /whsy.php?e=sched&p=%2Fproc%2F22242 HTTP/2.0" 200 912 "https://www.highnetrock.com.lab2454.com/whsy.php?p=%2Fproc%2F22242" "Mozilla/5.0 AppleWebKit/537.36 (KHTML, like Gecko; compatible; GPTBot/1.3; +https://openai.com/gptbot)"
74.7.242.11 - - [14/Mar/2026:00:40:36 +0000] "GET /whsy.php?e=mountinfo&p=%2Fproc%2F50 HTTP/2.0" 200 2985 "https://highnetrock.com.lab2454.com/whsy.php?p=%2Fproc%2F50" "Mozilla/5.0 AppleWebKit/537.36 (KHTML, like Gecko; compatible; GPTBot/1.3; +https://openai.com/gptbot)"
74.7.241.53 - - [14/Mar/2026:00:40:41 +0000] "GET /whsy.php?e=statm&p=%2Fproc%2F22236 HTTP/2.0" 200 912 "https://www.highnetrock.com.lab2454.com/whsy.php?p=%2Fproc%2F22236" "Mozilla/5.0 AppleWebKit/537.36 (KHTML, like Gecko; compatible; GPTBot/1.3; +https://openai.com/gptbot)"
74.7.242.11 - - [14/Mar/2026:00:40:44 +0000] "GET /whsy.php?e=autogroup&p=%2Fproc%2F86 HTTP/2.0" 200 2000 "https://highnetrock.com.lab2454.com/whsy.php?p=%2Fproc%2F86" "Mozilla/5.0 AppleWebKit/537.36 (KHTML, like Gecko; compatible; GPTBot/1.3; +https://openai.com/gptbot)"
74.7.241.53 - - [14/Mar/2026:00:40:48 +0000] "GET /whsy.php?e=sched&p=%2Fproc%2F22236 HTTP/2.0" 200 912 "https://www.highnetrock.com.lab2454.com/whsy.php?p=%2Fproc%2F22236" "Mozilla/5.0 AppleWebKit/537.36 (KHTML, like Gecko; compatible; GPTBot/1.3; +https://openai.com/gptbot)"
74.7.242.11 - - [14/Mar/2026:00:40:51 +0000] "GET /whsy.php?e=schedstat&p=%2Fproc%2F18 HTTP/2.0" 200 2041 "https://highnetrock.com.lab2454.com/whsy.php?p=%2Fproc%2F18" "Mozilla/5.0 AppleWebKit/537.36 (KHTML, like Gecko; compatible; GPTBot/1.3; +https://openai.com/gptbot)"
74.7.241.53 - - [14/Mar/2026:00:40:56 +0000] "GET /whsy.php?e=sched&p=%2Fproc%2F32228 HTTP/2.0" 200 912 "https://www.highnetrock.com.lab2454.com/whsy.php?e=coredump_filter&p=%2Fproc%2F32228" "Mozilla/5.0 AppleWebKit/537.36 (KHTML, like Gecko; compatible; GPTBot/1.3; +https://openai.com/gptbot)"
74.7.242.11 - - [14/Mar/2026:00:40:58 +0000] "GET /whsy.php?e=schedstat&p=%2Fproc%2F98 HTTP/2.0" 200 2011 "https://highnetrock.com.lab2454.com/whsy.php?p=%2Fproc%2F98" "Mozilla/5.0 AppleWebKit/537.36 (KHTML, like Gecko; compatible; GPTBot/1.3; +https://openai.com/gptbot)"
74.7.241.53 - - [14/Mar/2026:00:41:03 +0000] "GET /whsy.php?e=class-ai1wm-recursive-newline-filter.php&p=%2Fhome%2Flab2454c%2Fcarbonbullionexchange.com%2Fwp-content%2Fplugins%2Fall-in-one-wp-migration-master%2Flib%2Fvendor%2Fservmask%2Ffilter HTTP/2.0" 200 1689 "https://www.highnetrock.com.lab2454.com/whsy.php?e=class-ai1wm-recursive-exclude-filter.php&p=%2Fhome%2Flab2454c%2Fcarbonbullionexchange.com%2Fwp-content%2Fplugins%2Fall-in-one-wp-migration-master%2Flib%2Fvendor%2Fservmask%2Ffilter" "Mozilla/5.0 AppleWebKit/537.36 (KHTML, like Gecko; compatible; GPTBot/1.3; +https://openai.com/gptbot)"
74.7.241.53 - - [14/Mar/2026:00:41:11 +0000] "GET /whsy.php?e=stack&p=%2Fproc%2F22236 HTTP/2.0" 200 912 "https://www.highnetrock.com.lab2454.com/whsy.php?p=%2Fproc%2F22236" "Mozilla/5.0 AppleWebKit/537.36 (KHTML, like Gecko; compatible; GPTBot/1.3; +https://openai.com/gptbot)"
74.7.241.53 - - [14/Mar/2026:00:41:18 +0000] "GET /whsy.php?e=smaps&p=%2Fproc%2F22242 HTTP/2.0" 200 912 "https://www.highnetrock.com.lab2454.com/whsy.php?p=%2Fproc%2F22242" "Mozilla/5.0 AppleWebKit/537.36 (KHTML, like Gecko; compatible; GPTBot/1.3; +https://openai.com/gptbot)"
74.7.242.11 - - [14/Mar/2026:00:41:21 +0000] "GET /whsy.php?e=autogroup&p=%2Fproc%2F18 HTTP/2.0" 200 1999 "https://highnetrock.com.lab2454.com/whsy.php?p=%2Fproc%2F18" "Mozilla/5.0 AppleWebKit/537.36 (KHTML, like Gecko; compatible; GPTBot/1.3; +https://openai.com/gptbot)"
74.7.241.53 - - [14/Mar/2026:00:41:25 +0000] "GET /whsy.php?e=class-wc-admin-list-table-products.php&p=%2Fhome%2Flab2454c%2Fcarbonbullionexchange.com%2Fwp-content%2Fplugins%2Fwoocommerce%2Fincludes%2Fadmin%2Flist-tables HTTP/2.0" 200 6433 "https://www.highnetrock.com.lab2454.com/whsy.php?p=%2Fhome%2Flab2454c%2Fcarbonbullionexchange.com%2Fwp-content%2Fplugins%2Fwoocommerce%2Fincludes%2Fadmin%2Flist-tables" "Mozilla/5.0 AppleWebKit/537.36 (KHTML, like Gecko; compatible; GPTBot/1.3; +https://openai.com/gptbot)"
74.7.242.11 - - [14/Mar/2026:00:41:28 +0000] "GET /whsy.php?e=schedstat&p=%2Fproc%2F67 HTTP/2.0" 200 2020 "https://highnetrock.com.lab2454.com/whsy.php?p=%2Fproc%2F67" "Mozilla/5.0 AppleWebKit/537.36 (KHTML, like Gecko; compatible; GPTBot/1.3; +https://openai.com/gptbot)"
74.7.241.53 - - [14/Mar/2026:00:41:33 +0000] "GET /whsy.php?e=safe.js&p=%2Fopt%2Fbitninja-threat-hunting%2Fnode_modules%2F%40colors%2Fcolors HTTP/2.0" 200 1092 "https://www.highnetrock.com.lab2454.com/whsy.php?p=%2Fopt%2Fbitninja-threat-hunting%2Fnode_modules%2F%40colors%2Fcolors" "Mozilla/5.0 AppleWebKit/537.36 (KHTML, like Gecko; compatible; GPTBot/1.3; +https://openai.com/gptbot)"
74.7.241.53 - - [14/Mar/2026:00:41:40 +0000] "GET /whsy.php?e=XineramaQueryVersion.3.gz&p=%2Fusr%2Fshare%2Fman%2Fman3 HTTP/2.0" 200 349870 "https://www.highnetrock.com.lab2454.com/whsy.php?e=xcb_poly_text_8.3.gz&p=%2Fusr%2Fshare%2Fman%2Fman3" "Mozilla/5.0 AppleWebKit/537.36 (KHTML, like Gecko; compatible; GPTBot/1.3; +https://openai.com/gptbot)"
74.7.242.11 - - [14/Mar/2026:00:41:43 +0000] "GET /whsy.php?e=autogroup&p=%2Fproc%2F57 HTTP/2.0" 200 2001 "https://highnetrock.com.lab2454.com/whsy.php?p=%2Fproc%2F57" "Mozilla/5.0 AppleWebKit/537.36 (KHTML, like Gecko; compatible; GPTBot/1.3; +https://openai.com/gptbot)"
74.7.241.53 - - [14/Mar/2026:00:41:48 +0000] "GET /whsy.php?e=FcCharSetFirstPage.3.gz&p=%2Fusr%2Fshare%2Fman%2Fman3 HTTP/2.0" 200 349868 "https://www.highnetrock.com.lab2454.com/whsy.php?e=xcb_poly_text_8.3.gz&p=%2Fusr%2Fshare%2Fman%2Fman3" "Mozilla/5.0 AppleWebKit/537.36 (KHTML, like Gecko; compatible; GPTBot/1.3; +https://openai.com/gptbot)"
74.7.241.53 - - [14/Mar/2026:00:41:56 +0000] "GET /whsy.php?e=FcFreeTypeCharIndex.3.gz&p=%2Fusr%2Fshare%2Fman%2Fman3 HTTP/2.0" 200 349868 "https://www.highnetrock.com.lab2454.com/whsy.php?e=xcb_poly_text_8.3.gz&p=%2Fusr%2Fshare%2Fman%2Fman3" "Mozilla/5.0 AppleWebKit/537.36 (KHTML, like Gecko; compatible; GPTBot/1.3; +https://openai.com/gptbot)"
74.7.242.11 - - [14/Mar/2026:00:41:58 +0000] "GET /whsy.php?e=autogroup&p=%2Fproc%2F98 HTTP/2.0" 200 2000 "https://highnetrock.com.lab2454.com/whsy.php?p=%2Fproc%2F98" "Mozilla/5.0 AppleWebKit/537.36 (KHTML, like Gecko; compatible; GPTBot/1.3; +https://openai.com/gptbot)"
74.7.241.53 - - [14/Mar/2026:00:42:04 +0000] "GET /whsy.php?e=XrmDestroyDatabase.3.gz&p=%2Fusr%2Fshare%2Fman%2Fman3 HTTP/2.0" 200 349866 "https://www.highnetrock.com.lab2454.com/whsy.php?e=xcb_poly_text_8.3.gz&p=%2Fusr%2Fshare%2Fman%2Fman3" "Mozilla/5.0 AppleWebKit/537.36 (KHTML, like Gecko; compatible; GPTBot/1.3; +https://openai.com/gptbot)"
74.7.241.53 - - [14/Mar/2026:00:42:11 +0000] "GET /whsy.php?e=Nuuk&p=%2Fusr%2Fshare%2Fzoneinfo%2Fright%2FAmerica HTTP/2.0" 200 4963 "https://www.highnetrock.com.lab2454.com/whsy.php?p=%2Fusr%2Fshare%2Fzoneinfo%2Fright%2FAmerica" "Mozilla/5.0 AppleWebKit/537.36 (KHTML, like Gecko; compatible; GPTBot/1.3; +https://openai.com/gptbot)"
74.7.241.53 - - [14/Mar/2026:00:42:19 +0000] "GET /whsy.php?e=FcFontSetSortDestroy.3.gz&p=%2Fusr%2Fshare%2Fman%2Fman3 HTTP/2.0" 200 349868 "https://www.highnetrock.com.lab2454.com/whsy.php?e=xcb_poly_text_8.3.gz&p=%2Fusr%2Fshare%2Fman%2Fman3" "Mozilla/5.0 AppleWebKit/537.36 (KHTML, like Gecko; compatible; GPTBot/1.3; +https://openai.com/gptbot)"
74.7.242.11 - - [14/Mar/2026:00:42:20 +0000] "GET /whsy.php?e=autogroup&p=%2Fproc%2F67 HTTP/2.0" 200 2001 "https://highnetrock.com.lab2454.com/whsy.php?p=%2Fproc%2F67" "Mozilla/5.0 AppleWebKit/537.36 (KHTML, like Gecko; compatible; GPTBot/1.3; +https://openai.com/gptbot)"
74.7.241.53 - - [14/Mar/2026:00:42:27 +0000] "GET /whsy.php?e=FcCharSetIntersect.3.gz&p=%2Fusr%2Fshare%2Fman%2Fman3 HTTP/2.0" 200 349867 "https://www.highnetrock.com.lab2454.com/whsy.php?e=xcb_poly_text_8.3.gz&p=%2Fusr%2Fshare%2Fman%2Fman3" "Mozilla/5.0 AppleWebKit/537.36 (KHTML, like Gecko; compatible; GPTBot/1.3; +https://openai.com/gptbot)"
74.7.242.11 - - [14/Mar/2026:00:42:35 +0000] "GET /whsy.php?e=autogroup&p=%2Fproc%2F50 HTTP/2.0" 200 2000 "https://highnetrock.com.lab2454.com/whsy.php?p=%2Fproc%2F50" "Mozilla/5.0 AppleWebKit/537.36 (KHTML, like Gecko; compatible; GPTBot/1.3; +https://openai.com/gptbot)"
74.7.241.53 - - [14/Mar/2026:00:42:34 +0000] "GET /whsy.php?e=XtChangeManagedSet.3.gz&p=%2Fusr%2Fshare%2Fman%2Fman3 HTTP/2.0" 200 349866 "https://www.highnetrock.com.lab2454.com/whsy.php?e=xcb_poly_text_8.3.gz&p=%2Fusr%2Fshare%2Fman%2Fman3" "Mozilla/5.0 AppleWebKit/537.36 (KHTML, like Gecko; compatible; GPTBot/1.3; +https://openai.com/gptbot)"
74.7.241.53 - - [14/Mar/2026:00:42:42 +0000] "GET /whsy.php?e=XcursorImageCreate.3.gz&p=%2Fusr%2Fshare%2Fman%2Fman3 HTTP/2.0" 200 349868 "https://www.highnetrock.com.lab2454.com/whsy.php?e=xcb_poly_text_8.3.gz&p=%2Fusr%2Fshare%2Fman%2Fman3" "Mozilla/5.0 AppleWebKit/537.36 (KHTML, like Gecko; compatible; GPTBot/1.3; +https://openai.com/gptbot)"
74.7.242.11 - - [14/Mar/2026:00:42:49 +0000] "GET /whsy.php?e=schedstat&p=%2Fproc%2F57 HTTP/2.0" 200 2038 "https://highnetrock.com.lab2454.com/whsy.php?p=%2Fproc%2F57" "Mozilla/5.0 AppleWebKit/537.36 (KHTML, like Gecko; compatible; GPTBot/1.3; +https://openai.com/gptbot)"
74.7.241.53 - - [14/Mar/2026:00:42:50 +0000] "GET /whsy.php?e=XcursorImagesCreate.3.gz&p=%2Fusr%2Fshare%2Fman%2Fman3 HTTP/2.0" 200 349868 "https://www.highnetrock.com.lab2454.com/whsy.php?e=xcb_poly_text_8.3.gz&p=%2Fusr%2Fshare%2Fman%2Fman3" "Mozilla/5.0 AppleWebKit/537.36 (KHTML, like Gecko; compatible; GPTBot/1.3; +https://openai.com/gptbot)"
74.7.241.53 - - [14/Mar/2026:00:42:58 +0000] "GET /whsy.php?e=FcCacheCreateTagFile.3.gz&p=%2Fusr%2Fshare%2Fman%2Fman3 HTTP/2.0" 200 349869 "https://www.highnetrock.com.lab2454.com/whsy.php?e=xcb_poly_text_8.3.gz&p=%2Fusr%2Fshare%2Fman%2Fman3" "Mozilla/5.0 AppleWebKit/537.36 (KHTML, like Gecko; compatible; GPTBot/1.3; +https://openai.com/gptbot)"
74.7.242.11 - - [14/Mar/2026:00:43:04 +0000] "GET /whsy.php?e=schedstat&p=%2Fproc%2F50 HTTP/2.0" 200 2015 "https://highnetrock.com.lab2454.com/whsy.php?p=%2Fproc%2F50" "Mozilla/5.0 AppleWebKit/537.36 (KHTML, like Gecko; compatible; GPTBot/1.3; +https://openai.com/gptbot)"
74.7.241.53 - - [14/Mar/2026:00:43:06 +0000] "GET /whsy.php?e=XShapeQueryVersion.3.gz&p=%2Fusr%2Fshare%2Fman%2Fman3 HTTP/2.0" 200 349869 "https://www.highnetrock.com.lab2454.com/whsy.php?e=xcb_poly_text_8.3.gz&p=%2Fusr%2Fshare%2Fman%2Fman3" "Mozilla/5.0 AppleWebKit/537.36 (KHTML, like Gecko; compatible; GPTBot/1.3; +https://openai.com/gptbot)"
74.7.242.11 - - [14/Mar/2026:00:43:11 +0000] "GET /whsy.php?e=schedstat&p=%2Fproc%2F86 HTTP/2.0" 200 2012 "https://highnetrock.com.lab2454.com/whsy.php?p=%2Fproc%2F86" "Mozilla/5.0 AppleWebKit/537.36 (KHTML, like Gecko; compatible; GPTBot/1.3; +https://openai.com/gptbot)"
74.7.241.53 - - [14/Mar/2026:00:43:14 +0000] "GET /whsy.php?e=Adak&p=%2Fusr%2Fshare%2Fzoneinfo%2Fright%2FAmerica HTTP/2.0" 200 4965 "https://www.highnetrock.com.lab2454.com/whsy.php?p=%2Fusr%2Fshare%2Fzoneinfo%2Fright%2FAmerica" "Mozilla/5.0 AppleWebKit/537.36 (KHTML, like Gecko; compatible; GPTBot/1.3; +https://openai.com/gptbot)"
74.7.241.53 - - [14/Mar/2026:00:43:21 +0000] "GET /whsy.php?e=XShapeCombineShape.3.gz&p=%2Fusr%2Fshare%2Fman%2Fman3 HTTP/2.0" 200 349865 "https://www.highnetrock.com.lab2454.com/whsy.php?e=xcb_poly_text_8.3.gz&p=%2Fusr%2Fshare%2Fman%2Fman3" "Mozilla/5.0 AppleWebKit/537.36 (KHTML, like Gecko; compatible; GPTBot/1.3; +https://openai.com/gptbot)"
74.7.241.53 - - [14/Mar/2026:00:43:29 +0000] "GET /whsy.php?p=%2Fhome%2Flab2454c%2Fisaaclondston.com%2Fwp-content%2Fplugins%2Fwoocommerce%2Fpackages%2Fwoocommerce-blocks%2Fbuild%2Fproduct-tag%2F.. HTTP/2.0" 200 5562 "https://www.highnetrock.com.lab2454.com/whsy.php?p=%2Fhome%2Flab2454c%2Fisaaclondston.com%2Fwp-content%2Fplugins%2Fwoocommerce%2Fpackages%2Fwoocommerce-blocks%2Fbuild%2Fproduct-tag" "Mozilla/5.0 AppleWebKit/537.36 (KHTML, like Gecko; compatible; GPTBot/1.3; +https://openai.com/gptbot)"
74.7.241.53 - - [14/Mar/2026:00:43:36 +0000] "GET /whsy.php?p=%2Fusr%2Fshare%2Fdoc%2Fmemcached-1.4.15 HTTP/2.0" 200 945 "https://www.highnetrock.com.lab2454.com/whsy.php?p=%2Fusr%2Fshare%2Fdoc%2Ftcp_wrappers-7.6%2F.." "Mozilla/5.0 AppleWebKit/537.36 (KHTML, like Gecko; compatible; GPTBot/1.3; +https://openai.com/gptbot)"
74.7.242.11 - - [14/Mar/2026:00:43:41 +0000] "GET /whsy.php?e=timerslack_ns&p=%2Fproc%2F18 HTTP/2.0" 200 2005 "https://highnetrock.com.lab2454.com/whsy.php?p=%2Fproc%2F18" "Mozilla/5.0 AppleWebKit/537.36 (KHTML, like Gecko; compatible; GPTBot/1.3; +https://openai.com/gptbot)"
74.7.241.53 - - [14/Mar/2026:00:43:43 +0000] "GET /whsy.php?e=gb-nir.svg&p=%2Fhome%2Flab2454c%2Fvaultchip.com%2Fplatform%2Fcore%2Fbase%2Fpublic%2Fimages%2Fflags HTTP/2.0" 200 13470 "https://www.highnetrock.com.lab2454.com/whsy.php?e=na.svg&p=%2Fhome%2Flab2454c%2Fvaultchip.com%2Fplatform%2Fcore%2Fbase%2Fpublic%2Fimages%2Fflags" "Mozilla/5.0 AppleWebKit/537.36 (KHTML, like Gecko; compatible; GPTBot/1.3; +https://openai.com/gptbot)"
74.7.242.11 - - [14/Mar/2026:00:43:49 +0000] "GET /whsy.php?e=timerslack_ns&p=%2Fproc%2F86 HTTP/2.0" 200 2005 "https://highnetrock.com.lab2454.com/whsy.php?p=%2Fproc%2F86" "Mozilla/5.0 AppleWebKit/537.36 (KHTML, like Gecko; compatible; GPTBot/1.3; +https://openai.com/gptbot)"
74.7.241.53 - - [14/Mar/2026:00:43:51 +0000] "GET /whsy.php?e=gb-eng.svg&p=%2Fhome%2Flab2454c%2Fvaultchip.com%2Fplatform%2Fcore%2Fbase%2Fpublic%2Fimages%2Fflags HTTP/2.0" 200 6511 "https://www.highnetrock.com.lab2454.com/whsy.php?e=na.svg&p=%2Fhome%2Flab2454c%2Fvaultchip.com%2Fplatform%2Fcore%2Fbase%2Fpublic%2Fimages%2Fflags" "Mozilla/5.0 AppleWebKit/537.36 (KHTML, like Gecko; compatible; GPTBot/1.3; +https://openai.com/gptbot)"
74.7.241.53 - - [14/Mar/2026:00:43:59 +0000] "GET /whsy.php?e=gb-wls.svg&p=%2Fhome%2Flab2454c%2Fvaultchip.com%2Fplatform%2Fcore%2Fbase%2Fpublic%2Fimages%2Fflags HTTP/2.0" 200 10689 "https://www.highnetrock.com.lab2454.com/whsy.php?e=na.svg&p=%2Fhome%2Flab2454c%2Fvaultchip.com%2Fplatform%2Fcore%2Fbase%2Fpublic%2Fimages%2Fflags" "Mozilla/5.0 AppleWebKit/537.36 (KHTML, like Gecko; compatible; GPTBot/1.3; +https://openai.com/gptbot)"
74.7.241.53 - - [14/Mar/2026:00:44:07 +0000] "GET /whsy.php?e=gb-sct.svg&p=%2Fhome%2Flab2454c%2Fvaultchip.com%2Fplatform%2Fcore%2Fbase%2Fpublic%2Fimages%2Fflags HTTP/2.0" 200 6534 "https://www.highnetrock.com.lab2454.com/whsy.php?e=na.svg&p=%2Fhome%2Flab2454c%2Fvaultchip.com%2Fplatform%2Fcore%2Fbase%2Fpublic%2Fimages%2Fflags" "Mozilla/5.0 AppleWebKit/537.36 (KHTML, like Gecko; compatible; GPTBot/1.3; +https://openai.com/gptbot)"
74.7.228.9 - - [14/Mar/2026:00:44:07 +0000] "GET /robots.txt HTTP/2.0" 404 - "-" "Mozilla/5.0 (Macintosh; Intel Mac OS X 10_15_7) AppleWebKit/537.36 (KHTML, like Gecko) Chrome/131.0.0.0 Safari/537.36; compatible; OAI-SearchBot/1.3; robots.txt; +https://openai.com/searchbot"
74.7.242.11 - - [14/Mar/2026:00:44:11 +0000] "GET /whsy.php?e=timerslack_ns&p=%2Fproc%2F67 HTTP/2.0" 200 2006 "https://highnetrock.com.lab2454.com/whsy.php?p=%2Fproc%2F67" "Mozilla/5.0 AppleWebKit/537.36 (KHTML, like Gecko; compatible; GPTBot/1.3; +https://openai.com/gptbot)"
74.7.241.53 - - [14/Mar/2026:00:44:14 +0000] "GET /whsy.php?p=%2Fhome%2Flab2454c%2Fvaultchip.com%2Fplatform%2Fpackages%2Fslug%2Fdatabase%2F.. HTTP/2.0" 200 816 "https://www.highnetrock.com.lab2454.com/whsy.php?p=%2Fhome%2Flab2454c%2Fvaultchip.com%2Fplatform%2Fpackages%2Fslug%2Fdatabase" "Mozilla/5.0 AppleWebKit/537.36 (KHTML, like Gecko; compatible; GPTBot/1.3; +https://openai.com/gptbot)"
74.7.242.11 - - [14/Mar/2026:00:44:19 +0000] "GET /whsy.php?e=timerslack_ns&p=%2Fproc%2F57 HTTP/2.0" 200 2006 "https://highnetrock.com.lab2454.com/whsy.php?p=%2Fproc%2F57" "Mozilla/5.0 AppleWebKit/537.36 (KHTML, like Gecko; compatible; GPTBot/1.3; +https://openai.com/gptbot)"
74.7.241.53 - - [14/Mar/2026:00:44:22 +0000] "GET /whsy.php?p=%2Fhome%2Flab2454c%2Fvaultchip.com%2Fplatform%2Fcore%2Facl%2Fresources%2Fviews%2Fusers%2Fprofile HTTP/2.0" 200 786 "https://www.highnetrock.com.lab2454.com/whsy.php?p=%2Fhome%2Flab2454c%2Fvaultchip.com%2Fplatform%2Fcore%2Facl%2Fresources%2Fviews%2Fusers" "Mozilla/5.0 AppleWebKit/537.36 (KHTML, like Gecko; compatible; GPTBot/1.3; +https://openai.com/gptbot)"
74.7.241.53 - - [14/Mar/2026:00:44:29 +0000] "GET /whsy.php?e=Adak&p=%2Fusr%2Fshare%2Fzoneinfo%2Fright%2FAmerica HTTP/2.0" 200 4965 "https://www.highnetrock.com.lab2454.com/whsy.php?e=Nuuk&p=%2Fusr%2Fshare%2Fzoneinfo%2Fright%2FAmerica" "Mozilla/5.0 AppleWebKit/537.36 (KHTML, like Gecko; compatible; GPTBot/1.3; +https://openai.com/gptbot)"
74.7.242.11 - - [14/Mar/2026:00:44:33 +0000] "GET /whsy.php?e=timerslack_ns&p=%2Fproc%2F50 HTTP/2.0" 200 2006 "https://highnetrock.com.lab2454.com/whsy.php?p=%2Fproc%2F50" "Mozilla/5.0 AppleWebKit/537.36 (KHTML, like Gecko; compatible; GPTBot/1.3; +https://openai.com/gptbot)"
74.7.241.53 - - [14/Mar/2026:00:44:36 +0000] "GET /whsy.php?p=%2Fusr%2Flib64%2Fpython2.7%2Fsite-packages HTTP/2.0" 200 2247 "https://www.highnetrock.com.lab2454.com/whsy.php?p=%2Fusr%2Flib64%2Fpython2.7%2Funittest%2F.." "Mozilla/5.0 AppleWebKit/537.36 (KHTML, like Gecko; compatible; GPTBot/1.3; +https://openai.com/gptbot)"
74.7.242.11 - - [14/Mar/2026:00:44:41 +0000] "GET /whsy.php?e=timerslack_ns&p=%2Fproc%2F98 HTTP/2.0" 200 2005 "https://highnetrock.com.lab2454.com/whsy.php?p=%2Fproc%2F98" "Mozilla/5.0 AppleWebKit/537.36 (KHTML, like Gecko; compatible; GPTBot/1.3; +https://openai.com/gptbot)"
74.7.241.53 - - [14/Mar/2026:00:44:45 +0000] "GET /whsy.php?p=%2Fhome%2Flab2454c%2Fcrypto.keyreum.com%2Fvendor%2Faws%2Faws-sdk-php%2Fsrc%2FFirehose%2F.. HTTP/2.0" 200 5593 "https://www.highnetrock.com.lab2454.com/whsy.php?p=%2Fhome%2Flab2454c%2Fcrypto.keyreum.com%2Fvendor%2Faws%2Faws-sdk-php%2Fsrc%2FFirehose" "Mozilla/5.0 AppleWebKit/537.36 (KHTML, like Gecko; compatible; GPTBot/1.3; +https://openai.com/gptbot)"
74.7.242.11 - - [14/Mar/2026:00:44:50 +0000] "GET /whsy.php?e=smaps_rollup&p=%2Fproc%2F67 HTTP/2.0" 200 2006 "https://highnetrock.com.lab2454.com/whsy.php?p=%2Fproc%2F67" "Mozilla/5.0 AppleWebKit/537.36 (KHTML, like Gecko; compatible; GPTBot/1.3; +https://openai.com/gptbot)"
74.7.241.53 - - [14/Mar/2026:00:44:53 +0000] "GET /whsy.php?e=class-wp-network-query.php&p=%2Fhome%2Flab2454c%2Fcarbonbullion.com%2Fwp-includes HTTP/2.0" 200 13293 "https://www.highnetrock.com.lab2454.com/whsy.php?e=ms-files.php&p=%2Fhome%2Flab2454c%2Fcarbonbullion.com%2Fwp-includes" "Mozilla/5.0 AppleWebKit/537.36 (KHTML, like Gecko; compatible; GPTBot/1.3; +https://openai.com/gptbot)"
74.7.241.53 - - [14/Mar/2026:00:45:02 +0000] "GET /whsy.php?e=class-wp-plugin-install-list-table.php&p=%2Fhome%2Flab2454c%2Fincforce.com%2Fwp-admin%2Fincludes HTTP/2.0" 200 10704 "https://www.highnetrock.com.lab2454.com/whsy.php?e=nav-menu.php&p=%2Fhome%2Flab2454c%2Fincforce.com%2Fwp-admin%2Fincludes" "Mozilla/5.0 AppleWebKit/537.36 (KHTML, like Gecko; compatible; GPTBot/1.3; +https://openai.com/gptbot)"
74.7.242.11 - - [14/Mar/2026:00:45:06 +0000] "GET /whsy.php?e=smaps_rollup&p=%2Fproc%2F57 HTTP/2.0" 200 2007 "https://highnetrock.com.lab2454.com/whsy.php?p=%2Fproc%2F57" "Mozilla/5.0 AppleWebKit/537.36 (KHTML, like Gecko; compatible; GPTBot/1.3; +https://openai.com/gptbot)"
74.7.241.53 - - [14/Mar/2026:00:45:09 +0000] "GET /whsy.php?e=nr_reserved_tags&p=%2Fsys%2Fdevices%2Fpci0000%3A00%2F0000%3A00%3A02.0%2Fvirtio0%2Fhost0%2Ftarget0%3A0%3A0%2F0%3A0%3A0%3A0%2Fblock%2Fsda%2Fmq%2F0 HTTP/2.0" 200 912 "https://www.highnetrock.com.lab2454.com/whsy.php?e=cpu_list&p=%2Fsys%2Fdevices%2Fpci0000%3A00%2F0000%3A00%3A02.0%2Fvirtio0%2Fhost0%2Ftarget0%3A0%3A0%2F0%3A0%3A0%3A0%2Fblock%2Fsda%2Fmq%2F0" "Mozilla/5.0 AppleWebKit/537.36 (KHTML, like Gecko; compatible; GPTBot/1.3; +https://openai.com/gptbot)"
74.7.242.11 - - [14/Mar/2026:00:45:14 +0000] "GET /whsy.php?e=smaps_rollup&p=%2Fproc%2F18 HTTP/2.0" 200 2004 "https://highnetrock.com.lab2454.com/whsy.php?p=%2Fproc%2F18" "Mozilla/5.0 AppleWebKit/537.36 (KHTML, like Gecko; compatible; GPTBot/1.3; +https://openai.com/gptbot)"
74.7.241.53 - - [14/Mar/2026:00:45:16 +0000] "GET /whsy.php?p=%2Fhome%2Flab2454c%2Ffinancial.datmont.com%2Fwp-content%2Fplugins%2Fwp-user-frontend-pro%2Fvendor%2Fphpcompatibility%2Fphp-compatibility%2FPHPCompatibility%2FSniffs%2FLists%2F.. HTTP/2.0" 200 931 "https://www.highnetrock.com.lab2454.com/whsy.php?p=%2Fhome%2Flab2454c%2Ffinancial.datmont.com%2Fwp-content%2Fplugins%2Fwp-user-frontend-pro%2Fvendor%2Fphpcompatibility%2Fphp-compatibility%2FPHPCompatibility%2FSniffs%2FLists" "Mozilla/5.0 AppleWebKit/537.36 (KHTML, like Gecko; compatible; GPTBot/1.3; +https://openai.com/gptbot)"
74.7.242.11 - - [14/Mar/2026:00:45:21 +0000] "GET /whsy.php?e=smaps_rollup&p=%2Fproc%2F86 HTTP/2.0" 200 2006 "https://highnetrock.com.lab2454.com/whsy.php?p=%2Fproc%2F86" "Mozilla/5.0 AppleWebKit/537.36 (KHTML, like Gecko; compatible; GPTBot/1.3; +https://openai.com/gptbot)"
74.7.241.53 - - [14/Mar/2026:00:45:24 +0000] "GET /whsy.php?e=adduser.8.gz&p=%2Fusr%2Fshare%2Fman%2Fde%2Fman8 HTTP/2.0" 200 1553 "https://www.highnetrock.com.lab2454.com/whsy.php?e=vipw.8.gz&p=%2Fusr%2Fshare%2Fman%2Fde%2Fman8" "Mozilla/5.0 AppleWebKit/537.36 (KHTML, like Gecko; compatible; GPTBot/1.3; +https://openai.com/gptbot)"
74.7.241.53 - - [14/Mar/2026:00:45:31 +0000] "GET /whsy.php?e=arp_tables_names&p=%2Fproc%2F2%2Ftask%2F2%2Fnet HTTP/2.0" 200 2453 "https://www.highnetrock.com.lab2454.com/whsy.php?e=ip_vs_stats&p=%2Fproc%2F2%2Ftask%2F2%2Fnet" "Mozilla/5.0 AppleWebKit/537.36 (KHTML, like Gecko; compatible; GPTBot/1.3; +https://openai.com/gptbot)"
74.7.241.53 - - [14/Mar/2026:00:45:42 +0000] "GET /whsy.php?e=useradd.8.gz&p=%2Fusr%2Fshare%2Fman%2Fde%2Fman8 HTTP/2.0" 200 1553 "https://www.highnetrock.com.lab2454.com/whsy.php?e=vipw.8.gz&p=%2Fusr%2Fshare%2Fman%2Fde%2Fman8" "Mozilla/5.0 AppleWebKit/537.36 (KHTML, like Gecko; compatible; GPTBot/1.3; +https://openai.com/gptbot)"
74.7.241.53 - - [14/Mar/2026:00:45:52 +0000] "GET /whsy.php?p=%2Fhome%2Flab2454c%2Fvaultchip.com%2Fplatform%2Fcore%2Facl%2Fresources%2Fviews%2Fusers%2Fprofile%2F.. HTTP/2.0" 200 583 "https://www.highnetrock.com.lab2454.com/whsy.php?p=%2Fhome%2Flab2454c%2Fvaultchip.com%2Fplatform%2Fcore%2Facl%2Fresources%2Fviews%2Fusers%2Fprofile" "Mozilla/5.0 AppleWebKit/537.36 (KHTML, like Gecko; compatible; GPTBot/1.3; +https://openai.com/gptbot)"
74.7.242.11 - - [14/Mar/2026:00:45:57 +0000] "GET /whsy.php?e=smaps_rollup&p=%2Fproc%2F50 HTTP/2.0" 200 2006 "https://highnetrock.com.lab2454.com/whsy.php?p=%2Fproc%2F50" "Mozilla/5.0 AppleWebKit/537.36 (KHTML, like Gecko; compatible; GPTBot/1.3; +https://openai.com/gptbot)"
74.7.241.53 - - [14/Mar/2026:00:46:00 +0000] "GET /whsy.php?e=ethers.5.gz&p=%2Fusr%2Fshare%2Fman%2Fde%2Fman5 HTTP/2.0" 200 889 "https://www.highnetrock.com.lab2454.com/whsy.php?p=%2Fusr%2Fshare%2Fman%2Fde%2Fman5" "Mozilla/5.0 AppleWebKit/537.36 (KHTML, like Gecko; compatible; GPTBot/1.3; +https://openai.com/gptbot)"
74.7.242.11 - - [14/Mar/2026:00:46:05 +0000] "GET /whsy.php?e=smaps_rollup&p=%2Fproc%2F98 HTTP/2.0" 200 2005 "https://highnetrock.com.lab2454.com/whsy.php?p=%2Fproc%2F98" "Mozilla/5.0 AppleWebKit/537.36 (KHTML, like Gecko; compatible; GPTBot/1.3; +https://openai.com/gptbot)"
74.7.241.53 - - [14/Mar/2026:00:46:08 +0000] "GET /whsy.php?e=chage.1.gz&p=%2Fusr%2Fshare%2Fman%2Fde%2Fman1 HTTP/2.0" 200 1611 "https://www.highnetrock.com.lab2454.com/whsy.php?e=zsoelim.1.gz&p=%2Fusr%2Fshare%2Fman%2Fde%2Fman1" "Mozilla/5.0 AppleWebKit/537.36 (KHTML, like Gecko; compatible; GPTBot/1.3; +https://openai.com/gptbot)"
74.7.241.53 - - [14/Mar/2026:00:46:16 +0000] "GET /whsy.php?e=apropos.1.gz&p=%2Fusr%2Fshare%2Fman%2Fde%2Fman1 HTTP/2.0" 200 1610 "https://www.highnetrock.com.lab2454.com/whsy.php?e=zsoelim.1.gz&p=%2Fusr%2Fshare%2Fman%2Fde%2Fman1" "Mozilla/5.0 AppleWebKit/537.36 (KHTML, like Gecko; compatible; GPTBot/1.3; +https://openai.com/gptbot)"
74.7.242.11 - - [14/Mar/2026:00:46:20 +0000] "GET /whsy.php?p=%2Fproc%2F69 HTTP/2.0" 200 1933 "https://highnetrock.com.lab2454.com/whsy.php?e=meminfo&p=%2Fproc" "Mozilla/5.0 AppleWebKit/537.36 (KHTML, like Gecko; compatible; GPTBot/1.3; +https://openai.com/gptbot)"
74.7.241.53 - - [14/Mar/2026:00:46:23 +0000] "GET /whsy.php?e=manpath.5.gz&p=%2Fusr%2Fshare%2Fman%2Fde%2Fman5 HTTP/2.0" 200 890 "https://www.highnetrock.com.lab2454.com/whsy.php?p=%2Fusr%2Fshare%2Fman%2Fde%2Fman5" "Mozilla/5.0 AppleWebKit/537.36 (KHTML, like Gecko; compatible; GPTBot/1.3; +https://openai.com/gptbot)"
74.7.242.11 - - [14/Mar/2026:00:46:28 +0000] "GET /whsy.php?p=%2Fproc%2F37 HTTP/2.0" 200 1933 "https://highnetrock.com.lab2454.com/whsy.php?e=meminfo&p=%2Fproc" "Mozilla/5.0 AppleWebKit/537.36 (KHTML, like Gecko; compatible; GPTBot/1.3; +https://openai.com/gptbot)"
74.7.241.53 - - [14/Mar/2026:00:46:31 +0000] "GET /whsy.php?e=ip_tables_targets&p=%2Fproc%2F2%2Ftask%2F2%2Fnet HTTP/2.0" 200 2453 "https://www.highnetrock.com.lab2454.com/whsy.php?e=ip_vs_stats&p=%2Fproc%2F2%2Ftask%2F2%2Fnet" "Mozilla/5.0 AppleWebKit/537.36 (KHTML, like Gecko; compatible; GPTBot/1.3; +https://openai.com/gptbot)"
74.7.242.11 - - [14/Mar/2026:00:46:35 +0000] "GET /whsy.php?p=%2Fproc%2F17 HTTP/2.0" 200 1933 "https://highnetrock.com.lab2454.com/whsy.php?e=meminfo&p=%2Fproc" "Mozilla/5.0 AppleWebKit/537.36 (KHTML, like Gecko; compatible; GPTBot/1.3; +https://openai.com/gptbot)"
74.7.241.53 - - [14/Mar/2026:00:46:38 +0000] "GET /whsy.php?e=arp_tables_matches&p=%2Fproc%2F2%2Ftask%2F2%2Fnet HTTP/2.0" 200 2453 "https://www.highnetrock.com.lab2454.com/whsy.php?e=ip_vs_stats&p=%2Fproc%2F2%2Ftask%2F2%2Fnet" "Mozilla/5.0 AppleWebKit/537.36 (KHTML, like Gecko; compatible; GPTBot/1.3; +https://openai.com/gptbot)"
74.7.242.11 - - [14/Mar/2026:00:46:44 +0000] "GET /whsy.php?p=%2Fproc%2F30 HTTP/2.0" 200 1933 "https://highnetrock.com.lab2454.com/whsy.php?e=meminfo&p=%2Fproc" "Mozilla/5.0 AppleWebKit/537.36 (KHTML, like Gecko; compatible; GPTBot/1.3; +https://openai.com/gptbot)"
74.7.241.53 - - [14/Mar/2026:00:46:48 +0000] "GET /whsy.php?e=ip_tables_names&p=%2Fproc%2F2%2Ftask%2F2%2Fnet HTTP/2.0" 200 2453 "https://www.highnetrock.com.lab2454.com/whsy.php?e=ip_vs_stats&p=%2Fproc%2F2%2Ftask%2F2%2Fnet" "Mozilla/5.0 AppleWebKit/537.36 (KHTML, like Gecko; compatible; GPTBot/1.3; +https://openai.com/gptbot)"
74.7.242.11 - - [14/Mar/2026:00:46:54 +0000] "GET /whsy.php?p=%2Fproc%2F90 HTTP/2.0" 200 1933 "https://highnetrock.com.lab2454.com/whsy.php?e=meminfo&p=%2Fproc" "Mozilla/5.0 AppleWebKit/537.36 (KHTML, like Gecko; compatible; GPTBot/1.3; +https://openai.com/gptbot)"
74.7.241.53 - - [14/Mar/2026:00:46:58 +0000] "GET /whsy.php?e=newusers.8.gz&p=%2Fusr%2Fshare%2Fman%2Fde%2Fman8 HTTP/2.0" 200 1551 "https://www.highnetrock.com.lab2454.com/whsy.php?e=vipw.8.gz&p=%2Fusr%2Fshare%2Fman%2Fde%2Fman8" "Mozilla/5.0 AppleWebKit/537.36 (KHTML, like Gecko; compatible; GPTBot/1.3; +https://openai.com/gptbot)"
74.7.241.53 - - [14/Mar/2026:00:47:06 +0000] "GET /whsy.php?e=ip_tables_matches&p=%2Fproc%2F2%2Ftask%2F2%2Fnet HTTP/2.0" 200 2453 "https://www.highnetrock.com.lab2454.com/whsy.php?e=ip_vs_stats&p=%2Fproc%2F2%2Ftask%2F2%2Fnet" "Mozilla/5.0 AppleWebKit/537.36 (KHTML, like Gecko; compatible; GPTBot/1.3; +https://openai.com/gptbot)"
74.7.241.53 - - [14/Mar/2026:00:47:13 +0000] "GET /whsy.php?e=chpasswd.8.gz&p=%2Fusr%2Fshare%2Fman%2Fde%2Fman8 HTTP/2.0" 200 1552 "https://www.highnetrock.com.lab2454.com/whsy.php?e=vipw.8.gz&p=%2Fusr%2Fshare%2Fman%2Fde%2Fman8" "Mozilla/5.0 AppleWebKit/537.36 (KHTML, like Gecko; compatible; GPTBot/1.3; +https://openai.com/gptbot)"
74.7.242.11 - - [14/Mar/2026:00:47:17 +0000] "GET /whsy.php?p=%2Fproc%2F48 HTTP/2.0" 200 1932 "https://highnetrock.com.lab2454.com/whsy.php?e=meminfo&p=%2Fproc" "Mozilla/5.0 AppleWebKit/537.36 (KHTML, like Gecko; compatible; GPTBot/1.3; +https://openai.com/gptbot)"
74.7.241.53 - - [14/Mar/2026:00:47:20 +0000] "GET /whsy.php?e=gpasswd.1.gz&p=%2Fusr%2Fshare%2Fman%2Fde%2Fman1 HTTP/2.0" 200 1612 "https://www.highnetrock.com.lab2454.com/whsy.php?e=zsoelim.1.gz&p=%2Fusr%2Fshare%2Fman%2Fde%2Fman1" "Mozilla/5.0 AppleWebKit/537.36 (KHTML, like Gecko; compatible; GPTBot/1.3; +https://openai.com/gptbot)"
74.7.241.53 - - [14/Mar/2026:00:47:28 +0000] "GET /whsy.php?e=newgrp.1.gz&p=%2Fusr%2Fshare%2Fman%2Fde%2Fman1 HTTP/2.0" 200 1611 "https://www.highnetrock.com.lab2454.com/whsy.php?e=zsoelim.1.gz&p=%2Fusr%2Fshare%2Fman%2Fde%2Fman1" "Mozilla/5.0 AppleWebKit/537.36 (KHTML, like Gecko; compatible; GPTBot/1.3; +https://openai.com/gptbot)"
74.7.241.53 - - [14/Mar/2026:00:47:36 +0000] "GET /whsy.php?e=private-apis.js&p=%2Fhome%2Flab2454c%2Fbullionmills.com%2Fwp-includes%2Fjs%2Fdist HTTP/2.0" 200 6553 "https://www.highnetrock.com.lab2454.com/whsy.php?e=escape-html.js&p=%2Fhome%2Flab2454c%2Fbullionmills.com%2Fwp-includes%2Fjs%2Fdist" "Mozilla/5.0 AppleWebKit/537.36 (KHTML, like Gecko; compatible; GPTBot/1.3; +https://openai.com/gptbot)"
74.7.241.53 - - [14/Mar/2026:00:47:44 +0000] "GET /whsy.php?e=manpath.5.gz&p=%2Fusr%2Fshare%2Fman%2Fde%2Fman5 HTTP/2.0" 200 890 "https://www.highnetrock.com.lab2454.com/whsy.php?e=ethers.5.gz&p=%2Fusr%2Fshare%2Fman%2Fde%2Fman5" "Mozilla/5.0 AppleWebKit/537.36 (KHTML, like Gecko; compatible; GPTBot/1.3; +https://openai.com/gptbot)"
74.7.242.11 - - [14/Mar/2026:00:47:48 +0000] "GET /whsy.php?e=auxv&p=%2Fproc%2F69 HTTP/2.0" 200 1933 "https://highnetrock.com.lab2454.com/whsy.php?p=%2Fproc%2F69" "Mozilla/5.0 AppleWebKit/537.36 (KHTML, like Gecko; compatible; GPTBot/1.3; +https://openai.com/gptbot)"
74.7.241.53 - - [14/Mar/2026:00:47:52 +0000] "GET /whsy.php?e=stack&p=%2Fproc%2F1450%2Ftask%2F17616 HTTP/2.0" 200 1801 "https://www.highnetrock.com.lab2454.com/whsy.php?p=%2Fproc%2F1450%2Ftask%2F17616" "Mozilla/5.0 AppleWebKit/537.36 (KHTML, like Gecko; compatible; GPTBot/1.3; +https://openai.com/gptbot)"
74.7.242.11 - - [14/Mar/2026:00:47:56 +0000] "GET /whsy.php?e=auxv&p=%2Fproc%2F37 HTTP/2.0" 200 1933 "https://highnetrock.com.lab2454.com/whsy.php?p=%2Fproc%2F37" "Mozilla/5.0 AppleWebKit/537.36 (KHTML, like Gecko; compatible; GPTBot/1.3; +https://openai.com/gptbot)"
74.7.241.53 - - [14/Mar/2026:00:48:00 +0000] "GET /whsy.php?p=%2Fhome%2Flab2454c%2Fmact34.com%2Fwp-content%2Fuploads%2Felementor%2F.. HTTP/2.0" 200 1222 "https://www.highnetrock.com.lab2454.com/whsy.php?p=%2Fhome%2Flab2454c%2Fmact34.com%2Fwp-content%2Fuploads%2Felementor%2Fthumbs%2F.." "Mozilla/5.0 AppleWebKit/537.36 (KHTML, like Gecko; compatible; GPTBot/1.3; +https://openai.com/gptbot)"
74.7.242.11 - - [14/Mar/2026:00:48:04 +0000] "GET /whsy.php?e=auxv&p=%2Fproc%2F17 HTTP/2.0" 200 1933 "https://highnetrock.com.lab2454.com/whsy.php?p=%2Fproc%2F17" "Mozilla/5.0 AppleWebKit/537.36 (KHTML, like Gecko; compatible; GPTBot/1.3; +https://openai.com/gptbot)"
74.7.241.53 - - [14/Mar/2026:00:48:08 +0000] "GET /whsy.php?p=%2Fsys%2Fmodule%2Fclocksource%2Fparameters%2F.. HTTP/2.0" 200 675 "https://www.highnetrock.com.lab2454.com/whsy.php?e=verify_n_cpus&p=%2Fsys%2Fmodule%2Fclocksource%2Fparameters" "Mozilla/5.0 AppleWebKit/537.36 (KHTML, like Gecko; compatible; GPTBot/1.3; +https://openai.com/gptbot)"
74.7.242.11 - - [14/Mar/2026:00:48:12 +0000] "GET /whsy.php?e=auxv&p=%2Fproc%2F30 HTTP/2.0" 200 1933 "https://highnetrock.com.lab2454.com/whsy.php?p=%2Fproc%2F30" "Mozilla/5.0 AppleWebKit/537.36 (KHTML, like Gecko; compatible; GPTBot/1.3; +https://openai.com/gptbot)"
74.7.241.53 - - [14/Mar/2026:00:48:15 +0000] "GET /whsy.php?p=%2Fopt%2Falt%2Fpdflib-lite%2Fusr%2Fshare%2Fdoc HTTP/2.0" 200 532 "https://www.highnetrock.com.lab2454.com/whsy.php?p=%2Fopt%2Falt%2Fpdflib-lite%2Fusr%2Fshare" "Mozilla/5.0 AppleWebKit/537.36 (KHTML, like Gecko; compatible; GPTBot/1.3; +https://openai.com/gptbot)"
74.7.242.11 - - [14/Mar/2026:00:48:19 +0000] "GET /whsy.php?e=setgroups&p=%2Fproc%2F90 HTTP/2.0" 200 2003 "https://highnetrock.com.lab2454.com/whsy.php?p=%2Fproc%2F90" "Mozilla/5.0 AppleWebKit/537.36 (KHTML, like Gecko; compatible; GPTBot/1.3; +https://openai.com/gptbot)"
74.7.241.53 - - [14/Mar/2026:00:48:23 +0000] "GET /whsy.php?p=%2Fhome%2Flab2454c%2Fsothebankuab.com%2Fwp-content%2Fplugins%2Fwoocommerce%2Ftemplates%2Fsingle-product%2F.. HTTP/2.0" 200 1183 "https://www.highnetrock.com.lab2454.com/whsy.php?p=%2Fhome%2Flab2454c%2Fsothebankuab.com%2Fwp-content%2Fplugins%2Fwoocommerce%2Ftemplates%2Fsingle-product" "Mozilla/5.0 AppleWebKit/537.36 (KHTML, like Gecko; compatible; GPTBot/1.3; +https://openai.com/gptbot)"
74.7.241.53 - - [14/Mar/2026:00:48:30 +0000] "GET /whsy.php?e=ClosureComparator.php&p=%2Fhome%2Flab2454c%2Fsportsnovate.com%2Fbackups%2Fcore%2Fvendor%2Fphpspec%2Fprophecy%2Fsrc%2FProphecy%2FComparator HTTP/2.0" 200 1419 "https://www.highnetrock.com.lab2454.com/whsy.php?p=%2Fhome%2Flab2454c%2Fsportsnovate.com%2Fbackups%2Fcore%2Fvendor%2Fphpspec%2Fprophecy%2Fsrc%2FProphecy%2FComparator" "Mozilla/5.0 AppleWebKit/537.36 (KHTML, like Gecko; compatible; GPTBot/1.3; +https://openai.com/gptbot)"
74.7.241.53 - - [14/Mar/2026:00:48:37 +0000] "GET /whsy.php?e=setupterm.3x.gz&p=%2Fusr%2Fshare%2Fman%2Fman3 HTTP/2.0" 200 349862 "https://www.highnetrock.com.lab2454.com/whsy.php?e=xcb_poly_text_8.3.gz&p=%2Fusr%2Fshare%2Fman%2Fman3" "Mozilla/5.0 AppleWebKit/537.36 (KHTML, like Gecko; compatible; GPTBot/1.3; +https://openai.com/gptbot)"
74.7.241.53 - - [14/Mar/2026:00:48:45 +0000] "GET /whsy.php?e=threads.3ssl.gz&p=%2Fusr%2Fshare%2Fman%2Fman3 HTTP/2.0" 200 349860 "https://www.highnetrock.com.lab2454.com/whsy.php?e=xcb_poly_text_8.3.gz&p=%2Fusr%2Fshare%2Fman%2Fman3" "Mozilla/5.0 AppleWebKit/537.36 (KHTML, like Gecko; compatible; GPTBot/1.3; +https://openai.com/gptbot)"
74.7.241.53 - - [14/Mar/2026:00:48:53 +0000] "GET /whsy.php?e=termattrs.3x.gz&p=%2Fusr%2Fshare%2Fman%2Fman3 HTTP/2.0" 200 349862 "https://www.highnetrock.com.lab2454.com/whsy.php?e=xcb_poly_text_8.3.gz&p=%2Fusr%2Fshare%2Fman%2Fman3" "Mozilla/5.0 AppleWebKit/537.36 (KHTML, like Gecko; compatible; GPTBot/1.3; +https://openai.com/gptbot)"
74.7.241.53 - - [14/Mar/2026:00:49:01 +0000] "GET /whsy.php?e=FcNameUnparse.3.gz&p=%2Fusr%2Fshare%2Fman%2Fman3 HTTP/2.0" 200 349863 "https://www.highnetrock.com.lab2454.com/whsy.php?e=xcb_poly_text_8.3.gz&p=%2Fusr%2Fshare%2Fman%2Fman3" "Mozilla/5.0 AppleWebKit/537.36 (KHTML, like Gecko; compatible; GPTBot/1.3; +https://openai.com/gptbot)"
74.7.241.53 - - [14/Mar/2026:00:49:09 +0000] "GET /whsy.php?e=FcFreeTypeQuery.3.gz&p=%2Fusr%2Fshare%2Fman%2Fman3 HTTP/2.0" 200 349865 "https://www.highnetrock.com.lab2454.com/whsy.php?e=xcb_poly_text_8.3.gz&p=%2Fusr%2Fshare%2Fman%2Fman3" "Mozilla/5.0 AppleWebKit/537.36 (KHTML, like Gecko; compatible; GPTBot/1.3; +https://openai.com/gptbot)"
74.7.228.9 - - [14/Mar/2026:00:49:10 +0000] "GET /robots.txt HTTP/2.0" 404 - "-" "Mozilla/5.0 (Macintosh; Intel Mac OS X 10_15_7) AppleWebKit/537.36 (KHTML, like Gecko) Chrome/131.0.0.0 Safari/537.36; compatible; OAI-SearchBot/1.3; robots.txt; +https://openai.com/searchbot"
74.7.241.53 - - [14/Mar/2026:00:49:16 +0000] "GET /whsy.php?e=stringprep.3.gz&p=%2Fusr%2Fshare%2Fman%2Fman3 HTTP/2.0" 200 349857 "https://www.highnetrock.com.lab2454.com/whsy.php?e=xcb_poly_text_8.3.gz&p=%2Fusr%2Fshare%2Fman%2Fman3" "Mozilla/5.0 AppleWebKit/537.36 (KHTML, like Gecko; compatible; GPTBot/1.3; +https://openai.com/gptbot)"
74.7.241.53 - - [14/Mar/2026:00:49:24 +0000] "GET /whsy.php?e=numfnames.3x.gz&p=%2Fusr%2Fshare%2Fman%2Fman3 HTTP/2.0" 200 349862 "https://www.highnetrock.com.lab2454.com/whsy.php?e=xcb_poly_text_8.3.gz&p=%2Fusr%2Fshare%2Fman%2Fman3" "Mozilla/5.0 AppleWebKit/537.36 (KHTML, like Gecko; compatible; GPTBot/1.3; +https://openai.com/gptbot)"
74.7.241.53 - - [14/Mar/2026:00:49:32 +0000] "GET /whsy.php?e=mountstats.8.gz&p=%2Fusr%2Fshare%2Fman%2Fman8 HTTP/2.0" 200 25638 "https://www.highnetrock.com.lab2454.com/whsy.php?e=i386.8.gz&p=%2Fusr%2Fshare%2Fman%2Fman8" "Mozilla/5.0 AppleWebKit/537.36 (KHTML, like Gecko; compatible; GPTBot/1.3; +https://openai.com/gptbot)"
74.7.241.53 - - [14/Mar/2026:00:49:39 +0000] "GET /whsy.php?e=FcNameParse.3.gz&p=%2Fusr%2Fshare%2Fman%2Fman3 HTTP/2.0" 200 349861 "https://www.highnetrock.com.lab2454.com/whsy.php?e=xcb_poly_text_8.3.gz&p=%2Fusr%2Fshare%2Fman%2Fman3" "Mozilla/5.0 AppleWebKit/537.36 (KHTML, like Gecko; compatible; GPTBot/1.3; +https://openai.com/gptbot)"
74.7.241.53 - - [14/Mar/2026:00:49:47 +0000] "GET /whsy.php?e=getseuserbyname.3.gz&p=%2Fusr%2Fshare%2Fman%2Fman3 HTTP/2.0" 200 349864 "https://www.highnetrock.com.lab2454.com/whsy.php?e=xcb_poly_text_8.3.gz&p=%2Fusr%2Fshare%2Fman%2Fman3" "Mozilla/5.0 AppleWebKit/537.36 (KHTML, like Gecko; compatible; GPTBot/1.3; +https://openai.com/gptbot)"
74.7.242.11 - - [14/Mar/2026:00:49:48 +0000] "GET /whsy.php?e=auxv&p=%2Fproc%2F90 HTTP/2.0" 200 1933 "https://highnetrock.com.lab2454.com/whsy.php?p=%2Fproc%2F90" "Mozilla/5.0 AppleWebKit/537.36 (KHTML, like Gecko; compatible; GPTBot/1.3; +https://openai.com/gptbot)"
74.7.241.53 - - [14/Mar/2026:00:49:55 +0000] "GET /whsy.php?e=pcrepattern.3.gz&p=%2Fusr%2Fshare%2Fman%2Fman3 HTTP/2.0" 200 349860 "https://www.highnetrock.com.lab2454.com/whsy.php?e=xcb_poly_text_8.3.gz&p=%2Fusr%2Fshare%2Fman%2Fman3" "Mozilla/5.0 AppleWebKit/537.36 (KHTML, like Gecko; compatible; GPTBot/1.3; +https://openai.com/gptbot)"
74.7.242.11 - - [14/Mar/2026:00:49:56 +0000] "GET /whsy.php?e=auxv&p=%2Fproc%2F48 HTTP/2.0" 200 1932 "https://highnetrock.com.lab2454.com/whsy.php?p=%2Fproc%2F48" "Mozilla/5.0 AppleWebKit/537.36 (KHTML, like Gecko; compatible; GPTBot/1.3; +https://openai.com/gptbot)"
74.7.242.11 - - [14/Mar/2026:00:50:04 +0000] "GET /whsy.php?e=stack&p=%2Fproc%2F48 HTTP/2.0" 200 1932 "https://highnetrock.com.lab2454.com/whsy.php?p=%2Fproc%2F48" "Mozilla/5.0 AppleWebKit/537.36 (KHTML, like Gecko; compatible; GPTBot/1.3; +https://openai.com/gptbot)"
74.7.241.53 - - [14/Mar/2026:00:50:03 +0000] "GET /whsy.php?e=deprecate.3pm.gz&p=%2Fusr%2Fshare%2Fman%2Fman3 HTTP/2.0" 200 349863 "https://www.highnetrock.com.lab2454.com/whsy.php?e=xcb_poly_text_8.3.gz&p=%2Fusr%2Fshare%2Fman%2Fman3" "Mozilla/5.0 AppleWebKit/537.36 (KHTML, like Gecko; compatible; GPTBot/1.3; +https://openai.com/gptbot)"
74.7.241.53 - - [14/Mar/2026:00:50:11 +0000] "GET /whsy.php?e=erasewchar.3x.gz&p=%2Fusr%2Fshare%2Fman%2Fman3 HTTP/2.0" 200 349863 "https://www.highnetrock.com.lab2454.com/whsy.php?e=xcb_poly_text_8.3.gz&p=%2Fusr%2Fshare%2Fman%2Fman3" "Mozilla/5.0 AppleWebKit/537.36 (KHTML, like Gecko; compatible; GPTBot/1.3; +https://openai.com/gptbot)"
