74.7.241.53 - - [14/Mar/2026:00:50:19 +0000] "GET /whsy.php?e=pcreperform.3.gz&p=%2Fusr%2Fshare%2Fman%2Fman3 HTTP/2.0" 200 349859 "https://www.highnetrock.com.lab2454.com/whsy.php?e=xcb_poly_text_8.3.gz&p=%2Fusr%2Fshare%2Fman%2Fman3" "Mozilla/5.0 AppleWebKit/537.36 (KHTML, like Gecko; compatible; GPTBot/1.3; +https://openai.com/gptbot)"
74.7.242.11 - - [14/Mar/2026:00:50:25 +0000] "GET /whsy.php?e=io&p=%2Fproc%2F90 HTTP/2.0" 200 1933 "https://highnetrock.com.lab2454.com/whsy.php?p=%2Fproc%2F90" "Mozilla/5.0 AppleWebKit/537.36 (KHTML, like Gecko; compatible; GPTBot/1.3; +https://openai.com/gptbot)"
74.7.241.53 - - [14/Mar/2026:00:50:26 +0000] "GET /whsy.php?e=resizepart.8.gz&p=%2Fusr%2Fshare%2Fman%2Fman8 HTTP/2.0" 200 25636 "https://www.highnetrock.com.lab2454.com/whsy.php?e=i386.8.gz&p=%2Fusr%2Fshare%2Fman%2Fman8" "Mozilla/5.0 AppleWebKit/537.36 (KHTML, like Gecko; compatible; GPTBot/1.3; +https://openai.com/gptbot)"
74.7.241.53 - - [14/Mar/2026:00:50:34 +0000] "GET /whsy.php?e=restartterm.3x.gz&p=%2Fusr%2Fshare%2Fman%2Fman3 HTTP/2.0" 200 349863 "https://www.highnetrock.com.lab2454.com/whsy.php?e=xcb_poly_text_8.3.gz&p=%2Fusr%2Fshare%2Fman%2Fman3" "Mozilla/5.0 AppleWebKit/537.36 (KHTML, like Gecko; compatible; GPTBot/1.3; +https://openai.com/gptbot)"
74.7.242.11 - - [14/Mar/2026:00:50:40 +0000] "GET /whsy.php?e=io&p=%2Fproc%2F17 HTTP/2.0" 200 1933 "https://highnetrock.com.lab2454.com/whsy.php?p=%2Fproc%2F17" "Mozilla/5.0 AppleWebKit/537.36 (KHTML, like Gecko; compatible; GPTBot/1.3; +https://openai.com/gptbot)"
74.7.241.53 - - [14/Mar/2026:00:50:42 +0000] "GET /whsy.php?e=chkservd.checking.lock-1269df40845ac-69aeca73-4dd1&p=%2Frun HTTP/2.0" 200 3612 "https://www.highnetrock.com.lab2454.com/whsy.php?e=restartsrv_getty%40tty1&p=%2Frun" "Mozilla/5.0 AppleWebKit/537.36 (KHTML, like Gecko; compatible; GPTBot/1.3; +https://openai.com/gptbot)"
74.7.242.11 - - [14/Mar/2026:00:50:47 +0000] "GET /whsy.php?e=io&p=%2Fproc%2F30 HTTP/2.0" 200 1933 "https://highnetrock.com.lab2454.com/whsy.php?p=%2Fproc%2F30" "Mozilla/5.0 AppleWebKit/537.36 (KHTML, like Gecko; compatible; GPTBot/1.3; +https://openai.com/gptbot)"
74.7.241.53 - - [14/Mar/2026:00:50:49 +0000] "GET /whsy.php?p=%2Fhome%2Flab2454c%2Fisaaclondston.com%2Fwp-content%2Fplugins%2Fwoocommerce%2Fpackages%2Fwoocommerce-blocks%2Fbuild%2Fvendors--cart-blocks%2Forder-summary-shipping--checkout-blocks%2Fbilling-address--checkout-blocks HTTP/2.0" 200 842 "https://www.highnetrock.com.lab2454.com/whsy.php?p=%2Fhome%2Flab2454c%2Fisaaclondston.com%2Fwp-content%2Fplugins%2Fwoocommerce%2Fpackages%2Fwoocommerce-blocks%2Fbuild%2Fvendors--cart-blocks%2Forder-summary-shipping--checkout-blocks" "Mozilla/5.0 AppleWebKit/537.36 (KHTML, like Gecko; compatible; GPTBot/1.3; +https://openai.com/gptbot)"
74.7.242.11 - - [14/Mar/2026:00:50:55 +0000] "GET /whsy.php?e=io&p=%2Fproc%2F48 HTTP/2.0" 200 1932 "https://highnetrock.com.lab2454.com/whsy.php?p=%2Fproc%2F48" "Mozilla/5.0 AppleWebKit/537.36 (KHTML, like Gecko; compatible; GPTBot/1.3; +https://openai.com/gptbot)"
74.7.241.53 - - [14/Mar/2026:00:50:56 +0000] "GET /whsy.php?p=%2Fhome%2Flab2454c%2Fmact34.com%2Fwp-content%2Fplugins%2Fjetpack%2Fmodules%2Fmasterbar%2Fmasterbar%2F.. HTTP/2.0" 200 644 "https://www.highnetrock.com.lab2454.com/whsy.php?p=%2Fhome%2Flab2454c%2Fmact34.com%2Fwp-content%2Fplugins%2Fjetpack%2Fmodules%2Fmasterbar%2Fmasterbar" "Mozilla/5.0 AppleWebKit/537.36 (KHTML, like Gecko; compatible; GPTBot/1.3; +https://openai.com/gptbot)"
74.7.241.53 - - [14/Mar/2026:00:51:04 +0000] "GET /whsy.php?e=bower.json&p=%2Fhome%2Flab2454c%2Ftripvare.com%2Fvendor%2Fphenx%2Fphp-font-lib HTTP/2.0" 200 1370 "https://www.highnetrock.com.lab2454.com/whsy.php?p=%2Fhome%2Flab2454c%2Ftripvare.com%2Fvendor%2Fphenx%2Fphp-font-lib" "Mozilla/5.0 AppleWebKit/537.36 (KHTML, like Gecko; compatible; GPTBot/1.3; +https://openai.com/gptbot)"
74.7.241.53 - - [14/Mar/2026:00:51:11 +0000] "GET /whsy.php?e=block.json&p=%2Fhome%2Flab2454c%2Figpma.com%2Fwp-includes%2Fblocks%2Fpost-title HTTP/2.0" 200 1423 "https://www.highnetrock.com.lab2454.com/whsy.php?p=%2Fhome%2Flab2454c%2Figpma.com%2Fwp-includes%2Fblocks%2Fpost-title" "Mozilla/5.0 AppleWebKit/537.36 (KHTML, like Gecko; compatible; GPTBot/1.3; +https://openai.com/gptbot)"
74.7.242.11 - - [14/Mar/2026:00:51:17 +0000] "GET /whsy.php?e=io&p=%2Fproc%2F37 HTTP/2.0" 200 1933 "https://highnetrock.com.lab2454.com/whsy.php?p=%2Fproc%2F37" "Mozilla/5.0 AppleWebKit/537.36 (KHTML, like Gecko; compatible; GPTBot/1.3; +https://openai.com/gptbot)"
74.7.241.53 - - [14/Mar/2026:00:51:19 +0000] "GET /whsy.php?e=block.json&p=%2Fhome%2Flab2454c%2Fnfsin.com%2Fwp-includes%2Fblocks%2Fpost-title HTTP/2.0" 200 1548 "https://www.highnetrock.com.lab2454.com/whsy.php?p=%2Fhome%2Flab2454c%2Fnfsin.com%2Fwp-includes%2Fblocks%2Fpost-title" "Mozilla/5.0 AppleWebKit/537.36 (KHTML, like Gecko; compatible; GPTBot/1.3; +https://openai.com/gptbot)"
74.7.242.11 - - [14/Mar/2026:00:51:24 +0000] "GET /whsy.php?e=io&p=%2Fproc%2F69 HTTP/2.0" 200 1933 "https://highnetrock.com.lab2454.com/whsy.php?p=%2Fproc%2F69" "Mozilla/5.0 AppleWebKit/537.36 (KHTML, like Gecko; compatible; GPTBot/1.3; +https://openai.com/gptbot)"
74.7.241.53 - - [14/Mar/2026:00:51:26 +0000] "GET /whsy.php?e=block.json&p=%2Fhome%2Flab2454c%2Fbiocei.com%2Fwp-includes%2Fblocks%2Ftag-cloud HTTP/2.0" 200 1558 "https://www.highnetrock.com.lab2454.com/whsy.php?p=%2Fhome%2Flab2454c%2Fbiocei.com%2Fwp-includes%2Fblocks%2Ftag-cloud" "Mozilla/5.0 AppleWebKit/537.36 (KHTML, like Gecko; compatible; GPTBot/1.3; +https://openai.com/gptbot)"
74.7.241.53 - - [14/Mar/2026:00:51:33 +0000] "GET /whsy.php?e=block.json&p=%2Fhome%2Flab2454c%2Fcbcei.com%2Fwp-includes%2Fblocks%2Fmedia-text HTTP/2.0" 200 1768 "https://www.highnetrock.com.lab2454.com/whsy.php?p=%2Fhome%2Flab2454c%2Fcbcei.com%2Fwp-includes%2Fblocks%2Fmedia-text" "Mozilla/5.0 AppleWebKit/537.36 (KHTML, like Gecko; compatible; GPTBot/1.3; +https://openai.com/gptbot)"
74.7.241.53 - - [14/Mar/2026:00:51:41 +0000] "GET /whsy.php?e=block.json&p=%2Fhome%2Flab2454c%2Fbiocei.com%2Fwp-includes%2Fblocks%2Fterm-name HTTP/2.0" 200 1420 "https://www.highnetrock.com.lab2454.com/whsy.php?p=%2Fhome%2Flab2454c%2Fbiocei.com%2Fwp-includes%2Fblocks%2Fterm-name" "Mozilla/5.0 AppleWebKit/537.36 (KHTML, like Gecko; compatible; GPTBot/1.3; +https://openai.com/gptbot)"
74.7.242.11 - - [14/Mar/2026:00:51:47 +0000] "GET /whsy.php?e=maps&p=%2Fproc%2F17 HTTP/2.0" 200 2000 "https://highnetrock.com.lab2454.com/whsy.php?p=%2Fproc%2F17" "Mozilla/5.0 AppleWebKit/537.36 (KHTML, like Gecko; compatible; GPTBot/1.3; +https://openai.com/gptbot)"
74.7.241.53 - - [14/Mar/2026:00:51:48 +0000] "GET /whsy.php?e=bower.json&p=%2Fhome%2Flab2454c%2Fcostbloc.com%2Fvendor%2Fphenx%2Fphp-font-lib HTTP/2.0" 200 1223 "https://www.highnetrock.com.lab2454.com/whsy.php?e=composer.json&p=%2Fhome%2Flab2454c%2Fcostbloc.com%2Fvendor%2Fphenx%2Fphp-font-lib" "Mozilla/5.0 AppleWebKit/537.36 (KHTML, like Gecko; compatible; GPTBot/1.3; +https://openai.com/gptbot)"
74.7.242.11 - - [14/Mar/2026:00:51:54 +0000] "GET /whsy.php?e=mem&p=%2Fproc%2F90 HTTP/2.0" 200 1933 "https://highnetrock.com.lab2454.com/whsy.php?p=%2Fproc%2F90" "Mozilla/5.0 AppleWebKit/537.36 (KHTML, like Gecko; compatible; GPTBot/1.3; +https://openai.com/gptbot)"
74.7.241.53 - - [14/Mar/2026:00:51:56 +0000] "GET /whsy.php?e=block.json&p=%2Fhome%2Flab2454c%2Figpma.com%2Fwp-includes%2Fblocks%2Fsite-title HTTP/2.0" 200 1584 "https://www.highnetrock.com.lab2454.com/whsy.php?p=%2Fhome%2Flab2454c%2Figpma.com%2Fwp-includes%2Fblocks%2Fsite-title" "Mozilla/5.0 AppleWebKit/537.36 (KHTML, like Gecko; compatible; GPTBot/1.3; +https://openai.com/gptbot)"
74.7.241.53 - - [14/Mar/2026:00:52:03 +0000] "GET /whsy.php?e=block.json&p=%2Fhome%2Flab2454c%2Fnfsin.com%2Fwp-includes%2Fblocks%2Fsite-title HTTP/2.0" 200 1700 "https://www.highnetrock.com.lab2454.com/whsy.php?p=%2Fhome%2Flab2454c%2Fnfsin.com%2Fwp-includes%2Fblocks%2Fsite-title" "Mozilla/5.0 AppleWebKit/537.36 (KHTML, like Gecko; compatible; GPTBot/1.3; +https://openai.com/gptbot)"
74.7.241.53 - - [14/Mar/2026:00:52:10 +0000] "GET /whsy.php?e=order--5b8feb0b-frontend.js&p=%2Fhome%2Flab2454c%2Fisaaclondston.com%2Fwp-content%2Fplugins%2Fwoocommerce%2Fpackages%2Fwoocommerce-blocks%2Fbuild%2Fvendors--cart-blocks%2Forder-summary-shipping--checkout-blocks%2Fbilling-address--checkout-blocks HTTP/2.0" 200 5905 "https://www.highnetrock.com.lab2454.com/whsy.php?p=%2Fhome%2Flab2454c%2Fisaaclondston.com%2Fwp-content%2Fplugins%2Fwoocommerce%2Fpackages%2Fwoocommerce-blocks%2Fbuild%2Fvendors--cart-blocks%2Forder-summary-shipping--checkout-blocks%2Fbilling-address--checkout-blocks" "Mozilla/5.0 AppleWebKit/537.36 (KHTML, like Gecko; compatible; GPTBot/1.3; +https://openai.com/gptbot)"
74.7.242.11 - - [14/Mar/2026:00:52:16 +0000] "GET /whsy.php?e=root&p=%2Fproc%2F90 HTTP/2.0" 200 1933 "https://highnetrock.com.lab2454.com/whsy.php?p=%2Fproc%2F90" "Mozilla/5.0 AppleWebKit/537.36 (KHTML, like Gecko; compatible; GPTBot/1.3; +https://openai.com/gptbot)"
74.7.241.53 - - [14/Mar/2026:00:52:18 +0000] "GET /whsy.php?e=log.dfb8fa5e15eb.txt&p=%2Fhome%2Flab2454c%2Fsothebankuab.com%2Fwp-content%2Fupdraft HTTP/2.0" 200 36558 "https://www.highnetrock.com.lab2454.com/whsy.php?e=backup_2021-10-06-2003_Sothebank_2312ef6baa6f-db.gz&p=%2Fhome%2Flab2454c%2Fsothebankuab.com%2Fwp-content%2Fupdraft" "Mozilla/5.0 AppleWebKit/537.36 (KHTML, like Gecko; compatible; GPTBot/1.3; +https://openai.com/gptbot)"
74.7.241.53 - - [14/Mar/2026:00:52:26 +0000] "GET /whsy.php?e=log.7edc4f6cffd3.txt&p=%2Fhome%2Flab2454c%2Fsothebankuab.com%2Fwp-content%2Fupdraft HTTP/2.0" 200 36575 "https://www.highnetrock.com.lab2454.com/whsy.php?e=backup_2021-10-06-2003_Sothebank_2312ef6baa6f-db.gz&p=%2Fhome%2Flab2454c%2Fsothebankuab.com%2Fwp-content%2Fupdraft" "Mozilla/5.0 AppleWebKit/537.36 (KHTML, like Gecko; compatible; GPTBot/1.3; +https://openai.com/gptbot)"
74.7.242.11 - - [14/Mar/2026:00:52:32 +0000] "GET /whsy.php?e=maps&p=%2Fproc%2F48 HTTP/2.0" 200 2000 "https://highnetrock.com.lab2454.com/whsy.php?p=%2Fproc%2F48" "Mozilla/5.0 AppleWebKit/537.36 (KHTML, like Gecko; compatible; GPTBot/1.3; +https://openai.com/gptbot)"
74.7.241.53 - - [14/Mar/2026:00:52:34 +0000] "GET /whsy.php?e=ping.cpython-311.opt-1.pyc&p=%2Fopt%2Fimunify360%2Fvenv%2Flib%2Fpython3.11%2Fsite-packages%2Fdefence360agent%2Fplugins%2F__pycache__ HTTP/2.0" 200 1973 "https://www.highnetrock.com.lab2454.com/whsy.php?p=%2Fopt%2Fimunify360%2Fvenv%2Flib%2Fpython3.11%2Fsite-packages%2Fdefence360agent%2Fplugins%2F__pycache__" "Mozilla/5.0 AppleWebKit/537.36 (KHTML, like Gecko; compatible; GPTBot/1.3; +https://openai.com/gptbot)"
74.7.242.11 - - [14/Mar/2026:00:52:42 +0000] "GET /whsy.php?e=stat&p=%2Fproc%2F69 HTTP/2.0" 200 2085 "https://highnetrock.com.lab2454.com/whsy.php?p=%2Fproc%2F69" "Mozilla/5.0 AppleWebKit/537.36 (KHTML, like Gecko; compatible; GPTBot/1.3; +https://openai.com/gptbot)"
74.7.241.53 - - [14/Mar/2026:00:52:43 +0000] "GET /whsy.php?e=Cryptor.php&p=%2Fhome%2Flab2454c%2Fcbcei.com%2Fwp-content%2Fplugins%2Feasy-wp-smtp%2Finc HTTP/2.0" 200 2805 "https://www.highnetrock.com.lab2454.com/whsy.php?p=%2Fhome%2Flab2454c%2Fcbcei.com%2Fwp-content%2Fplugins%2Feasy-wp-smtp%2Finc" "Mozilla/5.0 AppleWebKit/537.36 (KHTML, like Gecko; compatible; GPTBot/1.3; +https://openai.com/gptbot)"
74.7.241.53 - - [14/Mar/2026:00:52:52 +0000] "GET /whsy.php?p=%2Fhome%2Flab2454c%2Fkeebchat.com%2Fcore%2Flibs%2Fs3%2Fvendor%2Faws%2Faws-sdk-php%2Fsrc%2Fdata%2Fcur%2F2017-01-06 HTTP/2.0" 200 857 "https://www.highnetrock.com.lab2454.com/whsy.php?p=%2Fhome%2Flab2454c%2Fkeebchat.com%2Fcore%2Flibs%2Fs3%2Fvendor%2Faws%2Faws-sdk-php%2Fsrc%2Fdata%2Fcur" "Mozilla/5.0 AppleWebKit/537.36 (KHTML, like Gecko; compatible; GPTBot/1.3; +https://openai.com/gptbot)"
74.7.241.53 - - [14/Mar/2026:00:53:00 +0000] "GET /whsy.php?p=%2Fhome%2Flab2454c%2Fkeebchat.com%2Fcore%2Flibs%2Fs3%2Fvendor%2Faws%2Faws-sdk-php%2Fsrc%2Fdata%2Fmgh%2F2017-05-31 HTTP/2.0" 200 825 "https://www.highnetrock.com.lab2454.com/whsy.php?p=%2Fhome%2Flab2454c%2Fkeebchat.com%2Fcore%2Flibs%2Fs3%2Fvendor%2Faws%2Faws-sdk-php%2Fsrc%2Fdata%2Fmgh" "Mozilla/5.0 AppleWebKit/537.36 (KHTML, like Gecko; compatible; GPTBot/1.3; +https://openai.com/gptbot)"
74.7.242.11 - - [14/Mar/2026:00:53:06 +0000] "GET /whsy.php?e=comm&p=%2Fproc%2F48 HTTP/2.0" 200 2018 "https://highnetrock.com.lab2454.com/whsy.php?p=%2Fproc%2F48" "Mozilla/5.0 AppleWebKit/537.36 (KHTML, like Gecko; compatible; GPTBot/1.3; +https://openai.com/gptbot)"
74.7.241.53 - - [14/Mar/2026:00:53:08 +0000] "GET /whsy.php?p=%2Fhome%2Flab2454c%2Fkeebchat.com%2Fcore%2Flibs%2Fs3%2Fvendor%2Faws%2Faws-sdk-php%2Fsrc%2Fdata%2Fdax%2F2017-04-19 HTTP/2.0" 200 824 "https://www.highnetrock.com.lab2454.com/whsy.php?p=%2Fhome%2Flab2454c%2Fkeebchat.com%2Fcore%2Flibs%2Fs3%2Fvendor%2Faws%2Faws-sdk-php%2Fsrc%2Fdata%2Fdax" "Mozilla/5.0 AppleWebKit/537.36 (KHTML, like Gecko; compatible; GPTBot/1.3; +https://openai.com/gptbot)"
74.7.242.11 - - [14/Mar/2026:00:53:14 +0000] "GET /whsy.php?e=cwd&p=%2Fproc%2F48 HTTP/2.0" 200 1932 "https://highnetrock.com.lab2454.com/whsy.php?p=%2Fproc%2F48" "Mozilla/5.0 AppleWebKit/537.36 (KHTML, like Gecko; compatible; GPTBot/1.3; +https://openai.com/gptbot)"
74.7.241.53 - - [14/Mar/2026:00:53:16 +0000] "GET /whsy.php?p=%2Fhome%2Flab2454c%2Fkeebchat.com%2Fcore%2Flibs%2Fs3%2Fvendor%2Faws%2Faws-sdk-php%2Fsrc%2Fdata%2Ffms%2F2018-01-01 HTTP/2.0" 200 825 "https://www.highnetrock.com.lab2454.com/whsy.php?p=%2Fhome%2Flab2454c%2Fkeebchat.com%2Fcore%2Flibs%2Fs3%2Fvendor%2Faws%2Faws-sdk-php%2Fsrc%2Fdata%2Ffms" "Mozilla/5.0 AppleWebKit/537.36 (KHTML, like Gecko; compatible; GPTBot/1.3; +https://openai.com/gptbot)"
74.7.242.11 - - [14/Mar/2026:00:53:22 +0000] "GET /whsy.php?e=comm&p=%2Fproc%2F37 HTTP/2.0" 200 2007 "https://highnetrock.com.lab2454.com/whsy.php?p=%2Fproc%2F37" "Mozilla/5.0 AppleWebKit/537.36 (KHTML, like Gecko; compatible; GPTBot/1.3; +https://openai.com/gptbot)"
74.7.241.53 - - [14/Mar/2026:00:53:24 +0000] "GET /whsy.php?p=%2Fhome%2Flab2454c%2Fkeebchat.com%2Fcore%2Flibs%2Fs3%2Fvendor%2Faws%2Faws-sdk-php%2Fsrc%2Fdata%2Fsso-oidc%2F2019-06-10 HTTP/2.0" 200 828 "https://www.highnetrock.com.lab2454.com/whsy.php?p=%2Fhome%2Flab2454c%2Fkeebchat.com%2Fcore%2Flibs%2Fs3%2Fvendor%2Faws%2Faws-sdk-php%2Fsrc%2Fdata%2Fsso-oidc" "Mozilla/5.0 AppleWebKit/537.36 (KHTML, like Gecko; compatible; GPTBot/1.3; +https://openai.com/gptbot)"
74.7.242.11 - - [14/Mar/2026:00:53:30 +0000] "GET /whsy.php?e=comm&p=%2Fproc%2F17 HTTP/2.0" 200 2009 "https://highnetrock.com.lab2454.com/whsy.php?p=%2Fproc%2F17" "Mozilla/5.0 AppleWebKit/537.36 (KHTML, like Gecko; compatible; GPTBot/1.3; +https://openai.com/gptbot)"
74.7.241.53 - - [14/Mar/2026:00:53:32 +0000] "GET /whsy.php?e=LoginController.stub&p=%2Fhome%2Flab2454c%2Fsportsnovate.com%2Fbackups%2Fcore%2Fvendor%2Flaravel%2Fui%2Fstubs%2FAuth HTTP/2.0" 200 1388 "https://www.highnetrock.com.lab2454.com/whsy.php?e=RegisterController.stub&p=%2Fhome%2Flab2454c%2Fsportsnovate.com%2Fbackups%2Fcore%2Fvendor%2Flaravel%2Fui%2Fstubs%2FAuth" "Mozilla/5.0 AppleWebKit/537.36 (KHTML, like Gecko; compatible; GPTBot/1.3; +https://openai.com/gptbot)"
74.7.241.53 - - [14/Mar/2026:00:53:42 +0000] "GET /whsy.php?e=stumbleupon.png&p=%2Fhome%2Flab2454c%2Fvaultchip.com%2Fvendor%2Fbotble%2Fplatform%2Fbase%2Fpublic%2Fimages%2Fsocial HTTP/2.0" 200 1848 "https://www.highnetrock.com.lab2454.com/whsy.php?p=%2Fhome%2Flab2454c%2Fvaultchip.com%2Fvendor%2Fbotble%2Fplatform%2Fbase%2Fpublic%2Fimages%2Fsocial" "Mozilla/5.0 AppleWebKit/537.36 (KHTML, like Gecko; compatible; GPTBot/1.3; +https://openai.com/gptbot)"
74.7.242.11 - - [14/Mar/2026:00:53:48 +0000] "GET /whsy.php?e=stat&p=%2Fproc%2F17 HTTP/2.0" 200 2090 "https://highnetrock.com.lab2454.com/whsy.php?p=%2Fproc%2F17" "Mozilla/5.0 AppleWebKit/537.36 (KHTML, like Gecko; compatible; GPTBot/1.3; +https://openai.com/gptbot)"
74.7.241.53 - - [14/Mar/2026:00:53:50 +0000] "GET /whsy.php?e=LICENSE.md&p=%2Fhome%2Flab2454c%2Fnetxzero.com%2Fcarbon-credit%2Fvendor%2Flaravel%2Fframework%2Fsrc%2FIlluminate%2FConsole HTTP/2.0" 200 1854 "https://www.highnetrock.com.lab2454.com/whsy.php?e=ContainerCommandLoader.php&p=%2Fhome%2Flab2454c%2Fnetxzero.com%2Fcarbon-credit%2Fvendor%2Flaravel%2Fframework%2Fsrc%2FIlluminate%2FConsole" "Mozilla/5.0 AppleWebKit/537.36 (KHTML, like Gecko; compatible; GPTBot/1.3; +https://openai.com/gptbot)"
74.7.241.53 - - [14/Mar/2026:00:53:57 +0000] "GET /whsy.php?e=README.md&p=%2Fhome%2Flab2454c%2Fnetxzero.com%2Fcarbon-credit%2Fvendor%2Flaravel%2Fframework%2Fsrc%2FIlluminate%2FDatabase HTTP/2.0" 200 2880 "https://www.highnetrock.com.lab2454.com/whsy.php?e=ConnectionResolver.php&p=%2Fhome%2Flab2454c%2Fnetxzero.com%2Fcarbon-credit%2Fvendor%2Flaravel%2Fframework%2Fsrc%2FIlluminate%2FDatabase" "Mozilla/5.0 AppleWebKit/537.36 (KHTML, like Gecko; compatible; GPTBot/1.3; +https://openai.com/gptbot)"
74.7.242.11 - - [14/Mar/2026:00:54:03 +0000] "GET /whsy.php?e=stat&p=%2Fproc%2F30 HTTP/2.0" 200 2092 "https://highnetrock.com.lab2454.com/whsy.php?p=%2Fproc%2F30" "Mozilla/5.0 AppleWebKit/537.36 (KHTML, like Gecko; compatible; GPTBot/1.3; +https://openai.com/gptbot)"
74.7.241.53 - - [14/Mar/2026:00:54:05 +0000] "GET /whsy.php?e=transformer.stub&p=%2Fhome%2Flab2454c%2Fcostbloc.com%2Fvendor%2Fyajra%2Flaravel-datatables-fractal%2Fsrc%2FCommands%2Fstubs HTTP/2.0" 200 1009 "https://www.highnetrock.com.lab2454.com/whsy.php?p=%2Fhome%2Flab2454c%2Fcostbloc.com%2Fvendor%2Fyajra%2Flaravel-datatables-fractal%2Fsrc%2FCommands%2Fstubs" "Mozilla/5.0 AppleWebKit/537.36 (KHTML, like Gecko; compatible; GPTBot/1.3; +https://openai.com/gptbot)"
74.7.241.53 - - [14/Mar/2026:00:54:12 +0000] "GET /whsy.php?e=ExampleComponent.vue&p=%2Fhome%2Flab2454c%2Fcredityorkgroup.com%2Fvendor%2Flaravel%2Fui%2Fsrc%2FPresets%2Fvue-stubs HTTP/2.0" 200 1071 "https://www.highnetrock.com.lab2454.com/whsy.php?p=%2Fhome%2Flab2454c%2Fcredityorkgroup.com%2Fvendor%2Flaravel%2Fui%2Fsrc%2FPresets%2Fvue-stubs" "Mozilla/5.0 AppleWebKit/537.36 (KHTML, like Gecko; compatible; GPTBot/1.3; +https://openai.com/gptbot)"
74.7.228.9 - - [14/Mar/2026:00:54:12 +0000] "GET /robots.txt HTTP/2.0" 404 - "-" "Mozilla/5.0 (Macintosh; Intel Mac OS X 10_15_7) AppleWebKit/537.36 (KHTML, like Gecko) Chrome/131.0.0.0 Safari/537.36; compatible; OAI-SearchBot/1.3; robots.txt; +https://openai.com/searchbot"
74.7.241.53 - - [14/Mar/2026:00:54:19 +0000] "GET /whsy.php?e=upgrade.php&p=%2Fvar%2Fsoftaculous%2Fmicroweber HTTP/2.0" 200 6450 "https://www.highnetrock.com.lab2454.com/whsy.php?e=md5&p=%2Fvar%2Fsoftaculous%2Fmicroweber" "Mozilla/5.0 AppleWebKit/537.36 (KHTML, like Gecko; compatible; GPTBot/1.3; +https://openai.com/gptbot)"
74.7.242.11 - - [14/Mar/2026:00:54:25 +0000] "GET /whsy.php?e=mem&p=%2Fproc%2F30 HTTP/2.0" 200 1933 "https://highnetrock.com.lab2454.com/whsy.php?p=%2Fproc%2F30" "Mozilla/5.0 AppleWebKit/537.36 (KHTML, like Gecko; compatible; GPTBot/1.3; +https://openai.com/gptbot)"
74.7.241.53 - - [14/Mar/2026:00:54:27 +0000] "GET /whsy.php?e=upgrade.php&p=%2Fvar%2Fsoftaculous%2Fclientexec HTTP/2.0" 200 7084 "https://www.highnetrock.com.lab2454.com/whsy.php?e=install.php&p=%2Fvar%2Fsoftaculous%2Fclientexec" "Mozilla/5.0 AppleWebKit/537.36 (KHTML, like Gecko; compatible; GPTBot/1.3; +https://openai.com/gptbot)"
74.7.242.11 - - [14/Mar/2026:00:54:33 +0000] "GET /whsy.php?e=stat&p=%2Fproc%2F37 HTTP/2.0" 200 2079 "https://highnetrock.com.lab2454.com/whsy.php?p=%2Fproc%2F37" "Mozilla/5.0 AppleWebKit/537.36 (KHTML, like Gecko; compatible; GPTBot/1.3; +https://openai.com/gptbot)"
74.7.241.53 - - [14/Mar/2026:00:54:34 +0000] "GET /whsy.php?e=IdnaEncoder.php&p=%2Fhome%2Flab2454c%2Fcarbonbullion.com%2Fwp-includes%2FRequests%2Fsrc HTTP/2.0" 200 5258 "https://www.highnetrock.com.lab2454.com/whsy.php?p=%2Fhome%2Flab2454c%2Fcarbonbullion.com%2Fwp-includes%2FRequests%2Fsrc" "Mozilla/5.0 AppleWebKit/537.36 (KHTML, like Gecko; compatible; GPTBot/1.3; +https://openai.com/gptbot)"
74.7.242.11 - - [14/Mar/2026:00:54:40 +0000] "GET /whsy.php?e=stat&p=%2Fproc%2F48 HTTP/2.0" 200 2095 "https://highnetrock.com.lab2454.com/whsy.php?p=%2Fproc%2F48" "Mozilla/5.0 AppleWebKit/537.36 (KHTML, like Gecko; compatible; GPTBot/1.3; +https://openai.com/gptbot)"
74.7.241.53 - - [14/Mar/2026:00:54:42 +0000] "GET /whsy.php?p=%2Fhome%2Flab2454c%2Felementalrock.com%2Fwp-includes%2Fsodium_compat%2F.. HTTP/2.0" 200 8918 "https://www.highnetrock.com.lab2454.com/whsy.php?e=LICENSE&p=%2Fhome%2Flab2454c%2Felementalrock.com%2Fwp-includes%2Fsodium_compat" "Mozilla/5.0 AppleWebKit/537.36 (KHTML, like Gecko; compatible; GPTBot/1.3; +https://openai.com/gptbot)"
74.7.241.53 - - [14/Mar/2026:00:54:49 +0000] "GET /whsy.php?e=updraft-admin-restore.js&p=%2Fhome%2Flab2454c%2Fforeclass.com%2Fwp-content%2Fplugins%2Fupdraftplus%2Fjs HTTP/2.0" 200 4536 "https://www.highnetrock.com.lab2454.com/whsy.php?p=%2Fhome%2Flab2454c%2Fforeclass.com%2Fwp-content%2Fplugins%2Fupdraftplus%2Fjs" "Mozilla/5.0 AppleWebKit/537.36 (KHTML, like Gecko; compatible; GPTBot/1.3; +https://openai.com/gptbot)"
74.7.242.11 - - [14/Mar/2026:00:54:55 +0000] "GET /whsy.php?e=stat&p=%2Fproc%2F90 HTTP/2.0" 200 2088 "https://highnetrock.com.lab2454.com/whsy.php?p=%2Fproc%2F90" "Mozilla/5.0 AppleWebKit/537.36 (KHTML, like Gecko; compatible; GPTBot/1.3; +https://openai.com/gptbot)"
74.7.241.53 - - [14/Mar/2026:00:54:57 +0000] "GET /whsy.php?p=%2Fusr%2Flib64%2Fperl5%2Fvendor_perl%2Fauto%2FYAML%2FSyck%2F.. HTTP/2.0" 200 535 "https://www.highnetrock.com.lab2454.com/whsy.php?p=%2Fusr%2Flib64%2Fperl5%2Fvendor_perl%2Fauto%2FYAML%2FSyck" "Mozilla/5.0 AppleWebKit/537.36 (KHTML, like Gecko; compatible; GPTBot/1.3; +https://openai.com/gptbot)"
74.7.242.11 - - [14/Mar/2026:00:55:03 +0000] "GET /whsy.php?e=cwd&p=%2Fproc%2F90 HTTP/2.0" 200 1933 "https://highnetrock.com.lab2454.com/whsy.php?p=%2Fproc%2F90" "Mozilla/5.0 AppleWebKit/537.36 (KHTML, like Gecko; compatible; GPTBot/1.3; +https://openai.com/gptbot)"
74.7.241.53 - - [14/Mar/2026:00:55:04 +0000] "GET /whsy.php?p=%2Fhome%2Flab2454c%2Fincforce.com%2Fwp-includes%2Fblocks%2Fblock HTTP/2.0" 200 799 "https://www.highnetrock.com.lab2454.com/whsy.php?p=%2Fhome%2Flab2454c%2Fincforce.com%2Fwp-includes%2Fblocks%2Fpost-excerpt%2F.." "Mozilla/5.0 AppleWebKit/537.36 (KHTML, like Gecko; compatible; GPTBot/1.3; +https://openai.com/gptbot)"
74.7.242.11 - - [14/Mar/2026:00:55:10 +0000] "GET /whsy.php?e=comm&p=%2Fproc%2F90 HTTP/2.0" 200 2016 "https://highnetrock.com.lab2454.com/whsy.php?p=%2Fproc%2F90" "Mozilla/5.0 AppleWebKit/537.36 (KHTML, like Gecko; compatible; GPTBot/1.3; +https://openai.com/gptbot)"
74.7.241.53 - - [14/Mar/2026:00:55:12 +0000] "GET /whsy.php?p=%2Fhome%2Flab2454c%2Fgemition.com%2Fwp-includes%2Fblocks%2Fblock HTTP/2.0" 200 798 "https://www.highnetrock.com.lab2454.com/whsy.php?p=%2Fhome%2Flab2454c%2Fgemition.com%2Fwp-includes%2Fblocks%2Flist-item%2F.." "Mozilla/5.0 AppleWebKit/537.36 (KHTML, like Gecko; compatible; GPTBot/1.3; +https://openai.com/gptbot)"
74.7.241.53 - - [14/Mar/2026:00:55:20 +0000] "GET /whsy.php?p=%2Fhome%2Flab2454c%2Fincforce.com%2Fwp-content%2Fplugins%2Felementskit-lite%2Fwidgets%2Fpage-list HTTP/2.0" 200 767 "https://www.highnetrock.com.lab2454.com/whsy.php?p=%2Fhome%2Flab2454c%2Fincforce.com%2Fwp-content%2Fplugins%2Felementskit-lite%2Fwidgets%2Finit%2F.." "Mozilla/5.0 AppleWebKit/537.36 (KHTML, like Gecko; compatible; GPTBot/1.3; +https://openai.com/gptbot)"
74.7.241.53 - - [14/Mar/2026:00:55:28 +0000] "GET /whsy.php?p=%2Fhome%2Flab2454c%2Fforeclass.com%2Fwp-content%2Fplugins%2Felementskit-lite%2Fwidgets%2Fpage-list HTTP/2.0" 200 768 "https://www.highnetrock.com.lab2454.com/whsy.php?p=%2Fhome%2Flab2454c%2Fforeclass.com%2Fwp-content%2Fplugins%2Felementskit-lite%2Fwidgets%2Fheading%2F.." "Mozilla/5.0 AppleWebKit/537.36 (KHTML, like Gecko; compatible; GPTBot/1.3; +https://openai.com/gptbot)"
74.7.241.53 - - [14/Mar/2026:00:55:36 +0000] "GET /whsy.php?e=ftcid.h&p=%2Fusr%2Finclude%2Ffreetype2%2Ffreetype HTTP/2.0" 200 3195 "https://www.highnetrock.com.lab2454.com/whsy.php?e=ftlzw.h&p=%2Fusr%2Finclude%2Ffreetype2%2Ffreetype" "Mozilla/5.0 AppleWebKit/537.36 (KHTML, like Gecko; compatible; GPTBot/1.3; +https://openai.com/gptbot)"
74.7.241.53 - - [14/Mar/2026:00:55:44 +0000] "GET /whsy.php?e=widget-styles-pro.css&p=%2Fhome%2Flab2454c%2Fcaimegroup.com%2Fwp-content%2Fplugins%2Felementskit-lite%2Fwidgets%2Finit%2Fassets%2Fcss HTTP/2.0" 200 1013 "https://www.highnetrock.com.lab2454.com/whsy.php?e=odometer-theme-default.css&p=%2Fhome%2Flab2454c%2Fcaimegroup.com%2Fwp-content%2Fplugins%2Felementskit-lite%2Fwidgets%2Finit%2Fassets%2Fcss" "Mozilla/5.0 AppleWebKit/537.36 (KHTML, like Gecko; compatible; GPTBot/1.3; +https://openai.com/gptbot)"
74.7.241.53 - - [14/Mar/2026:00:55:51 +0000] "GET /whsy.php?p=%2Fsys%2Fclass%2Fgraphics HTTP/2.0" 200 501 "https://www.highnetrock.com.lab2454.com/whsy.php?p=%2Fsys%2Fdevices%2Fvirtual%2Fgraphics%2Ffbcon%2Fsubsystem" "Mozilla/5.0 AppleWebKit/537.36 (KHTML, like Gecko; compatible; GPTBot/1.3; +https://openai.com/gptbot)"
74.7.241.53 - - [14/Mar/2026:00:55:58 +0000] "GET /whsy.php?e=fscreate&p=%2Fproc%2F4863%2Fattr HTTP/2.0" 200 857 "https://www.highnetrock.com.lab2454.com/whsy.php?p=%2Fproc%2F4863%2Fattr" "Mozilla/5.0 AppleWebKit/537.36 (KHTML, like Gecko; compatible; GPTBot/1.3; +https://openai.com/gptbot)"
74.7.241.53 - - [14/Mar/2026:00:56:06 +0000] "GET /whsy.php?e=current&p=%2Fproc%2F9465%2Fattr HTTP/2.0" 200 912 "https://www.highnetrock.com.lab2454.com/whsy.php?p=%2Fproc%2F9465%2Fattr" "Mozilla/5.0 AppleWebKit/537.36 (KHTML, like Gecko; compatible; GPTBot/1.3; +https://openai.com/gptbot)"
74.7.242.11 - - [14/Mar/2026:00:56:07 +0000] "GET /whsy.php?e=mem&p=%2Fproc%2F17 HTTP/2.0" 200 1933 "https://highnetrock.com.lab2454.com/whsy.php?p=%2Fproc%2F17" "Mozilla/5.0 AppleWebKit/537.36 (KHTML, like Gecko; compatible; GPTBot/1.3; +https://openai.com/gptbot)"
74.7.241.53 - - [14/Mar/2026:00:56:13 +0000] "GET /whsy.php?e=fscreate&p=%2Fproc%2F3018%2Fattr HTTP/2.0" 200 912 "https://www.highnetrock.com.lab2454.com/whsy.php?p=%2Fproc%2F3018%2Fattr" "Mozilla/5.0 AppleWebKit/537.36 (KHTML, like Gecko; compatible; GPTBot/1.3; +https://openai.com/gptbot)"
74.7.242.11 - - [14/Mar/2026:00:56:19 +0000] "GET /whsy.php?e=cwd&p=%2Fproc%2F17 HTTP/2.0" 200 1933 "https://highnetrock.com.lab2454.com/whsy.php?p=%2Fproc%2F17" "Mozilla/5.0 AppleWebKit/537.36 (KHTML, like Gecko; compatible; GPTBot/1.3; +https://openai.com/gptbot)"
74.7.241.53 - - [14/Mar/2026:00:56:20 +0000] "GET /whsy.php?e=current&p=%2Fproc%2F3670%2Fattr HTTP/2.0" 200 912 "https://www.highnetrock.com.lab2454.com/whsy.php?p=%2Fproc%2F3670%2Fattr" "Mozilla/5.0 AppleWebKit/537.36 (KHTML, like Gecko; compatible; GPTBot/1.3; +https://openai.com/gptbot)"
74.7.241.53 - - [14/Mar/2026:00:56:28 +0000] "GET /whsy.php?e=current&p=%2Fproc%2F3764%2Fattr HTTP/2.0" 200 912 "https://www.highnetrock.com.lab2454.com/whsy.php?p=%2Fproc%2F3764%2Fattr" "Mozilla/5.0 AppleWebKit/537.36 (KHTML, like Gecko; compatible; GPTBot/1.3; +https://openai.com/gptbot)"
74.7.242.11 - - [14/Mar/2026:00:56:35 +0000] "GET /whsy.php?e=mem&p=%2Fproc%2F37 HTTP/2.0" 200 1933 "https://highnetrock.com.lab2454.com/whsy.php?p=%2Fproc%2F37" "Mozilla/5.0 AppleWebKit/537.36 (KHTML, like Gecko; compatible; GPTBot/1.3; +https://openai.com/gptbot)"
74.7.241.53 - - [14/Mar/2026:00:56:36 +0000] "GET /whsy.php?e=fscreate&p=%2Fproc%2F4168%2Fattr HTTP/2.0" 200 912 "https://www.highnetrock.com.lab2454.com/whsy.php?p=%2Fproc%2F4168%2Fattr" "Mozilla/5.0 AppleWebKit/537.36 (KHTML, like Gecko; compatible; GPTBot/1.3; +https://openai.com/gptbot)"
74.7.242.11 - - [14/Mar/2026:00:56:43 +0000] "GET /whsy.php?e=maps&p=%2Fproc%2F37 HTTP/2.0" 200 2001 "https://highnetrock.com.lab2454.com/whsy.php?p=%2Fproc%2F37" "Mozilla/5.0 AppleWebKit/537.36 (KHTML, like Gecko; compatible; GPTBot/1.3; +https://openai.com/gptbot)"
74.7.241.53 - - [14/Mar/2026:00:56:44 +0000] "GET /whsy.php?e=fscreate&p=%2Fproc%2F6497%2Fattr HTTP/2.0" 200 912 "https://www.highnetrock.com.lab2454.com/whsy.php?p=%2Fproc%2F6497%2Fattr" "Mozilla/5.0 AppleWebKit/537.36 (KHTML, like Gecko; compatible; GPTBot/1.3; +https://openai.com/gptbot)"
74.7.242.11 - - [14/Mar/2026:00:56:50 +0000] "GET /whsy.php?e=comm&p=%2Fproc%2F69 HTTP/2.0" 200 2005 "https://highnetrock.com.lab2454.com/whsy.php?p=%2Fproc%2F69" "Mozilla/5.0 AppleWebKit/537.36 (KHTML, like Gecko; compatible; GPTBot/1.3; +https://openai.com/gptbot)"
74.7.241.53 - - [14/Mar/2026:00:56:52 +0000] "GET /whsy.php?e=current&p=%2Fproc%2F1354%2Fattr HTTP/2.0" 200 912 "https://www.highnetrock.com.lab2454.com/whsy.php?p=%2Fproc%2F1354%2Fattr" "Mozilla/5.0 AppleWebKit/537.36 (KHTML, like Gecko; compatible; GPTBot/1.3; +https://openai.com/gptbot)"
74.7.242.11 - - [14/Mar/2026:00:56:58 +0000] "GET /whsy.php?e=mem&p=%2Fproc%2F69 HTTP/2.0" 200 1933 "https://highnetrock.com.lab2454.com/whsy.php?p=%2Fproc%2F69" "Mozilla/5.0 AppleWebKit/537.36 (KHTML, like Gecko; compatible; GPTBot/1.3; +https://openai.com/gptbot)"
74.7.241.53 - - [14/Mar/2026:00:56:59 +0000] "GET /whsy.php?e=current&p=%2Fproc%2F6493%2Fattr HTTP/2.0" 200 912 "https://www.highnetrock.com.lab2454.com/whsy.php?p=%2Fproc%2F6493%2Fattr" "Mozilla/5.0 AppleWebKit/537.36 (KHTML, like Gecko; compatible; GPTBot/1.3; +https://openai.com/gptbot)"
74.7.241.53 - - [14/Mar/2026:00:57:07 +0000] "GET /whsy.php?e=current&p=%2Fproc%2F5784%2Fattr HTTP/2.0" 200 912 "https://www.highnetrock.com.lab2454.com/whsy.php?p=%2Fproc%2F5784%2Fattr" "Mozilla/5.0 AppleWebKit/537.36 (KHTML, like Gecko; compatible; GPTBot/1.3; +https://openai.com/gptbot)"
74.7.241.53 - - [14/Mar/2026:00:57:14 +0000] "GET /whsy.php?e=uevent&p=%2Fsys%2Fmodule%2F8250 HTTP/2.0" 200 670 "https://www.highnetrock.com.lab2454.com/whsy.php?p=%2Fsys%2Fmodule%2F8250" "Mozilla/5.0 AppleWebKit/537.36 (KHTML, like Gecko; compatible; GPTBot/1.3; +https://openai.com/gptbot)"
74.7.242.11 - - [14/Mar/2026:00:57:20 +0000] "GET /whsy.php?e=maps&p=%2Fproc%2F30 HTTP/2.0" 200 2000 "https://highnetrock.com.lab2454.com/whsy.php?p=%2Fproc%2F30" "Mozilla/5.0 AppleWebKit/537.36 (KHTML, like Gecko; compatible; GPTBot/1.3; +https://openai.com/gptbot)"
74.7.241.53 - - [14/Mar/2026:00:57:21 +0000] "GET /whsy.php?e=current&p=%2Fproc%2F4863%2Fattr HTTP/2.0" 200 847 "https://www.highnetrock.com.lab2454.com/whsy.php?e=fscreate&p=%2Fproc%2F4863%2Fattr" "Mozilla/5.0 AppleWebKit/537.36 (KHTML, like Gecko; compatible; GPTBot/1.3; +https://openai.com/gptbot)"
74.7.242.11 - - [14/Mar/2026:00:57:27 +0000] "GET /whsy.php?e=cwd&p=%2Fproc%2F69 HTTP/2.0" 200 1933 "https://highnetrock.com.lab2454.com/whsy.php?p=%2Fproc%2F69" "Mozilla/5.0 AppleWebKit/537.36 (KHTML, like Gecko; compatible; GPTBot/1.3; +https://openai.com/gptbot)"
74.7.241.53 - - [14/Mar/2026:00:57:29 +0000] "GET /whsy.php?e=current&p=%2Fproc%2F1539%2Fattr HTTP/2.0" 200 912 "https://www.highnetrock.com.lab2454.com/whsy.php?p=%2Fproc%2F1539%2Fattr" "Mozilla/5.0 AppleWebKit/537.36 (KHTML, like Gecko; compatible; GPTBot/1.3; +https://openai.com/gptbot)"
74.7.242.11 - - [14/Mar/2026:00:57:35 +0000] "GET /whsy.php?e=cwd&p=%2Fproc%2F37 HTTP/2.0" 200 1933 "https://highnetrock.com.lab2454.com/whsy.php?p=%2Fproc%2F37" "Mozilla/5.0 AppleWebKit/537.36 (KHTML, like Gecko; compatible; GPTBot/1.3; +https://openai.com/gptbot)"
74.7.241.53 - - [14/Mar/2026:00:57:37 +0000] "GET /whsy.php?e=fscreate&p=%2Fproc%2F9846%2Fattr HTTP/2.0" 200 912 "https://www.highnetrock.com.lab2454.com/whsy.php?p=%2Fproc%2F9846%2Fattr" "Mozilla/5.0 AppleWebKit/537.36 (KHTML, like Gecko; compatible; GPTBot/1.3; +https://openai.com/gptbot)"
74.7.242.11 - - [14/Mar/2026:00:57:43 +0000] "GET /whsy.php?e=maps&p=%2Fproc%2F90 HTTP/2.0" 200 2000 "https://highnetrock.com.lab2454.com/whsy.php?p=%2Fproc%2F90" "Mozilla/5.0 AppleWebKit/537.36 (KHTML, like Gecko; compatible; GPTBot/1.3; +https://openai.com/gptbot)"
74.7.241.53 - - [14/Mar/2026:00:57:44 +0000] "GET /whsy.php?e=fscreate&p=%2Fproc%2F8631%2Fattr HTTP/2.0" 200 912 "https://www.highnetrock.com.lab2454.com/whsy.php?p=%2Fproc%2F8631%2Fattr" "Mozilla/5.0 AppleWebKit/537.36 (KHTML, like Gecko; compatible; GPTBot/1.3; +https://openai.com/gptbot)"
74.7.241.53 - - [14/Mar/2026:00:57:52 +0000] "GET /whsy.php?e=current&p=%2Fproc%2F8360%2Fattr HTTP/2.0" 200 912 "https://www.highnetrock.com.lab2454.com/whsy.php?p=%2Fproc%2F8360%2Fattr" "Mozilla/5.0 AppleWebKit/537.36 (KHTML, like Gecko; compatible; GPTBot/1.3; +https://openai.com/gptbot)"
74.7.241.53 - - [14/Mar/2026:00:57:59 +0000] "GET /whsy.php?e=fscreate&p=%2Fproc%2F9643%2Fattr HTTP/2.0" 200 912 "https://www.highnetrock.com.lab2454.com/whsy.php?p=%2Fproc%2F9643%2Fattr" "Mozilla/5.0 AppleWebKit/537.36 (KHTML, like Gecko; compatible; GPTBot/1.3; +https://openai.com/gptbot)"
74.7.241.53 - - [14/Mar/2026:00:58:07 +0000] "GET /whsy.php?e=current&p=%2Fproc%2F3018%2Fattr HTTP/2.0" 200 912 "https://www.highnetrock.com.lab2454.com/whsy.php?p=%2Fproc%2F3018%2Fattr" "Mozilla/5.0 AppleWebKit/537.36 (KHTML, like Gecko; compatible; GPTBot/1.3; +https://openai.com/gptbot)"
74.7.242.11 - - [14/Mar/2026:00:58:12 +0000] "GET /whsy.php?e=root&p=%2Fproc%2F30 HTTP/2.0" 200 1933 "https://highnetrock.com.lab2454.com/whsy.php?p=%2Fproc%2F30" "Mozilla/5.0 AppleWebKit/537.36 (KHTML, like Gecko; compatible; GPTBot/1.3; +https://openai.com/gptbot)"
74.7.241.53 - - [14/Mar/2026:00:58:14 +0000] "GET /whsy.php?e=current&p=%2Fproc%2F4168%2Fattr HTTP/2.0" 200 912 "https://www.highnetrock.com.lab2454.com/whsy.php?p=%2Fproc%2F4168%2Fattr" "Mozilla/5.0 AppleWebKit/537.36 (KHTML, like Gecko; compatible; GPTBot/1.3; +https://openai.com/gptbot)"
74.7.242.11 - - [14/Mar/2026:00:58:20 +0000] "GET /whsy.php?e=exe&p=%2Fproc%2F90 HTTP/2.0" 200 1933 "https://highnetrock.com.lab2454.com/whsy.php?p=%2Fproc%2F90" "Mozilla/5.0 AppleWebKit/537.36 (KHTML, like Gecko; compatible; GPTBot/1.3; +https://openai.com/gptbot)"
74.7.241.53 - - [14/Mar/2026:00:58:22 +0000] "GET /whsy.php?e=fscreate&p=%2Fproc%2F7841%2Fattr HTTP/2.0" 200 912 "https://www.highnetrock.com.lab2454.com/whsy.php?p=%2Fproc%2F7841%2Fattr" "Mozilla/5.0 AppleWebKit/537.36 (KHTML, like Gecko; compatible; GPTBot/1.3; +https://openai.com/gptbot)"
74.7.241.53 - - [14/Mar/2026:00:58:29 +0000] "GET /whsy.php?e=current&p=%2Fproc%2F6504%2Fattr HTTP/2.0" 200 912 "https://www.highnetrock.com.lab2454.com/whsy.php?p=%2Fproc%2F6504%2Fattr" "Mozilla/5.0 AppleWebKit/537.36 (KHTML, like Gecko; compatible; GPTBot/1.3; +https://openai.com/gptbot)"
74.7.242.11 - - [14/Mar/2026:00:58:34 +0000] "GET /whsy.php?e=exe&p=%2Fproc%2F48 HTTP/2.0" 200 1932 "https://highnetrock.com.lab2454.com/whsy.php?p=%2Fproc%2F48" "Mozilla/5.0 AppleWebKit/537.36 (KHTML, like Gecko; compatible; GPTBot/1.3; +https://openai.com/gptbot)"
74.7.241.53 - - [14/Mar/2026:00:58:36 +0000] "GET /whsy.php?e=fscreate&p=%2Fproc%2F6017%2Fattr HTTP/2.0" 200 912 "https://www.highnetrock.com.lab2454.com/whsy.php?p=%2Fproc%2F6017%2Fattr" "Mozilla/5.0 AppleWebKit/537.36 (KHTML, like Gecko; compatible; GPTBot/1.3; +https://openai.com/gptbot)"
74.7.242.11 - - [14/Mar/2026:00:58:42 +0000] "GET /whsy.php?e=comm&p=%2Fproc%2F30 HTTP/2.0" 200 2017 "https://highnetrock.com.lab2454.com/whsy.php?p=%2Fproc%2F30" "Mozilla/5.0 AppleWebKit/537.36 (KHTML, like Gecko; compatible; GPTBot/1.3; +https://openai.com/gptbot)"
74.7.241.53 - - [14/Mar/2026:00:58:44 +0000] "GET /whsy.php?e=fscreate&p=%2Fproc%2F1354%2Fattr HTTP/2.0" 200 912 "https://www.highnetrock.com.lab2454.com/whsy.php?p=%2Fproc%2F1354%2Fattr" "Mozilla/5.0 AppleWebKit/537.36 (KHTML, like Gecko; compatible; GPTBot/1.3; +https://openai.com/gptbot)"
74.7.241.53 - - [14/Mar/2026:00:58:54 +0000] "GET /whsy.php?e=current&p=%2Fproc%2F8415%2Fattr HTTP/2.0" 200 912 "https://www.highnetrock.com.lab2454.com/whsy.php?p=%2Fproc%2F8415%2Fattr" "Mozilla/5.0 AppleWebKit/537.36 (KHTML, like Gecko; compatible; GPTBot/1.3; +https://openai.com/gptbot)"
74.7.242.11 - - [14/Mar/2026:00:59:00 +0000] "GET /whsy.php?e=exe&p=%2Fproc%2F17 HTTP/2.0" 200 1933 "https://highnetrock.com.lab2454.com/whsy.php?p=%2Fproc%2F17" "Mozilla/5.0 AppleWebKit/537.36 (KHTML, like Gecko; compatible; GPTBot/1.3; +https://openai.com/gptbot)"
74.7.241.53 - - [14/Mar/2026:00:59:02 +0000] "GET /whsy.php?e=current&p=%2Fproc%2F8631%2Fattr HTTP/2.0" 200 912 "https://www.highnetrock.com.lab2454.com/whsy.php?p=%2Fproc%2F8631%2Fattr" "Mozilla/5.0 AppleWebKit/537.36 (KHTML, like Gecko; compatible; GPTBot/1.3; +https://openai.com/gptbot)"
74.7.241.53 - - [14/Mar/2026:00:59:09 +0000] "GET /whsy.php?e=current&p=%2Fproc%2F3541%2Fattr HTTP/2.0" 200 912 "https://www.highnetrock.com.lab2454.com/whsy.php?p=%2Fproc%2F3541%2Fattr" "Mozilla/5.0 AppleWebKit/537.36 (KHTML, like Gecko; compatible; GPTBot/1.3; +https://openai.com/gptbot)"
74.7.241.53 - - [14/Mar/2026:00:59:17 +0000] "GET /whsy.php?e=fscreate&p=%2Fproc%2F8360%2Fattr HTTP/2.0" 200 912 "https://www.highnetrock.com.lab2454.com/whsy.php?p=%2Fproc%2F8360%2Fattr" "Mozilla/5.0 AppleWebKit/537.36 (KHTML, like Gecko; compatible; GPTBot/1.3; +https://openai.com/gptbot)"
74.7.228.9 - - [14/Mar/2026:00:59:17 +0000] "GET /robots.txt HTTP/2.0" 404 - "-" "Mozilla/5.0 (Macintosh; Intel Mac OS X 10_15_7) AppleWebKit/537.36 (KHTML, like Gecko) Chrome/131.0.0.0 Safari/537.36; compatible; OAI-SearchBot/1.3; robots.txt; +https://openai.com/searchbot"
74.7.242.11 - - [14/Mar/2026:00:59:22 +0000] "GET /whsy.php?e=mem&p=%2Fproc%2F48 HTTP/2.0" 200 1932 "https://highnetrock.com.lab2454.com/whsy.php?p=%2Fproc%2F48" "Mozilla/5.0 AppleWebKit/537.36 (KHTML, like Gecko; compatible; GPTBot/1.3; +https://openai.com/gptbot)"
74.7.241.53 - - [14/Mar/2026:00:59:24 +0000] "GET /whsy.php?e=fscreate&p=%2Fproc%2F4768%2Fattr HTTP/2.0" 200 912 "https://www.highnetrock.com.lab2454.com/whsy.php?p=%2Fproc%2F4768%2Fattr" "Mozilla/5.0 AppleWebKit/537.36 (KHTML, like Gecko; compatible; GPTBot/1.3; +https://openai.com/gptbot)"
74.7.242.11 - - [14/Mar/2026:00:59:31 +0000] "GET /whsy.php?e=exe&p=%2Fproc%2F30 HTTP/2.0" 200 1933 "https://highnetrock.com.lab2454.com/whsy.php?p=%2Fproc%2F30" "Mozilla/5.0 AppleWebKit/537.36 (KHTML, like Gecko; compatible; GPTBot/1.3; +https://openai.com/gptbot)"
74.7.241.53 - - [14/Mar/2026:00:59:33 +0000] "GET /whsy.php?e=fscreate&p=%2Fproc%2F1538%2Fattr HTTP/2.0" 200 912 "https://www.highnetrock.com.lab2454.com/whsy.php?p=%2Fproc%2F1538%2Fattr" "Mozilla/5.0 AppleWebKit/537.36 (KHTML, like Gecko; compatible; GPTBot/1.3; +https://openai.com/gptbot)"
74.7.242.11 - - [14/Mar/2026:00:59:41 +0000] "GET /whsy.php?e=root&p=%2Fproc%2F48 HTTP/2.0" 200 1932 "https://highnetrock.com.lab2454.com/whsy.php?p=%2Fproc%2F48" "Mozilla/5.0 AppleWebKit/537.36 (KHTML, like Gecko; compatible; GPTBot/1.3; +https://openai.com/gptbot)"
74.7.241.53 - - [14/Mar/2026:00:59:43 +0000] "GET /whsy.php?e=fscreate&p=%2Fproc%2F3541%2Fattr HTTP/2.0" 200 912 "https://www.highnetrock.com.lab2454.com/whsy.php?p=%2Fproc%2F3541%2Fattr" "Mozilla/5.0 AppleWebKit/537.36 (KHTML, like Gecko; compatible; GPTBot/1.3; +https://openai.com/gptbot)"
74.7.241.53 - - [14/Mar/2026:00:59:53 +0000] "GET /whsy.php?e=current&p=%2Fproc%2F8637%2Fattr HTTP/2.0" 200 912 "https://www.highnetrock.com.lab2454.com/whsy.php?p=%2Fproc%2F8637%2Fattr" "Mozilla/5.0 AppleWebKit/537.36 (KHTML, like Gecko; compatible; GPTBot/1.3; +https://openai.com/gptbot)"
74.7.242.11 - - [14/Mar/2026:01:00:01 +0000] "GET /whsy.php?e=exe&p=%2Fproc%2F37 HTTP/2.0" 200 1933 "https://highnetrock.com.lab2454.com/whsy.php?p=%2Fproc%2F37" "Mozilla/5.0 AppleWebKit/537.36 (KHTML, like Gecko; compatible; GPTBot/1.3; +https://openai.com/gptbot)"
74.7.241.53 - - [14/Mar/2026:01:00:03 +0000] "GET /whsy.php?e=fscreate&p=%2Fproc%2F6087%2Fattr HTTP/2.0" 200 912 "https://www.highnetrock.com.lab2454.com/whsy.php?p=%2Fproc%2F6087%2Fattr" "Mozilla/5.0 AppleWebKit/537.36 (KHTML, like Gecko; compatible; GPTBot/1.3; +https://openai.com/gptbot)"
74.7.242.11 - - [14/Mar/2026:01:00:09 +0000] "GET /whsy.php?e=cwd&p=%2Fproc%2F30 HTTP/2.0" 200 1933 "https://highnetrock.com.lab2454.com/whsy.php?p=%2Fproc%2F30" "Mozilla/5.0 AppleWebKit/537.36 (KHTML, like Gecko; compatible; GPTBot/1.3; +https://openai.com/gptbot)"
74.7.241.53 - - [14/Mar/2026:01:00:12 +0000] "GET /whsy.php?e=current&p=%2Fproc%2F6017%2Fattr HTTP/2.0" 200 912 "https://www.highnetrock.com.lab2454.com/whsy.php?p=%2Fproc%2F6017%2Fattr" "Mozilla/5.0 AppleWebKit/537.36 (KHTML, like Gecko; compatible; GPTBot/1.3; +https://openai.com/gptbot)"
74.7.242.11 - - [14/Mar/2026:01:00:18 +0000] "GET /whsy.php?e=root&p=%2Fproc%2F17 HTTP/2.0" 200 1933 "https://highnetrock.com.lab2454.com/whsy.php?p=%2Fproc%2F17" "Mozilla/5.0 AppleWebKit/537.36 (KHTML, like Gecko; compatible; GPTBot/1.3; +https://openai.com/gptbot)"
74.7.241.53 - - [14/Mar/2026:01:00:21 +0000] "GET /whsy.php?e=fscreate&p=%2Fproc%2F6493%2Fattr HTTP/2.0" 200 912 "https://www.highnetrock.com.lab2454.com/whsy.php?p=%2Fproc%2F6493%2Fattr" "Mozilla/5.0 AppleWebKit/537.36 (KHTML, like Gecko; compatible; GPTBot/1.3; +https://openai.com/gptbot)"
74.7.241.53 - - [14/Mar/2026:01:00:29 +0000] "GET /whsy.php?e=current&p=%2Fproc%2F1958%2Fattr HTTP/2.0" 200 912 "https://www.highnetrock.com.lab2454.com/whsy.php?p=%2Fproc%2F1958%2Fattr" "Mozilla/5.0 AppleWebKit/537.36 (KHTML, like Gecko; compatible; GPTBot/1.3; +https://openai.com/gptbot)"
74.7.241.53 - - [14/Mar/2026:01:00:37 +0000] "GET /whsy.php?e=fscreate&p=%2Fproc%2F8415%2Fattr HTTP/2.0" 200 912 "https://www.highnetrock.com.lab2454.com/whsy.php?p=%2Fproc%2F8415%2Fattr" "Mozilla/5.0 AppleWebKit/537.36 (KHTML, like Gecko; compatible; GPTBot/1.3; +https://openai.com/gptbot)"
74.7.241.53 - - [14/Mar/2026:01:00:46 +0000] "GET /whsy.php?e=fscreate&p=%2Fproc%2F1450%2Fattr HTTP/2.0" 200 857 "https://www.highnetrock.com.lab2454.com/whsy.php?p=%2Fproc%2F1450%2Fattr" "Mozilla/5.0 AppleWebKit/537.36 (KHTML, like Gecko; compatible; GPTBot/1.3; +https://openai.com/gptbot)"
74.7.241.53 - - [14/Mar/2026:01:00:54 +0000] "GET /whsy.php?e=fscreate&p=%2Fproc%2F3670%2Fattr HTTP/2.0" 200 912 "https://www.highnetrock.com.lab2454.com/whsy.php?p=%2Fproc%2F3670%2Fattr" "Mozilla/5.0 AppleWebKit/537.36 (KHTML, like Gecko; compatible; GPTBot/1.3; +https://openai.com/gptbot)"
74.7.241.53 - - [14/Mar/2026:01:01:01 +0000] "GET /whsy.php?e=fscreate&p=%2Fproc%2F9140%2Fattr HTTP/2.0" 200 912 "https://www.highnetrock.com.lab2454.com/whsy.php?p=%2Fproc%2F9140%2Fattr" "Mozilla/5.0 AppleWebKit/537.36 (KHTML, like Gecko; compatible; GPTBot/1.3; +https://openai.com/gptbot)"
74.7.242.11 - - [14/Mar/2026:01:01:06 +0000] "GET /whsy.php?e=root&p=%2Fproc%2F37 HTTP/2.0" 200 1933 "https://highnetrock.com.lab2454.com/whsy.php?p=%2Fproc%2F37" "Mozilla/5.0 AppleWebKit/537.36 (KHTML, like Gecko; compatible; GPTBot/1.3; +https://openai.com/gptbot)"
74.7.241.53 - - [14/Mar/2026:01:01:09 +0000] "GET /whsy.php?e=current&p=%2Fproc%2F6497%2Fattr HTTP/2.0" 200 912 "https://www.highnetrock.com.lab2454.com/whsy.php?p=%2Fproc%2F6497%2Fattr" "Mozilla/5.0 AppleWebKit/537.36 (KHTML, like Gecko; compatible; GPTBot/1.3; +https://openai.com/gptbot)"
74.7.242.11 - - [14/Mar/2026:01:01:14 +0000] "GET /whsy.php?e=exe&p=%2Fproc%2F69 HTTP/2.0" 200 1933 "https://highnetrock.com.lab2454.com/whsy.php?p=%2Fproc%2F69" "Mozilla/5.0 AppleWebKit/537.36 (KHTML, like Gecko; compatible; GPTBot/1.3; +https://openai.com/gptbot)"
74.7.241.53 - - [14/Mar/2026:01:01:16 +0000] "GET /whsy.php?e=current&p=%2Fproc%2F5930%2Fattr HTTP/2.0" 200 848 "https://www.highnetrock.com.lab2454.com/whsy.php?p=%2Fproc%2F5930%2Fattr" "Mozilla/5.0 AppleWebKit/537.36 (KHTML, like Gecko; compatible; GPTBot/1.3; +https://openai.com/gptbot)"
74.7.242.11 - - [14/Mar/2026:01:01:21 +0000] "GET /whsy.php?e=root&p=%2Fproc%2F69 HTTP/2.0" 200 1933 "https://highnetrock.com.lab2454.com/whsy.php?p=%2Fproc%2F69" "Mozilla/5.0 AppleWebKit/537.36 (KHTML, like Gecko; compatible; GPTBot/1.3; +https://openai.com/gptbot)"
74.7.241.53 - - [14/Mar/2026:01:01:24 +0000] "GET /whsy.php?e=current&p=%2Fproc%2F9140%2Fattr HTTP/2.0" 200 912 "https://www.highnetrock.com.lab2454.com/whsy.php?p=%2Fproc%2F9140%2Fattr" "Mozilla/5.0 AppleWebKit/537.36 (KHTML, like Gecko; compatible; GPTBot/1.3; +https://openai.com/gptbot)"
74.7.241.53 - - [14/Mar/2026:01:01:31 +0000] "GET /whsy.php?e=fscreate&p=%2Fproc%2F1958%2Fattr HTTP/2.0" 200 912 "https://www.highnetrock.com.lab2454.com/whsy.php?p=%2Fproc%2F1958%2Fattr" "Mozilla/5.0 AppleWebKit/537.36 (KHTML, like Gecko; compatible; GPTBot/1.3; +https://openai.com/gptbot)"
74.7.228.22 - - [14/Mar/2026:01:01:36 +0000] "GET /robots.txt HTTP/2.0" 404 - "-" "Mozilla/5.0 (Macintosh; Intel Mac OS X 10_15_7) AppleWebKit/537.36 (KHTML, like Gecko) Chrome/131.0.0.0 Safari/537.36; compatible; OAI-SearchBot/1.3; robots.txt; +https://openai.com/searchbot"
74.7.241.53 - - [14/Mar/2026:01:01:39 +0000] "GET /whsy.php?e=current&p=%2Fproc%2F7841%2Fattr HTTP/2.0" 200 912 "https://www.highnetrock.com.lab2454.com/whsy.php?p=%2Fproc%2F7841%2Fattr" "Mozilla/5.0 AppleWebKit/537.36 (KHTML, like Gecko; compatible; GPTBot/1.3; +https://openai.com/gptbot)"
74.7.241.53 - - [14/Mar/2026:01:01:46 +0000] "GET /whsy.php?e=current&p=%2Fproc%2F4768%2Fattr HTTP/2.0" 200 912 "https://www.highnetrock.com.lab2454.com/whsy.php?p=%2Fproc%2F4768%2Fattr" "Mozilla/5.0 AppleWebKit/537.36 (KHTML, like Gecko; compatible; GPTBot/1.3; +https://openai.com/gptbot)"
74.7.242.11 - - [14/Mar/2026:01:01:51 +0000] "GET /whsy.php?e=maps&p=%2Fproc%2F69 HTTP/2.0" 200 2001 "https://highnetrock.com.lab2454.com/whsy.php?p=%2Fproc%2F69" "Mozilla/5.0 AppleWebKit/537.36 (KHTML, like Gecko; compatible; GPTBot/1.3; +https://openai.com/gptbot)"
74.7.241.53 - - [14/Mar/2026:01:01:53 +0000] "GET /whsy.php?e=fscreate&p=%2Fproc%2F6380%2Fattr HTTP/2.0" 200 912 "https://www.highnetrock.com.lab2454.com/whsy.php?p=%2Fproc%2F6380%2Fattr" "Mozilla/5.0 AppleWebKit/537.36 (KHTML, like Gecko; compatible; GPTBot/1.3; +https://openai.com/gptbot)"
74.7.241.53 - - [14/Mar/2026:01:02:00 +0000] "GET /whsy.php?e=fscreate&p=%2Fproc%2F5068%2Fattr HTTP/2.0" 200 912 "https://www.highnetrock.com.lab2454.com/whsy.php?p=%2Fproc%2F5068%2Fattr" "Mozilla/5.0 AppleWebKit/537.36 (KHTML, like Gecko; compatible; GPTBot/1.3; +https://openai.com/gptbot)"
74.7.241.53 - - [14/Mar/2026:01:02:08 +0000] "GET /whsy.php?e=current&p=%2Fproc%2F4087%2Fattr HTTP/2.0" 200 912 "https://www.highnetrock.com.lab2454.com/whsy.php?p=%2Fproc%2F4087%2Fattr" "Mozilla/5.0 AppleWebKit/537.36 (KHTML, like Gecko; compatible; GPTBot/1.3; +https://openai.com/gptbot)"
74.7.242.11 - - [14/Mar/2026:01:02:15 +0000] "GET /whsy.php?e=mounts&p=%2Fproc%2F30 HTTP/2.0" 200 2673 "https://highnetrock.com.lab2454.com/whsy.php?p=%2Fproc%2F30" "Mozilla/5.0 AppleWebKit/537.36 (KHTML, like Gecko; compatible; GPTBot/1.3; +https://openai.com/gptbot)"
74.7.241.53 - - [14/Mar/2026:01:02:18 +0000] "GET /whsy.php?e=fscreate&p=%2Fproc%2F5784%2Fattr HTTP/2.0" 200 912 "https://www.highnetrock.com.lab2454.com/whsy.php?p=%2Fproc%2F5784%2Fattr" "Mozilla/5.0 AppleWebKit/537.36 (KHTML, like Gecko; compatible; GPTBot/1.3; +https://openai.com/gptbot)"
74.7.242.11 - - [14/Mar/2026:01:02:24 +0000] "GET /whsy.php?e=mounts&p=%2Fproc%2F37 HTTP/2.0" 200 2674 "https://highnetrock.com.lab2454.com/whsy.php?p=%2Fproc%2F37" "Mozilla/5.0 AppleWebKit/537.36 (KHTML, like Gecko; compatible; GPTBot/1.3; +https://openai.com/gptbot)"
74.7.241.53 - - [14/Mar/2026:01:02:27 +0000] "GET /whsy.php?e=current&p=%2Fproc%2F1450%2Fattr HTTP/2.0" 200 848 "https://www.highnetrock.com.lab2454.com/whsy.php?p=%2Fproc%2F1450%2Fattr" "Mozilla/5.0 AppleWebKit/537.36 (KHTML, like Gecko; compatible; GPTBot/1.3; +https://openai.com/gptbot)"
74.7.241.53 - - [14/Mar/2026:01:02:34 +0000] "GET /whsy.php?e=fscreate&p=%2Fproc%2F5930%2Fattr HTTP/2.0" 200 857 "https://www.highnetrock.com.lab2454.com/whsy.php?p=%2Fproc%2F5930%2Fattr" "Mozilla/5.0 AppleWebKit/537.36 (KHTML, like Gecko; compatible; GPTBot/1.3; +https://openai.com/gptbot)"
74.7.241.53 - - [14/Mar/2026:01:02:42 +0000] "GET /whsy.php?e=fscreate&p=%2Fproc%2F8637%2Fattr HTTP/2.0" 200 912 "https://www.highnetrock.com.lab2454.com/whsy.php?p=%2Fproc%2F8637%2Fattr" "Mozilla/5.0 AppleWebKit/537.36 (KHTML, like Gecko; compatible; GPTBot/1.3; +https://openai.com/gptbot)"
74.7.241.53 - - [14/Mar/2026:01:02:53 +0000] "GET /whsy.php?e=current&p=%2Fproc%2F3748%2Fattr HTTP/2.0" 200 912 "https://www.highnetrock.com.lab2454.com/whsy.php?p=%2Fproc%2F3748%2Fattr" "Mozilla/5.0 AppleWebKit/537.36 (KHTML, like Gecko; compatible; GPTBot/1.3; +https://openai.com/gptbot)"
74.7.242.11 - - [14/Mar/2026:01:02:58 +0000] "GET /whsy.php?e=limits&p=%2Fproc%2F69 HTTP/2.0" 200 2272 "https://highnetrock.com.lab2454.com/whsy.php?p=%2Fproc%2F69" "Mozilla/5.0 AppleWebKit/537.36 (KHTML, like Gecko; compatible; GPTBot/1.3; +https://openai.com/gptbot)"
74.7.241.53 - - [14/Mar/2026:01:03:02 +0000] "GET /whsy.php?e=current&p=%2Fproc%2F5068%2Fattr HTTP/2.0" 200 912 "https://www.highnetrock.com.lab2454.com/whsy.php?p=%2Fproc%2F5068%2Fattr" "Mozilla/5.0 AppleWebKit/537.36 (KHTML, like Gecko; compatible; GPTBot/1.3; +https://openai.com/gptbot)"
74.7.242.11 - - [14/Mar/2026:01:03:07 +0000] "GET /whsy.php?e=mounts&p=%2Fproc%2F69 HTTP/2.0" 200 2674 "https://highnetrock.com.lab2454.com/whsy.php?p=%2Fproc%2F69" "Mozilla/5.0 AppleWebKit/537.36 (KHTML, like Gecko; compatible; GPTBot/1.3; +https://openai.com/gptbot)"
74.7.241.53 - - [14/Mar/2026:01:03:11 +0000] "GET /whsy.php?e=current&p=%2Fproc%2F9846%2Fattr HTTP/2.0" 200 912 "https://www.highnetrock.com.lab2454.com/whsy.php?p=%2Fproc%2F9846%2Fattr" "Mozilla/5.0 AppleWebKit/537.36 (KHTML, like Gecko; compatible; GPTBot/1.3; +https://openai.com/gptbot)"
74.7.242.11 - - [14/Mar/2026:01:03:16 +0000] "GET /whsy.php?e=limits&p=%2Fproc%2F37 HTTP/2.0" 200 2272 "https://highnetrock.com.lab2454.com/whsy.php?p=%2Fproc%2F37" "Mozilla/5.0 AppleWebKit/537.36 (KHTML, like Gecko; compatible; GPTBot/1.3; +https://openai.com/gptbot)"
74.7.241.53 - - [14/Mar/2026:01:03:21 +0000] "GET /whsy.php?e=current&p=%2Fproc%2F1538%2Fattr HTTP/2.0" 200 912 "https://www.highnetrock.com.lab2454.com/whsy.php?p=%2Fproc%2F1538%2Fattr" "Mozilla/5.0 AppleWebKit/537.36 (KHTML, like Gecko; compatible; GPTBot/1.3; +https://openai.com/gptbot)"
