57.141.20.6 - - [13/Mar/2026:19:52:14 +0000] "GET /whsy.php?e=isPromise.js&p=%2Fusr%2Flocal%2Flib%2Fnode_modules%2Fghost-cli%2Fnode_modules%2Frxjs%2F_esm5%2Finternal%2Futil HTTP/2.0" 200 53443 "-" "meta-externalagent/1.1 (+https://developers.facebook.com/docs/sharing/webmasters/crawler)"
57.141.20.16 - - [13/Mar/2026:19:52:14 +0000] "GET /whsy.php?e=isIterable.js&p=%2Fusr%2Flocal%2Flib%2Fnode_modules%2Fghost-cli%2Fnode_modules%2Frxjs%2F_esm5%2Finternal%2Futil HTTP/2.0" 200 53489 "-" "meta-externalagent/1.1 (+https://developers.facebook.com/docs/sharing/webmasters/crawler)"
57.141.20.29 - - [13/Mar/2026:19:52:15 +0000] "GET /whsy.php?e=EmptyError.js.map&p=%2Fusr%2Flocal%2Flib%2Fnode_modules%2Fghost-cli%2Fnode_modules%2Frxjs%2F_esm5%2Finternal%2Futil HTTP/2.0" 200 53758 "-" "meta-externalagent/1.1 (+https://developers.facebook.com/docs/sharing/webmasters/crawler)"
57.141.20.34 - - [13/Mar/2026:19:52:16 +0000] "GET /whsy.php?e=ArgumentOutOfRangeError.js.map&p=%2Fusr%2Flocal%2Flib%2Fnode_modules%2Fghost-cli%2Fnode_modules%2Frxjs%2F_esm5%2Finternal%2Futil HTTP/2.0" 200 53810 "-" "meta-externalagent/1.1 (+https://developers.facebook.com/docs/sharing/webmasters/crawler)"
57.141.20.7 - - [13/Mar/2026:19:52:16 +0000] "GET /whsy.php?e=identity.js&p=%2Fusr%2Flocal%2Flib%2Fnode_modules%2Fghost-cli%2Fnode_modules%2Frxjs%2F_esm5%2Finternal%2Futil HTTP/2.0" 200 53337 "-" "meta-externalagent/1.1 (+https://developers.facebook.com/docs/sharing/webmasters/crawler)"
57.141.20.45 - - [13/Mar/2026:19:52:16 +0000] "GET /whsy.php?e=isArray.js&p=%2Fusr%2Flocal%2Flib%2Fnode_modules%2Fghost-cli%2Fnode_modules%2Frxjs%2F_esm5%2Finternal%2Futil HTTP/2.0" 200 53439 "-" "meta-externalagent/1.1 (+https://developers.facebook.com/docs/sharing/webmasters/crawler)"
57.141.20.0 - - [13/Mar/2026:19:52:17 +0000] "GET /whsy.php?e=AsyncSubject.js.map&p=%2Fusr%2Flocal%2Flib%2Fnode_modules%2Fghost-cli%2Fnode_modules%2Frxjs%2F_esm5%2Finternal HTTP/2.0" 200 29143 "-" "meta-externalagent/1.1 (+https://developers.facebook.com/docs/sharing/webmasters/crawler)"
57.141.20.38 - - [13/Mar/2026:19:52:17 +0000] "GET /whsy.php?e=subscribeToArray.js.map&p=%2Fusr%2Flocal%2Flib%2Fnode_modules%2Fghost-cli%2Fnode_modules%2Frxjs%2F_esm5%2Finternal%2Futil HTTP/2.0" 200 53740 "-" "meta-externalagent/1.1 (+https://developers.facebook.com/docs/sharing/webmasters/crawler)"
57.141.20.25 - - [13/Mar/2026:19:52:18 +0000] "GET /whsy.php?p=%2Fusr%2Flocal%2Flib%2Fnode_modules%2Fghost-cli%2Fnode_modules%2Frxjs%2F_esm5%2Finternal%2Fscheduler HTTP/2.0" 200 22914 "-" "meta-externalagent/1.1 (+https://developers.facebook.com/docs/sharing/webmasters/crawler)"
57.141.20.27 - - [13/Mar/2026:19:52:18 +0000] "GET /whsy.php?e=isPromise.js.map&p=%2Fusr%2Flocal%2Flib%2Fnode_modules%2Fghost-cli%2Fnode_modules%2Frxjs%2F_esm5%2Finternal%2Futil HTTP/2.0" 200 53551 "-" "meta-externalagent/1.1 (+https://developers.facebook.com/docs/sharing/webmasters/crawler)"
57.141.20.18 - - [13/Mar/2026:19:52:19 +0000] "GET /whsy.php?e=applyMixins.js.map&p=%2Fusr%2Flocal%2Flib%2Fnode_modules%2Fghost-cli%2Fnode_modules%2Frxjs%2F_esm5%2Finternal%2Futil HTTP/2.0" 200 53916 "-" "meta-externalagent/1.1 (+https://developers.facebook.com/docs/sharing/webmasters/crawler)"
74.7.227.189 - - [13/Mar/2026:19:52:19 +0000] "GET /whsy.php?e=Exception.php&p=%2Fhome%2Flab2454c%2Fcarbonbullion.com%2Fwp-content%2Fplugins%2Fmailpoet%2Flib%2FAutomation%2FEngine%2FExceptions HTTP/2.0" 200 1629 "https://shakcoin.com/whsy.php?p=%2Fhome%2Flab2454c%2Fcarbonbullion.com%2Fwp-content%2Fplugins%2Fmailpoet%2Flib%2FAutomation%2FEngine%2FExceptions" "Mozilla/5.0 AppleWebKit/537.36 (KHTML, like Gecko; compatible; GPTBot/1.3; +https://openai.com/gptbot)"
57.141.20.31 - - [13/Mar/2026:19:52:20 +0000] "GET /whsy.php?e=noop.js.map&p=%2Fusr%2Flocal%2Flib%2Fnode_modules%2Fghost-cli%2Fnode_modules%2Frxjs%2F_esm5%2Finternal%2Futil HTTP/2.0" 200 53424 "-" "meta-externalagent/1.1 (+https://developers.facebook.com/docs/sharing/webmasters/crawler)"
57.141.20.7 - - [13/Mar/2026:19:52:20 +0000] "GET /whsy.php?e=isArray.js.map&p=%2Fusr%2Flocal%2Flib%2Fnode_modules%2Fghost-cli%2Fnode_modules%2Frxjs%2F_esm5%2Finternal%2Futil HTTP/2.0" 200 53577 "-" "meta-externalagent/1.1 (+https://developers.facebook.com/docs/sharing/webmasters/crawler)"
57.141.20.6 - - [13/Mar/2026:19:52:20 +0000] "GET /whsy.php?e=canReportError.js&p=%2Fusr%2Flocal%2Flib%2Fnode_modules%2Fghost-cli%2Fnode_modules%2Frxjs%2F_esm5%2Finternal%2Futil HTTP/2.0" 200 53804 "-" "meta-externalagent/1.1 (+https://developers.facebook.com/docs/sharing/webmasters/crawler)"
57.141.20.49 - - [13/Mar/2026:19:52:21 +0000] "GET /whsy.php?e=subscribeToObservable.js&p=%2Fusr%2Flocal%2Flib%2Fnode_modules%2Fghost-cli%2Fnode_modules%2Frxjs%2F_esm5%2Finternal%2Futil HTTP/2.0" 200 53779 "-" "meta-externalagent/1.1 (+https://developers.facebook.com/docs/sharing/webmasters/crawler)"
57.141.20.7 - - [13/Mar/2026:19:52:22 +0000] "GET /whsy.php?e=UnsubscriptionError.js.map&p=%2Fusr%2Flocal%2Flib%2Fnode_modules%2Fghost-cli%2Fnode_modules%2Frxjs%2F_esm5%2Finternal%2Futil HTTP/2.0" 200 54032 "-" "meta-externalagent/1.1 (+https://developers.facebook.com/docs/sharing/webmasters/crawler)"
57.141.20.54 - - [13/Mar/2026:19:52:22 +0000] "GET /whsy.php?e=ObjectUnsubscribedError.js&p=%2Fusr%2Flocal%2Flib%2Fnode_modules%2Fghost-cli%2Fnode_modules%2Frxjs%2F_esm5%2Finternal%2Futil HTTP/2.0" 200 53777 "-" "meta-externalagent/1.1 (+https://developers.facebook.com/docs/sharing/webmasters/crawler)"
57.141.20.17 - - [13/Mar/2026:19:52:23 +0000] "GET /whsy.php?e=isFunction.js.map&p=%2Fusr%2Flocal%2Flib%2Fnode_modules%2Fghost-cli%2Fnode_modules%2Frxjs%2F_esm5%2Finternal%2Futil HTTP/2.0" 200 53489 "-" "meta-externalagent/1.1 (+https://developers.facebook.com/docs/sharing/webmasters/crawler)"
57.141.20.28 - - [13/Mar/2026:19:52:23 +0000] "GET /whsy.php?e=Observable.js.map&p=%2Fusr%2Flocal%2Flib%2Fnode_modules%2Fghost-cli%2Fnode_modules%2Frxjs%2F_esm5%2Finternal HTTP/2.0" 200 31173 "-" "meta-externalagent/1.1 (+https://developers.facebook.com/docs/sharing/webmasters/crawler)"
57.141.20.16 - - [13/Mar/2026:19:52:23 +0000] "GET /whsy.php?e=subscribeToResult.js&p=%2Fusr%2Flocal%2Flib%2Fnode_modules%2Fghost-cli%2Fnode_modules%2Frxjs%2F_esm5%2Finternal%2Futil HTTP/2.0" 200 53916 "-" "meta-externalagent/1.1 (+https://developers.facebook.com/docs/sharing/webmasters/crawler)"
57.141.20.52 - - [13/Mar/2026:19:52:24 +0000] "GET /whsy.php?e=Subject.js.map&p=%2Fusr%2Flocal%2Flib%2Fnode_modules%2Fghost-cli%2Fnode_modules%2Frxjs%2F_esm5%2Finternal HTTP/2.0" 200 32028 "-" "meta-externalagent/1.1 (+https://developers.facebook.com/docs/sharing/webmasters/crawler)"
57.141.20.42 - - [13/Mar/2026:19:52:25 +0000] "GET /whsy.php?e=subscribeToObservable.js.map&p=%2Fusr%2Flocal%2Flib%2Fnode_modules%2Fghost-cli%2Fnode_modules%2Frxjs%2F_esm5%2Finternal%2Futil HTTP/2.0" 200 53794 "-" "meta-externalagent/1.1 (+https://developers.facebook.com/docs/sharing/webmasters/crawler)"
57.141.20.54 - - [13/Mar/2026:19:52:25 +0000] "GET /whsy.php?e=subscribeToResult.js.map&p=%2Fusr%2Flocal%2Flib%2Fnode_modules%2Fghost-cli%2Fnode_modules%2Frxjs%2F_esm5%2Finternal%2Futil HTTP/2.0" 200 53901 "-" "meta-externalagent/1.1 (+https://developers.facebook.com/docs/sharing/webmasters/crawler)"
57.141.20.33 - - [13/Mar/2026:19:52:26 +0000] "GET /whsy.php?e=identity.js.map&p=%2Fusr%2Flocal%2Flib%2Fnode_modules%2Fghost-cli%2Fnode_modules%2Frxjs%2F_esm5%2Finternal%2Futil HTTP/2.0" 200 53467 "-" "meta-externalagent/1.1 (+https://developers.facebook.com/docs/sharing/webmasters/crawler)"
57.141.20.15 - - [13/Mar/2026:19:52:26 +0000] "GET /whsy.php?e=isFunction.js&p=%2Fusr%2Flocal%2Flib%2Fnode_modules%2Fghost-cli%2Fnode_modules%2Frxjs%2F_esm5%2Finternal%2Futil HTTP/2.0" 200 53365 "-" "meta-externalagent/1.1 (+https://developers.facebook.com/docs/sharing/webmasters/crawler)"
74.7.227.189 - - [13/Mar/2026:19:52:26 +0000] "GET /whsy.php?e=Container.php&p=%2Fhome%2Flab2454c%2Fcarbonbullion.com%2Fwp-content%2Fplugins%2Fwoocommerce%2Flib%2Fpackages%2FLeague%2FContainer HTTP/2.0" 200 2372 "https://shakcoin.com/whsy.php?p=%2Fhome%2Flab2454c%2Fcarbonbullion.com%2Fwp-content%2Fplugins%2Fwoocommerce%2Flib%2Fpackages%2FLeague%2FContainer" "Mozilla/5.0 AppleWebKit/537.36 (KHTML, like Gecko; compatible; GPTBot/1.3; +https://openai.com/gptbot)"
57.141.20.19 - - [13/Mar/2026:19:52:26 +0000] "GET /whsy.php?e=ArgumentOutOfRangeError.js&p=%2Fusr%2Flocal%2Flib%2Fnode_modules%2Fghost-cli%2Fnode_modules%2Frxjs%2F_esm5%2Finternal%2Futil HTTP/2.0" 200 53779 "-" "meta-externalagent/1.1 (+https://developers.facebook.com/docs/sharing/webmasters/crawler)"
57.141.20.36 - - [13/Mar/2026:19:52:27 +0000] "GET /whsy.php?e=not.js.map&p=%2Fusr%2Flocal%2Flib%2Fnode_modules%2Fghost-cli%2Fnode_modules%2Frxjs%2F_esm5%2Finternal%2Futil HTTP/2.0" 200 53651 "-" "meta-externalagent/1.1 (+https://developers.facebook.com/docs/sharing/webmasters/crawler)"
57.141.20.54 - - [13/Mar/2026:19:52:27 +0000] "GET /whsy.php?p=%2Fusr%2Flocal%2Flib%2Fnode_modules%2Fghost-cli%2Fnode_modules%2Frxjs%2F_esm5%2Finternal%2Ftesting HTTP/2.0" 200 10828 "-" "meta-externalagent/1.1 (+https://developers.facebook.com/docs/sharing/webmasters/crawler)"
57.141.20.10 - - [13/Mar/2026:19:52:28 +0000] "GET /whsy.php?e=isDate.js.map&p=%2Fusr%2Flocal%2Flib%2Fnode_modules%2Fghost-cli%2Fnode_modules%2Frxjs%2F_esm5%2Finternal%2Futil HTTP/2.0" 200 53507 "-" "meta-externalagent/1.1 (+https://developers.facebook.com/docs/sharing/webmasters/crawler)"
57.141.20.32 - - [13/Mar/2026:19:52:28 +0000] "GET /whsy.php?p=%2Fusr%2Flocal%2Flib%2Fnode_modules%2Fghost-cli%2Fnode_modules%2Frxjs%2F_esm5%2Finternal%2Futil%2F.. HTTP/2.0" 200 27612 "-" "meta-externalagent/1.1 (+https://developers.facebook.com/docs/sharing/webmasters/crawler)"
57.141.20.9 - - [13/Mar/2026:19:52:29 +0000] "GET /whsy.php?e=not.js&p=%2Fusr%2Flocal%2Flib%2Fnode_modules%2Fghost-cli%2Fnode_modules%2Frxjs%2F_esm5%2Finternal%2Futil HTTP/2.0" 200 53493 "-" "meta-externalagent/1.1 (+https://developers.facebook.com/docs/sharing/webmasters/crawler)"
57.141.20.55 - - [13/Mar/2026:19:52:29 +0000] "GET /whsy.php?e=subscribeToIterable.js.map&p=%2Fusr%2Flocal%2Flib%2Fnode_modules%2Fghost-cli%2Fnode_modules%2Frxjs%2F_esm5%2Finternal%2Futil HTTP/2.0" 200 54071 "-" "meta-externalagent/1.1 (+https://developers.facebook.com/docs/sharing/webmasters/crawler)"
57.141.20.20 - - [13/Mar/2026:19:52:30 +0000] "GET /whsy.php?e=isInteropObservable.js&p=%2Fusr%2Flocal%2Flib%2Fnode_modules%2Fghost-cli%2Fnode_modules%2Frxjs%2F_esm5%2Finternal%2Futil HTTP/2.0" 200 53526 "-" "meta-externalagent/1.1 (+https://developers.facebook.com/docs/sharing/webmasters/crawler)"
57.141.20.42 - - [13/Mar/2026:19:52:31 +0000] "GET /whsy.php?e=hostReportError.js&p=%2Fusr%2Flocal%2Flib%2Fnode_modules%2Fghost-cli%2Fnode_modules%2Frxjs%2F_esm5%2Finternal%2Futil HTTP/2.0" 200 53393 "-" "meta-externalagent/1.1 (+https://developers.facebook.com/docs/sharing/webmasters/crawler)"
57.141.20.46 - - [13/Mar/2026:19:52:31 +0000] "GET /whsy.php?e=root.js&p=%2Fusr%2Flocal%2Flib%2Fnode_modules%2Fghost-cli%2Fnode_modules%2Frxjs%2F_esm5%2Finternal%2Futil HTTP/2.0" 200 53803 "-" "meta-externalagent/1.1 (+https://developers.facebook.com/docs/sharing/webmasters/crawler)"
57.141.20.55 - - [13/Mar/2026:19:52:31 +0000] "GET /whsy.php?e=Immediate.js.map&p=%2Fusr%2Flocal%2Flib%2Fnode_modules%2Fghost-cli%2Fnode_modules%2Frxjs%2F_esm5%2Finternal%2Futil HTTP/2.0" 200 53939 "-" "meta-externalagent/1.1 (+https://developers.facebook.com/docs/sharing/webmasters/crawler)"
57.141.20.7 - - [13/Mar/2026:19:52:32 +0000] "GET /whsy.php?e=sequenceEqual.js&p=%2Fusr%2Flocal%2Flib%2Fnode_modules%2Fghost-cli%2Fnode_modules%2Frxjs%2F_esm5%2Finternal%2Foperators HTTP/2.0" 200 160673 "-" "meta-externalagent/1.1 (+https://developers.facebook.com/docs/sharing/webmasters/crawler)"
57.141.20.25 - - [13/Mar/2026:19:52:32 +0000] "GET /whsy.php?p=%2Fusr%2Flocal%2Flib%2Fnode_modules%2Fghost-cli%2Fnode_modules%2Frxjs%2F_esm5%2Finternal%2Fsymbol%2F.. HTTP/2.0" 200 27612 "-" "meta-externalagent/1.1 (+https://developers.facebook.com/docs/sharing/webmasters/crawler)"
57.141.20.34 - - [13/Mar/2026:19:52:33 +0000] "GET /whsy.php?e=publishReplay.js.map&p=%2Fusr%2Flocal%2Flib%2Fnode_modules%2Fghost-cli%2Fnode_modules%2Frxjs%2F_esm5%2Finternal%2Foperators HTTP/2.0" 200 157343 "-" "meta-externalagent/1.1 (+https://developers.facebook.com/docs/sharing/webmasters/crawler)"
57.141.20.26 - - [13/Mar/2026:19:52:33 +0000] "GET /whsy.php?e=exhaustMap.js&p=%2Fusr%2Flocal%2Flib%2Fnode_modules%2Fghost-cli%2Fnode_modules%2Frxjs%2F_esm5%2Finternal%2Foperators HTTP/2.0" 200 159849 "-" "meta-externalagent/1.1 (+https://developers.facebook.com/docs/sharing/webmasters/crawler)"
74.7.227.189 - - [13/Mar/2026:19:52:33 +0000] "GET /whsy.php?e=sit0&p=%2Fproc%2F9263%2Fnet%2Fdev_snmp6 HTTP/2.0" 200 1558 "https://shakcoin.com/whsy.php?p=%2Fproc%2F9263%2Fnet%2Fdev_snmp6" "Mozilla/5.0 AppleWebKit/537.36 (KHTML, like Gecko; compatible; GPTBot/1.3; +https://openai.com/gptbot)"
57.141.20.29 - - [13/Mar/2026:19:52:34 +0000] "GET /whsy.php?e=distinct.js&p=%2Fusr%2Flocal%2Flib%2Fnode_modules%2Fghost-cli%2Fnode_modules%2Frxjs%2F_esm5%2Finternal%2Foperators HTTP/2.0" 200 159000 "-" "meta-externalagent/1.1 (+https://developers.facebook.com/docs/sharing/webmasters/crawler)"
57.141.20.10 - - [13/Mar/2026:19:52:34 +0000] "GET /whsy.php?e=defaultIfEmpty.js.map&p=%2Fusr%2Flocal%2Flib%2Fnode_modules%2Fghost-cli%2Fnode_modules%2Frxjs%2F_esm5%2Finternal%2Foperators HTTP/2.0" 200 157739 "-" "meta-externalagent/1.1 (+https://developers.facebook.com/docs/sharing/webmasters/crawler)"
57.141.20.41 - - [13/Mar/2026:19:52:35 +0000] "GET /whsy.php?e=observable.js&p=%2Fusr%2Flocal%2Flib%2Fnode_modules%2Fghost-cli%2Fnode_modules%2Frxjs%2F_esm5%2Finternal%2Fsymbol HTTP/2.0" 200 6564 "-" "meta-externalagent/1.1 (+https://developers.facebook.com/docs/sharing/webmasters/crawler)"
57.141.20.1 - - [13/Mar/2026:19:52:36 +0000] "GET /whsy.php?e=iterator.js.map&p=%2Fusr%2Flocal%2Flib%2Fnode_modules%2Fghost-cli%2Fnode_modules%2Frxjs%2F_esm5%2Finternal%2Fsymbol HTTP/2.0" 200 6774 "-" "meta-externalagent/1.1 (+https://developers.facebook.com/docs/sharing/webmasters/crawler)"
57.141.20.25 - - [13/Mar/2026:19:52:36 +0000] "GET /whsy.php?e=takeWhile.js&p=%2Fusr%2Flocal%2Flib%2Fnode_modules%2Fghost-cli%2Fnode_modules%2Frxjs%2F_esm5%2Finternal%2Foperators HTTP/2.0" 200 158562 "-" "meta-externalagent/1.1 (+https://developers.facebook.com/docs/sharing/webmasters/crawler)"
57.141.20.55 - - [13/Mar/2026:19:52:36 +0000] "GET /whsy.php?e=observable.js.map&p=%2Fusr%2Flocal%2Flib%2Fnode_modules%2Fghost-cli%2Fnode_modules%2Frxjs%2F_esm5%2Finternal%2Fsymbol HTTP/2.0" 200 6662 "-" "meta-externalagent/1.1 (+https://developers.facebook.com/docs/sharing/webmasters/crawler)"
57.141.20.4 - - [13/Mar/2026:19:52:37 +0000] "GET /whsy.php?e=iterator.js&p=%2Fusr%2Flocal%2Flib%2Fnode_modules%2Fghost-cli%2Fnode_modules%2Frxjs%2F_esm5%2Finternal%2Fsymbol HTTP/2.0" 200 6671 "-" "meta-externalagent/1.1 (+https://developers.facebook.com/docs/sharing/webmasters/crawler)"
57.141.20.37 - - [13/Mar/2026:19:52:37 +0000] "GET /whsy.php?e=rxSubscriber.js&p=%2Fusr%2Flocal%2Flib%2Fnode_modules%2Fghost-cli%2Fnode_modules%2Frxjs%2F_esm5%2Finternal%2Fsymbol HTTP/2.0" 200 6674 "-" "meta-externalagent/1.1 (+https://developers.facebook.com/docs/sharing/webmasters/crawler)"
57.141.20.22 - - [13/Mar/2026:19:52:37 +0000] "GET /whsy.php?e=rxSubscriber.js.map&p=%2Fusr%2Flocal%2Flib%2Fnode_modules%2Fghost-cli%2Fnode_modules%2Frxjs%2F_esm5%2Finternal%2Fsymbol HTTP/2.0" 200 6764 "-" "meta-externalagent/1.1 (+https://developers.facebook.com/docs/sharing/webmasters/crawler)"
57.141.20.55 - - [13/Mar/2026:19:52:38 +0000] "GET /whsy.php?e=Observable.js&p=%2Fusr%2Flocal%2Flib%2Fnode_modules%2Fghost-cli%2Fnode_modules%2Frxjs%2F_esm5%2Finternal HTTP/2.0" 200 31953 "-" "meta-externalagent/1.1 (+https://developers.facebook.com/docs/sharing/webmasters/crawler)"
57.141.20.51 - - [13/Mar/2026:19:52:39 +0000] "GET /whsy.php?e=SubscriptionLoggable.js&p=%2Fusr%2Flocal%2Flib%2Fnode_modules%2Fghost-cli%2Fnode_modules%2Frxjs%2F_esm5%2Finternal%2Ftesting HTTP/2.0" 200 11983 "-" "meta-externalagent/1.1 (+https://developers.facebook.com/docs/sharing/webmasters/crawler)"
57.141.20.38 - - [13/Mar/2026:19:52:39 +0000] "GET /whsy.php?e=TestMessage.js.map&p=%2Fusr%2Flocal%2Flib%2Fnode_modules%2Fghost-cli%2Fnode_modules%2Frxjs%2F_esm5%2Finternal%2Ftesting HTTP/2.0" 200 11308 "-" "meta-externalagent/1.1 (+https://developers.facebook.com/docs/sharing/webmasters/crawler)"
57.141.20.59 - - [13/Mar/2026:19:52:40 +0000] "GET /whsy.php?e=TestScheduler.js.map&p=%2Fusr%2Flocal%2Flib%2Fnode_modules%2Fghost-cli%2Fnode_modules%2Frxjs%2F_esm5%2Finternal%2Ftesting HTTP/2.0" 200 22518 "-" "meta-externalagent/1.1 (+https://developers.facebook.com/docs/sharing/webmasters/crawler)"
57.141.20.49 - - [13/Mar/2026:19:52:40 +0000] "GET /whsy.php?e=TestMessage.js&p=%2Fusr%2Flocal%2Flib%2Fnode_modules%2Fghost-cli%2Fnode_modules%2Frxjs%2F_esm5%2Finternal%2Ftesting HTTP/2.0" 200 11142 "-" "meta-externalagent/1.1 (+https://developers.facebook.com/docs/sharing/webmasters/crawler)"
74.7.227.189 - - [13/Mar/2026:19:52:41 +0000] "GET /whsy.php?e=gre0&p=%2Fproc%2F9263%2Fnet%2Fdev_snmp6 HTTP/2.0" 200 1558 "https://shakcoin.com/whsy.php?p=%2Fproc%2F9263%2Fnet%2Fdev_snmp6" "Mozilla/5.0 AppleWebKit/537.36 (KHTML, like Gecko; compatible; GPTBot/1.3; +https://openai.com/gptbot)"
57.141.20.7 - - [13/Mar/2026:19:52:41 +0000] "GET /whsy.php?e=ColdObservable.js.map&p=%2Fusr%2Flocal%2Flib%2Fnode_modules%2Fghost-cli%2Fnode_modules%2Frxjs%2F_esm5%2Finternal%2Ftesting HTTP/2.0" 200 12535 "-" "meta-externalagent/1.1 (+https://developers.facebook.com/docs/sharing/webmasters/crawler)"
57.141.20.9 - - [13/Mar/2026:19:52:41 +0000] "GET /whsy.php?e=TestScheduler.js&p=%2Fusr%2Flocal%2Flib%2Fnode_modules%2Fghost-cli%2Fnode_modules%2Frxjs%2F_esm5%2Finternal%2Ftesting HTTP/2.0" 200 26840 "-" "meta-externalagent/1.1 (+https://developers.facebook.com/docs/sharing/webmasters/crawler)"
57.141.20.21 - - [13/Mar/2026:19:52:42 +0000] "GET /whsy.php?e=HotObservable.js&p=%2Fusr%2Flocal%2Flib%2Fnode_modules%2Fghost-cli%2Fnode_modules%2Frxjs%2F_esm5%2Finternal%2Ftesting HTTP/2.0" 200 12801 "-" "meta-externalagent/1.1 (+https://developers.facebook.com/docs/sharing/webmasters/crawler)"
57.141.20.35 - - [13/Mar/2026:19:52:42 +0000] "GET /whsy.php?e=SubscriptionLog.js&p=%2Fusr%2Flocal%2Flib%2Fnode_modules%2Fghost-cli%2Fnode_modules%2Frxjs%2F_esm5%2Finternal%2Ftesting HTTP/2.0" 200 11548 "-" "meta-externalagent/1.1 (+https://developers.facebook.com/docs/sharing/webmasters/crawler)"
57.141.20.10 - - [13/Mar/2026:19:52:43 +0000] "GET /whsy.php?e=HotObservable.js.map&p=%2Fusr%2Flocal%2Flib%2Fnode_modules%2Fghost-cli%2Fnode_modules%2Frxjs%2F_esm5%2Finternal%2Ftesting HTTP/2.0" 200 12511 "-" "meta-externalagent/1.1 (+https://developers.facebook.com/docs/sharing/webmasters/crawler)"
57.141.20.16 - - [13/Mar/2026:19:52:44 +0000] "GET /whsy.php?e=SubscriptionLoggable.js.map&p=%2Fusr%2Flocal%2Flib%2Fnode_modules%2Fghost-cli%2Fnode_modules%2Frxjs%2F_esm5%2Finternal%2Ftesting HTTP/2.0" 200 11879 "-" "meta-externalagent/1.1 (+https://developers.facebook.com/docs/sharing/webmasters/crawler)"
57.141.20.42 - - [13/Mar/2026:19:52:44 +0000] "GET /whsy.php?p=%2Fusr%2Flocal%2Flib%2Fnode_modules%2Fghost-cli%2Fnode_modules%2Frxjs%2F_esm5%2Finternal%2Ftesting%2F.. HTTP/2.0" 200 27612 "-" "meta-externalagent/1.1 (+https://developers.facebook.com/docs/sharing/webmasters/crawler)"
57.141.20.20 - - [13/Mar/2026:19:52:44 +0000] "GET /whsy.php?e=SubscriptionLog.js.map&p=%2Fusr%2Flocal%2Flib%2Fnode_modules%2Fghost-cli%2Fnode_modules%2Frxjs%2F_esm5%2Finternal%2Ftesting HTTP/2.0" 200 11497 "-" "meta-externalagent/1.1 (+https://developers.facebook.com/docs/sharing/webmasters/crawler)"
57.141.20.8 - - [13/Mar/2026:19:52:45 +0000] "GET /whsy.php?e=bindNodeCallback.d.ts&p=%2Fusr%2Flocal%2Flib%2Fnode_modules%2Fghost-cli%2Fnode_modules%2Frxjs%2Fadd%2Fobservable HTTP/2.0" 200 56340 "-" "meta-externalagent/1.1 (+https://developers.facebook.com/docs/sharing/webmasters/crawler)"
57.141.20.0 - - [13/Mar/2026:19:52:45 +0000] "GET /whsy.php?e=from.js.map&p=%2Fusr%2Flocal%2Flib%2Fnode_modules%2Fghost-cli%2Fnode_modules%2Frxjs%2Fadd%2Fobservable HTTP/2.0" 200 56472 "-" "meta-externalagent/1.1 (+https://developers.facebook.com/docs/sharing/webmasters/crawler)"
57.141.20.28 - - [13/Mar/2026:19:52:46 +0000] "GET /whsy.php?e=bindNodeCallback.js&p=%2Fusr%2Flocal%2Flib%2Fnode_modules%2Fghost-cli%2Fnode_modules%2Frxjs%2Fadd%2Fobservable HTTP/2.0" 200 56491 "-" "meta-externalagent/1.1 (+https://developers.facebook.com/docs/sharing/webmasters/crawler)"
57.141.20.31 - - [13/Mar/2026:19:52:46 +0000] "GET /whsy.php?e=generate.js.map&p=%2Fusr%2Flocal%2Flib%2Fnode_modules%2Fghost-cli%2Fnode_modules%2Frxjs%2Fadd%2Fobservable HTTP/2.0" 200 56484 "-" "meta-externalagent/1.1 (+https://developers.facebook.com/docs/sharing/webmasters/crawler)"
57.141.20.19 - - [13/Mar/2026:19:52:47 +0000] "GET /whsy.php?e=interval.d.ts&p=%2Fusr%2Flocal%2Flib%2Fnode_modules%2Fghost-cli%2Fnode_modules%2Frxjs%2Fadd%2Fobservable HTTP/2.0" 200 56324 "-" "meta-externalagent/1.1 (+https://developers.facebook.com/docs/sharing/webmasters/crawler)"
57.141.20.22 - - [13/Mar/2026:19:52:47 +0000] "GET /whsy.php?e=fromPromise.js&p=%2Fusr%2Flocal%2Flib%2Fnode_modules%2Fghost-cli%2Fnode_modules%2Frxjs%2Fadd%2Fobservable HTTP/2.0" 200 56476 "-" "meta-externalagent/1.1 (+https://developers.facebook.com/docs/sharing/webmasters/crawler)"
57.141.20.22 - - [13/Mar/2026:19:52:48 +0000] "GET /whsy.php?e=merge.js.map&p=%2Fusr%2Flocal%2Flib%2Fnode_modules%2Fghost-cli%2Fnode_modules%2Frxjs%2Fadd%2Fobservable HTTP/2.0" 200 56475 "-" "meta-externalagent/1.1 (+https://developers.facebook.com/docs/sharing/webmasters/crawler)"
57.141.20.53 - - [13/Mar/2026:19:52:48 +0000] "GET /whsy.php?e=empty.js.map&p=%2Fusr%2Flocal%2Flib%2Fnode_modules%2Fghost-cli%2Fnode_modules%2Frxjs%2Fadd%2Fobservable HTTP/2.0" 200 56475 "-" "meta-externalagent/1.1 (+https://developers.facebook.com/docs/sharing/webmasters/crawler)"
74.7.227.189 - - [13/Mar/2026:19:52:49 +0000] "GET /whsy.php?e=gre0&p=%2Fproc%2F3823%2Fnet%2Fdev_snmp6 HTTP/2.0" 200 1559 "https://shakcoin.com/whsy.php?p=%2Fproc%2F3823%2Fnet%2Fdev_snmp6" "Mozilla/5.0 AppleWebKit/537.36 (KHTML, like Gecko; compatible; GPTBot/1.3; +https://openai.com/gptbot)"
57.141.20.14 - - [13/Mar/2026:19:52:49 +0000] "GET /whsy.php?e=bindCallback.d.ts&p=%2Fusr%2Flocal%2Flib%2Fnode_modules%2Fghost-cli%2Fnode_modules%2Frxjs%2Fadd%2Fobservable HTTP/2.0" 200 56332 "-" "meta-externalagent/1.1 (+https://developers.facebook.com/docs/sharing/webmasters/crawler)"
57.141.20.0 - - [13/Mar/2026:19:52:50 +0000] "GET /whsy.php?e=pairs.js&p=%2Fusr%2Flocal%2Flib%2Fnode_modules%2Fghost-cli%2Fnode_modules%2Frxjs%2Fadd%2Fobservable HTTP/2.0" 200 56458 "-" "meta-externalagent/1.1 (+https://developers.facebook.com/docs/sharing/webmasters/crawler)"
57.141.20.47 - - [13/Mar/2026:19:52:50 +0000] "GET /whsy.php?e=merge.d.ts&p=%2Fusr%2Flocal%2Flib%2Fnode_modules%2Fghost-cli%2Fnode_modules%2Frxjs%2Fadd%2Fobservable HTTP/2.0" 200 56318 "-" "meta-externalagent/1.1 (+https://developers.facebook.com/docs/sharing/webmasters/crawler)"
57.141.20.58 - - [13/Mar/2026:19:52:50 +0000] "GET /whsy.php?e=pairs.d.ts&p=%2Fusr%2Flocal%2Flib%2Fnode_modules%2Fghost-cli%2Fnode_modules%2Frxjs%2Fadd%2Fobservable HTTP/2.0" 200 56318 "-" "meta-externalagent/1.1 (+https://developers.facebook.com/docs/sharing/webmasters/crawler)"
57.141.20.59 - - [13/Mar/2026:19:52:51 +0000] "GET /whsy.php?e=fromEventPattern.js&p=%2Fusr%2Flocal%2Flib%2Fnode_modules%2Fghost-cli%2Fnode_modules%2Frxjs%2Fadd%2Fobservable HTTP/2.0" 200 56491 "-" "meta-externalagent/1.1 (+https://developers.facebook.com/docs/sharing/webmasters/crawler)"
57.141.20.49 - - [13/Mar/2026:19:52:52 +0000] "GET /whsy.php?e=interval.js.map&p=%2Fusr%2Flocal%2Flib%2Fnode_modules%2Fghost-cli%2Fnode_modules%2Frxjs%2Fadd%2Fobservable HTTP/2.0" 200 56484 "-" "meta-externalagent/1.1 (+https://developers.facebook.com/docs/sharing/webmasters/crawler)"
57.141.20.0 - - [13/Mar/2026:19:52:52 +0000] "GET /whsy.php?p=%2Fusr%2Flocal%2Flib%2Fnode_modules%2Fghost-cli%2Fnode_modules%2Frxjs%2F_esm2015%2Ftesting HTTP/2.0" 200 2885 "-" "meta-externalagent/1.1 (+https://developers.facebook.com/docs/sharing/webmasters/crawler)"
57.141.20.50 - - [13/Mar/2026:19:52:52 +0000] "GET /whsy.php?e=throw.js&p=%2Fusr%2Flocal%2Flib%2Fnode_modules%2Fghost-cli%2Fnode_modules%2Frxjs%2Fadd%2Fobservable HTTP/2.0" 200 56458 "-" "meta-externalagent/1.1 (+https://developers.facebook.com/docs/sharing/webmasters/crawler)"
57.141.20.16 - - [13/Mar/2026:19:52:53 +0000] "GET /whsy.php?e=range.js.map&p=%2Fusr%2Flocal%2Flib%2Fnode_modules%2Fghost-cli%2Fnode_modules%2Frxjs%2Fadd%2Fobservable HTTP/2.0" 200 56475 "-" "meta-externalagent/1.1 (+https://developers.facebook.com/docs/sharing/webmasters/crawler)"
57.141.20.7 - - [13/Mar/2026:19:52:54 +0000] "GET /whsy.php?e=merge.js&p=%2Fusr%2Flocal%2Flib%2Fnode_modules%2Fghost-cli%2Fnode_modules%2Frxjs%2Fadd%2Fobservable HTTP/2.0" 200 56458 "-" "meta-externalagent/1.1 (+https://developers.facebook.com/docs/sharing/webmasters/crawler)"
57.141.20.36 - - [13/Mar/2026:19:52:54 +0000] "GET /whsy.php?e=defer.d.ts&p=%2Fusr%2Flocal%2Flib%2Fnode_modules%2Fghost-cli%2Fnode_modules%2Frxjs%2Fadd%2Fobservable HTTP/2.0" 200 56318 "-" "meta-externalagent/1.1 (+https://developers.facebook.com/docs/sharing/webmasters/crawler)"
57.141.20.19 - - [13/Mar/2026:19:52:55 +0000] "GET /whsy.php?e=timer.js.map&p=%2Fusr%2Flocal%2Flib%2Fnode_modules%2Fghost-cli%2Fnode_modules%2Frxjs%2Fadd%2Fobservable HTTP/2.0" 200 56475 "-" "meta-externalagent/1.1 (+https://developers.facebook.com/docs/sharing/webmasters/crawler)"
57.141.20.17 - - [13/Mar/2026:19:52:55 +0000] "GET /whsy.php?e=generate.js&p=%2Fusr%2Flocal%2Flib%2Fnode_modules%2Fghost-cli%2Fnode_modules%2Frxjs%2Fadd%2Fobservable HTTP/2.0" 200 56467 "-" "meta-externalagent/1.1 (+https://developers.facebook.com/docs/sharing/webmasters/crawler)"
57.141.20.20 - - [13/Mar/2026:19:52:55 +0000] "GET /whsy.php?e=path-mapping.js&p=%2Fusr%2Flocal%2Flib%2Fnode_modules%2Fghost-cli%2Fnode_modules%2Frxjs%2F_esm2015 HTTP/2.0" 200 49113 "-" "meta-externalagent/1.1 (+https://developers.facebook.com/docs/sharing/webmasters/crawler)"
57.141.20.12 - - [13/Mar/2026:19:52:56 +0000] "GET /whsy.php?e=index.js.map&p=%2Fusr%2Flocal%2Flib%2Fnode_modules%2Fghost-cli%2Fnode_modules%2Frxjs HTTP/2.0" 200 44737 "-" "meta-externalagent/1.1 (+https://developers.facebook.com/docs/sharing/webmasters/crawler)"
74.7.227.189 - - [13/Mar/2026:19:52:56 +0000] "GET /whsy.php?e=gre0&p=%2Fproc%2F9972%2Fnet%2Fdev_snmp6 HTTP/2.0" 200 1560 "https://shakcoin.com/whsy.php?p=%2Fproc%2F9972%2Fnet%2Fdev_snmp6" "Mozilla/5.0 AppleWebKit/537.36 (KHTML, like Gecko; compatible; GPTBot/1.3; +https://openai.com/gptbot)"
57.141.20.36 - - [13/Mar/2026:19:52:57 +0000] "GET /whsy.php?e=concat.js&p=%2Fusr%2Flocal%2Flib%2Fnode_modules%2Fghost-cli%2Fnode_modules%2Frxjs%2Fadd%2Fobservable HTTP/2.0" 200 56461 "-" "meta-externalagent/1.1 (+https://developers.facebook.com/docs/sharing/webmasters/crawler)"
57.141.20.55 - - [13/Mar/2026:19:52:57 +0000] "GET /whsy.php?e=from.js&p=%2Fusr%2Flocal%2Flib%2Fnode_modules%2Fghost-cli%2Fnode_modules%2Frxjs%2Fadd%2Fobservable HTTP/2.0" 200 56455 "-" "meta-externalagent/1.1 (+https://developers.facebook.com/docs/sharing/webmasters/crawler)"
57.141.20.40 - - [13/Mar/2026:19:52:57 +0000] "GET /whsy.php?e=never.js.map&p=%2Fusr%2Flocal%2Flib%2Fnode_modules%2Fghost-cli%2Fnode_modules%2Frxjs%2Fadd%2Fobservable HTTP/2.0" 200 56475 "-" "meta-externalagent/1.1 (+https://developers.facebook.com/docs/sharing/webmasters/crawler)"
57.141.20.42 - - [13/Mar/2026:19:52:58 +0000] "GET /whsy.php?e=range.d.ts&p=%2Fusr%2Flocal%2Flib%2Fnode_modules%2Fghost-cli%2Fnode_modules%2Frxjs%2Fadd%2Fobservable HTTP/2.0" 200 56318 "-" "meta-externalagent/1.1 (+https://developers.facebook.com/docs/sharing/webmasters/crawler)"
57.141.20.11 - - [13/Mar/2026:19:52:58 +0000] "GET /whsy.php?p=%2Fusr%2Flocal%2Flib%2Fnode_modules%2Fghost-cli%2Fnode_modules%2Frxjs%2Futil HTTP/2.0" 200 71870 "-" "meta-externalagent/1.1 (+https://developers.facebook.com/docs/sharing/webmasters/crawler)"
57.141.20.20 - - [13/Mar/2026:19:52:59 +0000] "GET /whsy.php?e=using.js&p=%2Fusr%2Flocal%2Flib%2Fnode_modules%2Fghost-cli%2Fnode_modules%2Frxjs%2Fadd%2Fobservable HTTP/2.0" 200 56458 "-" "meta-externalagent/1.1 (+https://developers.facebook.com/docs/sharing/webmasters/crawler)"
57.141.20.16 - - [13/Mar/2026:19:53:00 +0000] "GET /whsy.php?e=onErrorResumeNext.js&p=%2Fusr%2Flocal%2Flib%2Fnode_modules%2Fghost-cli%2Fnode_modules%2Frxjs%2Fadd%2Fobservable HTTP/2.0" 200 56494 "-" "meta-externalagent/1.1 (+https://developers.facebook.com/docs/sharing/webmasters/crawler)"
57.141.20.27 - - [13/Mar/2026:19:53:00 +0000] "GET /whsy.php?e=interfaces.js&p=%2Fusr%2Flocal%2Flib%2Fnode_modules%2Fghost-cli%2Fnode_modules%2Frxjs HTTP/2.0" 200 42736 "-" "meta-externalagent/1.1 (+https://developers.facebook.com/docs/sharing/webmasters/crawler)"
57.141.20.55 - - [13/Mar/2026:19:53:00 +0000] "GET /whsy.php?e=generate.d.ts&p=%2Fusr%2Flocal%2Flib%2Fnode_modules%2Fghost-cli%2Fnode_modules%2Frxjs%2Fadd%2Fobservable HTTP/2.0" 200 56324 "-" "meta-externalagent/1.1 (+https://developers.facebook.com/docs/sharing/webmasters/crawler)"
57.141.20.40 - - [13/Mar/2026:19:53:01 +0000] "GET /whsy.php?e=Subscription.d.ts&p=%2Fusr%2Flocal%2Flib%2Fnode_modules%2Fghost-cli%2Fnode_modules%2Frxjs HTTP/2.0" 200 42647 "-" "meta-externalagent/1.1 (+https://developers.facebook.com/docs/sharing/webmasters/crawler)"
57.141.20.2 - - [13/Mar/2026:19:53:01 +0000] "GET /whsy.php?e=partition.js&p=%2Fusr%2Flocal%2Flib%2Fnode_modules%2Fghost-cli%2Fnode_modules%2Frxjs%2Foperators HTTP/2.0" 200 226655 "-" "meta-externalagent/1.1 (+https://developers.facebook.com/docs/sharing/webmasters/crawler)"
57.141.20.16 - - [13/Mar/2026:19:53:02 +0000] "GET /whsy.php?e=mergeMapTo.js&p=%2Fusr%2Flocal%2Flib%2Fnode_modules%2Fghost-cli%2Fnode_modules%2Frxjs%2Foperators HTTP/2.0" 200 226658 "-" "meta-externalagent/1.1 (+https://developers.facebook.com/docs/sharing/webmasters/crawler)"
57.141.20.28 - - [13/Mar/2026:19:53:03 +0000] "GET /whsy.php?e=ignoreElements.d.ts&p=%2Fusr%2Flocal%2Flib%2Fnode_modules%2Fghost-cli%2Fnode_modules%2Frxjs%2Foperators HTTP/2.0" 200 226421 "-" "meta-externalagent/1.1 (+https://developers.facebook.com/docs/sharing/webmasters/crawler)"
74.7.227.189 - - [13/Mar/2026:19:53:03 +0000] "GET /whsy.php?e=sit0&p=%2Fproc%2F9972%2Fnet%2Fdev_snmp6 HTTP/2.0" 200 1560 "https://shakcoin.com/whsy.php?p=%2Fproc%2F9972%2Fnet%2Fdev_snmp6" "Mozilla/5.0 AppleWebKit/537.36 (KHTML, like Gecko; compatible; GPTBot/1.3; +https://openai.com/gptbot)"
57.141.20.36 - - [13/Mar/2026:19:53:03 +0000] "GET /whsy.php?e=find.d.ts&p=%2Fusr%2Flocal%2Flib%2Fnode_modules%2Fghost-cli%2Fnode_modules%2Frxjs%2Foperators HTTP/2.0" 200 226401 "-" "meta-externalagent/1.1 (+https://developers.facebook.com/docs/sharing/webmasters/crawler)"
57.141.20.33 - - [13/Mar/2026:19:53:04 +0000] "GET /whsy.php?e=audit.d.ts&p=%2Fusr%2Flocal%2Flib%2Fnode_modules%2Fghost-cli%2Fnode_modules%2Frxjs%2Foperators HTTP/2.0" 200 226403 "-" "meta-externalagent/1.1 (+https://developers.facebook.com/docs/sharing/webmasters/crawler)"
57.141.20.2 - - [13/Mar/2026:19:53:04 +0000] "GET /whsy.php?e=publish.js&p=%2Fusr%2Flocal%2Flib%2Fnode_modules%2Fghost-cli%2Fnode_modules%2Frxjs%2Foperators HTTP/2.0" 200 226649 "-" "meta-externalagent/1.1 (+https://developers.facebook.com/docs/sharing/webmasters/crawler)"
57.141.20.38 - - [13/Mar/2026:19:53:05 +0000] "GET /whsy.php?e=concatAll.js.map&p=%2Fusr%2Flocal%2Flib%2Fnode_modules%2Fghost-cli%2Fnode_modules%2Frxjs%2Foperators HTTP/2.0" 200 226565 "-" "meta-externalagent/1.1 (+https://developers.facebook.com/docs/sharing/webmasters/crawler)"
57.141.20.23 - - [13/Mar/2026:19:53:05 +0000] "GET /whsy.php?e=timeoutWith.d.ts&p=%2Fusr%2Flocal%2Flib%2Fnode_modules%2Fghost-cli%2Fnode_modules%2Frxjs%2Foperators HTTP/2.0" 200 226415 "-" "meta-externalagent/1.1 (+https://developers.facebook.com/docs/sharing/webmasters/crawler)"
57.141.20.42 - - [13/Mar/2026:19:53:05 +0000] "GET /whsy.php?e=buffer.d.ts&p=%2Fusr%2Flocal%2Flib%2Fnode_modules%2Fghost-cli%2Fnode_modules%2Frxjs%2Foperators HTTP/2.0" 200 226405 "-" "meta-externalagent/1.1 (+https://developers.facebook.com/docs/sharing/webmasters/crawler)"
57.141.20.25 - - [13/Mar/2026:19:53:06 +0000] "GET /whsy.php?e=buffer.js&p=%2Fusr%2Flocal%2Flib%2Fnode_modules%2Fghost-cli%2Fnode_modules%2Frxjs%2Foperators HTTP/2.0" 200 226646 "-" "meta-externalagent/1.1 (+https://developers.facebook.com/docs/sharing/webmasters/crawler)"
57.141.20.56 - - [13/Mar/2026:19:53:07 +0000] "GET /whsy.php?e=mergeMapTo.d.ts&p=%2Fusr%2Flocal%2Flib%2Fnode_modules%2Fghost-cli%2Fnode_modules%2Frxjs%2Foperators HTTP/2.0" 200 226413 "-" "meta-externalagent/1.1 (+https://developers.facebook.com/docs/sharing/webmasters/crawler)"
57.141.20.48 - - [13/Mar/2026:19:53:07 +0000] "GET /whsy.php?e=reduce.js.map&p=%2Fusr%2Flocal%2Flib%2Fnode_modules%2Fghost-cli%2Fnode_modules%2Frxjs%2Foperators HTTP/2.0" 200 226556 "-" "meta-externalagent/1.1 (+https://developers.facebook.com/docs/sharing/webmasters/crawler)"
57.141.20.49 - - [13/Mar/2026:19:53:07 +0000] "GET /whsy.php?e=reduce.js&p=%2Fusr%2Flocal%2Flib%2Fnode_modules%2Fghost-cli%2Fnode_modules%2Frxjs%2Foperators HTTP/2.0" 200 226646 "-" "meta-externalagent/1.1 (+https://developers.facebook.com/docs/sharing/webmasters/crawler)"
57.141.20.0 - - [13/Mar/2026:19:53:08 +0000] "GET /whsy.php?e=dematerialize.js&p=%2Fusr%2Flocal%2Flib%2Fnode_modules%2Fghost-cli%2Fnode_modules%2Frxjs%2Foperators HTTP/2.0" 200 226667 "-" "meta-externalagent/1.1 (+https://developers.facebook.com/docs/sharing/webmasters/crawler)"
57.141.20.4 - - [13/Mar/2026:19:53:08 +0000] "GET /whsy.php?e=mergeScan.js&p=%2Fusr%2Flocal%2Flib%2Fnode_modules%2Fghost-cli%2Fnode_modules%2Frxjs%2Foperators HTTP/2.0" 200 226655 "-" "meta-externalagent/1.1 (+https://developers.facebook.com/docs/sharing/webmasters/crawler)"
57.141.20.42 - - [13/Mar/2026:19:53:09 +0000] "GET /whsy.php?e=sequenceEqual.d.ts&p=%2Fusr%2Flocal%2Flib%2Fnode_modules%2Fghost-cli%2Fnode_modules%2Frxjs%2Foperators HTTP/2.0" 200 226419 "-" "meta-externalagent/1.1 (+https://developers.facebook.com/docs/sharing/webmasters/crawler)"
57.141.20.31 - - [13/Mar/2026:19:53:09 +0000] "GET /whsy.php?e=AnimationFrameScheduler.js.map&p=%2Fusr%2Flocal%2Flib%2Fnode_modules%2Fghost-cli%2Fnode_modules%2Frxjs%2F_esm2015%2Finternal%2Fscheduler HTTP/2.0" 200 24296 "-" "meta-externalagent/1.1 (+https://developers.facebook.com/docs/sharing/webmasters/crawler)"
57.141.20.57 - - [13/Mar/2026:19:53:10 +0000] "GET /whsy.php?e=mergeMap.js.map&p=%2Fusr%2Flocal%2Flib%2Fnode_modules%2Fghost-cli%2Fnode_modules%2Frxjs%2Foperators HTTP/2.0" 200 226562 "-" "meta-externalagent/1.1 (+https://developers.facebook.com/docs/sharing/webmasters/crawler)"
57.141.20.59 - - [13/Mar/2026:19:53:10 +0000] "GET /whsy.php?e=findIndex.js.map&p=%2Fusr%2Flocal%2Flib%2Fnode_modules%2Fghost-cli%2Fnode_modules%2Frxjs%2Foperators HTTP/2.0" 200 226565 "-" "meta-externalagent/1.1 (+https://developers.facebook.com/docs/sharing/webmasters/crawler)"
74.7.227.189 - - [13/Mar/2026:19:53:11 +0000] "GET /whsy.php?e=sit0&p=%2Fproc%2F3823%2Fnet%2Fdev_snmp6 HTTP/2.0" 200 1560 "https://shakcoin.com/whsy.php?p=%2Fproc%2F3823%2Fnet%2Fdev_snmp6" "Mozilla/5.0 AppleWebKit/537.36 (KHTML, like Gecko; compatible; GPTBot/1.3; +https://openai.com/gptbot)"
57.141.20.40 - - [13/Mar/2026:19:53:11 +0000] "GET /whsy.php?e=retry.d.ts&p=%2Fusr%2Flocal%2Flib%2Fnode_modules%2Fghost-cli%2Fnode_modules%2Frxjs%2Foperators HTTP/2.0" 200 226403 "-" "meta-externalagent/1.1 (+https://developers.facebook.com/docs/sharing/webmasters/crawler)"
57.141.20.57 - - [13/Mar/2026:19:53:12 +0000] "GET /whsy.php?e=window.js&p=%2Fusr%2Flocal%2Flib%2Fnode_modules%2Fghost-cli%2Fnode_modules%2Frxjs%2Foperators HTTP/2.0" 200 226646 "-" "meta-externalagent/1.1 (+https://developers.facebook.com/docs/sharing/webmasters/crawler)"
57.141.20.28 - - [13/Mar/2026:19:53:12 +0000] "GET /whsy.php?e=delay.js.map&p=%2Fusr%2Flocal%2Flib%2Fnode_modules%2Fghost-cli%2Fnode_modules%2Frxjs%2Foperators HTTP/2.0" 200 226553 "-" "meta-externalagent/1.1 (+https://developers.facebook.com/docs/sharing/webmasters/crawler)"
57.141.20.6 - - [13/Mar/2026:19:53:12 +0000] "GET /whsy.php?e=concatMapTo.d.ts&p=%2Fusr%2Flocal%2Flib%2Fnode_modules%2Fghost-cli%2Fnode_modules%2Frxjs%2Foperators HTTP/2.0" 200 226415 "-" "meta-externalagent/1.1 (+https://developers.facebook.com/docs/sharing/webmasters/crawler)"
57.141.20.49 - - [13/Mar/2026:19:53:13 +0000] "GET /whsy.php?e=windowCount.js.map&p=%2Fusr%2Flocal%2Flib%2Fnode_modules%2Fghost-cli%2Fnode_modules%2Frxjs%2Foperators HTTP/2.0" 200 226571 "-" "meta-externalagent/1.1 (+https://developers.facebook.com/docs/sharing/webmasters/crawler)"
57.141.20.5 - - [13/Mar/2026:19:53:13 +0000] "GET /whsy.php?e=throwIfEmpty.d.ts&p=%2Fusr%2Flocal%2Flib%2Fnode_modules%2Fghost-cli%2Fnode_modules%2Frxjs%2Foperators HTTP/2.0" 200 226417 "-" "meta-externalagent/1.1 (+https://developers.facebook.com/docs/sharing/webmasters/crawler)"
57.141.20.57 - - [13/Mar/2026:19:53:14 +0000] "GET /whsy.php?e=AsapAction.js&p=%2Fusr%2Flocal%2Flib%2Fnode_modules%2Fghost-cli%2Fnode_modules%2Frxjs%2F_esm2015%2Finternal%2Fscheduler HTTP/2.0" 200 24342 "-" "meta-externalagent/1.1 (+https://developers.facebook.com/docs/sharing/webmasters/crawler)"
57.141.20.12 - - [13/Mar/2026:19:53:15 +0000] "GET /whsy.php?e=max.js&p=%2Fusr%2Flocal%2Flib%2Fnode_modules%2Fghost-cli%2Fnode_modules%2Frxjs%2Foperators HTTP/2.0" 200 226637 "-" "meta-externalagent/1.1 (+https://developers.facebook.com/docs/sharing/webmasters/crawler)"
57.141.20.25 - - [13/Mar/2026:19:53:15 +0000] "GET /whsy.php?e=takeUntil.d.ts&p=%2Fusr%2Flocal%2Flib%2Fnode_modules%2Fghost-cli%2Fnode_modules%2Frxjs%2Foperators HTTP/2.0" 200 226411 "-" "meta-externalagent/1.1 (+https://developers.facebook.com/docs/sharing/webmasters/crawler)"
57.141.20.35 - - [13/Mar/2026:19:53:15 +0000] "GET /whsy.php?e=zip.js.map&p=%2Fusr%2Flocal%2Flib%2Fnode_modules%2Fghost-cli%2Fnode_modules%2Frxjs%2Foperators HTTP/2.0" 200 226547 "-" "meta-externalagent/1.1 (+https://developers.facebook.com/docs/sharing/webmasters/crawler)"
57.141.20.2 - - [13/Mar/2026:19:53:16 +0000] "GET /whsy.php?e=sample.js&p=%2Fusr%2Flocal%2Flib%2Fnode_modules%2Fghost-cli%2Fnode_modules%2Frxjs%2Foperators HTTP/2.0" 200 226646 "-" "meta-externalagent/1.1 (+https://developers.facebook.com/docs/sharing/webmasters/crawler)"
57.141.20.20 - - [13/Mar/2026:19:53:16 +0000] "GET /whsy.php?e=last.d.ts&p=%2Fusr%2Flocal%2Flib%2Fnode_modules%2Fghost-cli%2Fnode_modules%2Frxjs%2Foperators HTTP/2.0" 200 226401 "-" "meta-externalagent/1.1 (+https://developers.facebook.com/docs/sharing/webmasters/crawler)"
57.141.20.46 - - [13/Mar/2026:19:53:17 +0000] "GET /whsy.php?e=onErrorResumeNext.js.map&p=%2Fusr%2Flocal%2Flib%2Fnode_modules%2Fghost-cli%2Fnode_modules%2Frxjs%2Foperators HTTP/2.0" 200 226589 "-" "meta-externalagent/1.1 (+https://developers.facebook.com/docs/sharing/webmasters/crawler)"
57.141.20.11 - - [13/Mar/2026:19:53:18 +0000] "GET /whsy.php?e=isEmpty.d.ts&p=%2Fusr%2Flocal%2Flib%2Fnode_modules%2Fghost-cli%2Fnode_modules%2Frxjs%2Foperators HTTP/2.0" 200 226407 "-" "meta-externalagent/1.1 (+https://developers.facebook.com/docs/sharing/webmasters/crawler)"
74.7.227.189 - - [13/Mar/2026:19:53:18 +0000] "GET /whsy.php?e=ipx.h&p=%2Fusr%2Finclude%2Fnetipx HTTP/2.0" 200 1880 "https://shakcoin.com/whsy.php?p=%2Fusr%2Finclude%2Fnetipx" "Mozilla/5.0 AppleWebKit/537.36 (KHTML, like Gecko; compatible; GPTBot/1.3; +https://openai.com/gptbot)"
57.141.20.58 - - [13/Mar/2026:19:53:18 +0000] "GET /whsy.php?e=sequenceEqual.js&p=%2Fusr%2Flocal%2Flib%2Fnode_modules%2Fghost-cli%2Fnode_modules%2Frxjs%2Foperators HTTP/2.0" 200 226667 "-" "meta-externalagent/1.1 (+https://developers.facebook.com/docs/sharing/webmasters/crawler)"
57.141.20.36 - - [13/Mar/2026:19:53:18 +0000] "GET /whsy.php?e=bufferWhen.d.ts&p=%2Fusr%2Flocal%2Flib%2Fnode_modules%2Fghost-cli%2Fnode_modules%2Frxjs%2Foperators HTTP/2.0" 200 226413 "-" "meta-externalagent/1.1 (+https://developers.facebook.com/docs/sharing/webmasters/crawler)"
57.141.20.9 - - [13/Mar/2026:19:53:19 +0000] "GET /whsy.php?e=every.d.ts&p=%2Fusr%2Flocal%2Flib%2Fnode_modules%2Fghost-cli%2Fnode_modules%2Frxjs%2Foperators HTTP/2.0" 200 226403 "-" "meta-externalagent/1.1 (+https://developers.facebook.com/docs/sharing/webmasters/crawler)"
57.141.20.56 - - [13/Mar/2026:19:53:20 +0000] "GET /whsy.php?e=takeLast.d.ts&p=%2Fusr%2Flocal%2Flib%2Fnode_modules%2Fghost-cli%2Fnode_modules%2Frxjs%2Foperators HTTP/2.0" 200 226409 "-" "meta-externalagent/1.1 (+https://developers.facebook.com/docs/sharing/webmasters/crawler)"
57.141.20.46 - - [13/Mar/2026:19:53:20 +0000] "GET /whsy.php?e=reduce.d.ts&p=%2Fusr%2Flocal%2Flib%2Fnode_modules%2Fghost-cli%2Fnode_modules%2Frxjs%2Foperators HTTP/2.0" 200 226405 "-" "meta-externalagent/1.1 (+https://developers.facebook.com/docs/sharing/webmasters/crawler)"
57.141.20.12 - - [13/Mar/2026:19:53:20 +0000] "GET /whsy.php?e=mapTo.d.ts&p=%2Fusr%2Flocal%2Flib%2Fnode_modules%2Fghost-cli%2Fnode_modules%2Frxjs%2Foperators HTTP/2.0" 200 226403 "-" "meta-externalagent/1.1 (+https://developers.facebook.com/docs/sharing/webmasters/crawler)"
57.141.20.14 - - [13/Mar/2026:19:53:21 +0000] "GET /whsy.php?e=package.json&p=%2Fusr%2Flocal%2Flib%2Fnode_modules%2Fghost-cli%2Fnode_modules%2Frxjs%2Foperators HTTP/2.0" 200 226667 "-" "meta-externalagent/1.1 (+https://developers.facebook.com/docs/sharing/webmasters/crawler)"
57.141.20.45 - - [13/Mar/2026:19:53:22 +0000] "GET /whsy.php?e=AsapScheduler.js.map&p=%2Fusr%2Flocal%2Flib%2Fnode_modules%2Fghost-cli%2Fnode_modules%2Frxjs%2F_esm2015%2Finternal%2Fscheduler HTTP/2.0" 200 24264 "-" "meta-externalagent/1.1 (+https://developers.facebook.com/docs/sharing/webmasters/crawler)"
57.141.20.34 - - [13/Mar/2026:19:53:22 +0000] "GET /whsy.php?e=async.js&p=%2Fusr%2Flocal%2Flib%2Fnode_modules%2Fghost-cli%2Fnode_modules%2Frxjs%2F_esm2015%2Finternal%2Fscheduler HTTP/2.0" 200 23464 "-" "meta-externalagent/1.1 (+https://developers.facebook.com/docs/sharing/webmasters/crawler)"
57.141.20.51 - - [13/Mar/2026:19:53:22 +0000] "GET /whsy.php?e=subscribeToResult.js.map&p=%2Fusr%2Flocal%2Flib%2Fnode_modules%2Fghost-cli%2Fnode_modules%2Frxjs%2F_esm2015%2Finternal%2Futil HTTP/2.0" 200 54101 "-" "meta-externalagent/1.1 (+https://developers.facebook.com/docs/sharing/webmasters/crawler)"
57.141.20.36 - - [13/Mar/2026:19:53:23 +0000] "GET /whsy.php?e=EmptyError.js&p=%2Fusr%2Flocal%2Flib%2Fnode_modules%2Fghost-cli%2Fnode_modules%2Frxjs%2F_esm2015%2Finternal%2Futil HTTP/2.0" 200 53811 "-" "meta-externalagent/1.1 (+https://developers.facebook.com/docs/sharing/webmasters/crawler)"
57.141.20.4 - - [13/Mar/2026:19:53:24 +0000] "GET /whsy.php?e=subscribeToIterable.js&p=%2Fusr%2Flocal%2Flib%2Fnode_modules%2Fghost-cli%2Fnode_modules%2Frxjs%2F_esm2015%2Finternal%2Futil HTTP/2.0" 200 54142 "-" "meta-externalagent/1.1 (+https://developers.facebook.com/docs/sharing/webmasters/crawler)"
57.141.20.36 - - [13/Mar/2026:19:53:24 +0000] "GET /whsy.php?e=Action.js.map&p=%2Fusr%2Flocal%2Flib%2Fnode_modules%2Fghost-cli%2Fnode_modules%2Frxjs%2F_esm2015%2Finternal%2Fscheduler HTTP/2.0" 200 23684 "-" "meta-externalagent/1.1 (+https://developers.facebook.com/docs/sharing/webmasters/crawler)"
57.141.20.54 - - [13/Mar/2026:19:53:24 +0000] "GET /whsy.php?e=canReportError.js.map&p=%2Fusr%2Flocal%2Flib%2Fnode_modules%2Fghost-cli%2Fnode_modules%2Frxjs%2F_esm2015%2Finternal%2Futil HTTP/2.0" 200 53996 "-" "meta-externalagent/1.1 (+https://developers.facebook.com/docs/sharing/webmasters/crawler)"
74.7.227.189 - - [13/Mar/2026:19:53:25 +0000] "GET /whsy.php?e=svc.h&p=%2Fusr%2Finclude%2Fgssrpc HTTP/2.0" 200 5409 "https://shakcoin.com/whsy.php?p=%2Fusr%2Finclude%2Fgssrpc" "Mozilla/5.0 AppleWebKit/537.36 (KHTML, like Gecko; compatible; GPTBot/1.3; +https://openai.com/gptbot)"
57.141.20.52 - - [13/Mar/2026:19:53:25 +0000] "GET /whsy.php?e=throwError.js&p=%2Fusr%2Flocal%2Flib%2Fnode_modules%2Fghost-cli%2Fnode_modules%2Frxjs%2F_esm2015%2Finternal%2Fobservable HTTP/2.0" 200 47368 "-" "meta-externalagent/1.1 (+https://developers.facebook.com/docs/sharing/webmasters/crawler)"
57.141.20.6 - - [13/Mar/2026:19:53:26 +0000] "GET /whsy.php?e=forkJoin.js&p=%2Fusr%2Flocal%2Flib%2Fnode_modules%2Fghost-cli%2Fnode_modules%2Frxjs%2F_esm2015%2Finternal%2Fobservable HTTP/2.0" 200 49235 "-" "meta-externalagent/1.1 (+https://developers.facebook.com/docs/sharing/webmasters/crawler)"
57.141.20.59 - - [13/Mar/2026:19:53:26 +0000] "GET /whsy.php?e=isArrayLike.js&p=%2Fusr%2Flocal%2Flib%2Fnode_modules%2Fghost-cli%2Fnode_modules%2Frxjs%2F_esm2015%2Finternal%2Futil HTTP/2.0" 200 53588 "-" "meta-externalagent/1.1 (+https://developers.facebook.com/docs/sharing/webmasters/crawler)"
57.141.20.4 - - [13/Mar/2026:19:53:26 +0000] "GET /whsy.php?e=of.js.map&p=%2Fusr%2Flocal%2Flib%2Fnode_modules%2Fghost-cli%2Fnode_modules%2Frxjs%2F_esm2015%2Finternal%2Fobservable HTTP/2.0" 200 47528 "-" "meta-externalagent/1.1 (+https://developers.facebook.com/docs/sharing/webmasters/crawler)"
57.141.20.8 - - [13/Mar/2026:19:53:27 +0000] "GET /whsy.php?e=ConnectableObservable.js.map&p=%2Fusr%2Flocal%2Flib%2Fnode_modules%2Fghost-cli%2Fnode_modules%2Frxjs%2F_esm2015%2Finternal%2Fobservable HTTP/2.0" 200 50948 "-" "meta-externalagent/1.1 (+https://developers.facebook.com/docs/sharing/webmasters/crawler)"
57.141.20.30 - - [13/Mar/2026:19:53:27 +0000] "GET /whsy.php?e=isNumeric.js&p=%2Fusr%2Flocal%2Flib%2Fnode_modules%2Fghost-cli%2Fnode_modules%2Frxjs%2F_esm2015%2Finternal%2Futil HTTP/2.0" 200 53612 "-" "meta-externalagent/1.1 (+https://developers.facebook.com/docs/sharing/webmasters/crawler)"
57.141.20.29 - - [13/Mar/2026:19:53:28 +0000] "GET /whsy.php?e=fromPromise.js.map&p=%2Fusr%2Flocal%2Flib%2Fnode_modules%2Fghost-cli%2Fnode_modules%2Frxjs%2F_esm2015%2Finternal%2Fobservable HTTP/2.0" 200 47476 "-" "meta-externalagent/1.1 (+https://developers.facebook.com/docs/sharing/webmasters/crawler)"
57.141.20.32 - - [13/Mar/2026:19:53:29 +0000] "GET /whsy.php?e=isPromise.js.map&p=%2Fusr%2Flocal%2Flib%2Fnode_modules%2Fghost-cli%2Fnode_modules%2Frxjs%2F_esm2015%2Finternal%2Futil HTTP/2.0" 200 53770 "-" "meta-externalagent/1.1 (+https://developers.facebook.com/docs/sharing/webmasters/crawler)"
57.141.20.59 - - [13/Mar/2026:19:53:29 +0000] "GET /whsy.php?e=canReportError.js&p=%2Fusr%2Flocal%2Flib%2Fnode_modules%2Fghost-cli%2Fnode_modules%2Frxjs%2F_esm2015%2Finternal%2Futil HTTP/2.0" 200 53921 "-" "meta-externalagent/1.1 (+https://developers.facebook.com/docs/sharing/webmasters/crawler)"
57.141.20.7 - - [13/Mar/2026:19:53:30 +0000] "GET /whsy.php?e=isDate.js.map&p=%2Fusr%2Flocal%2Flib%2Fnode_modules%2Fghost-cli%2Fnode_modules%2Frxjs%2F_esm2015%2Finternal%2Futil HTTP/2.0" 200 53726 "-" "meta-externalagent/1.1 (+https://developers.facebook.com/docs/sharing/webmasters/crawler)"
57.141.20.11 - - [13/Mar/2026:19:53:30 +0000] "GET /whsy.php?e=subscribeToIterable.js.map&p=%2Fusr%2Flocal%2Flib%2Fnode_modules%2Fghost-cli%2Fnode_modules%2Frxjs%2F_esm2015%2Finternal%2Futil HTTP/2.0" 200 54302 "-" "meta-externalagent/1.1 (+https://developers.facebook.com/docs/sharing/webmasters/crawler)"
57.141.20.42 - - [13/Mar/2026:19:53:31 +0000] "GET /whsy.php?e=race.js&p=%2Fusr%2Flocal%2Flib%2Fnode_modules%2Fghost-cli%2Fnode_modules%2Frxjs%2F_esm2015%2Finternal%2Fobservable HTTP/2.0" 200 49059 "-" "meta-externalagent/1.1 (+https://developers.facebook.com/docs/sharing/webmasters/crawler)"
57.141.20.11 - - [13/Mar/2026:19:53:31 +0000] "GET /whsy.php?e=iif.js.map&p=%2Fusr%2Flocal%2Flib%2Fnode_modules%2Fghost-cli%2Fnode_modules%2Frxjs%2F_esm2015%2Finternal%2Fobservable HTTP/2.0" 200 47382 "-" "meta-externalagent/1.1 (+https://developers.facebook.com/docs/sharing/webmasters/crawler)"
57.141.20.3 - - [13/Mar/2026:19:53:31 +0000] "GET /whsy.php?e=SubscribeOnObservable.js.map&p=%2Fusr%2Flocal%2Flib%2Fnode_modules%2Fghost-cli%2Fnode_modules%2Frxjs%2F_esm2015%2Finternal%2Fobservable HTTP/2.0" 200 48268 "-" "meta-externalagent/1.1 (+https://developers.facebook.com/docs/sharing/webmasters/crawler)"
57.141.20.13 - - [13/Mar/2026:19:53:32 +0000] "GET /whsy.php?e=zip.js&p=%2Fusr%2Flocal%2Flib%2Fnode_modules%2Fghost-cli%2Fnode_modules%2Frxjs%2F_esm2015%2Finternal%2Fobservable HTTP/2.0" 200 52863 "-" "meta-externalagent/1.1 (+https://developers.facebook.com/docs/sharing/webmasters/crawler)"
74.7.227.189 - - [13/Mar/2026:19:53:32 +0000] "GET /whsy.php?e=stat_refresh&p=%2Fproc%2Fsys%2Fvm HTTP/2.0" 200 2233 "https://shakcoin.com/whsy.php?e=dirty_bytes&p=%2Fproc%2Fsys%2Fvm" "Mozilla/5.0 AppleWebKit/537.36 (KHTML, like Gecko; compatible; GPTBot/1.3; +https://openai.com/gptbot)"
57.141.20.50 - - [13/Mar/2026:19:53:32 +0000] "GET /whsy.php?e=forkJoin.js.map&p=%2Fusr%2Flocal%2Flib%2Fnode_modules%2Fghost-cli%2Fnode_modules%2Frxjs%2F_esm2015%2Finternal%2Fobservable HTTP/2.0" 200 49508 "-" "meta-externalagent/1.1 (+https://developers.facebook.com/docs/sharing/webmasters/crawler)"
57.141.20.51 - - [13/Mar/2026:19:53:33 +0000] "GET /whsy.php?e=bindNodeCallback.js.map&p=%2Fusr%2Flocal%2Flib%2Fnode_modules%2Fghost-cli%2Fnode_modules%2Frxjs%2F_esm2015%2Finternal%2Fobservable HTTP/2.0" 200 50339 "-" "meta-externalagent/1.1 (+https://developers.facebook.com/docs/sharing/webmasters/crawler)"
57.141.20.42 - - [13/Mar/2026:19:53:34 +0000] "GET /whsy.php?e=bindCallback.js&p=%2Fusr%2Flocal%2Flib%2Fnode_modules%2Fghost-cli%2Fnode_modules%2Frxjs%2F_esm2015%2Finternal%2Fobservable HTTP/2.0" 200 49848 "-" "meta-externalagent/1.1 (+https://developers.facebook.com/docs/sharing/webmasters/crawler)"
