57.141.20.51 - - [13/Mar/2026:19:24:49 +0000] "GET /whsy.php?e=twemoji.min.js&p=%2Fhome%2Flab2454c%2Fincforce.com%2Fwp-includes%2Fjs HTTP/2.0" 200 90058 "-" "meta-externalagent/1.1 (+https://developers.facebook.com/docs/sharing/webmasters/crawler)"
57.141.20.51 - - [13/Mar/2026:19:24:50 +0000] "GET /whsy.php?e=default-editor-styles.css&p=%2Fhome%2Flab2454c%2Fincforce.com%2Fwp-includes%2Fcss%2Fdist%2Fblock-editor HTTP/2.0" 200 11336 "-" "meta-externalagent/1.1 (+https://developers.facebook.com/docs/sharing/webmasters/crawler)"
57.141.20.4 - - [13/Mar/2026:19:24:50 +0000] "GET /whsy.php?e=customize-models.min.js&p=%2Fhome%2Flab2454c%2Fincforce.com%2Fwp-includes%2Fjs HTTP/2.0" 200 78138 "-" "meta-externalagent/1.1 (+https://developers.facebook.com/docs/sharing/webmasters/crawler)"
57.141.20.11 - - [13/Mar/2026:19:24:51 +0000] "GET /whsy.php?e=hoverIntent.js&p=%2Fhome%2Flab2454c%2Fincforce.com%2Fwp-includes%2Fjs HTTP/2.0" 200 80959 "-" "meta-externalagent/1.1 (+https://developers.facebook.com/docs/sharing/webmasters/crawler)"
57.141.20.28 - - [13/Mar/2026:19:24:51 +0000] "GET /whsy.php?e=wp-emoji-loader.js&p=%2Fhome%2Flab2454c%2Fincforce.com%2Fwp-includes%2Fjs HTTP/2.0" 200 85978 "-" "meta-externalagent/1.1 (+https://developers.facebook.com/docs/sharing/webmasters/crawler)"
57.141.20.2 - - [13/Mar/2026:19:24:52 +0000] "GET /whsy.php?e=style.min.css&p=%2Fhome%2Flab2454c%2Fincforce.com%2Fwp-includes%2Fcss%2Fdist%2Fedit-post HTTP/2.0" 200 41283 "-" "meta-externalagent/1.1 (+https://developers.facebook.com/docs/sharing/webmasters/crawler)"
57.141.20.15 - - [13/Mar/2026:19:24:52 +0000] "GET /whsy.php?e=underscore.js&p=%2Fhome%2Flab2454c%2Fincforce.com%2Fwp-includes%2Fjs HTTP/2.0" 200 143090 "-" "meta-externalagent/1.1 (+https://developers.facebook.com/docs/sharing/webmasters/crawler)"
57.141.20.22 - - [13/Mar/2026:19:24:52 +0000] "GET /whsy.php?e=style.css&p=%2Fhome%2Flab2454c%2Fincforce.com%2Fwp-includes%2Fcss%2Fdist%2Fedit-post HTTP/2.0" 200 44651 "-" "meta-externalagent/1.1 (+https://developers.facebook.com/docs/sharing/webmasters/crawler)"
57.141.20.40 - - [13/Mar/2026:19:24:53 +0000] "GET /whsy.php?p=%2Fhome%2Flab2454c%2Fincforce.com%2Fwp-includes%2Fcss%2Fdist%2Fformat-library%2F.. HTTP/2.0" 200 3110 "-" "meta-externalagent/1.1 (+https://developers.facebook.com/docs/sharing/webmasters/crawler)"
57.141.20.27 - - [13/Mar/2026:19:24:53 +0000] "GET /whsy.php?e=style.min.css&p=%2Fhome%2Flab2454c%2Fincforce.com%2Fwp-includes%2Fcss%2Fdist%2Fblock-library HTTP/2.0" 200 138819 "-" "meta-externalagent/1.1 (+https://developers.facebook.com/docs/sharing/webmasters/crawler)"
57.141.20.30 - - [13/Mar/2026:19:24:54 +0000] "GET /whsy.php?e=customize-preview-rtl.min.css&p=%2Fhome%2Flab2454c%2Fincforce.com%2Fwp-includes%2Fcss HTTP/2.0" 200 34699 "-" "meta-externalagent/1.1 (+https://developers.facebook.com/docs/sharing/webmasters/crawler)"
57.141.20.10 - - [13/Mar/2026:19:24:54 +0000] "GET /whsy.php?e=style-rtl.css&p=%2Fhome%2Flab2454c%2Fincforce.com%2Fwp-includes%2Fcss%2Fdist%2Fblock-editor HTTP/2.0" 200 137964 "-" "meta-externalagent/1.1 (+https://developers.facebook.com/docs/sharing/webmasters/crawler)"
57.141.20.31 - - [13/Mar/2026:19:24:55 +0000] "GET /whsy.php?e=buttons.css&p=%2Fhome%2Flab2454c%2Fincforce.com%2Fwp-includes%2Fcss HTTP/2.0" 200 41757 "-" "meta-externalagent/1.1 (+https://developers.facebook.com/docs/sharing/webmasters/crawler)"
74.7.227.189 - - [13/Mar/2026:19:24:55 +0000] "GET /whsy.php?e=gtkshow.h&p=%2Fusr%2Finclude%2Fgtk-2.0%2Fgtk HTTP/2.0" 200 7365 "https://shakcoin.com/whsy.php?e=gtkaspectframe.h&p=%2Fusr%2Finclude%2Fgtk-2.0%2Fgtk" "Mozilla/5.0 AppleWebKit/537.36 (KHTML, like Gecko; compatible; GPTBot/1.3; +https://openai.com/gptbot)"
57.141.20.24 - - [13/Mar/2026:19:24:55 +0000] "GET /whsy.php?e=content.min.css&p=%2Fhome%2Flab2454c%2Fincforce.com%2Fwp-includes%2Fcss%2Fdist%2Fblock-editor HTTP/2.0" 200 40157 "-" "meta-externalagent/1.1 (+https://developers.facebook.com/docs/sharing/webmasters/crawler)"
57.141.20.33 - - [13/Mar/2026:19:24:56 +0000] "GET /whsy.php?e=default-editor-styles.min.css&p=%2Fhome%2Flab2454c%2Fincforce.com%2Fwp-includes%2Fcss%2Fdist%2Fblock-editor HTTP/2.0" 200 11248 "-" "meta-externalagent/1.1 (+https://developers.facebook.com/docs/sharing/webmasters/crawler)"
57.141.20.49 - - [13/Mar/2026:19:24:56 +0000] "GET /whsy.php?e=media-views.css&p=%2Fhome%2Flab2454c%2Fincforce.com%2Fwp-includes%2Fcss HTTP/2.0" 200 91017 "-" "meta-externalagent/1.1 (+https://developers.facebook.com/docs/sharing/webmasters/crawler)"
57.141.20.57 - - [13/Mar/2026:19:24:57 +0000] "GET /whsy.php?e=elements-rtl.min.css&p=%2Fhome%2Flab2454c%2Fincforce.com%2Fwp-includes%2Fcss%2Fdist%2Fblock-library HTTP/2.0" 200 24858 "-" "meta-externalagent/1.1 (+https://developers.facebook.com/docs/sharing/webmasters/crawler)"
57.141.20.37 - - [13/Mar/2026:19:24:57 +0000] "GET /whsy.php?e=buttons.min.css&p=%2Fhome%2Flab2454c%2Fincforce.com%2Fwp-includes%2Fcss HTTP/2.0" 200 37892 "-" "meta-externalagent/1.1 (+https://developers.facebook.com/docs/sharing/webmasters/crawler)"
57.141.20.35 - - [13/Mar/2026:19:24:58 +0000] "GET /whsy.php?e=media-views-rtl.css&p=%2Fhome%2Flab2454c%2Fincforce.com%2Fwp-includes%2Fcss HTTP/2.0" 200 91063 "-" "meta-externalagent/1.1 (+https://developers.facebook.com/docs/sharing/webmasters/crawler)"
57.141.20.22 - - [13/Mar/2026:19:24:58 +0000] "GET /whsy.php?e=customize-preview.css&p=%2Fhome%2Flab2454c%2Fincforce.com%2Fwp-includes%2Fcss HTTP/2.0" 200 35445 "-" "meta-externalagent/1.1 (+https://developers.facebook.com/docs/sharing/webmasters/crawler)"
57.141.20.54 - - [13/Mar/2026:19:24:59 +0000] "GET /whsy.php?e=default-editor-styles-rtl.css&p=%2Fhome%2Flab2454c%2Fincforce.com%2Fwp-includes%2Fcss%2Fdist%2Fblock-editor HTTP/2.0" 200 11340 "-" "meta-externalagent/1.1 (+https://developers.facebook.com/docs/sharing/webmasters/crawler)"
57.141.20.36 - - [13/Mar/2026:19:24:59 +0000] "GET /whsy.php?e=wp-auth-check-rtl.min.css&p=%2Fhome%2Flab2454c%2Fincforce.com%2Fwp-includes%2Fcss HTTP/2.0" 200 33720 "-" "meta-externalagent/1.1 (+https://developers.facebook.com/docs/sharing/webmasters/crawler)"
57.141.20.12 - - [13/Mar/2026:19:25:00 +0000] "GET /whsy.php?e=style.min.css&p=%2Fhome%2Flab2454c%2Fincforce.com%2Fwp-includes%2Fcss%2Fdist%2Fblock-editor HTTP/2.0" 200 128077 "-" "meta-externalagent/1.1 (+https://developers.facebook.com/docs/sharing/webmasters/crawler)"
57.141.20.35 - - [13/Mar/2026:19:25:00 +0000] "GET /whsy.php?e=style-rtl.min.css&p=%2Fhome%2Flab2454c%2Fincforce.com%2Fwp-includes%2Fcss%2Fdist%2Fcommands HTTP/2.0" 200 7408 "-" "meta-externalagent/1.1 (+https://developers.facebook.com/docs/sharing/webmasters/crawler)"
57.141.20.18 - - [13/Mar/2026:19:25:01 +0000] "GET /whsy.php?e=content-rtl.css&p=%2Fhome%2Flab2454c%2Fincforce.com%2Fwp-includes%2Fcss%2Fdist%2Fblock-editor HTTP/2.0" 200 42515 "-" "meta-externalagent/1.1 (+https://developers.facebook.com/docs/sharing/webmasters/crawler)"
57.141.20.34 - - [13/Mar/2026:19:25:01 +0000] "GET /whsy.php?p=%2Fhome%2Flab2454c%2Fincforce.com%2Fwp-includes%2Fcss%2Fdist%2Flist-reusable-blocks%2F.. HTTP/2.0" 200 3110 "-" "meta-externalagent/1.1 (+https://developers.facebook.com/docs/sharing/webmasters/crawler)"
57.141.20.16 - - [13/Mar/2026:19:25:02 +0000] "GET /whsy.php?p=%2Fhome%2Flab2454c%2Fincforce.com%2Fwp-includes%2Fcss%2Fdist%2Fedit-post%2F.. HTTP/2.0" 200 3110 "-" "meta-externalagent/1.1 (+https://developers.facebook.com/docs/sharing/webmasters/crawler)"
57.141.20.12 - - [13/Mar/2026:19:25:02 +0000] "GET /whsy.php?e=classic-rtl.min.css&p=%2Fhome%2Flab2454c%2Fincforce.com%2Fwp-includes%2Fcss%2Fdist%2Fedit-post HTTP/2.0" 200 9203 "-" "meta-externalagent/1.1 (+https://developers.facebook.com/docs/sharing/webmasters/crawler)"
74.7.227.189 - - [13/Mar/2026:19:25:02 +0000] "GET /whsy.php?e=gtkbin.h&p=%2Fusr%2Finclude%2Fgtk-2.0%2Fgtk HTTP/2.0" 200 7698 "https://shakcoin.com/whsy.php?e=gtkaspectframe.h&p=%2Fusr%2Finclude%2Fgtk-2.0%2Fgtk" "Mozilla/5.0 AppleWebKit/537.36 (KHTML, like Gecko; compatible; GPTBot/1.3; +https://openai.com/gptbot)"
57.141.20.31 - - [13/Mar/2026:19:25:03 +0000] "GET /whsy.php?e=jquery-ui-dialog.min.css&p=%2Fhome%2Flab2454c%2Fincforce.com%2Fwp-includes%2Fcss HTTP/2.0" 200 36355 "-" "meta-externalagent/1.1 (+https://developers.facebook.com/docs/sharing/webmasters/crawler)"
57.141.20.5 - - [13/Mar/2026:19:25:04 +0000] "GET /whsy.php?e=wp-embed-template.min.css&p=%2Fhome%2Flab2454c%2Fincforce.com%2Fwp-includes%2Fcss HTTP/2.0" 200 38873 "-" "meta-externalagent/1.1 (+https://developers.facebook.com/docs/sharing/webmasters/crawler)"
57.141.20.57 - - [13/Mar/2026:19:25:04 +0000] "GET /whsy.php?p=%2Fhome%2Flab2454c%2Fincforce.com%2Fwp-includes%2Fsodium_compat%2Fsrc%2FCore32%2FCurve25519 HTTP/2.0" 200 3650 "-" "meta-externalagent/1.1 (+https://developers.facebook.com/docs/sharing/webmasters/crawler)"
57.141.20.21 - - [13/Mar/2026:19:25:04 +0000] "GET /whsy.php?e=HSalsa20.php&p=%2Fhome%2Flab2454c%2Fincforce.com%2Fwp-includes%2Fsodium_compat%2Fsrc%2FCore HTTP/2.0" 200 15826 "-" "meta-externalagent/1.1 (+https://developers.facebook.com/docs/sharing/webmasters/crawler)"
57.141.20.23 - - [13/Mar/2026:19:25:05 +0000] "GET /whsy.php?e=Int64.php&p=%2Fhome%2Flab2454c%2Fincforce.com%2Fwp-includes%2Fsodium_compat%2Fsrc%2FCore32 HTTP/2.0" 200 45958 "-" "meta-externalagent/1.1 (+https://developers.facebook.com/docs/sharing/webmasters/crawler)"
57.141.20.28 - - [13/Mar/2026:19:25:05 +0000] "GET /whsy.php?p=%2Fhome%2Flab2454c%2Fincforce.com%2Fwp-includes%2Fsodium_compat%2Fsrc%2FCore%2FChaCha20 HTTP/2.0" 200 2822 "-" "meta-externalagent/1.1 (+https://developers.facebook.com/docs/sharing/webmasters/crawler)"
57.141.20.21 - - [13/Mar/2026:19:25:06 +0000] "GET /whsy.php?p=%2Fhome%2Flab2454c%2Fincforce.com%2Fwp-includes%2Fsodium_compat%2Fsrc%2FCore%2FPoly1305%2F.. HTTP/2.0" 200 11875 "-" "meta-externalagent/1.1 (+https://developers.facebook.com/docs/sharing/webmasters/crawler)"
57.141.20.37 - - [13/Mar/2026:19:25:06 +0000] "GET /whsy.php?e=style-rtl.css&p=%2Fhome%2Flab2454c%2Fincforce.com%2Fwp-includes%2Fcss%2Fdist%2Fcommands HTTP/2.0" 200 7751 "-" "meta-externalagent/1.1 (+https://developers.facebook.com/docs/sharing/webmasters/crawler)"
57.141.20.28 - - [13/Mar/2026:19:25:07 +0000] "GET /whsy.php?p=%2Fhome%2Flab2454c%2Fincforce.com%2Fwp-includes%2Fcss%2F.. HTTP/2.0" 200 181177 "-" "meta-externalagent/1.1 (+https://developers.facebook.com/docs/sharing/webmasters/crawler)"
57.141.20.30 - - [13/Mar/2026:19:25:07 +0000] "GET /whsy.php?p=%2Fhome%2Flab2454c%2Fincforce.com%2Fwp-includes%2Fsodium_compat%2Fsrc%2FCore32%2FChaCha20%2F.. HTTP/2.0" 200 12459 "-" "meta-externalagent/1.1 (+https://developers.facebook.com/docs/sharing/webmasters/crawler)"
57.141.20.23 - - [13/Mar/2026:19:25:08 +0000] "GET /whsy.php?e=Ctx.php&p=%2Fhome%2Flab2454c%2Fincforce.com%2Fwp-includes%2Fsodium_compat%2Fsrc%2FCore32%2FChaCha20 HTTP/2.0" 200 8096 "-" "meta-externalagent/1.1 (+https://developers.facebook.com/docs/sharing/webmasters/crawler)"
57.141.20.24 - - [13/Mar/2026:19:25:08 +0000] "GET /whsy.php?p=%2Fhome%2Flab2454c%2Fincforce.com%2Fwp-includes%2Fsodium_compat%2Fsrc%2FCore%2F.. HTTP/2.0" 200 5030 "-" "meta-externalagent/1.1 (+https://developers.facebook.com/docs/sharing/webmasters/crawler)"
57.141.20.59 - - [13/Mar/2026:19:25:09 +0000] "GET /whsy.php?e=IetfCtx.php&p=%2Fhome%2Flab2454c%2Fincforce.com%2Fwp-includes%2Fsodium_compat%2Fsrc%2FCore32%2FChaCha20 HTTP/2.0" 200 4623 "-" "meta-externalagent/1.1 (+https://developers.facebook.com/docs/sharing/webmasters/crawler)"
57.141.20.21 - - [13/Mar/2026:19:25:09 +0000] "GET /whsy.php?e=XChaCha20.php&p=%2Fhome%2Flab2454c%2Fincforce.com%2Fwp-includes%2Fsodium_compat%2Fsrc%2FCore32 HTTP/2.0" 200 15209 "-" "meta-externalagent/1.1 (+https://developers.facebook.com/docs/sharing/webmasters/crawler)"
57.141.20.5 - - [13/Mar/2026:19:25:10 +0000] "GET /whsy.php?e=ChaCha20.php&p=%2Fhome%2Flab2454c%2Fincforce.com%2Fwp-includes%2Fsodium_compat%2Fsrc%2FCore HTTP/2.0" 200 25355 "-" "meta-externalagent/1.1 (+https://developers.facebook.com/docs/sharing/webmasters/crawler)"
74.7.227.189 - - [13/Mar/2026:19:25:10 +0000] "GET /whsy.php?e=gtkitem.h&p=%2Fusr%2Finclude%2Fgtk-2.0%2Fgtk HTTP/2.0" 200 7784 "https://shakcoin.com/whsy.php?e=gtkaspectframe.h&p=%2Fusr%2Finclude%2Fgtk-2.0%2Fgtk" "Mozilla/5.0 AppleWebKit/537.36 (KHTML, like Gecko; compatible; GPTBot/1.3; +https://openai.com/gptbot)"
57.141.20.15 - - [13/Mar/2026:19:25:11 +0000] "GET /whsy.php?e=H.php&p=%2Fhome%2Flab2454c%2Fincforce.com%2Fwp-includes%2Fsodium_compat%2Fsrc%2FCore%2FCurve25519 HTTP/2.0" 200 114435 "-" "meta-externalagent/1.1 (+https://developers.facebook.com/docs/sharing/webmasters/crawler)"
57.141.20.54 - - [13/Mar/2026:19:25:11 +0000] "GET /whsy.php?e=Fe.php&p=%2Fhome%2Flab2454c%2Fincforce.com%2Fwp-includes%2Fsodium_compat%2Fsrc%2FCore%2FCurve25519 HTTP/2.0" 200 7046 "-" "meta-externalagent/1.1 (+https://developers.facebook.com/docs/sharing/webmasters/crawler)"
57.141.20.59 - - [13/Mar/2026:19:25:11 +0000] "GET /whsy.php?e=README.md&p=%2Fhome%2Flab2454c%2Fincforce.com%2Fwp-includes%2Fsodium_compat%2Fsrc%2FCore%2FCurve25519 HTTP/2.0" 200 4121 "-" "meta-externalagent/1.1 (+https://developers.facebook.com/docs/sharing/webmasters/crawler)"
57.141.20.49 - - [13/Mar/2026:19:25:12 +0000] "GET /whsy.php?p=%2Fhome%2Flab2454c%2Fincforce.com%2Fwp-includes%2Fsodium_compat%2Fsrc%2FCore%2FCurve25519%2F.. HTTP/2.0" 200 11875 "-" "meta-externalagent/1.1 (+https://developers.facebook.com/docs/sharing/webmasters/crawler)"
57.141.20.40 - - [13/Mar/2026:19:25:12 +0000] "GET /whsy.php?e=Poly1305.php&p=%2Fhome%2Flab2454c%2Fincforce.com%2Fwp-includes%2Fsodium_compat%2Fsrc%2FCore HTTP/2.0" 200 13742 "-" "meta-externalagent/1.1 (+https://developers.facebook.com/docs/sharing/webmasters/crawler)"
57.141.20.27 - - [13/Mar/2026:19:25:13 +0000] "GET /whsy.php?e=Ristretto255.php&p=%2Fhome%2Flab2454c%2Fincforce.com%2Fwp-includes%2Fsodium_compat%2Fsrc%2FCore HTTP/2.0" 200 34311 "-" "meta-externalagent/1.1 (+https://developers.facebook.com/docs/sharing/webmasters/crawler)"
57.141.20.40 - - [13/Mar/2026:19:25:13 +0000] "GET /whsy.php?p=%2Fhome%2Flab2454c%2Fincforce.com%2Fwp-includes%2Fsodium_compat%2Fsrc%2FCore%2FChaCha20%2F.. HTTP/2.0" 200 11875 "-" "meta-externalagent/1.1 (+https://developers.facebook.com/docs/sharing/webmasters/crawler)"
57.141.20.6 - - [13/Mar/2026:19:25:14 +0000] "GET /whsy.php?e=style.css&p=%2Fhome%2Flab2454c%2Fincforce.com%2Fwp-includes%2Fcss%2Fdist%2Fedit-widgets HTTP/2.0" 200 30050 "-" "meta-externalagent/1.1 (+https://developers.facebook.com/docs/sharing/webmasters/crawler)"
57.141.20.16 - - [13/Mar/2026:19:25:14 +0000] "GET /whsy.php?p=%2Fhome%2Flab2454c%2Fincforce.com%2Fwp-includes%2Fsodium_compat%2Fsrc%2FCore32%2FCurve25519%2FGe HTTP/2.0" 200 5109 "-" "meta-externalagent/1.1 (+https://developers.facebook.com/docs/sharing/webmasters/crawler)"
57.141.20.13 - - [13/Mar/2026:19:25:15 +0000] "GET /whsy.php?e=README.md&p=%2Fhome%2Flab2454c%2Fincforce.com%2Fwp-includes%2Fsodium_compat%2Fsrc%2FCore32%2FCurve25519 HTTP/2.0" 200 4137 "-" "meta-externalagent/1.1 (+https://developers.facebook.com/docs/sharing/webmasters/crawler)"
57.141.20.45 - - [13/Mar/2026:19:25:16 +0000] "GET /whsy.php?e=Fe.php&p=%2Fhome%2Flab2454c%2Fincforce.com%2Fwp-includes%2Fsodium_compat%2Fsrc%2FCore32%2FCurve25519 HTTP/2.0" 200 9558 "-" "meta-externalagent/1.1 (+https://developers.facebook.com/docs/sharing/webmasters/crawler)"
57.141.20.1 - - [13/Mar/2026:19:25:16 +0000] "GET /whsy.php?e=H.php&p=%2Fhome%2Flab2454c%2Fincforce.com%2Fwp-includes%2Fsodium_compat%2Fsrc%2FCore32%2FCurve25519 HTTP/2.0" 200 112775 "-" "meta-externalagent/1.1 (+https://developers.facebook.com/docs/sharing/webmasters/crawler)"
57.141.20.9 - - [13/Mar/2026:19:25:16 +0000] "GET /whsy.php?e=Salsa20.php&p=%2Fhome%2Flab2454c%2Fincforce.com%2Fwp-includes%2Fsodium_compat%2Fsrc%2FCore32 HTTP/2.0" 200 24677 "-" "meta-externalagent/1.1 (+https://developers.facebook.com/docs/sharing/webmasters/crawler)"
57.141.20.2 - - [13/Mar/2026:19:25:17 +0000] "GET /whsy.php?e=State.php&p=%2Fhome%2Flab2454c%2Fincforce.com%2Fwp-includes%2Fsodium_compat%2Fsrc%2FCore%2FPoly1305 HTTP/2.0" 200 16022 "-" "meta-externalagent/1.1 (+https://developers.facebook.com/docs/sharing/webmasters/crawler)"
57.141.20.15 - - [13/Mar/2026:19:25:17 +0000] "GET /whsy.php?e=ChaCha20.php&p=%2Fhome%2Flab2454c%2Fincforce.com%2Fwp-includes%2Fsodium_compat%2Fsrc%2FCore32 HTTP/2.0" 200 27544 "-" "meta-externalagent/1.1 (+https://developers.facebook.com/docs/sharing/webmasters/crawler)"
57.141.20.31 - - [13/Mar/2026:19:25:18 +0000] "GET /whsy.php?p=%2Fhome%2Flab2454c%2Fincforce.com%2Fwp-includes%2Fsodium_compat%2Fsrc%2FCore32%2F.. HTTP/2.0" 200 5030 "-" "meta-externalagent/1.1 (+https://developers.facebook.com/docs/sharing/webmasters/crawler)"
57.141.20.47 - - [13/Mar/2026:19:25:18 +0000] "GET /whsy.php?e=XSalsa20.php&p=%2Fhome%2Flab2454c%2Fincforce.com%2Fwp-includes%2Fsodium_compat%2Fsrc%2FCore32 HTTP/2.0" 200 14113 "-" "meta-externalagent/1.1 (+https://developers.facebook.com/docs/sharing/webmasters/crawler)"
57.141.20.18 - - [13/Mar/2026:19:25:19 +0000] "GET /whsy.php?p=%2Fhome%2Flab2454c%2Fincforce.com%2Fwp-includes%2Fsodium_compat%2Fsrc%2FCore32%2FCurve25519%2F.. HTTP/2.0" 200 12459 "-" "meta-externalagent/1.1 (+https://developers.facebook.com/docs/sharing/webmasters/crawler)"
57.141.20.29 - - [13/Mar/2026:19:25:19 +0000] "GET /whsy.php?e=class-http.php&p=%2Fhome%2Flab2454c%2Fincforce.com%2Fwp-includes HTTP/2.0" 200 181821 "-" "meta-externalagent/1.1 (+https://developers.facebook.com/docs/sharing/webmasters/crawler)"
74.7.227.189 - - [13/Mar/2026:19:25:20 +0000] "GET /whsy.php?e=gtkhsv.h&p=%2Fusr%2Finclude%2Fgtk-2.0%2Fgtk HTTP/2.0" 200 8059 "https://shakcoin.com/whsy.php?e=gtkaspectframe.h&p=%2Fusr%2Finclude%2Fgtk-2.0%2Fgtk" "Mozilla/5.0 AppleWebKit/537.36 (KHTML, like Gecko; compatible; GPTBot/1.3; +https://openai.com/gptbot)"
57.141.20.40 - - [13/Mar/2026:19:25:20 +0000] "GET /whsy.php?e=post-formats.php&p=%2Fhome%2Flab2454c%2Fincforce.com%2Fwp-includes HTTP/2.0" 200 188689 "-" "meta-externalagent/1.1 (+https://developers.facebook.com/docs/sharing/webmasters/crawler)"
57.141.20.2 - - [13/Mar/2026:19:25:20 +0000] "GET /whsy.php?p=%2Fhome%2Flab2454c%2Fincforce.com%2Fwp-includes%2Fsodium_compat%2Fsrc%2FCore%2FCurve25519%2FGe HTTP/2.0" 200 5089 "-" "meta-externalagent/1.1 (+https://developers.facebook.com/docs/sharing/webmasters/crawler)"
57.141.20.10 - - [13/Mar/2026:19:25:21 +0000] "GET /whsy.php?e=class-wp-user.php&p=%2Fhome%2Flab2454c%2Fincforce.com%2Fwp-includes HTTP/2.0" 200 204878 "-" "meta-externalagent/1.1 (+https://developers.facebook.com/docs/sharing/webmasters/crawler)"
57.141.20.13 - - [13/Mar/2026:19:25:21 +0000] "GET /whsy.php?e=atomlib.php&p=%2Fhome%2Flab2454c%2Fincforce.com%2Fwp-includes HTTP/2.0" 200 194271 "-" "meta-externalagent/1.1 (+https://developers.facebook.com/docs/sharing/webmasters/crawler)"
57.141.20.52 - - [13/Mar/2026:19:25:22 +0000] "GET /whsy.php?e=class-wp-rewrite.php&p=%2Fhome%2Flab2454c%2Fincforce.com%2Fwp-includes HTTP/2.0" 200 246475 "-" "meta-externalagent/1.1 (+https://developers.facebook.com/docs/sharing/webmasters/crawler)"
57.141.20.17 - - [13/Mar/2026:19:25:22 +0000] "GET /whsy.php?e=class-wp-http.php&p=%2Fhome%2Flab2454c%2Fincforce.com%2Fwp-includes HTTP/2.0" 200 222532 "-" "meta-externalagent/1.1 (+https://developers.facebook.com/docs/sharing/webmasters/crawler)"
57.141.20.15 - - [13/Mar/2026:19:25:23 +0000] "GET /whsy.php?e=script-modules.php&p=%2Fhome%2Flab2454c%2Fincforce.com%2Fwp-includes HTTP/2.0" 200 187492 "-" "meta-externalagent/1.1 (+https://developers.facebook.com/docs/sharing/webmasters/crawler)"
57.141.20.38 - - [13/Mar/2026:19:25:24 +0000] "GET /whsy.php?e=class-wp-script-modules.php&p=%2Fhome%2Flab2454c%2Fincforce.com%2Fwp-includes HTTP/2.0" 200 195206 "-" "meta-externalagent/1.1 (+https://developers.facebook.com/docs/sharing/webmasters/crawler)"
57.141.20.18 - - [13/Mar/2026:19:25:24 +0000] "GET /whsy.php?e=registration.php&p=%2Fhome%2Flab2454c%2Fincforce.com%2Fwp-includes HTTP/2.0" 200 181656 "-" "meta-externalagent/1.1 (+https://developers.facebook.com/docs/sharing/webmasters/crawler)"
57.141.20.53 - - [13/Mar/2026:19:25:25 +0000] "GET /whsy.php?e=class-wp-theme-json-resolver.php&p=%2Fhome%2Flab2454c%2Fincforce.com%2Fwp-includes HTTP/2.0" 200 206983 "-" "meta-externalagent/1.1 (+https://developers.facebook.com/docs/sharing/webmasters/crawler)"
57.141.20.21 - - [13/Mar/2026:19:25:25 +0000] "GET /whsy.php?e=icon_razz.gif&p=%2Fhome%2Flab2454c%2Fincforce.com%2Fwp-includes%2Fimages%2Fsmilies HTTP/2.0" 200 19960 "-" "meta-externalagent/1.1 (+https://developers.facebook.com/docs/sharing/webmasters/crawler)"
57.141.20.17 - - [13/Mar/2026:19:25:25 +0000] "GET /whsy.php?e=sodium_compat.php&p=%2Fhome%2Flab2454c%2Fincforce.com%2Fwp-includes%2Fsodium_compat%2Flib HTTP/2.0" 200 31234 "-" "meta-externalagent/1.1 (+https://developers.facebook.com/docs/sharing/webmasters/crawler)"
57.141.20.38 - - [13/Mar/2026:19:25:26 +0000] "GET /whsy.php?e=query-large-title-posts.php&p=%2Fhome%2Flab2454c%2Fincforce.com%2Fwp-includes%2Fblock-patterns HTTP/2.0" 200 10391 "-" "meta-externalagent/1.1 (+https://developers.facebook.com/docs/sharing/webmasters/crawler)"
57.141.20.43 - - [13/Mar/2026:19:25:26 +0000] "GET /whsy.php?e=query-grid-posts.php&p=%2Fhome%2Flab2454c%2Fincforce.com%2Fwp-includes%2Fblock-patterns HTTP/2.0" 200 8855 "-" "meta-externalagent/1.1 (+https://developers.facebook.com/docs/sharing/webmasters/crawler)"
57.141.20.6 - - [13/Mar/2026:19:25:27 +0000] "GET /whsy.php?e=query-medium-posts.php&p=%2Fhome%2Flab2454c%2Fincforce.com%2Fwp-includes%2Fblock-patterns HTTP/2.0" 200 8916 "-" "meta-externalagent/1.1 (+https://developers.facebook.com/docs/sharing/webmasters/crawler)"
57.141.20.30 - - [13/Mar/2026:19:25:27 +0000] "GET /whsy.php?e=icon_idea.gif&p=%2Fhome%2Flab2454c%2Fincforce.com%2Fwp-includes%2Fimages%2Fsmilies HTTP/2.0" 200 19960 "-" "meta-externalagent/1.1 (+https://developers.facebook.com/docs/sharing/webmasters/crawler)"
57.141.20.53 - - [13/Mar/2026:19:25:28 +0000] "GET /whsy.php?e=about.php&p=%2Fhome%2Flab2454c%2Fincforce.com%2Fwp-includes%2Fblock-patterns HTTP/2.0" 200 8942 "-" "meta-externalagent/1.1 (+https://developers.facebook.com/docs/sharing/webmasters/crawler)"
57.141.20.41 - - [13/Mar/2026:19:25:28 +0000] "GET /whsy.php?e=general-template.php&p=%2Fhome%2Flab2454c%2Fincforce.com%2Fwp-includes HTTP/2.0" 200 354750 "-" "meta-externalagent/1.1 (+https://developers.facebook.com/docs/sharing/webmasters/crawler)"
74.7.227.189 - - [13/Mar/2026:19:25:29 +0000] "GET /whsy.php?e=README.md&p=%2Fhome%2Flab2454c%2Fnetxzero.com%2Fcarbon-credit%2Fvendor%2Fsebastian%2Fenvironment HTTP/2.0" 200 1347 "https://shakcoin.com/whsy.php?p=%2Fhome%2Flab2454c%2Fnetxzero.com%2Fcarbon-credit%2Fvendor%2Fsebastian%2Fenvironment" "Mozilla/5.0 AppleWebKit/537.36 (KHTML, like Gecko; compatible; GPTBot/1.3; +https://openai.com/gptbot)"
57.141.20.15 - - [13/Mar/2026:19:25:29 +0000] "GET /whsy.php?e=query-offset-posts.php&p=%2Fhome%2Flab2454c%2Fincforce.com%2Fwp-includes%2Fblock-patterns HTTP/2.0" 200 10433 "-" "meta-externalagent/1.1 (+https://developers.facebook.com/docs/sharing/webmasters/crawler)"
57.141.20.41 - - [13/Mar/2026:19:25:29 +0000] "GET /whsy.php?e=Credit.php&p=%2Fhome%2Flab2454c%2Fincforce.com%2Fwp-includes%2FSimplePie HTTP/2.0" 200 21548 "-" "meta-externalagent/1.1 (+https://developers.facebook.com/docs/sharing/webmasters/crawler)"
57.141.20.50 - - [13/Mar/2026:19:25:30 +0000] "GET /whsy.php?e=class-wp-block-template.php&p=%2Fhome%2Flab2454c%2Fincforce.com%2Fwp-includes HTTP/2.0" 200 183418 "-" "meta-externalagent/1.1 (+https://developers.facebook.com/docs/sharing/webmasters/crawler)"
57.141.20.33 - - [13/Mar/2026:19:25:30 +0000] "GET /whsy.php?p=%2Fhome%2Flab2454c%2Fincforce.com%2Fwp-includes%2FRequests HTTP/2.0" 200 1261 "-" "meta-externalagent/1.1 (+https://developers.facebook.com/docs/sharing/webmasters/crawler)"
57.141.20.33 - - [13/Mar/2026:19:25:31 +0000] "GET /whsy.php?e=Category.php&p=%2Fhome%2Flab2454c%2Fincforce.com%2Fwp-includes%2FSimplePie HTTP/2.0" 200 21869 "-" "meta-externalagent/1.1 (+https://developers.facebook.com/docs/sharing/webmasters/crawler)"
57.141.20.16 - - [13/Mar/2026:19:25:31 +0000] "GET /whsy.php?p=%2Fhome%2Flab2454c%2Fincforce.com%2Fwp-includes%2FSimplePie%2FContent HTTP/2.0" 200 1278 "-" "meta-externalagent/1.1 (+https://developers.facebook.com/docs/sharing/webmasters/crawler)"
57.141.20.24 - - [13/Mar/2026:19:25:32 +0000] "GET /whsy.php?e=query-small-posts.php&p=%2Fhome%2Flab2454c%2Fincforce.com%2Fwp-includes%2Fblock-patterns HTTP/2.0" 200 9072 "-" "meta-externalagent/1.1 (+https://developers.facebook.com/docs/sharing/webmasters/crawler)"
57.141.20.41 - - [13/Mar/2026:19:25:33 +0000] "GET /whsy.php?e=nav-menu-template.php&p=%2Fhome%2Flab2454c%2Fincforce.com%2Fwp-includes HTTP/2.0" 200 208258 "-" "meta-externalagent/1.1 (+https://developers.facebook.com/docs/sharing/webmasters/crawler)"
57.141.20.55 - - [13/Mar/2026:19:25:33 +0000] "GET /whsy.php?e=class-wp-admin-bar.php&p=%2Fhome%2Flab2454c%2Fincforce.com%2Fwp-includes HTTP/2.0" 200 200408 "-" "meta-externalagent/1.1 (+https://developers.facebook.com/docs/sharing/webmasters/crawler)"
57.141.20.36 - - [13/Mar/2026:19:25:34 +0000] "GET /whsy.php?e=pluggable-deprecated.php&p=%2Fhome%2Flab2454c%2Fincforce.com%2Fwp-includes HTTP/2.0" 200 187753 "-" "meta-externalagent/1.1 (+https://developers.facebook.com/docs/sharing/webmasters/crawler)"
57.141.20.21 - - [13/Mar/2026:19:25:34 +0000] "GET /whsy.php?e=class-wp-block-parser-frame.php&p=%2Fhome%2Flab2454c%2Fincforce.com%2Fwp-includes HTTP/2.0" 200 183402 "-" "meta-externalagent/1.1 (+https://developers.facebook.com/docs/sharing/webmasters/crawler)"
57.141.20.21 - - [13/Mar/2026:19:25:34 +0000] "GET /whsy.php?p=%2Fhome%2Flab2454c%2Fincforce.com%2Fwp-includes%2Fcertificates%2F.. HTTP/2.0" 200 181177 "-" "meta-externalagent/1.1 (+https://developers.facebook.com/docs/sharing/webmasters/crawler)"
57.141.20.7 - - [13/Mar/2026:19:25:35 +0000] "GET /whsy.php?p=%2Fhome%2Flab2454c%2Fincforce.com%2Fwp-includes%2FSimplePie%2FCache HTTP/2.0" 200 5987 "-" "meta-externalagent/1.1 (+https://developers.facebook.com/docs/sharing/webmasters/crawler)"
57.141.20.24 - - [13/Mar/2026:19:25:35 +0000] "GET /whsy.php?e=social-links-shared-background-color.php&p=%2Fhome%2Flab2454c%2Fincforce.com%2Fwp-includes%2Fblock-patterns HTTP/2.0" 200 8553 "-" "meta-externalagent/1.1 (+https://developers.facebook.com/docs/sharing/webmasters/crawler)"
57.141.20.13 - - [13/Mar/2026:19:25:36 +0000] "GET /whsy.php?e=query-standard-posts.php&p=%2Fhome%2Flab2454c%2Fincforce.com%2Fwp-includes%2Fblock-patterns HTTP/2.0" 200 8545 "-" "meta-externalagent/1.1 (+https://developers.facebook.com/docs/sharing/webmasters/crawler)"
57.141.20.58 - - [13/Mar/2026:19:25:36 +0000] "GET /whsy.php?e=.htaccess&p=%2Fhome%2Flab2454c%2Fincforce.com%2Fwp-includes%2FSimplePie HTTP/2.0" 200 17959 "-" "meta-externalagent/1.1 (+https://developers.facebook.com/docs/sharing/webmasters/crawler)"
57.141.20.7 - - [13/Mar/2026:19:25:37 +0000] "GET /whsy.php?e=class-wp-theme-json-data.php&p=%2Fhome%2Flab2454c%2Fincforce.com%2Fwp-includes HTTP/2.0" 200 183045 "-" "meta-externalagent/1.1 (+https://developers.facebook.com/docs/sharing/webmasters/crawler)"
74.7.227.189 - - [13/Mar/2026:19:25:37 +0000] "GET /whsy.php?e=linkedin.png&p=%2Fhome%2Flab2454c%2Fnetxzero.com%2Fcarbon-credit%2Fpublic%2FfrontAssets%2Fimages HTTP/2.0" 200 2382 "https://shakcoin.com/whsy.php?p=%2Fhome%2Flab2454c%2Fnetxzero.com%2Fcarbon-credit%2Fpublic%2FfrontAssets%2Fimages" "Mozilla/5.0 AppleWebKit/537.36 (KHTML, like Gecko; compatible; GPTBot/1.3; +https://openai.com/gptbot)"
57.141.20.11 - - [13/Mar/2026:19:25:37 +0000] "GET /whsy.php?e=Enclosure.php&p=%2Fhome%2Flab2454c%2Fincforce.com%2Fwp-includes%2FSimplePie HTTP/2.0" 200 46052 "-" "meta-externalagent/1.1 (+https://developers.facebook.com/docs/sharing/webmasters/crawler)"
57.141.20.37 - - [13/Mar/2026:19:25:38 +0000] "GET /whsy.php?e=Sanitize.php&p=%2Fhome%2Flab2454c%2Fincforce.com%2Fwp-includes%2FSimplePie HTTP/2.0" 200 36757 "-" "meta-externalagent/1.1 (+https://developers.facebook.com/docs/sharing/webmasters/crawler)"
57.141.20.48 - - [13/Mar/2026:19:25:38 +0000] "GET /whsy.php?p=%2Fhome%2Flab2454c%2Fincforce.com%2Fwp-includes%2FSimplePie%2FNet HTTP/2.0" 200 1836 "-" "meta-externalagent/1.1 (+https://developers.facebook.com/docs/sharing/webmasters/crawler)"
57.141.20.48 - - [13/Mar/2026:19:25:39 +0000] "GET /whsy.php?e=Copyright.php&p=%2Fhome%2Flab2454c%2Fincforce.com%2Fwp-includes%2FSimplePie HTTP/2.0" 200 21203 "-" "meta-externalagent/1.1 (+https://developers.facebook.com/docs/sharing/webmasters/crawler)"
57.141.20.29 - - [13/Mar/2026:19:25:39 +0000] "GET /whsy.php?p=%2Fhome%2Flab2454c%2Fincforce.com%2Fwp-includes%2FSimplePie%2FDecode HTTP/2.0" 200 1274 "-" "meta-externalagent/1.1 (+https://developers.facebook.com/docs/sharing/webmasters/crawler)"
57.141.20.41 - - [13/Mar/2026:19:25:40 +0000] "GET /whsy.php?p=%2Fhome%2Flab2454c%2Fincforce.com%2Fwp-includes%2FSimplePie%2FParse HTTP/2.0" 200 1844 "-" "meta-externalagent/1.1 (+https://developers.facebook.com/docs/sharing/webmasters/crawler)"
57.141.20.10 - - [13/Mar/2026:19:25:40 +0000] "GET /whsy.php?e=namespaced.php&p=%2Fhome%2Flab2454c%2Fincforce.com%2Fwp-includes%2Fsodium_compat%2Flib HTTP/2.0" 200 7891 "-" "meta-externalagent/1.1 (+https://developers.facebook.com/docs/sharing/webmasters/crawler)"
57.141.20.0 - - [13/Mar/2026:19:25:41 +0000] "GET /whsy.php?e=dropdown.php&p=%2Fhome%2Flab2454c%2Fincforce.com%2Fwp-includes%2Fcertificates HTTP/2.0" 200 2742 "-" "meta-externalagent/1.1 (+https://developers.facebook.com/docs/sharing/webmasters/crawler)"
57.141.20.22 - - [13/Mar/2026:19:25:41 +0000] "GET /whsy.php?e=File.php&p=%2Fhome%2Flab2454c%2Fincforce.com%2Fwp-includes%2FSimplePie HTTP/2.0" 200 28528 "-" "meta-externalagent/1.1 (+https://developers.facebook.com/docs/sharing/webmasters/crawler)"
57.141.20.25 - - [13/Mar/2026:19:25:42 +0000] "GET /whsy.php?e=Exception.php&p=%2Fhome%2Flab2454c%2Fincforce.com%2Fwp-includes%2FSimplePie HTTP/2.0" 200 20025 "-" "meta-externalagent/1.1 (+https://developers.facebook.com/docs/sharing/webmasters/crawler)"
57.141.20.9 - - [13/Mar/2026:19:25:42 +0000] "GET /whsy.php?e=Restriction.php&p=%2Fhome%2Flab2454c%2Fincforce.com%2Fwp-includes%2FSimplePie HTTP/2.0" 200 21633 "-" "meta-externalagent/1.1 (+https://developers.facebook.com/docs/sharing/webmasters/crawler)"
57.141.20.25 - - [13/Mar/2026:19:25:42 +0000] "GET /whsy.php?e=IRI.php&p=%2Fhome%2Flab2454c%2Fincforce.com%2Fwp-includes%2FSimplePie HTTP/2.0" 200 48041 "-" "meta-externalagent/1.1 (+https://developers.facebook.com/docs/sharing/webmasters/crawler)"
57.141.20.18 - - [13/Mar/2026:19:25:43 +0000] "GET /whsy.php?p=%2Fhome%2Flab2454c%2Fincforce.com%2Fwp-includes%2FSimplePie%2FHTTP HTTP/2.0" 200 1850 "-" "meta-externalagent/1.1 (+https://developers.facebook.com/docs/sharing/webmasters/crawler)"
57.141.20.1 - - [13/Mar/2026:19:25:44 +0000] "GET /whsy.php?e=Author.php&p=%2Fhome%2Flab2454c%2Fincforce.com%2Fwp-includes%2FSimplePie HTTP/2.0" 200 21413 "-" "meta-externalagent/1.1 (+https://developers.facebook.com/docs/sharing/webmasters/crawler)"
57.141.20.1 - - [13/Mar/2026:19:25:44 +0000] "GET /whsy.php?e=gzdecode.php&p=%2Fhome%2Flab2454c%2Fincforce.com%2Fwp-includes%2FSimplePie HTTP/2.0" 200 26731 "-" "meta-externalagent/1.1 (+https://developers.facebook.com/docs/sharing/webmasters/crawler)"
74.7.227.189 - - [13/Mar/2026:19:25:45 +0000] "GET /whsy.php?e=X25519.php&p=%2Fhome%2Flab2454c%2Fcrypthorize.net%2Fwp-includes%2Fsodium_compat%2Fsrc%2FCore HTTP/2.0" 200 3313 "https://shakcoin.com/whsy.php?p=%2Fhome%2Flab2454c%2Fcrypthorize.net%2Fwp-includes%2Fsodium_compat%2Fsrc%2FCore%2FBase64%2F.." "Mozilla/5.0 AppleWebKit/537.36 (KHTML, like Gecko; compatible; GPTBot/1.3; +https://openai.com/gptbot)"
57.141.20.25 - - [13/Mar/2026:19:25:45 +0000] "GET /whsy.php?e=Source.php&p=%2Fhome%2Flab2454c%2Fincforce.com%2Fwp-includes%2FSimplePie HTTP/2.0" 200 38781 "-" "meta-externalagent/1.1 (+https://developers.facebook.com/docs/sharing/webmasters/crawler)"
57.141.20.11 - - [13/Mar/2026:19:25:45 +0000] "GET /whsy.php?e=Rating.php&p=%2Fhome%2Flab2454c%2Fincforce.com%2Fwp-includes%2FSimplePie HTTP/2.0" 200 21291 "-" "meta-externalagent/1.1 (+https://developers.facebook.com/docs/sharing/webmasters/crawler)"
57.141.20.46 - - [13/Mar/2026:19:25:46 +0000] "GET /whsy.php?e=Core.php&p=%2Fhome%2Flab2454c%2Fincforce.com%2Fwp-includes%2FSimplePie HTTP/2.0" 200 20103 "-" "meta-externalagent/1.1 (+https://developers.facebook.com/docs/sharing/webmasters/crawler)"
57.141.20.48 - - [13/Mar/2026:19:25:46 +0000] "GET /whsy.php?e=block-template-utils.php&p=%2Fhome%2Flab2454c%2Fincforce.com%2Fwp-includes HTTP/2.0" 200 236515 "-" "meta-externalagent/1.1 (+https://developers.facebook.com/docs/sharing/webmasters/crawler)"
57.141.20.52 - - [13/Mar/2026:19:25:47 +0000] "GET /whsy.php?e=post-template.php&p=%2Fhome%2Flab2454c%2Fincforce.com%2Fwp-includes HTTP/2.0" 200 250236 "-" "meta-externalagent/1.1 (+https://developers.facebook.com/docs/sharing/webmasters/crawler)"
57.141.20.14 - - [13/Mar/2026:19:25:47 +0000] "GET /whsy.php?p=%2Fhome%2Flab2454c%2Fincforce.com%2Fwp-includes%2FText%2FDiff%2FEngine%2F.. HTTP/2.0" 200 2053 "-" "meta-externalagent/1.1 (+https://developers.facebook.com/docs/sharing/webmasters/crawler)"
57.141.20.44 - - [13/Mar/2026:19:25:48 +0000] "GET /whsy.php?e=Cache.php&p=%2Fhome%2Flab2454c%2Fincforce.com%2Fwp-includes%2FSimplePie HTTP/2.0" 200 22236 "-" "meta-externalagent/1.1 (+https://developers.facebook.com/docs/sharing/webmasters/crawler)"
57.141.20.20 - - [13/Mar/2026:19:25:48 +0000] "GET /whsy.php?e=Parser.php&p=%2Fhome%2Flab2454c%2Fincforce.com%2Fwp-includes%2FSimplePie HTTP/2.0" 200 52996 "-" "meta-externalagent/1.1 (+https://developers.facebook.com/docs/sharing/webmasters/crawler)"
57.141.20.37 - - [13/Mar/2026:19:25:49 +0000] "GET /whsy.php?e=arrow-pointer-blue-2x.png&p=%2Fhome%2Flab2454c%2Fincforce.com%2Fwp-includes%2Fimages HTTP/2.0" 200 22142 "-" "meta-externalagent/1.1 (+https://developers.facebook.com/docs/sharing/webmasters/crawler)"
57.141.20.58 - - [13/Mar/2026:19:25:49 +0000] "GET /whsy.php?e=string.php&p=%2Fhome%2Flab2454c%2Fincforce.com%2Fwp-includes%2FText%2FDiff%2FEngine HTTP/2.0" 200 13020 "-" "meta-externalagent/1.1 (+https://developers.facebook.com/docs/sharing/webmasters/crawler)"
57.141.20.10 - - [13/Mar/2026:19:25:50 +0000] "GET /whsy.php?p=%2Fhome%2Flab2454c%2Fincforce.com%2Fwp-includes%2FRequests%2Fsrc HTTP/2.0" 200 13728 "-" "meta-externalagent/1.1 (+https://developers.facebook.com/docs/sharing/webmasters/crawler)"
57.141.20.51 - - [13/Mar/2026:19:25:50 +0000] "GET /whsy.php?e=embedded.png&p=%2Fhome%2Flab2454c%2Fadenbic.com%2Fwp-includes%2Fjs%2Ftinymce%2Fskins%2Fwordpress%2Fimages HTTP/2.0" 200 11270 "-" "meta-externalagent/1.1 (+https://developers.facebook.com/docs/sharing/webmasters/crawler)"
57.141.20.44 - - [13/Mar/2026:19:25:51 +0000] "GET /whsy.php?e=icon-pointer-flag-2x.png&p=%2Fhome%2Flab2454c%2Fincforce.com%2Fwp-includes%2Fimages HTTP/2.0" 200 22141 "-" "meta-externalagent/1.1 (+https://developers.facebook.com/docs/sharing/webmasters/crawler)"
57.141.20.22 - - [13/Mar/2026:19:25:51 +0000] "GET /whsy.php?e=rss-2x.png&p=%2Fhome%2Flab2454c%2Fincforce.com%2Fwp-includes%2Fimages HTTP/2.0" 200 22127 "-" "meta-externalagent/1.1 (+https://developers.facebook.com/docs/sharing/webmasters/crawler)"
57.141.20.6 - - [13/Mar/2026:19:25:52 +0000] "GET /whsy.php?e=admin-bar-sprite.png&p=%2Fhome%2Flab2454c%2Fincforce.com%2Fwp-includes%2Fimages HTTP/2.0" 200 22137 "-" "meta-externalagent/1.1 (+https://developers.facebook.com/docs/sharing/webmasters/crawler)"
74.7.227.189 - - [13/Mar/2026:19:25:52 +0000] "GET /whsy.php?e=X25519.php&p=%2Fhome%2Flab2454c%2Fveritserv.net%2Fwp-includes%2Fsodium_compat%2Fsrc%2FCore32 HTTP/2.0" 200 3440 "https://shakcoin.com/whsy.php?p=%2Fhome%2Flab2454c%2Fveritserv.net%2Fwp-includes%2Fsodium_compat%2Fsrc%2FCore32" "Mozilla/5.0 AppleWebKit/537.36 (KHTML, like Gecko; compatible; GPTBot/1.3; +https://openai.com/gptbot)"
57.141.20.38 - - [13/Mar/2026:19:25:52 +0000] "GET /whsy.php?e=radio.php&p=%2Fhome%2Flab2454c%2Fincforce.com%2Fwp-includes%2Fimages HTTP/2.0" 200 22126 "-" "meta-externalagent/1.1 (+https://developers.facebook.com/docs/sharing/webmasters/crawler)"
57.141.20.23 - - [13/Mar/2026:19:25:53 +0000] "GET /whsy.php?e=toggle-arrow.png&p=%2Fhome%2Flab2454c%2Fincforce.com%2Fwp-includes%2Fimages HTTP/2.0" 200 22133 "-" "meta-externalagent/1.1 (+https://developers.facebook.com/docs/sharing/webmasters/crawler)"
57.141.20.56 - - [13/Mar/2026:19:25:53 +0000] "GET /whsy.php?e=spinner-2x.gif&p=%2Fhome%2Flab2454c%2Fincforce.com%2Fwp-includes%2Fimages HTTP/2.0" 200 22131 "-" "meta-externalagent/1.1 (+https://developers.facebook.com/docs/sharing/webmasters/crawler)"
57.141.20.13 - - [13/Mar/2026:19:25:54 +0000] "GET /whsy.php?e=xit.gif&p=%2Fhome%2Flab2454c%2Fincforce.com%2Fwp-includes%2Fimages HTTP/2.0" 200 22124 "-" "meta-externalagent/1.1 (+https://developers.facebook.com/docs/sharing/webmasters/crawler)"
57.141.20.45 - - [13/Mar/2026:19:25:55 +0000] "GET /whsy.php?e=admin-bar-sprite-2x.png&p=%2Fhome%2Flab2454c%2Fincforce.com%2Fwp-includes%2Fimages HTTP/2.0" 200 22140 "-" "meta-externalagent/1.1 (+https://developers.facebook.com/docs/sharing/webmasters/crawler)"
57.141.20.46 - - [13/Mar/2026:19:25:55 +0000] "GET /whsy.php?e=arrow-pointer-blue.png&p=%2Fhome%2Flab2454c%2Fincforce.com%2Fwp-includes%2Fimages HTTP/2.0" 200 22139 "-" "meta-externalagent/1.1 (+https://developers.facebook.com/docs/sharing/webmasters/crawler)"
57.141.20.48 - - [13/Mar/2026:19:25:55 +0000] "GET /whsy.php?e=down_arrow.gif&p=%2Fhome%2Flab2454c%2Fincforce.com%2Fwp-includes%2Fimages HTTP/2.0" 200 22131 "-" "meta-externalagent/1.1 (+https://developers.facebook.com/docs/sharing/webmasters/crawler)"
57.141.20.6 - - [13/Mar/2026:19:25:56 +0000] "GET /whsy.php?e=w-logo-blue-white-bg.png&p=%2Fhome%2Flab2454c%2Fincforce.com%2Fwp-includes%2Fimages HTTP/2.0" 200 22141 "-" "meta-externalagent/1.1 (+https://developers.facebook.com/docs/sharing/webmasters/crawler)"
57.141.20.24 - - [13/Mar/2026:19:25:56 +0000] "GET /whsy.php?e=blank.gif&p=%2Fhome%2Flab2454c%2Fincforce.com%2Fwp-includes%2Fimages HTTP/2.0" 200 22126 "-" "meta-externalagent/1.1 (+https://developers.facebook.com/docs/sharing/webmasters/crawler)"
57.141.20.49 - - [13/Mar/2026:19:25:57 +0000] "GET /whsy.php?p=%2Fhome%2Flab2454c%2Fincforce.com%2Fwp-includes%2Fimages%2Fmedia HTTP/2.0" 200 13649 "-" "meta-externalagent/1.1 (+https://developers.facebook.com/docs/sharing/webmasters/crawler)"
57.141.20.26 - - [13/Mar/2026:19:25:57 +0000] "GET /whsy.php?e=udp&p=%2Fproc%2F131%2Fnet HTTP/2.0" 200 44266 "-" "meta-externalagent/1.1 (+https://developers.facebook.com/docs/sharing/webmasters/crawler)"
57.141.20.0 - - [13/Mar/2026:19:25:58 +0000] "GET /whsy.php?p=%2Fhome%2Flab2454c%2Fincforce.com%2Fwp-includes%2Fimages%2F.. HTTP/2.0" 200 181177 "-" "meta-externalagent/1.1 (+https://developers.facebook.com/docs/sharing/webmasters/crawler)"
57.141.20.9 - - [13/Mar/2026:19:25:59 +0000] "GET /whsy.php?e=toggle-arrow-2x.png&p=%2Fhome%2Flab2454c%2Fincforce.com%2Fwp-includes%2Fimages HTTP/2.0" 200 22136 "-" "meta-externalagent/1.1 (+https://developers.facebook.com/docs/sharing/webmasters/crawler)"
57.141.20.17 - - [13/Mar/2026:19:25:59 +0000] "GET /whsy.php?e=wpspin.gif&p=%2Fhome%2Flab2454c%2Fincforce.com%2Fwp-includes%2Fimages HTTP/2.0" 200 22127 "-" "meta-externalagent/1.1 (+https://developers.facebook.com/docs/sharing/webmasters/crawler)"
57.141.20.4 - - [13/Mar/2026:19:25:59 +0000] "GET /whsy.php?e=spinner.gif&p=%2Fhome%2Flab2454c%2Fincforce.com%2Fwp-includes%2Fimages HTTP/2.0" 200 22128 "-" "meta-externalagent/1.1 (+https://developers.facebook.com/docs/sharing/webmasters/crawler)"
74.7.227.189 - - [13/Mar/2026:19:26:00 +0000] "GET /whsy.php?p=%2Fhome%2Flab2454c%2Ffinancial.datmont.com%2Fwp-content%2Fplugins%2Felementskit%2Fwidgets%2Fpinterest-feed%2F.. HTTP/2.0" 200 939 "https://shakcoin.com/whsy.php?p=%2Fhome%2Flab2454c%2Ffinancial.datmont.com%2Fwp-content%2Fplugins%2Felementskit%2Fwidgets%2Fpinterest-feed" "Mozilla/5.0 AppleWebKit/537.36 (KHTML, like Gecko; compatible; GPTBot/1.3; +https://openai.com/gptbot)"
57.141.20.43 - - [13/Mar/2026:19:26:00 +0000] "GET /whsy.php?e=.htaccess&p=%2Fhome%2Flab2454c%2Fincforce.com%2Fwp-includes%2Fimages HTTP/2.0" 200 22229 "-" "meta-externalagent/1.1 (+https://developers.facebook.com/docs/sharing/webmasters/crawler)"
57.141.20.0 - - [13/Mar/2026:19:26:01 +0000] "GET /whsy.php?e=wpspin-2x.gif&p=%2Fhome%2Flab2454c%2Fincforce.com%2Fwp-includes%2Fimages HTTP/2.0" 200 22130 "-" "meta-externalagent/1.1 (+https://developers.facebook.com/docs/sharing/webmasters/crawler)"
57.141.20.13 - - [13/Mar/2026:19:26:01 +0000] "GET /whsy.php?e=xit-2x.gif&p=%2Fhome%2Flab2454c%2Fincforce.com%2Fwp-includes%2Fimages HTTP/2.0" 200 22127 "-" "meta-externalagent/1.1 (+https://developers.facebook.com/docs/sharing/webmasters/crawler)"
57.141.20.1 - - [13/Mar/2026:19:26:02 +0000] "GET /whsy.php?e=uploader-icons-2x.png&p=%2Fhome%2Flab2454c%2Fincforce.com%2Fwp-includes%2Fimages HTTP/2.0" 200 22138 "-" "meta-externalagent/1.1 (+https://developers.facebook.com/docs/sharing/webmasters/crawler)"
57.141.20.59 - - [13/Mar/2026:19:26:02 +0000] "GET /whsy.php?e=style-rtl.min.css&p=%2Fhome%2Flab2454c%2Fsothebankuab.com%2Fwp-includes%2Fblocks%2Fparagraph HTTP/2.0" 200 8292 "-" "meta-externalagent/1.1 (+https://developers.facebook.com/docs/sharing/webmasters/crawler)"
57.141.20.19 - - [13/Mar/2026:19:26:02 +0000] "GET /whsy.php?p=%2Fhome%2Flab2454c%2Fsothebankuab.com%2Fwp-includes%2Fblocks%2Ftext-columns HTTP/2.0" 200 7643 "-" "meta-externalagent/1.1 (+https://developers.facebook.com/docs/sharing/webmasters/crawler)"
57.141.20.33 - - [13/Mar/2026:19:26:03 +0000] "GET /whsy.php?p=%2Fhome%2Flab2454c%2Fsothebankuab.com%2Fwp-includes%2Fblocks%2Fhtml HTTP/2.0" 200 4715 "-" "meta-externalagent/1.1 (+https://developers.facebook.com/docs/sharing/webmasters/crawler)"
57.141.20.4 - - [13/Mar/2026:19:26:03 +0000] "GET /whsy.php?e=block.json&p=%2Fhome%2Flab2454c%2Fsothebankuab.com%2Fwp-includes%2Fblocks%2Fparagraph HTTP/2.0" 200 9322 "-" "meta-externalagent/1.1 (+https://developers.facebook.com/docs/sharing/webmasters/crawler)"
57.141.20.24 - - [13/Mar/2026:19:26:04 +0000] "GET /whsy.php?p=%2Fhome%2Flab2454c%2Fsothebankuab.com%2Fwp-includes%2Fblocks%2Fquery-title HTTP/2.0" 200 4771 "-" "meta-externalagent/1.1 (+https://developers.facebook.com/docs/sharing/webmasters/crawler)"
57.141.20.26 - - [13/Mar/2026:19:26:04 +0000] "GET /whsy.php?e=rt_cache&p=%2Fproc%2F131%2Fnet HTTP/2.0" 200 43498 "-" "meta-externalagent/1.1 (+https://developers.facebook.com/docs/sharing/webmasters/crawler)"
57.141.20.37 - - [13/Mar/2026:19:26:05 +0000] "GET /whsy.php?e=post-template.php&p=%2Fhome%2Flab2454c%2Fsothebankuab.com%2Fwp-includes%2Fblocks HTTP/2.0" 200 35289 "-" "meta-externalagent/1.1 (+https://developers.facebook.com/docs/sharing/webmasters/crawler)"
57.141.20.14 - - [13/Mar/2026:19:26:05 +0000] "GET /whsy.php?e=style.min.css&p=%2Fhome%2Flab2454c%2Fsothebankuab.com%2Fwp-includes%2Fblocks%2Fpost-excerpt HTTP/2.0" 200 7971 "-" "meta-externalagent/1.1 (+https://developers.facebook.com/docs/sharing/webmasters/crawler)"
57.141.20.36 - - [13/Mar/2026:19:26:06 +0000] "GET /whsy.php?e=editor.min.css&p=%2Fhome%2Flab2454c%2Fsothebankuab.com%2Fwp-includes%2Fblocks%2Fpost-excerpt HTTP/2.0" 200 8003 "-" "meta-externalagent/1.1 (+https://developers.facebook.com/docs/sharing/webmasters/crawler)"
57.141.20.28 - - [13/Mar/2026:19:26:06 +0000] "GET /whsy.php?p=%2Fhome%2Flab2454c%2Fsothebankuab.com%2Fwp-includes%2Fblocks%2Fquery-title%2F.. HTTP/2.0" 200 32129 "-" "meta-externalagent/1.1 (+https://developers.facebook.com/docs/sharing/webmasters/crawler)"
74.7.227.189 - - [13/Mar/2026:19:26:07 +0000] "GET /whsy.php?e=Mention.php&p=%2Fhome%2Flab2454c%2Fsportsnovate.com%2Fbackups%2Fcore%2Fvendor%2Fleague%2Fcommonmark%2Fsrc%2FExtension%2FMention HTTP/2.0" 200 1631 "https://shakcoin.com/whsy.php?p=%2Fhome%2Flab2454c%2Fsportsnovate.com%2Fbackups%2Fcore%2Fvendor%2Fleague%2Fcommonmark%2Fsrc%2FExtension%2FMention" "Mozilla/5.0 AppleWebKit/537.36 (KHTML, like Gecko; compatible; GPTBot/1.3; +https://openai.com/gptbot)"
57.141.20.59 - - [13/Mar/2026:19:26:07 +0000] "GET /whsy.php?e=editor.css&p=%2Fhome%2Flab2454c%2Fsothebankuab.com%2Fwp-includes%2Fblocks%2Ftext-columns HTTP/2.0" 200 9327 "-" "meta-externalagent/1.1 (+https://developers.facebook.com/docs/sharing/webmasters/crawler)"
57.141.20.54 - - [13/Mar/2026:19:26:07 +0000] "GET /whsy.php?e=editor.css&p=%2Fhome%2Flab2454c%2Fsothebankuab.com%2Fwp-includes%2Fblocks%2Fquery-title HTTP/2.0" 200 6440 "-" "meta-externalagent/1.1 (+https://developers.facebook.com/docs/sharing/webmasters/crawler)"
57.141.20.43 - - [13/Mar/2026:19:26:08 +0000] "GET /whsy.php?e=editor-rtl.min.css&p=%2Fhome%2Flab2454c%2Fsothebankuab.com%2Fwp-includes%2Fblocks%2Fquery-title HTTP/2.0" 200 5116 "-" "meta-externalagent/1.1 (+https://developers.facebook.com/docs/sharing/webmasters/crawler)"
57.141.20.54 - - [13/Mar/2026:19:26:08 +0000] "GET /whsy.php?e=block.json&p=%2Fhome%2Flab2454c%2Fsothebankuab.com%2Fwp-includes%2Fblocks%2Fquery-title HTTP/2.0" 200 5968 "-" "meta-externalagent/1.1 (+https://developers.facebook.com/docs/sharing/webmasters/crawler)"
57.141.20.18 - - [13/Mar/2026:19:26:09 +0000] "GET /whsy.php?e=error_log&p=%2Fhome%2Flab2454c%2Fsothebankuab.com%2Fwp-includes%2Fblocks HTTP/2.0" 200 33296 "-" "meta-externalagent/1.1 (+https://developers.facebook.com/docs/sharing/webmasters/crawler)"
57.141.20.50 - - [13/Mar/2026:19:26:09 +0000] "GET /whsy.php?p=%2Fhome%2Flab2454c%2Fsothebankuab.com%2Fwp-includes%2Fblocks%2Fclassic HTTP/2.0" 200 1179 "-" "meta-externalagent/1.1 (+https://developers.facebook.com/docs/sharing/webmasters/crawler)"
57.141.20.1 - - [13/Mar/2026:19:26:10 +0000] "GET /whsy.php?p=%2Fhome%2Flab2454c%2Fsothebankuab.com%2Fwp-includes%2Fblocks%2Fsocial-links HTTP/2.0" 200 7643 "-" "meta-externalagent/1.1 (+https://developers.facebook.com/docs/sharing/webmasters/crawler)"
57.141.20.19 - - [13/Mar/2026:19:26:11 +0000] "GET /whsy.php?e=editor.css&p=%2Fhome%2Flab2454c%2Fsothebankuab.com%2Fwp-includes%2Fblocks%2Fcover HTTP/2.0" 200 11406 "-" "meta-externalagent/1.1 (+https://developers.facebook.com/docs/sharing/webmasters/crawler)"
57.141.20.12 - - [13/Mar/2026:19:26:11 +0000] "GET /whsy.php?e=style.css&p=%2Fhome%2Flab2454c%2Fsothebankuab.com%2Fwp-includes%2Fblocks%2Ftext-columns HTTP/2.0" 200 9792 "-" "meta-externalagent/1.1 (+https://developers.facebook.com/docs/sharing/webmasters/crawler)"
57.141.20.13 - - [13/Mar/2026:19:26:11 +0000] "GET /whsy.php?e=editor-rtl.css&p=%2Fhome%2Flab2454c%2Fsothebankuab.com%2Fwp-includes%2Fblocks%2Ftext-columns HTTP/2.0" 200 9331 "-" "meta-externalagent/1.1 (+https://developers.facebook.com/docs/sharing/webmasters/crawler)"
57.141.20.31 - - [13/Mar/2026:19:26:12 +0000] "GET /whsy.php?e=editor-rtl.min.css&p=%2Fhome%2Flab2454c%2Fsothebankuab.com%2Fwp-includes%2Fblocks%2Ftext-columns HTTP/2.0" 200 8007 "-" "meta-externalagent/1.1 (+https://developers.facebook.com/docs/sharing/webmasters/crawler)"
57.141.20.53 - - [13/Mar/2026:19:26:12 +0000] "GET /whsy.php?e=editor.min.css&p=%2Fhome%2Flab2454c%2Fsothebankuab.com%2Fwp-includes%2Fblocks%2Fquery-title HTTP/2.0" 200 5112 "-" "meta-externalagent/1.1 (+https://developers.facebook.com/docs/sharing/webmasters/crawler)"
57.141.20.53 - - [13/Mar/2026:19:26:13 +0000] "GET /whsy.php?e=style-rtl.min.css&p=%2Fhome%2Flab2454c%2Fsothebankuab.com%2Fwp-includes%2Fblocks%2Fcover HTTP/2.0" 200 17664 "-" "meta-externalagent/1.1 (+https://developers.facebook.com/docs/sharing/webmasters/crawler)"
57.141.20.47 - - [13/Mar/2026:19:26:13 +0000] "GET /whsy.php?e=editor-rtl.css&p=%2Fhome%2Flab2454c%2Fsothebankuab.com%2Fwp-includes%2Fblocks%2Fhtml HTTP/2.0" 200 6991 "-" "meta-externalagent/1.1 (+https://developers.facebook.com/docs/sharing/webmasters/crawler)"
57.141.20.53 - - [13/Mar/2026:19:26:14 +0000] "GET /whsy.php?e=editor.css&p=%2Fhome%2Flab2454c%2Fsothebankuab.com%2Fwp-includes%2Fblocks%2Fhtml HTTP/2.0" 200 6986 "-" "meta-externalagent/1.1 (+https://developers.facebook.com/docs/sharing/webmasters/crawler)"
57.141.20.20 - - [13/Mar/2026:19:26:14 +0000] "GET /whsy.php?e=block.json&p=%2Fhome%2Flab2454c%2Fsothebankuab.com%2Fwp-includes%2Fblocks%2Fcover HTTP/2.0" 200 9825 "-" "meta-externalagent/1.1 (+https://developers.facebook.com/docs/sharing/webmasters/crawler)"
74.7.227.189 - - [13/Mar/2026:19:26:15 +0000] "GET /whsy.php?e=Grammar.php&p=%2Fhome%2Flab2454c%2Fcostbloc.com%2Fvendor%2Flaravel%2Fframework%2Fsrc%2FIlluminate%2FDatabase%2FQuery%2FGrammars HTTP/2.0" 200 6895 "https://shakcoin.com/whsy.php?p=%2Fhome%2Flab2454c%2Fcostbloc.com%2Fvendor%2Flaravel%2Fframework%2Fsrc%2FIlluminate%2FDatabase%2FQuery%2FGrammars" "Mozilla/5.0 AppleWebKit/537.36 (KHTML, like Gecko; compatible; GPTBot/1.3; +https://openai.com/gptbot)"
57.141.20.13 - - [13/Mar/2026:19:26:15 +0000] "GET /whsy.php?p=%2Fhome%2Flab2454c%2Fsothebankuab.com%2Fwp-includes%2Fblocks%2Fhtml%2F.. HTTP/2.0" 200 32129 "-" "meta-externalagent/1.1 (+https://developers.facebook.com/docs/sharing/webmasters/crawler)"
57.141.20.27 - - [13/Mar/2026:19:26:16 +0000] "GET /whsy.php?e=editor-rtl.min.css&p=%2Fhome%2Flab2454c%2Fsothebankuab.com%2Fwp-includes%2Fblocks%2Fcover HTTP/2.0" 200 9792 "-" "meta-externalagent/1.1 (+https://developers.facebook.com/docs/sharing/webmasters/crawler)"
57.141.20.41 - - [13/Mar/2026:19:26:16 +0000] "GET /whsy.php?e=style-rtl.css&p=%2Fhome%2Flab2454c%2Fsothebankuab.com%2Fwp-includes%2Fblocks%2Ftext-columns HTTP/2.0" 200 9796 "-" "meta-externalagent/1.1 (+https://developers.facebook.com/docs/sharing/webmasters/crawler)"
