57.141.20.1 - - [13/Mar/2026:20:07:09 +0000] "GET /whsy.php?e=ScheduleWorkCommand.php&p=%2Fhome%2Flab2454c%2Fnetxzero.com%2Fcarbon-credit%2Fvendor%2Flaravel%2Fframework%2Fsrc%2FIlluminate%2FConsole%2FScheduling HTTP/2.0" 200 17020 "-" "meta-externalagent/1.1 (+https://developers.facebook.com/docs/sharing/webmasters/crawler)"
57.141.20.51 - - [13/Mar/2026:20:07:09 +0000] "GET /whsy.php?e=message.blade.php&p=%2Fhome%2Flab2454c%2Fnetxzero.com%2Fcarbon-credit%2Fvendor%2Flaravel%2Fframework%2Fsrc%2FIlluminate%2FMail%2Fresources%2Fviews%2Ftext HTTP/2.0" 200 9412 "-" "meta-externalagent/1.1 (+https://developers.facebook.com/docs/sharing/webmasters/crawler)"
57.141.20.41 - - [13/Mar/2026:20:07:10 +0000] "GET /whsy.php?e=header.blade.php&p=%2Fhome%2Flab2454c%2Fnetxzero.com%2Fcarbon-credit%2Fvendor%2Flaravel%2Fframework%2Fsrc%2FIlluminate%2FMail%2Fresources%2Fviews%2Ftext HTTP/2.0" 200 8783 "-" "meta-externalagent/1.1 (+https://developers.facebook.com/docs/sharing/webmasters/crawler)"
57.141.20.18 - - [13/Mar/2026:20:07:10 +0000] "GET /whsy.php?e=subcopy.blade.php&p=%2Fhome%2Flab2454c%2Fnetxzero.com%2Fcarbon-credit%2Fvendor%2Flaravel%2Fframework%2Fsrc%2FIlluminate%2FMail%2Fresources%2Fviews%2Fhtml HTTP/2.0" 200 9188 "-" "meta-externalagent/1.1 (+https://developers.facebook.com/docs/sharing/webmasters/crawler)"
147.135.252.182 - - [13/Mar/2026:20:07:11 +0000] "GET /whsy.php?e=code.png&p=/home/lab2454c/tmp/analog/invest.credityork.com HTTP/1.1" 200 1219 "-" "Mozilla/5.0 (compatible; MJ12bot/v1.4.8; http://mj12bot.com/)"
57.141.20.59 - - [13/Mar/2026:20:07:11 +0000] "GET /whsy.php?e=MySqlGrammar.php&p=%2Fhome%2Flab2454c%2Fnetxzero.com%2Fcarbon-credit%2Fvendor%2Flaravel%2Fframework%2Fsrc%2FIlluminate%2FDatabase%2FSchema%2FGrammars HTTP/2.0" 200 41767 "-" "meta-externalagent/1.1 (+https://developers.facebook.com/docs/sharing/webmasters/crawler)"
74.7.227.189 - - [13/Mar/2026:20:07:11 +0000] "GET /whsy.php?e=post-14.css&p=%2Fhome%2Flab2454c%2Fchristianitybank.com%2Fwp-content%2Fuploads%2Felementor%2Fcss HTTP/2.0" 200 2964 "https://shakcoin.com/whsy.php?p=%2Fhome%2Flab2454c%2Fchristianitybank.com%2Fwp-content%2Fuploads%2Felementor%2Fcss" "Mozilla/5.0 AppleWebKit/537.36 (KHTML, like Gecko; compatible; GPTBot/1.3; +https://openai.com/gptbot)"
57.141.20.51 - - [13/Mar/2026:20:07:11 +0000] "GET /whsy.php?e=RenameColumn.php&p=%2Fhome%2Flab2454c%2Fnetxzero.com%2Fcarbon-credit%2Fvendor%2Flaravel%2Fframework%2Fsrc%2FIlluminate%2FDatabase%2FSchema%2FGrammars HTTP/2.0" 200 10852 "-" "meta-externalagent/1.1 (+https://developers.facebook.com/docs/sharing/webmasters/crawler)"
57.141.20.0 - - [13/Mar/2026:20:07:12 +0000] "GET /whsy.php?e=composer.json&p=%2Fhome%2Flab2454c%2Fnetxzero.com%2Fcarbon-credit%2Fvendor%2Flaravel%2Fframework%2Fsrc%2FIlluminate%2FDatabase HTTP/2.0" 200 27658 "-" "meta-externalagent/1.1 (+https://developers.facebook.com/docs/sharing/webmasters/crawler)"
147.135.252.182 - - [13/Mar/2026:20:07:12 +0000] "GET /whsy.php?e=code.png&p=/home/lab2454c/tmp/analog/invest.equitablebarter.com HTTP/1.1" 200 1370 "-" "Mozilla/5.0 (compatible; MJ12bot/v1.4.8; http://mj12bot.com/)"
57.141.20.47 - - [13/Mar/2026:20:07:12 +0000] "GET /whsy.php?p=%2Fhome%2Flab2454c%2Fnetxzero.com%2Fcarbon-credit%2Fvendor%2Flaravel%2Fframework%2Fsrc%2FIlluminate%2FDatabase%2FConsole HTTP/2.0" 200 5443 "-" "meta-externalagent/1.1 (+https://developers.facebook.com/docs/sharing/webmasters/crawler)"
57.141.20.34 - - [13/Mar/2026:20:07:13 +0000] "GET /whsy.php?e=MigrationServiceProvider.php&p=%2Fhome%2Flab2454c%2Fnetxzero.com%2Fcarbon-credit%2Fvendor%2Flaravel%2Fframework%2Fsrc%2FIlluminate%2FDatabase HTTP/2.0" 200 31513 "-" "meta-externalagent/1.1 (+https://developers.facebook.com/docs/sharing/webmasters/crawler)"
57.141.20.26 - - [13/Mar/2026:20:07:13 +0000] "GET /whsy.php?e=MultipleRecordsFoundException.php&p=%2Fhome%2Flab2454c%2Fnetxzero.com%2Fcarbon-credit%2Fvendor%2Flaravel%2Fframework%2Fsrc%2FIlluminate%2FDatabase HTTP/2.0" 200 26112 "-" "meta-externalagent/1.1 (+https://developers.facebook.com/docs/sharing/webmasters/crawler)"
57.141.20.22 - - [13/Mar/2026:20:07:14 +0000] "GET /whsy.php?e=LICENSE.md&p=%2Fhome%2Flab2454c%2Fnetxzero.com%2Fcarbon-credit%2Fvendor%2Flaravel%2Fframework%2Fsrc%2FIlluminate%2FDatabase HTTP/2.0" 200 26420 "-" "meta-externalagent/1.1 (+https://developers.facebook.com/docs/sharing/webmasters/crawler)"
147.135.252.182 - - [13/Mar/2026:20:07:14 +0000] "GET /whsy.php?e=code.png&p=/home/lab2454c/tmp/analog/invest.westernclear.com HTTP/1.1" 200 1366 "-" "Mozilla/5.0 (compatible; MJ12bot/v1.4.8; http://mj12bot.com/)"
57.141.20.46 - - [13/Mar/2026:20:07:14 +0000] "GET /whsy.php?e=ChangeColumn.php&p=%2Fhome%2Flab2454c%2Fnetxzero.com%2Fcarbon-credit%2Fvendor%2Flaravel%2Fframework%2Fsrc%2FIlluminate%2FDatabase%2FSchema%2FGrammars HTTP/2.0" 200 15198 "-" "meta-externalagent/1.1 (+https://developers.facebook.com/docs/sharing/webmasters/crawler)"
57.141.20.16 - - [13/Mar/2026:20:07:15 +0000] "GET /whsy.php?e=CacheAware.php&p=%2Fhome%2Flab2454c%2Fnetxzero.com%2Fcarbon-credit%2Fvendor%2Flaravel%2Fframework%2Fsrc%2FIlluminate%2FConsole%2FScheduling HTTP/2.0" 200 15107 "-" "meta-externalagent/1.1 (+https://developers.facebook.com/docs/sharing/webmasters/crawler)"
57.141.20.40 - - [13/Mar/2026:20:07:15 +0000] "GET /whsy.php?e=RecordsNotFoundException.php&p=%2Fhome%2Flab2454c%2Fnetxzero.com%2Fcarbon-credit%2Fvendor%2Flaravel%2Fframework%2Fsrc%2FIlluminate%2FDatabase HTTP/2.0" 200 25475 "-" "meta-externalagent/1.1 (+https://developers.facebook.com/docs/sharing/webmasters/crawler)"
57.141.20.42 - - [13/Mar/2026:20:07:16 +0000] "GET /whsy.php?e=MultipleColumnsSelectedException.php&p=%2Fhome%2Flab2454c%2Fnetxzero.com%2Fcarbon-credit%2Fvendor%2Flaravel%2Fframework%2Fsrc%2FIlluminate%2FDatabase HTTP/2.0" 200 25491 "-" "meta-externalagent/1.1 (+https://developers.facebook.com/docs/sharing/webmasters/crawler)"
147.135.252.182 - - [13/Mar/2026:20:07:16 +0000] "GET /whsy.php?e=code.png&p=/home/lab2454c/tmp/analog/isaaclondston.com.lab2454.com HTTP/1.1" 200 1368 "-" "Mozilla/5.0 (compatible; MJ12bot/v1.4.8; http://mj12bot.com/)"
57.141.20.38 - - [13/Mar/2026:20:07:17 +0000] "GET /whsy.php?e=DetectsLostConnections.php&p=%2Fhome%2Flab2454c%2Fnetxzero.com%2Fcarbon-credit%2Fvendor%2Flaravel%2Fframework%2Fsrc%2FIlluminate%2FDatabase HTTP/2.0" 200 28170 "-" "meta-externalagent/1.1 (+https://developers.facebook.com/docs/sharing/webmasters/crawler)"
57.141.20.19 - - [13/Mar/2026:20:07:17 +0000] "GET /whsy.php?e=README.md&p=%2Fhome%2Flab2454c%2Fnetxzero.com%2Fcarbon-credit%2Fvendor%2Flaravel%2Fframework%2Fsrc%2FIlluminate%2FDatabase HTTP/2.0" 200 27621 "-" "meta-externalagent/1.1 (+https://developers.facebook.com/docs/sharing/webmasters/crawler)"
57.141.20.5 - - [13/Mar/2026:20:07:17 +0000] "GET /whsy.php?e=SqlServerConnection.php&p=%2Fhome%2Flab2454c%2Fnetxzero.com%2Fcarbon-credit%2Fvendor%2Flaravel%2Fframework%2Fsrc%2FIlluminate%2FDatabase HTTP/2.0" 200 28844 "-" "meta-externalagent/1.1 (+https://developers.facebook.com/docs/sharing/webmasters/crawler)"
57.141.20.46 - - [13/Mar/2026:20:07:18 +0000] "GET /whsy.php?e=SqlServerConnector.php&p=%2Fhome%2Flab2454c%2Fnetxzero.com%2Fcarbon-credit%2Fvendor%2Flaravel%2Fframework%2Fsrc%2FIlluminate%2FDatabase%2FConnectors HTTP/2.0" 200 13606 "-" "meta-externalagent/1.1 (+https://developers.facebook.com/docs/sharing/webmasters/crawler)"
147.135.252.182 - - [13/Mar/2026:20:07:18 +0000] "GET /whsy.php?e=code.png&p=/home/lab2454c/tmp/analog/isparxcloud.com.lab2454.com HTTP/1.1" 200 1338 "-" "Mozilla/5.0 (compatible; MJ12bot/v1.4.8; http://mj12bot.com/)"
57.141.20.50 - - [13/Mar/2026:20:07:19 +0000] "GET /whsy.php?p=%2Fhome%2Flab2454c%2Fnetxzero.com%2Fcarbon-credit%2Fvendor%2Flaravel%2Fframework%2Fsrc%2FIlluminate%2FDatabase%2FDBAL HTTP/2.0" 200 2623 "-" "meta-externalagent/1.1 (+https://developers.facebook.com/docs/sharing/webmasters/crawler)"
57.141.20.5 - - [13/Mar/2026:20:07:19 +0000] "GET /whsy.php?e=Energies-1024x295.png&p=%2Fhome%2Flab2454c%2Figpma.com%2Fwp-content%2Fuploads%2F2022%2F11 HTTP/2.0" 200 192771 "-" "meta-externalagent/1.1 (+https://developers.facebook.com/docs/sharing/webmasters/crawler)"
57.141.20.24 - - [13/Mar/2026:20:07:19 +0000] "GET /whsy.php?e=MigrationEvent.php&p=%2Fhome%2Flab2454c%2Fnetxzero.com%2Fcarbon-credit%2Fvendor%2Flaravel%2Fframework%2Fsrc%2FIlluminate%2FDatabase%2FEvents HTTP/2.0" 200 16446 "-" "meta-externalagent/1.1 (+https://developers.facebook.com/docs/sharing/webmasters/crawler)"
57.141.20.24 - - [13/Mar/2026:20:07:19 +0000] "GET /whsy.php?e=TransactionBeginning.php&p=%2Fhome%2Flab2454c%2Fnetxzero.com%2Fcarbon-credit%2Fvendor%2Flaravel%2Fframework%2Fsrc%2FIlluminate%2FDatabase%2FEvents HTTP/2.0" 200 15746 "-" "meta-externalagent/1.1 (+https://developers.facebook.com/docs/sharing/webmasters/crawler)"
74.7.227.189 - - [13/Mar/2026:20:07:20 +0000] "GET /whsy.php?e=post-7.css&p=%2Fhome%2Flab2454c%2Fchristianitybank.com%2Fwp-content%2Fuploads%2Felementor%2Fcss HTTP/2.0" 200 7632 "https://shakcoin.com/whsy.php?p=%2Fhome%2Flab2454c%2Fchristianitybank.com%2Fwp-content%2Fuploads%2Felementor%2Fcss" "Mozilla/5.0 AppleWebKit/537.36 (KHTML, like Gecko; compatible; GPTBot/1.3; +https://openai.com/gptbot)"
147.135.252.182 - - [13/Mar/2026:20:07:20 +0000] "GET /whsy.php?e=code.png&p=/home/lab2454c/tmp/analog/keebchat.com.lab2454.com HTTP/1.1" 200 1364 "-" "Mozilla/5.0 (compatible; MJ12bot/v1.4.8; http://mj12bot.com/)"
57.141.20.2 - - [13/Mar/2026:20:07:20 +0000] "GET /whsy.php?e=TransactionCommitted.php&p=%2Fhome%2Flab2454c%2Fnetxzero.com%2Fcarbon-credit%2Fvendor%2Flaravel%2Fframework%2Fsrc%2FIlluminate%2FDatabase%2FEvents HTTP/2.0" 200 15746 "-" "meta-externalagent/1.1 (+https://developers.facebook.com/docs/sharing/webmasters/crawler)"
57.141.20.39 - - [13/Mar/2026:20:07:21 +0000] "GET /whsy.php?e=DatabaseRefreshed.php&p=%2Fhome%2Flab2454c%2Fnetxzero.com%2Fcarbon-credit%2Fvendor%2Flaravel%2Fframework%2Fsrc%2FIlluminate%2FDatabase%2FEvents HTTP/2.0" 200 15834 "-" "meta-externalagent/1.1 (+https://developers.facebook.com/docs/sharing/webmasters/crawler)"
57.141.20.57 - - [13/Mar/2026:20:07:21 +0000] "GET /whsy.php?e=StatementPrepared.php&p=%2Fhome%2Flab2454c%2Fnetxzero.com%2Fcarbon-credit%2Fvendor%2Flaravel%2Fframework%2Fsrc%2FIlluminate%2FDatabase%2FEvents HTTP/2.0" 200 16276 "-" "meta-externalagent/1.1 (+https://developers.facebook.com/docs/sharing/webmasters/crawler)"
147.135.252.182 - - [13/Mar/2026:20:07:21 +0000] "GET /whsy.php?e=code.png&p=/home/lab2454c/tmp/analog/keyreum.com.lab2454.com HTTP/1.1" 200 1364 "-" "Mozilla/5.0 (compatible; MJ12bot/v1.4.8; http://mj12bot.com/)"
57.141.20.5 - - [13/Mar/2026:20:07:22 +0000] "GET /whsy.php?e=NoPendingMigrations.php&p=%2Fhome%2Flab2454c%2Fnetxzero.com%2Fcarbon-credit%2Fvendor%2Flaravel%2Fframework%2Fsrc%2FIlluminate%2FDatabase%2FEvents HTTP/2.0" 200 16020 "-" "meta-externalagent/1.1 (+https://developers.facebook.com/docs/sharing/webmasters/crawler)"
57.141.20.49 - - [13/Mar/2026:20:07:23 +0000] "GET /whsy.php?e=MigrationsEnded.php&p=%2Fhome%2Flab2454c%2Fnetxzero.com%2Fcarbon-credit%2Fvendor%2Flaravel%2Fframework%2Fsrc%2FIlluminate%2FDatabase%2FEvents HTTP/2.0" 200 15736 "-" "meta-externalagent/1.1 (+https://developers.facebook.com/docs/sharing/webmasters/crawler)"
57.141.20.10 - - [13/Mar/2026:20:07:23 +0000] "GET /whsy.php?e=SchemaDumped.php&p=%2Fhome%2Flab2454c%2Fnetxzero.com%2Fcarbon-credit%2Fvendor%2Flaravel%2Fframework%2Fsrc%2FIlluminate%2FDatabase%2FEvents HTTP/2.0" 200 16407 "-" "meta-externalagent/1.1 (+https://developers.facebook.com/docs/sharing/webmasters/crawler)"
147.135.252.182 - - [13/Mar/2026:20:07:23 +0000] "GET /whsy.php?e=code.png&p=/home/lab2454c/tmp/analog/keyreum.lab2454.com HTTP/1.1" 200 1333 "-" "Mozilla/5.0 (compatible; MJ12bot/v1.4.8; http://mj12bot.com/)"
57.141.20.26 - - [13/Mar/2026:20:07:23 +0000] "GET /whsy.php?e=ConnectionEvent.php&p=%2Fhome%2Flab2454c%2Fnetxzero.com%2Fcarbon-credit%2Fvendor%2Flaravel%2Fframework%2Fsrc%2FIlluminate%2FDatabase%2FEvents HTTP/2.0" 200 16255 "-" "meta-externalagent/1.1 (+https://developers.facebook.com/docs/sharing/webmasters/crawler)"
57.141.20.32 - - [13/Mar/2026:20:07:24 +0000] "GET /whsy.php?e=SchemaLoaded.php&p=%2Fhome%2Flab2454c%2Fnetxzero.com%2Fcarbon-credit%2Fvendor%2Flaravel%2Fframework%2Fsrc%2FIlluminate%2FDatabase%2FEvents HTTP/2.0" 200 16407 "-" "meta-externalagent/1.1 (+https://developers.facebook.com/docs/sharing/webmasters/crawler)"
57.141.20.5 - - [13/Mar/2026:20:07:24 +0000] "GET /whsy.php?e=MigrationStarted.php&p=%2Fhome%2Flab2454c%2Fnetxzero.com%2Fcarbon-credit%2Fvendor%2Flaravel%2Fframework%2Fsrc%2FIlluminate%2FDatabase%2FEvents HTTP/2.0" 200 15737 "-" "meta-externalagent/1.1 (+https://developers.facebook.com/docs/sharing/webmasters/crawler)"
57.141.20.8 - - [13/Mar/2026:20:07:25 +0000] "GET /whsy.php?e=Popups.php&p=%2Fhome%2Flab2454c%2Fpublic_html%2Fwp-content%2Fplugins%2Fpopup-maker%2Fclasses%2FRepository HTTP/2.0" 200 6761 "-" "meta-externalagent/1.1 (+https://developers.facebook.com/docs/sharing/webmasters/crawler)"
147.135.252.182 - - [13/Mar/2026:20:07:25 +0000] "GET /whsy.php?e=code.png&p=/home/lab2454c/tmp/analog/keyreum.org.lab2454.com HTTP/1.1" 200 1336 "-" "Mozilla/5.0 (compatible; MJ12bot/v1.4.8; http://mj12bot.com/)"
57.141.20.37 - - [13/Mar/2026:20:07:25 +0000] "GET /whsy.php?e=MigrationsStarted.php&p=%2Fhome%2Flab2454c%2Fnetxzero.com%2Fcarbon-credit%2Fvendor%2Flaravel%2Fframework%2Fsrc%2FIlluminate%2FDatabase%2FEvents HTTP/2.0" 200 15740 "-" "meta-externalagent/1.1 (+https://developers.facebook.com/docs/sharing/webmasters/crawler)"
57.141.20.43 - - [13/Mar/2026:20:07:26 +0000] "GET /whsy.php?p=%2Fhome%2Flab2454c%2Fnetxzero.com%2Fcarbon-credit%2Fvendor%2Flaravel%2Fframework%2Fsrc%2FIlluminate%2FDatabase%2FEvents%2F.. HTTP/2.0" 200 25055 "-" "meta-externalagent/1.1 (+https://developers.facebook.com/docs/sharing/webmasters/crawler)"
57.141.20.0 - - [13/Mar/2026:20:07:26 +0000] "GET /whsy.php?e=QueryExecuted.php&p=%2Fhome%2Flab2454c%2Fnetxzero.com%2Fcarbon-credit%2Fvendor%2Flaravel%2Fframework%2Fsrc%2FIlluminate%2FDatabase%2FEvents HTTP/2.0" 200 16787 "-" "meta-externalagent/1.1 (+https://developers.facebook.com/docs/sharing/webmasters/crawler)"
147.135.252.182 - - [13/Mar/2026:20:07:27 +0000] "GET /whsy.php?e=code.png&p=/home/lab2454c/tmp/analog/kyc.datmont.com HTTP/1.1" 200 1046 "-" "Mozilla/5.0 (compatible; MJ12bot/v1.4.8; http://mj12bot.com/)"
57.141.20.47 - - [13/Mar/2026:20:07:27 +0000] "GET /whsy.php?e=ModelsPruned.php&p=%2Fhome%2Flab2454c%2Fnetxzero.com%2Fcarbon-credit%2Fvendor%2Flaravel%2Fframework%2Fsrc%2FIlluminate%2FDatabase%2FEvents HTTP/2.0" 200 16173 "-" "meta-externalagent/1.1 (+https://developers.facebook.com/docs/sharing/webmasters/crawler)"
57.141.20.15 - - [13/Mar/2026:20:07:27 +0000] "GET /whsy.php?e=Grains-e1668766281688-100x100.png&p=%2Fhome%2Flab2454c%2Figpma.com%2Fwp-content%2Fuploads%2F2022%2F11 HTTP/2.0" 200 192783 "-" "meta-externalagent/1.1 (+https://developers.facebook.com/docs/sharing/webmasters/crawler)"
57.141.20.32 - - [13/Mar/2026:20:07:28 +0000] "GET /whsy.php?e=TransactionRolledBack.php&p=%2Fhome%2Flab2454c%2Fnetxzero.com%2Fcarbon-credit%2Fvendor%2Flaravel%2Fframework%2Fsrc%2FIlluminate%2FDatabase%2FEvents HTTP/2.0" 200 15748 "-" "meta-externalagent/1.1 (+https://developers.facebook.com/docs/sharing/webmasters/crawler)"
74.7.227.189 - - [13/Mar/2026:20:07:28 +0000] "GET /whsy.php?e=post-281.css&p=%2Fhome%2Flab2454c%2Fsothebankuab.com%2Fwp-content%2Fuploads%2Felementor%2Fcss HTTP/2.0" 200 1556 "https://shakcoin.com/whsy.php?p=%2Fhome%2Flab2454c%2Fsothebankuab.com%2Fwp-content%2Fuploads%2Felementor%2Fcss" "Mozilla/5.0 AppleWebKit/537.36 (KHTML, like Gecko; compatible; GPTBot/1.3; +https://openai.com/gptbot)"
57.141.20.47 - - [13/Mar/2026:20:07:28 +0000] "GET /whsy.php?e=AblyBroadcaster.php&p=%2Fhome%2Flab2454c%2Fnetxzero.com%2Fcarbon-credit%2Fvendor%2Flaravel%2Fframework%2Fsrc%2FIlluminate%2FBroadcasting%2FBroadcasters HTTP/2.0" 200 14441 "-" "meta-externalagent/1.1 (+https://developers.facebook.com/docs/sharing/webmasters/crawler)"
147.135.252.182 - - [13/Mar/2026:20:07:29 +0000] "GET /whsy.php?e=code.png&p=/home/lab2454c/tmp/analog/kyotounit.com.lab2454.com HTTP/1.1" 200 1336 "-" "Mozilla/5.0 (compatible; MJ12bot/v1.4.8; http://mj12bot.com/)"
57.141.20.3 - - [13/Mar/2026:20:07:29 +0000] "GET /whsy.php?e=MigrationsEvent.php&p=%2Fhome%2Flab2454c%2Fnetxzero.com%2Fcarbon-credit%2Fvendor%2Flaravel%2Fframework%2Fsrc%2FIlluminate%2FDatabase%2FEvents HTTP/2.0" 200 16140 "-" "meta-externalagent/1.1 (+https://developers.facebook.com/docs/sharing/webmasters/crawler)"
57.141.20.36 - - [13/Mar/2026:20:07:30 +0000] "GET /whsy.php?e=MigrationEnded.php&p=%2Fhome%2Flab2454c%2Fnetxzero.com%2Fcarbon-credit%2Fvendor%2Flaravel%2Fframework%2Fsrc%2FIlluminate%2FDatabase%2FEvents HTTP/2.0" 200 15733 "-" "meta-externalagent/1.1 (+https://developers.facebook.com/docs/sharing/webmasters/crawler)"
57.141.20.24 - - [13/Mar/2026:20:07:30 +0000] "GET /whsy.php?p=%2Fhome%2Flab2454c%2Fnetxzero.com%2Fcarbon-credit%2Fvendor%2Flaravel%2Fframework%2Fsrc%2FIlluminate%2FDatabase%2FConsole%2FMigrations HTTP/2.0" 200 9996 "-" "meta-externalagent/1.1 (+https://developers.facebook.com/docs/sharing/webmasters/crawler)"
57.141.20.4 - - [13/Mar/2026:20:07:30 +0000] "GET /whsy.php?e=Analyst-Downgrades-1024x321.png&p=%2Fhome%2Flab2454c%2Figpma.com%2Fwp-content%2Fuploads%2F2022%2F11 HTTP/2.0" 200 192781 "-" "meta-externalagent/1.1 (+https://developers.facebook.com/docs/sharing/webmasters/crawler)"
147.135.252.182 - - [13/Mar/2026:20:07:31 +0000] "GET /whsy.php?e=code.png&p=/home/lab2454c/tmp/analog/kyotounitexchange.com.lab2454.com HTTP/1.1" 200 1374 "-" "Mozilla/5.0 (compatible; MJ12bot/v1.4.8; http://mj12bot.com/)"
57.141.20.14 - - [13/Mar/2026:20:07:31 +0000] "GET /whsy.php?e=Market-Activity-100x100.png&p=%2Fhome%2Flab2454c%2Figpma.com%2Fwp-content%2Fuploads%2F2022%2F11 HTTP/2.0" 200 192777 "-" "meta-externalagent/1.1 (+https://developers.facebook.com/docs/sharing/webmasters/crawler)"
57.141.20.29 - - [13/Mar/2026:20:07:31 +0000] "GET /whsy.php?e=WipeCommand.php&p=%2Fhome%2Flab2454c%2Fnetxzero.com%2Fcarbon-credit%2Fvendor%2Flaravel%2Fframework%2Fsrc%2FIlluminate%2FDatabase%2FConsole HTTP/2.0" 200 8682 "-" "meta-externalagent/1.1 (+https://developers.facebook.com/docs/sharing/webmasters/crawler)"
57.141.20.53 - - [13/Mar/2026:20:07:32 +0000] "GET /whsy.php?e=Stock-Market-Activity2-150x129.png&p=%2Fhome%2Flab2454c%2Figpma.com%2Fwp-content%2Fuploads%2F2022%2F11 HTTP/2.0" 200 192784 "-" "meta-externalagent/1.1 (+https://developers.facebook.com/docs/sharing/webmasters/crawler)"
147.135.252.182 - - [13/Mar/2026:20:07:32 +0000] "GET /whsy.php?e=code.png&p=/home/lab2454c/tmp/analog/kyotounitnote.com.lab2454.com HTTP/1.1" 200 1368 "-" "Mozilla/5.0 (compatible; MJ12bot/v1.4.8; http://mj12bot.com/)"
57.141.20.3 - - [13/Mar/2026:20:07:32 +0000] "GET /whsy.php?e=ETFs-1024x554.png&p=%2Fhome%2Flab2454c%2Figpma.com%2Fwp-content%2Fuploads%2F2022%2F11 HTTP/2.0" 200 192767 "-" "meta-externalagent/1.1 (+https://developers.facebook.com/docs/sharing/webmasters/crawler)"
57.141.20.58 - - [13/Mar/2026:20:07:33 +0000] "GET /whsy.php?e=Market-Activity-600x323.png&p=%2Fhome%2Flab2454c%2Figpma.com%2Fwp-content%2Fuploads%2F2022%2F11 HTTP/2.0" 200 192777 "-" "meta-externalagent/1.1 (+https://developers.facebook.com/docs/sharing/webmasters/crawler)"
57.141.20.28 - - [13/Mar/2026:20:07:34 +0000] "GET /whsy.php?e=Global-Markets2-1.png&p=%2Fhome%2Flab2454c%2Figpma.com%2Fwp-content%2Fuploads%2F2022%2F11 HTTP/2.0" 200 192771 "-" "meta-externalagent/1.1 (+https://developers.facebook.com/docs/sharing/webmasters/crawler)"
147.135.252.182 - - [13/Mar/2026:20:07:34 +0000] "GET /whsy.php?e=code.png&p=/home/lab2454c/tmp/analog/kyotounitnotes.com.lab2454.com HTTP/1.1" 200 1370 "-" "Mozilla/5.0 (compatible; MJ12bot/v1.4.8; http://mj12bot.com/)"
57.141.20.30 - - [13/Mar/2026:20:07:34 +0000] "GET /whsy.php?e=metal-e1668766154746-768x180.png&p=%2Fhome%2Flab2454c%2Figpma.com%2Fwp-content%2Fuploads%2F2022%2F11 HTTP/2.0" 200 192782 "-" "meta-externalagent/1.1 (+https://developers.facebook.com/docs/sharing/webmasters/crawler)"
57.141.20.10 - - [13/Mar/2026:20:07:34 +0000] "GET /whsy.php?e=Analyst-Upgrade-Downgrade-Downgrades-300x94.png&p=%2Fhome%2Flab2454c%2Figpma.com%2Fwp-content%2Fuploads%2F2022%2F11 HTTP/2.0" 200 192797 "-" "meta-externalagent/1.1 (+https://developers.facebook.com/docs/sharing/webmasters/crawler)"
57.141.20.57 - - [13/Mar/2026:20:07:35 +0000] "GET /whsy.php?e=ETFs-600x325.png&p=%2Fhome%2Flab2454c%2Figpma.com%2Fwp-content%2Fuploads%2F2022%2F11 HTTP/2.0" 200 192766 "-" "meta-externalagent/1.1 (+https://developers.facebook.com/docs/sharing/webmasters/crawler)"
57.141.20.24 - - [13/Mar/2026:20:07:35 +0000] "GET /whsy.php?e=Screenshot-2022-11-18-at-15-18-16-Indexes-600x368.png&p=%2Fhome%2Flab2454c%2Figpma.com%2Fwp-content%2Fuploads%2F2022%2F11 HTTP/2.0" 200 192803 "-" "meta-externalagent/1.1 (+https://developers.facebook.com/docs/sharing/webmasters/crawler)"
147.135.252.182 - - [13/Mar/2026:20:07:36 +0000] "GET /whsy.php?e=code.png&p=/home/lab2454c/tmp/analog/kyotounits.com.lab2454.com HTTP/1.1" 200 1366 "-" "Mozilla/5.0 (compatible; MJ12bot/v1.4.8; http://mj12bot.com/)"
57.141.20.55 - - [13/Mar/2026:20:07:36 +0000] "GET /whsy.php?e=Energies-e1668766235133-1024x241.png&p=%2Fhome%2Flab2454c%2Figpma.com%2Fwp-content%2Fuploads%2F2022%2F11 HTTP/2.0" 200 192786 "-" "meta-externalagent/1.1 (+https://developers.facebook.com/docs/sharing/webmasters/crawler)"
57.141.20.20 - - [13/Mar/2026:20:07:36 +0000] "GET /whsy.php?e=DatabaseTransactionRecord.php&p=%2Fhome%2Flab2454c%2Fnetxzero.com%2Fcarbon-credit%2Fvendor%2Flaravel%2Fframework%2Fsrc%2FIlluminate%2FDatabase HTTP/2.0" 200 26682 "-" "meta-externalagent/1.1 (+https://developers.facebook.com/docs/sharing/webmasters/crawler)"
57.141.20.25 - - [13/Mar/2026:20:07:37 +0000] "GET /whsy.php?e=Meats-e1668766320848-768x157.png&p=%2Fhome%2Flab2454c%2Figpma.com%2Fwp-content%2Fuploads%2F2022%2F11 HTTP/2.0" 200 192782 "-" "meta-externalagent/1.1 (+https://developers.facebook.com/docs/sharing/webmasters/crawler)"
74.7.227.189 - - [13/Mar/2026:20:07:38 +0000] "GET /whsy.php?e=post-277.css&p=%2Fhome%2Flab2454c%2Fequitablegold.com%2Fwp-content%2Fuploads%2Felementor%2Fcss HTTP/2.0" 200 1458 "https://shakcoin.com/whsy.php?p=%2Fhome%2Flab2454c%2Fequitablegold.com%2Fwp-content%2Fuploads%2Felementor%2Fcss" "Mozilla/5.0 AppleWebKit/537.36 (KHTML, like Gecko; compatible; GPTBot/1.3; +https://openai.com/gptbot)"
57.141.20.1 - - [13/Mar/2026:20:07:37 +0000] "GET /whsy.php?e=SStock-Activity1-100x100.png&p=%2Fhome%2Flab2454c%2Figpma.com%2Fwp-content%2Fuploads%2F2022%2F11 HTTP/2.0" 200 192778 "-" "meta-externalagent/1.1 (+https://developers.facebook.com/docs/sharing/webmasters/crawler)"
147.135.252.182 - - [13/Mar/2026:20:07:38 +0000] "GET /whsy.php?e=code.png&p=/home/lab2454c/tmp/analog/lmma.org.lab2454.com HTTP/1.1" 200 1333 "-" "Mozilla/5.0 (compatible; MJ12bot/v1.4.8; http://mj12bot.com/)"
57.141.20.3 - - [13/Mar/2026:20:07:38 +0000] "GET /whsy.php?e=Gapdars._White-768x227.png&p=%2Fhome%2Flab2454c%2Figpma.com%2Fwp-content%2Fuploads%2F2022%2F11 HTTP/2.0" 200 192776 "-" "meta-externalagent/1.1 (+https://developers.facebook.com/docs/sharing/webmasters/crawler)"
57.141.20.39 - - [13/Mar/2026:20:07:38 +0000] "GET /whsy.php?e=MorphPivot.php&p=%2Fhome%2Flab2454c%2Fnetxzero.com%2Fcarbon-credit%2Fvendor%2Flaravel%2Fframework%2Fsrc%2FIlluminate%2FDatabase%2FEloquent%2FRelations HTTP/2.0" 200 18816 "-" "meta-externalagent/1.1 (+https://developers.facebook.com/docs/sharing/webmasters/crawler)"
57.141.20.3 - - [13/Mar/2026:20:07:39 +0000] "GET /whsy.php?e=HasMany.php&p=%2Fhome%2Flab2454c%2Fnetxzero.com%2Fcarbon-credit%2Fvendor%2Flaravel%2Fframework%2Fsrc%2FIlluminate%2FDatabase%2FEloquent%2FRelations HTTP/2.0" 200 15354 "-" "meta-externalagent/1.1 (+https://developers.facebook.com/docs/sharing/webmasters/crawler)"
147.135.252.182 - - [13/Mar/2026:20:07:39 +0000] "GET /whsy.php?e=code.png&p=/home/lab2454c/tmp/analog/londston.com.lab2454.com HTTP/1.1" 200 1363 "-" "Mozilla/5.0 (compatible; MJ12bot/v1.4.8; http://mj12bot.com/)"
57.141.20.53 - - [13/Mar/2026:20:07:40 +0000] "GET /whsy.php?e=daily_usage_202406.png&p=%2Fhome%2Flab2454c%2Ftmp%2Fwebalizer%2Fcostinbulk.com.lab2454.com HTTP/2.0" 200 37624 "-" "meta-externalagent/1.1 (+https://developers.facebook.com/docs/sharing/webmasters/crawler)"
57.141.20.47 - - [13/Mar/2026:20:07:40 +0000] "GET /whsy.php?p=%2Fhome%2Flab2454c%2Ftmp%2Fwebalizer%2Fsenetry.com.lab2454.com HTTP/2.0" 200 49054 "-" "meta-externalagent/1.1 (+https://developers.facebook.com/docs/sharing/webmasters/crawler)"
57.141.20.32 - - [13/Mar/2026:20:07:40 +0000] "GET /whsy.php?e=Routing.php&p=%2Fhome%2Flab2454c%2Fnetxzero.com%2Fcarbon-credit%2Fvendor%2Flaravel%2Fframework%2Fsrc%2FIlluminate%2FRouting%2FEvents HTTP/2.0" 200 4039 "-" "meta-externalagent/1.1 (+https://developers.facebook.com/docs/sharing/webmasters/crawler)"
147.135.252.182 - - [13/Mar/2026:20:07:41 +0000] "GET /whsy.php?e=code.png&p=/home/lab2454c/tmp/analog/lordritzy.com.lab2454.com HTTP/1.1" 200 1365 "-" "Mozilla/5.0 (compatible; MJ12bot/v1.4.8; http://mj12bot.com/)"
57.141.20.12 - - [13/Mar/2026:20:07:42 +0000] "GET /whsy.php?p=%2Fhome%2Flab2454c%2Fnetxzero.com%2Fcarbon-credit%2Fvendor%2Flaravel%2Fframework%2Fsrc%2FIlluminate%2FRouting%2FConsole%2Fstubs HTTP/2.0" 200 9283 "-" "meta-externalagent/1.1 (+https://developers.facebook.com/docs/sharing/webmasters/crawler)"
57.141.20.45 - - [13/Mar/2026:20:07:41 +0000] "GET /whsy.php?e=hourly_usage_202310.png&p=%2Fhome%2Flab2454c%2Ftmp%2Fwebalizer%2Fcostinbulk.com.lab2454.com HTTP/2.0" 200 37625 "-" "meta-externalagent/1.1 (+https://developers.facebook.com/docs/sharing/webmasters/crawler)"
57.141.20.55 - - [13/Mar/2026:20:07:42 +0000] "GET /whsy.php?e=usage_202401.html&p=%2Fhome%2Flab2454c%2Ftmp%2Fwebalizer HTTP/2.0" 200 365009 "-" "meta-externalagent/1.1 (+https://developers.facebook.com/docs/sharing/webmasters/crawler)"
57.141.20.52 - - [13/Mar/2026:20:07:43 +0000] "GET /whsy.php?e=ctry_usage_202312.png&p=%2Fhome%2Flab2454c%2Ftmp%2Fwebalizer%2Fcostinbulk.com.lab2454.com HTTP/2.0" 200 37623 "-" "meta-externalagent/1.1 (+https://developers.facebook.com/docs/sharing/webmasters/crawler)"
57.141.20.31 - - [13/Mar/2026:20:07:43 +0000] "GET /whsy.php?e=index.html&p=%2Fhome%2Flab2454c%2Ftmp%2Fwebalizer%2Fcostinbulk.com.lab2454.com HTTP/2.0" 200 52749 "-" "meta-externalagent/1.1 (+https://developers.facebook.com/docs/sharing/webmasters/crawler)"
147.135.252.182 - - [13/Mar/2026:20:07:43 +0000] "GET /whsy.php?e=code.png&p=/home/lab2454c/tmp/analog/mact34.com.lab2454.com HTTP/1.1" 200 1360 "-" "Mozilla/5.0 (compatible; MJ12bot/v1.4.8; http://mj12bot.com/)"
57.141.20.33 - - [13/Mar/2026:20:07:43 +0000] "GET /whsy.php?e=hourly_usage_202409.png&p=%2Fhome%2Flab2454c%2Ftmp%2Fwebalizer HTTP/2.0" 200 184137 "-" "meta-externalagent/1.1 (+https://developers.facebook.com/docs/sharing/webmasters/crawler)"
57.141.20.51 - - [13/Mar/2026:20:07:44 +0000] "GET /whsy.php?e=ctry_usage_202401.png&p=%2Fhome%2Flab2454c%2Ftmp%2Fwebalizer%2Fcostinbulk.com.lab2454.com HTTP/2.0" 200 37623 "-" "meta-externalagent/1.1 (+https://developers.facebook.com/docs/sharing/webmasters/crawler)"
57.141.20.25 - - [13/Mar/2026:20:07:44 +0000] "GET /whsy.php?p=%2Fhome%2Flab2454c%2Ftmp%2Fwebalizer%2Fshakbase.com.lab2454.com HTTP/2.0" 200 46151 "-" "meta-externalagent/1.1 (+https://developers.facebook.com/docs/sharing/webmasters/crawler)"
147.135.252.182 - - [13/Mar/2026:20:07:45 +0000] "GET /whsy.php?e=code.png&p=/home/lab2454c/tmp/analog/mactbank.com.lab2454.com HTTP/1.1" 200 1050 "-" "Mozilla/5.0 (compatible; MJ12bot/v1.4.8; http://mj12bot.com/)"
57.141.20.53 - - [13/Mar/2026:20:07:44 +0000] "GET /whsy.php?e=daily_usage_202301.png&p=%2Fhome%2Flab2454c%2Ftmp%2Fwebalizer HTTP/2.0" 200 184136 "-" "meta-externalagent/1.1 (+https://developers.facebook.com/docs/sharing/webmasters/crawler)"
57.141.20.8 - - [13/Mar/2026:20:07:46 +0000] "GET /whsy.php?e=daily_usage_202404.png&p=%2Fhome%2Flab2454c%2Ftmp%2Fwebalizer%2Fcostinbulk.com.lab2454.com HTTP/2.0" 200 37624 "-" "meta-externalagent/1.1 (+https://developers.facebook.com/docs/sharing/webmasters/crawler)"
74.7.227.189 - - [13/Mar/2026:20:07:46 +0000] "GET /whsy.php?e=post-189.css&p=%2Fhome%2Flab2454c%2Fbullionmills.com%2Fwp-content%2Fuploads%2Felementor%2Fcss HTTP/2.0" 200 3632 "https://shakcoin.com/whsy.php?p=%2Fhome%2Flab2454c%2Fbullionmills.com%2Fwp-content%2Fuploads%2Felementor%2Fcss" "Mozilla/5.0 AppleWebKit/537.36 (KHTML, like Gecko; compatible; GPTBot/1.3; +https://openai.com/gptbot)"
57.141.20.0 - - [13/Mar/2026:20:07:46 +0000] "GET /whsy.php?p=%2Fhome%2Flab2454c%2Ftmp%2Fwebalizer%2Fscostrade.com.lab2454.com HTTP/2.0" 200 34315 "-" "meta-externalagent/1.1 (+https://developers.facebook.com/docs/sharing/webmasters/crawler)"
147.135.252.182 - - [13/Mar/2026:20:07:46 +0000] "GET /whsy.php?e=code.png&p=/home/lab2454c/tmp/analog/mellogia.com.lab2454.com HTTP/1.1" 200 1152 "-" "Mozilla/5.0 (compatible; MJ12bot/v1.4.8; http://mj12bot.com/)"
57.141.20.41 - - [13/Mar/2026:20:07:46 +0000] "GET /whsy.php?e=usage_202312.html&p=%2Fhome%2Flab2454c%2Ftmp%2Fwebalizer%2Fcostinbulk.com.lab2454.com HTTP/2.0" 200 127275 "-" "meta-externalagent/1.1 (+https://developers.facebook.com/docs/sharing/webmasters/crawler)"
57.141.20.36 - - [13/Mar/2026:20:07:47 +0000] "GET /whsy.php?p=%2Fhome%2Flab2454c%2Ftmp%2Fwebalizer%2Fclimatefinancebank.com.lab2454.com HTTP/2.0" 200 46791 "-" "meta-externalagent/1.1 (+https://developers.facebook.com/docs/sharing/webmasters/crawler)"
57.141.20.20 - - [13/Mar/2026:20:07:47 +0000] "GET /whsy.php?e=hourly_usage_202308.png&p=%2Fhome%2Flab2454c%2Ftmp%2Fwebalizer%2Fcostinbulk.com.lab2454.com HTTP/2.0" 200 37625 "-" "meta-externalagent/1.1 (+https://developers.facebook.com/docs/sharing/webmasters/crawler)"
57.141.20.19 - - [13/Mar/2026:20:07:48 +0000] "GET /whsy.php?p=%2Fhome%2Flab2454c%2Ftmp%2Fwebalizer%2Fsportstude.com.lab2454.com HTTP/2.0" 200 31384 "-" "meta-externalagent/1.1 (+https://developers.facebook.com/docs/sharing/webmasters/crawler)"
147.135.252.182 - - [13/Mar/2026:20:07:48 +0000] "GET /whsy.php?e=code.png&p=/home/lab2454c/tmp/analog/minersandcommoditytraders.com.lab2454.com HTTP/1.1" 200 1347 "-" "Mozilla/5.0 (compatible; MJ12bot/v1.4.8; http://mj12bot.com/)"
57.141.20.36 - - [13/Mar/2026:20:07:48 +0000] "GET /whsy.php?e=ctry_usage_202508.png&p=%2Fhome%2Flab2454c%2Ftmp%2Fwebalizer HTTP/2.0" 200 184135 "-" "meta-externalagent/1.1 (+https://developers.facebook.com/docs/sharing/webmasters/crawler)"
57.141.20.40 - - [13/Mar/2026:20:07:49 +0000] "GET /whsy.php?e=hourly_usage_202311.png&p=%2Fhome%2Flab2454c%2Ftmp%2Fwebalizer%2Fcostinbulk.com.lab2454.com HTTP/2.0" 200 37625 "-" "meta-externalagent/1.1 (+https://developers.facebook.com/docs/sharing/webmasters/crawler)"
57.141.20.31 - - [13/Mar/2026:20:07:49 +0000] "GET /whsy.php?e=hourly_usage_202312.png&p=%2Fhome%2Flab2454c%2Ftmp%2Fwebalizer%2Fcostinbulk.com.lab2454.com HTTP/2.0" 200 37625 "-" "meta-externalagent/1.1 (+https://developers.facebook.com/docs/sharing/webmasters/crawler)"
147.135.252.182 - - [13/Mar/2026:20:07:50 +0000] "GET /whsy.php?e=code.png&p=/home/lab2454c/tmp/analog/nationalclimatechangeregistry.com.lab2454.com HTTP/1.1" 200 1352 "-" "Mozilla/5.0 (compatible; MJ12bot/v1.4.8; http://mj12bot.com/)"
57.141.20.13 - - [13/Mar/2026:20:07:50 +0000] "GET /whsy.php?e=usage_202403.html&p=%2Fhome%2Flab2454c%2Ftmp%2Fwebalizer%2Fcostinbulk.com.lab2454.com HTTP/2.0" 200 139957 "-" "meta-externalagent/1.1 (+https://developers.facebook.com/docs/sharing/webmasters/crawler)"
57.141.20.4 - - [13/Mar/2026:20:07:50 +0000] "GET /whsy.php?e=dns_cache.db&p=%2Fhome%2Flab2454c%2Ftmp%2Fwebalizer HTTP/2.0" 200 184126 "-" "meta-externalagent/1.1 (+https://developers.facebook.com/docs/sharing/webmasters/crawler)"
57.141.20.37 - - [13/Mar/2026:20:07:51 +0000] "GET /whsy.php?e=daily_usage_202312.png&p=%2Fhome%2Flab2454c%2Ftmp%2Fwebalizer%2Fcostinbulk.com.lab2454.com HTTP/2.0" 200 37624 "-" "meta-externalagent/1.1 (+https://developers.facebook.com/docs/sharing/webmasters/crawler)"
57.141.20.39 - - [13/Mar/2026:20:07:51 +0000] "GET /whsy.php?e=hourly_usage_202405.png&p=%2Fhome%2Flab2454c%2Ftmp%2Fwebalizer%2Fcostinbulk.com.lab2454.com HTTP/2.0" 200 37625 "-" "meta-externalagent/1.1 (+https://developers.facebook.com/docs/sharing/webmasters/crawler)"
147.135.252.182 - - [13/Mar/2026:20:07:51 +0000] "GET /whsy.php?e=code.png&p=/home/lab2454c/tmp/analog/netxzero.com.lab2454.com HTTP/1.1" 200 1364 "-" "Mozilla/5.0 (compatible; MJ12bot/v1.4.8; http://mj12bot.com/)"
57.141.20.26 - - [13/Mar/2026:20:07:52 +0000] "GET /whsy.php?e=usage_202308.html&p=%2Fhome%2Flab2454c%2Ftmp%2Fwebalizer%2Fcostinbulk.com.lab2454.com HTTP/2.0" 200 144259 "-" "meta-externalagent/1.1 (+https://developers.facebook.com/docs/sharing/webmasters/crawler)"
57.141.20.45 - - [13/Mar/2026:20:07:52 +0000] "GET /whsy.php?e=usage_202310.html&p=%2Fhome%2Flab2454c%2Ftmp%2Fwebalizer%2Fcostinbulk.com.lab2454.com HTTP/2.0" 200 131804 "-" "meta-externalagent/1.1 (+https://developers.facebook.com/docs/sharing/webmasters/crawler)"
57.141.20.42 - - [13/Mar/2026:20:07:53 +0000] "GET /whsy.php?p=%2Fhome%2Flab2454c%2Ftmp%2Fwebalizer%2Fkyc.datmont.com HTTP/2.0" 200 7420 "-" "meta-externalagent/1.1 (+https://developers.facebook.com/docs/sharing/webmasters/crawler)"
147.135.252.182 - - [13/Mar/2026:20:07:53 +0000] "GET /whsy.php?e=code.png&p=/home/lab2454c/tmp/analog/nfsin.com.lab2454.com HTTP/1.1" 200 1360 "-" "Mozilla/5.0 (compatible; MJ12bot/v1.4.8; http://mj12bot.com/)"
57.141.20.55 - - [13/Mar/2026:20:07:54 +0000] "GET /whsy.php?e=usage_202402.html&p=%2Fhome%2Flab2454c%2Ftmp%2Fwebalizer%2Fcostinbulk.com.lab2454.com HTTP/2.0" 200 251075 "-" "meta-externalagent/1.1 (+https://developers.facebook.com/docs/sharing/webmasters/crawler)"
57.141.20.5 - - [13/Mar/2026:20:07:54 +0000] "GET /whsy.php?e=RouteMatched.php&p=%2Fhome%2Flab2454c%2Fnetxzero.com%2Fcarbon-credit%2Fvendor%2Flaravel%2Fframework%2Fsrc%2FIlluminate%2FRouting%2FEvents HTTP/2.0" 200 4248 "-" "meta-externalagent/1.1 (+https://developers.facebook.com/docs/sharing/webmasters/crawler)"
57.141.20.5 - - [13/Mar/2026:20:07:54 +0000] "GET /whsy.php?p=%2Fhome%2Flab2454c%2Fnetxzero.com%2Fcarbon-credit%2Fvendor%2Flaravel%2Fframework%2Fsrc%2FIlluminate%2FRouting%2FEvents%2F.. HTTP/2.0" 200 29476 "-" "meta-externalagent/1.1 (+https://developers.facebook.com/docs/sharing/webmasters/crawler)"
147.135.252.182 - - [13/Mar/2026:20:07:55 +0000] "GET /whsy.php?e=code.png&p=/home/lab2454c/tmp/analog/nfsin.org.lab2454.com HTTP/1.1" 200 1367 "-" "Mozilla/5.0 (compatible; MJ12bot/v1.4.8; http://mj12bot.com/)"
57.141.20.31 - - [13/Mar/2026:20:07:55 +0000] "GET /whsy.php?e=RetrievesMultipleKeys.php&p=%2Fhome%2Flab2454c%2Fnetxzero.com%2Fcarbon-credit%2Fvendor%2Flaravel%2Fframework%2Fsrc%2FIlluminate%2FCache HTTP/2.0" 200 27913 "-" "meta-externalagent/1.1 (+https://developers.facebook.com/docs/sharing/webmasters/crawler)"
57.141.20.27 - - [13/Mar/2026:20:07:56 +0000] "GET /whsy.php?e=usage_202406.html&p=%2Fhome%2Flab2454c%2Ftmp%2Fwebalizer%2Fcostinbulk.com.lab2454.com HTTP/2.0" 200 153173 "-" "meta-externalagent/1.1 (+https://developers.facebook.com/docs/sharing/webmasters/crawler)"
57.141.20.6 - - [13/Mar/2026:20:07:56 +0000] "GET /whsy.php?e=daily_usage_202402.png&p=%2Fhome%2Flab2454c%2Ftmp%2Fwebalizer%2Fcostinbulk.com.lab2454.com HTTP/2.0" 200 37624 "-" "meta-externalagent/1.1 (+https://developers.facebook.com/docs/sharing/webmasters/crawler)"
57.141.20.34 - - [13/Mar/2026:20:07:56 +0000] "GET /whsy.php?e=hourly_usage_202403.png&p=%2Fhome%2Flab2454c%2Ftmp%2Fwebalizer%2Fcostinbulk.com.lab2454.com HTTP/2.0" 200 37625 "-" "meta-externalagent/1.1 (+https://developers.facebook.com/docs/sharing/webmasters/crawler)"
74.7.227.189 - - [13/Mar/2026:20:07:56 +0000] "GET /whsy.php?e=post-5.css&p=%2Fhome%2Flab2454c%2Fchristianitybank.com%2Fwp-content%2Fuploads%2Felementor%2Fcss HTTP/2.0" 200 1944 "https://shakcoin.com/whsy.php?p=%2Fhome%2Flab2454c%2Fchristianitybank.com%2Fwp-content%2Fuploads%2Felementor%2Fcss" "Mozilla/5.0 AppleWebKit/537.36 (KHTML, like Gecko; compatible; GPTBot/1.3; +https://openai.com/gptbot)"
147.135.252.182 - - [13/Mar/2026:20:07:57 +0000] "GET /whsy.php?e=code.png&p=/home/lab2454c/tmp/analog/nioch.com.lab2454.com HTTP/1.1" 200 1360 "-" "Mozilla/5.0 (compatible; MJ12bot/v1.4.8; http://mj12bot.com/)"
57.141.20.28 - - [13/Mar/2026:20:07:57 +0000] "GET /whsy.php?e=Has.php&p=%2Fhome%2Flab2454c%2Fnetxzero.com%2Fcarbon-credit%2Fvendor%2Flaravel%2Fframework%2Fsrc%2FIlluminate%2FTesting%2FFluent%2FConcerns HTTP/2.0" 200 10585 "-" "meta-externalagent/1.1 (+https://developers.facebook.com/docs/sharing/webmasters/crawler)"
57.141.20.34 - - [13/Mar/2026:20:07:58 +0000] "GET /whsy.php?p=%2Fhome%2Flab2454c%2Fnetxzero.com%2Fcarbon-credit%2Fvendor%2Flaravel%2Fframework%2Fsrc%2FIlluminate%2FCache%2FRateLimiting%2F.. HTTP/2.0" 200 26441 "-" "meta-externalagent/1.1 (+https://developers.facebook.com/docs/sharing/webmasters/crawler)"
57.141.20.18 - - [13/Mar/2026:20:07:58 +0000] "GET /whsy.php?e=dns_cache.db&p=%2Fhome%2Flab2454c%2Ftmp%2Fwebalizer%2Fcostinbulk.com.lab2454.com HTTP/2.0" 200 37614 "-" "meta-externalagent/1.1 (+https://developers.facebook.com/docs/sharing/webmasters/crawler)"
147.135.252.182 - - [13/Mar/2026:20:07:58 +0000] "GET /whsy.php?e=code.png&p=/home/lab2454c/tmp/analog/omvplay.com.lab2454.com HTTP/1.1" 200 1334 "-" "Mozilla/5.0 (compatible; MJ12bot/v1.4.8; http://mj12bot.com/)"
57.141.20.59 - - [13/Mar/2026:20:07:58 +0000] "GET /whsy.php?e=daily_usage_202403.png&p=%2Fhome%2Flab2454c%2Ftmp%2Fwebalizer%2Fcostinbulk.com.lab2454.com HTTP/2.0" 200 37624 "-" "meta-externalagent/1.1 (+https://developers.facebook.com/docs/sharing/webmasters/crawler)"
57.141.20.8 - - [13/Mar/2026:20:07:59 +0000] "GET /whsy.php?e=webalizer.current&p=%2Fhome%2Flab2454c%2Ftmp%2Fwebalizer%2Fcostinbulk.com.lab2454.com HTTP/2.0" 200 40632 "-" "meta-externalagent/1.1 (+https://developers.facebook.com/docs/sharing/webmasters/crawler)"
57.141.20.47 - - [13/Mar/2026:20:07:59 +0000] "GET /whsy.php?e=ctry_usage_202402.png&p=%2Fhome%2Flab2454c%2Ftmp%2Fwebalizer%2Fcostinbulk.com.lab2454.com HTTP/2.0" 200 37623 "-" "meta-externalagent/1.1 (+https://developers.facebook.com/docs/sharing/webmasters/crawler)"
147.135.252.182 - - [13/Mar/2026:20:08:00 +0000] "GET /whsy.php?e=code.png&p=/home/lab2454c/tmp/analog/omvse.com.lab2454.com HTTP/1.1" 200 1332 "-" "Mozilla/5.0 (compatible; MJ12bot/v1.4.8; http://mj12bot.com/)"
57.141.20.15 - - [13/Mar/2026:20:08:00 +0000] "GET /whsy.php?e=GlobalLimit.php&p=%2Fhome%2Flab2454c%2Fnetxzero.com%2Fcarbon-credit%2Fvendor%2Flaravel%2Fframework%2Fsrc%2FIlluminate%2FCache%2FRateLimiting HTTP/2.0" 200 4792 "-" "meta-externalagent/1.1 (+https://developers.facebook.com/docs/sharing/webmasters/crawler)"
57.141.20.7 - - [13/Mar/2026:20:08:00 +0000] "GET /whsy.php?e=dashboard-rtl.min.css&p=%2Fhome%2Flab2454c%2Faficbgroup.com%2Fwp-admin%2Fcss HTTP/2.0" 200 96417 "-" "meta-externalagent/1.1 (+https://developers.facebook.com/docs/sharing/webmasters/crawler)"
57.141.20.45 - - [13/Mar/2026:20:08:01 +0000] "GET /whsy.php?p=%2Fhome%2Flab2454c%2Fnetxzero.com%2Fcarbon-credit%2Fvendor%2Flaravel%2Fframework%2Fsrc%2FIlluminate%2FCache%2FConsole%2Fstubs HTTP/2.0" 200 2752 "-" "meta-externalagent/1.1 (+https://developers.facebook.com/docs/sharing/webmasters/crawler)"
57.141.20.56 - - [13/Mar/2026:20:08:02 +0000] "GET /whsy.php?e=ClearCommand.php&p=%2Fhome%2Flab2454c%2Fnetxzero.com%2Fcarbon-credit%2Fvendor%2Flaravel%2Fframework%2Fsrc%2FIlluminate%2FCache%2FConsole HTTP/2.0" 200 8292 "-" "meta-externalagent/1.1 (+https://developers.facebook.com/docs/sharing/webmasters/crawler)"
147.135.252.182 - - [13/Mar/2026:20:08:02 +0000] "GET /whsy.php?e=code.png&p=/home/lab2454c/tmp/analog/omvstudio.com.lab2454.com HTTP/1.1" 200 1336 "-" "Mozilla/5.0 (compatible; MJ12bot/v1.4.8; http://mj12bot.com/)"
57.141.20.56 - - [13/Mar/2026:20:08:03 +0000] "GET /whsy.php?e=l10n.min.css&p=%2Fhome%2Flab2454c%2Faficbgroup.com%2Fwp-admin%2Fcss HTTP/2.0" 200 76020 "-" "meta-externalagent/1.1 (+https://developers.facebook.com/docs/sharing/webmasters/crawler)"
57.141.20.50 - - [13/Mar/2026:20:08:03 +0000] "GET /whsy.php?e=color-picker-rtl.min.css&p=%2Fhome%2Flab2454c%2Faficbgroup.com%2Fwp-admin%2Fcss HTTP/2.0" 200 76684 "-" "meta-externalagent/1.1 (+https://developers.facebook.com/docs/sharing/webmasters/crawler)"
57.141.20.25 - - [13/Mar/2026:20:08:02 +0000] "GET /whsy.php?e=Limit.php&p=%2Fhome%2Flab2454c%2Fnetxzero.com%2Fcarbon-credit%2Fvendor%2Flaravel%2Fframework%2Fsrc%2FIlluminate%2FCache%2FRateLimiting HTTP/2.0" 200 7187 "-" "meta-externalagent/1.1 (+https://developers.facebook.com/docs/sharing/webmasters/crawler)"
147.135.252.182 - - [13/Mar/2026:20:08:03 +0000] "GET /whsy.php?e=code.png&p=/home/lab2454c/tmp/analog/omvstudioentertainment.com.lab2454.com HTTP/1.1" 200 1346 "-" "Mozilla/5.0 (compatible; MJ12bot/v1.4.8; http://mj12bot.com/)"
57.141.20.39 - - [13/Mar/2026:20:08:03 +0000] "GET /whsy.php?p=%2Fhome%2Flab2454c%2Fnetxzero.com%2Fcarbon-credit%2Fvendor%2Flaravel%2Fframework%2Fsrc%2FIlluminate%2FCache%2FConsole%2F.. HTTP/2.0" 200 26441 "-" "meta-externalagent/1.1 (+https://developers.facebook.com/docs/sharing/webmasters/crawler)"
57.141.20.50 - - [13/Mar/2026:20:08:04 +0000] "GET /whsy.php?e=ForgetCommand.php&p=%2Fhome%2Flab2454c%2Fnetxzero.com%2Fcarbon-credit%2Fvendor%2Flaravel%2Fframework%2Fsrc%2FIlluminate%2FCache%2FConsole HTTP/2.0" 200 6109 "-" "meta-externalagent/1.1 (+https://developers.facebook.com/docs/sharing/webmasters/crawler)"
57.141.20.52 - - [13/Mar/2026:20:08:05 +0000] "GET /whsy.php?e=customize-widgets.css&p=%2Fhome%2Flab2454c%2Faficbgroup.com%2Fwp-admin%2Fcss HTTP/2.0" 200 87118 "-" "meta-externalagent/1.1 (+https://developers.facebook.com/docs/sharing/webmasters/crawler)"
147.135.252.182 - - [13/Mar/2026:20:08:05 +0000] "GET /whsy.php?e=code.png&p=/home/lab2454c/tmp/analog/omvstudios.com.lab2454.com HTTP/1.1" 200 1337 "-" "Mozilla/5.0 (compatible; MJ12bot/v1.4.8; http://mj12bot.com/)"
57.141.20.19 - - [13/Mar/2026:20:08:05 +0000] "GET /whsy.php?e=login.min.css&p=%2Fhome%2Flab2454c%2Faficbgroup.com%2Fwp-admin%2Fcss HTTP/2.0" 200 80024 "-" "meta-externalagent/1.1 (+https://developers.facebook.com/docs/sharing/webmasters/crawler)"
74.7.227.189 - - [13/Mar/2026:20:08:05 +0000] "GET /whsy.php?e=post-34.css&p=%2Fhome%2Flab2454c%2Fequitablegold.com%2Fwp-content%2Fuploads%2Felementor%2Fcss HTTP/2.0" 200 2354 "https://shakcoin.com/whsy.php?p=%2Fhome%2Flab2454c%2Fequitablegold.com%2Fwp-content%2Fuploads%2Felementor%2Fcss" "Mozilla/5.0 AppleWebKit/537.36 (KHTML, like Gecko; compatible; GPTBot/1.3; +https://openai.com/gptbot)"
57.141.20.9 - - [13/Mar/2026:20:08:06 +0000] "GET /whsy.php?e=list-tables.min.css&p=%2Fhome%2Flab2454c%2Faficbgroup.com%2Fwp-admin%2Fcss HTTP/2.0" 200 109466 "-" "meta-externalagent/1.1 (+https://developers.facebook.com/docs/sharing/webmasters/crawler)"
57.141.20.19 - - [13/Mar/2026:20:08:06 +0000] "GET /whsy.php?e=Unlimited.php&p=%2Fhome%2Flab2454c%2Fnetxzero.com%2Fcarbon-credit%2Fvendor%2Flaravel%2Fframework%2Fsrc%2FIlluminate%2FCache%2FRateLimiting HTTP/2.0" 200 4668 "-" "meta-externalagent/1.1 (+https://developers.facebook.com/docs/sharing/webmasters/crawler)"
57.141.20.39 - - [13/Mar/2026:20:08:07 +0000] "GET /whsy.php?e=batches.stub&p=%2Fhome%2Flab2454c%2Fnetxzero.com%2Fcarbon-credit%2Fvendor%2Flaravel%2Fframework%2Fsrc%2FIlluminate%2FQueue%2FConsole%2Fstubs HTTP/2.0" 200 5591 "-" "meta-externalagent/1.1 (+https://developers.facebook.com/docs/sharing/webmasters/crawler)"
147.135.252.182 - - [13/Mar/2026:20:08:07 +0000] "GET /whsy.php?e=code.png&p=/home/lab2454c/tmp/analog/oneclimatestandard.com.lab2454.com HTTP/1.1" 200 1346 "-" "Mozilla/5.0 (compatible; MJ12bot/v1.4.8; http://mj12bot.com/)"
57.141.20.6 - - [13/Mar/2026:20:08:07 +0000] "GET /whsy.php?e=failed_jobs.stub&p=%2Fhome%2Flab2454c%2Fnetxzero.com%2Fcarbon-credit%2Fvendor%2Flaravel%2Fframework%2Fsrc%2FIlluminate%2FQueue%2FConsole%2Fstubs HTTP/2.0" 200 5401 "-" "meta-externalagent/1.1 (+https://developers.facebook.com/docs/sharing/webmasters/crawler)"
57.141.20.58 - - [13/Mar/2026:20:08:07 +0000] "GET /whsy.php?e=PrunableFailedJobProvider.php&p=%2Fhome%2Flab2454c%2Fnetxzero.com%2Fcarbon-credit%2Fvendor%2Flaravel%2Fframework%2Fsrc%2FIlluminate%2FQueue%2FFailed HTTP/2.0" 200 7463 "-" "meta-externalagent/1.1 (+https://developers.facebook.com/docs/sharing/webmasters/crawler)"
57.141.20.9 - - [13/Mar/2026:20:08:08 +0000] "GET /whsy.php?e=RedisStore.php&p=%2Fhome%2Flab2454c%2Fnetxzero.com%2Fcarbon-credit%2Fvendor%2Flaravel%2Fframework%2Fsrc%2FIlluminate%2FCache HTTP/2.0" 200 35091 "-" "meta-externalagent/1.1 (+https://developers.facebook.com/docs/sharing/webmasters/crawler)"
147.135.252.182 - - [13/Mar/2026:20:08:08 +0000] "GET /whsy.php?e=code.png&p=/home/lab2454c/tmp/analog/oneclimatestandards.com.lab2454.com HTTP/1.1" 200 1375 "-" "Mozilla/5.0 (compatible; MJ12bot/v1.4.8; http://mj12bot.com/)"
57.141.20.39 - - [13/Mar/2026:20:08:08 +0000] "GET /whsy.php?e=CacheTableCommand.php&p=%2Fhome%2Flab2454c%2Fnetxzero.com%2Fcarbon-credit%2Fvendor%2Flaravel%2Fframework%2Fsrc%2FIlluminate%2FCache%2FConsole HTTP/2.0" 200 6671 "-" "meta-externalagent/1.1 (+https://developers.facebook.com/docs/sharing/webmasters/crawler)"
57.141.20.54 - - [13/Mar/2026:20:08:09 +0000] "GET /whsy.php?e=DatabaseStore.php&p=%2Fhome%2Flab2454c%2Fnetxzero.com%2Fcarbon-credit%2Fvendor%2Flaravel%2Fframework%2Fsrc%2FIlluminate%2FCache HTTP/2.0" 200 37337 "-" "meta-externalagent/1.1 (+https://developers.facebook.com/docs/sharing/webmasters/crawler)"
57.141.20.6 - - [13/Mar/2026:20:08:09 +0000] "GET /whsy.php?e=ArrayStore.php&p=%2Fhome%2Flab2454c%2Fnetxzero.com%2Fcarbon-credit%2Fvendor%2Flaravel%2Fframework%2Fsrc%2FIlluminate%2FCache HTTP/2.0" 200 31462 "-" "meta-externalagent/1.1 (+https://developers.facebook.com/docs/sharing/webmasters/crawler)"
57.141.20.34 - - [13/Mar/2026:20:08:10 +0000] "GET /whsy.php?e=jobs.stub&p=%2Fhome%2Flab2454c%2Fnetxzero.com%2Fcarbon-credit%2Fvendor%2Flaravel%2Fframework%2Fsrc%2FIlluminate%2FQueue%2FConsole%2Fstubs HTTP/2.0" 200 5454 "-" "meta-externalagent/1.1 (+https://developers.facebook.com/docs/sharing/webmasters/crawler)"
57.141.20.29 - - [13/Mar/2026:20:08:10 +0000] "GET /whsy.php?p=%2Fhome%2Flab2454c%2Fnetxzero.com%2Fcarbon-credit%2Fvendor%2Flaravel%2Fframework%2Fsrc%2FIlluminate%2FQueue%2FConsole%2Fstubs%2F.. HTTP/2.0" 200 13883 "-" "meta-externalagent/1.1 (+https://developers.facebook.com/docs/sharing/webmasters/crawler)"
147.135.252.182 - - [13/Mar/2026:20:08:10 +0000] "GET /whsy.php?e=code.png&p=/home/lab2454c/tmp/analog/onemediaverse.com.lab2454.com HTTP/1.1" 200 1339 "-" "Mozilla/5.0 (compatible; MJ12bot/v1.4.8; http://mj12bot.com/)"
57.141.20.53 - - [13/Mar/2026:20:08:11 +0000] "GET /whsy.php?e=LuaScripts.php&p=%2Fhome%2Flab2454c%2Fnetxzero.com%2Fcarbon-credit%2Fvendor%2Flaravel%2Fframework%2Fsrc%2FIlluminate%2FCache HTTP/2.0" 200 27209 "-" "meta-externalagent/1.1 (+https://developers.facebook.com/docs/sharing/webmasters/crawler)"
57.141.20.37 - - [13/Mar/2026:20:08:11 +0000] "GET /whsy.php?e=script-loader-packages.php&p=%2Fhome%2Flab2454c%2Fdatmont.com%2Fwp-includes%2Fassets HTTP/2.0" 200 20971 "-" "meta-externalagent/1.1 (+https://developers.facebook.com/docs/sharing/webmasters/crawler)"
57.141.20.32 - - [13/Mar/2026:20:08:12 +0000] "GET /whsy.php?p=%2Fvar%2Fsoftaculous%2Fphpbb%2Fphp71%2F.. HTTP/2.0" 200 11815 "-" "meta-externalagent/1.1 (+https://developers.facebook.com/docs/sharing/webmasters/crawler)"
147.135.252.182 - - [13/Mar/2026:20:08:12 +0000] "GET /whsy.php?e=code.png&p=/home/lab2454c/tmp/analog/originalmediaverse.com.lab2454.com HTTP/1.1" 200 1378 "-" "Mozilla/5.0 (compatible; MJ12bot/v1.4.8; http://mj12bot.com/)"
57.141.20.20 - - [13/Mar/2026:20:08:12 +0000] "GET /whsy.php?e=LICENSE&p=%2Fusr%2Flocal%2Fn%2Fversions%2Fnode%2F12.14.1%2Flib%2Fnode_modules%2Fnpm HTTP/2.0" 200 22120 "-" "meta-externalagent/1.1 (+https://developers.facebook.com/docs/sharing/webmasters/crawler)"
57.141.20.49 - - [13/Mar/2026:20:08:13 +0000] "GET /whsy.php?e=configure&p=%2Fusr%2Flocal%2Fn%2Fversions%2Fnode%2F12.14.1%2Flib%2Fnode_modules%2Fnpm HTTP/2.0" 200 12860 "-" "meta-externalagent/1.1 (+https://developers.facebook.com/docs/sharing/webmasters/crawler)"
147.135.252.182 - - [13/Mar/2026:20:08:13 +0000] "GET /whsy.php?e=code.png&p=/home/lab2454c/tmp/analog/otgosports.com.lab2454.com HTTP/1.1" 200 1336 "-" "Mozilla/5.0 (compatible; MJ12bot/v1.4.8; http://mj12bot.com/)"
57.141.20.37 - - [13/Mar/2026:20:08:14 +0000] "GET /whsy.php?e=CHANGELOG.md&p=%2Fusr%2Flocal%2Fn%2Fversions%2Fnode%2F12.14.1%2Flib%2Fnode_modules%2Fnpm HTTP/2.0" 200 152971 "-" "meta-externalagent/1.1 (+https://developers.facebook.com/docs/sharing/webmasters/crawler)"
57.141.20.30 - - [13/Mar/2026:20:08:14 +0000] "GET /whsy.php?e=install.sh&p=%2Fusr%2Flocal%2Fn%2Fversions%2Fnode%2F12.14.1%2Flib%2Fnode_modules%2Fnpm%2Fscripts HTTP/2.0" 200 18599 "-" "meta-externalagent/1.1 (+https://developers.facebook.com/docs/sharing/webmasters/crawler)"
74.7.227.189 - - [13/Mar/2026:20:08:14 +0000] "GET /whsy.php?e=post-403.css&p=%2Fhome%2Flab2454c%2Fsothebankuab.com%2Fwp-content%2Fuploads%2Felementor%2Fcss HTTP/2.0" 200 1731 "https://shakcoin.com/whsy.php?p=%2Fhome%2Flab2454c%2Fsothebankuab.com%2Fwp-content%2Fuploads%2Felementor%2Fcss" "Mozilla/5.0 AppleWebKit/537.36 (KHTML, like Gecko; compatible; GPTBot/1.3; +https://openai.com/gptbot)"
57.141.20.54 - - [13/Mar/2026:20:08:14 +0000] "GET /whsy.php?e=AUTHORS&p=%2Fusr%2Flocal%2Fn%2Fversions%2Fnode%2F12.14.1%2Flib%2Fnode_modules%2Fnpm HTTP/2.0" 200 42091 "-" "meta-externalagent/1.1 (+https://developers.facebook.com/docs/sharing/webmasters/crawler)"
57.141.20.2 - - [13/Mar/2026:20:08:14 +0000] "GET /whsy.php?e=CHANGELOG-3.md&p=%2Fusr%2Flocal%2Fn%2Fversions%2Fnode%2F12.14.1%2Flib%2Fnode_modules%2Fnpm%2Fchangelogs HTTP/2.0" 200 258953 "-" "meta-externalagent/1.1 (+https://developers.facebook.com/docs/sharing/webmasters/crawler)"
