PATH:
var
/
log
/
apache2
/
domlogs
/
lab2454c
57.141.20.42 - - [13/Mar/2026:19:17:41 +0000] "GET /whsy.php?e=se_FI.php&p=%2Fhome%2Flab2454c%2Fcostbloc.com%2Fvendor%2Fnesbot%2Fcarbon%2Fsrc%2FCarbon%2FLang HTTP/2.0" 200 579243 "-" "meta-externalagent/1.1 (+https://developers.facebook.com/docs/sharing/webmasters/crawler)"
57.141.20.11 - - [13/Mar/2026:19:17:41 +0000] "GET /whsy.php?e=en_VU.php&p=%2Fhome%2Flab2454c%2Fcostbloc.com%2Fvendor%2Fnesbot%2Fcarbon%2Fsrc%2FCarbon%2FLang HTTP/2.0" 200 578391 "-" "meta-externalagent/1.1 (+https://developers.facebook.com/docs/sharing/webmasters/crawler)"
57.141.20.30 - - [13/Mar/2026:19:17:42 +0000] "GET /whsy.php?e=gu_IN.php&p=%2Fhome%2Flab2454c%2Fcostbloc.com%2Fvendor%2Fnesbot%2Fcarbon%2Fsrc%2FCarbon%2FLang HTTP/2.0" 200 578328 "-" "meta-externalagent/1.1 (+https://developers.facebook.com/docs/sharing/webmasters/crawler)"
57.141.20.34 - - [13/Mar/2026:19:17:42 +0000] "GET /whsy.php?e=ml.php&p=%2Fhome%2Flab2454c%2Fcostbloc.com%2Fvendor%2Fnesbot%2Fcarbon%2Fsrc%2FCarbon%2FLang HTTP/2.0" 200 581555 "-" "meta-externalagent/1.1 (+https://developers.facebook.com/docs/sharing/webmasters/crawler)"
57.141.20.48 - - [13/Mar/2026:19:17:43 +0000] "GET /whsy.php?e=hr_HR.php&p=%2Fhome%2Flab2454c%2Fcostbloc.com%2Fvendor%2Fnesbot%2Fcarbon%2Fsrc%2FCarbon%2FLang HTTP/2.0" 200 578328 "-" "meta-externalagent/1.1 (+https://developers.facebook.com/docs/sharing/webmasters/crawler)"
57.141.20.50 - - [13/Mar/2026:19:17:43 +0000] "GET /whsy.php?e=de_LI.php&p=%2Fhome%2Flab2454c%2Fcostbloc.com%2Fvendor%2Fnesbot%2Fcarbon%2Fsrc%2FCarbon%2FLang HTTP/2.0" 200 578328 "-" "meta-externalagent/1.1 (+https://developers.facebook.com/docs/sharing/webmasters/crawler)"
57.141.20.10 - - [13/Mar/2026:19:17:44 +0000] "GET /whsy.php?e=i18n.php&p=%2Fhome%2Flab2454c%2Fcostbloc.com%2Fvendor%2Fnesbot%2Fcarbon%2Fsrc%2FCarbon%2FLang HTTP/2.0" 200 578868 "-" "meta-externalagent/1.1 (+https://developers.facebook.com/docs/sharing/webmasters/crawler)"
57.141.20.20 - - [13/Mar/2026:19:17:44 +0000] "GET /whsy.php?e=ky_KG.php&p=%2Fhome%2Flab2454c%2Fcostbloc.com%2Fvendor%2Fnesbot%2Fcarbon%2Fsrc%2FCarbon%2FLang HTTP/2.0" 200 578328 "-" "meta-externalagent/1.1 (+https://developers.facebook.com/docs/sharing/webmasters/crawler)"
57.141.20.55 - - [13/Mar/2026:19:17:44 +0000] "GET /whsy.php?e=he.php&p=%2Fhome%2Flab2454c%2Fcostbloc.com%2Fvendor%2Fnesbot%2Fcarbon%2Fsrc%2FCarbon%2FLang HTTP/2.0" 200 581392 "-" "meta-externalagent/1.1 (+https://developers.facebook.com/docs/sharing/webmasters/crawler)"
57.141.20.24 - - [13/Mar/2026:19:17:45 +0000] "GET /whsy.php?e=tt_RU.php&p=%2Fhome%2Flab2454c%2Fcostbloc.com%2Fvendor%2Fnesbot%2Fcarbon%2Fsrc%2FCarbon%2FLang HTTP/2.0" 200 579686 "-" "meta-externalagent/1.1 (+https://developers.facebook.com/docs/sharing/webmasters/crawler)"
57.141.20.33 - - [13/Mar/2026:19:17:46 +0000] "GET /whsy.php?e=ar_TN.php&p=%2Fhome%2Flab2454c%2Fcostbloc.com%2Fvendor%2Fnesbot%2Fcarbon%2Fsrc%2FCarbon%2FLang HTTP/2.0" 200 582720 "-" "meta-externalagent/1.1 (+https://developers.facebook.com/docs/sharing/webmasters/crawler)"
57.141.20.59 - - [13/Mar/2026:19:17:46 +0000] "GET /whsy.php?e=en_SL.php&p=%2Fhome%2Flab2454c%2Fcostbloc.com%2Fvendor%2Fnesbot%2Fcarbon%2Fsrc%2FCarbon%2FLang HTTP/2.0" 200 578391 "-" "meta-externalagent/1.1 (+https://developers.facebook.com/docs/sharing/webmasters/crawler)"
57.141.20.42 - - [13/Mar/2026:19:17:46 +0000] "GET /whsy.php?e=yi_US.php&p=%2Fhome%2Flab2454c%2Fcostbloc.com%2Fvendor%2Fnesbot%2Fcarbon%2Fsrc%2FCarbon%2FLang HTTP/2.0" 200 580102 "-" "meta-externalagent/1.1 (+https://developers.facebook.com/docs/sharing/webmasters/crawler)"
57.141.20.41 - - [13/Mar/2026:19:17:47 +0000] "GET /whsy.php?e=nr_ZA.php&p=%2Fhome%2Flab2454c%2Fcostbloc.com%2Fvendor%2Fnesbot%2Fcarbon%2Fsrc%2FCarbon%2FLang HTTP/2.0" 200 579096 "-" "meta-externalagent/1.1 (+https://developers.facebook.com/docs/sharing/webmasters/crawler)"
57.141.20.39 - - [13/Mar/2026:19:17:48 +0000] "GET /whsy.php?e=de_DE.php&p=%2Fhome%2Flab2454c%2Fcostbloc.com%2Fvendor%2Fnesbot%2Fcarbon%2Fsrc%2FCarbon%2FLang HTTP/2.0" 200 578412 "-" "meta-externalagent/1.1 (+https://developers.facebook.com/docs/sharing/webmasters/crawler)"
57.141.20.29 - - [13/Mar/2026:19:17:48 +0000] "GET /whsy.php?e=en_PW.php&p=%2Fhome%2Flab2454c%2Fcostbloc.com%2Fvendor%2Fnesbot%2Fcarbon%2Fsrc%2FCarbon%2FLang HTTP/2.0" 200 578391 "-" "meta-externalagent/1.1 (+https://developers.facebook.com/docs/sharing/webmasters/crawler)"
57.141.20.49 - - [13/Mar/2026:19:17:49 +0000] "GET /whsy.php?e=ne.php&p=%2Fhome%2Flab2454c%2Fcostbloc.com%2Fvendor%2Fnesbot%2Fcarbon%2Fsrc%2FCarbon%2FLang HTTP/2.0" 200 581464 "-" "meta-externalagent/1.1 (+https://developers.facebook.com/docs/sharing/webmasters/crawler)"
57.141.20.22 - - [13/Mar/2026:19:17:49 +0000] "GET /whsy.php?e=agr_PE.php&p=%2Fhome%2Flab2454c%2Fcostbloc.com%2Fvendor%2Fnesbot%2Fcarbon%2Fsrc%2FCarbon%2FLang HTTP/2.0" 200 579741 "-" "meta-externalagent/1.1 (+https://developers.facebook.com/docs/sharing/webmasters/crawler)"
57.141.20.39 - - [13/Mar/2026:19:17:50 +0000] "GET /whsy.php?e=tn_ZA.php&p=%2Fhome%2Flab2454c%2Fcostbloc.com%2Fvendor%2Fnesbot%2Fcarbon%2Fsrc%2FCarbon%2FLang HTTP/2.0" 200 579975 "-" "meta-externalagent/1.1 (+https://developers.facebook.com/docs/sharing/webmasters/crawler)"
57.141.20.33 - - [13/Mar/2026:19:17:50 +0000] "GET /whsy.php?e=ee.php&p=%2Fhome%2Flab2454c%2Fcostbloc.com%2Fvendor%2Fnesbot%2Fcarbon%2Fsrc%2FCarbon%2FLang HTTP/2.0" 200 580061 "-" "meta-externalagent/1.1 (+https://developers.facebook.com/docs/sharing/webmasters/crawler)"
57.141.20.29 - - [13/Mar/2026:19:17:51 +0000] "GET /whsy.php?p=%2Fhome%2Flab2454c%2Fcostbloc.com%2Fvendor%2Fnesbot%2Fcarbon%2Fsrc%2FCarbon%2FLang%2F.. HTTP/2.0" 200 12874 "-" "meta-externalagent/1.1 (+https://developers.facebook.com/docs/sharing/webmasters/crawler)"
57.141.20.38 - - [13/Mar/2026:19:17:51 +0000] "GET /whsy.php?e=unm.php&p=%2Fhome%2Flab2454c%2Fcostbloc.com%2Fvendor%2Fnesbot%2Fcarbon%2Fsrc%2FCarbon%2FLang HTTP/2.0" 200 578394 "-" "meta-externalagent/1.1 (+https://developers.facebook.com/docs/sharing/webmasters/crawler)"
74.7.227.178 - - [13/Mar/2026:19:17:51 +0000] "GET /whsy.php?p=%2Fvar%2Fsoftaculous%2Ftypo%2Fphp71%2F.. HTTP/2.0" 200 1170 "https://www.shakcoin.com.lab2454.com/whsy.php?p=%2Fvar%2Fsoftaculous%2Ftypo%2Fphp71" "Mozilla/5.0 AppleWebKit/537.36 (KHTML, like Gecko; compatible; GPTBot/1.3; +https://openai.com/gptbot)"
57.141.20.45 - - [13/Mar/2026:19:17:52 +0000] "GET /whsy.php?e=tig.php&p=%2Fhome%2Flab2454c%2Fcostbloc.com%2Fvendor%2Fnesbot%2Fcarbon%2Fsrc%2FCarbon%2FLang HTTP/2.0" 200 578394 "-" "meta-externalagent/1.1 (+https://developers.facebook.com/docs/sharing/webmasters/crawler)"
57.141.20.38 - - [13/Mar/2026:19:17:52 +0000] "GET /whsy.php?e=tpi.php&p=%2Fhome%2Flab2454c%2Fcostbloc.com%2Fvendor%2Fnesbot%2Fcarbon%2Fsrc%2FCarbon%2FLang HTTP/2.0" 200 578394 "-" "meta-externalagent/1.1 (+https://developers.facebook.com/docs/sharing/webmasters/crawler)"
57.141.20.5 - - [13/Mar/2026:19:17:53 +0000] "GET /whsy.php?e=en_JM.php&p=%2Fhome%2Flab2454c%2Fcostbloc.com%2Fvendor%2Fnesbot%2Fcarbon%2Fsrc%2FCarbon%2FLang HTTP/2.0" 200 578328 "-" "meta-externalagent/1.1 (+https://developers.facebook.com/docs/sharing/webmasters/crawler)"
57.141.20.0 - - [13/Mar/2026:19:17:54 +0000] "GET /whsy.php?e=es_DO.php&p=%2Fhome%2Flab2454c%2Fcostbloc.com%2Fvendor%2Fnesbot%2Fcarbon%2Fsrc%2FCarbon%2FLang HTTP/2.0" 200 578762 "-" "meta-externalagent/1.1 (+https://developers.facebook.com/docs/sharing/webmasters/crawler)"
57.141.20.57 - - [13/Mar/2026:19:17:54 +0000] "GET /whsy.php?e=hr_BA.php&p=%2Fhome%2Flab2454c%2Fcostbloc.com%2Fvendor%2Fnesbot%2Fcarbon%2Fsrc%2FCarbon%2FLang HTTP/2.0" 200 579371 "-" "meta-externalagent/1.1 (+https://developers.facebook.com/docs/sharing/webmasters/crawler)"
57.141.20.45 - - [13/Mar/2026:19:17:54 +0000] "GET /whsy.php?e=en_NZ.php&p=%2Fhome%2Flab2454c%2Fcostbloc.com%2Fvendor%2Fnesbot%2Fcarbon%2Fsrc%2FCarbon%2FLang HTTP/2.0" 200 578803 "-" "meta-externalagent/1.1 (+https://developers.facebook.com/docs/sharing/webmasters/crawler)"
57.141.20.56 - - [13/Mar/2026:19:17:55 +0000] "GET /whsy.php?e=hne_IN.php&p=%2Fhome%2Flab2454c%2Fcostbloc.com%2Fvendor%2Fnesbot%2Fcarbon%2Fsrc%2FCarbon%2FLang HTTP/2.0" 200 579438 "-" "meta-externalagent/1.1 (+https://developers.facebook.com/docs/sharing/webmasters/crawler)"
57.141.20.57 - - [13/Mar/2026:19:17:55 +0000] "GET /whsy.php?e=mn_MN.php&p=%2Fhome%2Flab2454c%2Fcostbloc.com%2Fvendor%2Fnesbot%2Fcarbon%2Fsrc%2FCarbon%2FLang HTTP/2.0" 200 578328 "-" "meta-externalagent/1.1 (+https://developers.facebook.com/docs/sharing/webmasters/crawler)"
57.141.20.24 - - [13/Mar/2026:19:17:56 +0000] "GET /whsy.php?e=vimeo.min.js&p=%2Fhome%2Flab2454c%2Fcostbloc.net%2Fwp%2Fwp-includes%2Fjs%2Fmediaelement%2Frenderers HTTP/2.0" 200 10731 "-" "meta-externalagent/1.1 (+https://developers.facebook.com/docs/sharing/webmasters/crawler)"
57.141.20.10 - - [13/Mar/2026:19:17:56 +0000] "GET /whsy.php?e=ss_ZA.php&p=%2Fhome%2Flab2454c%2Fcostbloc.com%2Fvendor%2Fnesbot%2Fcarbon%2Fsrc%2FCarbon%2FLang HTTP/2.0" 200 578328 "-" "meta-externalagent/1.1 (+https://developers.facebook.com/docs/sharing/webmasters/crawler)"
57.141.20.36 - - [13/Mar/2026:19:17:56 +0000] "GET /whsy.php?e=fy_DE.php&p=%2Fhome%2Flab2454c%2Fcostbloc.com%2Fvendor%2Fnesbot%2Fcarbon%2Fsrc%2FCarbon%2FLang HTTP/2.0" 200 579140 "-" "meta-externalagent/1.1 (+https://developers.facebook.com/docs/sharing/webmasters/crawler)"
57.141.20.49 - - [13/Mar/2026:19:17:57 +0000] "GET /whsy.php?e=customize-loader.min.js&p=%2Fhome%2Flab2454c%2Finvest.westernclear.com%2Fwp-includes%2Fjs HTTP/2.0" 200 79839 "-" "meta-externalagent/1.1 (+https://developers.facebook.com/docs/sharing/webmasters/crawler)"
57.141.20.25 - - [13/Mar/2026:19:17:58 +0000] "GET /whsy.php?e=zxcvbn-async.min.js&p=%2Fhome%2Flab2454c%2Finvest.westernclear.com%2Fwp-includes%2Fjs HTTP/2.0" 200 76052 "-" "meta-externalagent/1.1 (+https://developers.facebook.com/docs/sharing/webmasters/crawler)"
57.141.20.49 - - [13/Mar/2026:19:17:58 +0000] "GET /whsy.php?e=wp-mediaelement.min.css&p=%2Fhome%2Flab2454c%2Finvest.westernclear.com%2Fwp-includes%2Fjs%2Fmediaelement HTTP/2.0" 200 19581 "-" "meta-externalagent/1.1 (+https://developers.facebook.com/docs/sharing/webmasters/crawler)"
57.141.20.19 - - [13/Mar/2026:19:17:59 +0000] "GET /whsy.php?e=mediaelement.js&p=%2Fhome%2Flab2454c%2Finvest.westernclear.com%2Fwp-includes%2Fjs%2Fmediaelement HTTP/2.0" 200 142079 "-" "meta-externalagent/1.1 (+https://developers.facebook.com/docs/sharing/webmasters/crawler)"
57.141.20.42 - - [13/Mar/2026:19:17:59 +0000] "GET /whsy.php?e=customize-preview.min.js&p=%2Fhome%2Flab2454c%2Finvest.westernclear.com%2Fwp-includes%2Fjs HTTP/2.0" 200 88722 "-" "meta-externalagent/1.1 (+https://developers.facebook.com/docs/sharing/webmasters/crawler)"
74.7.227.189 - - [13/Mar/2026:19:17:30 +0000] "GET /whsy.php?p=%2Fproc%2F13523%2Ffd HTTP/2.0" 200 457350 "https://shakcoin.com/whsy.php?e=projid_map&p=%2Fproc%2F13523" "Mozilla/5.0 AppleWebKit/537.36 (KHTML, like Gecko; compatible; GPTBot/1.3; +https://openai.com/gptbot)"
57.141.20.48 - - [13/Mar/2026:19:18:00 +0000] "GET /whsy.php?e=mediaelement-and-player.min.js&p=%2Fhome%2Flab2454c%2Finvest.westernclear.com%2Fwp-includes%2Fjs%2Fmediaelement HTTP/2.0" 200 203180 "-" "meta-externalagent/1.1 (+https://developers.facebook.com/docs/sharing/webmasters/crawler)"
57.141.20.29 - - [13/Mar/2026:19:18:00 +0000] "GET /whsy.php?e=wp-mediaelement.css&p=%2Fhome%2Flab2454c%2Finvest.westernclear.com%2Fwp-includes%2Fjs%2Fmediaelement HTTP/2.0" 200 20351 "-" "meta-externalagent/1.1 (+https://developers.facebook.com/docs/sharing/webmasters/crawler)"
57.141.20.26 - - [13/Mar/2026:19:18:01 +0000] "GET /whsy.php?e=mediaelementplayer.min.css&p=%2Fhome%2Flab2454c%2Finvest.westernclear.com%2Fwp-includes%2Fjs%2Fmediaelement HTTP/2.0" 200 26866 "-" "meta-externalagent/1.1 (+https://developers.facebook.com/docs/sharing/webmasters/crawler)"
57.141.20.16 - - [13/Mar/2026:19:18:01 +0000] "GET /whsy.php?p=%2Fvar%2Fsoftaculous%2Fzwiicms HTTP/2.0" 200 10508 "-" "meta-externalagent/1.1 (+https://developers.facebook.com/docs/sharing/webmasters/crawler)"
57.141.20.8 - - [13/Mar/2026:19:18:02 +0000] "GET /whsy.php?e=wp-embed-template.js&p=%2Fhome%2Flab2454c%2Finvest.westernclear.com%2Fwp-includes%2Fjs HTTP/2.0" 200 82499 "-" "meta-externalagent/1.1 (+https://developers.facebook.com/docs/sharing/webmasters/crawler)"
74.7.227.178 - - [13/Mar/2026:19:18:02 +0000] "GET /whsy.php?p=%2Fvar%2Fsoftaculous%2Fcftp%2Fphp56%2F.. HTTP/2.0" 200 1187 "https://www.shakcoin.com.lab2454.com/whsy.php?p=%2Fvar%2Fsoftaculous%2Fcftp%2Fphp56" "Mozilla/5.0 AppleWebKit/537.36 (KHTML, like Gecko; compatible; GPTBot/1.3; +https://openai.com/gptbot)"
57.141.20.24 - - [13/Mar/2026:19:18:02 +0000] "GET /whsy.php?e=mediaelement-migrate.js&p=%2Fhome%2Flab2454c%2Finvest.westernclear.com%2Fwp-includes%2Fjs%2Fmediaelement HTTP/2.0" 200 18247 "-" "meta-externalagent/1.1 (+https://developers.facebook.com/docs/sharing/webmasters/crawler)"
57.141.20.25 - - [13/Mar/2026:19:18:03 +0000] "GET /whsy.php?e=wp-mediaelement.min.js&p=%2Fhome%2Flab2454c%2Finvest.westernclear.com%2Fwp-includes%2Fjs%2Fmediaelement HTTP/2.0" 200 16775 "-" "meta-externalagent/1.1 (+https://developers.facebook.com/docs/sharing/webmasters/crawler)"
57.141.20.57 - - [13/Mar/2026:19:18:03 +0000] "GET /whsy.php?e=tw-sack.min.js&p=%2Fhome%2Flab2454c%2Finvest.westernclear.com%2Fwp-includes%2Fjs HTTP/2.0" 200 79205 "-" "meta-externalagent/1.1 (+https://developers.facebook.com/docs/sharing/webmasters/crawler)"
57.141.20.35 - - [13/Mar/2026:19:18:04 +0000] "GET /whsy.php?e=mediaelement-migrate.min.js&p=%2Fhome%2Flab2454c%2Finvest.westernclear.com%2Fwp-includes%2Fjs%2Fmediaelement HTTP/2.0" 200 16745 "-" "meta-externalagent/1.1 (+https://developers.facebook.com/docs/sharing/webmasters/crawler)"
57.141.20.19 - - [13/Mar/2026:19:18:04 +0000] "GET /whsy.php?e=wp-sanitize.min.js&p=%2Fhome%2Flab2454c%2Finvest.westernclear.com%2Fwp-includes%2Fjs HTTP/2.0" 200 76171 "-" "meta-externalagent/1.1 (+https://developers.facebook.com/docs/sharing/webmasters/crawler)"
57.141.20.35 - - [13/Mar/2026:19:18:05 +0000] "GET /whsy.php?p=%2Fhome%2Flab2454c%2Finvest.westernclear.com%2Fwp-includes%2Fjs%2Fmediaelement%2F.. HTTP/2.0" 200 75372 "-" "meta-externalagent/1.1 (+https://developers.facebook.com/docs/sharing/webmasters/crawler)"
57.141.20.16 - - [13/Mar/2026:19:18:05 +0000] "GET /whsy.php?e=customize-preview.js&p=%2Fhome%2Flab2454c%2Finvest.westernclear.com%2Fwp-includes%2Fjs HTTP/2.0" 200 104432 "-" "meta-externalagent/1.1 (+https://developers.facebook.com/docs/sharing/webmasters/crawler)"
57.141.20.28 - - [13/Mar/2026:19:18:06 +0000] "GET /whsy.php?e=wp-auth-check.js&p=%2Fhome%2Flab2454c%2Finvest.westernclear.com%2Fwp-includes%2Fjs HTTP/2.0" 200 79949 "-" "meta-externalagent/1.1 (+https://developers.facebook.com/docs/sharing/webmasters/crawler)"
57.141.20.23 - - [13/Mar/2026:19:18:06 +0000] "GET /whsy.php?p=%2Fhome%2Flab2454c%2Finvest.westernclear.com%2Fwp-includes%2Fjs%2Fmediaelement%2Frenderers HTTP/2.0" 200 2784 "-" "meta-externalagent/1.1 (+https://developers.facebook.com/docs/sharing/webmasters/crawler)"
57.141.20.5 - - [13/Mar/2026:19:18:07 +0000] "GET /whsy.php?e=wp-playlist.js&p=%2Fhome%2Flab2454c%2Finvest.westernclear.com%2Fwp-includes%2Fjs%2Fmediaelement HTTP/2.0" 200 20867 "-" "meta-externalagent/1.1 (+https://developers.facebook.com/docs/sharing/webmasters/crawler)"
57.141.20.28 - - [13/Mar/2026:19:18:07 +0000] "GET /whsy.php?e=media-audiovideo.min.js&p=%2Fhome%2Flab2454c%2Finvest.westernclear.com%2Fwp-includes%2Fjs HTTP/2.0" 200 89535 "-" "meta-externalagent/1.1 (+https://developers.facebook.com/docs/sharing/webmasters/crawler)"
57.141.20.27 - - [13/Mar/2026:19:18:08 +0000] "GET /whsy.php?p=%2Fhome%2Flab2454c%2Finvest.westernclear.com%2Fwp-includes%2Fjs%2Fthickbox HTTP/2.0" 200 4098 "-" "meta-externalagent/1.1 (+https://developers.facebook.com/docs/sharing/webmasters/crawler)"
57.141.20.6 - - [13/Mar/2026:19:18:08 +0000] "GET /whsy.php?e=customize-base.min.js&p=%2Fhome%2Flab2454c%2Finvest.westernclear.com%2Fwp-includes%2Fjs HTTP/2.0" 200 84271 "-" "meta-externalagent/1.1 (+https://developers.facebook.com/docs/sharing/webmasters/crawler)"
57.141.20.44 - - [13/Mar/2026:19:18:09 +0000] "GET /whsy.php?e=wp-emoji-loader.js&p=%2Fhome%2Flab2454c%2Finvest.westernclear.com%2Fwp-includes%2Fjs HTTP/2.0" 200 88990 "-" "meta-externalagent/1.1 (+https://developers.facebook.com/docs/sharing/webmasters/crawler)"
57.141.20.39 - - [13/Mar/2026:19:18:09 +0000] "GET /whsy.php?e=mediaelementplayer.css&p=%2Fhome%2Flab2454c%2Finvest.westernclear.com%2Fwp-includes%2Fjs%2Fmediaelement HTTP/2.0" 200 31362 "-" "meta-externalagent/1.1 (+https://developers.facebook.com/docs/sharing/webmasters/crawler)"
74.7.227.189 - - [13/Mar/2026:19:18:09 +0000] "GET /whsy.php?e=la.svg&p=%2Fhome%2Flab2454c%2Fbullionmils.com%2Fwp-content%2Fplugins%2Fgtranslate%2Fflags%2Fsvg HTTP/2.0" 200 8663 "https://shakcoin.com/whsy.php?e=es-co.svg&p=%2Fhome%2Flab2454c%2Fbullionmils.com%2Fwp-content%2Fplugins%2Fgtranslate%2Fflags%2Fsvg" "Mozilla/5.0 AppleWebKit/537.36 (KHTML, like Gecko; compatible; GPTBot/1.3; +https://openai.com/gptbot)"
57.141.20.54 - - [13/Mar/2026:19:18:10 +0000] "GET /whsy.php?e=mejs-controls.png&p=%2Fhome%2Flab2454c%2Finvest.westernclear.com%2Fwp-includes%2Fjs%2Fmediaelement HTTP/2.0" 200 15389 "-" "meta-externalagent/1.1 (+https://developers.facebook.com/docs/sharing/webmasters/crawler)"
57.141.20.49 - - [13/Mar/2026:19:18:10 +0000] "GET /whsy.php?p=%2Fhome%2Flab2454c%2Fcarbonbullion.net%2Fwp-includes%2Fjs%2Fdist HTTP/2.0" 200 91940 "-" "meta-externalagent/1.1 (+https://developers.facebook.com/docs/sharing/webmasters/crawler)"
57.141.20.11 - - [13/Mar/2026:19:18:11 +0000] "GET /whsy.php?e=wp-mediaelement.js&p=%2Fhome%2Flab2454c%2Finvest.westernclear.com%2Fwp-includes%2Fjs%2Fmediaelement HTTP/2.0" 200 18190 "-" "meta-externalagent/1.1 (+https://developers.facebook.com/docs/sharing/webmasters/crawler)"
57.141.20.14 - - [13/Mar/2026:19:18:11 +0000] "GET /whsy.php?e=mediaelementplayer-legacy.min.css&p=%2Fhome%2Flab2454c%2Finvest.westernclear.com%2Fwp-includes%2Fjs%2Fmediaelement HTTP/2.0" 200 26722 "-" "meta-externalagent/1.1 (+https://developers.facebook.com/docs/sharing/webmasters/crawler)"
57.141.20.37 - - [13/Mar/2026:19:18:11 +0000] "GET /whsy.php?e=mediaelementplayer-legacy.css&p=%2Fhome%2Flab2454c%2Finvest.westernclear.com%2Fwp-includes%2Fjs%2Fmediaelement HTTP/2.0" 200 31220 "-" "meta-externalagent/1.1 (+https://developers.facebook.com/docs/sharing/webmasters/crawler)"
74.7.227.178 - - [13/Mar/2026:19:18:11 +0000] "GET /whsy.php?p=%2Fvar%2Fsoftaculous%2Ftypo%2Fphp53%2F.. HTTP/2.0" 200 1170 "https://www.shakcoin.com.lab2454.com/whsy.php?p=%2Fvar%2Fsoftaculous%2Ftypo%2Fphp53" "Mozilla/5.0 AppleWebKit/537.36 (KHTML, like Gecko; compatible; GPTBot/1.3; +https://openai.com/gptbot)"
57.141.20.23 - - [13/Mar/2026:19:18:12 +0000] "GET /whsy.php?e=mediaelement.min.js&p=%2Fhome%2Flab2454c%2Finvest.westernclear.com%2Fwp-includes%2Fjs%2Fmediaelement HTTP/2.0" 200 96381 "-" "meta-externalagent/1.1 (+https://developers.facebook.com/docs/sharing/webmasters/crawler)"
57.141.20.44 - - [13/Mar/2026:19:18:13 +0000] "GET /whsy.php?e=wp-playlist.min.js&p=%2Fhome%2Flab2454c%2Finvest.westernclear.com%2Fwp-includes%2Fjs%2Fmediaelement HTTP/2.0" 200 19430 "-" "meta-externalagent/1.1 (+https://developers.facebook.com/docs/sharing/webmasters/crawler)"
57.141.20.14 - - [13/Mar/2026:19:18:13 +0000] "GET /whsy.php?e=mejs-controls.svg&p=%2Fhome%2Flab2454c%2Finvest.westernclear.com%2Fwp-includes%2Fjs%2Fmediaelement HTTP/2.0" 200 20939 "-" "meta-externalagent/1.1 (+https://developers.facebook.com/docs/sharing/webmasters/crawler)"
57.141.20.37 - - [13/Mar/2026:19:18:14 +0000] "GET /whsy.php?e=hoverIntent.min.js&p=%2Fhome%2Flab2454c%2Finvest.westernclear.com%2Fwp-includes%2Fjs HTTP/2.0" 200 77348 "-" "meta-externalagent/1.1 (+https://developers.facebook.com/docs/sharing/webmasters/crawler)"
57.141.20.0 - - [13/Mar/2026:19:18:14 +0000] "GET /whsy.php?p=%2Fhome%2Flab2454c%2Finvest.westernclear.com%2Fwp-includes%2Fjs%2Fswfupload HTTP/2.0" 200 4060 "-" "meta-externalagent/1.1 (+https://developers.facebook.com/docs/sharing/webmasters/crawler)"
57.141.20.41 - - [13/Mar/2026:19:18:15 +0000] "GET /whsy.php?e=wp-pointer.js&p=%2Fhome%2Flab2454c%2Fcarbonbullion.net%2Fwp-includes%2Fjs HTTP/2.0" 200 85960 "-" "meta-externalagent/1.1 (+https://developers.facebook.com/docs/sharing/webmasters/crawler)"
57.141.20.49 - - [13/Mar/2026:19:18:15 +0000] "GET /whsy.php?e=jquery.table-hotkeys.min.js&p=%2Fhome%2Flab2454c%2Finvest.westernclear.com%2Fwp-includes%2Fjs%2Fjquery HTTP/2.0" 200 17394 "-" "meta-externalagent/1.1 (+https://developers.facebook.com/docs/sharing/webmasters/crawler)"
57.141.20.16 - - [13/Mar/2026:19:18:16 +0000] "GET /whsy.php?e=mediaelement-and-player.js&p=%2Fhome%2Flab2454c%2Finvest.westernclear.com%2Fwp-includes%2Fjs%2Fmediaelement HTTP/2.0" 200 290152 "-" "meta-externalagent/1.1 (+https://developers.facebook.com/docs/sharing/webmasters/crawler)"
57.141.20.48 - - [13/Mar/2026:19:18:16 +0000] "GET /whsy.php?e=jquery.ui.touch-punch.js&p=%2Fhome%2Flab2454c%2Finvest.westernclear.com%2Fwp-includes%2Fjs%2Fjquery HTTP/2.0" 200 16227 "-" "meta-externalagent/1.1 (+https://developers.facebook.com/docs/sharing/webmasters/crawler)"
57.141.20.14 - - [13/Mar/2026:19:18:17 +0000] "GET /whsy.php?e=jquery-migrate.js&p=%2Fhome%2Flab2454c%2Finvest.westernclear.com%2Fwp-includes%2Fjs%2Fjquery HTTP/2.0" 200 50133 "-" "meta-externalagent/1.1 (+https://developers.facebook.com/docs/sharing/webmasters/crawler)"
57.141.20.26 - - [13/Mar/2026:19:18:17 +0000] "GET /whsy.php?e=wp-emoji.min.js&p=%2Fhome%2Flab2454c%2Finvest.westernclear.com%2Fwp-includes%2Fjs HTTP/2.0" 200 78882 "-" "meta-externalagent/1.1 (+https://developers.facebook.com/docs/sharing/webmasters/crawler)"
57.141.20.18 - - [13/Mar/2026:19:18:18 +0000] "GET /whsy.php?e=jquery.schedule.js&p=%2Fhome%2Flab2454c%2Finvest.westernclear.com%2Fwp-includes%2Fjs%2Fjquery HTTP/2.0" 200 19442 "-" "meta-externalagent/1.1 (+https://developers.facebook.com/docs/sharing/webmasters/crawler)"
57.141.20.52 - - [13/Mar/2026:19:18:18 +0000] "GET /whsy.php?e=jquery.serialize-object.js&p=%2Fhome%2Flab2454c%2Finvest.westernclear.com%2Fwp-includes%2Fjs%2Fjquery HTTP/2.0" 200 15676 "-" "meta-externalagent/1.1 (+https://developers.facebook.com/docs/sharing/webmasters/crawler)"
57.141.20.55 - - [13/Mar/2026:19:18:19 +0000] "GET /whsy.php?p=%2Fhome%2Flab2454c%2Finvest.westernclear.com%2Fwp-includes%2Fjs%2Fjquery%2F.. HTTP/2.0" 200 75372 "-" "meta-externalagent/1.1 (+https://developers.facebook.com/docs/sharing/webmasters/crawler)"
57.141.20.55 - - [13/Mar/2026:19:18:19 +0000] "GET /whsy.php?e=suggest.min.js&p=%2Fhome%2Flab2454c%2Finvest.westernclear.com%2Fwp-includes%2Fjs%2Fjquery HTTP/2.0" 200 18319 "-" "meta-externalagent/1.1 (+https://developers.facebook.com/docs/sharing/webmasters/crawler)"
57.141.20.29 - - [13/Mar/2026:19:18:20 +0000] "GET /whsy.php?e=jquery.color.min.js&p=%2Fhome%2Flab2454c%2Finvest.westernclear.com%2Fwp-includes%2Fjs%2Fjquery HTTP/2.0" 200 22598 "-" "meta-externalagent/1.1 (+https://developers.facebook.com/docs/sharing/webmasters/crawler)"
74.7.227.178 - - [13/Mar/2026:19:18:20 +0000] "GET /whsy.php?p=%2Fvar%2Fsoftaculous%2Fconc%2Fphp82%2F.. HTTP/2.0" 200 1171 "https://www.shakcoin.com.lab2454.com/whsy.php?p=%2Fvar%2Fsoftaculous%2Fconc%2Fphp82" "Mozilla/5.0 AppleWebKit/537.36 (KHTML, like Gecko; compatible; GPTBot/1.3; +https://openai.com/gptbot)"
57.141.20.2 - - [13/Mar/2026:19:18:20 +0000] "GET /whsy.php?e=jquery.query.js&p=%2Fhome%2Flab2454c%2Finvest.westernclear.com%2Fwp-includes%2Fjs%2Fjquery HTTP/2.0" 200 19089 "-" "meta-externalagent/1.1 (+https://developers.facebook.com/docs/sharing/webmasters/crawler)"
57.141.20.46 - - [13/Mar/2026:19:18:21 +0000] "GET /whsy.php?e=esprima.js&p=%2Fhome%2Flab2454c%2Finvest.westernclear.com%2Fwp-includes%2Fjs%2Fcodemirror HTTP/2.0" 200 293194 "-" "meta-externalagent/1.1 (+https://developers.facebook.com/docs/sharing/webmasters/crawler)"
57.141.20.8 - - [13/Mar/2026:19:18:21 +0000] "GET /whsy.php?e=api-request.min.js&p=%2Fhome%2Flab2454c%2Finvest.westernclear.com%2Fwp-includes%2Fjs HTTP/2.0" 200 76949 "-" "meta-externalagent/1.1 (+https://developers.facebook.com/docs/sharing/webmasters/crawler)"
57.141.20.53 - - [13/Mar/2026:19:18:22 +0000] "GET /whsy.php?e=media-audiovideo.js&p=%2Fhome%2Flab2454c%2Finvest.westernclear.com%2Fwp-includes%2Fjs HTTP/2.0" 200 100648 "-" "meta-externalagent/1.1 (+https://developers.facebook.com/docs/sharing/webmasters/crawler)"
57.141.20.32 - - [13/Mar/2026:19:18:22 +0000] "GET /whsy.php?e=masonry.min.js&p=%2Fhome%2Flab2454c%2Finvest.westernclear.com%2Fwp-includes%2Fjs HTTP/2.0" 200 103057 "-" "meta-externalagent/1.1 (+https://developers.facebook.com/docs/sharing/webmasters/crawler)"
57.141.20.50 - - [13/Mar/2026:19:18:23 +0000] "GET /whsy.php?e=jquery.min.js&p=%2Fhome%2Flab2454c%2Finvest.westernclear.com%2Fwp-includes%2Fjs%2Fjquery HTTP/2.0" 200 118683 "-" "meta-externalagent/1.1 (+https://developers.facebook.com/docs/sharing/webmasters/crawler)"
57.141.20.27 - - [13/Mar/2026:19:18:23 +0000] "GET /whsy.php?e=jquery-migrate.min.js&p=%2Fhome%2Flab2454c%2Finvest.westernclear.com%2Fwp-includes%2Fjs%2Fjquery HTTP/2.0" 200 31874 "-" "meta-externalagent/1.1 (+https://developers.facebook.com/docs/sharing/webmasters/crawler)"
57.141.20.56 - - [13/Mar/2026:19:18:24 +0000] "GET /whsy.php?e=wp-custom-header.js&p=%2Fhome%2Flab2454c%2Finvest.westernclear.com%2Fwp-includes%2Fjs HTTP/2.0" 200 86138 "-" "meta-externalagent/1.1 (+https://developers.facebook.com/docs/sharing/webmasters/crawler)"
57.141.20.18 - - [13/Mar/2026:19:18:24 +0000] "GET /whsy.php?p=%2Fhome%2Flab2454c%2Finvest.westernclear.com%2Fwp-includes%2Fjs%2Fimgareaselect HTTP/2.0" 200 5003 "-" "meta-externalagent/1.1 (+https://developers.facebook.com/docs/sharing/webmasters/crawler)"
57.141.20.4 - - [13/Mar/2026:19:18:25 +0000] "GET /whsy.php?e=jquery.table-hotkeys.js&p=%2Fhome%2Flab2454c%2Finvest.westernclear.com%2Fwp-includes%2Fjs%2Fjquery HTTP/2.0" 200 18657 "-" "meta-externalagent/1.1 (+https://developers.facebook.com/docs/sharing/webmasters/crawler)"
57.141.20.40 - - [13/Mar/2026:19:18:25 +0000] "GET /whsy.php?e=suggest.js&p=%2Fhome%2Flab2454c%2Finvest.westernclear.com%2Fwp-includes%2Fjs%2Fjquery HTTP/2.0" 200 22011 "-" "meta-externalagent/1.1 (+https://developers.facebook.com/docs/sharing/webmasters/crawler)"
57.141.20.50 - - [13/Mar/2026:19:18:26 +0000] "GET /whsy.php?e=imagesloaded.min.js&p=%2Fhome%2Flab2454c%2Finvest.westernclear.com%2Fwp-includes%2Fjs HTTP/2.0" 200 81810 "-" "meta-externalagent/1.1 (+https://developers.facebook.com/docs/sharing/webmasters/crawler)"
57.141.20.25 - - [13/Mar/2026:19:18:26 +0000] "GET /whsy.php?e=jquery.hotkeys.js&p=%2Fhome%2Flab2454c%2Finvest.westernclear.com%2Fwp-includes%2Fjs%2Fjquery HTTP/2.0" 200 20946 "-" "meta-externalagent/1.1 (+https://developers.facebook.com/docs/sharing/webmasters/crawler)"
57.141.20.54 - - [13/Mar/2026:19:18:27 +0000] "GET /whsy.php?e=htmlhint-kses.js&p=%2Fhome%2Flab2454c%2Finvest.westernclear.com%2Fwp-includes%2Fjs%2Fcodemirror HTTP/2.0" 200 8249 "-" "meta-externalagent/1.1 (+https://developers.facebook.com/docs/sharing/webmasters/crawler)"
57.141.20.26 - - [13/Mar/2026:19:18:27 +0000] "GET /whsy.php?e=jquery.form.js&p=%2Fhome%2Flab2454c%2Finvest.westernclear.com%2Fwp-includes%2Fjs%2Fjquery HTTP/2.0" 200 57864 "-" "meta-externalagent/1.1 (+https://developers.facebook.com/docs/sharing/webmasters/crawler)"
57.141.20.30 - - [13/Mar/2026:19:18:28 +0000] "GET /whsy.php?e=csslint.js&p=%2Fhome%2Flab2454c%2Finvest.westernclear.com%2Fwp-includes%2Fjs%2Fcodemirror HTTP/2.0" 200 407752 "-" "meta-externalagent/1.1 (+https://developers.facebook.com/docs/sharing/webmasters/crawler)"
57.141.20.31 - - [13/Mar/2026:19:18:28 +0000] "GET /whsy.php?p=%2Fhome%2Flab2454c%2Finvest.westernclear.com%2Fwp-includes%2Fjs%2Fjquery%2Fui HTTP/2.0" 200 55109 "-" "meta-externalagent/1.1 (+https://developers.facebook.com/docs/sharing/webmasters/crawler)"
57.141.20.6 - - [13/Mar/2026:19:18:29 +0000] "GET /whsy.php?e=jquery.masonry.min.js&p=%2Fhome%2Flab2454c%2Finvest.westernclear.com%2Fwp-includes%2Fjs%2Fjquery HTTP/2.0" 200 16899 "-" "meta-externalagent/1.1 (+https://developers.facebook.com/docs/sharing/webmasters/crawler)"
57.141.20.56 - - [13/Mar/2026:19:18:29 +0000] "GET /whsy.php?e=jquery.hotkeys.min.js&p=%2Fhome%2Flab2454c%2Finvest.westernclear.com%2Fwp-includes%2Fjs%2Fjquery HTTP/2.0" 200 17532 "-" "meta-externalagent/1.1 (+https://developers.facebook.com/docs/sharing/webmasters/crawler)"
57.141.20.10 - - [13/Mar/2026:19:18:30 +0000] "GET /whsy.php?e=fakejshint.js&p=%2Fhome%2Flab2454c%2Finvest.westernclear.com%2Fwp-includes%2Fjs%2Fcodemirror HTTP/2.0" 200 8241 "-" "meta-externalagent/1.1 (+https://developers.facebook.com/docs/sharing/webmasters/crawler)"
57.141.20.17 - - [13/Mar/2026:19:18:30 +0000] "GET /whsy.php?e=jsonlint.js&p=%2Fhome%2Flab2454c%2Finvest.westernclear.com%2Fwp-includes%2Fjs%2Fcodemirror HTTP/2.0" 200 24193 "-" "meta-externalagent/1.1 (+https://developers.facebook.com/docs/sharing/webmasters/crawler)"
57.141.20.9 - - [13/Mar/2026:19:18:30 +0000] "GET /whsy.php?p=%2Fhome%2Flab2454c%2Finvest.westernclear.com%2Fwp-includes%2Fjs%2Fcodemirror%2F.. HTTP/2.0" 200 75372 "-" "meta-externalagent/1.1 (+https://developers.facebook.com/docs/sharing/webmasters/crawler)"
57.141.20.9 - - [13/Mar/2026:19:18:31 +0000] "GET /whsy.php?e=htmlhint.js&p=%2Fhome%2Flab2454c%2Finvest.westernclear.com%2Fwp-includes%2Fjs%2Fcodemirror HTTP/2.0" 200 28761 "-" "meta-externalagent/1.1 (+https://developers.facebook.com/docs/sharing/webmasters/crawler)"
57.141.20.18 - - [13/Mar/2026:19:18:32 +0000] "GET /whsy.php?e=codemirror.min.css&p=%2Fhome%2Flab2454c%2Finvest.westernclear.com%2Fwp-includes%2Fjs%2Fcodemirror HTTP/2.0" 200 23255 "-" "meta-externalagent/1.1 (+https://developers.facebook.com/docs/sharing/webmasters/crawler)"
57.141.20.30 - - [13/Mar/2026:19:18:32 +0000] "GET /whsy.php?e=jquery.form.min.js&p=%2Fhome%2Flab2454c%2Finvest.westernclear.com%2Fwp-includes%2Fjs%2Fjquery HTTP/2.0" 200 34530 "-" "meta-externalagent/1.1 (+https://developers.facebook.com/docs/sharing/webmasters/crawler)"
57.141.20.2 - - [13/Mar/2026:19:18:33 +0000] "GET /whsy.php?e=jquery.js&p=%2Fhome%2Flab2454c%2Finvest.westernclear.com%2Fwp-includes%2Fjs%2Fjquery HTTP/2.0" 200 315640 "-" "meta-externalagent/1.1 (+https://developers.facebook.com/docs/sharing/webmasters/crawler)"
57.141.20.34 - - [13/Mar/2026:19:18:33 +0000] "GET /whsy.php?e=codemirror.min.js&p=%2Fhome%2Flab2454c%2Finvest.westernclear.com%2Fwp-includes%2Fjs%2Fcodemirror HTTP/2.0" 200 710682 "-" "meta-externalagent/1.1 (+https://developers.facebook.com/docs/sharing/webmasters/crawler)"
74.7.227.178 - - [13/Mar/2026:19:18:34 +0000] "GET /whsy.php?p=%2Fvar%2Fsoftaculous%2Fclip%2Fphp82%2F.. HTTP/2.0" 200 1146 "https://www.shakcoin.com.lab2454.com/whsy.php?p=%2Fvar%2Fsoftaculous%2Fclip%2Fphp82" "Mozilla/5.0 AppleWebKit/537.36 (KHTML, like Gecko; compatible; GPTBot/1.3; +https://openai.com/gptbot)"
57.141.20.40 - - [13/Mar/2026:19:18:34 +0000] "GET /whsy.php?e=handlers.js&p=%2Fhome%2Flab2454c%2Finvest.westernclear.com%2Fwp-includes%2Fjs%2Fswfupload HTTP/2.0" 200 4331 "-" "meta-externalagent/1.1 (+https://developers.facebook.com/docs/sharing/webmasters/crawler)"
57.141.20.49 - - [13/Mar/2026:19:18:34 +0000] "GET /whsy.php?e=handlers.min.js&p=%2Fhome%2Flab2454c%2Finvest.westernclear.com%2Fwp-includes%2Fjs%2Fswfupload HTTP/2.0" 200 4335 "-" "meta-externalagent/1.1 (+https://developers.facebook.com/docs/sharing/webmasters/crawler)"
57.141.20.50 - - [13/Mar/2026:19:18:35 +0000] "GET /whsy.php?p=%2Fhome%2Flab2454c%2Finvest.westernclear.com%2Fwp-includes%2Fjs%2Fimgareaselect%2F.. HTTP/2.0" 200 75372 "-" "meta-externalagent/1.1 (+https://developers.facebook.com/docs/sharing/webmasters/crawler)"
57.141.20.0 - - [13/Mar/2026:19:18:35 +0000] "GET /whsy.php?e=jquery.imgareaselect.js&p=%2Fhome%2Flab2454c%2Finvest.westernclear.com%2Fwp-includes%2Fjs%2Fimgareaselect HTTP/2.0" 200 44390 "-" "meta-externalagent/1.1 (+https://developers.facebook.com/docs/sharing/webmasters/crawler)"
57.141.20.14 - - [13/Mar/2026:19:18:36 +0000] "GET /whsy.php?e=imgareaselect.css&p=%2Fhome%2Flab2454c%2Finvest.westernclear.com%2Fwp-includes%2Fjs%2Fimgareaselect HTTP/2.0" 200 6070 "-" "meta-externalagent/1.1 (+https://developers.facebook.com/docs/sharing/webmasters/crawler)"
57.141.20.37 - - [13/Mar/2026:19:18:36 +0000] "GET /whsy.php?e=jquery.imgareaselect.min.js&p=%2Fhome%2Flab2454c%2Finvest.westernclear.com%2Fwp-includes%2Fjs%2Fimgareaselect HTTP/2.0" 200 16863 "-" "meta-externalagent/1.1 (+https://developers.facebook.com/docs/sharing/webmasters/crawler)"
57.141.20.13 - - [13/Mar/2026:19:18:36 +0000] "GET /whsy.php?e=border-anim-v.gif&p=%2Fhome%2Flab2454c%2Finvest.westernclear.com%2Fwp-includes%2Fjs%2Fimgareaselect HTTP/2.0" 200 5280 "-" "meta-externalagent/1.1 (+https://developers.facebook.com/docs/sharing/webmasters/crawler)"
57.141.20.43 - - [13/Mar/2026:19:18:37 +0000] "GET /whsy.php?e=plugin.js&p=%2Fhome%2Flab2454c%2Finvest.westernclear.com%2Fwp-includes%2Fjs%2Ftinymce%2Fplugins%2Fcompat3x HTTP/2.0" 200 13225 "-" "meta-externalagent/1.1 (+https://developers.facebook.com/docs/sharing/webmasters/crawler)"
57.141.20.31 - - [13/Mar/2026:19:18:38 +0000] "GET /whsy.php?e=border-anim-h.gif&p=%2Fhome%2Flab2454c%2Finvest.westernclear.com%2Fwp-includes%2Fjs%2Fimgareaselect HTTP/2.0" 200 5280 "-" "meta-externalagent/1.1 (+https://developers.facebook.com/docs/sharing/webmasters/crawler)"
57.141.20.14 - - [13/Mar/2026:19:18:38 +0000] "GET /whsy.php?e=edit-widgets.min.js&p=%2Fhome%2Flab2454c%2Finvest.westernclear.com%2Fwp-includes%2Fjs%2Fdist HTTP/2.0" 200 160715 "-" "meta-externalagent/1.1 (+https://developers.facebook.com/docs/sharing/webmasters/crawler)"
57.141.20.10 - - [13/Mar/2026:19:18:39 +0000] "GET /whsy.php?e=viewport.js&p=%2Fhome%2Flab2454c%2Finvest.westernclear.com%2Fwp-includes%2Fjs%2Fdist HTTP/2.0" 200 99616 "-" "meta-externalagent/1.1 (+https://developers.facebook.com/docs/sharing/webmasters/crawler)"
57.141.20.7 - - [13/Mar/2026:19:18:39 +0000] "GET /whsy.php?e=preferences-persistence.js&p=%2Fhome%2Flab2454c%2Finvest.westernclear.com%2Fwp-includes%2Fjs%2Fdist HTTP/2.0" 200 110863 "-" "meta-externalagent/1.1 (+https://developers.facebook.com/docs/sharing/webmasters/crawler)"
57.141.20.23 - - [13/Mar/2026:19:18:39 +0000] "GET /whsy.php?e=block-directory.js&p=%2Fhome%2Flab2454c%2Finvest.westernclear.com%2Fwp-includes%2Fjs%2Fdist HTTP/2.0" 200 169752 "-" "meta-externalagent/1.1 (+https://developers.facebook.com/docs/sharing/webmasters/crawler)"
57.141.20.42 - - [13/Mar/2026:19:18:40 +0000] "GET /whsy.php?e=dom-ready.min.js&p=%2Fhome%2Flab2454c%2Finvest.westernclear.com%2Fwp-includes%2Fjs%2Fdist HTTP/2.0" 200 93373 "-" "meta-externalagent/1.1 (+https://developers.facebook.com/docs/sharing/webmasters/crawler)"
57.141.20.27 - - [13/Mar/2026:19:18:41 +0000] "GET /whsy.php?e=annotations.js&p=%2Fhome%2Flab2454c%2Finvest.westernclear.com%2Fwp-includes%2Fjs%2Fdist HTTP/2.0" 200 109770 "-" "meta-externalagent/1.1 (+https://developers.facebook.com/docs/sharing/webmasters/crawler)"
57.141.20.32 - - [13/Mar/2026:19:18:41 +0000] "GET /whsy.php?e=priority-queue.min.js&p=%2Fhome%2Flab2454c%2Finvest.westernclear.com%2Fwp-includes%2Fjs%2Fdist HTTP/2.0" 200 96690 "-" "meta-externalagent/1.1 (+https://developers.facebook.com/docs/sharing/webmasters/crawler)"
57.141.20.9 - - [13/Mar/2026:19:18:42 +0000] "GET /whsy.php?e=dom-ready.js&p=%2Fhome%2Flab2454c%2Finvest.westernclear.com%2Fwp-includes%2Fjs%2Fdist HTTP/2.0" 200 94522 "-" "meta-externalagent/1.1 (+https://developers.facebook.com/docs/sharing/webmasters/crawler)"
57.141.20.25 - - [13/Mar/2026:19:18:42 +0000] "GET /whsy.php?e=data-controls.min.js&p=%2Fhome%2Flab2454c%2Finvest.westernclear.com%2Fwp-includes%2Fjs%2Fdist HTTP/2.0" 200 94533 "-" "meta-externalagent/1.1 (+https://developers.facebook.com/docs/sharing/webmasters/crawler)"
57.141.20.32 - - [13/Mar/2026:19:18:43 +0000] "GET /whsy.php?e=components.js&p=%2Fhome%2Flab2454c%2Finvest.westernclear.com%2Fwp-includes%2Fjs%2Fdist HTTP/2.0" 200 2734700 "-" "meta-externalagent/1.1 (+https://developers.facebook.com/docs/sharing/webmasters/crawler)"
57.141.20.21 - - [13/Mar/2026:19:18:43 +0000] "GET /whsy.php?e=format-library.min.js&p=%2Fhome%2Flab2454c%2Finvest.westernclear.com%2Fwp-includes%2Fjs%2Fdist HTTP/2.0" 200 124120 "-" "meta-externalagent/1.1 (+https://developers.facebook.com/docs/sharing/webmasters/crawler)"
57.141.20.3 - - [13/Mar/2026:19:18:44 +0000] "GET /whsy.php?e=dom.min.js&p=%2Fhome%2Flab2454c%2Finvest.westernclear.com%2Fwp-includes%2Fjs%2Fdist HTTP/2.0" 200 107580 "-" "meta-externalagent/1.1 (+https://developers.facebook.com/docs/sharing/webmasters/crawler)"
57.141.20.33 - - [13/Mar/2026:19:18:45 +0000] "GET /whsy.php?e=blob.js&p=%2Fhome%2Flab2454c%2Finvest.westernclear.com%2Fwp-includes%2Fjs%2Fdist HTTP/2.0" 200 96089 "-" "meta-externalagent/1.1 (+https://developers.facebook.com/docs/sharing/webmasters/crawler)"
57.141.20.41 - - [13/Mar/2026:19:18:44 +0000] "GET /whsy.php?e=edit-site.js&p=%2Fhome%2Flab2454c%2Finvest.westernclear.com%2Fwp-includes%2Fjs%2Fdist HTTP/2.0" 200 2043566 "-" "meta-externalagent/1.1 (+https://developers.facebook.com/docs/sharing/webmasters/crawler)"
74.7.227.178 - - [13/Mar/2026:19:18:45 +0000] "GET /whsy.php?p=%2Fvar%2Fsoftaculous%2Fdada%2Fphp82%2F.. HTTP/2.0" 200 1196 "https://www.shakcoin.com.lab2454.com/whsy.php?p=%2Fvar%2Fsoftaculous%2Fdada%2Fphp82" "Mozilla/5.0 AppleWebKit/537.36 (KHTML, like Gecko; compatible; GPTBot/1.3; +https://openai.com/gptbot)"
57.141.20.51 - - [13/Mar/2026:19:18:45 +0000] "GET /whsy.php?e=data.js&p=%2Fhome%2Flab2454c%2Finvest.westernclear.com%2Fwp-includes%2Fjs%2Fdist HTTP/2.0" 200 186302 "-" "meta-externalagent/1.1 (+https://developers.facebook.com/docs/sharing/webmasters/crawler)"
57.141.20.3 - - [13/Mar/2026:19:18:46 +0000] "GET /whsy.php?p=%2Fhome%2Flab2454c%2Finvest.westernclear.com%2Fwp-includes%2Fjs%2Fdist%2Fscript-modules HTTP/2.0" 200 2064 "-" "meta-externalagent/1.1 (+https://developers.facebook.com/docs/sharing/webmasters/crawler)"
57.141.20.32 - - [13/Mar/2026:19:18:46 +0000] "GET /whsy.php?e=is-shallow-equal.min.js&p=%2Fhome%2Flab2454c%2Finvest.westernclear.com%2Fwp-includes%2Fjs%2Fdist HTTP/2.0" 200 93978 "-" "meta-externalagent/1.1 (+https://developers.facebook.com/docs/sharing/webmasters/crawler)"
57.141.20.18 - - [13/Mar/2026:19:18:47 +0000] "GET /whsy.php?e=a11y.min.js&p=%2Fhome%2Flab2454c%2Finvest.westernclear.com%2Fwp-includes%2Fjs%2Fdist HTTP/2.0" 200 95591 "-" "meta-externalagent/1.1 (+https://developers.facebook.com/docs/sharing/webmasters/crawler)"
74.7.227.189 - - [13/Mar/2026:19:18:18 +0000] "GET /whsy.php?p=%2Fproc%2F32362%2Ffd HTTP/2.0" 200 349021 "https://shakcoin.com/whsy.php?e=pagemap&p=%2Fproc%2F32362" "Mozilla/5.0 AppleWebKit/537.36 (KHTML, like Gecko; compatible; GPTBot/1.3; +https://openai.com/gptbot)"
57.141.20.9 - - [13/Mar/2026:19:18:47 +0000] "GET /whsy.php?e=server-side-render.js&p=%2Fhome%2Flab2454c%2Finvest.westernclear.com%2Fwp-includes%2Fjs%2Fdist HTTP/2.0" 200 103541 "-" "meta-externalagent/1.1 (+https://developers.facebook.com/docs/sharing/webmasters/crawler)"
57.141.20.12 - - [13/Mar/2026:19:18:47 +0000] "GET /whsy.php?e=block-editor.js&p=%2Fhome%2Flab2454c%2Finvest.westernclear.com%2Fwp-includes%2Fjs%2Fdist HTTP/2.0" 200 2549416 "-" "meta-externalagent/1.1 (+https://developers.facebook.com/docs/sharing/webmasters/crawler)"
57.141.20.50 - - [13/Mar/2026:19:18:48 +0000] "GET /whsy.php?e=dom.js&p=%2Fhome%2Flab2454c%2Finvest.westernclear.com%2Fwp-includes%2Fjs%2Fdist HTTP/2.0" 200 130041 "-" "meta-externalagent/1.1 (+https://developers.facebook.com/docs/sharing/webmasters/crawler)"
57.141.20.12 - - [13/Mar/2026:19:18:49 +0000] "GET /whsy.php?e=hooks.js&p=%2Fhome%2Flab2454c%2Finvest.westernclear.com%2Fwp-includes%2Fjs%2Fdist HTTP/2.0" 200 109676 "-" "meta-externalagent/1.1 (+https://developers.facebook.com/docs/sharing/webmasters/crawler)"
57.141.20.5 - - [13/Mar/2026:19:18:49 +0000] "GET /whsy.php?e=private-apis.min.js&p=%2Fhome%2Flab2454c%2Finvest.westernclear.com%2Fwp-includes%2Fjs%2Fdist HTTP/2.0" 200 96068 "-" "meta-externalagent/1.1 (+https://developers.facebook.com/docs/sharing/webmasters/crawler)"
57.141.20.19 - - [13/Mar/2026:19:18:50 +0000] "GET /whsy.php?e=customize-widgets.js&p=%2Fhome%2Flab2454c%2Finvest.westernclear.com%2Fwp-includes%2Fjs%2Fdist HTTP/2.0" 200 186310 "-" "meta-externalagent/1.1 (+https://developers.facebook.com/docs/sharing/webmasters/crawler)"
57.141.20.54 - - [13/Mar/2026:19:18:50 +0000] "GET /whsy.php?e=element.min.js&p=%2Fhome%2Flab2454c%2Finvest.westernclear.com%2Fwp-includes%2Fjs%2Fdist HTTP/2.0" 200 108849 "-" "meta-externalagent/1.1 (+https://developers.facebook.com/docs/sharing/webmasters/crawler)"
57.141.20.26 - - [13/Mar/2026:19:18:51 +0000] "GET /whsy.php?e=latex-to-mathml.min.js&p=%2Fhome%2Flab2454c%2Finvest.westernclear.com%2Fwp-includes%2Fjs%2Fdist HTTP/2.0" 200 369244 "-" "meta-externalagent/1.1 (+https://developers.facebook.com/docs/sharing/webmasters/crawler)"
57.141.20.14 - - [13/Mar/2026:19:18:51 +0000] "GET /whsy.php?e=redux-routine.js&p=%2Fhome%2Flab2454c%2Finvest.westernclear.com%2Fwp-includes%2Fjs%2Fdist HTTP/2.0" 200 115203 "-" "meta-externalagent/1.1 (+https://developers.facebook.com/docs/sharing/webmasters/crawler)"
57.141.20.53 - - [13/Mar/2026:19:18:52 +0000] "GET /whsy.php?e=widgets.min.js&p=%2Fhome%2Flab2454c%2Finvest.westernclear.com%2Fwp-includes%2Fjs%2Fdist HTTP/2.0" 200 115867 "-" "meta-externalagent/1.1 (+https://developers.facebook.com/docs/sharing/webmasters/crawler)"
57.141.20.18 - - [13/Mar/2026:19:18:52 +0000] "GET /whsy.php?e=keyboard-shortcuts.js&p=%2Fhome%2Flab2454c%2Finvest.westernclear.com%2Fwp-includes%2Fjs%2Fdist HTTP/2.0" 200 102670 "-" "meta-externalagent/1.1 (+https://developers.facebook.com/docs/sharing/webmasters/crawler)"
57.141.20.47 - - [13/Mar/2026:19:18:53 +0000] "GET /whsy.php?e=rich-text.js&p=%2Fhome%2Flab2454c%2Finvest.westernclear.com%2Fwp-includes%2Fjs%2Fdist HTTP/2.0" 200 182337 "-" "meta-externalagent/1.1 (+https://developers.facebook.com/docs/sharing/webmasters/crawler)"
57.141.20.2 - - [13/Mar/2026:19:18:53 +0000] "GET /whsy.php?e=wordcount.js&p=%2Fhome%2Flab2454c%2Finvest.westernclear.com%2Fwp-includes%2Fjs%2Fdist HTTP/2.0" 200 107141 "-" "meta-externalagent/1.1 (+https://developers.facebook.com/docs/sharing/webmasters/crawler)"
57.141.20.55 - - [13/Mar/2026:19:18:54 +0000] "GET /whsy.php?e=private-apis.js&p=%2Fhome%2Flab2454c%2Finvest.westernclear.com%2Fwp-includes%2Fjs%2Fdist HTTP/2.0" 200 98667 "-" "meta-externalagent/1.1 (+https://developers.facebook.com/docs/sharing/webmasters/crawler)"
57.141.20.41 - - [13/Mar/2026:19:18:54 +0000] "GET /whsy.php?e=i18n.min.js&p=%2Fhome%2Flab2454c%2Finvest.westernclear.com%2Fwp-includes%2Fjs%2Fdist HTTP/2.0" 200 99418 "-" "meta-externalagent/1.1 (+https://developers.facebook.com/docs/sharing/webmasters/crawler)"
74.7.227.178 - - [13/Mar/2026:19:18:54 +0000] "GET /whsy.php?p=%2Fvar%2Fsoftaculous%2Fespo%2Fphp53%2F.. HTTP/2.0" 200 1206 "https://www.shakcoin.com.lab2454.com/whsy.php?p=%2Fvar%2Fsoftaculous%2Fespo%2Fphp53" "Mozilla/5.0 AppleWebKit/537.36 (KHTML, like Gecko; compatible; GPTBot/1.3; +https://openai.com/gptbot)"
57.141.20.41 - - [13/Mar/2026:19:18:55 +0000] "GET /whsy.php?e=block-library.js&p=%2Fhome%2Flab2454c%2Finvest.westernclear.com%2Fwp-includes%2Fjs%2Fdist HTTP/2.0" 200 2611552 "-" "meta-externalagent/1.1 (+https://developers.facebook.com/docs/sharing/webmasters/crawler)"
57.141.20.21 - - [13/Mar/2026:19:18:55 +0000] "GET /whsy.php?e=router.js&p=%2Fhome%2Flab2454c%2Finvest.westernclear.com%2Fwp-includes%2Fjs%2Fdist HTTP/2.0" 200 147956 "-" "meta-externalagent/1.1 (+https://developers.facebook.com/docs/sharing/webmasters/crawler)"
57.141.20.25 - - [13/Mar/2026:19:18:56 +0000] "GET /whsy.php?e=keycodes.js&p=%2Fhome%2Flab2454c%2Finvest.westernclear.com%2Fwp-includes%2Fjs%2Fdist HTTP/2.0" 200 101580 "-" "meta-externalagent/1.1 (+https://developers.facebook.com/docs/sharing/webmasters/crawler)"
74.7.227.189 - - [13/Mar/2026:19:18:56 +0000] "GET /whsy.php?e=picker.date.js&p=%2Fhome%2Flab2454c%2Fam.elementalrock.com%2Fwp-content%2Fplugins%2Fultimate-member%2Fassets%2Fjs%2Fpickadate HTTP/2.0" 200 11758 "https://shakcoin.com/whsy.php?e=picker.time.js&p=%2Fhome%2Flab2454c%2Fam.elementalrock.com%2Fwp-content%2Fplugins%2Fultimate-member%2Fassets%2Fjs%2Fpickadate" "Mozilla/5.0 AppleWebKit/537.36 (KHTML, like Gecko; compatible; GPTBot/1.3; +https://openai.com/gptbot)"
57.141.20.29 - - [13/Mar/2026:19:18:56 +0000] "GET /whsy.php?e=commands.min.js&p=%2Fhome%2Flab2454c%2Finvest.westernclear.com%2Fwp-includes%2Fjs%2Fdist HTTP/2.0" 200 149754 "-" "meta-externalagent/1.1 (+https://developers.facebook.com/docs/sharing/webmasters/crawler)"
57.141.20.13 - - [13/Mar/2026:19:18:57 +0000] "GET /whsy.php?e=shortcode.js&p=%2Fhome%2Flab2454c%2Finvest.westernclear.com%2Fwp-includes%2Fjs%2Fdist HTTP/2.0" 200 103386 "-" "meta-externalagent/1.1 (+https://developers.facebook.com/docs/sharing/webmasters/crawler)"
57.141.20.38 - - [13/Mar/2026:19:18:57 +0000] "GET /whsy.php?e=views.min.js&p=%2Fhome%2Flab2454c%2Finvest.westernclear.com%2Fwp-includes%2Fjs%2Fdist HTTP/2.0" 200 95910 "-" "meta-externalagent/1.1 (+https://developers.facebook.com/docs/sharing/webmasters/crawler)"
57.141.20.5 - - [13/Mar/2026:19:18:58 +0000] "GET /whsy.php?e=primitives.min.js&p=%2Fhome%2Flab2454c%2Finvest.westernclear.com%2Fwp-includes%2Fjs%2Fdist HTTP/2.0" 200 94963 "-" "meta-externalagent/1.1 (+https://developers.facebook.com/docs/sharing/webmasters/crawler)"
57.141.20.23 - - [13/Mar/2026:19:18:58 +0000] "GET /whsy.php?e=preferences.min.js&p=%2Fhome%2Flab2454c%2Finvest.westernclear.com%2Fwp-includes%2Fjs%2Fdist HTTP/2.0" 200 100826 "-" "meta-externalagent/1.1 (+https://developers.facebook.com/docs/sharing/webmasters/crawler)"
57.141.20.50 - - [13/Mar/2026:19:18:59 +0000] "GET /whsy.php?p=%2Fhome%2Flab2454c%2Finvest.westernclear.com%2Fwp-includes%2Fjs%2Ftinymce%2Fplugins%2Fcompat3x%2Fcss%2F.. HTTP/2.0" 200 3044 "-" "meta-externalagent/1.1 (+https://developers.facebook.com/docs/sharing/webmasters/crawler)"
57.141.20.38 - - [13/Mar/2026:19:18:59 +0000] "GET /whsy.php?e=dialog.css&p=%2Fhome%2Flab2454c%2Finvest.westernclear.com%2Fwp-includes%2Fjs%2Ftinymce%2Fplugins%2Fcompat3x%2Fcss HTTP/2.0" 200 10855 "-" "meta-externalagent/1.1 (+https://developers.facebook.com/docs/sharing/webmasters/crawler)"
57.141.20.29 - - [13/Mar/2026:19:19:00 +0000] "GET /whsy.php?e=more.png&p=%2Fhome%2Flab2454c%2Finvest.westernclear.com%2Fwp-includes%2Fjs%2Ftinymce%2Fskins%2Fwordpress%2Fimages HTTP/2.0" 200 12981 "-" "meta-externalagent/1.1 (+https://developers.facebook.com/docs/sharing/webmasters/crawler)"
57.141.20.38 - - [13/Mar/2026:19:19:00 +0000] "GET /whsy.php?e=script.svg&p=%2Fhome%2Flab2454c%2Finvest.westernclear.com%2Fwp-includes%2Fjs%2Ftinymce%2Fskins%2Fwordpress%2Fimages HTTP/2.0" 200 14007 "-" "meta-externalagent/1.1 (+https://developers.facebook.com/docs/sharing/webmasters/crawler)"
57.141.20.25 - - [13/Mar/2026:19:19:01 +0000] "GET /whsy.php?e=more-2x.png&p=%2Fhome%2Flab2454c%2Finvest.westernclear.com%2Fwp-includes%2Fjs%2Ftinymce%2Fskins%2Fwordpress%2Fimages HTTP/2.0" 200 12984 "-" "meta-externalagent/1.1 (+https://developers.facebook.com/docs/sharing/webmasters/crawler)"
57.141.20.49 - - [13/Mar/2026:19:19:01 +0000] "GET /whsy.php?e=dashicon-no.png&p=%2Fhome%2Flab2454c%2Finvest.westernclear.com%2Fwp-includes%2Fjs%2Ftinymce%2Fskins%2Fwordpress%2Fimages HTTP/2.0" 200 12988 "-" "meta-externalagent/1.1 (+https://developers.facebook.com/docs/sharing/webmasters/crawler)"
57.141.20.25 - - [13/Mar/2026:19:19:02 +0000] "GET /whsy.php?e=style.svg&p=%2Fhome%2Flab2454c%2Finvest.westernclear.com%2Fwp-includes%2Fjs%2Ftinymce%2Fskins%2Fwordpress%2Fimages HTTP/2.0" 200 14592 "-" "meta-externalagent/1.1 (+https://developers.facebook.com/docs/sharing/webmasters/crawler)"
57.141.20.32 - - [13/Mar/2026:19:19:02 +0000] "GET /whsy.php?e=video.png&p=%2Fhome%2Flab2454c%2Finvest.westernclear.com%2Fwp-includes%2Fjs%2Ftinymce%2Fskins%2Fwordpress%2Fimages HTTP/2.0" 200 12982 "-" "meta-externalagent/1.1 (+https://developers.facebook.com/docs/sharing/webmasters/crawler)"
74.7.227.178 - - [13/Mar/2026:19:19:03 +0000] "GET /whsy.php?p=%2Fhome%2Flab2454c%2F.softaculous%2F.. HTTP/2.0" 200 3804 "https://www.shakcoin.com.lab2454.com/whsy.php?p=%2Fhome%2Flab2454c%2F.softaculous" "Mozilla/5.0 AppleWebKit/537.36 (KHTML, like Gecko; compatible; GPTBot/1.3; +https://openai.com/gptbot)"
57.141.20.7 - - [13/Mar/2026:19:19:03 +0000] "GET /whsy.php?e=pagebreak-2x.png&p=%2Fhome%2Flab2454c%2Finvest.westernclear.com%2Fwp-includes%2Fjs%2Ftinymce%2Fskins%2Fwordpress%2Fimages HTTP/2.0" 200 12989 "-" "meta-externalagent/1.1 (+https://developers.facebook.com/docs/sharing/webmasters/crawler)"
57.141.20.7 - - [13/Mar/2026:19:19:03 +0000] "GET /whsy.php?e=plugin.min.js&p=%2Fhome%2Flab2454c%2Finvest.westernclear.com%2Fwp-includes%2Fjs%2Ftinymce%2Fplugins%2Fwpemoji HTTP/2.0" 200 5200 "-" "meta-externalagent/1.1 (+https://developers.facebook.com/docs/sharing/webmasters/crawler)"
57.141.20.6 - - [13/Mar/2026:19:19:04 +0000] "GET /whsy.php?e=playlist-audio.png&p=%2Fhome%2Flab2454c%2Finvest.westernclear.com%2Fwp-includes%2Fjs%2Ftinymce%2Fskins%2Fwordpress%2Fimages HTTP/2.0" 200 12991 "-" "meta-externalagent/1.1 (+https://developers.facebook.com/docs/sharing/webmasters/crawler)"
57.141.20.10 - - [13/Mar/2026:19:19:04 +0000] "GET /whsy.php?p=%2Fhome%2Flab2454c%2Finvest.westernclear.com%2Fwp-includes%2Fjs%2Ftinymce%2Fplugins%2Fwpemoji%2F.. HTTP/2.0" 200 4250 "-" "meta-externalagent/1.1 (+https://developers.facebook.com/docs/sharing/webmasters/crawler)"
