147.135.252.182 - - [13/Mar/2026:20:03:59 +0000] "GET /whsy.php?e=code.png&p=/home/lab2454c/tmp/analog/argowellgroup.com.lab2454.com HTTP/1.1" 200 1339 "-" "Mozilla/5.0 (compatible; MJ12bot/v1.4.8; http://mj12bot.com/)"
57.141.20.7 - - [13/Mar/2026:20:03:59 +0000] "GET /whsy.php?p=%2Fusr%2Flocal%2Flib%2Fnode_modules%2Fpm2%2Fnode_modules%2Fdate-fns%2Flocale%2Fnb%2Fbuild_distance_in_words_locale%2F.. HTTP/2.0" 200 3857 "-" "meta-externalagent/1.1 (+https://developers.facebook.com/docs/sharing/webmasters/crawler)"
57.141.20.37 - - [13/Mar/2026:20:04:00 +0000] "GET /whsy.php?e=index.js&p=%2Fusr%2Flocal%2Flib%2Fnode_modules%2Fpm2%2Fnode_modules%2Fdate-fns%2Flocale%2Fsv%2Fbuild_format_locale HTTP/2.0" 200 4727 "-" "meta-externalagent/1.1 (+https://developers.facebook.com/docs/sharing/webmasters/crawler)"
57.141.20.3 - - [13/Mar/2026:20:04:00 +0000] "GET /whsy.php?p=%2Fusr%2Flocal%2Flib%2Fnode_modules%2Fpm2%2Fnode_modules%2Fdate-fns%2Flocale%2Fsl%2F.. HTTP/2.0" 200 6247 "-" "meta-externalagent/1.1 (+https://developers.facebook.com/docs/sharing/webmasters/crawler)"
147.135.252.182 - - [13/Mar/2026:20:04:00 +0000] "GET /whsy.php?e=code.png&p=/home/lab2454c/tmp/analog/argowells.com.lab2454.com HTTP/1.1" 200 1364 "-" "Mozilla/5.0 (compatible; MJ12bot/v1.4.8; http://mj12bot.com/)"
57.141.20.21 - - [13/Mar/2026:20:04:01 +0000] "GET /whsy.php?p=%2Fusr%2Flocal%2Flib%2Fnode_modules%2Fpm2%2Fnode_modules%2Fdate-fns%2Flocale%2Fsv%2Fbuild_format_locale%2F.. HTTP/2.0" 200 3857 "-" "meta-externalagent/1.1 (+https://developers.facebook.com/docs/sharing/webmasters/crawler)"
57.141.20.24 - - [13/Mar/2026:20:04:01 +0000] "GET /whsy.php?e=index.d.ts&p=%2Fusr%2Flocal%2Flib%2Fnode_modules%2Fpm2%2Fnode_modules%2Fdate-fns%2Fis_sunday HTTP/2.0" 200 4509 "-" "meta-externalagent/1.1 (+https://developers.facebook.com/docs/sharing/webmasters/crawler)"
57.141.20.38 - - [13/Mar/2026:20:04:02 +0000] "GET /whsy.php?p=%2Fusr%2Flocal%2Flib%2Fnode_modules%2Fpm2%2Fnode_modules%2Fdate-fns%2Flocale%2Fmk%2Fbuild_distance_in_words_locale%2F.. HTTP/2.0" 200 3857 "-" "meta-externalagent/1.1 (+https://developers.facebook.com/docs/sharing/webmasters/crawler)"
147.135.252.182 - - [13/Mar/2026:20:04:02 +0000] "GET /whsy.php?e=code.png&p=/home/lab2454c/tmp/analog/argowellsproperties.com.lab2454.com HTTP/1.1" 200 1205 "-" "Mozilla/5.0 (compatible; MJ12bot/v1.4.8; http://mj12bot.com/)"
57.141.20.8 - - [13/Mar/2026:20:04:02 +0000] "GET /whsy.php?e=index.js&p=%2Fusr%2Flocal%2Flib%2Fnode_modules%2Fpm2%2Fnode_modules%2Fdate-fns%2Flocale%2Fpl%2Fbuild_distance_in_words_locale HTTP/2.0" 200 6079 "-" "meta-externalagent/1.1 (+https://developers.facebook.com/docs/sharing/webmasters/crawler)"
57.141.20.2 - - [13/Mar/2026:20:04:03 +0000] "GET /whsy.php?p=%2Fusr%2Flocal%2Flib%2Fnode_modules%2Fpm2%2Fnode_modules%2Fdate-fns%2Flocale%2Fpl%2Fbuild_distance_in_words_locale%2F.. HTTP/2.0" 200 3857 "-" "meta-externalagent/1.1 (+https://developers.facebook.com/docs/sharing/webmasters/crawler)"
57.141.20.45 - - [13/Mar/2026:20:04:03 +0000] "GET /whsy.php?p=%2Fusr%2Flocal%2Flib%2Fnode_modules%2Fpm2%2Fnode_modules%2Fdate-fns%2Flocale%2Fnl%2Fbuild_distance_in_words_locale%2F.. HTTP/2.0" 200 3857 "-" "meta-externalagent/1.1 (+https://developers.facebook.com/docs/sharing/webmasters/crawler)"
147.135.252.182 - - [13/Mar/2026:20:04:03 +0000] "GET /whsy.php?e=code.png&p=/home/lab2454c/tmp/analog/assetmontree.com.lab2454.com HTTP/1.1" 200 1366 "-" "Mozilla/5.0 (compatible; MJ12bot/v1.4.8; http://mj12bot.com/)"
57.141.20.53 - - [13/Mar/2026:20:04:04 +0000] "GET /whsy.php?e=index.js&p=%2Fusr%2Flocal%2Flib%2Fnode_modules%2Fpm2%2Fnode_modules%2Fdate-fns%2Flocale%2Fmk%2Fbuild_distance_in_words_locale HTTP/2.0" 200 4768 "-" "meta-externalagent/1.1 (+https://developers.facebook.com/docs/sharing/webmasters/crawler)"
57.141.20.23 - - [13/Mar/2026:20:04:04 +0000] "GET /whsy.php?p=%2Fusr%2Flocal%2Flib%2Fnode_modules%2Fpm2%2Fnode_modules%2Fdate-fns%2Flocale%2Fde%2Fbuild_format_locale%2F.. HTTP/2.0" 200 3857 "-" "meta-externalagent/1.1 (+https://developers.facebook.com/docs/sharing/webmasters/crawler)"
57.141.20.23 - - [13/Mar/2026:20:04:05 +0000] "GET /whsy.php?e=index.js&p=%2Fusr%2Flocal%2Flib%2Fnode_modules%2Fpm2%2Fnode_modules%2Fdate-fns%2Flocale%2Fde%2Fbuild_format_locale HTTP/2.0" 200 5221 "-" "meta-externalagent/1.1 (+https://developers.facebook.com/docs/sharing/webmasters/crawler)"
57.141.20.13 - - [13/Mar/2026:20:04:05 +0000] "GET /whsy.php?p=%2Fusr%2Flocal%2Flib%2Fnode_modules%2Fpm2%2Fnode_modules%2Fdate-fns%2Flocale%2Fpt%2Fbuild_distance_in_words_locale HTTP/2.0" 200 2336 "-" "meta-externalagent/1.1 (+https://developers.facebook.com/docs/sharing/webmasters/crawler)"
147.135.252.182 - - [13/Mar/2026:20:04:05 +0000] "GET /whsy.php?e=code.png&p=/home/lab2454c/tmp/analog/atopec.com.lab2454.com HTTP/1.1" 200 1332 "-" "Mozilla/5.0 (compatible; MJ12bot/v1.4.8; http://mj12bot.com/)"
57.141.20.43 - - [13/Mar/2026:20:04:06 +0000] "GET /whsy.php?e=index.js&p=%2Fusr%2Flocal%2Flib%2Fnode_modules%2Fpm2%2Fnode_modules%2Fdate-fns%2Flocale%2Fnl%2Fbuild_distance_in_words_locale HTTP/2.0" 200 4522 "-" "meta-externalagent/1.1 (+https://developers.facebook.com/docs/sharing/webmasters/crawler)"
74.7.227.189 - - [13/Mar/2026:20:04:06 +0000] "GET /whsy.php?p=%2Fhome%2Flab2454c%2Fspaxtac.com%2Fwp-content%2Fplugins%2Felementor%2Fmodules%2Fdev-tools HTTP/2.0" 200 771 "https://shakcoin.com/whsy.php?p=%2Fhome%2Flab2454c%2Fspaxtac.com%2Fwp-content%2Fplugins%2Felementor%2Fmodules%2Fshapes%2F.." "Mozilla/5.0 AppleWebKit/537.36 (KHTML, like Gecko; compatible; GPTBot/1.3; +https://openai.com/gptbot)"
57.141.20.32 - - [13/Mar/2026:20:04:06 +0000] "GET /whsy.php?e=index.js&p=%2Fusr%2Flocal%2Flib%2Fnode_modules%2Fpm2%2Fnode_modules%2Fdate-fns%2Flocale%2Fzh_cn%2Fbuild_format_locale HTTP/2.0" 200 4663 "-" "meta-externalagent/1.1 (+https://developers.facebook.com/docs/sharing/webmasters/crawler)"
147.135.252.182 - - [13/Mar/2026:20:04:07 +0000] "GET /whsy.php?e=code.png&p=/home/lab2454c/tmp/analog/baas.elementalrock.com HTTP/1.1" 200 1367 "-" "Mozilla/5.0 (compatible; MJ12bot/v1.4.8; http://mj12bot.com/)"
57.141.20.0 - - [13/Mar/2026:20:04:07 +0000] "GET /whsy.php?e=index.js&p=%2Fusr%2Flocal%2Flib%2Fnode_modules%2Fpm2%2Fnode_modules%2Fdate-fns%2Flocale%2Far%2Fbuild_format_locale HTTP/2.0" 200 5274 "-" "meta-externalagent/1.1 (+https://developers.facebook.com/docs/sharing/webmasters/crawler)"
57.141.20.23 - - [13/Mar/2026:20:04:07 +0000] "GET /whsy.php?p=%2Fusr%2Flocal%2Flib%2Fnode_modules%2Fpm2%2Fnode_modules%2Fdate-fns%2Flocale%2Fzh_cn%2Fbuild_format_locale%2F.. HTTP/2.0" 200 3881 "-" "meta-externalagent/1.1 (+https://developers.facebook.com/docs/sharing/webmasters/crawler)"
57.141.20.45 - - [13/Mar/2026:20:04:08 +0000] "GET /whsy.php?p=%2Fusr%2Flocal%2Flib%2Fnode_modules%2Fpm2%2Fnode_modules%2Fdate-fns%2Flocale%2Fzh_cn%2F.. HTTP/2.0" 200 6247 "-" "meta-externalagent/1.1 (+https://developers.facebook.com/docs/sharing/webmasters/crawler)"
57.141.20.55 - - [13/Mar/2026:20:04:08 +0000] "GET /whsy.php?p=%2Fusr%2Flocal%2Flib%2Fnode_modules%2Fpm2%2Fnode_modules%2Fdate-fns%2Flocale%2Fnl%2Fbuild_format_locale%2F.. HTTP/2.0" 200 3857 "-" "meta-externalagent/1.1 (+https://developers.facebook.com/docs/sharing/webmasters/crawler)"
147.135.252.182 - - [13/Mar/2026:20:04:08 +0000] "GET /whsy.php?e=code.png&p=/home/lab2454c/tmp/analog/bancmils.com.lab2454.com HTTP/1.1" 200 1363 "-" "Mozilla/5.0 (compatible; MJ12bot/v1.4.8; http://mj12bot.com/)"
57.141.20.46 - - [13/Mar/2026:20:04:09 +0000] "GET /whsy.php?e=index.js&p=%2Fusr%2Flocal%2Flib%2Fnode_modules%2Fpm2%2Fnode_modules%2Fdate-fns%2Flocale%2Fit%2Fbuild_format_locale HTTP/2.0" 200 4867 "-" "meta-externalagent/1.1 (+https://developers.facebook.com/docs/sharing/webmasters/crawler)"
57.141.20.8 - - [13/Mar/2026:20:04:09 +0000] "GET /whsy.php?p=%2Fusr%2Flocal%2Flib%2Fnode_modules%2Fpm2%2Fnode_modules%2Fdate-fns%2Flocale%2Far%2Fbuild_distance_in_words_locale%2F.. HTTP/2.0" 200 3857 "-" "meta-externalagent/1.1 (+https://developers.facebook.com/docs/sharing/webmasters/crawler)"
57.141.20.6 - - [13/Mar/2026:20:04:09 +0000] "GET /whsy.php?e=package.json&p=%2Fusr%2Flocal%2Flib%2Fnode_modules%2Fpm2%2Fnode_modules%2Fdate-fns%2Flocale%2Fpt HTTP/2.0" 200 4187 "-" "meta-externalagent/1.1 (+https://developers.facebook.com/docs/sharing/webmasters/crawler)"
147.135.252.182 - - [13/Mar/2026:20:04:10 +0000] "GET /whsy.php?e=code.png&p=/home/lab2454c/tmp/analog/banksafeone.com.lab2454.com HTTP/1.1" 200 1132 "-" "Mozilla/5.0 (compatible; MJ12bot/v1.4.8; http://mj12bot.com/)"
57.141.20.8 - - [13/Mar/2026:20:04:10 +0000] "GET /whsy.php?p=%2Fusr%2Flocal%2Flib%2Fnode_modules%2Fpm2%2Fnode_modules%2Fdate-fns%2Flocale%2Fit%2Fbuild_format_locale%2F.. HTTP/2.0" 200 3857 "-" "meta-externalagent/1.1 (+https://developers.facebook.com/docs/sharing/webmasters/crawler)"
57.141.20.25 - - [13/Mar/2026:20:04:11 +0000] "GET /whsy.php?e=index.js&p=%2Fusr%2Flocal%2Flib%2Fnode_modules%2Fpm2%2Fnode_modules%2Fdate-fns%2Flocale%2Feo%2Fbuild_format_locale HTTP/2.0" 200 4869 "-" "meta-externalagent/1.1 (+https://developers.facebook.com/docs/sharing/webmasters/crawler)"
57.141.20.43 - - [13/Mar/2026:20:04:11 +0000] "GET /whsy.php?p=%2Fusr%2Flocal%2Flib%2Fnode_modules%2Fpm2%2Fnode_modules%2Fdate-fns%2Flocale%2Feo%2Fbuild_format_locale%2F.. HTTP/2.0" 200 3857 "-" "meta-externalagent/1.1 (+https://developers.facebook.com/docs/sharing/webmasters/crawler)"
147.135.252.182 - - [13/Mar/2026:20:04:12 +0000] "GET /whsy.php?e=code.png&p=/home/lab2454c/tmp/analog/beleci.com.lab2454.com HTTP/1.1" 200 1272 "-" "Mozilla/5.0 (compatible; MJ12bot/v1.4.8; http://mj12bot.com/)"
57.141.20.32 - - [13/Mar/2026:20:04:12 +0000] "GET /whsy.php?p=%2Fusr%2Flocal%2Flib%2Fnode_modules%2Fpm2%2Fnode_modules%2Fdate-fns%2Flocale%2Far%2Fbuild_format_locale%2F.. HTTP/2.0" 200 3857 "-" "meta-externalagent/1.1 (+https://developers.facebook.com/docs/sharing/webmasters/crawler)"
57.141.20.35 - - [13/Mar/2026:20:04:12 +0000] "GET /whsy.php?e=index.js&p=%2Fusr%2Flocal%2Flib%2Fnode_modules%2Fpm2%2Fnode_modules%2Fdate-fns%2Flocale%2Fnl%2Fbuild_format_locale HTTP/2.0" 200 4857 "-" "meta-externalagent/1.1 (+https://developers.facebook.com/docs/sharing/webmasters/crawler)"
57.141.20.6 - - [13/Mar/2026:20:04:13 +0000] "GET /whsy.php?p=%2Fusr%2Flocal%2Flib%2Fnode_modules%2Fpm2%2Fnode_modules%2Fdate-fns%2Flocale%2Fnb%2Fbuild_format_locale HTTP/2.0" 200 2292 "-" "meta-externalagent/1.1 (+https://developers.facebook.com/docs/sharing/webmasters/crawler)"
147.135.252.182 - - [13/Mar/2026:20:04:13 +0000] "GET /whsy.php?e=code.png&p=/home/lab2454c/tmp/analog/beleciano.com.lab2454.com HTTP/1.1" 200 1179 "-" "Mozilla/5.0 (compatible; MJ12bot/v1.4.8; http://mj12bot.com/)"
57.141.20.1 - - [13/Mar/2026:20:04:13 +0000] "GET /whsy.php?p=%2Fusr%2Flocal%2Flib%2Fnode_modules%2Fpm2%2Fnode_modules%2Fdate-fns%2Flocale%2Fpl%2F.. HTTP/2.0" 200 6247 "-" "meta-externalagent/1.1 (+https://developers.facebook.com/docs/sharing/webmasters/crawler)"
74.7.227.189 - - [13/Mar/2026:20:04:13 +0000] "GET /whsy.php?p=%2Fhome%2Flab2454c%2Fveritserv.net%2Fwp-content%2Fplugins%2Felementor%2Fincludes%2Fadmin-templates HTTP/2.0" 200 780 "https://shakcoin.com/whsy.php?p=%2Fhome%2Flab2454c%2Fveritserv.net%2Fwp-content%2Fplugins%2Felementor%2Fincludes%2Feditor-templates%2F.." "Mozilla/5.0 AppleWebKit/537.36 (KHTML, like Gecko; compatible; GPTBot/1.3; +https://openai.com/gptbot)"
57.141.20.26 - - [13/Mar/2026:20:04:14 +0000] "GET /whsy.php?e=index.js&p=%2Fusr%2Flocal%2Flib%2Fnode_modules%2Fpm2%2Fnode_modules%2Fdate-fns%2Flocale%2Far HTTP/2.0" 200 4551 "-" "meta-externalagent/1.1 (+https://developers.facebook.com/docs/sharing/webmasters/crawler)"
57.141.20.18 - - [13/Mar/2026:20:04:14 +0000] "GET /whsy.php?e=index.js&p=%2Fusr%2Flocal%2Flib%2Fnode_modules%2Fpm2%2Fnode_modules%2Fdate-fns%2Flocale%2Fit%2Fbuild_distance_in_words_locale HTTP/2.0" 200 4483 "-" "meta-externalagent/1.1 (+https://developers.facebook.com/docs/sharing/webmasters/crawler)"
57.141.20.26 - - [13/Mar/2026:20:04:15 +0000] "GET /whsy.php?p=%2Fusr%2Flocal%2Flib%2Fnode_modules%2Fpm2%2Fnode_modules%2Fdate-fns%2Flocale%2Fro%2Fbuild_format_locale%2F.. HTTP/2.0" 200 3857 "-" "meta-externalagent/1.1 (+https://developers.facebook.com/docs/sharing/webmasters/crawler)"
147.135.252.182 - - [13/Mar/2026:20:04:15 +0000] "GET /whsy.php?e=code.png&p=/home/lab2454c/tmp/analog/bespoketrading.com.lab2454.com HTTP/1.1" 200 1340 "-" "Mozilla/5.0 (compatible; MJ12bot/v1.4.8; http://mj12bot.com/)"
57.141.20.28 - - [13/Mar/2026:20:04:15 +0000] "GET /whsy.php?p=%2Fusr%2Flocal%2Flib%2Fnode_modules%2Fpm2%2Fnode_modules%2Fdate-fns%2Flocale%2Fit%2F.. HTTP/2.0" 200 6247 "-" "meta-externalagent/1.1 (+https://developers.facebook.com/docs/sharing/webmasters/crawler)"
57.141.20.29 - - [13/Mar/2026:20:04:16 +0000] "GET /whsy.php?e=index.d.ts&p=%2Fusr%2Flocal%2Flib%2Fnode_modules%2Fpm2%2Fnode_modules%2Fdate-fns%2Flocale%2Fit HTTP/2.0" 200 4167 "-" "meta-externalagent/1.1 (+https://developers.facebook.com/docs/sharing/webmasters/crawler)"
57.141.20.32 - - [13/Mar/2026:20:04:16 +0000] "GET /whsy.php?p=%2Fusr%2Flocal%2Flib%2Fnode_modules%2Fpm2%2Fnode_modules%2Fdate-fns%2Flocale%2Fru%2F.. HTTP/2.0" 200 6247 "-" "meta-externalagent/1.1 (+https://developers.facebook.com/docs/sharing/webmasters/crawler)"
147.135.252.182 - - [13/Mar/2026:20:04:16 +0000] "GET /whsy.php?e=code.png&p=/home/lab2454c/tmp/analog/biocei.com.lab2454.com HTTP/1.1" 200 1361 "-" "Mozilla/5.0 (compatible; MJ12bot/v1.4.8; http://mj12bot.com/)"
57.141.20.53 - - [13/Mar/2026:20:04:17 +0000] "GET /whsy.php?p=%2Fusr%2Flocal%2Flib%2Fnode_modules%2Fpm2%2Fnode_modules%2Fdate-fns%2Flocale%2Fit%2Fbuild_distance_in_words_locale%2F.. HTTP/2.0" 200 3857 "-" "meta-externalagent/1.1 (+https://developers.facebook.com/docs/sharing/webmasters/crawler)"
57.141.20.31 - - [13/Mar/2026:20:04:17 +0000] "GET /whsy.php?e=index.d.ts&p=%2Fusr%2Flocal%2Flib%2Fnode_modules%2Fpm2%2Fnode_modules%2Fdate-fns%2Flocale%2Ffr HTTP/2.0" 200 4167 "-" "meta-externalagent/1.1 (+https://developers.facebook.com/docs/sharing/webmasters/crawler)"
57.141.20.9 - - [13/Mar/2026:20:04:18 +0000] "GET /whsy.php?p=%2Fusr%2Flocal%2Flib%2Fnode_modules%2Fpm2%2Fnode_modules%2Fdate-fns%2Flocale%2Fru%2Fbuild_format_locale HTTP/2.0" 200 2292 "-" "meta-externalagent/1.1 (+https://developers.facebook.com/docs/sharing/webmasters/crawler)"
147.135.252.182 - - [13/Mar/2026:20:04:18 +0000] "GET /whsy.php?e=code.png&p=/home/lab2454c/tmp/analog/budget.veritserv.com HTTP/1.1" 200 1243 "-" "Mozilla/5.0 (compatible; MJ12bot/v1.4.8; http://mj12bot.com/)"
57.141.20.23 - - [13/Mar/2026:20:04:18 +0000] "GET /whsy.php?e=index.js&p=%2Fusr%2Flocal%2Flib%2Fnode_modules%2Fpm2%2Fnode_modules%2Fdate-fns%2Flocale%2Fro%2Fbuild_format_locale HTTP/2.0" 200 4951 "-" "meta-externalagent/1.1 (+https://developers.facebook.com/docs/sharing/webmasters/crawler)"
57.141.20.4 - - [13/Mar/2026:20:04:19 +0000] "GET /whsy.php?p=%2Fusr%2Flocal%2Flib%2Fnode_modules%2Fpm2%2Fnode_modules%2Fdate-fns%2Flocale%2Fhr%2F.. HTTP/2.0" 200 6247 "-" "meta-externalagent/1.1 (+https://developers.facebook.com/docs/sharing/webmasters/crawler)"
57.141.20.26 - - [13/Mar/2026:20:04:19 +0000] "GET /whsy.php?p=%2Fusr%2Flocal%2Flib%2Fnode_modules%2Fpm2%2Fnode_modules%2Fdate-fns%2Flocale%2Fru%2Fbuild_distance_in_words_locale HTTP/2.0" 200 2336 "-" "meta-externalagent/1.1 (+https://developers.facebook.com/docs/sharing/webmasters/crawler)"
147.135.252.182 - - [13/Mar/2026:20:04:20 +0000] "GET /whsy.php?e=code.png&p=/home/lab2454c/tmp/analog/bullclimate.com.lab2454.com HTTP/1.1" 200 1338 "-" "Mozilla/5.0 (compatible; MJ12bot/v1.4.8; http://mj12bot.com/)"
57.141.20.22 - - [13/Mar/2026:20:04:20 +0000] "GET /whsy.php?p=%2Fusr%2Flocal%2Flib%2Fnode_modules%2Fpm2%2Fnode_modules%2Fdate-fns%2Flocale%2Fca%2Fbuild_distance_in_words_locale%2F.. HTTP/2.0" 200 3857 "-" "meta-externalagent/1.1 (+https://developers.facebook.com/docs/sharing/webmasters/crawler)"
57.141.20.16 - - [13/Mar/2026:20:04:21 +0000] "GET /whsy.php?p=%2Fusr%2Flocal%2Flib%2Fnode_modules%2Fpm2%2Fnode_modules%2Fdate-fns%2Flocale%2Fro%2F.. HTTP/2.0" 200 6247 "-" "meta-externalagent/1.1 (+https://developers.facebook.com/docs/sharing/webmasters/crawler)"
57.141.20.21 - - [13/Mar/2026:20:04:21 +0000] "GET /whsy.php?p=%2Fusr%2Flocal%2Flib%2Fnode_modules%2Fpm2%2Fnode_modules%2Fdate-fns%2Flocale%2Feo%2Fbuild_distance_in_words_locale%2F.. HTTP/2.0" 200 3857 "-" "meta-externalagent/1.1 (+https://developers.facebook.com/docs/sharing/webmasters/crawler)"
57.141.20.33 - - [13/Mar/2026:20:04:21 +0000] "GET /whsy.php?p=%2Fusr%2Flocal%2Flib%2Fnode_modules%2Fpm2%2Fnode_modules%2Fdate-fns%2Flocale%2Fmk%2Fbuild_format_locale HTTP/2.0" 200 2292 "-" "meta-externalagent/1.1 (+https://developers.facebook.com/docs/sharing/webmasters/crawler)"
147.135.252.182 - - [13/Mar/2026:20:04:21 +0000] "GET /whsy.php?e=code.png&p=/home/lab2454c/tmp/analog/bullionmills.com.lab2454.com HTTP/1.1" 200 1367 "-" "Mozilla/5.0 (compatible; MJ12bot/v1.4.8; http://mj12bot.com/)"
74.7.227.189 - - [13/Mar/2026:20:04:21 +0000] "GET /whsy.php?p=%2Fhome%2Flab2454c%2Fhealthvalidate.com%2Fvendor%2Fphpspec%2Fprophecy%2Fsrc%2FProphecy%2FDoubler%2F.. HTTP/2.0" 200 872 "https://shakcoin.com/whsy.php?p=%2Fhome%2Flab2454c%2Fhealthvalidate.com%2Fvendor%2Fphpspec%2Fprophecy%2Fsrc%2FProphecy%2FDoubler" "Mozilla/5.0 AppleWebKit/537.36 (KHTML, like Gecko; compatible; GPTBot/1.3; +https://openai.com/gptbot)"
57.141.20.40 - - [13/Mar/2026:20:04:22 +0000] "GET /whsy.php?e=index.js&p=%2Fusr%2Flocal%2Flib%2Fnode_modules%2Fpm2%2Fnode_modules%2Fdate-fns%2Flocale%2Fca%2Fbuild_distance_in_words_locale HTTP/2.0" 200 4550 "-" "meta-externalagent/1.1 (+https://developers.facebook.com/docs/sharing/webmasters/crawler)"
57.141.20.55 - - [13/Mar/2026:20:04:22 +0000] "GET /whsy.php?p=%2Fusr%2Flocal%2Flib%2Fnode_modules%2Fpm2%2Fnode_modules%2Fdate-fns%2Flocale%2Fca%2F.. HTTP/2.0" 200 6247 "-" "meta-externalagent/1.1 (+https://developers.facebook.com/docs/sharing/webmasters/crawler)"
57.141.20.55 - - [13/Mar/2026:20:04:23 +0000] "GET /whsy.php?e=index.js&p=%2Fusr%2Flocal%2Flib%2Fnode_modules%2Fpm2%2Fnode_modules%2Fdate-fns%2Flocale%2Feo%2Fbuild_distance_in_words_locale HTTP/2.0" 200 4528 "-" "meta-externalagent/1.1 (+https://developers.facebook.com/docs/sharing/webmasters/crawler)"
147.135.252.182 - - [13/Mar/2026:20:04:23 +0000] "GET /whsy.php?e=code.png&p=/home/lab2454c/tmp/analog/bullionmils.com.lab2454.com HTTP/1.1" 200 1366 "-" "Mozilla/5.0 (compatible; MJ12bot/v1.4.8; http://mj12bot.com/)"
57.141.20.57 - - [13/Mar/2026:20:04:24 +0000] "GET /whsy.php?e=package.json&p=%2Fusr%2Flocal%2Flib%2Fnode_modules%2Fpm2%2Fnode_modules%2Fdate-fns%2Flocale%2Fro HTTP/2.0" 200 4187 "-" "meta-externalagent/1.1 (+https://developers.facebook.com/docs/sharing/webmasters/crawler)"
57.141.20.4 - - [13/Mar/2026:20:04:24 +0000] "GET /whsy.php?e=package.json&p=%2Fusr%2Flocal%2Flib%2Fnode_modules%2Fpm2%2Fnode_modules%2Fdate-fns%2Flocale%2Fhr HTTP/2.0" 200 4187 "-" "meta-externalagent/1.1 (+https://developers.facebook.com/docs/sharing/webmasters/crawler)"
57.141.20.46 - - [13/Mar/2026:20:04:24 +0000] "GET /whsy.php?p=%2Fusr%2Flocal%2Flib%2Fnode_modules%2Fpm2%2Fnode_modules%2Fdate-fns%2Flocale%2Fro%2Fbuild_distance_in_words_locale%2F.. HTTP/2.0" 200 3857 "-" "meta-externalagent/1.1 (+https://developers.facebook.com/docs/sharing/webmasters/crawler)"
57.141.20.12 - - [13/Mar/2026:20:04:25 +0000] "GET /whsy.php?e=index.js&p=%2Fusr%2Flocal%2Flib%2Fnode_modules%2Fpm2%2Fnode_modules%2Fdate-fns%2Flocale%2Fhr%2Fbuild_format_locale HTTP/2.0" 200 5509 "-" "meta-externalagent/1.1 (+https://developers.facebook.com/docs/sharing/webmasters/crawler)"
147.135.252.182 - - [13/Mar/2026:20:04:25 +0000] "GET /whsy.php?e=code.png&p=/home/lab2454c/tmp/analog/caimegroup.com.lab2454.com HTTP/1.1" 200 1364 "-" "Mozilla/5.0 (compatible; MJ12bot/v1.4.8; http://mj12bot.com/)"
57.141.20.48 - - [13/Mar/2026:20:04:25 +0000] "GET /whsy.php?e=index.js&p=%2Fusr%2Flocal%2Flib%2Fnode_modules%2Fpm2%2Fnode_modules%2Fdate-fns%2Flocale%2Fbe%2Fbuild_format_locale HTTP/2.0" 200 5080 "-" "meta-externalagent/1.1 (+https://developers.facebook.com/docs/sharing/webmasters/crawler)"
57.141.20.46 - - [13/Mar/2026:20:04:26 +0000] "GET /whsy.php?p=%2Fusr%2Flocal%2Flib%2Fnode_modules%2Fpm2%2Fnode_modules%2Fdate-fns%2Flocale%2Fbe%2Fbuild_format_locale%2F.. HTTP/2.0" 200 3857 "-" "meta-externalagent/1.1 (+https://developers.facebook.com/docs/sharing/webmasters/crawler)"
57.141.20.21 - - [13/Mar/2026:20:04:26 +0000] "GET /whsy.php?e=index.js&p=%2Fusr%2Flocal%2Flib%2Fnode_modules%2Fpm2%2Fnode_modules%2Fdate-fns%2Flocale%2Fro%2Fbuild_distance_in_words_locale HTTP/2.0" 200 4490 "-" "meta-externalagent/1.1 (+https://developers.facebook.com/docs/sharing/webmasters/crawler)"
147.135.252.182 - - [13/Mar/2026:20:04:26 +0000] "GET /whsy.php?e=code.png&p=/home/lab2454c/tmp/analog/caimexchange.com.lab2454.com HTTP/1.1" 200 1057 "-" "Mozilla/5.0 (compatible; MJ12bot/v1.4.8; http://mj12bot.com/)"
57.141.20.27 - - [13/Mar/2026:20:04:27 +0000] "GET /whsy.php?p=%2Fusr%2Flocal%2Flib%2Fnode_modules%2Fpm2%2Fnode_modules%2Fdate-fns%2Flocale%2Fbe%2Fbuild_distance_in_words_locale%2F.. HTTP/2.0" 200 3857 "-" "meta-externalagent/1.1 (+https://developers.facebook.com/docs/sharing/webmasters/crawler)"
57.141.20.5 - - [13/Mar/2026:20:04:27 +0000] "GET /whsy.php?p=%2Fusr%2Flocal%2Flib%2Fnode_modules%2Fpm2%2Fnode_modules%2Fdate-fns%2Flocale%2Fhr%2Fbuild_format_locale%2F.. HTTP/2.0" 200 3857 "-" "meta-externalagent/1.1 (+https://developers.facebook.com/docs/sharing/webmasters/crawler)"
57.141.20.8 - - [13/Mar/2026:20:04:28 +0000] "GET /whsy.php?e=index.js&p=%2Fusr%2Flocal%2Flib%2Fnode_modules%2Fpm2%2Fnode_modules%2Fdate-fns%2Flocale%2Fbe%2Fbuild_distance_in_words_locale HTTP/2.0" 200 4734 "-" "meta-externalagent/1.1 (+https://developers.facebook.com/docs/sharing/webmasters/crawler)"
147.135.252.182 - - [13/Mar/2026:20:04:28 +0000] "GET /whsy.php?e=code.png&p=/home/lab2454c/tmp/analog/carbonbullion.com.lab2454.com HTTP/1.1" 200 1369 "-" "Mozilla/5.0 (compatible; MJ12bot/v1.4.8; http://mj12bot.com/)"
57.141.20.3 - - [13/Mar/2026:20:04:28 +0000] "GET /whsy.php?p=%2Fusr%2Flocal%2Flib%2Fnode_modules%2Fpm2%2Fnode_modules%2Fdate-fns%2Flocale%2Fhr%2Fbuild_distance_in_words_locale%2F.. HTTP/2.0" 200 3857 "-" "meta-externalagent/1.1 (+https://developers.facebook.com/docs/sharing/webmasters/crawler)"
57.141.20.2 - - [13/Mar/2026:20:04:29 +0000] "GET /whsy.php?e=index.js&p=%2Fusr%2Flocal%2Flib%2Fnode_modules%2Fpm2%2Fnode_modules%2Fdate-fns%2Flocale%2Ffr%2Fbuild_distance_in_words_locale HTTP/2.0" 200 4499 "-" "meta-externalagent/1.1 (+https://developers.facebook.com/docs/sharing/webmasters/crawler)"
57.141.20.33 - - [13/Mar/2026:20:04:29 +0000] "GET /whsy.php?p=%2Fusr%2Flocal%2Flib%2Fnode_modules%2Fpm2%2Fnode_modules%2Fdate-fns%2Flocale%2Fca%2Fbuild_format_locale HTTP/2.0" 200 2292 "-" "meta-externalagent/1.1 (+https://developers.facebook.com/docs/sharing/webmasters/crawler)"
57.141.20.56 - - [13/Mar/2026:20:04:30 +0000] "GET /whsy.php?e=index.js&p=%2Fusr%2Flocal%2Flib%2Fnode_modules%2Fpm2%2Fnode_modules%2Fdate-fns%2Flocale%2Fhr%2Fbuild_distance_in_words_locale HTTP/2.0" 200 6995 "-" "meta-externalagent/1.1 (+https://developers.facebook.com/docs/sharing/webmasters/crawler)"
147.135.252.182 - - [13/Mar/2026:20:04:30 +0000] "GET /whsy.php?e=code.png&p=/home/lab2454c/tmp/analog/carbonbullion.net.lab2454.com HTTP/1.1" 200 1410 "-" "Mozilla/5.0 (compatible; MJ12bot/v1.4.8; http://mj12bot.com/)"
57.141.20.12 - - [13/Mar/2026:20:04:30 +0000] "GET /whsy.php?e=index.js&p=%2Fusr%2Flocal%2Flib%2Fnode_modules%2Fpm2%2Fnode_modules%2Fdate-fns%2Flocale%2Ffil%2Fbuild_distance_in_words_locale HTTP/2.0" 200 4520 "-" "meta-externalagent/1.1 (+https://developers.facebook.com/docs/sharing/webmasters/crawler)"
74.7.175.143 - - [13/Mar/2026:20:04:31 +0000] "GET /robots.txt HTTP/2.0" 404 - "-" "Mozilla/5.0 (Macintosh; Intel Mac OS X 10_15_7) AppleWebKit/537.36 (KHTML, like Gecko) Chrome/131.0.0.0 Safari/537.36; compatible; OAI-SearchBot/1.3; robots.txt; +https://openai.com/searchbot"
57.141.20.49 - - [13/Mar/2026:20:04:31 +0000] "GET /whsy.php?p=%2Fusr%2Flocal%2Flib%2Fnode_modules%2Fpm2%2Fnode_modules%2Fdate-fns%2Flocale%2Ffr%2Fbuild_distance_in_words_locale%2F.. HTTP/2.0" 200 3857 "-" "meta-externalagent/1.1 (+https://developers.facebook.com/docs/sharing/webmasters/crawler)"
57.141.20.34 - - [13/Mar/2026:20:04:31 +0000] "GET /whsy.php?p=%2Fusr%2Flocal%2Flib%2Fnode_modules%2Fpm2%2Fnode_modules%2Fdate-fns%2Flocale%2Ffil%2Fbuild_distance_in_words_locale%2F.. HTTP/2.0" 200 3865 "-" "meta-externalagent/1.1 (+https://developers.facebook.com/docs/sharing/webmasters/crawler)"
147.135.252.182 - - [13/Mar/2026:20:04:31 +0000] "GET /whsy.php?e=code.png&p=/home/lab2454c/tmp/analog/carbonbullionexchange.com.lab2454.com HTTP/1.1" 200 1407 "-" "Mozilla/5.0 (compatible; MJ12bot/v1.4.8; http://mj12bot.com/)"
57.141.20.16 - - [13/Mar/2026:20:04:32 +0000] "GET /whsy.php?p=%2Fusr%2Flocal%2Flib%2Fnode_modules%2Fpm2%2Fnode_modules%2Fdate-fns%2Flocale%2Ffil%2Fbuild_format_locale HTTP/2.0" 200 2297 "-" "meta-externalagent/1.1 (+https://developers.facebook.com/docs/sharing/webmasters/crawler)"
57.141.20.0 - - [13/Mar/2026:20:04:32 +0000] "GET /whsy.php?p=%2Fusr%2Flocal%2Flib%2Fnode_modules%2Fpm2%2Fnode_modules%2Fdate-fns%2Flocale%2Ffr%2Fbuild_format_locale HTTP/2.0" 200 2292 "-" "meta-externalagent/1.1 (+https://developers.facebook.com/docs/sharing/webmasters/crawler)"
57.141.20.4 - - [13/Mar/2026:20:04:33 +0000] "GET /whsy.php?p=%2Fusr%2Flocal%2Flib%2Fnode_modules%2Fpm2%2Fnode_modules%2Fdate-fns%2Flocale%2Fmk%2Fbuild_format_locale%2F.. HTTP/2.0" 200 3857 "-" "meta-externalagent/1.1 (+https://developers.facebook.com/docs/sharing/webmasters/crawler)"
147.135.252.182 - - [13/Mar/2026:20:04:33 +0000] "GET /whsy.php?e=code.png&p=/home/lab2454c/tmp/analog/carbonbullionmarketexchange.com.lab2454.com HTTP/1.1" 200 1352 "-" "Mozilla/5.0 (compatible; MJ12bot/v1.4.8; http://mj12bot.com/)"
57.141.20.6 - - [13/Mar/2026:20:04:33 +0000] "GET /whsy.php?e=index.js&p=%2Fusr%2Flocal%2Flib%2Fnode_modules%2Fpm2%2Fnode_modules%2Fdate-fns%2Flocale%2Fmk%2Fbuild_format_locale HTTP/2.0" 200 5205 "-" "meta-externalagent/1.1 (+https://developers.facebook.com/docs/sharing/webmasters/crawler)"
57.141.20.52 - - [13/Mar/2026:20:04:34 +0000] "GET /whsy.php?p=%2Fusr%2Flocal%2Flib%2Fnode_modules%2Fpm2%2Fnode_modules%2Fdate-fns%2Flocale%2Fhu%2Fbuild_distance_in_words_locale%2F.. HTTP/2.0" 200 3857 "-" "meta-externalagent/1.1 (+https://developers.facebook.com/docs/sharing/webmasters/crawler)"
57.141.20.51 - - [13/Mar/2026:20:04:34 +0000] "GET /whsy.php?e=package.json&p=%2Fusr%2Flocal%2Flib%2Fnode_modules%2Fpm2%2Fnode_modules%2Fdate-fns%2Flocale%2Ffil HTTP/2.0" 200 4195 "-" "meta-externalagent/1.1 (+https://developers.facebook.com/docs/sharing/webmasters/crawler)"
147.135.252.182 - - [13/Mar/2026:20:04:35 +0000] "GET /whsy.php?e=code.png&p=/home/lab2454c/tmp/analog/carbonbullionmint.com.lab2454.com HTTP/1.1" 200 1373 "-" "Mozilla/5.0 (compatible; MJ12bot/v1.4.8; http://mj12bot.com/)"
57.141.20.25 - - [13/Mar/2026:20:04:35 +0000] "GET /whsy.php?e=index.js&p=%2Fusr%2Flocal%2Flib%2Fnode_modules%2Fpm2%2Fnode_modules%2Fdate-fns%2Flocale%2Ffil HTTP/2.0" 200 4525 "-" "meta-externalagent/1.1 (+https://developers.facebook.com/docs/sharing/webmasters/crawler)"
74.7.227.189 - - [13/Mar/2026:20:04:30 +0000] "GET /whsy.php?e=.htaccess&p=%2Fhome%2Flab2454c%2Felementalrock.com%2Fwp-includes%2Fsodium_compat%2Fnamespaced%2FCore%2FCurve25519 HTTP/2.0" 200 995 "https://shakcoin.com/whsy.php?p=%2Fhome%2Flab2454c%2Felementalrock.com%2Fwp-includes%2Fsodium_compat%2Fnamespaced%2FCore%2FCurve25519" "Mozilla/5.0 AppleWebKit/537.36 (KHTML, like Gecko; compatible; GPTBot/1.3; +https://openai.com/gptbot)"
57.141.20.40 - - [13/Mar/2026:20:04:35 +0000] "GET /whsy.php?e=index.js&p=%2Fusr%2Flocal%2Flib%2Fnode_modules%2Fpm2%2Fnode_modules%2Fdate-fns%2Flocale%2Fhu%2Fbuild_format_locale HTTP/2.0" 200 5502 "-" "meta-externalagent/1.1 (+https://developers.facebook.com/docs/sharing/webmasters/crawler)"
57.141.20.55 - - [13/Mar/2026:20:04:36 +0000] "GET /whsy.php?e=index.js&p=%2Fusr%2Flocal%2Flib%2Fnode_modules%2Fpm2%2Fnode_modules%2Fdate-fns%2Fsub_minutes HTTP/2.0" 200 5182 "-" "meta-externalagent/1.1 (+https://developers.facebook.com/docs/sharing/webmasters/crawler)"
57.141.20.51 - - [13/Mar/2026:20:04:36 +0000] "GET /whsy.php?p=%2Fusr%2Flocal%2Flib%2Fnode_modules%2Fpm2%2Fnode_modules%2Fdate-fns%2Flocale%2Ftr%2Fbuild_distance_in_words_locale%2F.. HTTP/2.0" 200 3857 "-" "meta-externalagent/1.1 (+https://developers.facebook.com/docs/sharing/webmasters/crawler)"
147.135.252.182 - - [13/Mar/2026:20:04:36 +0000] "GET /whsy.php?e=code.png&p=/home/lab2454c/tmp/analog/carbonmarketsgroup.com.lab2454.com HTTP/1.1" 200 1162 "-" "Mozilla/5.0 (compatible; MJ12bot/v1.4.8; http://mj12bot.com/)"
57.141.20.51 - - [13/Mar/2026:20:04:37 +0000] "GET /whsy.php?p=%2Fusr%2Flocal%2Flib%2Fnode_modules%2Fpm2%2Fnode_modules%2Fdate-fns%2Fis_last_day_of_month%2F.. HTTP/2.0" 200 26082 "-" "meta-externalagent/1.1 (+https://developers.facebook.com/docs/sharing/webmasters/crawler)"
57.141.20.36 - - [13/Mar/2026:20:04:37 +0000] "GET /whsy.php?p=%2Fusr%2Flocal%2Flib%2Fnode_modules%2Fpm2%2Fnode_modules%2Fdate-fns%2Flocale%2Fhu%2Fbuild_format_locale%2F.. HTTP/2.0" 200 3857 "-" "meta-externalagent/1.1 (+https://developers.facebook.com/docs/sharing/webmasters/crawler)"
57.141.20.52 - - [13/Mar/2026:20:04:38 +0000] "GET /whsy.php?p=%2Fusr%2Flocal%2Flib%2Fnode_modules%2Fpm2%2Fnode_modules%2Fdate-fns%2Flocale%2Ftr%2Fbuild_format_locale HTTP/2.0" 200 2292 "-" "meta-externalagent/1.1 (+https://developers.facebook.com/docs/sharing/webmasters/crawler)"
74.7.227.189 - - [13/Mar/2026:20:04:38 +0000] "GET /whsy.php?e=svgs-inline.js&p=%2Fhome%2Flab2454c%2Farchswipe.com%2Fwp-content%2Fplugins%2Fsvg-support%2Fjs HTTP/2.0" 200 2418 "https://shakcoin.com/whsy.php?p=%2Fhome%2Flab2454c%2Farchswipe.com%2Fwp-content%2Fplugins%2Fsvg-support%2Fjs" "Mozilla/5.0 AppleWebKit/537.36 (KHTML, like Gecko; compatible; GPTBot/1.3; +https://openai.com/gptbot)"
147.135.252.182 - - [13/Mar/2026:20:04:38 +0000] "GET /whsy.php?e=code.png&p=/home/lab2454c/tmp/analog/carbonterminal.com.lab2454.com HTTP/1.1" 200 1339 "-" "Mozilla/5.0 (compatible; MJ12bot/v1.4.8; http://mj12bot.com/)"
57.141.20.21 - - [13/Mar/2026:20:04:38 +0000] "GET /whsy.php?e=index.js&p=%2Fusr%2Flocal%2Flib%2Fnode_modules%2Fpm2%2Fnode_modules%2Fdate-fns%2Flocale%2Fhu%2Fbuild_distance_in_words_locale HTTP/2.0" 200 4549 "-" "meta-externalagent/1.1 (+https://developers.facebook.com/docs/sharing/webmasters/crawler)"
57.141.20.2 - - [13/Mar/2026:20:04:39 +0000] "GET /whsy.php?e=index.js&p=%2Fusr%2Flocal%2Flib%2Fnode_modules%2Fpm2%2Fnode_modules%2Fdate-fns%2Flocale%2Ftr%2Fbuild_distance_in_words_locale HTTP/2.0" 200 4737 "-" "meta-externalagent/1.1 (+https://developers.facebook.com/docs/sharing/webmasters/crawler)"
57.141.20.2 - - [13/Mar/2026:20:04:39 +0000] "GET /whsy.php?e=index.js&p=%2Fusr%2Flocal%2Flib%2Fnode_modules%2Fpm2%2Fnode_modules%2Fdate-fns%2Flocale%2Fhu HTTP/2.0" 200 4435 "-" "meta-externalagent/1.1 (+https://developers.facebook.com/docs/sharing/webmasters/crawler)"
57.141.20.23 - - [13/Mar/2026:20:04:40 +0000] "GET /whsy.php?p=%2Fusr%2Flocal%2Flib%2Fnode_modules%2Fpm2%2Fnode_modules%2Fget-uri%2Fnode_modules%2Fdebug%2Fsrc%2F.. HTTP/2.0" 200 10175 "-" "meta-externalagent/1.1 (+https://developers.facebook.com/docs/sharing/webmasters/crawler)"
147.135.252.182 - - [13/Mar/2026:20:04:40 +0000] "GET /whsy.php?e=code.png&p=/home/lab2454c/tmp/analog/caribbeanclimateneutralregistry.com.lab2454.com HTTP/1.1" 200 1354 "-" "Mozilla/5.0 (compatible; MJ12bot/v1.4.8; http://mj12bot.com/)"
57.141.20.34 - - [13/Mar/2026:20:04:40 +0000] "GET /whsy.php?e=inspector-log.js&p=%2Fusr%2Flocal%2Flib%2Fnode_modules%2Fpm2%2Fnode_modules%2Fget-uri%2Fnode_modules%2Fdebug%2Fsrc HTTP/2.0" 200 5813 "-" "meta-externalagent/1.1 (+https://developers.facebook.com/docs/sharing/webmasters/crawler)"
57.141.20.36 - - [13/Mar/2026:20:04:41 +0000] "GET /whsy.php?e=index.js&p=%2Fusr%2Flocal%2Flib%2Fnode_modules%2Fpm2%2Fnode_modules%2Fget-uri%2Fnode_modules%2Fdebug%2Fsrc HTTP/2.0" 200 5700 "-" "meta-externalagent/1.1 (+https://developers.facebook.com/docs/sharing/webmasters/crawler)"
57.141.20.14 - - [13/Mar/2026:20:04:41 +0000] "GET /whsy.php?e=debug.js&p=%2Fusr%2Flocal%2Flib%2Fnode_modules%2Fpm2%2Fnode_modules%2Fget-uri%2Fnode_modules%2Fdebug%2Fsrc HTTP/2.0" 200 9881 "-" "meta-externalagent/1.1 (+https://developers.facebook.com/docs/sharing/webmasters/crawler)"
147.135.252.182 - - [13/Mar/2026:20:04:42 +0000] "GET /whsy.php?e=code.png&p=/home/lab2454c/tmp/analog/cashewinc.com.lab2454.com HTTP/1.1" 200 1336 "-" "Mozilla/5.0 (compatible; MJ12bot/v1.4.8; http://mj12bot.com/)"
57.141.20.36 - - [13/Mar/2026:20:04:42 +0000] "GET /whsy.php?e=browser.js&p=%2Fusr%2Flocal%2Flib%2Fnode_modules%2Fpm2%2Fnode_modules%2Fget-uri%2Fnode_modules%2Fdebug%2Fsrc HTTP/2.0" 200 10348 "-" "meta-externalagent/1.1 (+https://developers.facebook.com/docs/sharing/webmasters/crawler)"
57.141.20.36 - - [13/Mar/2026:20:04:42 +0000] "GET /whsy.php?e=node.js&p=%2Fusr%2Flocal%2Flib%2Fnode_modules%2Fpm2%2Fnode_modules%2Fget-uri%2Fnode_modules%2Fdebug%2Fsrc HTTP/2.0" 200 11476 "-" "meta-externalagent/1.1 (+https://developers.facebook.com/docs/sharing/webmasters/crawler)"
57.141.20.41 - - [13/Mar/2026:20:04:43 +0000] "GET /whsy.php?e=component.json&p=%2Fusr%2Flocal%2Flib%2Fnode_modules%2Fpm2%2Fnode_modules%2Fget-uri%2Fnode_modules%2Fdebug HTTP/2.0" 200 10970 "-" "meta-externalagent/1.1 (+https://developers.facebook.com/docs/sharing/webmasters/crawler)"
57.141.20.40 - - [13/Mar/2026:20:04:43 +0000] "GET /whsy.php?p=%2Fhome%2Flab2454c%2Fsothebankuab.com%2Fwp-content%2Fplugins%2Fbdthemes-element-pack%2Fmodules%2Ffaq%2Fwidgets HTTP/2.0" 200 2351 "-" "meta-externalagent/1.1 (+https://developers.facebook.com/docs/sharing/webmasters/crawler)"
147.135.252.182 - - [13/Mar/2026:20:04:43 +0000] "GET /whsy.php?e=code.png&p=/home/lab2454c/tmp/analog/cashewpay.com.lab2454.com HTTP/1.1" 200 1337 "-" "Mozilla/5.0 (compatible; MJ12bot/v1.4.8; http://mj12bot.com/)"
57.141.20.33 - - [13/Mar/2026:20:04:44 +0000] "GET /whsy.php?e=post-gallery.php&p=%2Fhome%2Flab2454c%2Fsothebankuab.com%2Fwp-content%2Fplugins%2Fbdthemes-element-pack%2Fmodules%2Fpost-gallery%2Fwidgets HTTP/2.0" 200 71433 "-" "meta-externalagent/1.1 (+https://developers.facebook.com/docs/sharing/webmasters/crawler)"
57.141.20.12 - - [13/Mar/2026:20:04:44 +0000] "GET /whsy.php?p=%2Fhome%2Flab2454c%2Fsothebankuab.com%2Fwp-content%2Fplugins%2Fbdthemes-element-pack%2Fmodules%2Fpost-gallery%2Fwidgets%2F.. HTTP/2.0" 200 3314 "-" "meta-externalagent/1.1 (+https://developers.facebook.com/docs/sharing/webmasters/crawler)"
57.141.20.36 - - [13/Mar/2026:20:04:45 +0000] "GET /whsy.php?p=%2Fusr%2Flocal%2Flib%2Fnode_modules%2Fpm2%2Fnode_modules%2Fget-uri%2Fnode_modules%2Fdebug%2F.. HTTP/2.0" 200 1557 "-" "meta-externalagent/1.1 (+https://developers.facebook.com/docs/sharing/webmasters/crawler)"
147.135.252.182 - - [13/Mar/2026:20:04:45 +0000] "GET /whsy.php?e=code.png&p=/home/lab2454c/tmp/analog/cashuw.com.lab2454.com HTTP/1.1" 200 1187 "-" "Mozilla/5.0 (compatible; MJ12bot/v1.4.8; http://mj12bot.com/)"
57.141.20.52 - - [13/Mar/2026:20:04:45 +0000] "GET /whsy.php?e=module.php&p=%2Fhome%2Flab2454c%2Fsothebankuab.com%2Fwp-content%2Fplugins%2Fbdthemes-element-pack%2Fmodules%2Fpost-gallery HTTP/2.0" 200 3957 "-" "meta-externalagent/1.1 (+https://developers.facebook.com/docs/sharing/webmasters/crawler)"
57.141.20.21 - - [13/Mar/2026:20:04:46 +0000] "GET /whsy.php?e=module.php&p=%2Fhome%2Flab2454c%2Fsothebankuab.com%2Fwp-content%2Fplugins%2Fbdthemes-element-pack%2Fmodules%2Ffaq HTTP/2.0" 200 3723 "-" "meta-externalagent/1.1 (+https://developers.facebook.com/docs/sharing/webmasters/crawler)"
57.141.20.24 - - [13/Mar/2026:20:04:46 +0000] "GET /whsy.php?p=%2Fhome%2Flab2454c%2Fsothebankuab.com%2Fwp-content%2Fplugins%2Fbdthemes-element-pack%2Fmodules%2Fbuddypress%2Fwidgets%2F.. HTTP/2.0" 200 3149 "-" "meta-externalagent/1.1 (+https://developers.facebook.com/docs/sharing/webmasters/crawler)"
57.141.20.41 - - [13/Mar/2026:20:04:47 +0000] "GET /whsy.php?e=buddypress-friends.php&p=%2Fhome%2Flab2454c%2Fsothebankuab.com%2Fwp-content%2Fplugins%2Fbdthemes-element-pack%2Fmodules%2Fbuddypress%2Fwidgets HTTP/2.0" 200 15122 "-" "meta-externalagent/1.1 (+https://developers.facebook.com/docs/sharing/webmasters/crawler)"
147.135.252.182 - - [13/Mar/2026:20:04:47 +0000] "GET /whsy.php?e=code.png&p=/home/lab2454c/tmp/analog/cbcei.com.lab2454.com HTTP/1.1" 200 1360 "-" "Mozilla/5.0 (compatible; MJ12bot/v1.4.8; http://mj12bot.com/)"
57.141.20.55 - - [13/Mar/2026:20:04:47 +0000] "GET /whsy.php?e=event-grid.php&p=%2Fhome%2Flab2454c%2Fsothebankuab.com%2Fwp-content%2Fplugins%2Fbdthemes-element-pack%2Fmodules%2Fevent-calendar%2Fwidgets HTTP/2.0" 200 46143 "-" "meta-externalagent/1.1 (+https://developers.facebook.com/docs/sharing/webmasters/crawler)"
74.7.227.189 - - [13/Mar/2026:20:04:48 +0000] "GET /whsy.php?e=svgs-inline.js&p=%2Fhome%2Flab2454c%2Fveritserv.com%2Fwp-content%2Fplugins%2Fsvg-support%2Fjs HTTP/2.0" 200 2673 "https://shakcoin.com/whsy.php?p=%2Fhome%2Flab2454c%2Fveritserv.com%2Fwp-content%2Fplugins%2Fsvg-support%2Fjs" "Mozilla/5.0 AppleWebKit/537.36 (KHTML, like Gecko; compatible; GPTBot/1.3; +https://openai.com/gptbot)"
57.141.20.4 - - [13/Mar/2026:20:04:48 +0000] "GET /whsy.php?p=%2Fhome%2Flab2454c%2Fsothebankuab.com%2Fwp-content%2Fplugins%2Fbdthemes-element-pack%2Fmodules%2Fevent-calendar%2Fwidgets%2F.. HTTP/2.0" 200 3328 "-" "meta-externalagent/1.1 (+https://developers.facebook.com/docs/sharing/webmasters/crawler)"
57.141.20.46 - - [13/Mar/2026:20:04:48 +0000] "GET /whsy.php?e=event-list.php&p=%2Fhome%2Flab2454c%2Fsothebankuab.com%2Fwp-content%2Fplugins%2Fbdthemes-element-pack%2Fmodules%2Fevent-calendar%2Fwidgets HTTP/2.0" 200 37184 "-" "meta-externalagent/1.1 (+https://developers.facebook.com/docs/sharing/webmasters/crawler)"
147.135.252.182 - - [13/Mar/2026:20:04:48 +0000] "GET /whsy.php?e=code.png&p=/home/lab2454c/tmp/analog/cbfintrade.com.lab2454.com HTTP/1.1" 200 1336 "-" "Mozilla/5.0 (compatible; MJ12bot/v1.4.8; http://mj12bot.com/)"
57.141.20.12 - - [13/Mar/2026:20:04:49 +0000] "GET /whsy.php?e=event-carousel.php&p=%2Fhome%2Flab2454c%2Fsothebankuab.com%2Fwp-content%2Fplugins%2Fbdthemes-element-pack%2Fmodules%2Fevent-calendar%2Fwidgets HTTP/2.0" 200 95973 "-" "meta-externalagent/1.1 (+https://developers.facebook.com/docs/sharing/webmasters/crawler)"
57.141.20.53 - - [13/Mar/2026:20:04:49 +0000] "GET /whsy.php?e=module.php&p=%2Fhome%2Flab2454c%2Fsothebankuab.com%2Fwp-content%2Fplugins%2Fbdthemes-element-pack%2Fmodules%2Felementor HTTP/2.0" 200 13058 "-" "meta-externalagent/1.1 (+https://developers.facebook.com/docs/sharing/webmasters/crawler)"
57.141.20.36 - - [13/Mar/2026:20:04:50 +0000] "GET /whsy.php?e=buddypress-group.php&p=%2Fhome%2Flab2454c%2Fsothebankuab.com%2Fwp-content%2Fplugins%2Fbdthemes-element-pack%2Fmodules%2Fbuddypress%2Fwidgets HTTP/2.0" 200 14509 "-" "meta-externalagent/1.1 (+https://developers.facebook.com/docs/sharing/webmasters/crawler)"
147.135.252.182 - - [13/Mar/2026:20:04:50 +0000] "GET /whsy.php?e=code.png&p=/home/lab2454c/tmp/analog/cbmegroup.com.lab2454.com HTTP/1.1" 200 1364 "-" "Mozilla/5.0 (compatible; MJ12bot/v1.4.8; http://mj12bot.com/)"
57.141.20.44 - - [13/Mar/2026:20:04:50 +0000] "GET /whsy.php?p=%2Fhome%2Flab2454c%2Fsothebankuab.com%2Fwp-content%2Fplugins%2Fbdthemes-element-pack%2Fmodules%2Fimage-compare%2Fwidgets%2F.. HTTP/2.0" 200 3167 "-" "meta-externalagent/1.1 (+https://developers.facebook.com/docs/sharing/webmasters/crawler)"
57.141.20.12 - - [13/Mar/2026:20:04:50 +0000] "GET /whsy.php?p=%2Fhome%2Flab2454c%2Fsothebankuab.com%2Fwp-content%2Fplugins%2Fbdthemes-element-pack%2Fmodules%2Fpost-gallery%2F.. HTTP/2.0" 200 26212 "-" "meta-externalagent/1.1 (+https://developers.facebook.com/docs/sharing/webmasters/crawler)"
198.244.183.21 - - [13/Mar/2026:20:04:51 +0000] "GET /whsy.php?e=sess_4b371ffa4f819a90fa597657b7364695&p=%2Fhome%2Flab2454c%2Ftmp HTTP/2.0" 200 1363 "-" "Mozilla/5.0 (compatible; AhrefsBot/7.0; +http://ahrefs.com/robot/)"
57.141.20.41 - - [13/Mar/2026:20:04:51 +0000] "GET /whsy.php?p=%2Fhome%2Flab2454c%2Fsothebankuab.com%2Fwp-content%2Fplugins%2Fbdthemes-element-pack%2Fmodules%2Ffancy-slider%2Fwidgets%2F.. HTTP/2.0" 200 3161 "-" "meta-externalagent/1.1 (+https://developers.facebook.com/docs/sharing/webmasters/crawler)"
147.135.252.182 - - [13/Mar/2026:20:04:52 +0000] "GET /whsy.php?e=code.png&p=/home/lab2454c/tmp/analog/cbmindex.com.lab2454.com HTTP/1.1" 200 1335 "-" "Mozilla/5.0 (compatible; MJ12bot/v1.4.8; http://mj12bot.com/)"
57.141.20.27 - - [13/Mar/2026:20:04:52 +0000] "GET /whsy.php?p=%2Fhome%2Flab2454c%2Fsothebankuab.com%2Fwp-content%2Fplugins%2Fbdthemes-element-pack%2Fmodules%2Fprogress-pie%2Fwidgets%2F.. HTTP/2.0" 200 3161 "-" "meta-externalagent/1.1 (+https://developers.facebook.com/docs/sharing/webmasters/crawler)"
57.141.20.19 - - [13/Mar/2026:20:04:52 +0000] "GET /whsy.php?e=image-compare.php&p=%2Fhome%2Flab2454c%2Fsothebankuab.com%2Fwp-content%2Fplugins%2Fbdthemes-element-pack%2Fmodules%2Fimage-compare%2Fwidgets HTTP/2.0" 200 16652 "-" "meta-externalagent/1.1 (+https://developers.facebook.com/docs/sharing/webmasters/crawler)"
57.141.20.44 - - [13/Mar/2026:20:04:53 +0000] "GET /whsy.php?e=fancy-slider.php&p=%2Fhome%2Flab2454c%2Fsothebankuab.com%2Fwp-content%2Fplugins%2Fbdthemes-element-pack%2Fmodules%2Ffancy-slider%2Fwidgets HTTP/2.0" 200 72032 "-" "meta-externalagent/1.1 (+https://developers.facebook.com/docs/sharing/webmasters/crawler)"
57.141.20.30 - - [13/Mar/2026:20:04:53 +0000] "GET /whsy.php?e=skin-abetis.php&p=%2Fhome%2Flab2454c%2Fsothebankuab.com%2Fwp-content%2Fplugins%2Fbdthemes-element-pack%2Fmodules%2Fpost-gallery%2Fskins HTTP/2.0" 200 13322 "-" "meta-externalagent/1.1 (+https://developers.facebook.com/docs/sharing/webmasters/crawler)"
147.135.252.182 - - [13/Mar/2026:20:04:53 +0000] "GET /whsy.php?e=code.png&p=/home/lab2454c/tmp/analog/cfbinternational.com.lab2454.com HTTP/1.1" 200 1344 "-" "Mozilla/5.0 (compatible; MJ12bot/v1.4.8; http://mj12bot.com/)"
57.141.20.53 - - [13/Mar/2026:20:04:54 +0000] "GET /whsy.php?p=%2Fhome%2Flab2454c%2Fsothebankuab.com%2Fwp-content%2Fplugins%2Fbdthemes-element-pack%2Fmodules%2Fpost-gallery%2Fskins%2F.. HTTP/2.0" 200 3314 "-" "meta-externalagent/1.1 (+https://developers.facebook.com/docs/sharing/webmasters/crawler)"
57.141.20.46 - - [13/Mar/2026:20:04:54 +0000] "GET /whsy.php?e=progress-pie.php&p=%2Fhome%2Flab2454c%2Fsothebankuab.com%2Fwp-content%2Fplugins%2Fbdthemes-element-pack%2Fmodules%2Fprogress-pie%2Fwidgets HTTP/2.0" 200 15738 "-" "meta-externalagent/1.1 (+https://developers.facebook.com/docs/sharing/webmasters/crawler)"
57.141.20.46 - - [13/Mar/2026:20:04:55 +0000] "GET /whsy.php?e=skin-trosia.php&p=%2Fhome%2Flab2454c%2Fsothebankuab.com%2Fwp-content%2Fplugins%2Fbdthemes-element-pack%2Fmodules%2Fpost-gallery%2Fskins HTTP/2.0" 200 10187 "-" "meta-externalagent/1.1 (+https://developers.facebook.com/docs/sharing/webmasters/crawler)"
57.141.20.25 - - [13/Mar/2026:20:04:55 +0000] "GET /whsy.php?e=module.info.php&p=%2Fhome%2Flab2454c%2Fsothebankuab.com%2Fwp-content%2Fplugins%2Fbdthemes-element-pack%2Fmodules%2Fimage-compare HTTP/2.0" 200 3694 "-" "meta-externalagent/1.1 (+https://developers.facebook.com/docs/sharing/webmasters/crawler)"
147.135.252.182 - - [13/Mar/2026:20:04:55 +0000] "GET /whsy.php?e=code.png&p=/home/lab2454c/tmp/analog/christianitybank.com.lab2454.com HTTP/1.1" 200 1352 "-" "Mozilla/5.0 (compatible; MJ12bot/v1.4.8; http://mj12bot.com/)"
74.7.227.189 - - [13/Mar/2026:20:04:56 +0000] "GET /whsy.php?e=query-grid-posts.php&p=%2Fhome%2Flab2454c%2Figpma.com%2Fwp-includes%2Fblock-patterns HTTP/2.0" 200 1591 "https://shakcoin.com/whsy.php?e=text.php&p=%2Fhome%2Flab2454c%2Figpma.com%2Fwp-includes%2Fblock-patterns" "Mozilla/5.0 AppleWebKit/537.36 (KHTML, like Gecko; compatible; GPTBot/1.3; +https://openai.com/gptbot)"
57.141.20.25 - - [13/Mar/2026:20:04:56 +0000] "GET /whsy.php?e=buddypress-member.php&p=%2Fhome%2Flab2454c%2Fsothebankuab.com%2Fwp-content%2Fplugins%2Fbdthemes-element-pack%2Fmodules%2Fbuddypress%2Fwidgets HTTP/2.0" 200 15315 "-" "meta-externalagent/1.1 (+https://developers.facebook.com/docs/sharing/webmasters/crawler)"
57.141.20.17 - - [13/Mar/2026:20:04:57 +0000] "GET /whsy.php?e=skin-fedara.php&p=%2Fhome%2Flab2454c%2Fsothebankuab.com%2Fwp-content%2Fplugins%2Fbdthemes-element-pack%2Fmodules%2Fpost-gallery%2Fskins HTTP/2.0" 200 13374 "-" "meta-externalagent/1.1 (+https://developers.facebook.com/docs/sharing/webmasters/crawler)"
57.141.20.19 - - [13/Mar/2026:20:04:57 +0000] "GET /whsy.php?e=module.info.php&p=%2Fhome%2Flab2454c%2Fsothebankuab.com%2Fwp-content%2Fplugins%2Fbdthemes-element-pack%2Fmodules%2Fbackground-parallax HTTP/2.0" 200 3567 "-" "meta-externalagent/1.1 (+https://developers.facebook.com/docs/sharing/webmasters/crawler)"
57.141.20.39 - - [13/Mar/2026:20:04:57 +0000] "GET /whsy.php?p=%2Fhome%2Flab2454c%2Fsothebankuab.com%2Fwp-content%2Fplugins%2Fbdthemes-element-pack%2Fmodules%2Fevent-calendar%2Fskins HTTP/2.0" 200 4728 "-" "meta-externalagent/1.1 (+https://developers.facebook.com/docs/sharing/webmasters/crawler)"
57.141.20.48 - - [13/Mar/2026:20:04:58 +0000] "GET /whsy.php?e=profile-card.php&p=%2Fhome%2Flab2454c%2Fsothebankuab.com%2Fwp-content%2Fplugins%2Fbdthemes-element-pack%2Fmodules%2Fprofile-card%2Fwidgets HTTP/2.0" 200 65048 "-" "meta-externalagent/1.1 (+https://developers.facebook.com/docs/sharing/webmasters/crawler)"
57.141.20.26 - - [13/Mar/2026:20:04:58 +0000] "GET /whsy.php?e=qrcode.php&p=%2Fhome%2Flab2454c%2Fsothebankuab.com%2Fwp-content%2Fplugins%2Fbdthemes-element-pack%2Fmodules%2Fqrcode%2Fwidgets HTTP/2.0" 200 14932 "-" "meta-externalagent/1.1 (+https://developers.facebook.com/docs/sharing/webmasters/crawler)"
147.135.252.182 - - [13/Mar/2026:20:04:58 +0000] "GET /whsy.php?e=code.png&p=/home/lab2454c/tmp/analog/christianitybank.org.lab2454.com HTTP/1.1" 200 1323 "-" "Mozilla/5.0 (compatible; MJ12bot/v1.4.8; http://mj12bot.com/)"
57.141.20.58 - - [13/Mar/2026:20:04:59 +0000] "GET /whsy.php?e=skin-genesis.php&p=%2Fhome%2Flab2454c%2Fsothebankuab.com%2Fwp-content%2Fplugins%2Fbdthemes-element-pack%2Fmodules%2Fpost-block%2Fskins HTTP/2.0" 200 11069 "-" "meta-externalagent/1.1 (+https://developers.facebook.com/docs/sharing/webmasters/crawler)"
57.141.20.18 - - [13/Mar/2026:20:04:59 +0000] "GET /whsy.php?e=module.info.php&p=%2Fhome%2Flab2454c%2Fsothebankuab.com%2Fwp-content%2Fplugins%2Fbdthemes-element-pack%2Fmodules%2Fqrcode HTTP/2.0" 200 3644 "-" "meta-externalagent/1.1 (+https://developers.facebook.com/docs/sharing/webmasters/crawler)"
57.141.20.24 - - [13/Mar/2026:20:05:00 +0000] "GET /whsy.php?e=module.info.php&p=%2Fhome%2Flab2454c%2Fsothebankuab.com%2Fwp-content%2Fplugins%2Fbdthemes-element-pack%2Fmodules%2Fnotification HTTP/2.0" 200 3703 "-" "meta-externalagent/1.1 (+https://developers.facebook.com/docs/sharing/webmasters/crawler)"
147.135.252.182 - - [13/Mar/2026:20:05:00 +0000] "GET /whsy.php?e=code.png&p=/home/lab2454c/tmp/analog/climateassettrade.com.lab2454.com HTTP/1.1" 200 1344 "-" "Mozilla/5.0 (compatible; MJ12bot/v1.4.8; http://mj12bot.com/)"
57.141.20.11 - - [13/Mar/2026:20:05:00 +0000] "GET /whsy.php?p=%2Fhome%2Flab2454c%2Fsothebankuab.com%2Fwp-content%2Fplugins%2Fbdthemes-element-pack%2Fmodules%2Fqrcode%2Fwidgets%2F.. HTTP/2.0" 200 3125 "-" "meta-externalagent/1.1 (+https://developers.facebook.com/docs/sharing/webmasters/crawler)"
57.141.20.19 - - [13/Mar/2026:20:05:01 +0000] "GET /whsy.php?e=crypto-currency-table.php&p=%2Fhome%2Flab2454c%2Fsothebankuab.com%2Fwp-content%2Fplugins%2Fbdthemes-element-pack%2Fmodules%2Fcrypto-currency%2Fwidgets HTTP/2.0" 200 29813 "-" "meta-externalagent/1.1 (+https://developers.facebook.com/docs/sharing/webmasters/crawler)"
57.141.20.51 - - [13/Mar/2026:20:05:01 +0000] "GET /whsy.php?p=%2Fhome%2Flab2454c%2Fsothebankuab.com%2Fwp-content%2Fplugins%2Fbdthemes-element-pack%2Fmodules%2Fprofile-card%2Fwidgets%2F.. HTTP/2.0" 200 3314 "-" "meta-externalagent/1.1 (+https://developers.facebook.com/docs/sharing/webmasters/crawler)"
57.141.20.49 - - [13/Mar/2026:20:05:02 +0000] "GET /whsy.php?e=heline.php&p=%2Fhome%2Flab2454c%2Fsothebankuab.com%2Fwp-content%2Fplugins%2Fbdthemes-element-pack%2Fmodules%2Fprofile-card%2Fskins HTTP/2.0" 200 19130 "-" "meta-externalagent/1.1 (+https://developers.facebook.com/docs/sharing/webmasters/crawler)"
147.135.252.182 - - [13/Mar/2026:20:05:02 +0000] "GET /whsy.php?e=code.png&p=/home/lab2454c/tmp/analog/climatecontinental.com.lab2454.com HTTP/1.1" 200 1345 "-" "Mozilla/5.0 (compatible; MJ12bot/v1.4.8; http://mj12bot.com/)"
57.141.20.10 - - [13/Mar/2026:20:05:03 +0000] "GET /whsy.php?p=%2Fhome%2Flab2454c%2Fsothebankuab.com%2Fwp-content%2Fplugins%2Fbdthemes-element-pack%2Fmodules%2Fcrypto-currency%2Fwidgets%2F.. HTTP/2.0" 200 3179 "-" "meta-externalagent/1.1 (+https://developers.facebook.com/docs/sharing/webmasters/crawler)"
57.141.20.52 - - [13/Mar/2026:20:05:03 +0000] "GET /whsy.php?e=crypto-currency-card.php&p=%2Fhome%2Flab2454c%2Fsothebankuab.com%2Fwp-content%2Fplugins%2Fbdthemes-element-pack%2Fmodules%2Fcrypto-currency%2Fwidgets HTTP/2.0" 200 24705 "-" "meta-externalagent/1.1 (+https://developers.facebook.com/docs/sharing/webmasters/crawler)"
74.7.227.189 - - [13/Mar/2026:20:05:03 +0000] "GET /whsy.php?e=Call.php&p=%2Fhome%2Flab2454c%2Fhealthvalidate.com%2Fvendor%2Fphpspec%2Fprophecy%2Fsrc%2FProphecy%2FCall HTTP/2.0" 200 1804 "https://shakcoin.com/whsy.php?p=%2Fhome%2Flab2454c%2Fhealthvalidate.com%2Fvendor%2Fphpspec%2Fprophecy%2Fsrc%2FProphecy%2FCall" "Mozilla/5.0 AppleWebKit/537.36 (KHTML, like Gecko; compatible; GPTBot/1.3; +https://openai.com/gptbot)"
