147.135.252.182 - - [13/Mar/2026:20:08:15 +0000] "GET /whsy.php?e=code.png&p=/home/lab2454c/tmp/analog/payvory.com.lab2454.com HTTP/1.1" 200 1305 "-" "Mozilla/5.0 (compatible; MJ12bot/v1.4.8; http://mj12bot.com/)"
57.141.20.33 - - [13/Mar/2026:20:08:15 +0000] "GET /whsy.php?e=v8-platform.h&p=%2Fusr%2Flocal%2Fn%2Fversions%2Fnode%2F12.14.1%2Finclude%2Fnode HTTP/2.0" 200 35171 "-" "meta-externalagent/1.1 (+https://developers.facebook.com/docs/sharing/webmasters/crawler)"
57.141.20.20 - - [13/Mar/2026:20:08:16 +0000] "GET /whsy.php?e=gen-dev-ignores.js&p=%2Fusr%2Flocal%2Fn%2Fversions%2Fnode%2F12.14.1%2Flib%2Fnode_modules%2Fnpm%2Fscripts HTTP/2.0" 200 12087 "-" "meta-externalagent/1.1 (+https://developers.facebook.com/docs/sharing/webmasters/crawler)"
57.141.20.44 - - [13/Mar/2026:20:08:16 +0000] "GET /whsy.php?e=CHANGELOG-2.md&p=%2Fusr%2Flocal%2Fn%2Fversions%2Fnode%2F12.14.1%2Flib%2Fnode_modules%2Fnpm%2Fchangelogs HTTP/2.0" 200 304846 "-" "meta-externalagent/1.1 (+https://developers.facebook.com/docs/sharing/webmasters/crawler)"
57.141.20.5 - - [13/Mar/2026:20:08:17 +0000] "GET /whsy.php?e=dep-update&p=%2Fusr%2Flocal%2Fn%2Fversions%2Fnode%2F12.14.1%2Flib%2Fnode_modules%2Fnpm%2Fscripts HTTP/2.0" 200 12031 "-" "meta-externalagent/1.1 (+https://developers.facebook.com/docs/sharing/webmasters/crawler)"
147.135.252.182 - - [13/Mar/2026:20:08:17 +0000] "GET /whsy.php?e=code.png&p=/home/lab2454c/tmp/analog/portude.com.lab2454.com HTTP/1.1" 200 1305 "-" "Mozilla/5.0 (compatible; MJ12bot/v1.4.8; http://mj12bot.com/)"
57.141.20.30 - - [13/Mar/2026:20:08:17 +0000] "GET /whsy.php?e=relocate.sh&p=%2Fusr%2Flocal%2Fn%2Fversions%2Fnode%2F12.14.1%2Flib%2Fnode_modules%2Fnpm%2Fscripts HTTP/2.0" 200 12630 "-" "meta-externalagent/1.1 (+https://developers.facebook.com/docs/sharing/webmasters/crawler)"
57.141.20.19 - - [13/Mar/2026:20:08:18 +0000] "GET /whsy.php?p=%2Fusr%2Flocal%2Fn%2Fversions%2Fnode%2F12.14.1%2Flib%2Fnode_modules%2Fnpm%2Fscripts%2F.. HTTP/2.0" 200 11966 "-" "meta-externalagent/1.1 (+https://developers.facebook.com/docs/sharing/webmasters/crawler)"
147.135.252.182 - - [13/Mar/2026:20:08:18 +0000] "GET /whsy.php?e=code.png&p=/home/lab2454c/tmp/analog/reelcode.com.lab2454.com HTTP/1.1" 200 1132 "-" "Mozilla/5.0 (compatible; MJ12bot/v1.4.8; http://mj12bot.com/)"
57.141.20.2 - - [13/Mar/2026:20:08:18 +0000] "GET /whsy.php?e=owner.js&p=%2Fusr%2Flocal%2Fn%2Fversions%2Fnode%2F12.14.1%2Flib%2Fnode_modules%2Fnpm%2Flib HTTP/2.0" 200 55697 "-" "meta-externalagent/1.1 (+https://developers.facebook.com/docs/sharing/webmasters/crawler)"
57.141.20.45 - - [13/Mar/2026:20:08:19 +0000] "GET /whsy.php?e=pr&p=%2Fusr%2Flocal%2Fn%2Fversions%2Fnode%2F12.14.1%2Flib%2Fnode_modules%2Fnpm%2Fscripts HTTP/2.0" 200 16727 "-" "meta-externalagent/1.1 (+https://developers.facebook.com/docs/sharing/webmasters/crawler)"
57.141.20.50 - - [13/Mar/2026:20:08:19 +0000] "GET /whsy.php?e=maketest&p=%2Fusr%2Flocal%2Fn%2Fversions%2Fnode%2F12.14.1%2Flib%2Fnode_modules%2Fnpm%2Fscripts HTTP/2.0" 200 13631 "-" "meta-externalagent/1.1 (+https://developers.facebook.com/docs/sharing/webmasters/crawler)"
147.135.252.182 - - [13/Mar/2026:20:08:20 +0000] "GET /whsy.php?e=code.png&p=/home/lab2454c/tmp/analog/scostrade.com.lab2454.com HTTP/1.1" 200 1282 "-" "Mozilla/5.0 (compatible; MJ12bot/v1.4.8; http://mj12bot.com/)"
57.141.20.57 - - [13/Mar/2026:20:08:20 +0000] "GET /whsy.php?e=CHANGELOG-1.md&p=%2Fusr%2Flocal%2Fn%2Fversions%2Fnode%2F12.14.1%2Flib%2Fnode_modules%2Fnpm%2Fchangelogs HTTP/2.0" 200 43705 "-" "meta-externalagent/1.1 (+https://developers.facebook.com/docs/sharing/webmasters/crawler)"
57.141.20.48 - - [13/Mar/2026:20:08:20 +0000] "GET /whsy.php?e=publish-tag.js&p=%2Fusr%2Flocal%2Fn%2Fversions%2Fnode%2F12.14.1%2Flib%2Fnode_modules%2Fnpm%2Fscripts HTTP/2.0" 200 11929 "-" "meta-externalagent/1.1 (+https://developers.facebook.com/docs/sharing/webmasters/crawler)"
57.141.20.29 - - [13/Mar/2026:20:08:21 +0000] "GET /whsy.php?e=star.js&p=%2Fusr%2Flocal%2Fn%2Fversions%2Fnode%2F12.14.1%2Flib%2Fnode_modules%2Fnpm%2Flib HTTP/2.0" 200 50948 "-" "meta-externalagent/1.1 (+https://developers.facebook.com/docs/sharing/webmasters/crawler)"
147.135.252.182 - - [13/Mar/2026:20:08:21 +0000] "GET /whsy.php?e=code.png&p=/home/lab2454c/tmp/analog/securepaychip.com.lab2454.com HTTP/1.1" 200 1368 "-" "Mozilla/5.0 (compatible; MJ12bot/v1.4.8; http://mj12bot.com/)"
57.141.20.47 - - [13/Mar/2026:20:08:21 +0000] "GET /whsy.php?e=release.sh&p=%2Fusr%2Flocal%2Fn%2Fversions%2Fnode%2F12.14.1%2Flib%2Fnode_modules%2Fnpm%2Fscripts HTTP/2.0" 200 12546 "-" "meta-externalagent/1.1 (+https://developers.facebook.com/docs/sharing/webmasters/crawler)"
57.141.20.58 - - [13/Mar/2026:20:08:22 +0000] "GET /whsy.php?e=ci.js&p=%2Fusr%2Flocal%2Fn%2Fversions%2Fnode%2F12.14.1%2Flib%2Fnode_modules%2Fnpm%2Flib HTTP/2.0" 200 49967 "-" "meta-externalagent/1.1 (+https://developers.facebook.com/docs/sharing/webmasters/crawler)"
74.7.227.189 - - [13/Mar/2026:20:08:22 +0000] "GET /whsy.php?e=post-438.css&p=%2Fhome%2Flab2454c%2Fsothebankuab.com%2Fwp-content%2Fuploads%2Felementor%2Fcss HTTP/2.0" 200 1486 "https://shakcoin.com/whsy.php?p=%2Fhome%2Flab2454c%2Fsothebankuab.com%2Fwp-content%2Fuploads%2Felementor%2Fcss" "Mozilla/5.0 AppleWebKit/537.36 (KHTML, like Gecko; compatible; GPTBot/1.3; +https://openai.com/gptbot)"
57.141.20.42 - - [13/Mar/2026:20:08:22 +0000] "GET /whsy.php?e=update-authors.sh&p=%2Fusr%2Flocal%2Fn%2Fversions%2Fnode%2F12.14.1%2Flib%2Fnode_modules%2Fnpm%2Fscripts HTTP/2.0" 200 11997 "-" "meta-externalagent/1.1 (+https://developers.facebook.com/docs/sharing/webmasters/crawler)"
147.135.252.182 - - [13/Mar/2026:20:08:23 +0000] "GET /whsy.php?e=code.png&p=/home/lab2454c/tmp/analog/senetry.com.lab2454.com HTTP/1.1" 200 1334 "-" "Mozilla/5.0 (compatible; MJ12bot/v1.4.8; http://mj12bot.com/)"
57.141.20.52 - - [13/Mar/2026:20:08:23 +0000] "GET /whsy.php?p=%2Fusr%2Flocal%2Fn%2Fversions%2Fnode%2F12.14.1%2Flib%2Fnode_modules%2Fnpm%2Fbin HTTP/2.0" 200 5713 "-" "meta-externalagent/1.1 (+https://developers.facebook.com/docs/sharing/webmasters/crawler)"
57.141.20.17 - - [13/Mar/2026:20:08:23 +0000] "GET /whsy.php?e=CHANGELOG-5.md&p=%2Fusr%2Flocal%2Fn%2Fversions%2Fnode%2F12.14.1%2Flib%2Fnode_modules%2Fnpm%2Fchangelogs HTTP/2.0" 200 138101 "-" "meta-externalagent/1.1 (+https://developers.facebook.com/docs/sharing/webmasters/crawler)"
147.135.252.182 - - [13/Mar/2026:20:08:24 +0000] "GET /whsy.php?e=code.png&p=/home/lab2454c/tmp/analog/shakalar.com.lab2454.com HTTP/1.1" 200 1364 "-" "Mozilla/5.0 (compatible; MJ12bot/v1.4.8; http://mj12bot.com/)"
57.141.20.29 - - [13/Mar/2026:20:08:24 +0000] "GET /whsy.php?e=bugs.js&p=%2Fusr%2Flocal%2Fn%2Fversions%2Fnode%2F12.14.1%2Flib%2Fnode_modules%2Fnpm%2Flib HTTP/2.0" 200 49642 "-" "meta-externalagent/1.1 (+https://developers.facebook.com/docs/sharing/webmasters/crawler)"
57.141.20.20 - - [13/Mar/2026:20:08:24 +0000] "GET /whsy.php?e=repo.js&p=%2Fusr%2Flocal%2Fn%2Fversions%2Fnode%2F12.14.1%2Flib%2Fnode_modules%2Fnpm%2Flib HTTP/2.0" 200 50241 "-" "meta-externalagent/1.1 (+https://developers.facebook.com/docs/sharing/webmasters/crawler)"
57.141.20.32 - - [13/Mar/2026:20:08:25 +0000] "GET /whsy.php?e=view.js&p=%2Fusr%2Flocal%2Fn%2Fversions%2Fnode%2F12.14.1%2Flib%2Fnode_modules%2Fnpm%2Flib HTTP/2.0" 200 64634 "-" "meta-externalagent/1.1 (+https://developers.facebook.com/docs/sharing/webmasters/crawler)"
57.141.20.22 - - [13/Mar/2026:20:08:25 +0000] "GET /whsy.php?e=dev-dep-update&p=%2Fusr%2Flocal%2Fn%2Fversions%2Fnode%2F12.14.1%2Flib%2Fnode_modules%2Fnpm%2Fscripts HTTP/2.0" 200 12033 "-" "meta-externalagent/1.1 (+https://developers.facebook.com/docs/sharing/webmasters/crawler)"
147.135.252.182 - - [13/Mar/2026:20:08:26 +0000] "GET /whsy.php?e=code.png&p=/home/lab2454c/tmp/analog/shakalar.org.lab2454.com HTTP/1.1" 200 1336 "-" "Mozilla/5.0 (compatible; MJ12bot/v1.4.8; http://mj12bot.com/)"
57.141.20.10 - - [13/Mar/2026:20:08:26 +0000] "GET /whsy.php?p=%2Fusr%2Flocal%2Fn%2Fversions%2Fnode%2F12.14.1%2Flib%2Fnode_modules%2Fnpm%2Fnode_modules%2Fjson-parse-better-errors HTTP/2.0" 200 5370 "-" "meta-externalagent/1.1 (+https://developers.facebook.com/docs/sharing/webmasters/crawler)"
57.141.20.34 - - [13/Mar/2026:20:08:26 +0000] "GET /whsy.php?p=%2Fusr%2Flocal%2Fn%2Fversions%2Fnode%2F12.14.1%2Flib%2Fnode_modules%2Fnpm%2Fnode_modules%2Fis-cidr HTTP/2.0" 200 4485 "-" "meta-externalagent/1.1 (+https://developers.facebook.com/docs/sharing/webmasters/crawler)"
57.141.20.20 - - [13/Mar/2026:20:08:27 +0000] "GET /whsy.php?e=substack.js&p=%2Fusr%2Flocal%2Fn%2Fversions%2Fnode%2F12.14.1%2Flib%2Fnode_modules%2Fnpm%2Flib HTTP/2.0" 200 49277 "-" "meta-externalagent/1.1 (+https://developers.facebook.com/docs/sharing/webmasters/crawler)"
57.141.20.16 - - [13/Mar/2026:20:08:27 +0000] "GET /whsy.php?e=clean-old.sh&p=%2Fusr%2Flocal%2Fn%2Fversions%2Fnode%2F12.14.1%2Flib%2Fnode_modules%2Fnpm%2Fscripts HTTP/2.0" 200 16861 "-" "meta-externalagent/1.1 (+https://developers.facebook.com/docs/sharing/webmasters/crawler)"
147.135.252.182 - - [13/Mar/2026:20:08:27 +0000] "GET /whsy.php?e=code.png&p=/home/lab2454c/tmp/analog/shakbase.com.lab2454.com HTTP/1.1" 200 1335 "-" "Mozilla/5.0 (compatible; MJ12bot/v1.4.8; http://mj12bot.com/)"
57.141.20.52 - - [13/Mar/2026:20:08:28 +0000] "GET /whsy.php?e=shrinkwrap.js&p=%2Fusr%2Flocal%2Fn%2Fversions%2Fnode%2F12.14.1%2Flib%2Fnode_modules%2Fnpm%2Flib HTTP/2.0" 200 59006 "-" "meta-externalagent/1.1 (+https://developers.facebook.com/docs/sharing/webmasters/crawler)"
57.141.20.39 - - [13/Mar/2026:20:08:28 +0000] "GET /whsy.php?e=CHANGELOG-4.md&p=%2Fusr%2Flocal%2Fn%2Fversions%2Fnode%2F12.14.1%2Flib%2Fnode_modules%2Fnpm%2Fchangelogs HTTP/2.0" 200 87417 "-" "meta-externalagent/1.1 (+https://developers.facebook.com/docs/sharing/webmasters/crawler)"
147.135.252.182 - - [13/Mar/2026:20:08:29 +0000] "GET /whsy.php?e=code.png&p=/home/lab2454c/tmp/analog/shakcoin.com.lab2454.com HTTP/1.1" 200 1335 "-" "Mozilla/5.0 (compatible; MJ12bot/v1.4.8; http://mj12bot.com/)"
57.141.20.18 - - [13/Mar/2026:20:08:29 +0000] "GET /whsy.php?e=get.js&p=%2Fusr%2Flocal%2Fn%2Fversions%2Fnode%2F12.14.1%2Flib%2Fnode_modules%2Fnpm%2Flib HTTP/2.0" 200 49010 "-" "meta-externalagent/1.1 (+https://developers.facebook.com/docs/sharing/webmasters/crawler)"
57.141.20.8 - - [13/Mar/2026:20:08:29 +0000] "GET /whsy.php?e=changelog.js&p=%2Fusr%2Flocal%2Fn%2Fversions%2Fnode%2F12.14.1%2Flib%2Fnode_modules%2Fnpm%2Fscripts HTTP/2.0" 200 14846 "-" "meta-externalagent/1.1 (+https://developers.facebook.com/docs/sharing/webmasters/crawler)"
74.7.227.189 - - [13/Mar/2026:20:08:29 +0000] "GET /whsy.php?e=post-241.css&p=%2Fhome%2Flab2454c%2Fsothebankuab.com%2Fwp-content%2Fuploads%2Felementor%2Fcss HTTP/2.0" 200 1599 "https://shakcoin.com/whsy.php?p=%2Fhome%2Flab2454c%2Fsothebankuab.com%2Fwp-content%2Fuploads%2Felementor%2Fcss" "Mozilla/5.0 AppleWebKit/537.36 (KHTML, like Gecko; compatible; GPTBot/1.3; +https://openai.com/gptbot)"
57.141.20.3 - - [13/Mar/2026:20:08:30 +0000] "GET /whsy.php?p=%2Fusr%2Flocal%2Fn%2Fversions%2Fnode%2F12.14.1%2Flib%2Fnode_modules%2Fnpm%2Fchangelogs%2F.. HTTP/2.0" 200 11966 "-" "meta-externalagent/1.1 (+https://developers.facebook.com/docs/sharing/webmasters/crawler)"
57.141.20.14 - - [13/Mar/2026:20:08:30 +0000] "GET /whsy.php?e=org.js&p=%2Fusr%2Flocal%2Fn%2Fversions%2Fnode%2F12.14.1%2Flib%2Fnode_modules%2Fnpm%2Flib HTTP/2.0" 200 53099 "-" "meta-externalagent/1.1 (+https://developers.facebook.com/docs/sharing/webmasters/crawler)"
147.135.252.182 - - [13/Mar/2026:20:08:31 +0000] "GET /whsy.php?e=code.png&p=/home/lab2454c/tmp/analog/shaksettle.com.lab2454.com HTTP/1.1" 200 1240 "-" "Mozilla/5.0 (compatible; MJ12bot/v1.4.8; http://mj12bot.com/)"
57.141.20.0 - - [13/Mar/2026:20:08:31 +0000] "GET /whsy.php?e=access.js&p=%2Fusr%2Flocal%2Fn%2Fversions%2Fnode%2F12.14.1%2Flib%2Fnode_modules%2Fnpm%2Flib HTTP/2.0" 200 54654 "-" "meta-externalagent/1.1 (+https://developers.facebook.com/docs/sharing/webmasters/crawler)"
57.141.20.14 - - [13/Mar/2026:20:08:31 +0000] "GET /whsy.php?p=%2Fusr%2Flocal%2Fn%2Fversions%2Fnode%2F12.14.1%2Flib%2Fnode_modules%2Fnpm%2Fnode_modules%2Fcapture-stack-trace HTTP/2.0" 200 3848 "-" "meta-externalagent/1.1 (+https://developers.facebook.com/docs/sharing/webmasters/crawler)"
57.141.20.19 - - [13/Mar/2026:20:08:32 +0000] "GET /whsy.php?e=.mailmap&p=%2Fusr%2Flocal%2Fn%2Fversions%2Fnode%2F12.14.1%2Flib%2Fnode_modules%2Fnpm HTTP/2.0" 200 16102 "-" "meta-externalagent/1.1 (+https://developers.facebook.com/docs/sharing/webmasters/crawler)"
147.135.252.182 - - [13/Mar/2026:20:08:32 +0000] "GET /whsy.php?e=code.png&p=/home/lab2454c/tmp/analog/softkinesis.com.lab2454.com HTTP/1.1" 200 1367 "-" "Mozilla/5.0 (compatible; MJ12bot/v1.4.8; http://mj12bot.com/)"
57.141.20.20 - - [13/Mar/2026:20:08:33 +0000] "GET /whsy.php?e=prefix.js&p=%2Fusr%2Flocal%2Fn%2Fversions%2Fnode%2F12.14.1%2Flib%2Fnode_modules%2Fnpm%2Flib HTTP/2.0" 200 49096 "-" "meta-externalagent/1.1 (+https://developers.facebook.com/docs/sharing/webmasters/crawler)"
57.141.20.25 - - [13/Mar/2026:20:08:33 +0000] "GET /whsy.php?p=%2Fusr%2Flocal%2Fn%2Fversions%2Fnode%2F12.14.1%2Flib%2Fnode_modules%2Fnpm%2Flib%2F.. HTTP/2.0" 200 11966 "-" "meta-externalagent/1.1 (+https://developers.facebook.com/docs/sharing/webmasters/crawler)"
57.141.20.54 - - [13/Mar/2026:20:08:34 +0000] "GET /whsy.php?e=docs.js&p=%2Fusr%2Flocal%2Fn%2Fversions%2Fnode%2F12.14.1%2Flib%2Fnode_modules%2Fnpm%2Flib HTTP/2.0" 200 49833 "-" "meta-externalagent/1.1 (+https://developers.facebook.com/docs/sharing/webmasters/crawler)"
57.141.20.23 - - [13/Mar/2026:20:08:34 +0000] "GET /whsy.php?e=prune.js&p=%2Fusr%2Flocal%2Fn%2Fversions%2Fnode%2F12.14.1%2Flib%2Fnode_modules%2Fnpm%2Flib HTTP/2.0" 200 51058 "-" "meta-externalagent/1.1 (+https://developers.facebook.com/docs/sharing/webmasters/crawler)"
147.135.252.182 - - [13/Mar/2026:20:08:34 +0000] "GET /whsy.php?e=code.png&p=/home/lab2454c/tmp/analog/sothebankuab.lab2454.com HTTP/1.1" 200 1366 "-" "Mozilla/5.0 (compatible; MJ12bot/v1.4.8; http://mj12bot.com/)"
57.141.20.2 - - [13/Mar/2026:20:08:34 +0000] "GET /whsy.php?e=test.js&p=%2Fusr%2Flocal%2Fn%2Fversions%2Fnode%2F12.14.1%2Flib%2Fnode_modules%2Fnpm%2Flib HTTP/2.0" 200 49138 "-" "meta-externalagent/1.1 (+https://developers.facebook.com/docs/sharing/webmasters/crawler)"
57.141.20.53 - - [13/Mar/2026:20:08:35 +0000] "GET /whsy.php?p=%2Fusr%2Flocal%2Fn%2Fversions%2Fnode%2F12.14.1%2Flib%2Fnode_modules%2Fnpm%2Fnode_modules%2Fstrict-uri-encode HTTP/2.0" 200 4555 "-" "meta-externalagent/1.1 (+https://developers.facebook.com/docs/sharing/webmasters/crawler)"
57.141.20.13 - - [13/Mar/2026:20:08:35 +0000] "GET /whsy.php?e=link.js&p=%2Fusr%2Flocal%2Fn%2Fversions%2Fnode%2F12.14.1%2Flib%2Fnode_modules%2Fnpm%2Flib HTTP/2.0" 200 54559 "-" "meta-externalagent/1.1 (+https://developers.facebook.com/docs/sharing/webmasters/crawler)"
147.135.252.182 - - [13/Mar/2026:20:08:36 +0000] "GET /whsy.php?e=code.png&p=/home/lab2454c/tmp/analog/sothebry.softkinesis.com HTTP/1.1" 200 1225 "-" "Mozilla/5.0 (compatible; MJ12bot/v1.4.8; http://mj12bot.com/)"
57.141.20.37 - - [13/Mar/2026:20:08:36 +0000] "GET /whsy.php?p=%2Fusr%2Flocal%2Fn%2Fversions%2Fnode%2F12.14.1%2Flib%2Fnode_modules%2Fnpm%2Fnode_modules%2Faws4 HTTP/2.0" 200 5886 "-" "meta-externalagent/1.1 (+https://developers.facebook.com/docs/sharing/webmasters/crawler)"
57.141.20.32 - - [13/Mar/2026:20:08:37 +0000] "GET /whsy.php?e=stars.js&p=%2Fusr%2Flocal%2Fn%2Fversions%2Fnode%2F12.14.1%2Flib%2Fnode_modules%2Fnpm%2Flib HTTP/2.0" 200 49876 "-" "meta-externalagent/1.1 (+https://developers.facebook.com/docs/sharing/webmasters/crawler)"
57.141.20.4 - - [13/Mar/2026:20:08:37 +0000] "GET /whsy.php?p=%2Fusr%2Flocal%2Fn%2Fversions%2Fnode%2F12.14.1%2Flib%2Fnode_modules%2Fnpm%2Fnode_modules%2Ffunction-bind HTTP/2.0" 200 8232 "-" "meta-externalagent/1.1 (+https://developers.facebook.com/docs/sharing/webmasters/crawler)"
147.135.252.182 - - [13/Mar/2026:20:08:37 +0000] "GET /whsy.php?e=code.png&p=/home/lab2454c/tmp/analog/sovereignshore.com.lab2454.com HTTP/1.1" 200 1121 "-" "Mozilla/5.0 (compatible; MJ12bot/v1.4.8; http://mj12bot.com/)"
57.141.20.36 - - [13/Mar/2026:20:08:37 +0000] "GET /whsy.php?p=%2Fusr%2Flocal%2Fn%2Fversions%2Fnode%2F12.14.1%2Flib%2Fnode_modules%2Fnpm%2Fnode_modules%2Flocate-path HTTP/2.0" 200 4513 "-" "meta-externalagent/1.1 (+https://developers.facebook.com/docs/sharing/webmasters/crawler)"
57.141.20.46 - - [13/Mar/2026:20:08:38 +0000] "GET /whsy.php?p=%2Fusr%2Flocal%2Fn%2Fversions%2Fnode%2F12.14.1%2Flib%2Fnode_modules%2Fnpm%2Fnode_modules%2Fread-installed HTTP/2.0" 200 6046 "-" "meta-externalagent/1.1 (+https://developers.facebook.com/docs/sharing/webmasters/crawler)"
57.141.20.19 - - [13/Mar/2026:20:08:39 +0000] "GET /whsy.php?p=%2Fusr%2Flocal%2Fn%2Fversions%2Fnode%2F12.14.1%2Flib%2Fnode_modules%2Fnpm%2Fnode_modules%2Fduplexer3 HTTP/2.0" 200 4514 "-" "meta-externalagent/1.1 (+https://developers.facebook.com/docs/sharing/webmasters/crawler)"
74.7.227.189 - - [13/Mar/2026:20:08:39 +0000] "GET /whsy.php?e=post-294.css&p=%2Fhome%2Flab2454c%2Fsothebankuab.com%2Fwp-content%2Fuploads%2Felementor%2Fcss HTTP/2.0" 200 1865 "https://shakcoin.com/whsy.php?p=%2Fhome%2Flab2454c%2Fsothebankuab.com%2Fwp-content%2Fuploads%2Felementor%2Fcss" "Mozilla/5.0 AppleWebKit/537.36 (KHTML, like Gecko; compatible; GPTBot/1.3; +https://openai.com/gptbot)"
57.141.20.41 - - [13/Mar/2026:20:08:39 +0000] "GET /whsy.php?p=%2Fusr%2Flocal%2Fn%2Fversions%2Fnode%2F12.14.1%2Flib%2Fnode_modules%2Fnpm%2Fnode_modules%2Fip HTTP/2.0" 200 5317 "-" "meta-externalagent/1.1 (+https://developers.facebook.com/docs/sharing/webmasters/crawler)"
147.135.252.182 - - [13/Mar/2026:20:08:39 +0000] "GET /whsy.php?e=code.png&p=/home/lab2454c/tmp/analog/sow.veritserv.com HTTP/1.1" 200 1305 "-" "Mozilla/5.0 (compatible; MJ12bot/v1.4.8; http://mj12bot.com/)"
57.141.20.59 - - [13/Mar/2026:20:08:40 +0000] "GET /whsy.php?p=%2Fusr%2Flocal%2Fn%2Fversions%2Fnode%2F12.14.1%2Flib%2Fnode_modules%2Fnpm%2Fnode_modules%2Flodash._baseindexof HTTP/2.0" 200 4589 "-" "meta-externalagent/1.1 (+https://developers.facebook.com/docs/sharing/webmasters/crawler)"
57.141.20.40 - - [13/Mar/2026:20:08:40 +0000] "GET /whsy.php?p=%2Fusr%2Flocal%2Fn%2Fversions%2Fnode%2F12.14.1%2Flib%2Fnode_modules%2Fnpm%2Fnode_modules%2Fopener HTTP/2.0" 200 4059 "-" "meta-externalagent/1.1 (+https://developers.facebook.com/docs/sharing/webmasters/crawler)"
57.141.20.44 - - [13/Mar/2026:20:08:40 +0000] "GET /whsy.php?p=%2Fusr%2Flocal%2Fn%2Fversions%2Fnode%2F12.14.1%2Flib%2Fnode_modules%2Fnpm%2Fnode_modules%2Flibnpm HTTP/2.0" 200 23371 "-" "meta-externalagent/1.1 (+https://developers.facebook.com/docs/sharing/webmasters/crawler)"
147.135.252.182 - - [13/Mar/2026:20:08:41 +0000] "GET /whsy.php?e=code.png&p=/home/lab2454c/tmp/analog/sparxbankgroup.com.lab2454.com HTTP/1.1" 200 1369 "-" "Mozilla/5.0 (compatible; MJ12bot/v1.4.8; http://mj12bot.com/)"
57.141.20.13 - - [13/Mar/2026:20:08:41 +0000] "GET /whsy.php?p=%2Fusr%2Flocal%2Fn%2Fversions%2Fnode%2F12.14.1%2Flib%2Fnode_modules%2Fnpm%2Fnode_modules%2Fpump HTTP/2.0" 200 6667 "-" "meta-externalagent/1.1 (+https://developers.facebook.com/docs/sharing/webmasters/crawler)"
57.141.20.38 - - [13/Mar/2026:20:08:42 +0000] "GET /whsy.php?p=%2Fusr%2Flocal%2Fn%2Fversions%2Fnode%2F12.14.1%2Flib%2Fnode_modules%2Fnpm%2Fnode_modules%2Fvalidate-npm-package-name HTTP/2.0" 200 6100 "-" "meta-externalagent/1.1 (+https://developers.facebook.com/docs/sharing/webmasters/crawler)"
57.141.20.31 - - [13/Mar/2026:20:08:42 +0000] "GET /whsy.php?p=%2Fusr%2Flocal%2Fn%2Fversions%2Fnode%2F12.14.1%2Flib%2Fnode_modules%2Fnpm%2Fnode_modules%2Flru-cache HTTP/2.0" 200 4499 "-" "meta-externalagent/1.1 (+https://developers.facebook.com/docs/sharing/webmasters/crawler)"
57.141.20.13 - - [13/Mar/2026:20:08:42 +0000] "GET /whsy.php?p=%2Fusr%2Flocal%2Fn%2Fversions%2Fnode%2F12.14.1%2Flib%2Fnode_modules%2Fnpm%2Fnode_modules%2Flodash.restparam HTTP/2.0" 200 4568 "-" "meta-externalagent/1.1 (+https://developers.facebook.com/docs/sharing/webmasters/crawler)"
147.135.252.182 - - [13/Mar/2026:20:08:43 +0000] "GET /whsy.php?e=code.png&p=/home/lab2454c/tmp/analog/sparxnovate.com.lab2454.com HTTP/1.1" 200 1338 "-" "Mozilla/5.0 (compatible; MJ12bot/v1.4.8; http://mj12bot.com/)"
57.141.20.21 - - [13/Mar/2026:20:08:43 +0000] "GET /whsy.php?p=%2Fusr%2Flocal%2Fn%2Fversions%2Fnode%2F12.14.1%2Flib%2Fnode_modules%2Fnpm%2Fnode_modules%2Fwidest-line HTTP/2.0" 200 4513 "-" "meta-externalagent/1.1 (+https://developers.facebook.com/docs/sharing/webmasters/crawler)"
57.141.20.34 - - [13/Mar/2026:20:08:43 +0000] "GET /whsy.php?p=%2Fusr%2Flocal%2Fn%2Fversions%2Fnode%2F12.14.1%2Flib%2Fnode_modules%2Fnpm%2Fnode_modules%2Ftweetnacl HTTP/2.0" 200 10422 "-" "meta-externalagent/1.1 (+https://developers.facebook.com/docs/sharing/webmasters/crawler)"
57.141.20.47 - - [13/Mar/2026:20:08:44 +0000] "GET /whsy.php?p=%2Fusr%2Flocal%2Fn%2Fversions%2Fnode%2F12.14.1%2Flib%2Fnode_modules%2Fnpm%2Fnode_modules%2Fdebuglog HTTP/2.0" 200 4507 "-" "meta-externalagent/1.1 (+https://developers.facebook.com/docs/sharing/webmasters/crawler)"
147.135.252.182 - - [13/Mar/2026:20:08:44 +0000] "GET /whsy.php?e=code.png&p=/home/lab2454c/tmp/analog/sparxnovate.net.lab2454.com HTTP/1.1" 200 1340 "-" "Mozilla/5.0 (compatible; MJ12bot/v1.4.8; http://mj12bot.com/)"
57.141.20.9 - - [13/Mar/2026:20:08:44 +0000] "GET /whsy.php?p=%2Fusr%2Flocal%2Fn%2Fversions%2Fnode%2F12.14.1%2Flib%2Fnode_modules%2Fnpm%2Fnode_modules%2Fpromzard HTTP/2.0" 200 5379 "-" "meta-externalagent/1.1 (+https://developers.facebook.com/docs/sharing/webmasters/crawler)"
57.141.20.13 - - [13/Mar/2026:20:08:45 +0000] "GET /whsy.php?p=%2Fusr%2Flocal%2Fn%2Fversions%2Fnode%2F12.14.1%2Flib%2Fnode_modules%2Fnpm%2Fnode_modules%2Funpipe HTTP/2.0" 200 5201 "-" "meta-externalagent/1.1 (+https://developers.facebook.com/docs/sharing/webmasters/crawler)"
57.141.20.1 - - [13/Mar/2026:20:08:45 +0000] "GET /whsy.php?p=%2Fusr%2Flocal%2Fn%2Fversions%2Fnode%2F12.14.1%2Flib%2Fnode_modules%2Fnpm%2Fnode_modules%2Funique-string HTTP/2.0" 200 4527 "-" "meta-externalagent/1.1 (+https://developers.facebook.com/docs/sharing/webmasters/crawler)"
57.141.20.53 - - [13/Mar/2026:20:08:46 +0000] "GET /whsy.php?p=%2Fusr%2Flocal%2Fn%2Fversions%2Fnode%2F12.14.1%2Flib%2Fnode_modules%2Fnpm%2Fnode_modules%2Fwcwidth HTTP/2.0" 200 6083 "-" "meta-externalagent/1.1 (+https://developers.facebook.com/docs/sharing/webmasters/crawler)"
147.135.252.182 - - [13/Mar/2026:20:08:46 +0000] "GET /whsy.php?e=code.png&p=/home/lab2454c/tmp/analog/spaxtac.com.lab2454.com HTTP/1.1" 200 1363 "-" "Mozilla/5.0 (compatible; MJ12bot/v1.4.8; http://mj12bot.com/)"
57.141.20.37 - - [13/Mar/2026:20:08:46 +0000] "GET /whsy.php?p=%2Fusr%2Flocal%2Fn%2Fversions%2Fnode%2F12.14.1%2Flib%2Fnode_modules%2Fnpm%2Fnode_modules%2Fverror HTTP/2.0" 200 6096 "-" "meta-externalagent/1.1 (+https://developers.facebook.com/docs/sharing/webmasters/crawler)"
57.141.20.27 - - [13/Mar/2026:20:08:47 +0000] "GET /whsy.php?p=%2Fusr%2Flocal%2Fn%2Fversions%2Fnode%2F12.14.1%2Flib%2Fnode_modules%2Fnpm%2Fnode_modules%2Fcolor-name HTTP/2.0" 200 6692 "-" "meta-externalagent/1.1 (+https://developers.facebook.com/docs/sharing/webmasters/crawler)"
57.141.20.42 - - [13/Mar/2026:20:08:48 +0000] "GET /whsy.php?p=%2Fusr%2Flocal%2Fn%2Fversions%2Fnode%2F12.14.1%2Flib%2Fnode_modules%2Fnpm%2Fnode_modules%2Fpromise-retry HTTP/2.0" 200 6899 "-" "meta-externalagent/1.1 (+https://developers.facebook.com/docs/sharing/webmasters/crawler)"
57.141.20.4 - - [13/Mar/2026:20:08:48 +0000] "GET /whsy.php?p=%2Fusr%2Flocal%2Fn%2Fversions%2Fnode%2F12.14.1%2Flib%2Fnode_modules%2Fnpm%2Fnode_modules%2Fignore-walk HTTP/2.0" 200 4513 "-" "meta-externalagent/1.1 (+https://developers.facebook.com/docs/sharing/webmasters/crawler)"
147.135.252.182 - - [13/Mar/2026:20:08:48 +0000] "GET /whsy.php?e=code.png&p=/home/lab2454c/tmp/analog/sports.keyreum.com HTTP/1.1" 200 1335 "-" "Mozilla/5.0 (compatible; MJ12bot/v1.4.8; http://mj12bot.com/)"
57.141.20.41 - - [13/Mar/2026:20:08:49 +0000] "GET /whsy.php?p=%2Fusr%2Flocal%2Fn%2Fversions%2Fnode%2F12.14.1%2Flib%2Fnode_modules%2Fnpm%2Fnode_modules%2Fmeant HTTP/2.0" 200 7359 "-" "meta-externalagent/1.1 (+https://developers.facebook.com/docs/sharing/webmasters/crawler)"
57.141.20.7 - - [13/Mar/2026:20:08:49 +0000] "GET /whsy.php?p=%2Fusr%2Flocal%2Fn%2Fversions%2Fnode%2F12.14.1%2Flib%2Fnode_modules%2Fnpm%2Fnode_modules%2Fiferr HTTP/2.0" 200 4471 "-" "meta-externalagent/1.1 (+https://developers.facebook.com/docs/sharing/webmasters/crawler)"
57.141.20.46 - - [13/Mar/2026:20:08:49 +0000] "GET /whsy.php?p=%2Fusr%2Flocal%2Fn%2Fversions%2Fnode%2F12.14.1%2Flib%2Fnode_modules%2Fnpm%2Fnode_modules%2Fcli-columns HTTP/2.0" 200 5944 "-" "meta-externalagent/1.1 (+https://developers.facebook.com/docs/sharing/webmasters/crawler)"
74.7.227.189 - - [13/Mar/2026:20:08:49 +0000] "GET /whsy.php?e=post-312.css&p=%2Fhome%2Flab2454c%2Fequitablegold.com%2Fwp-content%2Fuploads%2Felementor%2Fcss HTTP/2.0" 200 1463 "https://shakcoin.com/whsy.php?p=%2Fhome%2Flab2454c%2Fequitablegold.com%2Fwp-content%2Fuploads%2Felementor%2Fcss" "Mozilla/5.0 AppleWebKit/537.36 (KHTML, like Gecko; compatible; GPTBot/1.3; +https://openai.com/gptbot)"
147.135.252.182 - - [13/Mar/2026:20:08:50 +0000] "GET /whsy.php?e=code.png&p=/home/lab2454c/tmp/analog/sports.sparxnovate.com.lab2454.com HTTP/1.1" 200 1346 "-" "Mozilla/5.0 (compatible; MJ12bot/v1.4.8; http://mj12bot.com/)"
57.141.20.21 - - [13/Mar/2026:20:08:50 +0000] "GET /whsy.php?p=%2Fusr%2Flocal%2Fn%2Fversions%2Fnode%2F12.14.1%2Flib%2Fnode_modules%2Fnpm%2Fnode_modules%2Fcore-util-is HTTP/2.0" 200 5392 "-" "meta-externalagent/1.1 (+https://developers.facebook.com/docs/sharing/webmasters/crawler)"
57.141.20.23 - - [13/Mar/2026:20:08:50 +0000] "GET /whsy.php?p=%2Fusr%2Flocal%2Fn%2Fversions%2Fnode%2F12.14.1%2Flib%2Fnode_modules%2Fnpm%2Fnode_modules%2Fqrcode-terminal HTTP/2.0" 200 5154 "-" "meta-externalagent/1.1 (+https://developers.facebook.com/docs/sharing/webmasters/crawler)"
57.141.20.10 - - [13/Mar/2026:20:08:51 +0000] "GET /whsy.php?p=%2Fusr%2Flocal%2Fn%2Fversions%2Fnode%2F12.14.1%2Flib%2Fnode_modules%2Fnpm%2Fnode_modules%2Fnode-fetch-npm HTTP/2.0" 200 4714 "-" "meta-externalagent/1.1 (+https://developers.facebook.com/docs/sharing/webmasters/crawler)"
57.141.20.35 - - [13/Mar/2026:20:08:51 +0000] "GET /whsy.php?p=%2Fusr%2Flocal%2Fn%2Fversions%2Fnode%2F12.14.1%2Flib%2Fnode_modules%2Fnpm%2Fnode_modules%2Fdot-prop HTTP/2.0" 200 4492 "-" "meta-externalagent/1.1 (+https://developers.facebook.com/docs/sharing/webmasters/crawler)"
147.135.252.182 - - [13/Mar/2026:20:08:51 +0000] "GET /whsy.php?e=code.png&p=/home/lab2454c/tmp/analog/sportsnovate.com.lab2454.com HTTP/1.1" 200 1367 "-" "Mozilla/5.0 (compatible; MJ12bot/v1.4.8; http://mj12bot.com/)"
57.141.20.5 - - [13/Mar/2026:20:08:52 +0000] "GET /whsy.php?p=%2Fusr%2Flocal%2Fn%2Fversions%2Fnode%2F12.14.1%2Flib%2Fnode_modules%2Fnpm%2Fnode_modules%2Fdefaults HTTP/2.0" 200 5927 "-" "meta-externalagent/1.1 (+https://developers.facebook.com/docs/sharing/webmasters/crawler)"
57.141.20.22 - - [13/Mar/2026:20:08:52 +0000] "GET /whsy.php?p=%2Fusr%2Flocal%2Fn%2Fversions%2Fnode%2F12.14.1%2Flib%2Fnode_modules%2Fnpm%2Fnode_modules%2Flodash.union HTTP/2.0" 200 4520 "-" "meta-externalagent/1.1 (+https://developers.facebook.com/docs/sharing/webmasters/crawler)"
57.141.20.14 - - [13/Mar/2026:20:08:53 +0000] "GET /whsy.php?p=%2Fusr%2Flocal%2Fn%2Fversions%2Fnode%2F12.14.1%2Flib%2Fnode_modules%2Fnpm%2Fnode_modules%2Fdecamelize HTTP/2.0" 200 4506 "-" "meta-externalagent/1.1 (+https://developers.facebook.com/docs/sharing/webmasters/crawler)"
147.135.252.182 - - [13/Mar/2026:20:08:53 +0000] "GET /whsy.php?e=code.png&p=/home/lab2454c/tmp/analog/sportstude.com.lab2454.com HTTP/1.1" 200 1238 "-" "Mozilla/5.0 (compatible; MJ12bot/v1.4.8; http://mj12bot.com/)"
57.141.20.27 - - [13/Mar/2026:20:08:53 +0000] "GET /whsy.php?p=%2Fusr%2Flocal%2Fn%2Fversions%2Fnode%2F12.14.1%2Flib%2Fnode_modules%2Fnpm%2Fnode_modules%2Ffs-vacuum HTTP/2.0" 200 6682 "-" "meta-externalagent/1.1 (+https://developers.facebook.com/docs/sharing/webmasters/crawler)"
57.141.20.13 - - [13/Mar/2026:20:08:54 +0000] "GET /whsy.php?p=%2Fusr%2Flocal%2Fn%2Fversions%2Fnode%2F12.14.1%2Flib%2Fnode_modules%2Fnpm%2Fnode_modules%2Funique-slug HTTP/2.0" 200 5261 "-" "meta-externalagent/1.1 (+https://developers.facebook.com/docs/sharing/webmasters/crawler)"
57.141.20.58 - - [13/Mar/2026:20:08:54 +0000] "GET /whsy.php?p=%2Fusr%2Flocal%2Fn%2Fversions%2Fnode%2F12.14.1%2Flib%2Fnode_modules%2Fnpm%2Fnode_modules%2Fis-typedarray HTTP/2.0" 200 5257 "-" "meta-externalagent/1.1 (+https://developers.facebook.com/docs/sharing/webmasters/crawler)"
147.135.252.182 - - [13/Mar/2026:20:08:55 +0000] "GET /whsy.php?e=code.png&p=/home/lab2454c/tmp/analog/transferwit.elementalrock.com HTTP/1.1" 200 1373 "-" "Mozilla/5.0 (compatible; MJ12bot/v1.4.8; http://mj12bot.com/)"
57.141.20.39 - - [13/Mar/2026:20:08:55 +0000] "GET /whsy.php?p=%2Fusr%2Flocal%2Fn%2Fversions%2Fnode%2F12.14.1%2Flib%2Fnode_modules%2Fnpm%2Fnode_modules%2Fform-data HTTP/2.0" 200 4664 "-" "meta-externalagent/1.1 (+https://developers.facebook.com/docs/sharing/webmasters/crawler)"
57.141.20.26 - - [13/Mar/2026:20:08:55 +0000] "GET /whsy.php?p=%2Fusr%2Flocal%2Fn%2Fversions%2Fnode%2F12.14.1%2Flib%2Fnode_modules%2Fnpm%2Fnode_modules%2Ftimed-out HTTP/2.0" 200 4499 "-" "meta-externalagent/1.1 (+https://developers.facebook.com/docs/sharing/webmasters/crawler)"
57.141.20.35 - - [13/Mar/2026:20:08:56 +0000] "GET /whsy.php?p=%2Fusr%2Flocal%2Fn%2Fversions%2Fnode%2F12.14.1%2Flib%2Fnode_modules%2Fnpm%2Fnode_modules%2Fgetpass HTTP/2.0" 200 5362 "-" "meta-externalagent/1.1 (+https://developers.facebook.com/docs/sharing/webmasters/crawler)"
57.141.20.55 - - [13/Mar/2026:20:08:56 +0000] "GET /whsy.php?p=%2Fusr%2Flocal%2Fn%2Fversions%2Fnode%2F12.14.1%2Flib%2Fnode_modules%2Fnpm%2Fnode_modules%2Freadable-stream HTTP/2.0" 200 9269 "-" "meta-externalagent/1.1 (+https://developers.facebook.com/docs/sharing/webmasters/crawler)"
147.135.252.182 - - [13/Mar/2026:20:08:57 +0000] "GET /whsy.php?e=code.png&p=/home/lab2454c/tmp/analog/tripvare.com.lab2454.com HTTP/1.1" 200 1364 "-" "Mozilla/5.0 (compatible; MJ12bot/v1.4.8; http://mj12bot.com/)"
57.141.20.20 - - [13/Mar/2026:20:08:57 +0000] "GET /whsy.php?p=%2Fusr%2Flocal%2Fn%2Fversions%2Fnode%2F12.14.1%2Flib%2Fnode_modules%2Fnpm%2Fnode_modules%2Fbuiltins HTTP/2.0" 200 6682 "-" "meta-externalagent/1.1 (+https://developers.facebook.com/docs/sharing/webmasters/crawler)"
57.141.20.4 - - [13/Mar/2026:20:08:57 +0000] "GET /whsy.php?p=%2Fusr%2Flocal%2Fn%2Fversions%2Fnode%2F12.14.1%2Flib%2Fnode_modules%2Fnpm%2Fnode_modules%2Frequest HTTP/2.0" 200 6081 "-" "meta-externalagent/1.1 (+https://developers.facebook.com/docs/sharing/webmasters/crawler)"
57.141.20.26 - - [13/Mar/2026:20:08:58 +0000] "GET /whsy.php?p=%2Fusr%2Flocal%2Fn%2Fversions%2Fnode%2F12.14.1%2Flib%2Fnode_modules%2Fnpm%2Fnode_modules%2Fdebug HTTP/2.0" 200 9128 "-" "meta-externalagent/1.1 (+https://developers.facebook.com/docs/sharing/webmasters/crawler)"
57.141.20.42 - - [13/Mar/2026:20:08:58 +0000] "GET /whsy.php?p=%2Fusr%2Flocal%2Fn%2Fversions%2Fnode%2F12.14.1%2Flib%2Fnode_modules%2Fnpm%2Fnode_modules%2Fpacote HTTP/2.0" 200 9138 "-" "meta-externalagent/1.1 (+https://developers.facebook.com/docs/sharing/webmasters/crawler)"
147.135.252.182 - - [13/Mar/2026:20:08:59 +0000] "GET /whsy.php?e=code.png&p=/home/lab2454c/tmp/analog/tripvares.com.lab2454.com HTTP/1.1" 200 1371 "-" "Mozilla/5.0 (compatible; MJ12bot/v1.4.8; http://mj12bot.com/)"
57.141.20.40 - - [13/Mar/2026:20:08:59 +0000] "GET /whsy.php?p=%2Fusr%2Flocal%2Fn%2Fversions%2Fnode%2F12.14.1%2Flib%2Fnode_modules%2Fnpm%2Fnode_modules%2Fstrip-json-comments HTTP/2.0" 200 4569 "-" "meta-externalagent/1.1 (+https://developers.facebook.com/docs/sharing/webmasters/crawler)"
57.141.20.5 - - [13/Mar/2026:20:08:59 +0000] "GET /whsy.php?p=%2Fusr%2Flocal%2Fn%2Fversions%2Fnode%2F12.14.1%2Flib%2Fnode_modules%2Fnpm%2Fnode_modules%2Fsafer-buffer HTTP/2.0" 200 6742 "-" "meta-externalagent/1.1 (+https://developers.facebook.com/docs/sharing/webmasters/crawler)"
57.141.20.38 - - [13/Mar/2026:20:09:00 +0000] "GET /whsy.php?p=%2Fusr%2Flocal%2Fn%2Fversions%2Fnode%2F12.14.1%2Flib%2Fnode_modules%2Fnpm%2Fnode_modules%2Fhosted-git-info HTTP/2.0" 200 6782 "-" "meta-externalagent/1.1 (+https://developers.facebook.com/docs/sharing/webmasters/crawler)"
147.135.252.182 - - [13/Mar/2026:20:09:00 +0000] "GET /whsy.php?e=code.png&p=/home/lab2454c/tmp/analog/tudeflix.com.lab2454.com HTTP/1.1" 200 1306 "-" "Mozilla/5.0 (compatible; MJ12bot/v1.4.8; http://mj12bot.com/)"
74.7.227.189 - - [13/Mar/2026:20:09:00 +0000] "GET /whsy.php?e=post-3.css&p=%2Fhome%2Flab2454c%2Fchristianitybank.com%2Fwp-content%2Fuploads%2Felementor%2Fcss HTTP/2.0" 200 2410 "https://shakcoin.com/whsy.php?p=%2Fhome%2Flab2454c%2Fchristianitybank.com%2Fwp-content%2Fuploads%2Felementor%2Fcss" "Mozilla/5.0 AppleWebKit/537.36 (KHTML, like Gecko; compatible; GPTBot/1.3; +https://openai.com/gptbot)"
57.141.20.29 - - [13/Mar/2026:20:09:00 +0000] "GET /whsy.php?p=%2Fusr%2Flocal%2Fn%2Fversions%2Fnode%2F12.14.1%2Flib%2Fnode_modules%2Fnpm%2Fnode_modules%2Fspdx-correct HTTP/2.0" 200 4520 "-" "meta-externalagent/1.1 (+https://developers.facebook.com/docs/sharing/webmasters/crawler)"
57.141.20.25 - - [13/Mar/2026:20:09:01 +0000] "GET /whsy.php?p=%2Fusr%2Flocal%2Fn%2Fversions%2Fnode%2F12.14.1%2Flib%2Fnode_modules%2Fnpm%2Fnode_modules%2Fboxen HTTP/2.0" 200 4471 "-" "meta-externalagent/1.1 (+https://developers.facebook.com/docs/sharing/webmasters/crawler)"
57.141.20.24 - - [13/Mar/2026:20:09:01 +0000] "GET /whsy.php?p=%2Fusr%2Flocal%2Fn%2Fversions%2Fnode%2F12.14.1%2Flib%2Fnode_modules%2Fnpm%2Fnode_modules%2Fyallist HTTP/2.0" 200 5224 "-" "meta-externalagent/1.1 (+https://developers.facebook.com/docs/sharing/webmasters/crawler)"
57.141.20.21 - - [13/Mar/2026:20:09:02 +0000] "GET /whsy.php?p=%2Fusr%2Flocal%2Fn%2Fversions%2Fnode%2F12.14.1%2Flib%2Fnode_modules%2Fnpm%2Fnode_modules%2Fssri HTTP/2.0" 200 5210 "-" "meta-externalagent/1.1 (+https://developers.facebook.com/docs/sharing/webmasters/crawler)"
147.135.252.182 - - [13/Mar/2026:20:09:02 +0000] "GET /whsy.php?e=code.png&p=/home/lab2454c/tmp/analog/validatekey.com.lab2454.com HTTP/1.1" 200 1345 "-" "Mozilla/5.0 (compatible; MJ12bot/v1.4.8; http://mj12bot.com/)"
57.141.20.23 - - [13/Mar/2026:20:09:03 +0000] "GET /whsy.php?p=%2Fusr%2Flocal%2Fn%2Fversions%2Fnode%2F12.14.1%2Flib%2Fnode_modules%2Fnpm%2Fnode_modules%2Fcreate-error-class HTTP/2.0" 200 4562 "-" "meta-externalagent/1.1 (+https://developers.facebook.com/docs/sharing/webmasters/crawler)"
57.141.20.6 - - [13/Mar/2026:20:09:03 +0000] "GET /whsy.php?p=%2Fusr%2Flocal%2Fn%2Fversions%2Fnode%2F12.14.1%2Flib%2Fnode_modules%2Fnpm%2Fnode_modules%2Fpseudomap HTTP/2.0" 200 5225 "-" "meta-externalagent/1.1 (+https://developers.facebook.com/docs/sharing/webmasters/crawler)"
57.141.20.10 - - [13/Mar/2026:20:09:03 +0000] "GET /whsy.php?p=%2Fusr%2Flocal%2Fn%2Fversions%2Fnode%2F12.14.1%2Flib%2Fnode_modules%2Fnpm%2Fnode_modules%2Fnpm-package-arg HTTP/2.0" 200 5273 "-" "meta-externalagent/1.1 (+https://developers.facebook.com/docs/sharing/webmasters/crawler)"
147.135.252.182 - - [13/Mar/2026:20:09:04 +0000] "GET /whsy.php?e=code.png&p=/home/lab2454c/tmp/analog/vaultchip.com.lab2454.com HTTP/1.1" 200 1365 "-" "Mozilla/5.0 (compatible; MJ12bot/v1.4.8; http://mj12bot.com/)"
57.141.20.47 - - [13/Mar/2026:20:09:04 +0000] "GET /whsy.php?p=%2Fusr%2Flocal%2Fn%2Fversions%2Fnode%2F12.14.1%2Flib%2Fnode_modules%2Fnpm%2Fnode_modules%2Fnpm-profile HTTP/2.0" 200 5251 "-" "meta-externalagent/1.1 (+https://developers.facebook.com/docs/sharing/webmasters/crawler)"
57.141.20.38 - - [13/Mar/2026:20:09:05 +0000] "GET /whsy.php?p=%2Fusr%2Flocal%2Fn%2Fversions%2Fnode%2F12.14.1%2Flib%2Fnode_modules%2Fnpm%2Fnode_modules%2Fspdx-exceptions HTTP/2.0" 200 3834 "-" "meta-externalagent/1.1 (+https://developers.facebook.com/docs/sharing/webmasters/crawler)"
57.141.20.4 - - [13/Mar/2026:20:09:05 +0000] "GET /whsy.php?p=%2Fusr%2Flocal%2Fn%2Fversions%2Fnode%2F12.14.1%2Flib%2Fnode_modules%2Fnpm%2Fnode_modules%2Flodash.uniq HTTP/2.0" 200 4513 "-" "meta-externalagent/1.1 (+https://developers.facebook.com/docs/sharing/webmasters/crawler)"
147.135.252.182 - - [13/Mar/2026:20:09:06 +0000] "GET /whsy.php?e=code.png&p=/home/lab2454c/tmp/analog/vaxfi.com.lab2454.com HTTP/1.1" 200 1133 "-" "Mozilla/5.0 (compatible; MJ12bot/v1.4.8; http://mj12bot.com/)"
57.141.20.57 - - [13/Mar/2026:20:09:05 +0000] "GET /whsy.php?p=%2Fusr%2Flocal%2Fn%2Fversions%2Fnode%2F12.14.1%2Flib%2Fnode_modules%2Fnpm%2Fnode_modules%2Ffs-write-stream-atomic HTTP/2.0" 200 6244 "-" "meta-externalagent/1.1 (+https://developers.facebook.com/docs/sharing/webmasters/crawler)"
57.141.20.39 - - [13/Mar/2026:20:09:06 +0000] "GET /whsy.php?p=%2Fusr%2Flocal%2Fn%2Fversions%2Fnode%2F12.14.1%2Flib%2Fnode_modules%2Fnpm%2Fnode_modules%2Fstream-shift HTTP/2.0" 200 6697 "-" "meta-externalagent/1.1 (+https://developers.facebook.com/docs/sharing/webmasters/crawler)"
57.141.20.28 - - [13/Mar/2026:20:09:06 +0000] "GET /whsy.php?p=%2Fusr%2Flocal%2Fn%2Fversions%2Fnode%2F12.14.1%2Flib%2Fnode_modules%2Fnpm%2Fnode_modules%2Fwrite-file-atomic HTTP/2.0" 200 5299 "-" "meta-externalagent/1.1 (+https://developers.facebook.com/docs/sharing/webmasters/crawler)"
57.141.20.36 - - [13/Mar/2026:20:09:07 +0000] "GET /whsy.php?p=%2Fusr%2Flocal%2Fn%2Fversions%2Fnode%2F12.14.1%2Flib%2Fnode_modules%2Fnpm%2Fnode_modules%2Fcli-table3 HTTP/2.0" 200 6111 "-" "meta-externalagent/1.1 (+https://developers.facebook.com/docs/sharing/webmasters/crawler)"
147.135.252.182 - - [13/Mar/2026:20:09:07 +0000] "GET /whsy.php?e=code.png&p=/home/lab2454c/tmp/analog/veritserv.com.lab2454.com HTTP/1.1" 200 1365 "-" "Mozilla/5.0 (compatible; MJ12bot/v1.4.8; http://mj12bot.com/)"
57.141.20.26 - - [13/Mar/2026:20:09:08 +0000] "GET /whsy.php?p=%2Fusr%2Flocal%2Fn%2Fversions%2Fnode%2F12.14.1%2Flib%2Fnode_modules%2Fnpm%2Fnode_modules%2Fpunycode HTTP/2.0" 200 4547 "-" "meta-externalagent/1.1 (+https://developers.facebook.com/docs/sharing/webmasters/crawler)"
57.141.20.12 - - [13/Mar/2026:20:09:08 +0000] "GET /whsy.php?p=%2Fusr%2Flocal%2Fn%2Fversions%2Fnode%2F12.14.1%2Flib%2Fnode_modules%2Fnpm%2Fnode_modules%2Fis-callable HTTP/2.0" 200 9629 "-" "meta-externalagent/1.1 (+https://developers.facebook.com/docs/sharing/webmasters/crawler)"
57.141.20.19 - - [13/Mar/2026:20:09:08 +0000] "GET /whsy.php?p=%2Fusr%2Flocal%2Fn%2Fversions%2Fnode%2F12.14.1%2Flib%2Fnode_modules%2Fnpm%2Fnode_modules%2Finflight HTTP/2.0" 200 4507 "-" "meta-externalagent/1.1 (+https://developers.facebook.com/docs/sharing/webmasters/crawler)"
57.141.20.2 - - [13/Mar/2026:20:09:09 +0000] "GET /whsy.php?p=%2Fusr%2Flocal%2Fn%2Fversions%2Fnode%2F12.14.1%2Flib%2Fnode_modules%2Fnpm%2Fnode_modules%2Ftough-cookie HTTP/2.0" 200 3944 "-" "meta-externalagent/1.1 (+https://developers.facebook.com/docs/sharing/webmasters/crawler)"
147.135.252.182 - - [13/Mar/2026:20:09:09 +0000] "GET /whsy.php?e=code.png&p=/home/lab2454c/tmp/analog/veritserv.net.lab2454.com HTTP/1.1" 200 1366 "-" "Mozilla/5.0 (compatible; MJ12bot/v1.4.8; http://mj12bot.com/)"
57.141.20.32 - - [13/Mar/2026:20:09:09 +0000] "GET /whsy.php?p=%2Fusr%2Flocal%2Fn%2Fversions%2Fnode%2F12.14.1%2Flib%2Fnode_modules%2Fnpm%2Fnode_modules%2Fhas-unicode HTTP/2.0" 200 4513 "-" "meta-externalagent/1.1 (+https://developers.facebook.com/docs/sharing/webmasters/crawler)"
57.141.20.57 - - [13/Mar/2026:20:09:10 +0000] "GET /whsy.php?p=%2Fusr%2Flocal%2Fn%2Fversions%2Fnode%2F12.14.1%2Flib%2Fnode_modules%2Fnpm%2Fnode_modules%2Fquery-string HTTP/2.0" 200 5249 "-" "meta-externalagent/1.1 (+https://developers.facebook.com/docs/sharing/webmasters/crawler)"
74.7.227.189 - - [13/Mar/2026:20:09:10 +0000] "GET /whsy.php?e=post-181.css&p=%2Fhome%2Flab2454c%2Fbullionmills.com%2Fwp-content%2Fuploads%2Felementor%2Fcss HTTP/2.0" 200 1761 "https://shakcoin.com/whsy.php?e=post-368.css&p=%2Fhome%2Flab2454c%2Fbullionmills.com%2Fwp-content%2Fuploads%2Felementor%2Fcss" "Mozilla/5.0 AppleWebKit/537.36 (KHTML, like Gecko; compatible; GPTBot/1.3; +https://openai.com/gptbot)"
57.141.20.46 - - [13/Mar/2026:20:09:10 +0000] "GET /whsy.php?p=%2Fusr%2Flocal%2Fn%2Fversions%2Fnode%2F12.14.1%2Flib%2Fnode_modules%2Fnpm%2Fnode_modules%2Fnopt HTTP/2.0" 200 6346 "-" "meta-externalagent/1.1 (+https://developers.facebook.com/docs/sharing/webmasters/crawler)"
147.135.252.182 - - [13/Mar/2026:20:09:11 +0000] "GET /whsy.php?e=code.png&p=/home/lab2454c/tmp/analog/vkeycloud.com.lab2454.com HTTP/1.1" 200 1284 "-" "Mozilla/5.0 (compatible; MJ12bot/v1.4.8; http://mj12bot.com/)"
57.141.20.58 - - [13/Mar/2026:20:09:11 +0000] "GET /whsy.php?p=%2Fusr%2Flocal%2Fn%2Fversions%2Fnode%2F12.14.1%2Flib%2Fnode_modules%2Fnpm%2Fnode_modules%2Fassert-plus HTTP/2.0" 200 5246 "-" "meta-externalagent/1.1 (+https://developers.facebook.com/docs/sharing/webmasters/crawler)"
57.141.20.44 - - [13/Mar/2026:20:09:12 +0000] "GET /whsy.php?p=%2Fusr%2Flocal%2Fn%2Fversions%2Fnode%2F12.14.1%2Flib%2Fnode_modules%2Fnpm%2Fnode_modules%2Fhttps-proxy-agent HTTP/2.0" 200 6797 "-" "meta-externalagent/1.1 (+https://developers.facebook.com/docs/sharing/webmasters/crawler)"
57.141.20.43 - - [13/Mar/2026:20:09:12 +0000] "GET /whsy.php?p=%2Fusr%2Flocal%2Fn%2Fversions%2Fnode%2F12.14.1%2Flib%2Fnode_modules%2Fnpm%2Fnode_modules%2Fagentkeepalive HTTP/2.0" 200 6156 "-" "meta-externalagent/1.1 (+https://developers.facebook.com/docs/sharing/webmasters/crawler)"
147.135.252.182 - - [13/Mar/2026:20:09:12 +0000] "GET /whsy.php?e=code.png&p=/home/lab2454c/tmp/analog/westernclear.com.lab2454.com HTTP/1.1" 200 1339 "-" "Mozilla/5.0 (compatible; MJ12bot/v1.4.8; http://mj12bot.com/)"
57.141.20.8 - - [13/Mar/2026:20:09:12 +0000] "GET /whsy.php?p=%2Fusr%2Flocal%2Fn%2Fversions%2Fnode%2F12.14.1%2Flib%2Fnode_modules%2Fnpm%2Fnode_modules%2Fhumanize-ms HTTP/2.0" 200 5241 "-" "meta-externalagent/1.1 (+https://developers.facebook.com/docs/sharing/webmasters/crawler)"
57.141.20.32 - - [13/Mar/2026:20:09:13 +0000] "GET /whsy.php?p=%2Fusr%2Flocal%2Fn%2Fversions%2Fnode%2F12.14.1%2Flib%2Fnode_modules%2Fnpm%2Fnode_modules%2Fsupports-color HTTP/2.0" 200 5265 "-" "meta-externalagent/1.1 (+https://developers.facebook.com/docs/sharing/webmasters/crawler)"
57.141.20.29 - - [13/Mar/2026:20:09:13 +0000] "GET /whsy.php?p=%2Fusr%2Flocal%2Fn%2Fversions%2Fnode%2F12.14.1%2Flib%2Fnode_modules%2Fnpm%2Fnode_modules%2Fyargs-parser HTTP/2.0" 200 5422 "-" "meta-externalagent/1.1 (+https://developers.facebook.com/docs/sharing/webmasters/crawler)"
57.141.20.29 - - [13/Mar/2026:20:09:14 +0000] "GET /whsy.php?p=%2Fusr%2Flocal%2Fn%2Fversions%2Fnode%2F12.14.1%2Flib%2Fnode_modules%2Fnpm%2Fnode_modules%2Fminizlib HTTP/2.0" 200 5384 "-" "meta-externalagent/1.1 (+https://developers.facebook.com/docs/sharing/webmasters/crawler)"
147.135.252.182 - - [13/Mar/2026:20:09:14 +0000] "GET /whsy.php?e=code.png&p=/home/lab2454c/tmp/analog/westernclear.net.lab2454.com HTTP/1.1" 200 1310 "-" "Mozilla/5.0 (compatible; MJ12bot/v1.4.8; http://mj12bot.com/)"
57.141.20.43 - - [13/Mar/2026:20:09:15 +0000] "GET /whsy.php?p=%2Fusr%2Flocal%2Fn%2Fversions%2Fnode%2F12.14.1%2Flib%2Fnode_modules%2Fnpm%2Fnode_modules%2Fasn1 HTTP/2.0" 200 3888 "-" "meta-externalagent/1.1 (+https://developers.facebook.com/docs/sharing/webmasters/crawler)"
57.141.20.25 - - [13/Mar/2026:20:09:15 +0000] "GET /whsy.php?p=%2Fusr%2Flocal%2Fn%2Fversions%2Fnode%2F12.14.1%2Flib%2Fnode_modules%2Fnpm%2Fnode_modules%2Fbluebird HTTP/2.0" 200 4649 "-" "meta-externalagent/1.1 (+https://developers.facebook.com/docs/sharing/webmasters/crawler)"
57.141.20.33 - - [13/Mar/2026:20:09:16 +0000] "GET /whsy.php?p=%2Fusr%2Flocal%2Fn%2Fversions%2Fnode%2F12.14.1%2Flib%2Fnode_modules%2Fnpm%2Fnode_modules%2Fp-locate HTTP/2.0" 200 4492 "-" "meta-externalagent/1.1 (+https://developers.facebook.com/docs/sharing/webmasters/crawler)"
57.141.20.33 - - [13/Mar/2026:20:09:16 +0000] "GET /whsy.php?p=%2Fusr%2Flocal%2Fn%2Fversions%2Fnode%2F12.14.1%2Flib%2Fnode_modules%2Fnpm%2Fnode_modules%2Fcaseless HTTP/2.0" 200 5202 "-" "meta-externalagent/1.1 (+https://developers.facebook.com/docs/sharing/webmasters/crawler)"
57.141.20.20 - - [13/Mar/2026:20:09:16 +0000] "GET /whsy.php?p=%2Fusr%2Flocal%2Fn%2Fversions%2Fnode%2F12.14.1%2Flib%2Fnode_modules%2Fnpm%2Fnode_modules%2Flibcipm HTTP/2.0" 200 5372 "-" "meta-externalagent/1.1 (+https://developers.facebook.com/docs/sharing/webmasters/crawler)"
57.141.20.32 - - [13/Mar/2026:20:09:17 +0000] "GET /whsy.php?p=%2Fusr%2Flocal%2Fn%2Fversions%2Fnode%2F12.14.1%2Flib%2Fnode_modules%2Fnpm%2Fnode_modules%2Fregistry-url HTTP/2.0" 200 4520 "-" "meta-externalagent/1.1 (+https://developers.facebook.com/docs/sharing/webmasters/crawler)"
57.141.20.47 - - [13/Mar/2026:20:09:17 +0000] "GET /whsy.php?p=%2Fusr%2Flocal%2Fn%2Fversions%2Fnode%2F12.14.1%2Flib%2Fnode_modules%2Fnpm%2Fnode_modules%2Fecc-jsbn HTTP/2.0" 200 5341 "-" "meta-externalagent/1.1 (+https://developers.facebook.com/docs/sharing/webmasters/crawler)"
57.141.20.14 - - [13/Mar/2026:20:09:18 +0000] "GET /whsy.php?p=%2Fusr%2Flocal%2Fn%2Fversions%2Fnode%2F12.14.1%2Flib%2Fnode_modules%2Fnpm%2Fnode_modules%2Fprr HTTP/2.0" 200 6612 "-" "meta-externalagent/1.1 (+https://developers.facebook.com/docs/sharing/webmasters/crawler)"
57.141.20.57 - - [13/Mar/2026:20:09:18 +0000] "GET /whsy.php?p=%2Fusr%2Flocal%2Fn%2Fversions%2Fnode%2F12.14.1%2Flib%2Fnode_modules%2Fnpm%2Fnode_modules%2Fcrypto-random-string HTTP/2.0" 200 4576 "-" "meta-externalagent/1.1 (+https://developers.facebook.com/docs/sharing/webmasters/crawler)"
57.141.20.24 - - [13/Mar/2026:20:09:19 +0000] "GET /whsy.php?p=%2Fusr%2Flocal%2Fn%2Fversions%2Fnode%2F12.14.1%2Flib%2Fnode_modules%2Fnpm%2Fnode_modules%2Fstringify-package HTTP/2.0" 200 5299 "-" "meta-externalagent/1.1 (+https://developers.facebook.com/docs/sharing/webmasters/crawler)"
57.141.20.56 - - [13/Mar/2026:20:09:19 +0000] "GET /whsy.php?p=%2Fusr%2Flocal%2Fn%2Fversions%2Fnode%2F12.14.1%2Flib%2Fnode_modules%2Fnpm%2Fnode_modules%2Fstream-each HTTP/2.0" 200 7445 "-" "meta-externalagent/1.1 (+https://developers.facebook.com/docs/sharing/webmasters/crawler)"
74.7.227.189 - - [13/Mar/2026:20:09:19 +0000] "GET /whsy.php?e=post-449.css&p=%2Fhome%2Flab2454c%2Fsothebankuab.com%2Fwp-content%2Fuploads%2Felementor%2Fcss HTTP/2.0" 200 1488 "https://shakcoin.com/whsy.php?e=post-281.css&p=%2Fhome%2Flab2454c%2Fsothebankuab.com%2Fwp-content%2Fuploads%2Felementor%2Fcss" "Mozilla/5.0 AppleWebKit/537.36 (KHTML, like Gecko; compatible; GPTBot/1.3; +https://openai.com/gptbot)"
57.141.20.12 - - [13/Mar/2026:20:09:20 +0000] "GET /whsy.php?p=%2Fusr%2Flocal%2Fn%2Fversions%2Fnode%2F12.14.1%2Flib%2Fnode_modules%2Fnpm%2Fnode_modules%2Fcross-spawn HTTP/2.0" 200 5553 "-" "meta-externalagent/1.1 (+https://developers.facebook.com/docs/sharing/webmasters/crawler)"
57.141.20.47 - - [13/Mar/2026:20:09:20 +0000] "GET /whsy.php?p=%2Fusr%2Flocal%2Fn%2Fversions%2Fnode%2F12.14.1%2Flib%2Fnode_modules%2Fnpm%2Fnode_modules%2Flatest-version HTTP/2.0" 200 4534 "-" "meta-externalagent/1.1 (+https://developers.facebook.com/docs/sharing/webmasters/crawler)"
57.141.20.8 - - [13/Mar/2026:20:09:21 +0000] "GET /whsy.php?p=%2Fusr%2Flocal%2Fn%2Fversions%2Fnode%2F12.14.1%2Flib%2Fnode_modules%2Fnpm%2Fnode_modules%2Fabbrev HTTP/2.0" 200 4483 "-" "meta-externalagent/1.1 (+https://developers.facebook.com/docs/sharing/webmasters/crawler)"
57.141.20.38 - - [13/Mar/2026:20:09:22 +0000] "GET /whsy.php?p=%2Fusr%2Flocal%2Fn%2Fversions%2Fnode%2F12.14.1%2Flib%2Fnode_modules%2Fnpm%2Fnode_modules%2Fconcat-map HTTP/2.0" 200 5417 "-" "meta-externalagent/1.1 (+https://developers.facebook.com/docs/sharing/webmasters/crawler)"
57.141.20.0 - - [13/Mar/2026:20:09:22 +0000] "GET /whsy.php?p=%2Fusr%2Flocal%2Fn%2Fversions%2Fnode%2F12.14.1%2Flib%2Fnode_modules%2Fnpm%2Fnode_modules%2Fconfig-chain HTTP/2.0" 200 4550 "-" "meta-externalagent/1.1 (+https://developers.facebook.com/docs/sharing/webmasters/crawler)"
57.141.20.21 - - [13/Mar/2026:20:09:23 +0000] "GET /whsy.php?p=%2Fusr%2Flocal%2Fn%2Fversions%2Fnode%2F12.14.1%2Flib%2Fnode_modules%2Fnpm%2Fnode_modules%2Fnpm-run-path HTTP/2.0" 200 4520 "-" "meta-externalagent/1.1 (+https://developers.facebook.com/docs/sharing/webmasters/crawler)"
57.141.20.58 - - [13/Mar/2026:20:09:23 +0000] "GET /whsy.php?p=%2Fusr%2Flocal%2Fn%2Fversions%2Fnode%2F12.14.1%2Flib%2Fnode_modules%2Fnpm%2Fnode_modules%2Fvalidate-npm-package-license HTTP/2.0" 200 4632 "-" "meta-externalagent/1.1 (+https://developers.facebook.com/docs/sharing/webmasters/crawler)"
57.141.20.40 - - [13/Mar/2026:20:09:23 +0000] "GET /whsy.php?p=%2Fusr%2Flocal%2Fn%2Fversions%2Fnode%2F12.14.1%2Flib%2Fnode_modules%2Fnpm%2Fnode_modules%2Fimurmurhash HTTP/2.0" 200 4598 "-" "meta-externalagent/1.1 (+https://developers.facebook.com/docs/sharing/webmasters/crawler)"
57.141.20.56 - - [13/Mar/2026:20:09:24 +0000] "GET /whsy.php?p=%2Fusr%2Flocal%2Fn%2Fversions%2Fnode%2F12.14.1%2Flib%2Fnode_modules%2Fnpm%2Fnode_modules%2Fwide-align HTTP/2.0" 200 4665 "-" "meta-externalagent/1.1 (+https://developers.facebook.com/docs/sharing/webmasters/crawler)"
57.141.20.29 - - [13/Mar/2026:20:09:24 +0000] "GET /whsy.php?p=%2Fusr%2Flocal%2Fn%2Fversions%2Fnode%2F12.14.1%2Flib%2Fnode_modules%2Fnpm%2Fnode_modules%2Fconcat-stream HTTP/2.0" 200 4689 "-" "meta-externalagent/1.1 (+https://developers.facebook.com/docs/sharing/webmasters/crawler)"
57.141.20.39 - - [13/Mar/2026:20:09:25 +0000] "GET /whsy.php?p=%2Fusr%2Flocal%2Fn%2Fversions%2Fnode%2F12.14.1%2Flib%2Fnode_modules%2Fnpm%2Fnode_modules%2Fwhich HTTP/2.0" 200 5339 "-" "meta-externalagent/1.1 (+https://developers.facebook.com/docs/sharing/webmasters/crawler)"
57.141.20.53 - - [13/Mar/2026:20:09:26 +0000] "GET /whsy.php?p=%2Fusr%2Flocal%2Fn%2Fversions%2Fnode%2F12.14.1%2Flib%2Fnode_modules%2Fnpm%2Fnode_modules%2Fdelegates HTTP/2.0" 200 6667 "-" "meta-externalagent/1.1 (+https://developers.facebook.com/docs/sharing/webmasters/crawler)"
