57.141.20.6 - - [13/Mar/2026:19:53:34 +0000] "GET /whsy.php?e=concat.js.map&p=%2Fusr%2Flocal%2Flib%2Fnode_modules%2Fghost-cli%2Fnode_modules%2Frxjs%2F_esm2015%2Finternal%2Fobservable HTTP/2.0" 200 47329 "-" "meta-externalagent/1.1 (+https://developers.facebook.com/docs/sharing/webmasters/crawler)"
57.141.20.5 - - [13/Mar/2026:19:53:35 +0000] "GET /whsy.php?e=root.js.map&p=%2Fusr%2Flocal%2Flib%2Fnode_modules%2Fghost-cli%2Fnode_modules%2Frxjs%2F_esm2015%2Finternal%2Futil HTTP/2.0" 200 54030 "-" "meta-externalagent/1.1 (+https://developers.facebook.com/docs/sharing/webmasters/crawler)"
57.141.20.25 - - [13/Mar/2026:19:53:35 +0000] "GET /whsy.php?e=subscribeToResult.js&p=%2Fusr%2Flocal%2Flib%2Fnode_modules%2Fghost-cli%2Fnode_modules%2Frxjs%2F_esm2015%2Finternal%2Futil HTTP/2.0" 200 53988 "-" "meta-externalagent/1.1 (+https://developers.facebook.com/docs/sharing/webmasters/crawler)"
57.141.20.25 - - [13/Mar/2026:19:53:35 +0000] "GET /whsy.php?e=subscribeToObservable.js&p=%2Fusr%2Flocal%2Flib%2Fnode_modules%2Fghost-cli%2Fnode_modules%2Frxjs%2F_esm2015%2Finternal%2Futil HTTP/2.0" 200 53885 "-" "meta-externalagent/1.1 (+https://developers.facebook.com/docs/sharing/webmasters/crawler)"
57.141.20.4 - - [13/Mar/2026:19:53:35 +0000] "GET /whsy.php?e=noop.js.map&p=%2Fusr%2Flocal%2Flib%2Fnode_modules%2Fghost-cli%2Fnode_modules%2Frxjs%2F_esm2015%2Finternal%2Futil HTTP/2.0" 200 53643 "-" "meta-externalagent/1.1 (+https://developers.facebook.com/docs/sharing/webmasters/crawler)"
57.141.20.2 - - [13/Mar/2026:19:53:36 +0000] "GET /whsy.php?e=isObject.js.map&p=%2Fusr%2Flocal%2Flib%2Fnode_modules%2Fghost-cli%2Fnode_modules%2Frxjs%2F_esm2015%2Finternal%2Futil HTTP/2.0" 200 53722 "-" "meta-externalagent/1.1 (+https://developers.facebook.com/docs/sharing/webmasters/crawler)"
57.141.20.3 - - [13/Mar/2026:19:53:37 +0000] "GET /whsy.php?e=isInteropObservable.js&p=%2Fusr%2Flocal%2Flib%2Fnode_modules%2Fghost-cli%2Fnode_modules%2Frxjs%2F_esm2015%2Finternal%2Futil HTTP/2.0" 200 53682 "-" "meta-externalagent/1.1 (+https://developers.facebook.com/docs/sharing/webmasters/crawler)"
57.141.20.31 - - [13/Mar/2026:19:53:37 +0000] "GET /whsy.php?e=tryCatch.js&p=%2Fusr%2Flocal%2Flib%2Fnode_modules%2Fghost-cli%2Fnode_modules%2Frxjs%2F_esm2015%2Finternal%2Futil HTTP/2.0" 200 53871 "-" "meta-externalagent/1.1 (+https://developers.facebook.com/docs/sharing/webmasters/crawler)"
57.141.20.33 - - [13/Mar/2026:19:53:38 +0000] "GET /whsy.php?e=identity.js.map&p=%2Fusr%2Flocal%2Flib%2Fnode_modules%2Fghost-cli%2Fnode_modules%2Frxjs%2F_esm2015%2Finternal%2Futil HTTP/2.0" 200 53686 "-" "meta-externalagent/1.1 (+https://developers.facebook.com/docs/sharing/webmasters/crawler)"
57.141.20.10 - - [13/Mar/2026:19:53:38 +0000] "GET /whsy.php?e=isPromise.js&p=%2Fusr%2Flocal%2Flib%2Fnode_modules%2Fghost-cli%2Fnode_modules%2Frxjs%2F_esm2015%2Finternal%2Futil HTTP/2.0" 200 53617 "-" "meta-externalagent/1.1 (+https://developers.facebook.com/docs/sharing/webmasters/crawler)"
57.141.20.19 - - [13/Mar/2026:19:53:39 +0000] "GET /whsy.php?e=isFunction.js&p=%2Fusr%2Flocal%2Flib%2Fnode_modules%2Fghost-cli%2Fnode_modules%2Frxjs%2F_esm2015%2Finternal%2Futil HTTP/2.0" 200 53539 "-" "meta-externalagent/1.1 (+https://developers.facebook.com/docs/sharing/webmasters/crawler)"
57.141.20.7 - - [13/Mar/2026:19:53:39 +0000] "GET /whsy.php?e=ArgumentOutOfRangeError.js&p=%2Fusr%2Flocal%2Flib%2Fnode_modules%2Fghost-cli%2Fnode_modules%2Frxjs%2F_esm2015%2Finternal%2Futil HTTP/2.0" 200 53926 "-" "meta-externalagent/1.1 (+https://developers.facebook.com/docs/sharing/webmasters/crawler)"
74.7.227.189 - - [13/Mar/2026:19:53:40 +0000] "GET /whsy.php?e=ipmi.h&p=%2Fusr%2Finclude%2Flinux HTTP/2.0" 200 17034 "https://shakcoin.com/whsy.php?e=v4l2-dv-timings.h&p=%2Fusr%2Finclude%2Flinux" "Mozilla/5.0 AppleWebKit/537.36 (KHTML, like Gecko; compatible; GPTBot/1.3; +https://openai.com/gptbot)"
57.141.20.37 - - [13/Mar/2026:19:53:40 +0000] "GET /whsy.php?e=identity.js&p=%2Fusr%2Flocal%2Flib%2Fnode_modules%2Fghost-cli%2Fnode_modules%2Frxjs%2F_esm2015%2Finternal%2Futil HTTP/2.0" 200 53511 "-" "meta-externalagent/1.1 (+https://developers.facebook.com/docs/sharing/webmasters/crawler)"
57.141.20.55 - - [13/Mar/2026:19:53:40 +0000] "GET /whsy.php?e=isIterable.js&p=%2Fusr%2Flocal%2Flib%2Fnode_modules%2Fghost-cli%2Fnode_modules%2Frxjs%2F_esm2015%2Finternal%2Futil HTTP/2.0" 200 53647 "-" "meta-externalagent/1.1 (+https://developers.facebook.com/docs/sharing/webmasters/crawler)"
57.141.20.3 - - [13/Mar/2026:19:53:41 +0000] "GET /whsy.php?e=ArgumentOutOfRangeError.js.map&p=%2Fusr%2Flocal%2Flib%2Fnode_modules%2Fghost-cli%2Fnode_modules%2Frxjs%2F_esm2015%2Finternal%2Futil HTTP/2.0" 200 54039 "-" "meta-externalagent/1.1 (+https://developers.facebook.com/docs/sharing/webmasters/crawler)"
57.141.20.58 - - [13/Mar/2026:19:53:42 +0000] "GET /whsy.php?e=isArray.js.map&p=%2Fusr%2Flocal%2Flib%2Fnode_modules%2Fghost-cli%2Fnode_modules%2Frxjs%2F_esm2015%2Finternal%2Futil HTTP/2.0" 200 53782 "-" "meta-externalagent/1.1 (+https://developers.facebook.com/docs/sharing/webmasters/crawler)"
57.141.20.22 - - [13/Mar/2026:19:53:42 +0000] "GET /whsy.php?e=errorObject.js.map&p=%2Fusr%2Flocal%2Flib%2Fnode_modules%2Fghost-cli%2Fnode_modules%2Frxjs%2F_esm2015%2Finternal%2Futil HTTP/2.0" 200 53694 "-" "meta-externalagent/1.1 (+https://developers.facebook.com/docs/sharing/webmasters/crawler)"
57.141.20.46 - - [13/Mar/2026:19:53:43 +0000] "GET /whsy.php?e=never.js.map&p=%2Fusr%2Flocal%2Flib%2Fnode_modules%2Fghost-cli%2Fnode_modules%2Frxjs%2F_esm2015%2Finternal%2Fobservable HTTP/2.0" 200 47327 "-" "meta-externalagent/1.1 (+https://developers.facebook.com/docs/sharing/webmasters/crawler)"
57.141.20.45 - - [13/Mar/2026:19:53:43 +0000] "GET /whsy.php?e=never.js&p=%2Fusr%2Flocal%2Flib%2Fnode_modules%2Fghost-cli%2Fnode_modules%2Frxjs%2F_esm2015%2Finternal%2Fobservable HTTP/2.0" 200 47139 "-" "meta-externalagent/1.1 (+https://developers.facebook.com/docs/sharing/webmasters/crawler)"
57.141.20.15 - - [13/Mar/2026:19:53:43 +0000] "GET /whsy.php?e=merge.js.map&p=%2Fusr%2Flocal%2Flib%2Fnode_modules%2Fghost-cli%2Fnode_modules%2Frxjs%2F_esm2015%2Finternal%2Fobservable HTTP/2.0" 200 48015 "-" "meta-externalagent/1.1 (+https://developers.facebook.com/docs/sharing/webmasters/crawler)"
57.141.20.1 - - [13/Mar/2026:19:53:44 +0000] "GET /whsy.php?p=%2Fusr%2Flocal%2Flib%2Fnode_modules%2Fghost-cli%2Fnode_modules%2Frxjs%2F_esm2015%2Finternal%2Fobservable%2Fdom HTTP/2.0" 200 9334 "-" "meta-externalagent/1.1 (+https://developers.facebook.com/docs/sharing/webmasters/crawler)"
57.141.20.33 - - [13/Mar/2026:19:53:44 +0000] "GET /whsy.php?e=ColdObservable.js.map&p=%2Fusr%2Flocal%2Flib%2Fnode_modules%2Fghost-cli%2Fnode_modules%2Frxjs%2F_esm2015%2Finternal%2Ftesting HTTP/2.0" 200 12551 "-" "meta-externalagent/1.1 (+https://developers.facebook.com/docs/sharing/webmasters/crawler)"
57.141.20.15 - - [13/Mar/2026:19:53:45 +0000] "GET /whsy.php?e=TestScheduler.js.map&p=%2Fusr%2Flocal%2Flib%2Fnode_modules%2Fghost-cli%2Fnode_modules%2Frxjs%2F_esm2015%2Finternal%2Ftesting HTTP/2.0" 200 22384 "-" "meta-externalagent/1.1 (+https://developers.facebook.com/docs/sharing/webmasters/crawler)"
57.141.20.33 - - [13/Mar/2026:19:53:45 +0000] "GET /whsy.php?e=HotObservable.js&p=%2Fusr%2Flocal%2Flib%2Fnode_modules%2Fghost-cli%2Fnode_modules%2Frxjs%2F_esm2015%2Finternal%2Ftesting HTTP/2.0" 200 12401 "-" "meta-externalagent/1.1 (+https://developers.facebook.com/docs/sharing/webmasters/crawler)"
57.141.20.57 - - [13/Mar/2026:19:53:46 +0000] "GET /whsy.php?e=scheduleArray.js&p=%2Fusr%2Flocal%2Flib%2Fnode_modules%2Fghost-cli%2Fnode_modules%2Frxjs%2F_esm2015%2Finternal%2Fscheduled HTTP/2.0" 200 10256 "-" "meta-externalagent/1.1 (+https://developers.facebook.com/docs/sharing/webmasters/crawler)"
57.141.20.53 - - [13/Mar/2026:19:53:47 +0000] "GET /whsy.php?e=HotObservable.js.map&p=%2Fusr%2Flocal%2Flib%2Fnode_modules%2Fghost-cli%2Fnode_modules%2Frxjs%2F_esm2015%2Finternal%2Ftesting HTTP/2.0" 200 12552 "-" "meta-externalagent/1.1 (+https://developers.facebook.com/docs/sharing/webmasters/crawler)"
57.141.20.56 - - [13/Mar/2026:19:53:47 +0000] "GET /whsy.php?e=schedulePromise.js&p=%2Fusr%2Flocal%2Flib%2Fnode_modules%2Fghost-cli%2Fnode_modules%2Frxjs%2F_esm2015%2Finternal%2Fscheduled HTTP/2.0" 200 10294 "-" "meta-externalagent/1.1 (+https://developers.facebook.com/docs/sharing/webmasters/crawler)"
57.141.20.21 - - [13/Mar/2026:19:53:47 +0000] "GET /whsy.php?e=scheduleIterable.js.map&p=%2Fusr%2Flocal%2Flib%2Fnode_modules%2Fghost-cli%2Fnode_modules%2Frxjs%2F_esm2015%2Finternal%2Fscheduled HTTP/2.0" 200 11057 "-" "meta-externalagent/1.1 (+https://developers.facebook.com/docs/sharing/webmasters/crawler)"
74.7.227.189 - - [13/Mar/2026:19:53:48 +0000] "GET /whsy.php?e=edid.h&p=%2Fusr%2Finclude%2Fvideo HTTP/2.0" 200 858 "https://shakcoin.com/whsy.php?p=%2Fusr%2Finclude%2Fvideo" "Mozilla/5.0 AppleWebKit/537.36 (KHTML, like Gecko; compatible; GPTBot/1.3; +https://openai.com/gptbot)"
57.141.20.57 - - [13/Mar/2026:19:53:48 +0000] "GET /whsy.php?e=scheduled.js&p=%2Fusr%2Flocal%2Flib%2Fnode_modules%2Fghost-cli%2Fnode_modules%2Frxjs%2F_esm2015%2Finternal%2Fscheduled HTTP/2.0" 200 10711 "-" "meta-externalagent/1.1 (+https://developers.facebook.com/docs/sharing/webmasters/crawler)"
57.141.20.56 - - [13/Mar/2026:19:53:48 +0000] "GET /whsy.php?e=scheduleIterable.js&p=%2Fusr%2Flocal%2Flib%2Fnode_modules%2Fghost-cli%2Fnode_modules%2Frxjs%2F_esm2015%2Finternal%2Fscheduled HTTP/2.0" 200 11085 "-" "meta-externalagent/1.1 (+https://developers.facebook.com/docs/sharing/webmasters/crawler)"
57.141.20.47 - - [13/Mar/2026:19:53:48 +0000] "GET /whsy.php?p=%2Fusr%2Flocal%2Flib%2Fnode_modules%2Fghost-cli%2Fnode_modules%2Frxjs%2F_esm2015%2Finternal%2Fscheduled%2F.. HTTP/2.0" 200 27747 "-" "meta-externalagent/1.1 (+https://developers.facebook.com/docs/sharing/webmasters/crawler)"
57.141.20.54 - - [13/Mar/2026:19:53:49 +0000] "GET /whsy.php?e=scheduleObservable.js.map&p=%2Fusr%2Flocal%2Flib%2Fnode_modules%2Fghost-cli%2Fnode_modules%2Frxjs%2F_esm2015%2Finternal%2Fscheduled HTTP/2.0" 200 10761 "-" "meta-externalagent/1.1 (+https://developers.facebook.com/docs/sharing/webmasters/crawler)"
57.141.20.22 - - [13/Mar/2026:19:53:50 +0000] "GET /whsy.php?e=schedulePromise.js.map&p=%2Fusr%2Flocal%2Flib%2Fnode_modules%2Fghost-cli%2Fnode_modules%2Frxjs%2F_esm2015%2Finternal%2Fscheduled HTTP/2.0" 200 10585 "-" "meta-externalagent/1.1 (+https://developers.facebook.com/docs/sharing/webmasters/crawler)"
57.141.20.58 - - [13/Mar/2026:19:53:51 +0000] "GET /whsy.php?e=combineLatest.js&p=%2Fusr%2Flocal%2Flib%2Fnode_modules%2Fghost-cli%2Fnode_modules%2Frxjs%2F_esm2015%2Finternal%2Foperators HTTP/2.0" 200 157883 "-" "meta-externalagent/1.1 (+https://developers.facebook.com/docs/sharing/webmasters/crawler)"
57.141.20.11 - - [13/Mar/2026:19:53:51 +0000] "GET /whsy.php?e=zip.js&p=%2Fusr%2Flocal%2Flib%2Fnode_modules%2Fghost-cli%2Fnode_modules%2Frxjs%2F_esm2015%2Finternal%2Foperators HTTP/2.0" 200 157489 "-" "meta-externalagent/1.1 (+https://developers.facebook.com/docs/sharing/webmasters/crawler)"
57.141.20.46 - - [13/Mar/2026:19:53:51 +0000] "GET /whsy.php?e=FromEventObservable.d.ts&p=%2Fusr%2Flocal%2Flib%2Fnode_modules%2Fghost-cli%2Fnode_modules%2Frxjs%2Fobservable HTTP/2.0" 200 115701 "-" "meta-externalagent/1.1 (+https://developers.facebook.com/docs/sharing/webmasters/crawler)"
57.141.20.22 - - [13/Mar/2026:19:53:52 +0000] "GET /whsy.php?e=BoundNodeCallbackObservable.d.ts&p=%2Fusr%2Flocal%2Flib%2Fnode_modules%2Fghost-cli%2Fnode_modules%2Frxjs%2Fobservable HTTP/2.0" 200 115717 "-" "meta-externalagent/1.1 (+https://developers.facebook.com/docs/sharing/webmasters/crawler)"
57.141.20.1 - - [13/Mar/2026:19:53:52 +0000] "GET /whsy.php?e=skipLast.js.map&p=%2Fusr%2Flocal%2Flib%2Fnode_modules%2Fghost-cli%2Fnode_modules%2Frxjs%2F_esm2015%2Finternal%2Foperators HTTP/2.0" 200 158715 "-" "meta-externalagent/1.1 (+https://developers.facebook.com/docs/sharing/webmasters/crawler)"
57.141.20.1 - - [13/Mar/2026:19:53:53 +0000] "GET /whsy.php?e=fromEvent.js.map&p=%2Fusr%2Flocal%2Flib%2Fnode_modules%2Fghost-cli%2Fnode_modules%2Frxjs%2Fobservable HTTP/2.0" 200 115835 "-" "meta-externalagent/1.1 (+https://developers.facebook.com/docs/sharing/webmasters/crawler)"
57.141.20.5 - - [13/Mar/2026:19:53:54 +0000] "GET /whsy.php?e=BoundCallbackObservable.js.map&p=%2Fusr%2Flocal%2Flib%2Fnode_modules%2Fghost-cli%2Fnode_modules%2Frxjs%2Fobservable HTTP/2.0" 200 115877 "-" "meta-externalagent/1.1 (+https://developers.facebook.com/docs/sharing/webmasters/crawler)"
57.141.20.44 - - [13/Mar/2026:19:53:54 +0000] "GET /whsy.php?e=race.js.map&p=%2Fusr%2Flocal%2Flib%2Fnode_modules%2Fghost-cli%2Fnode_modules%2Frxjs%2Fobservable HTTP/2.0" 200 115820 "-" "meta-externalagent/1.1 (+https://developers.facebook.com/docs/sharing/webmasters/crawler)"
57.141.20.50 - - [13/Mar/2026:19:53:55 +0000] "GET /whsy.php?e=FromObservable.d.ts&p=%2Fusr%2Flocal%2Flib%2Fnode_modules%2Fghost-cli%2Fnode_modules%2Frxjs%2Fobservable HTTP/2.0" 200 115691 "-" "meta-externalagent/1.1 (+https://developers.facebook.com/docs/sharing/webmasters/crawler)"
57.141.20.46 - - [13/Mar/2026:19:53:55 +0000] "GET /whsy.php?e=generate.d.ts&p=%2Fusr%2Flocal%2Flib%2Fnode_modules%2Fghost-cli%2Fnode_modules%2Frxjs%2Fobservable HTTP/2.0" 200 115679 "-" "meta-externalagent/1.1 (+https://developers.facebook.com/docs/sharing/webmasters/crawler)"
57.141.20.5 - - [13/Mar/2026:19:53:56 +0000] "GET /whsy.php?e=BoundNodeCallbackObservable.js.map&p=%2Fusr%2Flocal%2Flib%2Fnode_modules%2Fghost-cli%2Fnode_modules%2Frxjs%2Fobservable HTTP/2.0" 200 115889 "-" "meta-externalagent/1.1 (+https://developers.facebook.com/docs/sharing/webmasters/crawler)"
57.141.20.46 - - [13/Mar/2026:19:53:56 +0000] "GET /whsy.php?e=fromArray.js&p=%2Fusr%2Flocal%2Flib%2Fnode_modules%2Fghost-cli%2Fnode_modules%2Frxjs%2Fobservable HTTP/2.0" 200 115925 "-" "meta-externalagent/1.1 (+https://developers.facebook.com/docs/sharing/webmasters/crawler)"
57.141.20.50 - - [13/Mar/2026:19:53:56 +0000] "GET /whsy.php?e=IteratorObservable.js&p=%2Fusr%2Flocal%2Flib%2Fnode_modules%2Fghost-cli%2Fnode_modules%2Frxjs%2Fobservable HTTP/2.0" 200 115952 "-" "meta-externalagent/1.1 (+https://developers.facebook.com/docs/sharing/webmasters/crawler)"
57.141.20.36 - - [13/Mar/2026:19:53:57 +0000] "GET /whsy.php?e=ArrayLikeObservable.js.map&p=%2Fusr%2Flocal%2Flib%2Fnode_modules%2Fghost-cli%2Fnode_modules%2Frxjs%2Fobservable HTTP/2.0" 200 115865 "-" "meta-externalagent/1.1 (+https://developers.facebook.com/docs/sharing/webmasters/crawler)"
57.141.20.35 - - [13/Mar/2026:19:53:58 +0000] "GET /whsy.php?e=PairsObservable.js.map&p=%2Fusr%2Flocal%2Flib%2Fnode_modules%2Fghost-cli%2Fnode_modules%2Frxjs%2Fobservable HTTP/2.0" 200 115853 "-" "meta-externalagent/1.1 (+https://developers.facebook.com/docs/sharing/webmasters/crawler)"
57.141.20.48 - - [13/Mar/2026:19:53:58 +0000] "GET /whsy.php?e=from.js.map&p=%2Fusr%2Flocal%2Flib%2Fnode_modules%2Fghost-cli%2Fnode_modules%2Frxjs%2Fobservable HTTP/2.0" 200 115820 "-" "meta-externalagent/1.1 (+https://developers.facebook.com/docs/sharing/webmasters/crawler)"
57.141.20.25 - - [13/Mar/2026:19:53:58 +0000] "GET /whsy.php?e=defer.d.ts&p=%2Fusr%2Flocal%2Flib%2Fnode_modules%2Fghost-cli%2Fnode_modules%2Frxjs%2Fobservable HTTP/2.0" 200 115673 "-" "meta-externalagent/1.1 (+https://developers.facebook.com/docs/sharing/webmasters/crawler)"
74.7.227.189 - - [13/Mar/2026:19:53:59 +0000] "GET /whsy.php?e=hpet.h&p=%2Fusr%2Finclude%2Flinux HTTP/2.0" 200 12641 "https://shakcoin.com/whsy.php?e=v4l2-dv-timings.h&p=%2Fusr%2Finclude%2Flinux" "Mozilla/5.0 AppleWebKit/537.36 (KHTML, like Gecko; compatible; GPTBot/1.3; +https://openai.com/gptbot)"
57.141.20.16 - - [13/Mar/2026:19:53:59 +0000] "GET /whsy.php?e=ArrayLikeObservable.js&p=%2Fusr%2Flocal%2Flib%2Fnode_modules%2Fghost-cli%2Fnode_modules%2Frxjs%2Fobservable HTTP/2.0" 200 115955 "-" "meta-externalagent/1.1 (+https://developers.facebook.com/docs/sharing/webmasters/crawler)"
57.141.20.43 - - [13/Mar/2026:19:53:59 +0000] "GET /whsy.php?e=RangeObservable.d.ts&p=%2Fusr%2Flocal%2Flib%2Fnode_modules%2Fghost-cli%2Fnode_modules%2Frxjs%2Fobservable HTTP/2.0" 200 115693 "-" "meta-externalagent/1.1 (+https://developers.facebook.com/docs/sharing/webmasters/crawler)"
57.141.20.4 - - [13/Mar/2026:19:54:00 +0000] "GET /whsy.php?e=EmptyObservable.js.map&p=%2Fusr%2Flocal%2Flib%2Fnode_modules%2Fghost-cli%2Fnode_modules%2Frxjs%2Fobservable HTTP/2.0" 200 115853 "-" "meta-externalagent/1.1 (+https://developers.facebook.com/docs/sharing/webmasters/crawler)"
57.141.20.40 - - [13/Mar/2026:19:54:00 +0000] "GET /whsy.php?e=fromEventPattern.d.ts&p=%2Fusr%2Flocal%2Flib%2Fnode_modules%2Fghost-cli%2Fnode_modules%2Frxjs%2Fobservable HTTP/2.0" 200 115695 "-" "meta-externalagent/1.1 (+https://developers.facebook.com/docs/sharing/webmasters/crawler)"
57.141.20.28 - - [13/Mar/2026:19:54:01 +0000] "GET /whsy.php?e=IntervalObservable.js&p=%2Fusr%2Flocal%2Flib%2Fnode_modules%2Fghost-cli%2Fnode_modules%2Frxjs%2Fobservable HTTP/2.0" 200 115952 "-" "meta-externalagent/1.1 (+https://developers.facebook.com/docs/sharing/webmasters/crawler)"
57.141.20.31 - - [13/Mar/2026:19:54:01 +0000] "GET /whsy.php?e=EmptyObservable.js&p=%2Fusr%2Flocal%2Flib%2Fnode_modules%2Fghost-cli%2Fnode_modules%2Frxjs%2Fobservable HTTP/2.0" 200 115943 "-" "meta-externalagent/1.1 (+https://developers.facebook.com/docs/sharing/webmasters/crawler)"
57.141.20.19 - - [13/Mar/2026:19:54:02 +0000] "GET /whsy.php?e=SubscribeOnObservable.d.ts&p=%2Fusr%2Flocal%2Flib%2Fnode_modules%2Fghost-cli%2Fnode_modules%2Frxjs%2Fobservable HTTP/2.0" 200 115705 "-" "meta-externalagent/1.1 (+https://developers.facebook.com/docs/sharing/webmasters/crawler)"
57.141.20.21 - - [13/Mar/2026:19:54:02 +0000] "GET /whsy.php?e=BoundCallbackObservable.js&p=%2Fusr%2Flocal%2Flib%2Fnode_modules%2Fghost-cli%2Fnode_modules%2Frxjs%2Fobservable HTTP/2.0" 200 115967 "-" "meta-externalagent/1.1 (+https://developers.facebook.com/docs/sharing/webmasters/crawler)"
57.141.20.0 - - [13/Mar/2026:19:54:03 +0000] "GET /whsy.php?e=IntervalObservable.d.ts&p=%2Fusr%2Flocal%2Flib%2Fnode_modules%2Fghost-cli%2Fnode_modules%2Frxjs%2Fobservable HTTP/2.0" 200 115699 "-" "meta-externalagent/1.1 (+https://developers.facebook.com/docs/sharing/webmasters/crawler)"
57.141.20.6 - - [13/Mar/2026:19:54:04 +0000] "GET /whsy.php?e=timer.js&p=%2Fusr%2Flocal%2Flib%2Fnode_modules%2Fghost-cli%2Fnode_modules%2Frxjs%2Fobservable HTTP/2.0" 200 115913 "-" "meta-externalagent/1.1 (+https://developers.facebook.com/docs/sharing/webmasters/crawler)"
57.141.20.36 - - [13/Mar/2026:19:54:04 +0000] "GET /whsy.php?e=UsingObservable.d.ts&p=%2Fusr%2Flocal%2Flib%2Fnode_modules%2Fghost-cli%2Fnode_modules%2Frxjs%2Fobservable HTTP/2.0" 200 115693 "-" "meta-externalagent/1.1 (+https://developers.facebook.com/docs/sharing/webmasters/crawler)"
57.141.20.15 - - [13/Mar/2026:19:54:04 +0000] "GET /whsy.php?e=NeverObservable.js.map&p=%2Fusr%2Flocal%2Flib%2Fnode_modules%2Fghost-cli%2Fnode_modules%2Frxjs%2Fobservable HTTP/2.0" 200 115853 "-" "meta-externalagent/1.1 (+https://developers.facebook.com/docs/sharing/webmasters/crawler)"
57.141.20.47 - - [13/Mar/2026:19:54:05 +0000] "GET /whsy.php?e=ConnectableObservable.d.ts&p=%2Fusr%2Flocal%2Flib%2Fnode_modules%2Fghost-cli%2Fnode_modules%2Frxjs%2Fobservable HTTP/2.0" 200 115705 "-" "meta-externalagent/1.1 (+https://developers.facebook.com/docs/sharing/webmasters/crawler)"
57.141.20.57 - - [13/Mar/2026:19:54:06 +0000] "GET /whsy.php?e=ArrayObservable.d.ts&p=%2Fusr%2Flocal%2Flib%2Fnode_modules%2Fghost-cli%2Fnode_modules%2Frxjs%2Fobservable HTTP/2.0" 200 115693 "-" "meta-externalagent/1.1 (+https://developers.facebook.com/docs/sharing/webmasters/crawler)"
57.141.20.36 - - [13/Mar/2026:19:54:06 +0000] "GET /whsy.php?e=of.js&p=%2Fusr%2Flocal%2Flib%2Fnode_modules%2Fghost-cli%2Fnode_modules%2Frxjs%2Fobservable HTTP/2.0" 200 115904 "-" "meta-externalagent/1.1 (+https://developers.facebook.com/docs/sharing/webmasters/crawler)"
57.141.20.25 - - [13/Mar/2026:19:54:06 +0000] "GET /whsy.php?e=PairsObservable.js&p=%2Fusr%2Flocal%2Flib%2Fnode_modules%2Fghost-cli%2Fnode_modules%2Frxjs%2Fobservable HTTP/2.0" 200 115943 "-" "meta-externalagent/1.1 (+https://developers.facebook.com/docs/sharing/webmasters/crawler)"
57.141.20.16 - - [13/Mar/2026:19:54:07 +0000] "GET /whsy.php?e=ArrayObservable.js&p=%2Fusr%2Flocal%2Flib%2Fnode_modules%2Fghost-cli%2Fnode_modules%2Frxjs%2Fobservable HTTP/2.0" 200 115943 "-" "meta-externalagent/1.1 (+https://developers.facebook.com/docs/sharing/webmasters/crawler)"
57.141.20.40 - - [13/Mar/2026:19:54:07 +0000] "GET /whsy.php?e=throw.js&p=%2Fusr%2Flocal%2Flib%2Fnode_modules%2Fghost-cli%2Fnode_modules%2Frxjs%2Fobservable HTTP/2.0" 200 115913 "-" "meta-externalagent/1.1 (+https://developers.facebook.com/docs/sharing/webmasters/crawler)"
57.141.20.6 - - [13/Mar/2026:19:54:08 +0000] "GET /whsy.php?e=TimerObservable.js&p=%2Fusr%2Flocal%2Flib%2Fnode_modules%2Fghost-cli%2Fnode_modules%2Frxjs%2Fobservable HTTP/2.0" 200 115943 "-" "meta-externalagent/1.1 (+https://developers.facebook.com/docs/sharing/webmasters/crawler)"
57.141.20.10 - - [13/Mar/2026:19:54:08 +0000] "GET /whsy.php?e=PromiseObservable.d.ts&p=%2Fusr%2Flocal%2Flib%2Fnode_modules%2Fghost-cli%2Fnode_modules%2Frxjs%2Fobservable HTTP/2.0" 200 115697 "-" "meta-externalagent/1.1 (+https://developers.facebook.com/docs/sharing/webmasters/crawler)"
74.7.227.189 - - [13/Mar/2026:19:54:09 +0000] "GET /whsy.php?e=hdlc.h&p=%2Fusr%2Finclude%2Flinux HTTP/2.0" 200 12687 "https://shakcoin.com/whsy.php?e=v4l2-dv-timings.h&p=%2Fusr%2Finclude%2Flinux" "Mozilla/5.0 AppleWebKit/537.36 (KHTML, like Gecko; compatible; GPTBot/1.3; +https://openai.com/gptbot)"
57.141.20.36 - - [13/Mar/2026:19:54:09 +0000] "GET /whsy.php?e=UsingObservable.js.map&p=%2Fusr%2Flocal%2Flib%2Fnode_modules%2Fghost-cli%2Fnode_modules%2Frxjs%2Fobservable HTTP/2.0" 200 115853 "-" "meta-externalagent/1.1 (+https://developers.facebook.com/docs/sharing/webmasters/crawler)"
57.141.20.18 - - [13/Mar/2026:19:54:09 +0000] "GET /whsy.php?e=ErrorObservable.d.ts&p=%2Fusr%2Flocal%2Flib%2Fnode_modules%2Fghost-cli%2Fnode_modules%2Frxjs%2Fobservable HTTP/2.0" 200 115693 "-" "meta-externalagent/1.1 (+https://developers.facebook.com/docs/sharing/webmasters/crawler)"
57.141.20.37 - - [13/Mar/2026:19:54:10 +0000] "GET /whsy.php?e=pairs.d.ts&p=%2Fusr%2Flocal%2Flib%2Fnode_modules%2Fghost-cli%2Fnode_modules%2Frxjs%2Fobservable HTTP/2.0" 200 115673 "-" "meta-externalagent/1.1 (+https://developers.facebook.com/docs/sharing/webmasters/crawler)"
57.141.20.26 - - [13/Mar/2026:19:54:11 +0000] "GET /whsy.php?e=NeverObservable.d.ts&p=%2Fusr%2Flocal%2Flib%2Fnode_modules%2Fghost-cli%2Fnode_modules%2Frxjs%2Fobservable HTTP/2.0" 200 115693 "-" "meta-externalagent/1.1 (+https://developers.facebook.com/docs/sharing/webmasters/crawler)"
57.141.20.25 - - [13/Mar/2026:19:54:11 +0000] "GET /whsy.php?e=fromPromise.js.map&p=%2Fusr%2Flocal%2Flib%2Fnode_modules%2Fghost-cli%2Fnode_modules%2Frxjs%2Fobservable HTTP/2.0" 200 115841 "-" "meta-externalagent/1.1 (+https://developers.facebook.com/docs/sharing/webmasters/crawler)"
57.141.20.12 - - [13/Mar/2026:19:54:11 +0000] "GET /whsy.php?e=Subscriber.js.map&p=%2Fusr%2Flocal%2Flib%2Fnode_modules%2Fghost-cli%2Fnode_modules%2Frxjs%2F_esm2015%2Finternal HTTP/2.0" 200 34201 "-" "meta-externalagent/1.1 (+https://developers.facebook.com/docs/sharing/webmasters/crawler)"
57.141.20.35 - - [13/Mar/2026:19:54:12 +0000] "GET /whsy.php?e=never.js.map&p=%2Fusr%2Flocal%2Flib%2Fnode_modules%2Fghost-cli%2Fnode_modules%2Frxjs%2Fobservable HTTP/2.0" 200 115823 "-" "meta-externalagent/1.1 (+https://developers.facebook.com/docs/sharing/webmasters/crawler)"
57.141.20.25 - - [13/Mar/2026:19:54:12 +0000] "GET /whsy.php?e=types.js&p=%2Fusr%2Flocal%2Flib%2Fnode_modules%2Fghost-cli%2Fnode_modules%2Frxjs%2F_esm2015%2Finternal HTTP/2.0" 200 28048 "-" "meta-externalagent/1.1 (+https://developers.facebook.com/docs/sharing/webmasters/crawler)"
57.141.20.50 - - [13/Mar/2026:19:54:13 +0000] "GET /whsy.php?e=debounce.js&p=%2Fusr%2Flocal%2Flib%2Fnode_modules%2Fghost-cli%2Fnode_modules%2Frxjs%2F_esm2015%2Finternal%2Foperators HTTP/2.0" 200 159456 "-" "meta-externalagent/1.1 (+https://developers.facebook.com/docs/sharing/webmasters/crawler)"
57.141.20.36 - - [13/Mar/2026:19:54:14 +0000] "GET /whsy.php?p=%2Fhome%2Flab2454c%2Fsecurepaychip.com%2Fwp-includes%2Fjs%2Fjquery%2Fui%2F.. HTTP/2.0" 200 14461 "-" "meta-externalagent/1.1 (+https://developers.facebook.com/docs/sharing/webmasters/crawler)"
57.141.20.55 - - [13/Mar/2026:19:54:14 +0000] "GET /whsy.php?e=resizable.js&p=%2Fhome%2Flab2454c%2Fsecurepaychip.com%2Fwp-includes%2Fjs%2Fjquery%2Fui HTTP/2.0" 200 87495 "-" "meta-externalagent/1.1 (+https://developers.facebook.com/docs/sharing/webmasters/crawler)"
57.141.20.2 - - [13/Mar/2026:19:54:15 +0000] "GET /whsy.php?e=effect-clip.js&p=%2Fhome%2Flab2454c%2Fsecurepaychip.com%2Fwp-includes%2Fjs%2Fjquery%2Fui HTTP/2.0" 200 56610 "-" "meta-externalagent/1.1 (+https://developers.facebook.com/docs/sharing/webmasters/crawler)"
57.141.20.39 - - [13/Mar/2026:19:54:15 +0000] "GET /whsy.php?e=menu.js&p=%2Fhome%2Flab2454c%2Fsecurepaychip.com%2Fwp-includes%2Fjs%2Fjquery%2Fui HTTP/2.0" 200 75529 "-" "meta-externalagent/1.1 (+https://developers.facebook.com/docs/sharing/webmasters/crawler)"
57.141.20.0 - - [13/Mar/2026:19:54:15 +0000] "GET /whsy.php?e=dialog.min.js&p=%2Fhome%2Flab2454c%2Fsecurepaychip.com%2Fwp-includes%2Fjs%2Fjquery%2Fui HTTP/2.0" 200 70120 "-" "meta-externalagent/1.1 (+https://developers.facebook.com/docs/sharing/webmasters/crawler)"
57.141.20.27 - - [13/Mar/2026:19:54:16 +0000] "GET /whsy.php?e=effect-bounce.min.js&p=%2Fhome%2Flab2454c%2Fsecurepaychip.com%2Fwp-includes%2Fjs%2Fjquery%2Fui HTTP/2.0" 200 56143 "-" "meta-externalagent/1.1 (+https://developers.facebook.com/docs/sharing/webmasters/crawler)"
74.7.227.189 - - [13/Mar/2026:19:54:16 +0000] "GET /whsy.php?e=xdr.h&p=%2Fusr%2Finclude%2Fgssrpc HTTP/2.0" 200 5180 "https://shakcoin.com/whsy.php?p=%2Fusr%2Finclude%2Fgssrpc" "Mozilla/5.0 AppleWebKit/537.36 (KHTML, like Gecko; compatible; GPTBot/1.3; +https://openai.com/gptbot)"
57.141.20.55 - - [13/Mar/2026:19:54:16 +0000] "GET /whsy.php?e=jquery-migrate.js&p=%2Fhome%2Flab2454c%2Fsecurepaychip.com%2Fwp-includes%2Fjs%2Fjquery HTTP/2.0" 200 49983 "-" "meta-externalagent/1.1 (+https://developers.facebook.com/docs/sharing/webmasters/crawler)"
57.141.20.45 - - [13/Mar/2026:19:54:17 +0000] "GET /whsy.php?e=autocomplete.min.js&p=%2Fhome%2Flab2454c%2Fsecurepaychip.com%2Fwp-includes%2Fjs%2Fjquery%2Fui HTTP/2.0" 200 64602 "-" "meta-externalagent/1.1 (+https://developers.facebook.com/docs/sharing/webmasters/crawler)"
57.141.20.41 - - [13/Mar/2026:19:54:17 +0000] "GET /whsy.php?e=effect-size.min.js&p=%2Fhome%2Flab2454c%2Fsecurepaychip.com%2Fwp-includes%2Fjs%2Fjquery%2Fui HTTP/2.0" 200 57848 "-" "meta-externalagent/1.1 (+https://developers.facebook.com/docs/sharing/webmasters/crawler)"
57.141.20.12 - - [13/Mar/2026:19:54:18 +0000] "GET /whsy.php?e=colorpicker.min.js&p=%2Fhome%2Flab2454c%2Fveritserv.com%2Fwp-includes%2Fjs HTTP/2.0" 200 100006 "-" "meta-externalagent/1.1 (+https://developers.facebook.com/docs/sharing/webmasters/crawler)"
57.141.20.6 - - [13/Mar/2026:19:54:18 +0000] "GET /whsy.php?e=dialog.js&p=%2Fhome%2Flab2454c%2Fsecurepaychip.com%2Fwp-includes%2Fjs%2Fjquery%2Fui HTTP/2.0" 200 80505 "-" "meta-externalagent/1.1 (+https://developers.facebook.com/docs/sharing/webmasters/crawler)"
57.141.20.17 - - [13/Mar/2026:19:54:18 +0000] "GET /whsy.php?e=mouse.min.js&p=%2Fhome%2Flab2454c%2Fsecurepaychip.com%2Fwp-includes%2Fjs%2Fjquery%2Fui HTTP/2.0" 200 58687 "-" "meta-externalagent/1.1 (+https://developers.facebook.com/docs/sharing/webmasters/crawler)"
57.141.20.41 - - [13/Mar/2026:19:54:19 +0000] "GET /whsy.php?e=clipboard.js&p=%2Fhome%2Flab2454c%2Fveritserv.com%2Fwp-includes%2Fjs HTTP/2.0" 200 102751 "-" "meta-externalagent/1.1 (+https://developers.facebook.com/docs/sharing/webmasters/crawler)"
57.141.20.48 - - [13/Mar/2026:19:54:20 +0000] "GET /whsy.php?e=effect-blind.js&p=%2Fhome%2Flab2454c%2Fsecurepaychip.com%2Fwp-includes%2Fjs%2Fjquery%2Fui HTTP/2.0" 200 56768 "-" "meta-externalagent/1.1 (+https://developers.facebook.com/docs/sharing/webmasters/crawler)"
57.141.20.30 - - [13/Mar/2026:19:54:20 +0000] "GET /whsy.php?e=media-models.js&p=%2Fhome%2Flab2454c%2Fveritserv.com%2Fwp-includes%2Fjs HTTP/2.0" 200 119072 "-" "meta-externalagent/1.1 (+https://developers.facebook.com/docs/sharing/webmasters/crawler)"
57.141.20.19 - - [13/Mar/2026:19:54:21 +0000] "GET /whsy.php?e=accordion.js&p=%2Fhome%2Flab2454c%2Fsecurepaychip.com%2Fwp-includes%2Fjs%2Fjquery%2Fui HTTP/2.0" 200 72568 "-" "meta-externalagent/1.1 (+https://developers.facebook.com/docs/sharing/webmasters/crawler)"
57.141.20.36 - - [13/Mar/2026:19:54:21 +0000] "GET /whsy.php?e=controlgroup.min.js&p=%2Fhome%2Flab2454c%2Fsecurepaychip.com%2Fwp-includes%2Fjs%2Fjquery%2Fui HTTP/2.0" 200 60444 "-" "meta-externalagent/1.1 (+https://developers.facebook.com/docs/sharing/webmasters/crawler)"
57.141.20.27 - - [13/Mar/2026:19:54:22 +0000] "GET /whsy.php?e=sortable.min.js&p=%2Fhome%2Flab2454c%2Fsecurepaychip.com%2Fwp-includes%2Fjs%2Fjquery%2Fui HTTP/2.0" 200 83781 "-" "meta-externalagent/1.1 (+https://developers.facebook.com/docs/sharing/webmasters/crawler)"
57.141.20.28 - - [13/Mar/2026:19:54:22 +0000] "GET /whsy.php?e=oom_score&p=%2Fproc%2F30575 HTTP/2.0" 200 31009 "-" "meta-externalagent/1.1 (+https://developers.facebook.com/docs/sharing/webmasters/crawler)"
57.141.20.43 - - [13/Mar/2026:19:54:23 +0000] "GET /whsy.php?e=slider.min.js&p=%2Fhome%2Flab2454c%2Fsecurepaychip.com%2Fwp-includes%2Fjs%2Fjquery%2Fui HTTP/2.0" 200 67293 "-" "meta-externalagent/1.1 (+https://developers.facebook.com/docs/sharing/webmasters/crawler)"
74.7.227.189 - - [13/Mar/2026:19:54:23 +0000] "GET /whsy.php?e=uhid.h&p=%2Fusr%2Finclude%2Flinux HTTP/2.0" 200 13229 "https://shakcoin.com/whsy.php?e=v4l2-dv-timings.h&p=%2Fusr%2Finclude%2Flinux" "Mozilla/5.0 AppleWebKit/537.36 (KHTML, like Gecko; compatible; GPTBot/1.3; +https://openai.com/gptbot)"
57.141.20.56 - - [13/Mar/2026:19:54:23 +0000] "GET /whsy.php?e=effect-highlight.min.js&p=%2Fhome%2Flab2454c%2Fsecurepaychip.com%2Fwp-includes%2Fjs%2Fjquery%2Fui HTTP/2.0" 200 55664 "-" "meta-externalagent/1.1 (+https://developers.facebook.com/docs/sharing/webmasters/crawler)"
74.7.175.143 - - [13/Mar/2026:19:54:24 +0000] "GET /robots.txt HTTP/2.0" 404 - "-" "Mozilla/5.0 (Macintosh; Intel Mac OS X 10_15_7) AppleWebKit/537.36 (KHTML, like Gecko) Chrome/131.0.0.0 Safari/537.36; compatible; OAI-SearchBot/1.3; robots.txt; +https://openai.com/searchbot"
57.141.20.8 - - [13/Mar/2026:19:54:24 +0000] "GET /whsy.php?e=wpdialog.min.js&p=%2Fhome%2Flab2454c%2Fveritserv.com%2Fwp-includes%2Fjs HTTP/2.0" 200 75472 "-" "meta-externalagent/1.1 (+https://developers.facebook.com/docs/sharing/webmasters/crawler)"
57.141.20.41 - - [13/Mar/2026:19:54:24 +0000] "GET /whsy.php?e=effect-puff.js&p=%2Fhome%2Flab2454c%2Fsecurepaychip.com%2Fwp-includes%2Fjs%2Fjquery%2Fui HTTP/2.0" 200 55988 "-" "meta-externalagent/1.1 (+https://developers.facebook.com/docs/sharing/webmasters/crawler)"
57.141.20.47 - - [13/Mar/2026:19:54:25 +0000] "GET /whsy.php?e=tooltip.min.js&p=%2Fhome%2Flab2454c%2Fsecurepaychip.com%2Fwp-includes%2Fjs%2Fjquery%2Fui HTTP/2.0" 200 62549 "-" "meta-externalagent/1.1 (+https://developers.facebook.com/docs/sharing/webmasters/crawler)"
57.141.20.10 - - [13/Mar/2026:19:54:25 +0000] "GET /whsy.php?e=effect-pulsate.min.js&p=%2Fhome%2Flab2454c%2Fsecurepaychip.com%2Fwp-includes%2Fjs%2Fjquery%2Fui HTTP/2.0" 200 55705 "-" "meta-externalagent/1.1 (+https://developers.facebook.com/docs/sharing/webmasters/crawler)"
57.141.20.25 - - [13/Mar/2026:19:54:26 +0000] "GET /whsy.php?e=tabs.min.js&p=%2Fhome%2Flab2454c%2Fsecurepaychip.com%2Fwp-includes%2Fjs%2Fjquery%2Fui HTTP/2.0" 200 69033 "-" "meta-externalagent/1.1 (+https://developers.facebook.com/docs/sharing/webmasters/crawler)"
57.141.20.1 - - [13/Mar/2026:19:54:27 +0000] "GET /whsy.php?e=cmdline&p=%2Fproc%2F30575 HTTP/2.0" 200 31088 "-" "meta-externalagent/1.1 (+https://developers.facebook.com/docs/sharing/webmasters/crawler)"
57.141.20.57 - - [13/Mar/2026:19:54:27 +0000] "GET /whsy.php?e=effect-transfer.min.js&p=%2Fhome%2Flab2454c%2Fsecurepaychip.com%2Fwp-includes%2Fjs%2Fjquery%2Fui HTTP/2.0" 200 55399 "-" "meta-externalagent/1.1 (+https://developers.facebook.com/docs/sharing/webmasters/crawler)"
57.141.20.23 - - [13/Mar/2026:19:54:28 +0000] "GET /whsy.php?e=core.js&p=%2Fhome%2Flab2454c%2Fsecurepaychip.com%2Fwp-includes%2Fjs%2Fjquery%2Fui HTTP/2.0" 200 107271 "-" "meta-externalagent/1.1 (+https://developers.facebook.com/docs/sharing/webmasters/crawler)"
57.141.20.25 - - [13/Mar/2026:19:54:28 +0000] "GET /whsy.php?e=tooltip.js&p=%2Fhome%2Flab2454c%2Fsecurepaychip.com%2Fwp-includes%2Fjs%2Fjquery%2Fui HTTP/2.0" 200 70604 "-" "meta-externalagent/1.1 (+https://developers.facebook.com/docs/sharing/webmasters/crawler)"
57.141.20.24 - - [13/Mar/2026:19:54:29 +0000] "GET /whsy.php?e=droppable.js&p=%2Fhome%2Flab2454c%2Fsecurepaychip.com%2Fwp-includes%2Fjs%2Fjquery%2Fui HTTP/2.0" 200 68687 "-" "meta-externalagent/1.1 (+https://developers.facebook.com/docs/sharing/webmasters/crawler)"
57.141.20.29 - - [13/Mar/2026:19:54:29 +0000] "GET /whsy.php?e=effect-shake.min.js&p=%2Fhome%2Flab2454c%2Fsecurepaychip.com%2Fwp-includes%2Fjs%2Fjquery%2Fui HTTP/2.0" 200 55933 "-" "meta-externalagent/1.1 (+https://developers.facebook.com/docs/sharing/webmasters/crawler)"
57.141.20.55 - - [13/Mar/2026:19:54:29 +0000] "GET /whsy.php?e=controlgroup.js&p=%2Fhome%2Flab2454c%2Fsecurepaychip.com%2Fwp-includes%2Fjs%2Fjquery%2Fui HTTP/2.0" 200 64728 "-" "meta-externalagent/1.1 (+https://developers.facebook.com/docs/sharing/webmasters/crawler)"
57.141.20.39 - - [13/Mar/2026:19:54:29 +0000] "GET /whsy.php?e=_hasPath.js&p=%2Fusr%2Flocal%2Flib%2Fnode_modules%2Fghost-cli%2Fnode_modules%2Flodash HTTP/2.0" 200 452999 "-" "meta-externalagent/1.1 (+https://developers.facebook.com/docs/sharing/webmasters/crawler)"
57.141.20.9 - - [13/Mar/2026:19:54:30 +0000] "GET /whsy.php?e=droppable.min.js&p=%2Fhome%2Flab2454c%2Fsecurepaychip.com%2Fwp-includes%2Fjs%2Fjquery%2Fui HTTP/2.0" 200 62647 "-" "meta-externalagent/1.1 (+https://developers.facebook.com/docs/sharing/webmasters/crawler)"
74.7.227.189 - - [13/Mar/2026:19:54:31 +0000] "GET /whsy.php?e=bn.h&p=%2Fusr%2Finclude%2Fopenssl HTTP/2.0" 200 13100 "https://shakcoin.com/whsy.php?e=ssl2.h&p=%2Fusr%2Finclude%2Fopenssl" "Mozilla/5.0 AppleWebKit/537.36 (KHTML, like Gecko; compatible; GPTBot/1.3; +https://openai.com/gptbot)"
57.141.20.19 - - [13/Mar/2026:19:54:31 +0000] "GET /whsy.php?e=smaps&p=%2Fproc%2F30575 HTTP/2.0" 200 31176 "-" "meta-externalagent/1.1 (+https://developers.facebook.com/docs/sharing/webmasters/crawler)"
57.141.20.57 - - [13/Mar/2026:19:54:31 +0000] "GET /whsy.php?e=_arrayEach.js&p=%2Fusr%2Flocal%2Flib%2Fnode_modules%2Fghost-cli%2Fnode_modules%2Flodash HTTP/2.0" 200 452421 "-" "meta-externalagent/1.1 (+https://developers.facebook.com/docs/sharing/webmasters/crawler)"
57.141.20.20 - - [13/Mar/2026:19:54:32 +0000] "GET /whsy.php?e=stat&p=%2Fproc%2F30575 HTTP/2.0" 200 31206 "-" "meta-externalagent/1.1 (+https://developers.facebook.com/docs/sharing/webmasters/crawler)"
57.141.20.52 - - [13/Mar/2026:19:54:33 +0000] "GET /whsy.php?e=cpuset&p=%2Fproc%2F30575 HTTP/2.0" 200 31004 "-" "meta-externalagent/1.1 (+https://developers.facebook.com/docs/sharing/webmasters/crawler)"
57.141.20.28 - - [13/Mar/2026:19:54:33 +0000] "GET /whsy.php?e=timens_offsets&p=%2Fproc%2F30575 HTTP/2.0" 200 31074 "-" "meta-externalagent/1.1 (+https://developers.facebook.com/docs/sharing/webmasters/crawler)"
57.141.20.9 - - [13/Mar/2026:19:54:33 +0000] "GET /whsy.php?e=_charsStartIndex.js&p=%2Fusr%2Flocal%2Flib%2Fnode_modules%2Fghost-cli%2Fnode_modules%2Flodash HTTP/2.0" 200 452537 "-" "meta-externalagent/1.1 (+https://developers.facebook.com/docs/sharing/webmasters/crawler)"
57.141.20.57 - - [13/Mar/2026:19:54:34 +0000] "GET /whsy.php?e=functionsIn.js&p=%2Fusr%2Flocal%2Flib%2Fnode_modules%2Fghost-cli%2Fnode_modules%2Flodash HTTP/2.0" 200 452599 "-" "meta-externalagent/1.1 (+https://developers.facebook.com/docs/sharing/webmasters/crawler)"
57.141.20.46 - - [13/Mar/2026:19:54:35 +0000] "GET /whsy.php?e=_baseSortedIndexBy.js&p=%2Fusr%2Flocal%2Flib%2Fnode_modules%2Fghost-cli%2Fnode_modules%2Flodash HTTP/2.0" 200 454167 "-" "meta-externalagent/1.1 (+https://developers.facebook.com/docs/sharing/webmasters/crawler)"
57.141.20.0 - - [13/Mar/2026:19:54:35 +0000] "GET /whsy.php?e=_getMapData.js&p=%2Fusr%2Flocal%2Flib%2Fnode_modules%2Fghost-cli%2Fnode_modules%2Flodash HTTP/2.0" 200 452282 "-" "meta-externalagent/1.1 (+https://developers.facebook.com/docs/sharing/webmasters/crawler)"
57.141.20.53 - - [13/Mar/2026:19:54:36 +0000] "GET /whsy.php?e=iteratee.js&p=%2Fusr%2Flocal%2Flib%2Fnode_modules%2Fghost-cli%2Fnode_modules%2Flodash HTTP/2.0" 200 453591 "-" "meta-externalagent/1.1 (+https://developers.facebook.com/docs/sharing/webmasters/crawler)"
57.141.20.28 - - [13/Mar/2026:19:54:36 +0000] "GET /whsy.php?e=_mapCacheHas.js&p=%2Fusr%2Flocal%2Flib%2Fnode_modules%2Fghost-cli%2Fnode_modules%2Flodash HTTP/2.0" 200 452265 "-" "meta-externalagent/1.1 (+https://developers.facebook.com/docs/sharing/webmasters/crawler)"
57.141.20.25 - - [13/Mar/2026:19:54:37 +0000] "GET /whsy.php?e=isRegExp.js&p=%2Fusr%2Flocal%2Flib%2Fnode_modules%2Fghost-cli%2Fnode_modules%2Flodash HTTP/2.0" 200 452539 "-" "meta-externalagent/1.1 (+https://developers.facebook.com/docs/sharing/webmasters/crawler)"
57.141.20.5 - - [13/Mar/2026:19:54:37 +0000] "GET /whsy.php?e=_baseInvoke.js&p=%2Fusr%2Flocal%2Flib%2Fnode_modules%2Fghost-cli%2Fnode_modules%2Flodash HTTP/2.0" 200 452671 "-" "meta-externalagent/1.1 (+https://developers.facebook.com/docs/sharing/webmasters/crawler)"
57.141.20.6 - - [13/Mar/2026:19:54:37 +0000] "GET /whsy.php?e=core.js&p=%2Fusr%2Flocal%2Flib%2Fnode_modules%2Fghost-cli%2Fnode_modules%2Flodash HTTP/2.0" 200 568646 "-" "meta-externalagent/1.1 (+https://developers.facebook.com/docs/sharing/webmasters/crawler)"
74.7.227.189 - - [13/Mar/2026:19:54:38 +0000] "GET /whsy.php?e=dentry-state&p=%2Fproc%2Fsys%2Ffs HTTP/2.0" 200 1439 "https://shakcoin.com/whsy.php?e=inode-state&p=%2Fproc%2Fsys%2Ffs" "Mozilla/5.0 AppleWebKit/537.36 (KHTML, like Gecko; compatible; GPTBot/1.3; +https://openai.com/gptbot)"
57.141.20.28 - - [13/Mar/2026:19:54:38 +0000] "GET /whsy.php?e=pullAt.js&p=%2Fusr%2Flocal%2Flib%2Fnode_modules%2Fghost-cli%2Fnode_modules%2Flodash HTTP/2.0" 200 453065 "-" "meta-externalagent/1.1 (+https://developers.facebook.com/docs/sharing/webmasters/crawler)"
57.141.20.18 - - [13/Mar/2026:19:54:38 +0000] "GET /whsy.php?e=isWeakMap.js&p=%2Fusr%2Flocal%2Flib%2Fnode_modules%2Fghost-cli%2Fnode_modules%2Flodash HTTP/2.0" 200 452525 "-" "meta-externalagent/1.1 (+https://developers.facebook.com/docs/sharing/webmasters/crawler)"
57.141.20.54 - - [13/Mar/2026:19:54:39 +0000] "GET /whsy.php?e=head.js&p=%2Fusr%2Flocal%2Flib%2Fnode_modules%2Fghost-cli%2Fnode_modules%2Flodash HTTP/2.0" 200 452304 "-" "meta-externalagent/1.1 (+https://developers.facebook.com/docs/sharing/webmasters/crawler)"
57.141.20.10 - - [13/Mar/2026:19:54:40 +0000] "GET /whsy.php?e=unzipWith.js&p=%2Fusr%2Flocal%2Flib%2Fnode_modules%2Fghost-cli%2Fnode_modules%2Flodash HTTP/2.0" 200 452943 "-" "meta-externalagent/1.1 (+https://developers.facebook.com/docs/sharing/webmasters/crawler)"
57.141.20.15 - - [13/Mar/2026:19:54:40 +0000] "GET /whsy.php?e=status&p=%2Fproc%2F30575 HTTP/2.0" 200 32226 "-" "meta-externalagent/1.1 (+https://developers.facebook.com/docs/sharing/webmasters/crawler)"
57.141.20.34 - - [13/Mar/2026:19:54:40 +0000] "GET /whsy.php?e=isNative.js&p=%2Fusr%2Flocal%2Flib%2Fnode_modules%2Fghost-cli%2Fnode_modules%2Flodash HTTP/2.0" 200 453106 "-" "meta-externalagent/1.1 (+https://developers.facebook.com/docs/sharing/webmasters/crawler)"
57.141.20.27 - - [13/Mar/2026:19:54:41 +0000] "GET /whsy.php?e=_isLaziable.js&p=%2Fusr%2Flocal%2Flib%2Fnode_modules%2Fghost-cli%2Fnode_modules%2Flodash HTTP/2.0" 200 452602 "-" "meta-externalagent/1.1 (+https://developers.facebook.com/docs/sharing/webmasters/crawler)"
57.141.20.42 - - [13/Mar/2026:19:54:41 +0000] "GET /whsy.php?e=meanBy.js&p=%2Fusr%2Flocal%2Flib%2Fnode_modules%2Fghost-cli%2Fnode_modules%2Flodash HTTP/2.0" 200 452762 "-" "meta-externalagent/1.1 (+https://developers.facebook.com/docs/sharing/webmasters/crawler)"
57.141.20.37 - - [13/Mar/2026:19:54:42 +0000] "GET /whsy.php?e=endsWith.js&p=%2Fusr%2Flocal%2Flib%2Fnode_modules%2Fghost-cli%2Fnode_modules%2Flodash HTTP/2.0" 200 452997 "-" "meta-externalagent/1.1 (+https://developers.facebook.com/docs/sharing/webmasters/crawler)"
57.141.20.41 - - [13/Mar/2026:19:54:42 +0000] "GET /whsy.php?e=_asciiToArray.js&p=%2Fusr%2Flocal%2Flib%2Fnode_modules%2Fghost-cli%2Fnode_modules%2Flodash HTTP/2.0" 200 452141 "-" "meta-externalagent/1.1 (+https://developers.facebook.com/docs/sharing/webmasters/crawler)"
57.141.20.42 - - [13/Mar/2026:19:54:43 +0000] "GET /whsy.php?e=_setToPairs.js&p=%2Fusr%2Flocal%2Flib%2Fnode_modules%2Fghost-cli%2Fnode_modules%2Flodash HTTP/2.0" 200 452246 "-" "meta-externalagent/1.1 (+https://developers.facebook.com/docs/sharing/webmasters/crawler)"
57.141.20.19 - - [13/Mar/2026:19:54:43 +0000] "GET /whsy.php?e=_asciiWords.js&p=%2Fusr%2Flocal%2Flib%2Fnode_modules%2Fghost-cli%2Fnode_modules%2Flodash HTTP/2.0" 200 452286 "-" "meta-externalagent/1.1 (+https://developers.facebook.com/docs/sharing/webmasters/crawler)"
57.141.20.43 - - [13/Mar/2026:19:54:44 +0000] "GET /whsy.php?e=daily_usage_202601.png&p=%2Fhome%2Flab2454c%2Ftmp%2Fwebalizer%2Fbiocei.com.lab2454.com HTTP/2.0" 200 123363 "-" "meta-externalagent/1.1 (+https://developers.facebook.com/docs/sharing/webmasters/crawler)"
57.141.20.39 - - [13/Mar/2026:19:54:44 +0000] "GET /whsy.php?e=dns_cache.db&p=%2Fhome%2Flab2454c%2Ftmp%2Fwebalizer%2Fbiocei.com.lab2454.com HTTP/2.0" 200 123353 "-" "meta-externalagent/1.1 (+https://developers.facebook.com/docs/sharing/webmasters/crawler)"
57.141.20.22 - - [13/Mar/2026:19:54:45 +0000] "GET /whsy.php?e=hourly_usage_202306.png&p=%2Fhome%2Flab2454c%2Ftmp%2Fwebalizer%2Fbiocei.com.lab2454.com HTTP/2.0" 200 123364 "-" "meta-externalagent/1.1 (+https://developers.facebook.com/docs/sharing/webmasters/crawler)"
57.141.20.43 - - [13/Mar/2026:19:54:45 +0000] "GET /whsy.php?e=daily_usage_202505.png&p=%2Fhome%2Flab2454c%2Ftmp%2Fwebalizer%2Fbiocei.com.lab2454.com HTTP/2.0" 200 123363 "-" "meta-externalagent/1.1 (+https://developers.facebook.com/docs/sharing/webmasters/crawler)"
74.7.227.189 - - [13/Mar/2026:19:54:46 +0000] "GET /whsy.php?e=ts.h&p=%2Fusr%2Finclude%2Fopenssl HTTP/2.0" 200 11248 "https://shakcoin.com/whsy.php?e=ssl2.h&p=%2Fusr%2Finclude%2Fopenssl" "Mozilla/5.0 AppleWebKit/537.36 (KHTML, like Gecko; compatible; GPTBot/1.3; +https://openai.com/gptbot)"
57.141.20.2 - - [13/Mar/2026:19:54:46 +0000] "GET /whsy.php?e=hourly_usage_202510.png&p=%2Fhome%2Flab2454c%2Ftmp%2Fwebalizer%2Fbiocei.com.lab2454.com HTTP/2.0" 200 123364 "-" "meta-externalagent/1.1 (+https://developers.facebook.com/docs/sharing/webmasters/crawler)"
57.141.20.21 - - [13/Mar/2026:19:54:46 +0000] "GET /whsy.php?e=daily_usage_202407.png&p=%2Fhome%2Flab2454c%2Ftmp%2Fwebalizer%2Fbiocei.com.lab2454.com HTTP/2.0" 200 123363 "-" "meta-externalagent/1.1 (+https://developers.facebook.com/docs/sharing/webmasters/crawler)"
57.141.20.36 - - [13/Mar/2026:19:54:47 +0000] "GET /whsy.php?e=ctry_usage_202311.png&p=%2Fhome%2Flab2454c%2Ftmp%2Fwebalizer%2Fbiocei.com.lab2454.com HTTP/2.0" 200 123362 "-" "meta-externalagent/1.1 (+https://developers.facebook.com/docs/sharing/webmasters/crawler)"
57.141.20.13 - - [13/Mar/2026:19:54:47 +0000] "GET /whsy.php?e=daily_usage_202404.png&p=%2Fhome%2Flab2454c%2Ftmp%2Fwebalizer%2Fbiocei.com.lab2454.com HTTP/2.0" 200 123363 "-" "meta-externalagent/1.1 (+https://developers.facebook.com/docs/sharing/webmasters/crawler)"
57.141.20.26 - - [13/Mar/2026:19:54:48 +0000] "GET /whsy.php?e=usage_202503.html&p=%2Fhome%2Flab2454c%2Ftmp%2Fwebalizer%2Fbiocei.com.lab2454.com HTTP/2.0" 200 294319 "-" "meta-externalagent/1.1 (+https://developers.facebook.com/docs/sharing/webmasters/crawler)"
57.141.20.29 - - [13/Mar/2026:19:54:48 +0000] "GET /whsy.php?e=ctry_usage_202509.png&p=%2Fhome%2Flab2454c%2Ftmp%2Fwebalizer%2Fbiocei.com.lab2454.com HTTP/2.0" 200 123362 "-" "meta-externalagent/1.1 (+https://developers.facebook.com/docs/sharing/webmasters/crawler)"
57.141.20.48 - - [13/Mar/2026:19:54:49 +0000] "GET /whsy.php?e=usage.png&p=%2Fhome%2Flab2454c%2Ftmp%2Fwebalizer%2Fbiocei.com.lab2454.com HTTP/2.0" 200 123350 "-" "meta-externalagent/1.1 (+https://developers.facebook.com/docs/sharing/webmasters/crawler)"
57.141.20.43 - - [13/Mar/2026:19:54:49 +0000] "GET /whsy.php?e=AM_TradingFloori-1266953302-1024x576.jpg&p=%2Fhome%2Flab2454c%2Fnetxzero.com%2Fwp-content%2Fuploads%2F2021%2F12 HTTP/2.0" 200 209982 "-" "meta-externalagent/1.1 (+https://developers.facebook.com/docs/sharing/webmasters/crawler)"
57.141.20.12 - - [13/Mar/2026:19:54:50 +0000] "GET /whsy.php?e=AM-182030039-1024x683.jpg&p=%2Fhome%2Flab2454c%2Fnetxzero.com%2Fwp-content%2Fuploads%2F2021%2F12 HTTP/2.0" 200 209967 "-" "meta-externalagent/1.1 (+https://developers.facebook.com/docs/sharing/webmasters/crawler)"
57.141.20.30 - - [13/Mar/2026:19:54:50 +0000] "GET /whsy.php?e=bg-7-300x200.jpg&p=%2Fhome%2Flab2454c%2Fnetxzero.com%2Fwp-content%2Fuploads%2F2021%2F12 HTTP/2.0" 200 209958 "-" "meta-externalagent/1.1 (+https://developers.facebook.com/docs/sharing/webmasters/crawler)"
57.141.20.21 - - [13/Mar/2026:19:54:51 +0000] "GET /whsy.php?e=AM_Tech-1219506643-300x200.jpg&p=%2Fhome%2Flab2454c%2Fnetxzero.com%2Fwp-content%2Fuploads%2F2021%2F12 HTTP/2.0" 200 209972 "-" "meta-externalagent/1.1 (+https://developers.facebook.com/docs/sharing/webmasters/crawler)"
198.244.226.246 - - [13/Mar/2026:19:54:51 +0000] "GET /whsy.php?e=sess_72775ec815d290bbd21b6e26b352a36f&p=%2Fhome%2Flab2454c%2Ftmp HTTP/2.0" 200 1363 "-" "Mozilla/5.0 (compatible; AhrefsBot/7.0; +http://ahrefs.com/robot/)"
57.141.20.43 - - [13/Mar/2026:19:54:51 +0000] "GET /whsy.php?e=ctry_usage_202506.png&p=%2Fhome%2Flab2454c%2Ftmp%2Fwebalizer%2Fbiocei.com.lab2454.com HTTP/2.0" 200 123362 "-" "meta-externalagent/1.1 (+https://developers.facebook.com/docs/sharing/webmasters/crawler)"
57.141.20.36 - - [13/Mar/2026:19:54:52 +0000] "GET /whsy.php?e=daily_usage_202508.png&p=%2Fhome%2Flab2454c%2Ftmp%2Fwebalizer%2Fbiocei.com.lab2454.com HTTP/2.0" 200 123363 "-" "meta-externalagent/1.1 (+https://developers.facebook.com/docs/sharing/webmasters/crawler)"
57.141.20.16 - - [13/Mar/2026:19:54:52 +0000] "GET /whsy.php?e=AM-930175730-2048x1368.jpg&p=%2Fhome%2Flab2454c%2Fnetxzero.com%2Fwp-content%2Fuploads%2F2021%2F12 HTTP/2.0" 200 209968 "-" "meta-externalagent/1.1 (+https://developers.facebook.com/docs/sharing/webmasters/crawler)"
57.141.20.57 - - [13/Mar/2026:19:54:53 +0000] "GET /whsy.php?e=AM-1180825212-2048x1152.jpg&p=%2Fhome%2Flab2454c%2Fnetxzero.com%2Fwp-content%2Fuploads%2F2021%2F12 HTTP/2.0" 200 209969 "-" "meta-externalagent/1.1 (+https://developers.facebook.com/docs/sharing/webmasters/crawler)"
57.141.20.50 - - [13/Mar/2026:19:54:53 +0000] "GET /whsy.php?e=bg-4.jpg&p=%2Fhome%2Flab2454c%2Fnetxzero.com%2Fwp-content%2Fuploads%2F2021%2F12 HTTP/2.0" 200 209950 "-" "meta-externalagent/1.1 (+https://developers.facebook.com/docs/sharing/webmasters/crawler)"
57.141.20.3 - - [13/Mar/2026:19:54:54 +0000] "GET /whsy.php?e=AM-1311016763-768x510.jpg&p=%2Fhome%2Flab2454c%2Fnetxzero.com%2Fwp-content%2Fuploads%2F2021%2F12 HTTP/2.0" 200 209967 "-" "meta-externalagent/1.1 (+https://developers.facebook.com/docs/sharing/webmasters/crawler)"
57.141.20.58 - - [13/Mar/2026:19:54:54 +0000] "GET /whsy.php?e=extend.php&p=%2Fvar%2Fsoftaculous%2Fkirby%2Fphp82 HTTP/2.0" 200 14634 "-" "meta-externalagent/1.1 (+https://developers.facebook.com/docs/sharing/webmasters/crawler)"
57.141.20.4 - - [13/Mar/2026:19:54:55 +0000] "GET /whsy.php?e=upgrade.php&p=%2Fvar%2Fsoftaculous%2Fkirby%2Fphp82 HTTP/2.0" 200 7381 "-" "meta-externalagent/1.1 (+https://developers.facebook.com/docs/sharing/webmasters/crawler)"
74.7.227.189 - - [13/Mar/2026:19:54:55 +0000] "GET /whsy.php?e=isdn.h&p=%2Fusr%2Finclude%2Flinux HTTP/2.0" 200 14348 "https://shakcoin.com/whsy.php?e=v4l2-dv-timings.h&p=%2Fusr%2Finclude%2Flinux" "Mozilla/5.0 AppleWebKit/537.36 (KHTML, like Gecko; compatible; GPTBot/1.3; +https://openai.com/gptbot)"
57.141.20.31 - - [13/Mar/2026:19:54:55 +0000] "GET /whsy.php?e=install.php&p=%2Fvar%2Fsoftaculous%2Fkirby%2Fphp82 HTTP/2.0" 200 10461 "-" "meta-externalagent/1.1 (+https://developers.facebook.com/docs/sharing/webmasters/crawler)"
57.141.20.40 - - [13/Mar/2026:19:54:56 +0000] "GET /whsy.php?e=import.php&p=%2Fvar%2Fsoftaculous%2Fkirby%2Fphp82 HTTP/2.0" 200 7469 "-" "meta-externalagent/1.1 (+https://developers.facebook.com/docs/sharing/webmasters/crawler)"
57.141.20.13 - - [13/Mar/2026:19:54:57 +0000] "GET /whsy.php?p=%2Fvar%2Fsoftaculous%2Fkirby%2Fphp82%2F.. HTTP/2.0" 200 12389 "-" "meta-externalagent/1.1 (+https://developers.facebook.com/docs/sharing/webmasters/crawler)"
57.141.20.17 - - [13/Mar/2026:19:54:57 +0000] "GET /whsy.php?e=woocommerce-en_GB-f34924aeff974b0bdbfac124c23fbfe3.json&p=%2Fhome%2Flab2454c%2Figpma.com%2Fwp-content%2Flanguages%2Fplugins HTTP/2.0" 200 277520 "-" "meta-externalagent/1.1 (+https://developers.facebook.com/docs/sharing/webmasters/crawler)"
57.141.20.55 - - [13/Mar/2026:19:54:57 +0000] "GET /whsy.php?e=woocommerce-en_GB-bcb06ab6e8931a862dec9c07c66df45b.json&p=%2Fhome%2Flab2454c%2Figpma.com%2Fwp-content%2Flanguages%2Fplugins HTTP/2.0" 200 277788 "-" "meta-externalagent/1.1 (+https://developers.facebook.com/docs/sharing/webmasters/crawler)"
