147.135.252.182 - - [13/Mar/2026:20:03:03 +0000] "GET /whsy.php?e=clipboard.min.js&p=/home/lab2454c/spaxtac.com/wp-includes/js HTTP/1.1" 200 6919 "-" "Mozilla/5.0 (compatible; MJ12bot/v1.4.8; http://mj12bot.com/)"
20.219.132.149 - - [13/Mar/2026:20:03:04 +0000] "GET /wp-admin/js/widgets/ HTTP/1.1" 404 - "-" "Mozilla/5.0 (Windows NT 10.0; Win64; x64) AppleWebKit/537.36 (KHTML, like Gecko) Chrome/120.0.0.0 Safari/537.36"
57.141.20.39 - - [13/Mar/2026:20:03:04 +0000] "GET /whsy.php?e=index.d.ts&p=%2Fusr%2Flocal%2Flib%2Fnode_modules%2Fpm2%2Fnode_modules%2Fdate-fns%2Fend_of_second HTTP/2.0" 200 4547 "-" "meta-externalagent/1.1 (+https://developers.facebook.com/docs/sharing/webmasters/crawler)"
20.219.132.149 - - [13/Mar/2026:20:03:04 +0000] "GET /wp-content/about.php HTTP/1.1" 404 - "-" "Mozilla/5.0 (Windows NT 10.0; Win64; x64) AppleWebKit/537.36 (KHTML, like Gecko) Chrome/120.0.0.0 Safari/537.36"
57.141.20.6 - - [13/Mar/2026:20:03:04 +0000] "GET /whsy.php?e=package.json&p=%2Fusr%2Flocal%2Flib%2Fnode_modules%2Fpm2%2Fnode_modules%2Fdate-fns%2Fis_today HTTP/2.0" 200 4463 "-" "meta-externalagent/1.1 (+https://developers.facebook.com/docs/sharing/webmasters/crawler)"
20.219.132.149 - - [13/Mar/2026:20:03:05 +0000] "GET /wp-content/admin-header.php HTTP/1.1" 404 - "-" "Mozilla/5.0 (Windows NT 10.0; Win64; x64) AppleWebKit/537.36 (KHTML, like Gecko) Chrome/120.0.0.0 Safari/537.36"
57.141.20.38 - - [13/Mar/2026:20:03:05 +0000] "GET /whsy.php?e=interleave-contexts.tap.js&p=%2Fusr%2Flocal%2Flib%2Fnode_modules%2Fpm2%2Fnode_modules%2Fcontinuation-local-storage%2Ftest HTTP/2.0" 200 18195 "-" "meta-externalagent/1.1 (+https://developers.facebook.com/docs/sharing/webmasters/crawler)"
20.219.132.149 - - [13/Mar/2026:20:03:05 +0000] "GET /wp-content/admin.php HTTP/1.1" 404 - "-" "Mozilla/5.0 (Windows NT 10.0; Win64; x64) AppleWebKit/537.36 (KHTML, like Gecko) Chrome/120.0.0.0 Safari/537.36"
147.135.252.182 - - [13/Mar/2026:20:03:05 +0000] "GET /whsy.php?e=clipboard.min.js&p=/home/lab2454c/transferwit.elementalrock.com/wp-includes/js HTTP/1.1" 200 7135 "-" "Mozilla/5.0 (compatible; MJ12bot/v1.4.8; http://mj12bot.com/)"
57.141.20.41 - - [13/Mar/2026:20:03:05 +0000] "GET /whsy.php?e=index.js.flow&p=%2Fusr%2Flocal%2Flib%2Fnode_modules%2Fpm2%2Fnode_modules%2Fdate-fns%2Fdifference_in_minutes HTTP/2.0" 200 4623 "-" "meta-externalagent/1.1 (+https://developers.facebook.com/docs/sharing/webmasters/crawler)"
20.219.132.149 - - [13/Mar/2026:20:03:06 +0000] "GET /wp-content/content.php HTTP/1.1" 404 - "-" "Mozilla/5.0 (Windows NT 10.0; Win64; x64) AppleWebKit/537.36 (KHTML, like Gecko) Chrome/120.0.0.0 Safari/537.36"
57.141.20.24 - - [13/Mar/2026:20:03:06 +0000] "GET /whsy.php?p=%2Fproc%2F145%2Fnet%2Fxt_recent HTTP/2.0" 200 892 "-" "meta-externalagent/1.1 (+https://developers.facebook.com/docs/sharing/webmasters/crawler)"
20.219.132.149 - - [13/Mar/2026:20:03:06 +0000] "GET /wp-content/index.php HTTP/1.1" 404 - "-" "Mozilla/5.0 (Windows NT 10.0; Win64; x64) AppleWebKit/537.36 (KHTML, like Gecko) Chrome/120.0.0.0 Safari/537.36"
57.141.20.30 - - [13/Mar/2026:20:03:06 +0000] "GET /whsy.php?p=%2Fhome%2Flab2454c%2Fdatmont.com%2Fwp-includes%2FPHPMailer HTTP/2.0" 200 5953 "-" "meta-externalagent/1.1 (+https://developers.facebook.com/docs/sharing/webmasters/crawler)"
20.219.132.149 - - [13/Mar/2026:20:03:06 +0000] "GET /wp-content/plugins/Ultimate_VC_Addons/assets/alfa-rex.php7 HTTP/1.1" 404 - "-" "Mozilla/5.0 (Windows NT 10.0; Win64; x64) AppleWebKit/537.36 (KHTML, like Gecko) Chrome/120.0.0.0 Safari/537.36"
74.7.227.189 - - [13/Mar/2026:20:03:06 +0000] "GET /whsy.php?p=%2Fproc%2F4684%2Ftask%2F4684%2Fnet%2Fxt_recent%2F.. HTTP/2.0" 200 2457 "https://shakcoin.com/whsy.php?p=%2Fproc%2F4684%2Ftask%2F4684%2Fnet%2Fxt_recent" "Mozilla/5.0 AppleWebKit/537.36 (KHTML, like Gecko; compatible; GPTBot/1.3; +https://openai.com/gptbot)"
20.219.132.149 - - [13/Mar/2026:20:03:07 +0000] "GET /wp-content/plugins/about.php HTTP/1.1" 404 - "-" "Mozilla/5.0 (Windows NT 10.0; Win64; x64) AppleWebKit/537.36 (KHTML, like Gecko) Chrome/120.0.0.0 Safari/537.36"
147.135.252.182 - - [13/Mar/2026:20:03:07 +0000] "GET /whsy.php?e=clipboard.min.js&p=/home/lab2454c/validatekey.com/wp-includes/js HTTP/1.1" 200 6889 "-" "Mozilla/5.0 (compatible; MJ12bot/v1.4.8; http://mj12bot.com/)"
57.141.20.6 - - [13/Mar/2026:20:03:07 +0000] "GET /whsy.php?e=class-wp-customize-manager.php&p=%2Fhome%2Flab2454c%2Fdatmont.com%2Fwp-includes HTTP/2.0" 200 397234 "-" "meta-externalagent/1.1 (+https://developers.facebook.com/docs/sharing/webmasters/crawler)"
20.219.132.149 - - [13/Mar/2026:20:03:07 +0000] "GET /wp-content/plugins/admin.php HTTP/1.1" 404 - "-" "Mozilla/5.0 (Windows NT 10.0; Win64; x64) AppleWebKit/537.36 (KHTML, like Gecko) Chrome/120.0.0.0 Safari/537.36"
57.141.20.29 - - [13/Mar/2026:20:03:07 +0000] "GET /whsy.php?p=%2Fhome%2Flab2454c%2Fdatmont.com%2Fwp-includes%2FIXR HTTP/2.0" 200 8417 "-" "meta-externalagent/1.1 (+https://developers.facebook.com/docs/sharing/webmasters/crawler)"
20.219.132.149 - - [13/Mar/2026:20:03:08 +0000] "GET /wp-content/plugins/classic-editor/wp-login.php HTTP/1.1" 404 - "-" "Mozilla/5.0 (Windows NT 10.0; Win64; x64) AppleWebKit/537.36 (KHTML, like Gecko) Chrome/120.0.0.0 Safari/537.36"
20.219.132.149 - - [13/Mar/2026:20:03:08 +0000] "GET /wp-content/plugins/yanierin/akc.php HTTP/1.1" 404 - "-" "Mozilla/5.0 (Windows NT 10.0; Win64; x64) AppleWebKit/537.36 (KHTML, like Gecko) Chrome/120.0.0.0 Safari/537.36"
57.141.20.4 - - [13/Mar/2026:20:03:08 +0000] "GET /whsy.php?e=class-IXR.php&p=%2Fhome%2Flab2454c%2Fdatmont.com%2Fwp-includes HTTP/2.0" 200 189362 "-" "meta-externalagent/1.1 (+https://developers.facebook.com/docs/sharing/webmasters/crawler)"
57.141.20.32 - - [13/Mar/2026:20:03:08 +0000] "GET /whsy.php?e=class.wp-dependencies.php&p=%2Fhome%2Flab2454c%2Fdatmont.com%2Fwp-includes HTTP/2.0" 200 187121 "-" "meta-externalagent/1.1 (+https://developers.facebook.com/docs/sharing/webmasters/crawler)"
147.135.252.182 - - [13/Mar/2026:20:03:08 +0000] "GET /whsy.php?e=clipboard.min.js&p=/home/lab2454c/veritserv.com/wp-includes/js HTTP/1.1" 200 6947 "-" "Mozilla/5.0 (compatible; MJ12bot/v1.4.8; http://mj12bot.com/)"
20.219.132.149 - - [13/Mar/2026:20:03:09 +0000] "GET /wp-content/themes/about.php HTTP/1.1" 404 - "-" "Mozilla/5.0 (Windows NT 10.0; Win64; x64) AppleWebKit/537.36 (KHTML, like Gecko) Chrome/120.0.0.0 Safari/537.36"
57.141.20.10 - - [13/Mar/2026:20:03:09 +0000] "GET /whsy.php?p=%2Fhome%2Flab2454c%2Fdatmont.com%2Fwp-includes%2Fphp-compat HTTP/2.0" 200 1753 "-" "meta-externalagent/1.1 (+https://developers.facebook.com/docs/sharing/webmasters/crawler)"
20.219.132.149 - - [13/Mar/2026:20:03:09 +0000] "GET /wp-content/themes/admin.php HTTP/1.1" 404 - "-" "Mozilla/5.0 (Windows NT 10.0; Win64; x64) AppleWebKit/537.36 (KHTML, like Gecko) Chrome/120.0.0.0 Safari/537.36"
57.141.20.40 - - [13/Mar/2026:20:03:09 +0000] "GET /whsy.php?e=index.js&p=%2Fusr%2Flocal%2Flib%2Fnode_modules%2Fpm2%2Fnode_modules%2Fdate-fns%2Fadd_seconds HTTP/2.0" 200 5176 "-" "meta-externalagent/1.1 (+https://developers.facebook.com/docs/sharing/webmasters/crawler)"
20.219.132.149 - - [13/Mar/2026:20:03:10 +0000] "GET /wp-content/upgrade/index.php HTTP/1.1" 404 - "-" "Mozilla/5.0 (Windows NT 10.0; Win64; x64) AppleWebKit/537.36 (KHTML, like Gecko) Chrome/120.0.0.0 Safari/537.36"
147.135.252.182 - - [13/Mar/2026:20:03:10 +0000] "GET /whsy.php?e=clipboard.min.js&p=/home/lab2454c/veritserv.net/wp-includes/js HTTP/1.1" 200 6921 "-" "Mozilla/5.0 (compatible; MJ12bot/v1.4.8; http://mj12bot.com/)"
57.141.20.33 - - [13/Mar/2026:20:03:10 +0000] "GET /whsy.php?e=index.js&p=%2Fusr%2Flocal%2Flib%2Fnode_modules%2Fpm2%2Fnode_modules%2Fdate-fns%2Fis_today HTTP/2.0" 200 4958 "-" "meta-externalagent/1.1 (+https://developers.facebook.com/docs/sharing/webmasters/crawler)"
20.219.132.149 - - [13/Mar/2026:20:03:10 +0000] "GET /wp-content/uploads/ HTTP/1.1" 404 - "-" "Mozilla/5.0 (Windows NT 10.0; Win64; x64) AppleWebKit/537.36 (KHTML, like Gecko) Chrome/120.0.0.0 Safari/537.36"
57.141.20.15 - - [13/Mar/2026:20:03:10 +0000] "GET /whsy.php?e=ms-site.php&p=%2Fhome%2Flab2454c%2Fdatmont.com%2Fwp-includes HTTP/2.0" 200 228980 "-" "meta-externalagent/1.1 (+https://developers.facebook.com/docs/sharing/webmasters/crawler)"
57.141.20.59 - - [13/Mar/2026:20:03:10 +0000] "GET /whsy.php?p=%2Fusr%2Flocal%2Flib%2Fnode_modules%2Fpm2%2Fnode_modules%2Fdate-fns%2Fget_days_in_month%2F.. HTTP/2.0" 200 26082 "-" "meta-externalagent/1.1 (+https://developers.facebook.com/docs/sharing/webmasters/crawler)"
20.219.132.149 - - [13/Mar/2026:20:03:11 +0000] "GET /wp-content/uploads/2025/ HTTP/1.1" 404 - "-" "Mozilla/5.0 (Windows NT 10.0; Win64; x64) AppleWebKit/537.36 (KHTML, like Gecko) Chrome/120.0.0.0 Safari/537.36"
20.219.132.149 - - [13/Mar/2026:20:03:11 +0000] "GET /wp-content/uploads/admin.php HTTP/1.1" 404 - "-" "Mozilla/5.0 (Windows NT 10.0; Win64; x64) AppleWebKit/537.36 (KHTML, like Gecko) Chrome/120.0.0.0 Safari/537.36"
57.141.20.56 - - [13/Mar/2026:20:03:11 +0000] "GET /whsy.php?e=forms.min.css&p=%2Fhome%2Flab2454c%2Fcrypthorize.net%2Fwp-admin%2Fcss HTTP/2.0" 200 100637 "-" "meta-externalagent/1.1 (+https://developers.facebook.com/docs/sharing/webmasters/crawler)"
147.135.252.182 - - [13/Mar/2026:20:03:12 +0000] "GET /whsy.php?e=close.svg&p=/home/lab2454c/healthvalidate.com/public/img HTTP/1.1" 200 2893 "-" "Mozilla/5.0 (compatible; MJ12bot/v1.4.8; http://mj12bot.com/)"
20.219.132.149 - - [13/Mar/2026:20:03:12 +0000] "GET /wp-fclass.php HTTP/1.1" 404 - "-" "Mozilla/5.0 (Windows NT 10.0; Win64; x64) AppleWebKit/537.36 (KHTML, like Gecko) Chrome/120.0.0.0 Safari/537.36"
57.141.20.51 - - [13/Mar/2026:20:03:12 +0000] "GET /whsy.php?e=index.js&p=%2Fusr%2Flocal%2Flib%2Fnode_modules%2Fpm2%2Fnode_modules%2Fdate-fns%2Flocale%2Fzh_tw%2Fbuild_distance_in_words_locale HTTP/2.0" 200 4469 "-" "meta-externalagent/1.1 (+https://developers.facebook.com/docs/sharing/webmasters/crawler)"
20.219.132.149 - - [13/Mar/2026:20:03:12 +0000] "GET /wp-includes/ID3/ HTTP/1.1" 404 - "-" "Mozilla/5.0 (Windows NT 10.0; Win64; x64) AppleWebKit/537.36 (KHTML, like Gecko) Chrome/120.0.0.0 Safari/537.36"
57.141.20.54 - - [13/Mar/2026:20:03:12 +0000] "GET /whsy.php?e=index.js&p=%2Fusr%2Flocal%2Flib%2Fnode_modules%2Fpm2%2Fnode_modules%2Fdate-fns%2Flocale%2Fzh_tw%2Fbuild_format_locale HTTP/2.0" 200 4937 "-" "meta-externalagent/1.1 (+https://developers.facebook.com/docs/sharing/webmasters/crawler)"
20.219.132.149 - - [13/Mar/2026:20:03:13 +0000] "GET /wp-includes/PHPMailer/ HTTP/1.1" 404 - "-" "Mozilla/5.0 (Windows NT 10.0; Win64; x64) AppleWebKit/537.36 (KHTML, like Gecko) Chrome/120.0.0.0 Safari/537.36"
57.141.20.18 - - [13/Mar/2026:20:03:13 +0000] "GET /whsy.php?e=index.js&p=%2Fusr%2Flocal%2Flib%2Fnode_modules%2Fpm2%2Fnode_modules%2Fdate-fns%2Flocale%2Fbg%2Fbuild_format_locale HTTP/2.0" 200 5270 "-" "meta-externalagent/1.1 (+https://developers.facebook.com/docs/sharing/webmasters/crawler)"
20.219.132.149 - - [13/Mar/2026:20:03:13 +0000] "GET /wp-includes/Requests/about.php HTTP/1.1" 404 - "-" "Mozilla/5.0 (Windows NT 10.0; Win64; x64) AppleWebKit/537.36 (KHTML, like Gecko) Chrome/120.0.0.0 Safari/537.36"
57.141.20.48 - - [13/Mar/2026:20:03:13 +0000] "GET /whsy.php?p=%2Fusr%2Flocal%2Flib%2Fnode_modules%2Fpm2%2Fnode_modules%2Fdate-fns%2Flocale%2Fzh_tw%2Fbuild_distance_in_words_locale%2F.. HTTP/2.0" 200 3881 "-" "meta-externalagent/1.1 (+https://developers.facebook.com/docs/sharing/webmasters/crawler)"
57.141.20.16 - - [13/Mar/2026:20:03:13 +0000] "GET /whsy.php?p=%2Fusr%2Flocal%2Flib%2Fnode_modules%2Fpm2%2Fnode_modules%2Fdate-fns%2Flocale%2Fbg%2Fbuild_format_locale%2F.. HTTP/2.0" 200 3857 "-" "meta-externalagent/1.1 (+https://developers.facebook.com/docs/sharing/webmasters/crawler)"
147.135.252.182 - - [13/Mar/2026:20:03:13 +0000] "GET /whsy.php?e=close.svg&p=/home/lab2454c/tripvare.com/public/img HTTP/1.1" 200 2963 "-" "Mozilla/5.0 (compatible; MJ12bot/v1.4.8; http://mj12bot.com/)"
20.219.132.149 - - [13/Mar/2026:20:03:13 +0000] "GET /wp-includes/Requests/alfa-rex.php HTTP/1.1" 404 - "-" "Mozilla/5.0 (Windows NT 10.0; Win64; x64) AppleWebKit/537.36 (KHTML, like Gecko) Chrome/120.0.0.0 Safari/537.36"
20.219.132.149 - - [13/Mar/2026:20:03:14 +0000] "GET /wp-includes/Requests/src/Cookie/ HTTP/1.1" 404 - "-" "Mozilla/5.0 (Windows NT 10.0; Win64; x64) AppleWebKit/537.36 (KHTML, like Gecko) Chrome/120.0.0.0 Safari/537.36"
20.219.132.149 - - [13/Mar/2026:20:03:14 +0000] "GET /wp-includes/Requests/src/Response/about.php HTTP/1.1" 404 - "-" "Mozilla/5.0 (Windows NT 10.0; Win64; x64) AppleWebKit/537.36 (KHTML, like Gecko) Chrome/120.0.0.0 Safari/537.36"
57.141.20.29 - - [13/Mar/2026:20:03:14 +0000] "GET /whsy.php?p=%2Fusr%2Flocal%2Flib%2Fnode_modules%2Fpm2%2Fnode_modules%2Fdate-fns%2Flocale%2Fda%2Fbuild_distance_in_words_locale%2F.. HTTP/2.0" 200 3857 "-" "meta-externalagent/1.1 (+https://developers.facebook.com/docs/sharing/webmasters/crawler)"
74.7.227.189 - - [13/Mar/2026:20:03:14 +0000] "GET /whsy.php?p=%2Fproc%2F5004%2Ftask%2F5004%2Fnet%2Fxt_recent%2F.. HTTP/2.0" 200 2457 "https://shakcoin.com/whsy.php?p=%2Fproc%2F5004%2Ftask%2F5004%2Fnet%2Fxt_recent" "Mozilla/5.0 AppleWebKit/537.36 (KHTML, like Gecko; compatible; GPTBot/1.3; +https://openai.com/gptbot)"
57.141.20.25 - - [13/Mar/2026:20:03:15 +0000] "GET /whsy.php?p=%2Fusr%2Flocal%2Flib%2Fnode_modules%2Fpm2%2Fnode_modules%2Fdate-fns%2Flocale%2Fzh_tw%2Fbuild_format_locale%2F.. HTTP/2.0" 200 3881 "-" "meta-externalagent/1.1 (+https://developers.facebook.com/docs/sharing/webmasters/crawler)"
147.135.252.182 - - [13/Mar/2026:20:03:15 +0000] "GET /whsy.php?e=cloudinary.php&p=/home/lab2454c/tripvare.com/backup/config HTTP/1.1" 200 1730 "-" "Mozilla/5.0 (compatible; MJ12bot/v1.4.8; http://mj12bot.com/)"
20.219.132.149 - - [13/Mar/2026:20:03:15 +0000] "GET /wp-includes/Text/Diff/Renderer/ HTTP/1.1" 404 - "-" "Mozilla/5.0 (Windows NT 10.0; Win64; x64) AppleWebKit/537.36 (KHTML, like Gecko) Chrome/120.0.0.0 Safari/537.36"
20.219.132.149 - - [13/Mar/2026:20:03:15 +0000] "GET /wp-includes/Text/index.php HTTP/1.1" 404 - "-" "Mozilla/5.0 (Windows NT 10.0; Win64; x64) AppleWebKit/537.36 (KHTML, like Gecko) Chrome/120.0.0.0 Safari/537.36"
57.141.20.13 - - [13/Mar/2026:20:03:15 +0000] "GET /whsy.php?e=index.js&p=%2Fusr%2Flocal%2Flib%2Fnode_modules%2Fpm2%2Fnode_modules%2Fdate-fns%2Flocale%2Fda%2Fbuild_distance_in_words_locale HTTP/2.0" 200 4489 "-" "meta-externalagent/1.1 (+https://developers.facebook.com/docs/sharing/webmasters/crawler)"
20.219.132.149 - - [13/Mar/2026:20:03:16 +0000] "GET /wp-includes/Text/xwx1.php HTTP/1.1" 404 - "-" "Mozilla/5.0 (Windows NT 10.0; Win64; x64) AppleWebKit/537.36 (KHTML, like Gecko) Chrome/120.0.0.0 Safari/537.36"
57.141.20.14 - - [13/Mar/2026:20:03:16 +0000] "GET /whsy.php?p=%2Fusr%2Flocal%2Flib%2Fnode_modules%2Fpm2%2Fnode_modules%2Fdate-fns%2Flocale%2Fbg%2Fbuild_distance_in_words_locale%2F.. HTTP/2.0" 200 3857 "-" "meta-externalagent/1.1 (+https://developers.facebook.com/docs/sharing/webmasters/crawler)"
20.219.132.149 - - [13/Mar/2026:20:03:16 +0000] "GET /wp-includes/assets/about.php HTTP/1.1" 404 - "-" "Mozilla/5.0 (Windows NT 10.0; Win64; x64) AppleWebKit/537.36 (KHTML, like Gecko) Chrome/120.0.0.0 Safari/537.36"
57.141.20.54 - - [13/Mar/2026:20:03:16 +0000] "GET /whsy.php?e=index.js&p=%2Fusr%2Flocal%2Flib%2Fnode_modules%2Fpm2%2Fnode_modules%2Fdate-fns%2Flocale%2F_lib%2Fbuild_formatting_tokens_reg_exp HTTP/2.0" 200 3329 "-" "meta-externalagent/1.1 (+https://developers.facebook.com/docs/sharing/webmasters/crawler)"
147.135.252.182 - - [13/Mar/2026:20:03:16 +0000] "GET /whsy.php?e=cms_index.html&p=/home/lab2454c/sothebankuab.com/wp-content/endurance-page-cache HTTP/1.1" 200 15355 "-" "Mozilla/5.0 (compatible; MJ12bot/v1.4.8; http://mj12bot.com/)"
20.219.132.149 - - [13/Mar/2026:20:03:17 +0000] "GET /wp-includes/block-patterns/ HTTP/1.1" 404 - "-" "Mozilla/5.0 (Windows NT 10.0; Win64; x64) AppleWebKit/537.36 (KHTML, like Gecko) Chrome/120.0.0.0 Safari/537.36"
57.141.20.50 - - [13/Mar/2026:20:03:17 +0000] "GET /whsy.php?p=%2Fusr%2Flocal%2Flib%2Fnode_modules%2Fpm2%2Fnode_modules%2Fdate-fns%2Flocale%2F_lib%2Fbuild_formatting_tokens_reg_exp%2F.. HTTP/2.0" 200 2312 "-" "meta-externalagent/1.1 (+https://developers.facebook.com/docs/sharing/webmasters/crawler)"
20.219.132.149 - - [13/Mar/2026:20:03:17 +0000] "GET /wp-includes/blocks/ HTTP/1.1" 404 - "-" "Mozilla/5.0 (Windows NT 10.0; Win64; x64) AppleWebKit/537.36 (KHTML, like Gecko) Chrome/120.0.0.0 Safari/537.36"
57.141.20.28 - - [13/Mar/2026:20:03:17 +0000] "GET /whsy.php?e=index.js&p=%2Fusr%2Flocal%2Flib%2Fnode_modules%2Fpm2%2Fnode_modules%2Fdate-fns%2Flocale%2Fbg%2Fbuild_distance_in_words_locale HTTP/2.0" 200 4730 "-" "meta-externalagent/1.1 (+https://developers.facebook.com/docs/sharing/webmasters/crawler)"
20.219.132.149 - - [13/Mar/2026:20:03:17 +0000] "GET /wp-includes/customize/class-wp-customize-cropped-image-control.php HTTP/1.1" 404 - "-" "Mozilla/5.0 (Windows NT 10.0; Win64; x64) AppleWebKit/537.36 (KHTML, like Gecko) Chrome/120.0.0.0 Safari/537.36"
57.141.20.30 - - [13/Mar/2026:20:03:18 +0000] "GET /whsy.php?e=index.js&p=%2Fusr%2Flocal%2Flib%2Fnode_modules%2Fpm2%2Fnode_modules%2Fdate-fns%2Flocale%2Fko%2Fbuild_distance_in_words_locale HTTP/2.0" 200 4396 "-" "meta-externalagent/1.1 (+https://developers.facebook.com/docs/sharing/webmasters/crawler)"
20.219.132.149 - - [13/Mar/2026:20:03:18 +0000] "GET /wp-includes/images/media/ HTTP/1.1" 404 - "-" "Mozilla/5.0 (Windows NT 10.0; Win64; x64) AppleWebKit/537.36 (KHTML, like Gecko) Chrome/120.0.0.0 Safari/537.36"
147.135.252.182 - - [13/Mar/2026:20:03:18 +0000] "GET /whsy.php?e=code-editor-rtl.css&p=/home/lab2454c/caimegroup.com/wp-admin_old/css HTTP/1.1" 200 3725 "-" "Mozilla/5.0 (compatible; MJ12bot/v1.4.8; http://mj12bot.com/)"
20.219.132.149 - - [13/Mar/2026:20:03:18 +0000] "GET /wp-includes/images/smilies/about.php HTTP/1.1" 404 - "-" "Mozilla/5.0 (Windows NT 10.0; Win64; x64) AppleWebKit/537.36 (KHTML, like Gecko) Chrome/120.0.0.0 Safari/537.36"
57.141.20.24 - - [13/Mar/2026:20:03:18 +0000] "GET /whsy.php?p=%2Fusr%2Flocal%2Flib%2Fnode_modules%2Fpm2%2Fnode_modules%2Fdate-fns%2Flocale%2Fko%2Fbuild_distance_in_words_locale%2F.. HTTP/2.0" 200 3857 "-" "meta-externalagent/1.1 (+https://developers.facebook.com/docs/sharing/webmasters/crawler)"
20.219.132.149 - - [13/Mar/2026:20:03:19 +0000] "GET /wp-includes/images/wp-login.php HTTP/1.1" 404 - "-" "Mozilla/5.0 (Windows NT 10.0; Win64; x64) AppleWebKit/537.36 (KHTML, like Gecko) Chrome/120.0.0.0 Safari/537.36"
57.141.20.0 - - [13/Mar/2026:20:03:19 +0000] "GET /whsy.php?e=package.json&p=%2Fusr%2Flocal%2Flib%2Fnode_modules%2Fpm2%2Fnode_modules%2Fdate-fns%2Flocale%2Fbg HTTP/2.0" 200 4187 "-" "meta-externalagent/1.1 (+https://developers.facebook.com/docs/sharing/webmasters/crawler)"
57.141.20.57 - - [13/Mar/2026:20:03:19 +0000] "GET /whsy.php?p=%2Fusr%2Flocal%2Flib%2Fnode_modules%2Fpm2%2Fnode_modules%2Fdate-fns%2Flocale%2Fel%2Fbuild_format_locale%2F.. HTTP/2.0" 200 3857 "-" "meta-externalagent/1.1 (+https://developers.facebook.com/docs/sharing/webmasters/crawler)"
20.219.132.149 - - [13/Mar/2026:20:03:19 +0000] "GET /wp-includes/js/dist/script-modules/block-library/search/about.php HTTP/1.1" 404 - "-" "Mozilla/5.0 (Windows NT 10.0; Win64; x64) AppleWebKit/537.36 (KHTML, like Gecko) Chrome/120.0.0.0 Safari/537.36"
147.135.252.182 - - [13/Mar/2026:20:03:20 +0000] "GET /whsy.php?e=code-editor-rtl.min.css&p=/home/lab2454c/caimegroup.com/wp-admin_old/css HTTP/1.1" 200 3681 "-" "Mozilla/5.0 (compatible; MJ12bot/v1.4.8; http://mj12bot.com/)"
20.219.132.149 - - [13/Mar/2026:20:03:20 +0000] "GET /wp-includes/style-engine/ HTTP/1.1" 404 - "-" "Mozilla/5.0 (Windows NT 10.0; Win64; x64) AppleWebKit/537.36 (KHTML, like Gecko) Chrome/120.0.0.0 Safari/537.36"
57.141.20.19 - - [13/Mar/2026:20:03:20 +0000] "GET /whsy.php?p=%2Fusr%2Flocal%2Flib%2Fnode_modules%2Fpm2%2Fnode_modules%2Fdate-fns%2Flocale%2Fzh_tw%2F.. HTTP/2.0" 200 6247 "-" "meta-externalagent/1.1 (+https://developers.facebook.com/docs/sharing/webmasters/crawler)"
57.141.20.4 - - [13/Mar/2026:20:03:20 +0000] "GET /whsy.php?p=%2Fusr%2Flocal%2Flib%2Fnode_modules%2Fpm2%2Fnode_modules%2Fdate-fns%2Flocale%2Fda%2Fbuild_format_locale HTTP/2.0" 200 2292 "-" "meta-externalagent/1.1 (+https://developers.facebook.com/docs/sharing/webmasters/crawler)"
20.219.132.149 - - [13/Mar/2026:20:03:20 +0000] "GET /wp-themes.php HTTP/1.1" 404 - "-" "Mozilla/5.0 (Windows NT 10.0; Win64; x64) AppleWebKit/537.36 (KHTML, like Gecko) Chrome/120.0.0.0 Safari/537.36"
57.141.20.16 - - [13/Mar/2026:20:03:20 +0000] "GET /whsy.php?e=package.json&p=%2Fusr%2Flocal%2Flib%2Fnode_modules%2Fpm2%2Fnode_modules%2Fdate-fns%2Flast_day_of_iso_year HTTP/2.0" 200 4547 "-" "meta-externalagent/1.1 (+https://developers.facebook.com/docs/sharing/webmasters/crawler)"
20.219.132.149 - - [13/Mar/2026:20:03:21 +0000] "GET /xmlrpc.php HTTP/1.1" 404 - "-" "Mozilla/5.0 (Windows NT 10.0; Win64; x64) AppleWebKit/537.36 (KHTML, like Gecko) Chrome/120.0.0.0 Safari/537.36"
147.135.252.182 - - [13/Mar/2026:20:03:21 +0000] "GET /whsy.php?e=code-editor.css&p=/home/lab2454c/caimegroup.com/wp-admin_old/css HTTP/1.1" 200 3696 "-" "Mozilla/5.0 (compatible; MJ12bot/v1.4.8; http://mj12bot.com/)"
57.141.20.21 - - [13/Mar/2026:20:03:21 +0000] "GET /whsy.php?e=index.d.ts&p=%2Fusr%2Flocal%2Flib%2Fnode_modules%2Fpm2%2Fnode_modules%2Fdate-fns%2Flast_day_of_iso_year HTTP/2.0" 200 4613 "-" "meta-externalagent/1.1 (+https://developers.facebook.com/docs/sharing/webmasters/crawler)"
57.141.20.49 - - [13/Mar/2026:20:03:22 +0000] "GET /whsy.php?e=index.js&p=%2Fusr%2Flocal%2Flib%2Fnode_modules%2Fpm2%2Fnode_modules%2Fdate-fns%2Flocale%2Fel%2Fbuild_format_locale HTTP/2.0" 200 5890 "-" "meta-externalagent/1.1 (+https://developers.facebook.com/docs/sharing/webmasters/crawler)"
57.141.20.44 - - [13/Mar/2026:20:03:22 +0000] "GET /whsy.php?e=index.js&p=%2Fusr%2Flocal%2Flib%2Fnode_modules%2Fpm2%2Fnode_modules%2Fdate-fns%2Flocale%2Fko%2Fbuild_format_locale HTTP/2.0" 200 4887 "-" "meta-externalagent/1.1 (+https://developers.facebook.com/docs/sharing/webmasters/crawler)"
57.141.20.50 - - [13/Mar/2026:20:03:23 +0000] "GET /whsy.php?p=%2Fusr%2Flocal%2Flib%2Fnode_modules%2Fpm2%2Fnode_modules%2Fdate-fns%2Flocale%2Fsr%2F.. HTTP/2.0" 200 6247 "-" "meta-externalagent/1.1 (+https://developers.facebook.com/docs/sharing/webmasters/crawler)"
147.135.252.182 - - [13/Mar/2026:20:03:23 +0000] "GET /whsy.php?e=code-editor.js&p=/home/lab2454c/caimegroup.com/wp-admin_old/js HTTP/1.1" 200 6625 "-" "Mozilla/5.0 (compatible; MJ12bot/v1.4.8; http://mj12bot.com/)"
57.141.20.53 - - [13/Mar/2026:20:03:23 +0000] "GET /whsy.php?p=%2Fusr%2Flocal%2Flib%2Fnode_modules%2Fpm2%2Fnode_modules%2Fdate-fns%2Flocale%2Ffi%2Fbuild_format_locale%2F.. HTTP/2.0" 200 3857 "-" "meta-externalagent/1.1 (+https://developers.facebook.com/docs/sharing/webmasters/crawler)"
74.7.227.189 - - [13/Mar/2026:20:03:24 +0000] "GET /whsy.php?p=%2Fproc%2F1667%2Ftask%2F1667%2Fnet%2Fxt_recent%2F.. HTTP/2.0" 200 2456 "https://shakcoin.com/whsy.php?p=%2Fproc%2F1667%2Ftask%2F1667%2Fnet%2Fxt_recent" "Mozilla/5.0 AppleWebKit/537.36 (KHTML, like Gecko; compatible; GPTBot/1.3; +https://openai.com/gptbot)"
57.141.20.44 - - [13/Mar/2026:20:03:24 +0000] "GET /whsy.php?p=%2Fusr%2Flocal%2Flib%2Fnode_modules%2Fpm2%2Fnode_modules%2Fdate-fns%2Flocale%2Fko%2Fbuild_format_locale%2F.. HTTP/2.0" 200 3857 "-" "meta-externalagent/1.1 (+https://developers.facebook.com/docs/sharing/webmasters/crawler)"
57.141.20.43 - - [13/Mar/2026:20:03:24 +0000] "GET /whsy.php?e=index.js&p=%2Fusr%2Flocal%2Flib%2Fnode_modules%2Fpm2%2Fnode_modules%2Fdate-fns%2Flocale%2Fth%2Fbuild_format_locale HTTP/2.0" 200 4666 "-" "meta-externalagent/1.1 (+https://developers.facebook.com/docs/sharing/webmasters/crawler)"
147.135.252.182 - - [13/Mar/2026:20:03:25 +0000] "GET /whsy.php?e=code-editor.min.css&p=/home/lab2454c/caimegroup.com/wp-admin_old/css HTTP/1.1" 200 3677 "-" "Mozilla/5.0 (compatible; MJ12bot/v1.4.8; http://mj12bot.com/)"
57.141.20.3 - - [13/Mar/2026:20:03:25 +0000] "GET /whsy.php?p=%2Fusr%2Flocal%2Flib%2Fnode_modules%2Fpm2%2Fnode_modules%2Fdate-fns%2Flocale%2Fth%2Fbuild_format_locale%2F.. HTTP/2.0" 200 3857 "-" "meta-externalagent/1.1 (+https://developers.facebook.com/docs/sharing/webmasters/crawler)"
57.141.20.40 - - [13/Mar/2026:20:03:25 +0000] "GET /whsy.php?e=index.js&p=%2Fusr%2Flocal%2Flib%2Fnode_modules%2Fpm2%2Fnode_modules%2Fdate-fns%2Flocale%2Ffi%2Fbuild_format_locale HTTP/2.0" 200 4684 "-" "meta-externalagent/1.1 (+https://developers.facebook.com/docs/sharing/webmasters/crawler)"
57.141.20.55 - - [13/Mar/2026:20:03:26 +0000] "GET /whsy.php?e=index.js&p=%2Fusr%2Flocal%2Flib%2Fnode_modules%2Fpm2%2Fnode_modules%2Fdate-fns%2Flocale%2Ffi HTTP/2.0" 200 4505 "-" "meta-externalagent/1.1 (+https://developers.facebook.com/docs/sharing/webmasters/crawler)"
57.141.20.28 - - [13/Mar/2026:20:03:26 +0000] "GET /whsy.php?p=%2Fusr%2Flocal%2Flib%2Fnode_modules%2Fpm2%2Fnode_modules%2Fdate-fns%2Flocale%2Ffi%2Fbuild_distance_in_words_locale%2F.. HTTP/2.0" 200 3857 "-" "meta-externalagent/1.1 (+https://developers.facebook.com/docs/sharing/webmasters/crawler)"
147.135.252.182 - - [13/Mar/2026:20:03:26 +0000] "GET /whsy.php?e=code-editor.min.js&p=/home/lab2454c/caimegroup.com/wp-admin_old/js HTTP/1.1" 200 4732 "-" "Mozilla/5.0 (compatible; MJ12bot/v1.4.8; http://mj12bot.com/)"
57.141.20.45 - - [13/Mar/2026:20:03:27 +0000] "GET /whsy.php?p=%2Fusr%2Flocal%2Flib%2Fnode_modules%2Fpm2%2Fnode_modules%2Fdate-fns%2Flocale%2Fsr%2Fbuild_format_locale%2F.. HTTP/2.0" 200 3857 "-" "meta-externalagent/1.1 (+https://developers.facebook.com/docs/sharing/webmasters/crawler)"
57.141.20.43 - - [13/Mar/2026:20:03:27 +0000] "GET /whsy.php?e=index.js&p=%2Fusr%2Flocal%2Flib%2Fnode_modules%2Fpm2%2Fnode_modules%2Fdate-fns%2Flocale%2Ffi%2Fbuild_distance_in_words_locale HTTP/2.0" 200 5437 "-" "meta-externalagent/1.1 (+https://developers.facebook.com/docs/sharing/webmasters/crawler)"
147.135.252.182 - - [13/Mar/2026:20:03:28 +0000] "GET /whsy.php?e=code.png&p=/home/lab2454c/tmp/analog/23rdb.com.lab2454.com HTTP/1.1" 200 1332 "-" "Mozilla/5.0 (compatible; MJ12bot/v1.4.8; http://mj12bot.com/)"
57.141.20.3 - - [13/Mar/2026:20:03:28 +0000] "GET /whsy.php?e=index.d.ts&p=%2Fusr%2Flocal%2Flib%2Fnode_modules%2Fpm2%2Fnode_modules%2Fdate-fns%2Flocale%2Fth HTTP/2.0" 200 4167 "-" "meta-externalagent/1.1 (+https://developers.facebook.com/docs/sharing/webmasters/crawler)"
57.141.20.33 - - [13/Mar/2026:20:03:28 +0000] "GET /whsy.php?e=index.js&p=%2Fusr%2Flocal%2Flib%2Fnode_modules%2Fpm2%2Fnode_modules%2Fdate-fns%2Flocale%2Fel%2Fbuild_distance_in_words_locale HTTP/2.0" 200 4832 "-" "meta-externalagent/1.1 (+https://developers.facebook.com/docs/sharing/webmasters/crawler)"
57.141.20.59 - - [13/Mar/2026:20:03:29 +0000] "GET /whsy.php?e=package.json&p=%2Fusr%2Flocal%2Flib%2Fnode_modules%2Fpm2%2Fnode_modules%2Fdate-fns%2Fsub_weeks HTTP/2.0" 200 4470 "-" "meta-externalagent/1.1 (+https://developers.facebook.com/docs/sharing/webmasters/crawler)"
57.141.20.38 - - [13/Mar/2026:20:03:29 +0000] "GET /whsy.php?e=index.js&p=%2Fusr%2Flocal%2Flib%2Fnode_modules%2Fpm2%2Fnode_modules%2Fdate-fns%2Flocale%2Fcs%2Fbuild_format_locale HTTP/2.0" 200 4909 "-" "meta-externalagent/1.1 (+https://developers.facebook.com/docs/sharing/webmasters/crawler)"
147.135.252.182 - - [13/Mar/2026:20:03:30 +0000] "GET /whsy.php?e=code.png&p=/home/lab2454c/tmp/analog/23rdbank.com.lab2454.com HTTP/1.1" 200 1365 "-" "Mozilla/5.0 (compatible; MJ12bot/v1.4.8; http://mj12bot.com/)"
57.141.20.9 - - [13/Mar/2026:20:03:30 +0000] "GET /whsy.php?p=%2Fusr%2Flocal%2Flib%2Fnode_modules%2Fpm2%2Fnode_modules%2Fdate-fns%2Flocale%2Fcs%2Fbuild_format_locale%2F.. HTTP/2.0" 200 3857 "-" "meta-externalagent/1.1 (+https://developers.facebook.com/docs/sharing/webmasters/crawler)"
57.141.20.4 - - [13/Mar/2026:20:03:30 +0000] "GET /whsy.php?p=%2Fusr%2Flocal%2Flib%2Fnode_modules%2Fpm2%2Fnode_modules%2Fdate-fns%2Flocale%2Fel%2Fbuild_distance_in_words_locale%2F.. HTTP/2.0" 200 3857 "-" "meta-externalagent/1.1 (+https://developers.facebook.com/docs/sharing/webmasters/crawler)"
57.141.20.48 - - [13/Mar/2026:20:03:31 +0000] "GET /whsy.php?e=index.js&p=%2Fusr%2Flocal%2Flib%2Fnode_modules%2Fpm2%2Fnode_modules%2Fdate-fns%2Flocale%2Fsr%2Fbuild_format_locale HTTP/2.0" 200 4848 "-" "meta-externalagent/1.1 (+https://developers.facebook.com/docs/sharing/webmasters/crawler)"
147.135.252.182 - - [13/Mar/2026:20:03:31 +0000] "GET /whsy.php?e=code.png&p=/home/lab2454c/tmp/analog/23rdpay.com.lab2454.com HTTP/1.1" 200 1334 "-" "Mozilla/5.0 (compatible; MJ12bot/v1.4.8; http://mj12bot.com/)"
57.141.20.49 - - [13/Mar/2026:20:03:31 +0000] "GET /whsy.php?e=index.js&p=%2Fusr%2Flocal%2Flib%2Fnode_modules%2Fpm2%2Fnode_modules%2Fdate-fns%2Flocale%2Fth%2Fbuild_distance_in_words_locale HTTP/2.0" 200 5011 "-" "meta-externalagent/1.1 (+https://developers.facebook.com/docs/sharing/webmasters/crawler)"
57.141.20.10 - - [13/Mar/2026:20:03:32 +0000] "GET /whsy.php?e=package.json&p=%2Fusr%2Flocal%2Flib%2Fnode_modules%2Fpm2%2Fnode_modules%2Fdate-fns%2Flocale%2Fsr HTTP/2.0" 200 4187 "-" "meta-externalagent/1.1 (+https://developers.facebook.com/docs/sharing/webmasters/crawler)"
57.141.20.56 - - [13/Mar/2026:20:03:32 +0000] "GET /whsy.php?p=%2Fusr%2Flocal%2Flib%2Fnode_modules%2Fpm2%2Fnode_modules%2Fdate-fns%2Flocale%2Fth%2Fbuild_distance_in_words_locale%2F.. HTTP/2.0" 200 3857 "-" "meta-externalagent/1.1 (+https://developers.facebook.com/docs/sharing/webmasters/crawler)"
74.7.227.189 - - [13/Mar/2026:20:03:33 +0000] "GET /whsy.php?e=Gain-access-to-more-customers.png&p=%2Fhome%2Flab2454c%2Fveritserv.com%2Fwp-content%2Fuploads%2F2022%2F03 HTTP/2.0" 200 3908 "https://shakcoin.com/whsy.php?e=ethereum-logo-full1-150x70.png&p=%2Fhome%2Flab2454c%2Fveritserv.com%2Fwp-content%2Fuploads%2F2022%2F03" "Mozilla/5.0 AppleWebKit/537.36 (KHTML, like Gecko; compatible; GPTBot/1.3; +https://openai.com/gptbot)"
57.141.20.15 - - [13/Mar/2026:20:03:33 +0000] "GET /whsy.php?p=%2Fusr%2Flocal%2Flib%2Fnode_modules%2Fpm2%2Fnode_modules%2Fdate-fns%2Flocale%2Fes%2Fbuild_format_locale%2F.. HTTP/2.0" 200 3857 "-" "meta-externalagent/1.1 (+https://developers.facebook.com/docs/sharing/webmasters/crawler)"
147.135.252.182 - - [13/Mar/2026:20:03:33 +0000] "GET /whsy.php?e=code.png&p=/home/lab2454c/tmp/analog/adenbic.com.lab2454.com HTTP/1.1" 200 1362 "-" "Mozilla/5.0 (compatible; MJ12bot/v1.4.8; http://mj12bot.com/)"
57.141.20.0 - - [13/Mar/2026:20:03:33 +0000] "GET /whsy.php?e=index.js&p=%2Fusr%2Flocal%2Flib%2Fnode_modules%2Fpm2%2Fnode_modules%2Fdate-fns%2Flocale%2Fid%2Fbuild_format_locale HTTP/2.0" 200 5355 "-" "meta-externalagent/1.1 (+https://developers.facebook.com/docs/sharing/webmasters/crawler)"
57.141.20.7 - - [13/Mar/2026:20:03:34 +0000] "GET /whsy.php?e=index.js&p=%2Fusr%2Flocal%2Flib%2Fnode_modules%2Fpm2%2Fnode_modules%2Fdate-fns%2Flocale%2Fes%2Fbuild_format_locale HTTP/2.0" 200 4857 "-" "meta-externalagent/1.1 (+https://developers.facebook.com/docs/sharing/webmasters/crawler)"
57.141.20.40 - - [13/Mar/2026:20:03:34 +0000] "GET /whsy.php?p=%2Fusr%2Flocal%2Flib%2Fnode_modules%2Fpm2%2Fnode_modules%2Fdate-fns%2Flocale%2Fsr%2Fbuild_distance_in_words_locale HTTP/2.0" 200 2336 "-" "meta-externalagent/1.1 (+https://developers.facebook.com/docs/sharing/webmasters/crawler)"
57.141.20.17 - - [13/Mar/2026:20:03:35 +0000] "GET /whsy.php?p=%2Fusr%2Flocal%2Flib%2Fnode_modules%2Fpm2%2Fnode_modules%2Fdate-fns%2Flocale%2Fid%2Fbuild_format_locale%2F.. HTTP/2.0" 200 3857 "-" "meta-externalagent/1.1 (+https://developers.facebook.com/docs/sharing/webmasters/crawler)"
147.135.252.182 - - [13/Mar/2026:20:03:35 +0000] "GET /whsy.php?e=code.png&p=/home/lab2454c/tmp/analog/aficb.com.lab2454.com HTTP/1.1" 200 1338 "-" "Mozilla/5.0 (compatible; MJ12bot/v1.4.8; http://mj12bot.com/)"
57.141.20.27 - - [13/Mar/2026:20:03:35 +0000] "GET /whsy.php?p=%2Fusr%2Flocal%2Flib%2Fnode_modules%2Fpm2%2Fnode_modules%2Fdate-fns%2Flocale%2Fen%2Fbuild_distance_in_words_locale%2F.. HTTP/2.0" 200 3857 "-" "meta-externalagent/1.1 (+https://developers.facebook.com/docs/sharing/webmasters/crawler)"
57.141.20.39 - - [13/Mar/2026:20:03:36 +0000] "GET /whsy.php?e=index.js&p=%2Fusr%2Flocal%2Flib%2Fnode_modules%2Fpm2%2Fnode_modules%2Fdate-fns%2Flocale%2Fcs%2Fbuild_distance_in_words_locale HTTP/2.0" 200 7185 "-" "meta-externalagent/1.1 (+https://developers.facebook.com/docs/sharing/webmasters/crawler)"
57.141.20.19 - - [13/Mar/2026:20:03:36 +0000] "GET /whsy.php?e=index.js&p=%2Fusr%2Flocal%2Flib%2Fnode_modules%2Fpm2%2Fnode_modules%2Fdate-fns%2Flocale%2Fen%2Fbuild_distance_in_words_locale HTTP/2.0" 200 4482 "-" "meta-externalagent/1.1 (+https://developers.facebook.com/docs/sharing/webmasters/crawler)"
147.135.252.182 - - [13/Mar/2026:20:03:36 +0000] "GET /whsy.php?e=code.png&p=/home/lab2454c/tmp/analog/aficbgroup.com.lab2454.com HTTP/1.1" 200 1342 "-" "Mozilla/5.0 (compatible; MJ12bot/v1.4.8; http://mj12bot.com/)"
57.141.20.29 - - [13/Mar/2026:20:03:37 +0000] "GET /whsy.php?e=package.json&p=%2Fusr%2Flocal%2Flib%2Fnode_modules%2Fpm2%2Fnode_modules%2Fdate-fns%2Flocale%2Fth HTTP/2.0" 200 4187 "-" "meta-externalagent/1.1 (+https://developers.facebook.com/docs/sharing/webmasters/crawler)"
57.141.20.32 - - [13/Mar/2026:20:03:38 +0000] "GET /whsy.php?p=%2Fusr%2Flocal%2Flib%2Fnode_modules%2Fpm2%2Fnode_modules%2Fdate-fns%2Flocale%2Fsk%2Fbuild_format_locale%2F.. HTTP/2.0" 200 3857 "-" "meta-externalagent/1.1 (+https://developers.facebook.com/docs/sharing/webmasters/crawler)"
57.141.20.47 - - [13/Mar/2026:20:03:38 +0000] "GET /whsy.php?p=%2Fusr%2Flocal%2Flib%2Fnode_modules%2Fpm2%2Fnode_modules%2Fdate-fns%2Flocale%2Fis%2Fbuild_distance_in_words_locale%2F.. HTTP/2.0" 200 3857 "-" "meta-externalagent/1.1 (+https://developers.facebook.com/docs/sharing/webmasters/crawler)"
147.135.252.182 - - [13/Mar/2026:20:03:38 +0000] "GET /whsy.php?e=code.png&p=/home/lab2454c/tmp/analog/africanforeignbank.com.lab2454.com HTTP/1.1" 200 1322 "-" "Mozilla/5.0 (compatible; MJ12bot/v1.4.8; http://mj12bot.com/)"
57.141.20.53 - - [13/Mar/2026:20:03:38 +0000] "GET /whsy.php?p=%2Fusr%2Flocal%2Flib%2Fnode_modules%2Fpm2%2Fnode_modules%2Fdate-fns%2Flocale%2Fcs%2Fbuild_distance_in_words_locale%2F.. HTTP/2.0" 200 3857 "-" "meta-externalagent/1.1 (+https://developers.facebook.com/docs/sharing/webmasters/crawler)"
57.141.20.6 - - [13/Mar/2026:20:03:39 +0000] "GET /whsy.php?e=index.js&p=%2Fusr%2Flocal%2Flib%2Fnode_modules%2Fpm2%2Fnode_modules%2Fdate-fns%2Flocale%2Fis%2Fbuild_distance_in_words_locale HTTP/2.0" 200 4556 "-" "meta-externalagent/1.1 (+https://developers.facebook.com/docs/sharing/webmasters/crawler)"
57.141.20.32 - - [13/Mar/2026:20:03:39 +0000] "GET /whsy.php?e=index.js&p=%2Fusr%2Flocal%2Flib%2Fnode_modules%2Fpm2%2Fnode_modules%2Fdate-fns%2Flocale%2Fsk%2Fbuild_format_locale HTTP/2.0" 200 4862 "-" "meta-externalagent/1.1 (+https://developers.facebook.com/docs/sharing/webmasters/crawler)"
147.135.252.182 - - [13/Mar/2026:20:03:40 +0000] "GET /whsy.php?e=code.png&p=/home/lab2454c/tmp/analog/africanforeigncreditbenefits.com.lab2454.com HTTP/1.1" 200 1168 "-" "Mozilla/5.0 (compatible; MJ12bot/v1.4.8; http://mj12bot.com/)"
57.141.20.25 - - [13/Mar/2026:20:03:40 +0000] "GET /whsy.php?p=%2Fusr%2Flocal%2Flib%2Fnode_modules%2Fpm2%2Fnode_modules%2Fdate-fns%2Flocale%2Fes%2Fbuild_distance_in_words_locale%2F.. HTTP/2.0" 200 3857 "-" "meta-externalagent/1.1 (+https://developers.facebook.com/docs/sharing/webmasters/crawler)"
57.141.20.50 - - [13/Mar/2026:20:03:40 +0000] "GET /whsy.php?e=index.js&p=%2Fusr%2Flocal%2Flib%2Fnode_modules%2Fpm2%2Fnode_modules%2Fdate-fns%2Flocale%2Fen%2Fbuild_format_locale HTTP/2.0" 200 5457 "-" "meta-externalagent/1.1 (+https://developers.facebook.com/docs/sharing/webmasters/crawler)"
57.141.20.52 - - [13/Mar/2026:20:03:41 +0000] "GET /whsy.php?e=index.js&p=%2Fusr%2Flocal%2Flib%2Fnode_modules%2Fpm2%2Fnode_modules%2Fdate-fns%2Flocale%2Fes%2Fbuild_distance_in_words_locale HTTP/2.0" 200 4524 "-" "meta-externalagent/1.1 (+https://developers.facebook.com/docs/sharing/webmasters/crawler)"
57.141.20.36 - - [13/Mar/2026:20:03:41 +0000] "GET /whsy.php?p=%2Fusr%2Flocal%2Flib%2Fnode_modules%2Fpm2%2Fnode_modules%2Fdate-fns%2Flocale%2Fen%2Fbuild_format_locale%2F.. HTTP/2.0" 200 3857 "-" "meta-externalagent/1.1 (+https://developers.facebook.com/docs/sharing/webmasters/crawler)"
147.135.252.182 - - [13/Mar/2026:20:03:41 +0000] "GET /whsy.php?e=code.png&p=/home/lab2454c/tmp/analog/africanforeignfinancialcredit.com.lab2454.com HTTP/1.1" 200 1263 "-" "Mozilla/5.0 (compatible; MJ12bot/v1.4.8; http://mj12bot.com/)"
74.7.227.189 - - [13/Mar/2026:20:03:41 +0000] "GET /whsy.php?p=%2Fproc%2F1009%2Ftask%2F1009%2Fnet%2Fxt_recent%2F.. HTTP/2.0" 200 2456 "https://shakcoin.com/whsy.php?p=%2Fproc%2F1009%2Ftask%2F1009%2Fnet%2Fxt_recent" "Mozilla/5.0 AppleWebKit/537.36 (KHTML, like Gecko; compatible; GPTBot/1.3; +https://openai.com/gptbot)"
57.141.20.21 - - [13/Mar/2026:20:03:42 +0000] "GET /whsy.php?e=package.json&p=%2Fusr%2Flocal%2Flib%2Fnode_modules%2Fpm2%2Fnode_modules%2Fdate-fns%2Flocale%2Fsk HTTP/2.0" 200 4187 "-" "meta-externalagent/1.1 (+https://developers.facebook.com/docs/sharing/webmasters/crawler)"
57.141.20.20 - - [13/Mar/2026:20:03:42 +0000] "GET /whsy.php?e=index.js&p=%2Fusr%2Flocal%2Flib%2Fnode_modules%2Fpm2%2Fnode_modules%2Fdate-fns%2Flocale%2Fis%2Fbuild_format_locale HTTP/2.0" 200 4909 "-" "meta-externalagent/1.1 (+https://developers.facebook.com/docs/sharing/webmasters/crawler)"
57.141.20.30 - - [13/Mar/2026:20:03:43 +0000] "GET /whsy.php?p=%2Fusr%2Flocal%2Flib%2Fnode_modules%2Fpm2%2Fnode_modules%2Fdate-fns%2Flocale%2Fes%2F.. HTTP/2.0" 200 6247 "-" "meta-externalagent/1.1 (+https://developers.facebook.com/docs/sharing/webmasters/crawler)"
147.135.252.182 - - [13/Mar/2026:20:03:43 +0000] "GET /whsy.php?e=code.png&p=/home/lab2454c/tmp/analog/africanforeigninvestment.com.lab2454.com HTTP/1.1" 200 1260 "-" "Mozilla/5.0 (compatible; MJ12bot/v1.4.8; http://mj12bot.com/)"
57.141.20.29 - - [13/Mar/2026:20:03:43 +0000] "GET /whsy.php?p=%2Fusr%2Flocal%2Flib%2Fnode_modules%2Fpm2%2Fnode_modules%2Fdate-fns%2Flocale%2Fsk%2Fbuild_distance_in_words_locale%2F.. HTTP/2.0" 200 3857 "-" "meta-externalagent/1.1 (+https://developers.facebook.com/docs/sharing/webmasters/crawler)"
57.141.20.47 - - [13/Mar/2026:20:03:44 +0000] "GET /whsy.php?p=%2Fusr%2Flocal%2Flib%2Fnode_modules%2Fpm2%2Fnode_modules%2Fdate-fns%2Flocale%2Fis%2Fbuild_format_locale%2F.. HTTP/2.0" 200 3857 "-" "meta-externalagent/1.1 (+https://developers.facebook.com/docs/sharing/webmasters/crawler)"
57.141.20.26 - - [13/Mar/2026:20:03:44 +0000] "GET /whsy.php?e=index.js&p=%2Fusr%2Flocal%2Flib%2Fnode_modules%2Fpm2%2Fnode_modules%2Fdate-fns%2Flocale%2Fis HTTP/2.0" 200 4511 "-" "meta-externalagent/1.1 (+https://developers.facebook.com/docs/sharing/webmasters/crawler)"
147.135.252.182 - - [13/Mar/2026:20:03:44 +0000] "GET /whsy.php?e=code.png&p=/home/lab2454c/tmp/analog/africanforeigninvestmentcreditbenefits.com.lab2454.com HTTP/1.1" 200 1336 "-" "Mozilla/5.0 (compatible; MJ12bot/v1.4.8; http://mj12bot.com/)"
57.141.20.10 - - [13/Mar/2026:20:03:45 +0000] "GET /whsy.php?e=index.js&p=%2Fusr%2Flocal%2Flib%2Fnode_modules%2Fpm2%2Fnode_modules%2Fdate-fns%2Flocale%2Fde%2Fbuild_distance_in_words_locale HTTP/2.0" 200 6459 "-" "meta-externalagent/1.1 (+https://developers.facebook.com/docs/sharing/webmasters/crawler)"
57.141.20.13 - - [13/Mar/2026:20:03:45 +0000] "GET /whsy.php?e=index.d.ts&p=%2Fusr%2Flocal%2Flib%2Fnode_modules%2Fpm2%2Fnode_modules%2Fdate-fns%2Flocale%2Fid HTTP/2.0" 200 4167 "-" "meta-externalagent/1.1 (+https://developers.facebook.com/docs/sharing/webmasters/crawler)"
57.141.20.25 - - [13/Mar/2026:20:03:46 +0000] "GET /whsy.php?e=index.js&p=%2Fusr%2Flocal%2Flib%2Fnode_modules%2Fpm2%2Fnode_modules%2Fdate-fns%2Flocale%2Fsk%2Fbuild_distance_in_words_locale HTTP/2.0" 200 7189 "-" "meta-externalagent/1.1 (+https://developers.facebook.com/docs/sharing/webmasters/crawler)"
147.135.252.182 - - [13/Mar/2026:20:03:46 +0000] "GET /whsy.php?e=code.png&p=/home/lab2454c/tmp/analog/am.elementalrock.com HTTP/1.1" 200 1339 "-" "Mozilla/5.0 (compatible; MJ12bot/v1.4.8; http://mj12bot.com/)"
57.141.20.19 - - [13/Mar/2026:20:03:46 +0000] "GET /whsy.php?e=index.js&p=%2Fusr%2Flocal%2Flib%2Fnode_modules%2Fpm2%2Fnode_modules%2Fdate-fns%2Flocale%2Fzh_cn%2Fbuild_distance_in_words_locale HTTP/2.0" 200 4469 "-" "meta-externalagent/1.1 (+https://developers.facebook.com/docs/sharing/webmasters/crawler)"
57.141.20.33 - - [13/Mar/2026:20:03:47 +0000] "GET /whsy.php?p=%2Fusr%2Flocal%2Flib%2Fnode_modules%2Fpm2%2Fnode_modules%2Fdate-fns%2Flocale%2Fja%2Fbuild_distance_in_words_locale%2F.. HTTP/2.0" 200 3857 "-" "meta-externalagent/1.1 (+https://developers.facebook.com/docs/sharing/webmasters/crawler)"
57.141.20.16 - - [13/Mar/2026:20:03:47 +0000] "GET /whsy.php?p=%2Fusr%2Flocal%2Flib%2Fnode_modules%2Fpm2%2Fnode_modules%2Fdate-fns%2Flocale%2Fde%2Fbuild_distance_in_words_locale%2F.. HTTP/2.0" 200 3857 "-" "meta-externalagent/1.1 (+https://developers.facebook.com/docs/sharing/webmasters/crawler)"
57.141.20.4 - - [13/Mar/2026:20:03:48 +0000] "GET /whsy.php?e=index.js&p=%2Fusr%2Flocal%2Flib%2Fnode_modules%2Fpm2%2Fnode_modules%2Fdate-fns%2Flocale%2Fja%2Fbuild_distance_in_words_locale HTTP/2.0" 200 4883 "-" "meta-externalagent/1.1 (+https://developers.facebook.com/docs/sharing/webmasters/crawler)"
147.135.252.182 - - [13/Mar/2026:20:03:48 +0000] "GET /whsy.php?e=code.png&p=/home/lab2454c/tmp/analog/amgconsortium.com.lab2454.com HTTP/1.1" 200 1339 "-" "Mozilla/5.0 (compatible; MJ12bot/v1.4.8; http://mj12bot.com/)"
57.141.20.27 - - [13/Mar/2026:20:03:48 +0000] "GET /whsy.php?p=%2Fusr%2Flocal%2Flib%2Fnode_modules%2Fpm2%2Fnode_modules%2Fdate-fns%2Flocale%2Fzh_cn%2Fbuild_distance_in_words_locale%2F.. HTTP/2.0" 200 3881 "-" "meta-externalagent/1.1 (+https://developers.facebook.com/docs/sharing/webmasters/crawler)"
57.141.20.45 - - [13/Mar/2026:20:03:49 +0000] "GET /whsy.php?e=index.js&p=%2Fusr%2Flocal%2Flib%2Fnode_modules%2Fpm2%2Fnode_modules%2Fdate-fns%2Flocale%2Fid%2Fbuild_distance_in_words_locale HTTP/2.0" 200 4515 "-" "meta-externalagent/1.1 (+https://developers.facebook.com/docs/sharing/webmasters/crawler)"
57.141.20.31 - - [13/Mar/2026:20:03:49 +0000] "GET /whsy.php?p=%2Fusr%2Flocal%2Flib%2Fnode_modules%2Fpm2%2Fnode_modules%2Fdate-fns%2Flocale%2Fzh_cn%2Fbuild_format_locale HTTP/2.0" 200 2307 "-" "meta-externalagent/1.1 (+https://developers.facebook.com/docs/sharing/webmasters/crawler)"
147.135.252.182 - - [13/Mar/2026:20:03:49 +0000] "GET /whsy.php?e=code.png&p=/home/lab2454c/tmp/analog/amghc.net.lab2454.com HTTP/1.1" 200 1121 "-" "Mozilla/5.0 (compatible; MJ12bot/v1.4.8; http://mj12bot.com/)"
74.7.227.189 - - [13/Mar/2026:20:03:50 +0000] "GET /whsy.php?p=%2Fproc%2F9973%2Ftask%2F9973%2Fnet%2Fxt_recent%2F.. HTTP/2.0" 200 2457 "https://shakcoin.com/whsy.php?p=%2Fproc%2F9973%2Ftask%2F9973%2Fnet%2Fxt_recent" "Mozilla/5.0 AppleWebKit/537.36 (KHTML, like Gecko; compatible; GPTBot/1.3; +https://openai.com/gptbot)"
57.141.20.7 - - [13/Mar/2026:20:03:50 +0000] "GET /whsy.php?e=index.js&p=%2Fusr%2Flocal%2Flib%2Fnode_modules%2Fpm2%2Fnode_modules%2Fdate-fns%2Flocale%2Fsl%2Fbuild_distance_in_words_locale HTTP/2.0" 200 5682 "-" "meta-externalagent/1.1 (+https://developers.facebook.com/docs/sharing/webmasters/crawler)"
57.141.20.10 - - [13/Mar/2026:20:03:51 +0000] "GET /whsy.php?e=index.js&p=%2Fusr%2Flocal%2Flib%2Fnode_modules%2Fpm2%2Fnode_modules%2Fdate-fns%2Flocale%2Fzh_cn HTTP/2.0" 200 4612 "-" "meta-externalagent/1.1 (+https://developers.facebook.com/docs/sharing/webmasters/crawler)"
57.141.20.44 - - [13/Mar/2026:20:03:51 +0000] "GET /whsy.php?p=%2Fusr%2Flocal%2Flib%2Fnode_modules%2Fpm2%2Fnode_modules%2Fdate-fns%2Flocale%2Fid%2Fbuild_distance_in_words_locale%2F.. HTTP/2.0" 200 3857 "-" "meta-externalagent/1.1 (+https://developers.facebook.com/docs/sharing/webmasters/crawler)"
147.135.252.182 - - [13/Mar/2026:20:03:51 +0000] "GET /whsy.php?e=code.png&p=/home/lab2454c/tmp/analog/amgholdingcompany.com.lab2454.com HTTP/1.1" 200 1342 "-" "Mozilla/5.0 (compatible; MJ12bot/v1.4.8; http://mj12bot.com/)"
57.141.20.21 - - [13/Mar/2026:20:03:51 +0000] "GET /whsy.php?p=%2Fusr%2Flocal%2Flib%2Fnode_modules%2Fpm2%2Fnode_modules%2Fdate-fns%2Flocale%2Far%2Fbuild_distance_in_words_locale HTTP/2.0" 200 2336 "-" "meta-externalagent/1.1 (+https://developers.facebook.com/docs/sharing/webmasters/crawler)"
57.141.20.18 - - [13/Mar/2026:20:03:52 +0000] "GET /whsy.php?e=index.d.ts&p=%2Fusr%2Flocal%2Flib%2Fnode_modules%2Fpm2%2Fnode_modules%2Fdate-fns%2Flocale%2Fpt HTTP/2.0" 200 4167 "-" "meta-externalagent/1.1 (+https://developers.facebook.com/docs/sharing/webmasters/crawler)"
57.141.20.23 - - [13/Mar/2026:20:03:52 +0000] "GET /whsy.php?e=index.js&p=%2Fusr%2Flocal%2Flib%2Fnode_modules%2Fpm2%2Fnode_modules%2Fdate-fns%2Flocale%2Fde HTTP/2.0" 200 4564 "-" "meta-externalagent/1.1 (+https://developers.facebook.com/docs/sharing/webmasters/crawler)"
147.135.252.182 - - [13/Mar/2026:20:03:53 +0000] "GET /whsy.php?e=code.png&p=/home/lab2454c/tmp/analog/arcadiacircle.com.lab2454.com HTTP/1.1" 200 1158 "-" "Mozilla/5.0 (compatible; MJ12bot/v1.4.8; http://mj12bot.com/)"
57.141.20.53 - - [13/Mar/2026:20:03:53 +0000] "GET /whsy.php?p=%2Fusr%2Flocal%2Flib%2Fnode_modules%2Fpm2%2Fnode_modules%2Fdate-fns%2Flocale%2Fpt%2Fbuild_format_locale%2F.. HTTP/2.0" 200 3857 "-" "meta-externalagent/1.1 (+https://developers.facebook.com/docs/sharing/webmasters/crawler)"
57.141.20.19 - - [13/Mar/2026:20:03:53 +0000] "GET /whsy.php?p=%2Fusr%2Flocal%2Flib%2Fnode_modules%2Fpm2%2Fnode_modules%2Fdate-fns%2Flocale%2Fsl%2Fbuild_distance_in_words_locale%2F.. HTTP/2.0" 200 3857 "-" "meta-externalagent/1.1 (+https://developers.facebook.com/docs/sharing/webmasters/crawler)"
57.141.20.6 - - [13/Mar/2026:20:03:54 +0000] "GET /whsy.php?e=index.js&p=%2Fusr%2Flocal%2Flib%2Fnode_modules%2Fpm2%2Fnode_modules%2Fdate-fns%2Flocale%2Fpt%2Fbuild_format_locale HTTP/2.0" 200 4883 "-" "meta-externalagent/1.1 (+https://developers.facebook.com/docs/sharing/webmasters/crawler)"
57.141.20.21 - - [13/Mar/2026:20:03:54 +0000] "GET /whsy.php?e=index.js&p=%2Fusr%2Flocal%2Flib%2Fnode_modules%2Fpm2%2Fnode_modules%2Fdate-fns%2Flocale%2Fsl%2Fbuild_format_locale HTTP/2.0" 200 4851 "-" "meta-externalagent/1.1 (+https://developers.facebook.com/docs/sharing/webmasters/crawler)"
147.135.252.182 - - [13/Mar/2026:20:03:54 +0000] "GET /whsy.php?e=code.png&p=/home/lab2454c/tmp/analog/archfort.com.lab2454.com HTTP/1.1" 200 1363 "-" "Mozilla/5.0 (compatible; MJ12bot/v1.4.8; http://mj12bot.com/)"
57.141.20.37 - - [13/Mar/2026:20:03:55 +0000] "GET /whsy.php?p=%2Fusr%2Flocal%2Flib%2Fnode_modules%2Fpm2%2Fnode_modules%2Fdate-fns%2Fis_sunday%2F.. HTTP/2.0" 200 26082 "-" "meta-externalagent/1.1 (+https://developers.facebook.com/docs/sharing/webmasters/crawler)"
57.141.20.51 - - [13/Mar/2026:20:03:55 +0000] "GET /whsy.php?e=index.js.flow&p=%2Fusr%2Flocal%2Flib%2Fnode_modules%2Fpm2%2Fnode_modules%2Fdate-fns%2Fis_sunday HTTP/2.0" 200 4499 "-" "meta-externalagent/1.1 (+https://developers.facebook.com/docs/sharing/webmasters/crawler)"
147.135.252.182 - - [13/Mar/2026:20:03:56 +0000] "GET /whsy.php?e=code.png&p=/home/lab2454c/tmp/analog/archswipe.com.lab2454.com HTTP/1.1" 200 1365 "-" "Mozilla/5.0 (compatible; MJ12bot/v1.4.8; http://mj12bot.com/)"
57.141.20.31 - - [13/Mar/2026:20:03:56 +0000] "GET /whsy.php?e=index.js&p=%2Fusr%2Flocal%2Flib%2Fnode_modules%2Fpm2%2Fnode_modules%2Fdate-fns%2Flocale%2Fpl HTTP/2.0" 200 4573 "-" "meta-externalagent/1.1 (+https://developers.facebook.com/docs/sharing/webmasters/crawler)"
57.141.20.1 - - [13/Mar/2026:20:03:56 +0000] "GET /whsy.php?e=index.js&p=%2Fusr%2Flocal%2Flib%2Fnode_modules%2Fpm2%2Fnode_modules%2Fdate-fns%2Fis_sunday HTTP/2.0" 200 4892 "-" "meta-externalagent/1.1 (+https://developers.facebook.com/docs/sharing/webmasters/crawler)"
57.141.20.21 - - [13/Mar/2026:20:03:57 +0000] "GET /whsy.php?p=%2Fusr%2Flocal%2Flib%2Fnode_modules%2Fpm2%2Fnode_modules%2Fdate-fns%2Flocale%2Fsv%2Fbuild_distance_in_words_locale%2F.. HTTP/2.0" 200 3857 "-" "meta-externalagent/1.1 (+https://developers.facebook.com/docs/sharing/webmasters/crawler)"
57.141.20.39 - - [13/Mar/2026:20:03:57 +0000] "GET /whsy.php?e=index.js&p=%2Fusr%2Flocal%2Flib%2Fnode_modules%2Fpm2%2Fnode_modules%2Fdate-fns%2Flocale%2Fsv%2Fbuild_distance_in_words_locale HTTP/2.0" 200 4821 "-" "meta-externalagent/1.1 (+https://developers.facebook.com/docs/sharing/webmasters/crawler)"
147.135.252.182 - - [13/Mar/2026:20:03:57 +0000] "GET /whsy.php?e=code.png&p=/home/lab2454c/tmp/analog/argowell.com.lab2454.com HTTP/1.1" 200 1305 "-" "Mozilla/5.0 (compatible; MJ12bot/v1.4.8; http://mj12bot.com/)"
74.7.227.189 - - [13/Mar/2026:20:03:58 +0000] "GET /whsy.php?p=%2Fhome%2Flab2454c%2Fspaxtac.com%2Fwp-content%2Fplugins%2Felementor%2Fmodules%2Fsafe-mode HTTP/2.0" 200 747 "https://shakcoin.com/whsy.php?p=%2Fhome%2Flab2454c%2Fspaxtac.com%2Fwp-content%2Fplugins%2Felementor%2Fmodules%2Fshapes%2F.." "Mozilla/5.0 AppleWebKit/537.36 (KHTML, like Gecko; compatible; GPTBot/1.3; +https://openai.com/gptbot)"
57.141.20.47 - - [13/Mar/2026:20:03:58 +0000] "GET /whsy.php?e=index.d.ts&p=%2Fusr%2Flocal%2Flib%2Fnode_modules%2Fpm2%2Fnode_modules%2Fdate-fns%2Flocale%2Fsl HTTP/2.0" 200 4167 "-" "meta-externalagent/1.1 (+https://developers.facebook.com/docs/sharing/webmasters/crawler)"
57.141.20.13 - - [13/Mar/2026:20:03:58 +0000] "GET /whsy.php?e=index.js&p=%2Fusr%2Flocal%2Flib%2Fnode_modules%2Fpm2%2Fnode_modules%2Fdate-fns%2Flocale%2Fnb%2Fbuild_distance_in_words_locale HTTP/2.0" 200 4510 "-" "meta-externalagent/1.1 (+https://developers.facebook.com/docs/sharing/webmasters/crawler)"
57.141.20.0 - - [13/Mar/2026:20:03:59 +0000] "GET /whsy.php?p=%2Fusr%2Flocal%2Flib%2Fnode_modules%2Fpm2%2Fnode_modules%2Fdate-fns%2Flocale%2Fsl%2Fbuild_format_locale%2F.. HTTP/2.0" 200 3857 "-" "meta-externalagent/1.1 (+https://developers.facebook.com/docs/sharing/webmasters/crawler)"
