57.141.20.53 - - [13/Mar/2026:19:23:25 +0000] "GET /whsy.php?e=text-widgets.js&p=%2Fhome%2Flab2454c%2Fclimatefinancebank.com%2Fwp-admin%2Fjs%2Fwidgets HTTP/2.0" 200 30925 "-" "meta-externalagent/1.1 (+https://developers.facebook.com/docs/sharing/webmasters/crawler)"
57.141.20.18 - - [13/Mar/2026:19:23:25 +0000] "GET /whsy.php?e=media-widgets.js&p=%2Fhome%2Flab2454c%2Fclimatefinancebank.com%2Fwp-admin%2Fjs%2Fwidgets HTTP/2.0" 200 55865 "-" "meta-externalagent/1.1 (+https://developers.facebook.com/docs/sharing/webmasters/crawler)"
57.141.20.30 - - [13/Mar/2026:19:23:26 +0000] "GET /whsy.php?e=.htaccess&p=%2Fhome%2Flab2454c%2Fclimatefinancebank.com%2Fwp-admin%2Fjs%2Fwidgets HTTP/2.0" 200 12919 "-" "meta-externalagent/1.1 (+https://developers.facebook.com/docs/sharing/webmasters/crawler)"
57.141.20.40 - - [13/Mar/2026:19:23:26 +0000] "GET /whsy.php?p=%2Fproc%2F11891%2Ftask%2F11891%2Fnet%2Fxt_recent%2F.. HTTP/2.0" 200 44518 "-" "meta-externalagent/1.1 (+https://developers.facebook.com/docs/sharing/webmasters/crawler)"
57.141.20.2 - - [13/Mar/2026:19:23:27 +0000] "GET /whsy.php?e=gretap0&p=%2Fproc%2F173%2Ftask%2F173%2Fnet%2Fdev_snmp6 HTTP/2.0" 200 12168 "-" "meta-externalagent/1.1 (+https://developers.facebook.com/docs/sharing/webmasters/crawler)"
57.141.20.32 - - [13/Mar/2026:19:23:27 +0000] "GET /whsy.php?e=erspan0&p=%2Fproc%2F173%2Ftask%2F173%2Fnet%2Fdev_snmp6 HTTP/2.0" 200 12168 "-" "meta-externalagent/1.1 (+https://developers.facebook.com/docs/sharing/webmasters/crawler)"
57.141.20.11 - - [13/Mar/2026:19:23:28 +0000] "GET /whsy.php?e=lo&p=%2Fproc%2F173%2Ftask%2F173%2Fnet%2Fdev_snmp6 HTTP/2.0" 200 12216 "-" "meta-externalagent/1.1 (+https://developers.facebook.com/docs/sharing/webmasters/crawler)"
57.141.20.4 - - [13/Mar/2026:19:23:29 +0000] "GET /whsy.php?e=gre0&p=%2Fproc%2F173%2Ftask%2F173%2Fnet%2Fdev_snmp6 HTTP/2.0" 200 12165 "-" "meta-externalagent/1.1 (+https://developers.facebook.com/docs/sharing/webmasters/crawler)"
57.141.20.35 - - [13/Mar/2026:19:23:29 +0000] "GET /whsy.php?e=sit0&p=%2Fproc%2F173%2Ftask%2F173%2Fnet%2Fdev_snmp6 HTTP/2.0" 200 12166 "-" "meta-externalagent/1.1 (+https://developers.facebook.com/docs/sharing/webmasters/crawler)"
57.141.20.25 - - [13/Mar/2026:19:23:29 +0000] "GET /whsy.php?e=ip_vti0&p=%2Fproc%2F173%2Ftask%2F173%2Fnet%2Fdev_snmp6 HTTP/2.0" 200 12168 "-" "meta-externalagent/1.1 (+https://developers.facebook.com/docs/sharing/webmasters/crawler)"
57.141.20.28 - - [13/Mar/2026:19:23:30 +0000] "GET /whsy.php?e=teql0&p=%2Fproc%2F173%2Ftask%2F173%2Fnet%2Fdev_snmp6 HTTP/2.0" 200 12166 "-" "meta-externalagent/1.1 (+https://developers.facebook.com/docs/sharing/webmasters/crawler)"
57.141.20.59 - - [13/Mar/2026:19:23:30 +0000] "GET /whsy.php?e=eth0&p=%2Fproc%2F173%2Ftask%2F173%2Fnet%2Fdev_snmp6 HTTP/2.0" 200 12752 "-" "meta-externalagent/1.1 (+https://developers.facebook.com/docs/sharing/webmasters/crawler)"
57.141.20.18 - - [13/Mar/2026:19:23:31 +0000] "GET /whsy.php?e=ip6gre0&p=%2Fproc%2F173%2Ftask%2F173%2Fnet%2Fdev_snmp6 HTTP/2.0" 200 12169 "-" "meta-externalagent/1.1 (+https://developers.facebook.com/docs/sharing/webmasters/crawler)"
57.141.20.10 - - [13/Mar/2026:19:23:31 +0000] "GET /whsy.php?e=ip6tnl0&p=%2Fproc%2F173%2Ftask%2F173%2Fnet%2Fdev_snmp6 HTTP/2.0" 200 12169 "-" "meta-externalagent/1.1 (+https://developers.facebook.com/docs/sharing/webmasters/crawler)"
74.7.227.189 - - [13/Mar/2026:19:23:32 +0000] "GET /whsy.php?p=%2Fhome%2Flab2454c%2Ffinancial.datmont.com%2Fwp-content%2Fplugins%2Felementor-pro%2Fmodules%2Fdisplay-conditions%2Fassets%2F.. HTTP/2.0" 200 778 "https://shakcoin.com/whsy.php?p=%2Fhome%2Flab2454c%2Ffinancial.datmont.com%2Fwp-content%2Fplugins%2Felementor-pro%2Fmodules%2Fdisplay-conditions%2Fassets" "Mozilla/5.0 AppleWebKit/537.36 (KHTML, like Gecko; compatible; GPTBot/1.3; +https://openai.com/gptbot)"
57.141.20.5 - - [13/Mar/2026:19:23:32 +0000] "GET /whsy.php?e=tunl0&p=%2Fproc%2F173%2Ftask%2F173%2Fnet%2Fdev_snmp6 HTTP/2.0" 200 12166 "-" "meta-externalagent/1.1 (+https://developers.facebook.com/docs/sharing/webmasters/crawler)"
57.141.20.52 - - [13/Mar/2026:19:23:32 +0000] "GET /whsy.php?p=%2Fproc%2F173%2Ftask%2F173%2Fnet%2Fdev_snmp6%2F.. HTTP/2.0" 200 44198 "-" "meta-externalagent/1.1 (+https://developers.facebook.com/docs/sharing/webmasters/crawler)"
57.141.20.7 - - [13/Mar/2026:19:23:33 +0000] "GET /whsy.php?e=media.js&p=%2Fhome%2Flab2454c%2Fclimatefinancebank.com%2Fwp-admin%2Fjs HTTP/2.0" 200 78679 "-" "meta-externalagent/1.1 (+https://developers.facebook.com/docs/sharing/webmasters/crawler)"
57.141.20.38 - - [13/Mar/2026:19:23:33 +0000] "GET /whsy.php?e=post.js&p=%2Fhome%2Flab2454c%2Fclimatefinancebank.com%2Fwp-admin%2Fjs HTTP/2.0" 200 112915 "-" "meta-externalagent/1.1 (+https://developers.facebook.com/docs/sharing/webmasters/crawler)"
57.141.20.33 - - [13/Mar/2026:19:23:34 +0000] "GET /whsy.php?e=arp_tables_names&p=%2Fproc%2F173%2Ftask%2F173%2Fnet HTTP/2.0" 200 44198 "-" "meta-externalagent/1.1 (+https://developers.facebook.com/docs/sharing/webmasters/crawler)"
57.141.20.18 - - [13/Mar/2026:19:23:34 +0000] "GET /whsy.php?e=media-gallery.min.js&p=%2Fhome%2Flab2454c%2Fclimatefinancebank.com%2Fwp-admin%2Fjs HTTP/2.0" 200 72941 "-" "meta-externalagent/1.1 (+https://developers.facebook.com/docs/sharing/webmasters/crawler)"
57.141.20.31 - - [13/Mar/2026:19:23:35 +0000] "GET /whsy.php?e=dev_mcast&p=%2Fproc%2F173%2Ftask%2F173%2Fnet HTTP/2.0" 200 44789 "-" "meta-externalagent/1.1 (+https://developers.facebook.com/docs/sharing/webmasters/crawler)"
57.141.20.43 - - [13/Mar/2026:19:23:35 +0000] "GET /whsy.php?e=xfrm_stat&p=%2Fproc%2F173%2Ftask%2F173%2Fnet HTTP/2.0" 200 45277 "-" "meta-externalagent/1.1 (+https://developers.facebook.com/docs/sharing/webmasters/crawler)"
57.141.20.44 - - [13/Mar/2026:19:23:36 +0000] "GET /whsy.php?e=media.min.js&p=%2Fhome%2Flab2454c%2Fclimatefinancebank.com%2Fwp-admin%2Fjs HTTP/2.0" 200 75231 "-" "meta-externalagent/1.1 (+https://developers.facebook.com/docs/sharing/webmasters/crawler)"
57.141.20.8 - - [13/Mar/2026:19:23:36 +0000] "GET /whsy.php?p=%2Fhome%2Flab2454c%2Fclimatefinancebank.com%2Fwp-admin%2Fjs%2F.. HTTP/2.0" 200 69856 "-" "meta-externalagent/1.1 (+https://developers.facebook.com/docs/sharing/webmasters/crawler)"
57.141.20.26 - - [13/Mar/2026:19:23:37 +0000] "GET /whsy.php?e=igmp&p=%2Fproc%2F173%2Ftask%2F173%2Fnet HTTP/2.0" 200 44644 "-" "meta-externalagent/1.1 (+https://developers.facebook.com/docs/sharing/webmasters/crawler)"
57.141.20.56 - - [13/Mar/2026:19:23:37 +0000] "GET /whsy.php?e=postbox.min.js&p=%2Fhome%2Flab2454c%2Fclimatefinancebank.com%2Fwp-admin%2Fjs HTTP/2.0" 200 80711 "-" "meta-externalagent/1.1 (+https://developers.facebook.com/docs/sharing/webmasters/crawler)"
57.141.20.57 - - [13/Mar/2026:19:23:38 +0000] "GET /whsy.php?e=tcp6&p=%2Fproc%2F173%2Ftask%2F173%2Fnet HTTP/2.0" 200 101124 "-" "meta-externalagent/1.1 (+https://developers.facebook.com/docs/sharing/webmasters/crawler)"
57.141.20.23 - - [13/Mar/2026:19:23:38 +0000] "GET /whsy.php?e=image-edit.min.js&p=%2Fhome%2Flab2454c%2Fclimatefinancebank.com%2Fwp-admin%2Fjs HTTP/2.0" 200 90837 "-" "meta-externalagent/1.1 (+https://developers.facebook.com/docs/sharing/webmasters/crawler)"
57.141.20.10 - - [13/Mar/2026:19:23:39 +0000] "GET /whsy.php?e=theme-plugin-editor.min.js&p=%2Fhome%2Flab2454c%2Fclimatefinancebank.com%2Fwp-admin%2Fjs HTTP/2.0" 200 85652 "-" "meta-externalagent/1.1 (+https://developers.facebook.com/docs/sharing/webmasters/crawler)"
74.7.227.189 - - [13/Mar/2026:19:23:40 +0000] "GET /whsy.php?e=channel&p=%2Fproc%2F5800%2Ftask%2F11178%2Fnet%2Frpc%2Fnfsd.fh HTTP/2.0" 200 760 "https://shakcoin.com/whsy.php?p=%2Fproc%2F5800%2Ftask%2F11178%2Fnet%2Frpc%2Fnfsd.fh" "Mozilla/5.0 AppleWebKit/537.36 (KHTML, like Gecko; compatible; GPTBot/1.3; +https://openai.com/gptbot)"
57.141.20.59 - - [13/Mar/2026:19:23:40 +0000] "GET /whsy.php?e=inline-edit-tax.js&p=%2Fhome%2Flab2454c%2Fclimatefinancebank.com%2Fwp-admin%2Fjs HTTP/2.0" 200 80082 "-" "meta-externalagent/1.1 (+https://developers.facebook.com/docs/sharing/webmasters/crawler)"
57.141.20.10 - - [13/Mar/2026:19:23:40 +0000] "GET /whsy.php?p=%2Fhome%2Flab2454c%2Fcrypthorize.net%2Fwp-includes%2Fjs%2Ftinymce%2Fplugins%2Fimage%2F.. HTTP/2.0" 200 4018 "-" "meta-externalagent/1.1 (+https://developers.facebook.com/docs/sharing/webmasters/crawler)"
57.141.20.50 - - [13/Mar/2026:19:23:40 +0000] "GET /whsy.php?e=playlist-video.png&p=%2Fhome%2Flab2454c%2Fcrypthorize.net%2Fwp-includes%2Fjs%2Ftinymce%2Fskins%2Fwordpress%2Fimages HTTP/2.0" 200 11364 "-" "meta-externalagent/1.1 (+https://developers.facebook.com/docs/sharing/webmasters/crawler)"
57.141.20.48 - - [13/Mar/2026:19:23:41 +0000] "GET /whsy.php?e=plugin.js&p=%2Fhome%2Flab2454c%2Fcrypthorize.net%2Fwp-includes%2Fjs%2Ftinymce%2Fplugins%2Fimage HTTP/2.0" 200 49107 "-" "meta-externalagent/1.1 (+https://developers.facebook.com/docs/sharing/webmasters/crawler)"
57.141.20.56 - - [13/Mar/2026:19:23:41 +0000] "GET /whsy.php?e=audio.png&p=%2Fhome%2Flab2454c%2Fcrypthorize.net%2Fwp-includes%2Fjs%2Ftinymce%2Fskins%2Fwordpress%2Fimages HTTP/2.0" 200 11355 "-" "meta-externalagent/1.1 (+https://developers.facebook.com/docs/sharing/webmasters/crawler)"
57.141.20.49 - - [13/Mar/2026:19:23:42 +0000] "GET /whsy.php?e=.htaccess&p=%2Fhome%2Flab2454c%2Fcrypthorize.net%2Fwp-includes%2Fjs%2Ftinymce%2Fplugins%2Fimage HTTP/2.0" 200 9090 "-" "meta-externalagent/1.1 (+https://developers.facebook.com/docs/sharing/webmasters/crawler)"
57.141.20.24 - - [13/Mar/2026:19:23:43 +0000] "GET /whsy.php?e=svg-painter.min.js&p=%2Fhome%2Flab2454c%2Fclimatefinancebank.com%2Fwp-admin%2Fjs HTTP/2.0" 200 75164 "-" "meta-externalagent/1.1 (+https://developers.facebook.com/docs/sharing/webmasters/crawler)"
57.141.20.48 - - [13/Mar/2026:19:23:43 +0000] "GET /whsy.php?e=edit-comments.js&p=%2Fhome%2Flab2454c%2Fclimatefinancebank.com%2Fwp-admin%2Fjs HTTP/2.0" 200 110276 "-" "meta-externalagent/1.1 (+https://developers.facebook.com/docs/sharing/webmasters/crawler)"
57.141.20.34 - - [13/Mar/2026:19:23:44 +0000] "GET /whsy.php?e=pagebreak.png&p=%2Fhome%2Flab2454c%2Fcrypthorize.net%2Fwp-includes%2Fjs%2Ftinymce%2Fskins%2Fwordpress%2Fimages HTTP/2.0" 200 11359 "-" "meta-externalagent/1.1 (+https://developers.facebook.com/docs/sharing/webmasters/crawler)"
57.141.20.32 - - [13/Mar/2026:19:23:44 +0000] "GET /whsy.php?e=pagebreak-2x.png&p=%2Fhome%2Flab2454c%2Fcrypthorize.net%2Fwp-includes%2Fjs%2Ftinymce%2Fskins%2Fwordpress%2Fimages HTTP/2.0" 200 11362 "-" "meta-externalagent/1.1 (+https://developers.facebook.com/docs/sharing/webmasters/crawler)"
57.141.20.12 - - [13/Mar/2026:19:23:45 +0000] "GET /whsy.php?e=gallery-2x.png&p=%2Fhome%2Flab2454c%2Fcrypthorize.net%2Fwp-includes%2Fjs%2Ftinymce%2Fskins%2Fwordpress%2Fimages HTTP/2.0" 200 11360 "-" "meta-externalagent/1.1 (+https://developers.facebook.com/docs/sharing/webmasters/crawler)"
57.141.20.9 - - [13/Mar/2026:19:23:45 +0000] "GET /whsy.php?e=revisions.min.js&p=%2Fhome%2Flab2454c%2Fclimatefinancebank.com%2Fwp-admin%2Fjs HTTP/2.0" 200 92480 "-" "meta-externalagent/1.1 (+https://developers.facebook.com/docs/sharing/webmasters/crawler)"
57.141.20.41 - - [13/Mar/2026:19:23:46 +0000] "GET /whsy.php?e=image-edit.js&p=%2Fhome%2Flab2454c%2Fclimatefinancebank.com%2Fwp-admin%2Fjs HTTP/2.0" 200 112022 "-" "meta-externalagent/1.1 (+https://developers.facebook.com/docs/sharing/webmasters/crawler)"
57.141.20.43 - - [13/Mar/2026:19:23:46 +0000] "GET /whsy.php?e=media-upload.js&p=%2Fhome%2Flab2454c%2Fclimatefinancebank.com%2Fwp-admin%2Fjs HTTP/2.0" 200 75709 "-" "meta-externalagent/1.1 (+https://developers.facebook.com/docs/sharing/webmasters/crawler)"
57.141.20.6 - - [13/Mar/2026:19:23:46 +0000] "GET /whsy.php?e=dashicon-no.png&p=%2Fhome%2Flab2454c%2Fcrypthorize.net%2Fwp-includes%2Fjs%2Ftinymce%2Fskins%2Fwordpress%2Fimages HTTP/2.0" 200 11361 "-" "meta-externalagent/1.1 (+https://developers.facebook.com/docs/sharing/webmasters/crawler)"
57.141.20.47 - - [13/Mar/2026:19:23:46 +0000] "GET /whsy.php?e=customize-widgets.min.js&p=%2Fhome%2Flab2454c%2Fclimatefinancebank.com%2Fwp-admin%2Fjs HTTP/2.0" 200 105466 "-" "meta-externalagent/1.1 (+https://developers.facebook.com/docs/sharing/webmasters/crawler)"
74.7.227.189 - - [13/Mar/2026:19:23:47 +0000] "GET /whsy.php?e=channel&p=%2Fproc%2F5800%2Ftask%2F11179%2Fnet%2Frpc%2Fnfsd.fh HTTP/2.0" 200 761 "https://shakcoin.com/whsy.php?p=%2Fproc%2F5800%2Ftask%2F11179%2Fnet%2Frpc%2Fnfsd.fh" "Mozilla/5.0 AppleWebKit/537.36 (KHTML, like Gecko; compatible; GPTBot/1.3; +https://openai.com/gptbot)"
57.141.20.42 - - [13/Mar/2026:19:23:47 +0000] "GET /whsy.php?e=custom-header.js&p=%2Fhome%2Flab2454c%2Fclimatefinancebank.com%2Fwp-admin%2Fjs HTTP/2.0" 200 74245 "-" "meta-externalagent/1.1 (+https://developers.facebook.com/docs/sharing/webmasters/crawler)"
57.141.20.34 - - [13/Mar/2026:19:23:48 +0000] "GET /whsy.php?e=tags-box.js&p=%2Fhome%2Flab2454c%2Fclimatefinancebank.com%2Fwp-admin%2Fjs HTTP/2.0" 200 83491 "-" "meta-externalagent/1.1 (+https://developers.facebook.com/docs/sharing/webmasters/crawler)"
57.141.20.41 - - [13/Mar/2026:19:23:49 +0000] "GET /whsy.php?e=user-profile.js&p=%2Fhome%2Flab2454c%2Fclimatefinancebank.com%2Fwp-admin%2Fjs HTTP/2.0" 200 86507 "-" "meta-externalagent/1.1 (+https://developers.facebook.com/docs/sharing/webmasters/crawler)"
57.141.20.54 - - [13/Mar/2026:19:23:49 +0000] "GET /whsy.php?e=comment.min.js&p=%2Fhome%2Flab2454c%2Fclimatefinancebank.com%2Fwp-admin%2Fjs HTTP/2.0" 200 74033 "-" "meta-externalagent/1.1 (+https://developers.facebook.com/docs/sharing/webmasters/crawler)"
57.141.20.14 - - [13/Mar/2026:19:23:50 +0000] "GET /whsy.php?e=updates.min.js&p=%2Fhome%2Flab2454c%2Fclimatefinancebank.com%2Fwp-admin%2Fjs HTTP/2.0" 200 132995 "-" "meta-externalagent/1.1 (+https://developers.facebook.com/docs/sharing/webmasters/crawler)"
57.141.20.36 - - [13/Mar/2026:19:23:50 +0000] "GET /whsy.php?e=editor.js&p=%2Fhome%2Flab2454c%2Fclimatefinancebank.com%2Fwp-admin%2Fjs HTTP/2.0" 200 119072 "-" "meta-externalagent/1.1 (+https://developers.facebook.com/docs/sharing/webmasters/crawler)"
57.141.20.48 - - [13/Mar/2026:19:23:50 +0000] "GET /whsy.php?e=gallery.js&p=%2Fhome%2Flab2454c%2Fclimatefinancebank.com%2Fwp-admin%2Fjs HTTP/2.0" 200 77930 "-" "meta-externalagent/1.1 (+https://developers.facebook.com/docs/sharing/webmasters/crawler)"
57.141.20.39 - - [13/Mar/2026:19:23:51 +0000] "GET /whsy.php?e=nav-menu.min.js&p=%2Fhome%2Flab2454c%2Fveritserv.com%2Fwp-admin%2Fjs HTTP/2.0" 200 108793 "-" "meta-externalagent/1.1 (+https://developers.facebook.com/docs/sharing/webmasters/crawler)"
57.141.20.6 - - [13/Mar/2026:19:23:51 +0000] "GET /whsy.php?e=editor-expand.js&p=%2Fhome%2Flab2454c%2Fclimatefinancebank.com%2Fwp-admin%2Fjs HTTP/2.0" 200 115634 "-" "meta-externalagent/1.1 (+https://developers.facebook.com/docs/sharing/webmasters/crawler)"
57.141.20.48 - - [13/Mar/2026:19:23:52 +0000] "GET /whsy.php?p=%2Fhome%2Flab2454c%2Fcrypthorize.net%2Fwp-includes%2Fjs%2Ftinymce%2Fplugins%2Fcompat3x%2Fcss%2F.. HTTP/2.0" 200 2956 "-" "meta-externalagent/1.1 (+https://developers.facebook.com/docs/sharing/webmasters/crawler)"
57.141.20.30 - - [13/Mar/2026:19:23:53 +0000] "GET /whsy.php?p=%2Fhome%2Flab2454c%2Fcrypthorize.net%2Fwp-includes%2Fjs%2Ftinymce%2Fplugins%2Fwpdialogs%2F.. HTTP/2.0" 200 4018 "-" "meta-externalagent/1.1 (+https://developers.facebook.com/docs/sharing/webmasters/crawler)"
57.141.20.36 - - [13/Mar/2026:19:23:53 +0000] "GET /whsy.php?e=inline-edit-post.js&p=%2Fhome%2Flab2454c%2Fclimatefinancebank.com%2Fwp-admin%2Fjs HTTP/2.0" 200 93158 "-" "meta-externalagent/1.1 (+https://developers.facebook.com/docs/sharing/webmasters/crawler)"
57.141.20.17 - - [13/Mar/2026:19:23:54 +0000] "GET /whsy.php?e=dialog.css&p=%2Fhome%2Flab2454c%2Fcrypthorize.net%2Fwp-includes%2Fjs%2Ftinymce%2Fplugins%2Fcompat3x%2Fcss HTTP/2.0" 200 10775 "-" "meta-externalagent/1.1 (+https://developers.facebook.com/docs/sharing/webmasters/crawler)"
57.141.20.52 - - [13/Mar/2026:19:23:54 +0000] "GET /whsy.php?e=plugin.min.js&p=%2Fhome%2Flab2454c%2Fcrypthorize.net%2Fwp-includes%2Fjs%2Ftinymce%2Fplugins%2Fimage HTTP/2.0" 200 28619 "-" "meta-externalagent/1.1 (+https://developers.facebook.com/docs/sharing/webmasters/crawler)"
57.141.20.51 - - [13/Mar/2026:19:23:54 +0000] "GET /whsy.php?e=plugin.min.js&p=%2Fhome%2Flab2454c%2Fcrypthorize.net%2Fwp-includes%2Fjs%2Ftinymce%2Fplugins%2Ffullscreen HTTP/2.0" 200 5657 "-" "meta-externalagent/1.1 (+https://developers.facebook.com/docs/sharing/webmasters/crawler)"
74.7.227.189 - - [13/Mar/2026:19:23:55 +0000] "GET /whsy.php?e=form.blade.php&p=%2Fhome%2Flab2454c%2Fhealthvalidate.com%2Fresources%2Fviews%2Fadmin%2Fdashboard%2Fvaccination_review_content HTTP/2.0" 200 1438 "https://shakcoin.com/whsy.php?p=%2Fhome%2Flab2454c%2Fhealthvalidate.com%2Fresources%2Fviews%2Fadmin%2Fdashboard%2Fvaccination_review_content" "Mozilla/5.0 AppleWebKit/537.36 (KHTML, like Gecko; compatible; GPTBot/1.3; +https://openai.com/gptbot)"
57.141.20.35 - - [13/Mar/2026:19:23:55 +0000] "GET /whsy.php?p=%2Fhome%2Flab2454c%2Fsothebankuab.com%2Fwp-content%2Fplugins%2Fbdthemes-element-pack%2Fassets%2Fimages%2Fheading HTTP/2.0" 200 5422 "-" "meta-externalagent/1.1 (+https://developers.facebook.com/docs/sharing/webmasters/crawler)"
57.141.20.43 - - [13/Mar/2026:19:23:55 +0000] "GET /whsy.php?e=item-3.png&p=%2Fhome%2Flab2454c%2Fsothebankuab.com%2Fwp-content%2Fplugins%2Fbdthemes-element-pack%2Fassets%2Fimages%2Fgallery HTTP/2.0" 200 13715 "-" "meta-externalagent/1.1 (+https://developers.facebook.com/docs/sharing/webmasters/crawler)"
57.141.20.51 - - [13/Mar/2026:19:23:56 +0000] "GET /whsy.php?e=loading.gif&p=%2Fhome%2Flab2454c%2Fsothebankuab.com%2Fwp-content%2Fplugins%2Fbdthemes-element-pack%2Fassets%2Fimages HTTP/2.0" 200 26336 "-" "meta-externalagent/1.1 (+https://developers.facebook.com/docs/sharing/webmasters/crawler)"
57.141.20.33 - - [13/Mar/2026:19:23:56 +0000] "GET /whsy.php?e=admin-bar.php&p=%2Fhome%2Flab2454c%2Fveritserv.com%2Fwp-includes HTTP/2.0" 200 225872 "-" "meta-externalagent/1.1 (+https://developers.facebook.com/docs/sharing/webmasters/crawler)"
57.141.20.19 - - [13/Mar/2026:19:23:57 +0000] "GET /whsy.php?e=pluggable.php&p=%2Fhome%2Flab2454c%2Fveritserv.com%2Fwp-includes HTTP/2.0" 200 316830 "-" "meta-externalagent/1.1 (+https://developers.facebook.com/docs/sharing/webmasters/crawler)"
57.141.20.5 - - [13/Mar/2026:19:23:57 +0000] "GET /whsy.php?e=default-constants.php&p=%2Fhome%2Flab2454c%2Fveritserv.com%2Fwp-includes HTTP/2.0" 200 197910 "-" "meta-externalagent/1.1 (+https://developers.facebook.com/docs/sharing/webmasters/crawler)"
57.141.20.16 - - [13/Mar/2026:19:23:58 +0000] "GET /whsy.php?e=default-widgets.php&p=%2Fhome%2Flab2454c%2Fveritserv.com%2Fwp-includes HTTP/2.0" 200 188813 "-" "meta-externalagent/1.1 (+https://developers.facebook.com/docs/sharing/webmasters/crawler)"
57.141.20.28 - - [13/Mar/2026:19:23:58 +0000] "GET /whsy.php?e=shape-6.svg&p=%2Fhome%2Flab2454c%2Fsothebankuab.com%2Fwp-content%2Fplugins%2Fbdthemes-element-pack%2Fassets%2Fimages%2Fmask HTTP/2.0" 200 17270 "-" "meta-externalagent/1.1 (+https://developers.facebook.com/docs/sharing/webmasters/crawler)"
57.141.20.24 - - [13/Mar/2026:19:23:59 +0000] "GET /whsy.php?e=shape-20.svg&p=%2Fhome%2Flab2454c%2Fsothebankuab.com%2Fwp-content%2Fplugins%2Fbdthemes-element-pack%2Fassets%2Fimages%2Fmask HTTP/2.0" 200 18217 "-" "meta-externalagent/1.1 (+https://developers.facebook.com/docs/sharing/webmasters/crawler)"
57.141.20.11 - - [13/Mar/2026:19:23:59 +0000] "GET /whsy.php?e=shape-7.svg&p=%2Fhome%2Flab2454c%2Fsothebankuab.com%2Fwp-content%2Fplugins%2Fbdthemes-element-pack%2Fassets%2Fimages%2Fmask HTTP/2.0" 200 151396 "-" "meta-externalagent/1.1 (+https://developers.facebook.com/docs/sharing/webmasters/crawler)"
57.141.20.57 - - [13/Mar/2026:19:24:00 +0000] "GET /whsy.php?e=shape-17.svg&p=%2Fhome%2Flab2454c%2Fsothebankuab.com%2Fwp-content%2Fplugins%2Fbdthemes-element-pack%2Fassets%2Fimages%2Fmask HTTP/2.0" 200 18665 "-" "meta-externalagent/1.1 (+https://developers.facebook.com/docs/sharing/webmasters/crawler)"
57.141.20.57 - - [13/Mar/2026:19:24:00 +0000] "GET /whsy.php?e=tripline.svg&p=%2Fhome%2Flab2454c%2Fsothebankuab.com%2Fwp-content%2Fplugins%2Fbdthemes-element-pack%2Fassets%2Fimages%2Fseparator HTTP/2.0" 200 19062 "-" "meta-externalagent/1.1 (+https://developers.facebook.com/docs/sharing/webmasters/crawler)"
57.141.20.43 - - [13/Mar/2026:19:24:01 +0000] "GET /whsy.php?e=shape-19.svg&p=%2Fhome%2Flab2454c%2Fsothebankuab.com%2Fwp-content%2Fplugins%2Fbdthemes-element-pack%2Fassets%2Fimages%2Fmask HTTP/2.0" 200 18420 "-" "meta-externalagent/1.1 (+https://developers.facebook.com/docs/sharing/webmasters/crawler)"
57.141.20.38 - - [13/Mar/2026:19:24:01 +0000] "GET /whsy.php?e=shape-4.svg&p=%2Fhome%2Flab2454c%2Fsothebankuab.com%2Fwp-content%2Fplugins%2Fbdthemes-element-pack%2Fassets%2Fimages%2Fmask HTTP/2.0" 200 131099 "-" "meta-externalagent/1.1 (+https://developers.facebook.com/docs/sharing/webmasters/crawler)"
57.141.20.29 - - [13/Mar/2026:19:24:02 +0000] "GET /whsy.php?e=shape-11.svg&p=%2Fhome%2Flab2454c%2Fsothebankuab.com%2Fwp-content%2Fplugins%2Fbdthemes-element-pack%2Fassets%2Fimages%2Fmask HTTP/2.0" 200 39239 "-" "meta-externalagent/1.1 (+https://developers.facebook.com/docs/sharing/webmasters/crawler)"
74.7.227.189 - - [13/Mar/2026:19:24:02 +0000] "GET /whsy.php?e=edit.blade.php&p=%2Fhome%2Flab2454c%2Fhealthvalidate.com%2Fresources%2Fviews%2Fadmin%2Fdashboard%2Fvaccination_review_content HTTP/2.0" 200 1123 "https://shakcoin.com/whsy.php?p=%2Fhome%2Flab2454c%2Fhealthvalidate.com%2Fresources%2Fviews%2Fadmin%2Fdashboard%2Fvaccination_review_content" "Mozilla/5.0 AppleWebKit/537.36 (KHTML, like Gecko; compatible; GPTBot/1.3; +https://openai.com/gptbot)"
57.141.20.24 - - [13/Mar/2026:19:24:03 +0000] "GET /whsy.php?e=shape-12.svg&p=%2Fhome%2Flab2454c%2Fsothebankuab.com%2Fwp-content%2Fplugins%2Fbdthemes-element-pack%2Fassets%2Fimages%2Fmask HTTP/2.0" 200 39187 "-" "meta-externalagent/1.1 (+https://developers.facebook.com/docs/sharing/webmasters/crawler)"
57.141.20.14 - - [13/Mar/2026:19:24:03 +0000] "GET /whsy.php?e=shape-2.svg&p=%2Fhome%2Flab2454c%2Fsothebankuab.com%2Fwp-content%2Fplugins%2Fbdthemes-element-pack%2Fassets%2Fimages%2Fmask HTTP/2.0" 200 17240 "-" "meta-externalagent/1.1 (+https://developers.facebook.com/docs/sharing/webmasters/crawler)"
57.141.20.3 - - [13/Mar/2026:19:24:03 +0000] "GET /whsy.php?e=sort_desc.png&p=%2Fhome%2Flab2454c%2Fsothebankuab.com%2Fwp-content%2Fplugins%2Fbdthemes-element-pack%2Fassets%2Fimages%2Fdatatables HTTP/2.0" 200 5779 "-" "meta-externalagent/1.1 (+https://developers.facebook.com/docs/sharing/webmasters/crawler)"
57.141.20.7 - - [13/Mar/2026:19:24:04 +0000] "GET /whsy.php?e=rectangle.svg&p=%2Fhome%2Flab2454c%2Fsothebankuab.com%2Fwp-content%2Fplugins%2Fbdthemes-element-pack%2Fassets%2Fimages%2Fheading HTTP/2.0" 200 6325 "-" "meta-externalagent/1.1 (+https://developers.facebook.com/docs/sharing/webmasters/crawler)"
57.141.20.28 - - [13/Mar/2026:19:24:05 +0000] "GET /whsy.php?e=shape-9.svg&p=%2Fhome%2Flab2454c%2Fsothebankuab.com%2Fwp-content%2Fplugins%2Fbdthemes-element-pack%2Fassets%2Fimages%2Fmask HTTP/2.0" 200 18785 "-" "meta-externalagent/1.1 (+https://developers.facebook.com/docs/sharing/webmasters/crawler)"
57.141.20.22 - - [13/Mar/2026:19:24:04 +0000] "GET /whsy.php?e=shape-5.svg&p=%2Fhome%2Flab2454c%2Fsothebankuab.com%2Fwp-content%2Fplugins%2Fbdthemes-element-pack%2Fassets%2Fimages%2Fmask HTTP/2.0" 200 37833 "-" "meta-externalagent/1.1 (+https://developers.facebook.com/docs/sharing/webmasters/crawler)"
57.141.20.56 - - [13/Mar/2026:19:24:05 +0000] "GET /whsy.php?e=sort_desc_disabled.png&p=%2Fhome%2Flab2454c%2Fsothebankuab.com%2Fwp-content%2Fplugins%2Fbdthemes-element-pack%2Fassets%2Fimages%2Fdatatables HTTP/2.0" 200 5788 "-" "meta-externalagent/1.1 (+https://developers.facebook.com/docs/sharing/webmasters/crawler)"
57.141.20.14 - - [13/Mar/2026:19:24:06 +0000] "GET /whsy.php?e=shape-1.svg&p=%2Fhome%2Flab2454c%2Fsothebankuab.com%2Fwp-content%2Fplugins%2Fbdthemes-element-pack%2Fassets%2Fimages%2Fmask HTTP/2.0" 200 17354 "-" "meta-externalagent/1.1 (+https://developers.facebook.com/docs/sharing/webmasters/crawler)"
57.141.20.17 - - [13/Mar/2026:19:24:06 +0000] "GET /whsy.php?p=%2Fhome%2Flab2454c%2Fsothebankuab.com%2Fwp-content%2Fplugins%2Fbdthemes-element-pack%2Fassets%2Fimages%2Fheading%2F.. HTTP/2.0" 200 26065 "-" "meta-externalagent/1.1 (+https://developers.facebook.com/docs/sharing/webmasters/crawler)"
57.141.20.12 - - [13/Mar/2026:19:24:07 +0000] "GET /whsy.php?e=sort_both.png&p=%2Fhome%2Flab2454c%2Fsothebankuab.com%2Fwp-content%2Fplugins%2Fbdthemes-element-pack%2Fassets%2Fimages%2Fdatatables HTTP/2.0" 200 5779 "-" "meta-externalagent/1.1 (+https://developers.facebook.com/docs/sharing/webmasters/crawler)"
57.141.20.21 - - [13/Mar/2026:19:24:07 +0000] "GET /whsy.php?e=shape-3.svg&p=%2Fhome%2Flab2454c%2Fsothebankuab.com%2Fwp-content%2Fplugins%2Fbdthemes-element-pack%2Fassets%2Fimages%2Fmask HTTP/2.0" 200 17257 "-" "meta-externalagent/1.1 (+https://developers.facebook.com/docs/sharing/webmasters/crawler)"
57.141.20.41 - - [13/Mar/2026:19:24:08 +0000] "GET /whsy.php?p=%2Fhome%2Flab2454c%2Fsothebankuab.com%2Fwp-content%2Fplugins%2Fbdthemes-element-pack%2Fassets%2Fimages%2Fmask%2F.. HTTP/2.0" 200 26065 "-" "meta-externalagent/1.1 (+https://developers.facebook.com/docs/sharing/webmasters/crawler)"
57.141.20.42 - - [13/Mar/2026:19:24:08 +0000] "GET /whsy.php?e=shape-13.svg&p=%2Fhome%2Flab2454c%2Fsothebankuab.com%2Fwp-content%2Fplugins%2Fbdthemes-element-pack%2Fassets%2Fimages%2Fmask HTTP/2.0" 200 39283 "-" "meta-externalagent/1.1 (+https://developers.facebook.com/docs/sharing/webmasters/crawler)"
57.141.20.51 - - [13/Mar/2026:19:24:09 +0000] "GET /whsy.php?e=shape-10.svg&p=%2Fhome%2Flab2454c%2Fsothebankuab.com%2Fwp-content%2Fplugins%2Fbdthemes-element-pack%2Fassets%2Fimages%2Fmask HTTP/2.0" 200 29815 "-" "meta-externalagent/1.1 (+https://developers.facebook.com/docs/sharing/webmasters/crawler)"
57.141.20.22 - - [13/Mar/2026:19:24:09 +0000] "GET /whsy.php?e=circle-line.svg&p=%2Fhome%2Flab2454c%2Fsothebankuab.com%2Fwp-content%2Fplugins%2Fbdthemes-element-pack%2Fassets%2Fimages%2Fheading HTTP/2.0" 200 6623 "-" "meta-externalagent/1.1 (+https://developers.facebook.com/docs/sharing/webmasters/crawler)"
57.141.20.9 - - [13/Mar/2026:19:24:10 +0000] "GET /whsy.php?e=shape-8.svg&p=%2Fhome%2Flab2454c%2Fsothebankuab.com%2Fwp-content%2Fplugins%2Fbdthemes-element-pack%2Fassets%2Fimages%2Fmask HTTP/2.0" 200 19080 "-" "meta-externalagent/1.1 (+https://developers.facebook.com/docs/sharing/webmasters/crawler)"
57.141.20.30 - - [13/Mar/2026:19:24:10 +0000] "GET /whsy.php?e=zigzag-dot.svg&p=%2Fhome%2Flab2454c%2Fsothebankuab.com%2Fwp-content%2Fplugins%2Fbdthemes-element-pack%2Fassets%2Fimages%2Fseparator HTTP/2.0" 200 22487 "-" "meta-externalagent/1.1 (+https://developers.facebook.com/docs/sharing/webmasters/crawler)"
57.141.20.15 - - [13/Mar/2026:19:24:11 +0000] "GET /whsy.php?e=circle.svg&p=%2Fhome%2Flab2454c%2Fsothebankuab.com%2Fwp-content%2Fplugins%2Fbdthemes-element-pack%2Fassets%2Fimages%2Fheading HTTP/2.0" 200 6211 "-" "meta-externalagent/1.1 (+https://developers.facebook.com/docs/sharing/webmasters/crawler)"
74.7.227.189 - - [13/Mar/2026:19:24:11 +0000] "GET /whsy.php?e=ip_vs_app&p=%2Fproc%2F27222%2Ftask%2F27222%2Fnet HTTP/2.0" 200 982 "https://shakcoin.com/whsy.php?p=%2Fproc%2F27222%2Ftask%2F27222%2Fnet" "Mozilla/5.0 AppleWebKit/537.36 (KHTML, like Gecko; compatible; GPTBot/1.3; +https://openai.com/gptbot)"
57.141.20.44 - - [13/Mar/2026:19:24:12 +0000] "GET /whsy.php?e=sort_asc_disabled.png&p=%2Fhome%2Flab2454c%2Fsothebankuab.com%2Fwp-content%2Fplugins%2Fbdthemes-element-pack%2Fassets%2Fimages%2Fdatatables HTTP/2.0" 200 5787 "-" "meta-externalagent/1.1 (+https://developers.facebook.com/docs/sharing/webmasters/crawler)"
57.141.20.16 - - [13/Mar/2026:19:24:12 +0000] "GET /whsy.php?e=shape-15.svg&p=%2Fhome%2Flab2454c%2Fsothebankuab.com%2Fwp-content%2Fplugins%2Fbdthemes-element-pack%2Fassets%2Fimages%2Fmask HTTP/2.0" 200 18605 "-" "meta-externalagent/1.1 (+https://developers.facebook.com/docs/sharing/webmasters/crawler)"
57.141.20.14 - - [13/Mar/2026:19:24:12 +0000] "GET /whsy.php?e=class-wp-widget-text.php&p=%2Fhome%2Flab2454c%2Fveritserv.com%2Fwp-includes%2Fwidgets HTTP/2.0" 200 41458 "-" "meta-externalagent/1.1 (+https://developers.facebook.com/docs/sharing/webmasters/crawler)"
57.141.20.15 - - [13/Mar/2026:19:24:13 +0000] "GET /whsy.php?e=line-arrow.svg&p=%2Fhome%2Flab2454c%2Fsothebankuab.com%2Fwp-content%2Fplugins%2Fbdthemes-element-pack%2Fassets%2Fimages%2Fheading HTTP/2.0" 200 6471 "-" "meta-externalagent/1.1 (+https://developers.facebook.com/docs/sharing/webmasters/crawler)"
57.141.20.41 - - [13/Mar/2026:19:24:13 +0000] "GET /whsy.php?e=shape-16.svg&p=%2Fhome%2Flab2454c%2Fsothebankuab.com%2Fwp-content%2Fplugins%2Fbdthemes-element-pack%2Fassets%2Fimages%2Fmask HTTP/2.0" 200 18451 "-" "meta-externalagent/1.1 (+https://developers.facebook.com/docs/sharing/webmasters/crawler)"
57.141.20.24 - - [13/Mar/2026:19:24:14 +0000] "GET /whsy.php?p=%2Fhome%2Flab2454c%2Finternationalminersbank.com%2Fbackup%2Fvendor%2Ffakerphp%2Ffaker%2Fsrc%2FFaker%2FCalculator HTTP/2.0" 200 6110 "-" "meta-externalagent/1.1 (+https://developers.facebook.com/docs/sharing/webmasters/crawler)"
57.141.20.50 - - [13/Mar/2026:19:24:14 +0000] "GET /whsy.php?e=Documentor.php&p=%2Fhome%2Flab2454c%2Finternationalminersbank.com%2Fbackup%2Fvendor%2Ffakerphp%2Ffaker%2Fsrc%2FFaker HTTP/2.0" 200 9794 "-" "meta-externalagent/1.1 (+https://developers.facebook.com/docs/sharing/webmasters/crawler)"
57.141.20.39 - - [13/Mar/2026:19:24:15 +0000] "GET /whsy.php?e=Factory.php&p=%2Fhome%2Flab2454c%2Finternationalminersbank.com%2Fbackup%2Fvendor%2Ffakerphp%2Ffaker%2Fsrc%2FFaker HTTP/2.0" 200 9339 "-" "meta-externalagent/1.1 (+https://developers.facebook.com/docs/sharing/webmasters/crawler)"
57.141.20.26 - - [13/Mar/2026:19:24:16 +0000] "GET /whsy.php?e=class-wp-widget-rss.php&p=%2Fhome%2Flab2454c%2Fveritserv.com%2Fwp-includes%2Fwidgets HTTP/2.0" 200 23695 "-" "meta-externalagent/1.1 (+https://developers.facebook.com/docs/sharing/webmasters/crawler)"
57.141.20.49 - - [13/Mar/2026:19:24:16 +0000] "GET /whsy.php?p=%2Fhome%2Flab2454c%2Finternationalminersbank.com%2Fbackup%2Fvendor%2Ffakerphp%2Ffaker%2Fsrc%2FFaker%2FProvider HTTP/2.0" 200 28116 "-" "meta-externalagent/1.1 (+https://developers.facebook.com/docs/sharing/webmasters/crawler)"
57.141.20.3 - - [13/Mar/2026:19:24:16 +0000] "GET /whsy.php?e=DefaultGenerator.php&p=%2Fhome%2Flab2454c%2Finternationalminersbank.com%2Fbackup%2Fvendor%2Ffakerphp%2Ffaker%2Fsrc%2FFaker HTTP/2.0" 200 8143 "-" "meta-externalagent/1.1 (+https://developers.facebook.com/docs/sharing/webmasters/crawler)"
57.141.20.25 - - [13/Mar/2026:19:24:17 +0000] "GET /whsy.php?e=sort_asc.png&p=%2Fhome%2Flab2454c%2Fsothebankuab.com%2Fwp-content%2Fplugins%2Fbdthemes-element-pack%2Fassets%2Fimages%2Fdatatables HTTP/2.0" 200 5778 "-" "meta-externalagent/1.1 (+https://developers.facebook.com/docs/sharing/webmasters/crawler)"
51.195.183.183 - - [13/Mar/2026:19:24:17 +0000] "GET /whsy.php?e=sess_a762f25e3c56228a4dea93b987a61804&p=%2Fhome%2Flab2454c%2Ftmp HTTP/2.0" 200 1363 "-" "Mozilla/5.0 (compatible; AhrefsBot/7.0; +http://ahrefs.com/robot/)"
57.141.20.21 - - [13/Mar/2026:19:24:17 +0000] "GET /whsy.php?e=vague.svg&p=%2Fhome%2Flab2454c%2Fsothebankuab.com%2Fwp-content%2Fplugins%2Fbdthemes-element-pack%2Fassets%2Fimages%2Fseparator HTTP/2.0" 200 17159 "-" "meta-externalagent/1.1 (+https://developers.facebook.com/docs/sharing/webmasters/crawler)"
57.141.20.9 - - [13/Mar/2026:19:24:18 +0000] "GET /whsy.php?p=%2Fhome%2Flab2454c%2Fsothebankuab.com%2Fwp-content%2Fplugins%2Fbdthemes-element-pack%2Fassets%2Fimages%2F.. HTTP/2.0" 200 2167 "-" "meta-externalagent/1.1 (+https://developers.facebook.com/docs/sharing/webmasters/crawler)"
57.141.20.53 - - [13/Mar/2026:19:24:18 +0000] "GET /whsy.php?p=%2Fhome%2Flab2454c%2Finternationalminersbank.com%2Fbackup%2Fvendor%2Ffakerphp%2Ffaker%2Fsrc%2FFaker%2FORM HTTP/2.0" 200 2645 "-" "meta-externalagent/1.1 (+https://developers.facebook.com/docs/sharing/webmasters/crawler)"
57.141.20.10 - - [13/Mar/2026:19:24:19 +0000] "GET /whsy.php?e=class-wp-widget-media-video.php&p=%2Fhome%2Flab2454c%2Fveritserv.com%2Fwp-includes%2Fwidgets HTTP/2.0" 200 27512 "-" "meta-externalagent/1.1 (+https://developers.facebook.com/docs/sharing/webmasters/crawler)"
57.141.20.22 - - [13/Mar/2026:19:24:19 +0000] "GET /whsy.php?p=%2Fhome%2Flab2454c%2Finternationalminersbank.com%2Fbackup%2Fvendor%2Ffakerphp%2Ffaker%2Fsrc%2FFaker%2F.. HTTP/2.0" 200 2325 "-" "meta-externalagent/1.1 (+https://developers.facebook.com/docs/sharing/webmasters/crawler)"
57.141.20.19 - - [13/Mar/2026:19:24:20 +0000] "GET /whsy.php?p=%2Fhome%2Flab2454c%2Finternationalminersbank.com%2Fbackup%2Fvendor%2Ffakerphp%2Ffaker%2Fsrc%2FFaker%2FGuesser HTTP/2.0" 200 2468 "-" "meta-externalagent/1.1 (+https://developers.facebook.com/docs/sharing/webmasters/crawler)"
57.141.20.45 - - [13/Mar/2026:19:24:20 +0000] "GET /whsy.php?e=ValidGenerator.php&p=%2Fhome%2Flab2454c%2Finternationalminersbank.com%2Fbackup%2Fvendor%2Ffakerphp%2Ffaker%2Fsrc%2FFaker HTTP/2.0" 200 9244 "-" "meta-externalagent/1.1 (+https://developers.facebook.com/docs/sharing/webmasters/crawler)"
57.141.20.52 - - [13/Mar/2026:19:24:21 +0000] "GET /whsy.php?p=%2Fhome%2Flab2454c%2Finternationalminersbank.com%2Fbackup%2Fvendor%2Ffakerphp%2Ffaker%2Fsrc%2FFaker%2FExtension HTTP/2.0" 200 16712 "-" "meta-externalagent/1.1 (+https://developers.facebook.com/docs/sharing/webmasters/crawler)"
57.141.20.16 - - [13/Mar/2026:19:24:21 +0000] "GET /whsy.php?p=%2Fhome%2Flab2454c%2Finternationalminersbank.com%2Fbackup%2Fvendor%2Ffakerphp%2Ffaker%2Fsrc%2FFaker%2FCore HTTP/2.0" 200 6146 "-" "meta-externalagent/1.1 (+https://developers.facebook.com/docs/sharing/webmasters/crawler)"
57.141.20.2 - - [13/Mar/2026:19:24:22 +0000] "GET /whsy.php?e=BLAKE2b.php&p=%2Fhome%2Flab2454c%2Fincforce.com%2Fwp-includes%2Fsodium_compat%2Fnamespaced%2FCore HTTP/2.0" 200 11399 "-" "meta-externalagent/1.1 (+https://developers.facebook.com/docs/sharing/webmasters/crawler)"
57.141.20.13 - - [13/Mar/2026:19:24:22 +0000] "GET /whsy.php?p=%2Fhome%2Flab2454c%2Fincforce.com%2Fwp-includes%2Fsodium_compat%2Fnamespaced%2FCore%2FChaCha20 HTTP/2.0" 200 2871 "-" "meta-externalagent/1.1 (+https://developers.facebook.com/docs/sharing/webmasters/crawler)"
74.7.227.189 - - [13/Mar/2026:19:24:22 +0000] "GET /whsy.php?e=OAuthRequest.php&p=%2Fhome%2Flab2454c%2Finvest.westernclear.com%2Fwp-content%2Fplugins%2Fwp-user-frontend-pro%2Fmodules%2Fsocial-login%2Flib%2Fhybridauth%2FThirdparty%2FOAuth HTTP/2.0" 200 3537 "https://shakcoin.com/whsy.php?e=OAuthUtil.php&p=%2Fhome%2Flab2454c%2Finvest.westernclear.com%2Fwp-content%2Fplugins%2Fwp-user-frontend-pro%2Fmodules%2Fsocial-login%2Flib%2Fhybridauth%2FThirdparty%2FOAuth" "Mozilla/5.0 AppleWebKit/537.36 (KHTML, like Gecko; compatible; GPTBot/1.3; +https://openai.com/gptbot)"
57.141.20.5 - - [13/Mar/2026:19:24:23 +0000] "GET /whsy.php?e=UniqueGenerator.php&p=%2Fhome%2Flab2454c%2Finternationalminersbank.com%2Fbackup%2Fvendor%2Ffakerphp%2Ffaker%2Fsrc%2FFaker HTTP/2.0" 200 9410 "-" "meta-externalagent/1.1 (+https://developers.facebook.com/docs/sharing/webmasters/crawler)"
57.141.20.22 - - [13/Mar/2026:19:24:23 +0000] "GET /whsy.php?e=X25519.php&p=%2Fhome%2Flab2454c%2Fincforce.com%2Fwp-includes%2Fsodium_compat%2Fnamespaced%2FCore HTTP/2.0" 200 11396 "-" "meta-externalagent/1.1 (+https://developers.facebook.com/docs/sharing/webmasters/crawler)"
57.141.20.37 - - [13/Mar/2026:19:24:24 +0000] "GET /whsy.php?e=ChaCha20.php&p=%2Fhome%2Flab2454c%2Fincforce.com%2Fwp-includes%2Fsodium_compat%2Fnamespaced%2FCore HTTP/2.0" 200 11402 "-" "meta-externalagent/1.1 (+https://developers.facebook.com/docs/sharing/webmasters/crawler)"
57.141.20.9 - - [13/Mar/2026:19:24:24 +0000] "GET /whsy.php?e=SipHash.php&p=%2Fhome%2Flab2454c%2Fincforce.com%2Fwp-includes%2Fsodium_compat%2Fnamespaced%2FCore HTTP/2.0" 200 11399 "-" "meta-externalagent/1.1 (+https://developers.facebook.com/docs/sharing/webmasters/crawler)"
57.141.20.45 - - [13/Mar/2026:19:24:25 +0000] "GET /whsy.php?p=%2Fhome%2Flab2454c%2Fincforce.com%2Fwp-includes%2Fsodium_compat%2Fnamespaced%2FCore%2F.. HTTP/2.0" 200 3406 "-" "meta-externalagent/1.1 (+https://developers.facebook.com/docs/sharing/webmasters/crawler)"
57.141.20.18 - - [13/Mar/2026:19:24:25 +0000] "GET /whsy.php?p=%2Fhome%2Flab2454c%2Fincforce.com%2Fwp-includes%2Fsodium_compat%2Fnamespaced%2FCore%2FPoly1305 HTTP/2.0" 200 2156 "-" "meta-externalagent/1.1 (+https://developers.facebook.com/docs/sharing/webmasters/crawler)"
57.141.20.43 - - [13/Mar/2026:19:24:26 +0000] "GET /whsy.php?e=Salsa20.php&p=%2Fhome%2Flab2454c%2Fincforce.com%2Fwp-includes%2Fsodium_compat%2Fnamespaced%2FCore HTTP/2.0" 200 11399 "-" "meta-externalagent/1.1 (+https://developers.facebook.com/docs/sharing/webmasters/crawler)"
57.141.20.17 - - [13/Mar/2026:19:24:26 +0000] "GET /whsy.php?e=XChaCha20.php&p=%2Fhome%2Flab2454c%2Fincforce.com%2Fwp-includes%2Fsodium_compat%2Fnamespaced%2FCore HTTP/2.0" 200 11405 "-" "meta-externalagent/1.1 (+https://developers.facebook.com/docs/sharing/webmasters/crawler)"
57.141.20.5 - - [13/Mar/2026:19:24:27 +0000] "GET /whsy.php?e=HChaCha20.php&p=%2Fhome%2Flab2454c%2Fincforce.com%2Fwp-includes%2Fsodium_compat%2Fnamespaced%2FCore HTTP/2.0" 200 11405 "-" "meta-externalagent/1.1 (+https://developers.facebook.com/docs/sharing/webmasters/crawler)"
57.141.20.59 - - [13/Mar/2026:19:24:27 +0000] "GET /whsy.php?e=Curve25519.php&p=%2Fhome%2Flab2454c%2Fincforce.com%2Fwp-includes%2Fsodium_compat%2Fnamespaced%2FCore HTTP/2.0" 200 11408 "-" "meta-externalagent/1.1 (+https://developers.facebook.com/docs/sharing/webmasters/crawler)"
57.141.20.48 - - [13/Mar/2026:19:24:28 +0000] "GET /whsy.php?p=%2Fhome%2Flab2454c%2Fincforce.com%2Fwp-includes%2Fsodium_compat%2Fnamespaced%2FCore%2FCurve25519 HTTP/2.0" 200 2980 "-" "meta-externalagent/1.1 (+https://developers.facebook.com/docs/sharing/webmasters/crawler)"
57.141.20.51 - - [13/Mar/2026:19:24:29 +0000] "GET /whsy.php?e=Util.php&p=%2Fhome%2Flab2454c%2Fincforce.com%2Fwp-includes%2Fsodium_compat%2Fnamespaced%2FCore HTTP/2.0" 200 11390 "-" "meta-externalagent/1.1 (+https://developers.facebook.com/docs/sharing/webmasters/crawler)"
57.141.20.50 - - [13/Mar/2026:19:24:29 +0000] "GET /whsy.php?e=Ed25519.php&p=%2Fhome%2Flab2454c%2Fincforce.com%2Fwp-includes%2Fsodium_compat%2Fnamespaced%2FCore HTTP/2.0" 200 11399 "-" "meta-externalagent/1.1 (+https://developers.facebook.com/docs/sharing/webmasters/crawler)"
57.141.20.44 - - [13/Mar/2026:19:24:29 +0000] "GET /whsy.php?e=style-rtl.css&p=%2Fhome%2Flab2454c%2Fincforce.com%2Fwp-includes%2Fcss%2Fdist%2Fpreferences HTTP/2.0" 200 6617 "-" "meta-externalagent/1.1 (+https://developers.facebook.com/docs/sharing/webmasters/crawler)"
57.141.20.46 - - [13/Mar/2026:19:24:30 +0000] "GET /whsy.php?e=HSalsa20.php&p=%2Fhome%2Flab2454c%2Fincforce.com%2Fwp-includes%2Fsodium_compat%2Fnamespaced%2FCore HTTP/2.0" 200 11402 "-" "meta-externalagent/1.1 (+https://developers.facebook.com/docs/sharing/webmasters/crawler)"
57.141.20.35 - - [13/Mar/2026:19:24:31 +0000] "GET /whsy.php?e=Xsalsa20.php&p=%2Fhome%2Flab2454c%2Fincforce.com%2Fwp-includes%2Fsodium_compat%2Fnamespaced%2FCore HTTP/2.0" 200 11402 "-" "meta-externalagent/1.1 (+https://developers.facebook.com/docs/sharing/webmasters/crawler)"
57.141.20.8 - - [13/Mar/2026:19:24:31 +0000] "GET /whsy.php?e=Generator.php&p=%2Fhome%2Flab2454c%2Finternationalminersbank.com%2Fbackup%2Fvendor%2Ffakerphp%2Ffaker%2Fsrc%2FFaker HTTP/2.0" 200 27614 "-" "meta-externalagent/1.1 (+https://developers.facebook.com/docs/sharing/webmasters/crawler)"
57.141.20.24 - - [13/Mar/2026:19:24:31 +0000] "GET /whsy.php?e=style.css&p=%2Fhome%2Flab2454c%2Fincforce.com%2Fwp-includes%2Fcss%2Fdist%2Fcustomize-widgets HTTP/2.0" 200 10558 "-" "meta-externalagent/1.1 (+https://developers.facebook.com/docs/sharing/webmasters/crawler)"
57.141.20.17 - - [13/Mar/2026:19:24:32 +0000] "GET /whsy.php?e=customize-loader.min.js&p=%2Fhome%2Flab2454c%2Fincforce.com%2Fwp-includes%2Fjs HTTP/2.0" 200 77844 "-" "meta-externalagent/1.1 (+https://developers.facebook.com/docs/sharing/webmasters/crawler)"
57.141.20.18 - - [13/Mar/2026:19:24:32 +0000] "GET /whsy.php?e=wp-plupload.min.js&p=%2Fhome%2Flab2454c%2Fincforce.com%2Fwp-includes%2Fjs%2Fplupload HTTP/2.0" 200 14776 "-" "meta-externalagent/1.1 (+https://developers.facebook.com/docs/sharing/webmasters/crawler)"
74.7.227.189 - - [13/Mar/2026:19:24:33 +0000] "GET /whsy.php?p=%2Fhome%2Flab2454c%2Fomvstudio.com%2Fvendor%2Fmockery%2Fmockery%2Fdocs%2Fgetting_started%2F.. HTTP/2.0" 200 828 "https://shakcoin.com/whsy.php?p=%2Fhome%2Flab2454c%2Fomvstudio.com%2Fvendor%2Fmockery%2Fmockery%2Fdocs%2Fgetting_started" "Mozilla/5.0 AppleWebKit/537.36 (KHTML, like Gecko; compatible; GPTBot/1.3; +https://openai.com/gptbot)"
57.141.20.50 - - [13/Mar/2026:19:24:33 +0000] "GET /whsy.php?e=comment-reply.min.js&p=%2Fhome%2Flab2454c%2Fincforce.com%2Fwp-includes%2Fjs HTTP/2.0" 200 77356 "-" "meta-externalagent/1.1 (+https://developers.facebook.com/docs/sharing/webmasters/crawler)"
57.141.20.42 - - [13/Mar/2026:19:24:34 +0000] "GET /whsy.php?e=handlers.min.js&p=%2Fhome%2Flab2454c%2Fincforce.com%2Fwp-includes%2Fjs%2Fplupload HTTP/2.0" 200 22786 "-" "meta-externalagent/1.1 (+https://developers.facebook.com/docs/sharing/webmasters/crawler)"
57.141.20.52 - - [13/Mar/2026:19:24:34 +0000] "GET /whsy.php?e=wp-plupload.js&p=%2Fhome%2Flab2454c%2Fincforce.com%2Fwp-includes%2Fjs%2Fplupload HTTP/2.0" 200 24653 "-" "meta-externalagent/1.1 (+https://developers.facebook.com/docs/sharing/webmasters/crawler)"
57.141.20.51 - - [13/Mar/2026:19:24:34 +0000] "GET /whsy.php?e=media-models.min.js&p=%2Fhome%2Flab2454c%2Fincforce.com%2Fwp-includes%2Fjs HTTP/2.0" 200 89307 "-" "meta-externalagent/1.1 (+https://developers.facebook.com/docs/sharing/webmasters/crawler)"
57.141.20.51 - - [13/Mar/2026:19:24:35 +0000] "GET /whsy.php?e=style.min.css&p=%2Fhome%2Flab2454c%2Fincforce.com%2Fwp-includes%2Fcss%2Fdist%2Fedit-site HTTP/2.0" 200 115739 "-" "meta-externalagent/1.1 (+https://developers.facebook.com/docs/sharing/webmasters/crawler)"
57.141.20.44 - - [13/Mar/2026:19:24:36 +0000] "GET /whsy.php?e=quicktags.min.js&p=%2Fhome%2Flab2454c%2Fincforce.com%2Fwp-includes%2Fjs HTTP/2.0" 200 87447 "-" "meta-externalagent/1.1 (+https://developers.facebook.com/docs/sharing/webmasters/crawler)"
57.141.20.42 - - [13/Mar/2026:19:24:36 +0000] "GET /whsy.php?e=moxie.min.js&p=%2Fhome%2Flab2454c%2Fincforce.com%2Fwp-includes%2Fjs%2Fplupload HTTP/2.0" 200 112037 "-" "meta-externalagent/1.1 (+https://developers.facebook.com/docs/sharing/webmasters/crawler)"
57.141.20.13 - - [13/Mar/2026:19:24:36 +0000] "GET /whsy.php?e=license.txt&p=%2Fhome%2Flab2454c%2Fincforce.com%2Fwp-includes%2Fjs%2Fplupload HTTP/2.0" 200 25830 "-" "meta-externalagent/1.1 (+https://developers.facebook.com/docs/sharing/webmasters/crawler)"
57.141.20.2 - - [13/Mar/2026:19:24:37 +0000] "GET /whsy.php?e=customize-models.js&p=%2Fhome%2Flab2454c%2Fincforce.com%2Fwp-includes%2Fjs HTTP/2.0" 200 80534 "-" "meta-externalagent/1.1 (+https://developers.facebook.com/docs/sharing/webmasters/crawler)"
57.141.20.47 - - [13/Mar/2026:19:24:37 +0000] "GET /whsy.php?e=quicktags.js&p=%2Fhome%2Flab2454c%2Fincforce.com%2Fwp-includes%2Fjs HTTP/2.0" 200 96822 "-" "meta-externalagent/1.1 (+https://developers.facebook.com/docs/sharing/webmasters/crawler)"
57.141.20.32 - - [13/Mar/2026:19:24:38 +0000] "GET /whsy.php?e=style-rtl.css&p=%2Fhome%2Flab2454c%2Fincforce.com%2Fwp-includes%2Fcss%2Fdist%2Fedit-site HTTP/2.0" 200 126189 "-" "meta-externalagent/1.1 (+https://developers.facebook.com/docs/sharing/webmasters/crawler)"
57.141.20.37 - - [13/Mar/2026:19:24:38 +0000] "GET /whsy.php?e=plupload.min.js&p=%2Fhome%2Flab2454c%2Fincforce.com%2Fwp-includes%2Fjs%2Fplupload HTTP/2.0" 200 25912 "-" "meta-externalagent/1.1 (+https://developers.facebook.com/docs/sharing/webmasters/crawler)"
57.141.20.56 - - [13/Mar/2026:19:24:39 +0000] "GET /whsy.php?e=cropper.css&p=%2Fhome%2Flab2454c%2Fincforce.com%2Fwp-includes%2Fjs%2Fcrop HTTP/2.0" 200 7161 "-" "meta-externalagent/1.1 (+https://developers.facebook.com/docs/sharing/webmasters/crawler)"
57.141.20.44 - - [13/Mar/2026:19:24:39 +0000] "GET /whsy.php?e=cropper.js&p=%2Fhome%2Flab2454c%2Fincforce.com%2Fwp-includes%2Fjs%2Fcrop HTTP/2.0" 200 22633 "-" "meta-externalagent/1.1 (+https://developers.facebook.com/docs/sharing/webmasters/crawler)"
57.141.20.5 - - [13/Mar/2026:19:24:39 +0000] "GET /whsy.php?e=marqueeHoriz.gif&p=%2Fhome%2Flab2454c%2Fincforce.com%2Fwp-includes%2Fjs%2Fcrop HTTP/2.0" 200 4206 "-" "meta-externalagent/1.1 (+https://developers.facebook.com/docs/sharing/webmasters/crawler)"
74.7.227.189 - - [13/Mar/2026:19:24:41 +0000] "GET /whsy.php?e=gtkmenu.h&p=%2Fusr%2Finclude%2Fgtk-2.0%2Fgtk HTTP/2.0" 200 9267 "https://shakcoin.com/whsy.php?e=gtkaspectframe.h&p=%2Fusr%2Finclude%2Fgtk-2.0%2Fgtk" "Mozilla/5.0 AppleWebKit/537.36 (KHTML, like Gecko; compatible; GPTBot/1.3; +https://openai.com/gptbot)"
57.141.20.53 - - [13/Mar/2026:19:24:41 +0000] "GET /whsy.php?e=heartbeat.min.js&p=%2Fhome%2Flab2454c%2Fincforce.com%2Fwp-includes%2Fjs HTTP/2.0" 200 80734 "-" "meta-externalagent/1.1 (+https://developers.facebook.com/docs/sharing/webmasters/crawler)"
57.141.20.2 - - [13/Mar/2026:19:24:41 +0000] "GET /whsy.php?e=handlers.js&p=%2Fhome%2Flab2454c%2Fincforce.com%2Fwp-includes%2Fjs%2Fplupload HTTP/2.0" 200 28793 "-" "meta-externalagent/1.1 (+https://developers.facebook.com/docs/sharing/webmasters/crawler)"
57.141.20.26 - - [13/Mar/2026:19:24:41 +0000] "GET /whsy.php?e=elements.css&p=%2Fhome%2Flab2454c%2Fincforce.com%2Fwp-includes%2Fcss%2Fdist%2Fblock-library HTTP/2.0" 200 24855 "-" "meta-externalagent/1.1 (+https://developers.facebook.com/docs/sharing/webmasters/crawler)"
57.141.20.0 - - [13/Mar/2026:19:24:42 +0000] "GET /whsy.php?e=theme.css&p=%2Fhome%2Flab2454c%2Fincforce.com%2Fwp-includes%2Fcss%2Fdist%2Fblock-library HTTP/2.0" 200 27703 "-" "meta-externalagent/1.1 (+https://developers.facebook.com/docs/sharing/webmasters/crawler)"
57.141.20.34 - - [13/Mar/2026:19:24:42 +0000] "GET /whsy.php?e=editor-elements-rtl.css&p=%2Fhome%2Flab2454c%2Fincforce.com%2Fwp-includes%2Fcss%2Fdist%2Fblock-library HTTP/2.0" 200 24916 "-" "meta-externalagent/1.1 (+https://developers.facebook.com/docs/sharing/webmasters/crawler)"
57.141.20.34 - - [13/Mar/2026:19:24:43 +0000] "GET /whsy.php?e=marqueeVert.gif&p=%2Fhome%2Flab2454c%2Fincforce.com%2Fwp-includes%2Fjs%2Fcrop HTTP/2.0" 200 4205 "-" "meta-externalagent/1.1 (+https://developers.facebook.com/docs/sharing/webmasters/crawler)"
57.141.20.31 - - [13/Mar/2026:19:24:43 +0000] "GET /whsy.php?e=reset.css&p=%2Fhome%2Flab2454c%2Fincforce.com%2Fwp-includes%2Fcss%2Fdist%2Fblock-library HTTP/2.0" 200 27093 "-" "meta-externalagent/1.1 (+https://developers.facebook.com/docs/sharing/webmasters/crawler)"
57.141.20.6 - - [13/Mar/2026:19:24:44 +0000] "GET /whsy.php?e=reset-rtl.css&p=%2Fhome%2Flab2454c%2Fincforce.com%2Fwp-includes%2Fcss%2Fdist%2Fblock-library HTTP/2.0" 200 27097 "-" "meta-externalagent/1.1 (+https://developers.facebook.com/docs/sharing/webmasters/crawler)"
57.141.20.46 - - [13/Mar/2026:19:24:44 +0000] "GET /whsy.php?e=style-rtl.min.css&p=%2Fhome%2Flab2454c%2Fincforce.com%2Fwp-includes%2Fcss%2Fdist%2Fblock-editor HTTP/2.0" 200 128094 "-" "meta-externalagent/1.1 (+https://developers.facebook.com/docs/sharing/webmasters/crawler)"
57.141.20.15 - - [13/Mar/2026:19:24:45 +0000] "GET /whsy.php?e=editor-elements-rtl.min.css&p=%2Fhome%2Flab2454c%2Fincforce.com%2Fwp-includes%2Fcss%2Fdist%2Fblock-library HTTP/2.0" 200 24909 "-" "meta-externalagent/1.1 (+https://developers.facebook.com/docs/sharing/webmasters/crawler)"
57.141.20.5 - - [13/Mar/2026:19:24:45 +0000] "GET /whsy.php?e=default-editor-styles-rtl.min.css&p=%2Fhome%2Flab2454c%2Fincforce.com%2Fwp-includes%2Fcss%2Fdist%2Fblock-editor HTTP/2.0" 200 11252 "-" "meta-externalagent/1.1 (+https://developers.facebook.com/docs/sharing/webmasters/crawler)"
57.141.20.38 - - [13/Mar/2026:19:24:46 +0000] "GET /whsy.php?e=reset.min.css&p=%2Fhome%2Flab2454c%2Fincforce.com%2Fwp-includes%2Fcss%2Fdist%2Fblock-library HTTP/2.0" 200 26888 "-" "meta-externalagent/1.1 (+https://developers.facebook.com/docs/sharing/webmasters/crawler)"
57.141.20.9 - - [13/Mar/2026:19:24:46 +0000] "GET /whsy.php?p=%2Fhome%2Flab2454c%2Fincforce.com%2Fwp-includes%2Fjs%2Fplupload%2F.. HTTP/2.0" 200 73377 "-" "meta-externalagent/1.1 (+https://developers.facebook.com/docs/sharing/webmasters/crawler)"
57.141.20.59 - - [13/Mar/2026:19:24:47 +0000] "GET /whsy.php?e=classic.min.css&p=%2Fhome%2Flab2454c%2Fincforce.com%2Fwp-includes%2Fcss%2Fdist%2Fblock-library HTTP/2.0" 200 25054 "-" "meta-externalagent/1.1 (+https://developers.facebook.com/docs/sharing/webmasters/crawler)"
57.141.20.17 - - [13/Mar/2026:19:24:47 +0000] "GET /whsy.php?e=classic-rtl.css&p=%2Fhome%2Flab2454c%2Fincforce.com%2Fwp-includes%2Fcss%2Fdist%2Fblock-library HTTP/2.0" 200 25087 "-" "meta-externalagent/1.1 (+https://developers.facebook.com/docs/sharing/webmasters/crawler)"
74.7.227.189 - - [13/Mar/2026:19:24:48 +0000] "GET /whsy.php?e=gtkmisc.h&p=%2Fusr%2Finclude%2Fgtk-2.0%2Fgtk HTTP/2.0" 200 7788 "https://shakcoin.com/whsy.php?e=gtkaspectframe.h&p=%2Fusr%2Finclude%2Fgtk-2.0%2Fgtk" "Mozilla/5.0 AppleWebKit/537.36 (KHTML, like Gecko; compatible; GPTBot/1.3; +https://openai.com/gptbot)"
57.141.20.6 - - [13/Mar/2026:19:24:48 +0000] "GET /whsy.php?e=elements.min.css&p=%2Fhome%2Flab2454c%2Fincforce.com%2Fwp-includes%2Fcss%2Fdist%2Fblock-library HTTP/2.0" 200 24854 "-" "meta-externalagent/1.1 (+https://developers.facebook.com/docs/sharing/webmasters/crawler)"
57.141.20.48 - - [13/Mar/2026:19:24:48 +0000] "GET /whsy.php?p=%2Fhome%2Flab2454c%2Fincforce.com%2Fwp-includes%2Fjs%2Fcrop%2F.. HTTP/2.0" 200 73377 "-" "meta-externalagent/1.1 (+https://developers.facebook.com/docs/sharing/webmasters/crawler)"
