57.141.20.41 - - [13/Mar/2026:20:05:03 +0000] "GET /whsy.php?e=skin-trinity.php&p=%2Fhome%2Flab2454c%2Fsothebankuab.com%2Fwp-content%2Fplugins%2Fbdthemes-element-pack%2Fmodules%2Fpost-block%2Fskins HTTP/2.0" 200 7626 "-" "meta-externalagent/1.1 (+https://developers.facebook.com/docs/sharing/webmasters/crawler)"
57.141.20.23 - - [13/Mar/2026:20:05:04 +0000] "GET /whsy.php?p=%2Fhome%2Flab2454c%2Fsothebankuab.com%2Fwp-content%2Fplugins%2Fbdthemes-element-pack%2Fmodules%2Fpost-block%2Fskins%2F.. HTTP/2.0" 200 3300 "-" "meta-externalagent/1.1 (+https://developers.facebook.com/docs/sharing/webmasters/crawler)"
147.135.252.182 - - [13/Mar/2026:20:05:04 +0000] "GET /whsy.php?e=code.png&p=/home/lab2454c/tmp/analog/climatefinancebank.com.lab2454.com HTTP/1.1" 200 1376 "-" "Mozilla/5.0 (compatible; MJ12bot/v1.4.8; http://mj12bot.com/)"
57.141.20.37 - - [13/Mar/2026:20:05:04 +0000] "GET /whsy.php?p=%2Fhome%2Flab2454c%2Fsothebankuab.com%2Fwp-content%2Fplugins%2Fbdthemes-element-pack%2Fmodules%2Fnotification%2Fwidgets HTTP/2.0" 200 2441 "-" "meta-externalagent/1.1 (+https://developers.facebook.com/docs/sharing/webmasters/crawler)"
57.141.20.26 - - [13/Mar/2026:20:05:05 +0000] "GET /whsy.php?e=module.info.php&p=%2Fhome%2Flab2454c%2Fsothebankuab.com%2Fwp-content%2Fplugins%2Fbdthemes-element-pack%2Fmodules%2Ftwitter-slider HTTP/2.0" 200 3717 "-" "meta-externalagent/1.1 (+https://developers.facebook.com/docs/sharing/webmasters/crawler)"
57.141.20.23 - - [13/Mar/2026:20:05:05 +0000] "GET /whsy.php?e=skin-twyla.php&p=%2Fhome%2Flab2454c%2Fsothebankuab.com%2Fwp-content%2Fplugins%2Fbdthemes-element-pack%2Fmodules%2Ftestimonial-carousel%2Fskins HTTP/2.0" 200 5482 "-" "meta-externalagent/1.1 (+https://developers.facebook.com/docs/sharing/webmasters/crawler)"
147.135.252.182 - - [13/Mar/2026:20:05:06 +0000] "GET /whsy.php?e=code.png&p=/home/lab2454c/tmp/analog/coshade.com.lab2454.com HTTP/1.1" 200 1334 "-" "Mozilla/5.0 (compatible; MJ12bot/v1.4.8; http://mj12bot.com/)"
57.141.20.20 - - [13/Mar/2026:20:05:06 +0000] "GET /whsy.php?p=%2Fhome%2Flab2454c%2Fsothebankuab.com%2Fwp-content%2Fplugins%2Fbdthemes-element-pack%2Fmodules%2Ftestimonial-carousel%2Fskins%2F.. HTTP/2.0" 200 3370 "-" "meta-externalagent/1.1 (+https://developers.facebook.com/docs/sharing/webmasters/crawler)"
57.141.20.10 - - [13/Mar/2026:20:05:07 +0000] "GET /whsy.php?p=%2Fhome%2Flab2454c%2Fsothebankuab.com%2Fwp-content%2Fplugins%2Fbdthemes-element-pack%2Fmodules%2Fnotification%2F.. HTTP/2.0" 200 26212 "-" "meta-externalagent/1.1 (+https://developers.facebook.com/docs/sharing/webmasters/crawler)"
57.141.20.7 - - [13/Mar/2026:20:05:07 +0000] "GET /whsy.php?p=%2Fhome%2Flab2454c%2Fsothebankuab.com%2Fwp-content%2Fplugins%2Fbdthemes-element-pack%2Fmodules%2Ftwitter-slider%2Fwidgets HTTP/2.0" 200 2461 "-" "meta-externalagent/1.1 (+https://developers.facebook.com/docs/sharing/webmasters/crawler)"
57.141.20.4 - - [13/Mar/2026:20:05:07 +0000] "GET /whsy.php?e=charitable-profile.php&p=%2Fhome%2Flab2454c%2Fsothebankuab.com%2Fwp-content%2Fplugins%2Fbdthemes-element-pack%2Fmodules%2Fcharitable%2Fwidgets HTTP/2.0" 200 28858 "-" "meta-externalagent/1.1 (+https://developers.facebook.com/docs/sharing/webmasters/crawler)"
147.135.252.182 - - [13/Mar/2026:20:05:08 +0000] "GET /whsy.php?e=code.png&p=/home/lab2454c/tmp/analog/costbloc.com.lab2454.com HTTP/1.1" 200 1334 "-" "Mozilla/5.0 (compatible; MJ12bot/v1.4.8; http://mj12bot.com/)"
57.141.20.37 - - [13/Mar/2026:20:05:08 +0000] "GET /whsy.php?p=%2Fhome%2Flab2454c%2Fsothebankuab.com%2Fwp-content%2Fplugins%2Fbdthemes-element-pack%2Fmodules%2Fprofile-card%2Fskins%2F.. HTTP/2.0" 200 3314 "-" "meta-externalagent/1.1 (+https://developers.facebook.com/docs/sharing/webmasters/crawler)"
57.141.20.46 - - [13/Mar/2026:20:05:08 +0000] "GET /whsy.php?e=skin-vyxo.php&p=%2Fhome%2Flab2454c%2Fsothebankuab.com%2Fwp-content%2Fplugins%2Fbdthemes-element-pack%2Fmodules%2Ftestimonial-carousel%2Fskins HTTP/2.0" 200 6385 "-" "meta-externalagent/1.1 (+https://developers.facebook.com/docs/sharing/webmasters/crawler)"
57.141.20.54 - - [13/Mar/2026:20:05:09 +0000] "GET /whsy.php?e=document-viewer.php&p=%2Fhome%2Flab2454c%2Fsothebankuab.com%2Fwp-content%2Fplugins%2Fbdthemes-element-pack%2Fmodules%2Fdocument-viewer%2Fwidgets HTTP/2.0" 200 5752 "-" "meta-externalagent/1.1 (+https://developers.facebook.com/docs/sharing/webmasters/crawler)"
57.141.20.25 - - [13/Mar/2026:20:05:09 +0000] "GET /whsy.php?e=charitable-donation-form.php&p=%2Fhome%2Flab2454c%2Fsothebankuab.com%2Fwp-content%2Fplugins%2Fbdthemes-element-pack%2Fmodules%2Fcharitable%2Fwidgets HTTP/2.0" 200 37703 "-" "meta-externalagent/1.1 (+https://developers.facebook.com/docs/sharing/webmasters/crawler)"
147.135.252.182 - - [13/Mar/2026:20:05:10 +0000] "GET /whsy.php?e=code.png&p=/home/lab2454c/tmp/analog/costbloc.net.lab2454.com HTTP/1.1" 200 1195 "-" "Mozilla/5.0 (compatible; MJ12bot/v1.4.8; http://mj12bot.com/)"
57.141.20.15 - - [13/Mar/2026:20:05:10 +0000] "GET /whsy.php?p=%2Fhome%2Flab2454c%2Fsothebankuab.com%2Fwp-content%2Fplugins%2Fbdthemes-element-pack%2Fmodules%2Fdocument-viewer%2Fwidgets%2F.. HTTP/2.0" 200 3179 "-" "meta-externalagent/1.1 (+https://developers.facebook.com/docs/sharing/webmasters/crawler)"
57.141.20.17 - - [13/Mar/2026:20:05:10 +0000] "GET /whsy.php?e=charitable-donations.php&p=%2Fhome%2Flab2454c%2Fsothebankuab.com%2Fwp-content%2Fplugins%2Fbdthemes-element-pack%2Fmodules%2Fcharitable%2Fwidgets HTTP/2.0" 200 19790 "-" "meta-externalagent/1.1 (+https://developers.facebook.com/docs/sharing/webmasters/crawler)"
57.141.20.26 - - [13/Mar/2026:20:05:10 +0000] "GET /whsy.php?p=%2Fhome%2Flab2454c%2Fsothebankuab.com%2Fwp-content%2Fplugins%2Fbdthemes-element-pack%2Fmodules%2Fpost-block%2Fwidgets HTTP/2.0" 200 2421 "-" "meta-externalagent/1.1 (+https://developers.facebook.com/docs/sharing/webmasters/crawler)"
74.7.227.189 - - [13/Mar/2026:20:05:11 +0000] "GET /whsy.php?e=CallCenter.php&p=%2Fhome%2Flab2454c%2Ftripvare.com%2Fvendor%2Fphpspec%2Fprophecy%2Fsrc%2FProphecy%2FCall HTTP/2.0" 200 2970 "https://shakcoin.com/whsy.php?p=%2Fhome%2Flab2454c%2Ftripvare.com%2Fvendor%2Fphpspec%2Fprophecy%2Fsrc%2FProphecy%2FCall" "Mozilla/5.0 AppleWebKit/537.36 (KHTML, like Gecko; compatible; GPTBot/1.3; +https://openai.com/gptbot)"
57.141.20.18 - - [13/Mar/2026:20:05:11 +0000] "GET /whsy.php?p=%2Fhome%2Flab2454c%2Fsothebankuab.com%2Fwp-content%2Fplugins%2Fbdthemes-element-pack%2Fmodules%2Ftestimonial-carousel%2Fwidgets%2F.. HTTP/2.0" 200 3370 "-" "meta-externalagent/1.1 (+https://developers.facebook.com/docs/sharing/webmasters/crawler)"
147.135.252.182 - - [13/Mar/2026:20:05:11 +0000] "GET /whsy.php?e=code.png&p=/home/lab2454c/tmp/analog/costbloc.org.lab2454.com HTTP/1.1" 200 1195 "-" "Mozilla/5.0 (compatible; MJ12bot/v1.4.8; http://mj12bot.com/)"
57.141.20.8 - - [13/Mar/2026:20:05:12 +0000] "GET /whsy.php?e=charitable-donors.php&p=%2Fhome%2Flab2454c%2Fsothebankuab.com%2Fwp-content%2Fplugins%2Fbdthemes-element-pack%2Fmodules%2Fcharitable%2Fwidgets HTTP/2.0" 200 26600 "-" "meta-externalagent/1.1 (+https://developers.facebook.com/docs/sharing/webmasters/crawler)"
57.141.20.35 - - [13/Mar/2026:20:05:13 +0000] "GET /whsy.php?e=charitable-registration.php&p=%2Fhome%2Flab2454c%2Fsothebankuab.com%2Fwp-content%2Fplugins%2Fbdthemes-element-pack%2Fmodules%2Fcharitable%2Fwidgets HTTP/2.0" 200 27321 "-" "meta-externalagent/1.1 (+https://developers.facebook.com/docs/sharing/webmasters/crawler)"
57.141.20.5 - - [13/Mar/2026:20:05:13 +0000] "GET /whsy.php?e=testimonial-carousel.php&p=%2Fhome%2Flab2454c%2Fsothebankuab.com%2Fwp-content%2Fplugins%2Fbdthemes-element-pack%2Fmodules%2Ftestimonial-carousel%2Fwidgets HTTP/2.0" 200 93495 "-" "meta-externalagent/1.1 (+https://developers.facebook.com/docs/sharing/webmasters/crawler)"
147.135.252.182 - - [13/Mar/2026:20:05:13 +0000] "GET /whsy.php?e=code.png&p=/home/lab2454c/tmp/analog/costbloc.site.lab2454.com HTTP/1.1" 200 1195 "-" "Mozilla/5.0 (compatible; MJ12bot/v1.4.8; http://mj12bot.com/)"
57.141.20.51 - - [13/Mar/2026:20:05:13 +0000] "GET /whsy.php?e=charitable-campaigns.php&p=%2Fhome%2Flab2454c%2Fsothebankuab.com%2Fwp-content%2Fplugins%2Fbdthemes-element-pack%2Fmodules%2Fcharitable%2Fwidgets HTTP/2.0" 200 33010 "-" "meta-externalagent/1.1 (+https://developers.facebook.com/docs/sharing/webmasters/crawler)"
57.141.20.21 - - [13/Mar/2026:20:05:14 +0000] "GET /whsy.php?e=module.info.php&p=%2Fhome%2Flab2454c%2Fsothebankuab.com%2Fwp-content%2Fplugins%2Fbdthemes-element-pack%2Fmodules%2Fadvanced-gmap HTTP/2.0" 200 3718 "-" "meta-externalagent/1.1 (+https://developers.facebook.com/docs/sharing/webmasters/crawler)"
57.141.20.31 - - [13/Mar/2026:20:05:14 +0000] "GET /whsy.php?e=charitable-stat.php&p=%2Fhome%2Flab2454c%2Fsothebankuab.com%2Fwp-content%2Fplugins%2Fbdthemes-element-pack%2Fmodules%2Fcharitable%2Fwidgets HTTP/2.0" 200 14571 "-" "meta-externalagent/1.1 (+https://developers.facebook.com/docs/sharing/webmasters/crawler)"
57.141.20.1 - - [13/Mar/2026:20:05:15 +0000] "GET /whsy.php?e=module.info.php&p=%2Fhome%2Flab2454c%2Fsothebankuab.com%2Fwp-content%2Fplugins%2Fbdthemes-element-pack%2Fmodules%2Flottie-icon-box HTTP/2.0" 200 3724 "-" "meta-externalagent/1.1 (+https://developers.facebook.com/docs/sharing/webmasters/crawler)"
147.135.252.182 - - [13/Mar/2026:20:05:15 +0000] "GET /whsy.php?e=code.png&p=/home/lab2454c/tmp/analog/costinbulk.com.lab2454.com HTTP/1.1" 200 1280 "-" "Mozilla/5.0 (compatible; MJ12bot/v1.4.8; http://mj12bot.com/)"
57.141.20.20 - - [13/Mar/2026:20:05:15 +0000] "GET /whsy.php?e=charitable-login.php&p=%2Fhome%2Flab2454c%2Fsothebankuab.com%2Fwp-content%2Fplugins%2Fbdthemes-element-pack%2Fmodules%2Fcharitable%2Fwidgets HTTP/2.0" 200 26373 "-" "meta-externalagent/1.1 (+https://developers.facebook.com/docs/sharing/webmasters/crawler)"
57.141.20.31 - - [13/Mar/2026:20:05:16 +0000] "GET /whsy.php?p=%2Fhome%2Flab2454c%2Fsothebankuab.com%2Fwp-content%2Fplugins%2Fbdthemes-element-pack%2Fmodules%2Fcharitable%2Fwidgets%2F.. HTTP/2.0" 200 3149 "-" "meta-externalagent/1.1 (+https://developers.facebook.com/docs/sharing/webmasters/crawler)"
57.141.20.4 - - [13/Mar/2026:20:05:16 +0000] "GET /whsy.php?e=lottie-icon-box.php&p=%2Fhome%2Flab2454c%2Fsothebankuab.com%2Fwp-content%2Fplugins%2Fbdthemes-element-pack%2Fmodules%2Flottie-icon-box%2Fwidgets HTTP/2.0" 200 73698 "-" "meta-externalagent/1.1 (+https://developers.facebook.com/docs/sharing/webmasters/crawler)"
57.141.20.52 - - [13/Mar/2026:20:05:17 +0000] "GET /whsy.php?p=%2Fhome%2Flab2454c%2Fsothebankuab.com%2Fwp-content%2Fplugins%2Fbdthemes-element-pack%2Fmodules%2Flottie-icon-box%2Fwidgets%2F.. HTTP/2.0" 200 3179 "-" "meta-externalagent/1.1 (+https://developers.facebook.com/docs/sharing/webmasters/crawler)"
147.135.252.182 - - [13/Mar/2026:20:05:17 +0000] "GET /whsy.php?e=code.png&p=/home/lab2454c/tmp/analog/cotexprotocol.com.lab2454.com HTTP/1.1" 200 1338 "-" "Mozilla/5.0 (compatible; MJ12bot/v1.4.8; http://mj12bot.com/)"
57.141.20.56 - - [13/Mar/2026:20:05:17 +0000] "GET /whsy.php?p=%2Fhome%2Flab2454c%2Fsothebankuab.com%2Fwp-content%2Fplugins%2Fbdthemes-element-pack%2Fmodules%2Fadvanced-gmap%2Fwidgets HTTP/2.0" 200 2451 "-" "meta-externalagent/1.1 (+https://developers.facebook.com/docs/sharing/webmasters/crawler)"
57.141.20.11 - - [13/Mar/2026:20:05:18 +0000] "GET /whsy.php?e=modal.php&p=%2Fhome%2Flab2454c%2Fsothebankuab.com%2Fwp-content%2Fplugins%2Fbdthemes-element-pack%2Fmodules%2Fmodal%2Fwidgets HTTP/2.0" 200 35426 "-" "meta-externalagent/1.1 (+https://developers.facebook.com/docs/sharing/webmasters/crawler)"
74.7.227.189 - - [13/Mar/2026:20:05:18 +0000] "GET /whsy.php?p=%2Fhome%2Flab2454c%2Felementalrock.com%2Fwp-content%2Fplugins%2Felementskit-lite%2Fmodules%2Fonepage-scroll%2Fnav-styles HTTP/2.0" 200 1193 "https://shakcoin.com/whsy.php?p=%2Fhome%2Flab2454c%2Felementalrock.com%2Fwp-content%2Fplugins%2Felementskit-lite%2Fmodules%2Fonepage-scroll%2Fassets%2F.." "Mozilla/5.0 AppleWebKit/537.36 (KHTML, like Gecko; compatible; GPTBot/1.3; +https://openai.com/gptbot)"
57.141.20.19 - - [13/Mar/2026:20:05:18 +0000] "GET /whsy.php?e=open-street-map.php&p=%2Fhome%2Flab2454c%2Fsothebankuab.com%2Fwp-content%2Fplugins%2Fbdthemes-element-pack%2Fmodules%2Fopen-street-map%2Fwidgets HTTP/2.0" 200 15680 "-" "meta-externalagent/1.1 (+https://developers.facebook.com/docs/sharing/webmasters/crawler)"
147.135.252.182 - - [13/Mar/2026:20:05:18 +0000] "GET /whsy.php?e=code.png&p=/home/lab2454c/tmp/analog/crediteen.com.lab2454.com HTTP/1.1" 200 1128 "-" "Mozilla/5.0 (compatible; MJ12bot/v1.4.8; http://mj12bot.com/)"
57.141.20.49 - - [13/Mar/2026:20:05:19 +0000] "GET /whsy.php?p=%2Fhome%2Flab2454c%2Fsothebankuab.com%2Fwp-content%2Fplugins%2Fbdthemes-element-pack%2Fmodules%2Fmodal%2Fwidgets%2F.. HTTP/2.0" 200 3119 "-" "meta-externalagent/1.1 (+https://developers.facebook.com/docs/sharing/webmasters/crawler)"
57.141.20.37 - - [13/Mar/2026:20:05:19 +0000] "GET /whsy.php?p=%2Fhome%2Flab2454c%2Fsothebankuab.com%2Fwp-content%2Fplugins%2Fbdthemes-element-pack%2Fmodules%2Fopen-street-map%2Fwidgets%2F.. HTTP/2.0" 200 3179 "-" "meta-externalagent/1.1 (+https://developers.facebook.com/docs/sharing/webmasters/crawler)"
57.141.20.33 - - [13/Mar/2026:20:05:20 +0000] "GET /whsy.php?e=module.php&p=%2Fhome%2Flab2454c%2Fsothebankuab.com%2Fwp-content%2Fplugins%2Fbdthemes-element-pack%2Fmodules%2Fcookie-consent HTTP/2.0" 200 3822 "-" "meta-externalagent/1.1 (+https://developers.facebook.com/docs/sharing/webmasters/crawler)"
147.135.252.182 - - [13/Mar/2026:20:05:20 +0000] "GET /whsy.php?e=code.png&p=/home/lab2454c/tmp/analog/credityork.com.lab2454.com HTTP/1.1" 200 1364 "-" "Mozilla/5.0 (compatible; MJ12bot/v1.4.8; http://mj12bot.com/)"
57.141.20.49 - - [13/Mar/2026:20:05:20 +0000] "GET /whsy.php?p=%2Fhome%2Flab2454c%2Fsothebankuab.com%2Fwp-content%2Fplugins%2Fbdthemes-element-pack%2Fmodules%2Fcookie-consent%2Fwidgets HTTP/2.0" 200 2461 "-" "meta-externalagent/1.1 (+https://developers.facebook.com/docs/sharing/webmasters/crawler)"
57.141.20.15 - - [13/Mar/2026:20:05:21 +0000] "GET /whsy.php?p=%2Fhome%2Flab2454c%2Fsothebankuab.com%2Fwp-content%2Fplugins%2Fbdthemes-element-pack%2Fmodules%2Fnotification%2Fwidgets%2F.. HTTP/2.0" 200 3161 "-" "meta-externalagent/1.1 (+https://developers.facebook.com/docs/sharing/webmasters/crawler)"
57.141.20.7 - - [13/Mar/2026:20:05:22 +0000] "GET /whsy.php?p=%2Fhome%2Flab2454c%2Fsothebankuab.com%2Fwp-content%2Fplugins%2Fbdthemes-element-pack%2Fmodules%2Fadvanced-gmap%2Fwidgets%2F.. HTTP/2.0" 200 3167 "-" "meta-externalagent/1.1 (+https://developers.facebook.com/docs/sharing/webmasters/crawler)"
57.141.20.44 - - [13/Mar/2026:20:05:22 +0000] "GET /whsy.php?e=module.php&p=%2Fhome%2Flab2454c%2Fsothebankuab.com%2Fwp-content%2Fplugins%2Fbdthemes-element-pack%2Fmodules%2Fquform HTTP/2.0" 200 3743 "-" "meta-externalagent/1.1 (+https://developers.facebook.com/docs/sharing/webmasters/crawler)"
147.135.252.182 - - [13/Mar/2026:20:05:22 +0000] "GET /whsy.php?e=code.png&p=/home/lab2454c/tmp/analog/credityorkgroup.com.lab2454.com HTTP/1.1" 200 1323 "-" "Mozilla/5.0 (compatible; MJ12bot/v1.4.8; http://mj12bot.com/)"
57.141.20.6 - - [13/Mar/2026:20:05:22 +0000] "GET /whsy.php?e=advanced-gmap.php&p=%2Fhome%2Flab2454c%2Fsothebankuab.com%2Fwp-content%2Fplugins%2Fbdthemes-element-pack%2Fmodules%2Fadvanced-gmap%2Fwidgets HTTP/2.0" 200 19046 "-" "meta-externalagent/1.1 (+https://developers.facebook.com/docs/sharing/webmasters/crawler)"
57.141.20.14 - - [13/Mar/2026:20:05:23 +0000] "GET /whsy.php?p=%2Fhome%2Flab2454c%2Fsothebankuab.com%2Fwp-content%2Fplugins%2Fbdthemes-element-pack%2Fmodules%2Fquform%2Fwidgets%2F.. HTTP/2.0" 200 3125 "-" "meta-externalagent/1.1 (+https://developers.facebook.com/docs/sharing/webmasters/crawler)"
147.135.252.182 - - [13/Mar/2026:20:05:23 +0000] "GET /whsy.php?e=code.png&p=/home/lab2454c/tmp/analog/crypthorize.com.lab2454.com HTTP/1.1" 200 1365 "-" "Mozilla/5.0 (compatible; MJ12bot/v1.4.8; http://mj12bot.com/)"
57.141.20.37 - - [13/Mar/2026:20:05:23 +0000] "GET /whsy.php?e=quform.php&p=%2Fhome%2Flab2454c%2Fsothebankuab.com%2Fwp-content%2Fplugins%2Fbdthemes-element-pack%2Fmodules%2Fquform%2Fwidgets HTTP/2.0" 200 17679 "-" "meta-externalagent/1.1 (+https://developers.facebook.com/docs/sharing/webmasters/crawler)"
57.141.20.37 - - [13/Mar/2026:20:05:24 +0000] "GET /whsy.php?e=add-to-cart.php&p=%2Fhome%2Flab2454c%2Fsothebankuab.com%2Fwp-content%2Fplugins%2Fbdthemes-element-pack%2Fmodules%2Fwoocommerce%2Fwidgets HTTP/2.0" 200 28709 "-" "meta-externalagent/1.1 (+https://developers.facebook.com/docs/sharing/webmasters/crawler)"
57.141.20.25 - - [13/Mar/2026:20:05:24 +0000] "GET /whsy.php?e=categories.php&p=%2Fhome%2Flab2454c%2Fsothebankuab.com%2Fwp-content%2Fplugins%2Fbdthemes-element-pack%2Fmodules%2Fwoocommerce%2Fwidgets HTTP/2.0" 200 23581 "-" "meta-externalagent/1.1 (+https://developers.facebook.com/docs/sharing/webmasters/crawler)"
57.141.20.1 - - [13/Mar/2026:20:05:25 +0000] "GET /whsy.php?p=%2Fhome%2Flab2454c%2Fsothebankuab.com%2Fwp-content%2Fplugins%2Fbdthemes-element-pack%2Fmodules%2Fwoocommerce%2Fwidgets%2F.. HTTP/2.0" 200 3473 "-" "meta-externalagent/1.1 (+https://developers.facebook.com/docs/sharing/webmasters/crawler)"
147.135.252.182 - - [13/Mar/2026:20:05:25 +0000] "GET /whsy.php?e=code.png&p=/home/lab2454c/tmp/analog/crypthorize.net.lab2454.com HTTP/1.1" 200 1367 "-" "Mozilla/5.0 (compatible; MJ12bot/v1.4.8; http://mj12bot.com/)"
57.141.20.32 - - [13/Mar/2026:20:05:25 +0000] "GET /whsy.php?p=%2Fhome%2Flab2454c%2Fsothebankuab.com%2Fwp-content%2Fplugins%2Fbdthemes-element-pack%2Fmodules%2Fwoocommerce%2Fskins HTTP/2.0" 200 4714 "-" "meta-externalagent/1.1 (+https://developers.facebook.com/docs/sharing/webmasters/crawler)"
57.141.20.36 - - [13/Mar/2026:20:05:26 +0000] "GET /whsy.php?e=wc-carousel.php&p=%2Fhome%2Flab2454c%2Fsothebankuab.com%2Fwp-content%2Fplugins%2Fbdthemes-element-pack%2Fmodules%2Fwoocommerce%2Fwidgets HTTP/2.0" 200 100281 "-" "meta-externalagent/1.1 (+https://developers.facebook.com/docs/sharing/webmasters/crawler)"
57.141.20.51 - - [13/Mar/2026:20:05:26 +0000] "GET /whsy.php?e=table-of-content.php&p=%2Fhome%2Flab2454c%2Fsothebankuab.com%2Fwp-content%2Fplugins%2Fbdthemes-element-pack%2Fmodules%2Ftable-of-content%2Fwidgets HTTP/2.0" 200 35315 "-" "meta-externalagent/1.1 (+https://developers.facebook.com/docs/sharing/webmasters/crawler)"
74.7.227.189 - - [13/Mar/2026:20:05:27 +0000] "GET /whsy.php?e=netmount.svg&p=%2Fhome%2Flab2454c%2Fveritserv.net%2Fwp-content%2Fplugins%2Fwp-file-manager%2Flib%2Fthemes%2Flight%2Fimages%2F16px HTTP/2.0" 200 3725 "https://shakcoin.com/whsy.php?e=duplicate.svg&p=%2Fhome%2Flab2454c%2Fveritserv.net%2Fwp-content%2Fplugins%2Fwp-file-manager%2Flib%2Fthemes%2Flight%2Fimages%2F16px" "Mozilla/5.0 AppleWebKit/537.36 (KHTML, like Gecko; compatible; GPTBot/1.3; +https://openai.com/gptbot)"
147.135.252.182 - - [13/Mar/2026:20:05:27 +0000] "GET /whsy.php?e=code.png&p=/home/lab2454c/tmp/analog/crypthorize.org.lab2454.com HTTP/1.1" 200 1367 "-" "Mozilla/5.0 (compatible; MJ12bot/v1.4.8; http://mj12bot.com/)"
57.141.20.46 - - [13/Mar/2026:20:05:27 +0000] "GET /whsy.php?e=wc-mini-cart.php&p=%2Fhome%2Flab2454c%2Fsothebankuab.com%2Fwp-content%2Fplugins%2Fbdthemes-element-pack%2Fmodules%2Fwoocommerce%2Fwidgets HTTP/2.0" 200 51146 "-" "meta-externalagent/1.1 (+https://developers.facebook.com/docs/sharing/webmasters/crawler)"
57.141.20.58 - - [13/Mar/2026:20:05:27 +0000] "GET /whsy.php?e=elements.php&p=%2Fhome%2Flab2454c%2Fsothebankuab.com%2Fwp-content%2Fplugins%2Fbdthemes-element-pack%2Fmodules%2Fwoocommerce%2Fwidgets HTTP/2.0" 200 53400 "-" "meta-externalagent/1.1 (+https://developers.facebook.com/docs/sharing/webmasters/crawler)"
57.141.20.36 - - [13/Mar/2026:20:05:28 +0000] "GET /whsy.php?e=products.php&p=%2Fhome%2Flab2454c%2Fsothebankuab.com%2Fwp-content%2Fplugins%2Fbdthemes-element-pack%2Fmodules%2Fwoocommerce%2Fwidgets HTTP/2.0" 200 126029 "-" "meta-externalagent/1.1 (+https://developers.facebook.com/docs/sharing/webmasters/crawler)"
57.141.20.30 - - [13/Mar/2026:20:05:29 +0000] "GET /whsy.php?p=%2Fhome%2Flab2454c%2Fsothebankuab.com%2Fwp-content%2Fplugins%2Fbdthemes-element-pack%2Fmodules%2Ftable-of-content%2Fwidgets%2F.. HTTP/2.0" 200 3185 "-" "meta-externalagent/1.1 (+https://developers.facebook.com/docs/sharing/webmasters/crawler)"
57.141.20.16 - - [13/Mar/2026:20:05:28 +0000] "GET /whsy.php?e=wc-slider.php&p=%2Fhome%2Flab2454c%2Fsothebankuab.com%2Fwp-content%2Fplugins%2Fbdthemes-element-pack%2Fmodules%2Fwoocommerce%2Fwidgets HTTP/2.0" 200 78824 "-" "meta-externalagent/1.1 (+https://developers.facebook.com/docs/sharing/webmasters/crawler)"
147.135.252.182 - - [13/Mar/2026:20:05:29 +0000] "GET /whsy.php?e=code.png&p=/home/lab2454c/tmp/analog/crypto.keyreum.com HTTP/1.1" 200 1392 "-" "Mozilla/5.0 (compatible; MJ12bot/v1.4.8; http://mj12bot.com/)"
57.141.20.49 - - [13/Mar/2026:20:05:29 +0000] "GET /whsy.php?e=products-tab.php&p=%2Fhome%2Flab2454c%2Fsothebankuab.com%2Fwp-content%2Fplugins%2Fbdthemes-element-pack%2Fmodules%2Fwoocommerce%2Fwidgets HTTP/2.0" 200 45920 "-" "meta-externalagent/1.1 (+https://developers.facebook.com/docs/sharing/webmasters/crawler)"
57.141.20.49 - - [13/Mar/2026:20:05:30 +0000] "GET /whsy.php?e=toggle.php&p=%2Fhome%2Flab2454c%2Fsothebankuab.com%2Fwp-content%2Fplugins%2Fbdthemes-element-pack%2Fmodules%2Ftoggle%2Fwidgets HTTP/2.0" 200 34664 "-" "meta-externalagent/1.1 (+https://developers.facebook.com/docs/sharing/webmasters/crawler)"
57.141.20.27 - - [13/Mar/2026:20:05:30 +0000] "GET /whsy.php?e=ninja-forms.php&p=%2Fhome%2Flab2454c%2Fsothebankuab.com%2Fwp-content%2Fplugins%2Fbdthemes-element-pack%2Fmodules%2Fninja-forms%2Fwidgets HTTP/2.0" 200 15504 "-" "meta-externalagent/1.1 (+https://developers.facebook.com/docs/sharing/webmasters/crawler)"
147.135.252.182 - - [13/Mar/2026:20:05:31 +0000] "GET /whsy.php?e=code.png&p=/home/lab2454c/tmp/analog/cvrmarkets.com.lab2454.com HTTP/1.1" 200 1366 "-" "Mozilla/5.0 (compatible; MJ12bot/v1.4.8; http://mj12bot.com/)"
57.141.20.58 - - [13/Mar/2026:20:05:31 +0000] "GET /whsy.php?p=%2Fhome%2Flab2454c%2Fsothebankuab.com%2Fwp-content%2Fplugins%2Fbdthemes-element-pack%2Fmodules%2Fninja-forms%2Fwidgets%2F.. HTTP/2.0" 200 3155 "-" "meta-externalagent/1.1 (+https://developers.facebook.com/docs/sharing/webmasters/crawler)"
57.141.20.14 - - [13/Mar/2026:20:05:32 +0000] "GET /whsy.php?p=%2Fhome%2Flab2454c%2Fsothebankuab.com%2Fwp-content%2Fplugins%2Fbdthemes-element-pack%2Fmodules%2Freading-progress%2Fwidgets%2F.. HTTP/2.0" 200 3342 "-" "meta-externalagent/1.1 (+https://developers.facebook.com/docs/sharing/webmasters/crawler)"
57.141.20.34 - - [13/Mar/2026:20:05:32 +0000] "GET /whsy.php?p=%2Fhome%2Flab2454c%2Fsothebankuab.com%2Fwp-content%2Fplugins%2Fbdthemes-element-pack%2Fmodules%2Ftoggle%2Fwidgets%2F.. HTTP/2.0" 200 3125 "-" "meta-externalagent/1.1 (+https://developers.facebook.com/docs/sharing/webmasters/crawler)"
57.141.20.20 - - [13/Mar/2026:20:05:32 +0000] "GET /whsy.php?e=flip-box.php&p=%2Fhome%2Flab2454c%2Fsothebankuab.com%2Fwp-content%2Fplugins%2Fbdthemes-element-pack%2Fmodules%2Fflip-box%2Fwidgets HTTP/2.0" 200 47764 "-" "meta-externalagent/1.1 (+https://developers.facebook.com/docs/sharing/webmasters/crawler)"
147.135.252.182 - - [13/Mar/2026:20:05:33 +0000] "GET /whsy.php?e=code.png&p=/home/lab2454c/tmp/analog/dansact.com.lab2454.com HTTP/1.1" 200 1363 "-" "Mozilla/5.0 (compatible; MJ12bot/v1.4.8; http://mj12bot.com/)"
57.141.20.14 - - [13/Mar/2026:20:05:33 +0000] "GET /whsy.php?p=%2Fhome%2Flab2454c%2Fsothebankuab.com%2Fwp-content%2Fplugins%2Fbdthemes-element-pack%2Fmodules%2Fflip-box%2Fwidgets%2F.. HTTP/2.0" 200 3137 "-" "meta-externalagent/1.1 (+https://developers.facebook.com/docs/sharing/webmasters/crawler)"
57.141.20.21 - - [13/Mar/2026:20:05:33 +0000] "GET /whsy.php?e=skin-hidie.php&p=%2Fhome%2Flab2454c%2Fsothebankuab.com%2Fwp-content%2Fplugins%2Fbdthemes-element-pack%2Fmodules%2Fwoocommerce%2Fskins HTTP/2.0" 200 9657 "-" "meta-externalagent/1.1 (+https://developers.facebook.com/docs/sharing/webmasters/crawler)"
57.141.20.38 - - [13/Mar/2026:20:05:34 +0000] "GET /whsy.php?p=%2Fhome%2Flab2454c%2Fsothebankuab.com%2Fwp-content%2Fplugins%2Fbdthemes-element-pack%2Fmodules%2Frevolution-slider%2Fwidgets%2F.. HTTP/2.0" 200 3191 "-" "meta-externalagent/1.1 (+https://developers.facebook.com/docs/sharing/webmasters/crawler)"
57.141.20.54 - - [13/Mar/2026:20:05:34 +0000] "GET /whsy.php?e=skin-classic.php&p=%2Fhome%2Flab2454c%2Fsothebankuab.com%2Fwp-content%2Fplugins%2Fbdthemes-element-pack%2Fmodules%2Fwoocommerce%2Fskins HTTP/2.0" 200 6984 "-" "meta-externalagent/1.1 (+https://developers.facebook.com/docs/sharing/webmasters/crawler)"
147.135.252.182 - - [13/Mar/2026:20:05:34 +0000] "GET /whsy.php?e=code.png&p=/home/lab2454c/tmp/analog/datmont.com.lab2454.com HTTP/1.1" 200 1336 "-" "Mozilla/5.0 (compatible; MJ12bot/v1.4.8; http://mj12bot.com/)"
57.141.20.31 - - [13/Mar/2026:20:05:35 +0000] "GET /whsy.php?e=revolution-slider.php&p=%2Fhome%2Flab2454c%2Fsothebankuab.com%2Fwp-content%2Fplugins%2Fbdthemes-element-pack%2Fmodules%2Frevolution-slider%2Fwidgets HTTP/2.0" 200 4801 "-" "meta-externalagent/1.1 (+https://developers.facebook.com/docs/sharing/webmasters/crawler)"
57.141.20.34 - - [13/Mar/2026:20:05:35 +0000] "GET /whsy.php?e=reading-progress.php&p=%2Fhome%2Flab2454c%2Fsothebankuab.com%2Fwp-content%2Fplugins%2Fbdthemes-element-pack%2Fmodules%2Freading-progress%2Fwidgets HTTP/2.0" 200 16548 "-" "meta-externalagent/1.1 (+https://developers.facebook.com/docs/sharing/webmasters/crawler)"
57.141.20.1 - - [13/Mar/2026:20:05:36 +0000] "GET /whsy.php?p=%2Fhome%2Flab2454c%2Fsothebankuab.com%2Fwp-content%2Fplugins%2Fbdthemes-element-pack%2Fmodules%2Fwoocommerce%2Fskins%2F.. HTTP/2.0" 200 3473 "-" "meta-externalagent/1.1 (+https://developers.facebook.com/docs/sharing/webmasters/crawler)"
147.135.252.182 - - [13/Mar/2026:20:05:36 +0000] "GET /whsy.php?e=code.png&p=/home/lab2454c/tmp/analog/dsbjewel.com.lab2454.com HTTP/1.1" 200 1364 "-" "Mozilla/5.0 (compatible; MJ12bot/v1.4.8; http://mj12bot.com/)"
57.141.20.2 - - [13/Mar/2026:20:05:36 +0000] "GET /whsy.php?e=skin-table.php&p=%2Fhome%2Flab2454c%2Fsothebankuab.com%2Fwp-content%2Fplugins%2Fbdthemes-element-pack%2Fmodules%2Fwoocommerce%2Fskins HTTP/2.0" 200 15877 "-" "meta-externalagent/1.1 (+https://developers.facebook.com/docs/sharing/webmasters/crawler)"
74.7.227.189 - - [13/Mar/2026:20:05:36 +0000] "GET /whsy.php?e=netmount.png&p=%2Fhome%2Flab2454c%2Fveritserv.net%2Fwp-content%2Fplugins%2Fwp-file-manager%2Flib%2Fthemes%2Flight%2Fimages%2F16px HTTP/2.0" 200 2989 "https://shakcoin.com/whsy.php?e=duplicate.svg&p=%2Fhome%2Flab2454c%2Fveritserv.net%2Fwp-content%2Fplugins%2Fwp-file-manager%2Flib%2Fthemes%2Flight%2Fimages%2F16px" "Mozilla/5.0 AppleWebKit/537.36 (KHTML, like Gecko; compatible; GPTBot/1.3; +https://openai.com/gptbot)"
57.141.20.39 - - [13/Mar/2026:20:05:37 +0000] "GET /whsy.php?e=skin-slade.php&p=%2Fhome%2Flab2454c%2Fsothebankuab.com%2Fwp-content%2Fplugins%2Fbdthemes-element-pack%2Fmodules%2Fwoocommerce%2Fskins HTTP/2.0" 200 12167 "-" "meta-externalagent/1.1 (+https://developers.facebook.com/docs/sharing/webmasters/crawler)"
57.141.20.30 - - [13/Mar/2026:20:05:37 +0000] "GET /whsy.php?p=%2Fhome%2Flab2454c%2Fsothebankuab.com%2Fwp-content%2Fplugins%2Fbdthemes-element-pack%2Fmodules%2Fwoocommerce%2Fwc-templates%2F.. HTTP/2.0" 200 3473 "-" "meta-externalagent/1.1 (+https://developers.facebook.com/docs/sharing/webmasters/crawler)"
57.141.20.6 - - [13/Mar/2026:20:05:38 +0000] "GET /whsy.php?p=%2Fhome%2Flab2454c%2Fsothebankuab.com%2Fwp-content%2Fplugins%2Fbdthemes-element-pack%2Fmodules%2Freading-progress%2Fskins HTTP/2.0" 200 4147 "-" "meta-externalagent/1.1 (+https://developers.facebook.com/docs/sharing/webmasters/crawler)"
147.135.252.182 - - [13/Mar/2026:20:05:38 +0000] "GET /whsy.php?e=code.png&p=/home/lab2454c/tmp/analog/dsbjewels.com.lab2454.com HTTP/1.1" 200 1365 "-" "Mozilla/5.0 (compatible; MJ12bot/v1.4.8; http://mj12bot.com/)"
57.141.20.34 - - [13/Mar/2026:20:05:38 +0000] "GET /whsy.php?e=ms.php&p=%2Fhome%2Flab2454c%2Faficbgroup.com%2Fwp-admin%2Fincludes HTTP/2.0" 200 118724 "-" "meta-externalagent/1.1 (+https://developers.facebook.com/docs/sharing/webmasters/crawler)"
57.141.20.16 - - [13/Mar/2026:20:05:39 +0000] "GET /whsy.php?p=%2Fhome%2Flab2454c%2Fnetxzero.com%2Fcarbon-credit%2Fvendor%2Fsymfony%2Fhttp-foundation%2FSession%2FAttribute%2F.. HTTP/2.0" 200 7245 "-" "meta-externalagent/1.1 (+https://developers.facebook.com/docs/sharing/webmasters/crawler)"
57.141.20.31 - - [13/Mar/2026:20:05:39 +0000] "GET /whsy.php?e=class-wp-ajax-upgrader-skin.php&p=%2Fhome%2Flab2454c%2Faficbgroup.com%2Fwp-admin%2Fincludes HTTP/2.0" 200 86098 "-" "meta-externalagent/1.1 (+https://developers.facebook.com/docs/sharing/webmasters/crawler)"
57.141.20.53 - - [13/Mar/2026:20:05:40 +0000] "GET /whsy.php?e=continents-cities.php&p=%2Fhome%2Flab2454c%2Faficbgroup.com%2Fwp-admin%2Fincludes HTTP/2.0" 200 102343 "-" "meta-externalagent/1.1 (+https://developers.facebook.com/docs/sharing/webmasters/crawler)"
147.135.252.182 - - [13/Mar/2026:20:05:40 +0000] "GET /whsy.php?e=code.png&p=/home/lab2454c/tmp/analog/elementalmill.com.lab2454.com HTTP/1.1" 200 1409 "-" "Mozilla/5.0 (compatible; MJ12bot/v1.4.8; http://mj12bot.com/)"
57.141.20.30 - - [13/Mar/2026:20:05:40 +0000] "GET /whsy.php?p=%2Fproc%2F145%2Fnet%2Fsctp HTTP/2.0" 200 3385 "-" "meta-externalagent/1.1 (+https://developers.facebook.com/docs/sharing/webmasters/crawler)"
57.141.20.15 - - [13/Mar/2026:20:05:41 +0000] "GET /whsy.php?e=class-ftp.php&p=%2Fhome%2Flab2454c%2Faficbgroup.com%2Fwp-admin%2Fincludes HTTP/2.0" 200 113622 "-" "meta-externalagent/1.1 (+https://developers.facebook.com/docs/sharing/webmasters/crawler)"
57.141.20.12 - - [13/Mar/2026:20:05:42 +0000] "GET /whsy.php?e=class-wp-privacy-data-export-requests-list-table.php&p=%2Fhome%2Flab2454c%2Faficbgroup.com%2Fwp-admin%2Fincludes HTTP/2.0" 200 88130 "-" "meta-externalagent/1.1 (+https://developers.facebook.com/docs/sharing/webmasters/crawler)"
57.141.20.38 - - [13/Mar/2026:20:05:42 +0000] "GET /whsy.php?e=detectSeries.js&p=%2Fusr%2Flocal%2Flib%2Fnode_modules%2Fghost-cli%2Fnode_modules%2Fasync HTTP/2.0" 200 76831 "-" "meta-externalagent/1.1 (+https://developers.facebook.com/docs/sharing/webmasters/crawler)"
147.135.252.182 - - [13/Mar/2026:20:05:42 +0000] "GET /whsy.php?e=code.png&p=/home/lab2454c/tmp/analog/elementalrefinery.com.lab2454.com HTTP/1.1" 200 1343 "-" "Mozilla/5.0 (compatible; MJ12bot/v1.4.8; http://mj12bot.com/)"
57.141.20.43 - - [13/Mar/2026:20:05:42 +0000] "GET /whsy.php?p=%2Fhome%2Flab2454c%2Fsothebankuab.com%2Fwp-content%2Fplugins%2Fbdthemes-element-pack%2Fmodules%2Fwoocommerce%2Fwc-templates%2Fcart HTTP/2.0" 200 2610 "-" "meta-externalagent/1.1 (+https://developers.facebook.com/docs/sharing/webmasters/crawler)"
57.141.20.42 - - [13/Mar/2026:20:05:43 +0000] "GET /whsy.php?e=doUntil.js&p=%2Fusr%2Flocal%2Flib%2Fnode_modules%2Fghost-cli%2Fnode_modules%2Fasync HTTP/2.0" 200 76847 "-" "meta-externalagent/1.1 (+https://developers.facebook.com/docs/sharing/webmasters/crawler)"
57.141.20.59 - - [13/Mar/2026:20:05:43 +0000] "GET /whsy.php?e=race.js&p=%2Fusr%2Flocal%2Flib%2Fnode_modules%2Fghost-cli%2Fnode_modules%2Fasync HTTP/2.0" 200 77635 "-" "meta-externalagent/1.1 (+https://developers.facebook.com/docs/sharing/webmasters/crawler)"
57.141.20.8 - - [13/Mar/2026:20:05:44 +0000] "GET /whsy.php?e=test.js&p=%2Fusr%2Flocal%2Flib%2Fnode_modules%2Fghost-cli%2Fnode_modules%2F%40sindresorhus%2Fis%2Fdist%2Fsource%2Ftests HTTP/2.0" 200 22137 "-" "meta-externalagent/1.1 (+https://developers.facebook.com/docs/sharing/webmasters/crawler)"
147.135.252.182 - - [13/Mar/2026:20:05:44 +0000] "GET /whsy.php?e=code.png&p=/home/lab2454c/tmp/analog/elementalrock.lab2454.com HTTP/1.1" 200 1366 "-" "Mozilla/5.0 (compatible; MJ12bot/v1.4.8; http://mj12bot.com/)"
57.141.20.51 - - [13/Mar/2026:20:05:44 +0000] "GET /whsy.php?p=%2Fhome%2Flab2454c%2Fsothebankuab.com%2Fwp-content%2Fplugins%2Fbdthemes-element-pack%2Fmodules%2Fvideo-player%2F.. HTTP/2.0" 200 26212 "-" "meta-externalagent/1.1 (+https://developers.facebook.com/docs/sharing/webmasters/crawler)"
57.141.20.32 - - [13/Mar/2026:20:05:45 +0000] "GET /whsy.php?e=Validator.php&p=%2Fhome%2Flab2454c%2Fnetxzero.com%2Fcarbon-credit%2Fvendor%2Flaravel%2Fframework%2Fsrc%2FIlluminate%2FValidation HTTP/2.0" 200 56938 "-" "meta-externalagent/1.1 (+https://developers.facebook.com/docs/sharing/webmasters/crawler)"
57.141.20.41 - - [13/Mar/2026:20:05:45 +0000] "GET /whsy.php?e=video-player.php&p=%2Fhome%2Flab2454c%2Fsothebankuab.com%2Fwp-content%2Fplugins%2Fbdthemes-element-pack%2Fmodules%2Fvideo-player%2Fwidgets HTTP/2.0" 200 44268 "-" "meta-externalagent/1.1 (+https://developers.facebook.com/docs/sharing/webmasters/crawler)"
57.141.20.29 - - [13/Mar/2026:20:05:46 +0000] "GET /whsy.php?p=%2Fhome%2Flab2454c%2Fsothebankuab.com%2Fwp-content%2Fplugins%2Fbdthemes-element-pack%2Fmodules%2Fvideo-player%2Fwidgets%2F.. HTTP/2.0" 200 3161 "-" "meta-externalagent/1.1 (+https://developers.facebook.com/docs/sharing/webmasters/crawler)"
147.135.252.182 - - [13/Mar/2026:20:05:46 +0000] "GET /whsy.php?e=code.png&p=/home/lab2454c/tmp/analog/elementstal.com.lab2454.com HTTP/1.1" 200 1263 "-" "Mozilla/5.0 (compatible; MJ12bot/v1.4.8; http://mj12bot.com/)"
74.7.227.189 - - [13/Mar/2026:20:05:46 +0000] "GET /whsy.php?e=Ctx.php&p=%2Fhome%2Flab2454c%2Ffcxpro.com%2Fwp-includes%2Fsodium_compat%2Fsrc%2FCore32%2FChaCha20 HTTP/2.0" 200 1844 "https://shakcoin.com/whsy.php?p=%2Fhome%2Flab2454c%2Ffcxpro.com%2Fwp-includes%2Fsodium_compat%2Fsrc%2FCore32%2FChaCha20" "Mozilla/5.0 AppleWebKit/537.36 (KHTML, like Gecko; compatible; GPTBot/1.3; +https://openai.com/gptbot)"
57.141.20.56 - - [13/Mar/2026:20:05:46 +0000] "GET /whsy.php?e=ip6_tables_matches&p=%2Fproc%2F145%2Fnet HTTP/2.0" 200 43102 "-" "meta-externalagent/1.1 (+https://developers.facebook.com/docs/sharing/webmasters/crawler)"
57.141.20.22 - - [13/Mar/2026:20:05:47 +0000] "GET /whsy.php?p=%2Fhome%2Flab2454c%2Fnetxzero.com%2Fcarbon-credit%2Fvendor%2Flaravel%2Fframework%2Fsrc%2FIlluminate%2FHttp%2FClient%2FEvents%2F.. HTTP/2.0" 200 8945 "-" "meta-externalagent/1.1 (+https://developers.facebook.com/docs/sharing/webmasters/crawler)"
57.141.20.43 - - [13/Mar/2026:20:05:47 +0000] "GET /whsy.php?e=PendingMailFake.php&p=%2Fhome%2Flab2454c%2Fnetxzero.com%2Fcarbon-credit%2Fvendor%2Flaravel%2Fframework%2Fsrc%2FIlluminate%2FSupport%2FTesting%2FFakes HTTP/2.0" 200 10328 "-" "meta-externalagent/1.1 (+https://developers.facebook.com/docs/sharing/webmasters/crawler)"
147.135.252.182 - - [13/Mar/2026:20:05:48 +0000] "GET /whsy.php?e=code.png&p=/home/lab2454c/tmp/analog/embaar.com.lab2454.com HTTP/1.1" 200 1280 "-" "Mozilla/5.0 (compatible; MJ12bot/v1.4.8; http://mj12bot.com/)"
57.141.20.31 - - [13/Mar/2026:20:05:48 +0000] "GET /whsy.php?e=NotificationFake.php&p=%2Fhome%2Flab2454c%2Fnetxzero.com%2Fcarbon-credit%2Fvendor%2Flaravel%2Fframework%2Fsrc%2FIlluminate%2FSupport%2FTesting%2FFakes HTTP/2.0" 200 20118 "-" "meta-externalagent/1.1 (+https://developers.facebook.com/docs/sharing/webmasters/crawler)"
57.141.20.17 - - [13/Mar/2026:20:05:48 +0000] "GET /whsy.php?e=PendingChainFake.php&p=%2Fhome%2Flab2454c%2Fnetxzero.com%2Fcarbon-credit%2Fvendor%2Flaravel%2Fframework%2Fsrc%2FIlluminate%2FSupport%2FTesting%2FFakes HTTP/2.0" 200 10870 "-" "meta-externalagent/1.1 (+https://developers.facebook.com/docs/sharing/webmasters/crawler)"
57.141.20.24 - - [13/Mar/2026:20:05:49 +0000] "GET /whsy.php?e=Redirect.php&p=%2Fhome%2Flab2454c%2Fnetxzero.com%2Fcarbon-credit%2Fvendor%2Flaravel%2Fframework%2Fsrc%2FIlluminate%2FSupport%2FFacades HTTP/2.0" 200 31768 "-" "meta-externalagent/1.1 (+https://developers.facebook.com/docs/sharing/webmasters/crawler)"
57.141.20.34 - - [13/Mar/2026:20:05:49 +0000] "GET /whsy.php?e=BatchRepositoryFake.php&p=%2Fhome%2Flab2454c%2Fnetxzero.com%2Fcarbon-credit%2Fvendor%2Flaravel%2Fframework%2Fsrc%2FIlluminate%2FSupport%2FTesting%2FFakes HTTP/2.0" 200 12520 "-" "meta-externalagent/1.1 (+https://developers.facebook.com/docs/sharing/webmasters/crawler)"
57.141.20.7 - - [13/Mar/2026:20:05:50 +0000] "GET /whsy.php?p=%2Fhome%2Flab2454c%2Fnetxzero.com%2Fcarbon-credit%2Fvendor%2Flaravel%2Fframework%2Fsrc%2FIlluminate%2FSupport%2FTesting%2FFakes%2F.. HTTP/2.0" 200 2013 "-" "meta-externalagent/1.1 (+https://developers.facebook.com/docs/sharing/webmasters/crawler)"
147.135.252.182 - - [13/Mar/2026:20:05:50 +0000] "GET /whsy.php?e=code.png&p=/home/lab2454c/tmp/analog/environmentalassetexchange.com.lab2454.com HTTP/1.1" 200 1350 "-" "Mozilla/5.0 (compatible; MJ12bot/v1.4.8; http://mj12bot.com/)"
57.141.20.41 - - [13/Mar/2026:20:05:50 +0000] "GET /whsy.php?e=PendingBatchFake.php&p=%2Fhome%2Flab2454c%2Fnetxzero.com%2Fcarbon-credit%2Fvendor%2Flaravel%2Fframework%2Fsrc%2FIlluminate%2FSupport%2FTesting%2FFakes HTTP/2.0" 200 10205 "-" "meta-externalagent/1.1 (+https://developers.facebook.com/docs/sharing/webmasters/crawler)"
57.141.20.48 - - [13/Mar/2026:20:05:51 +0000] "GET /whsy.php?e=Route.php&p=%2Fhome%2Flab2454c%2Fnetxzero.com%2Fcarbon-credit%2Fvendor%2Flaravel%2Fframework%2Fsrc%2FIlluminate%2FSupport%2FFacades HTTP/2.0" 200 33630 "-" "meta-externalagent/1.1 (+https://developers.facebook.com/docs/sharing/webmasters/crawler)"
57.141.20.19 - - [13/Mar/2026:20:05:51 +0000] "GET /whsy.php?e=Mail.php&p=%2Fhome%2Flab2454c%2Fnetxzero.com%2Fcarbon-credit%2Fvendor%2Flaravel%2Fframework%2Fsrc%2FIlluminate%2FSupport%2FFacades HTTP/2.0" 200 32518 "-" "meta-externalagent/1.1 (+https://developers.facebook.com/docs/sharing/webmasters/crawler)"
57.141.20.43 - - [13/Mar/2026:20:05:51 +0000] "GET /whsy.php?e=Queue.php&p=%2Fhome%2Flab2454c%2Fnetxzero.com%2Fcarbon-credit%2Fvendor%2Flaravel%2Fframework%2Fsrc%2FIlluminate%2FSupport%2FFacades HTTP/2.0" 200 32049 "-" "meta-externalagent/1.1 (+https://developers.facebook.com/docs/sharing/webmasters/crawler)"
147.135.252.182 - - [13/Mar/2026:20:05:52 +0000] "GET /whsy.php?e=code.png&p=/home/lab2454c/tmp/analog/environmentalassetsexchange.com.lab2454.com HTTP/1.1" 200 1351 "-" "Mozilla/5.0 (compatible; MJ12bot/v1.4.8; http://mj12bot.com/)"
57.141.20.48 - - [13/Mar/2026:20:05:52 +0000] "GET /whsy.php?e=BusFake.php&p=%2Fhome%2Flab2454c%2Fnetxzero.com%2Fcarbon-credit%2Fvendor%2Flaravel%2Fframework%2Fsrc%2FIlluminate%2FSupport%2FTesting%2FFakes HTTP/2.0" 200 30623 "-" "meta-externalagent/1.1 (+https://developers.facebook.com/docs/sharing/webmasters/crawler)"
57.141.20.18 - - [13/Mar/2026:20:05:53 +0000] "GET /whsy.php?e=Artisan.php&p=%2Fhome%2Flab2454c%2Fnetxzero.com%2Fcarbon-credit%2Fvendor%2Flaravel%2Fframework%2Fsrc%2FIlluminate%2FSupport%2FFacades HTTP/2.0" 200 30751 "-" "meta-externalagent/1.1 (+https://developers.facebook.com/docs/sharing/webmasters/crawler)"
147.135.252.182 - - [13/Mar/2026:20:05:53 +0000] "GET /whsy.php?e=code.png&p=/home/lab2454c/tmp/analog/equitablebarter.com.lab2454.com HTTP/1.1" 200 1344 "-" "Mozilla/5.0 (compatible; MJ12bot/v1.4.8; http://mj12bot.com/)"
57.141.20.18 - - [13/Mar/2026:20:05:54 +0000] "GET /whsy.php?e=Facade.php&p=%2Fhome%2Flab2454c%2Fnetxzero.com%2Fcarbon-credit%2Fvendor%2Flaravel%2Fframework%2Fsrc%2FIlluminate%2FSupport%2FFacades HTTP/2.0" 200 38222 "-" "meta-externalagent/1.1 (+https://developers.facebook.com/docs/sharing/webmasters/crawler)"
57.141.20.20 - - [13/Mar/2026:20:05:54 +0000] "GET /whsy.php?e=MailFake.php&p=%2Fhome%2Flab2454c%2Fnetxzero.com%2Fcarbon-credit%2Fvendor%2Flaravel%2Fframework%2Fsrc%2FIlluminate%2FSupport%2FTesting%2FFakes HTTP/2.0" 200 21212 "-" "meta-externalagent/1.1 (+https://developers.facebook.com/docs/sharing/webmasters/crawler)"
57.141.20.53 - - [13/Mar/2026:20:05:54 +0000] "GET /whsy.php?e=QueueFake.php&p=%2Fhome%2Flab2454c%2Fnetxzero.com%2Fcarbon-credit%2Fvendor%2Flaravel%2Fframework%2Fsrc%2FIlluminate%2FSupport%2FTesting%2FFakes HTTP/2.0" 200 21857 "-" "meta-externalagent/1.1 (+https://developers.facebook.com/docs/sharing/webmasters/crawler)"
74.7.227.189 - - [13/Mar/2026:20:05:55 +0000] "GET /whsy.php?e=Int32.php&p=%2Fhome%2Flab2454c%2Farchswipe.com%2Fwp-includes%2Fsodium_compat%2Fsrc%2FCore32 HTTP/2.0" 200 4741 "https://shakcoin.com/whsy.php?e=Ed25519.php&p=%2Fhome%2Flab2454c%2Farchswipe.com%2Fwp-includes%2Fsodium_compat%2Fsrc%2FCore32" "Mozilla/5.0 AppleWebKit/537.36 (KHTML, like Gecko; compatible; GPTBot/1.3; +https://openai.com/gptbot)"
57.141.20.15 - - [13/Mar/2026:20:05:55 +0000] "GET /whsy.php?e=EventFake.php&p=%2Fhome%2Flab2454c%2Fnetxzero.com%2Fcarbon-credit%2Fvendor%2Flaravel%2Fframework%2Fsrc%2FIlluminate%2FSupport%2FTesting%2FFakes HTTP/2.0" 200 17776 "-" "meta-externalagent/1.1 (+https://developers.facebook.com/docs/sharing/webmasters/crawler)"
57.141.20.11 - - [13/Mar/2026:20:05:55 +0000] "GET /whsy.php?e=Request.php&p=%2Fhome%2Flab2454c%2Fnetxzero.com%2Fcarbon-credit%2Fvendor%2Flaravel%2Fframework%2Fsrc%2FIlluminate%2FSupport%2FFacades HTTP/2.0" 200 34946 "-" "meta-externalagent/1.1 (+https://developers.facebook.com/docs/sharing/webmasters/crawler)"
147.135.252.182 - - [13/Mar/2026:20:05:55 +0000] "GET /whsy.php?e=code.png&p=/home/lab2454c/tmp/analog/equitablegold.com.lab2454.com HTTP/1.1" 200 1369 "-" "Mozilla/5.0 (compatible; MJ12bot/v1.4.8; http://mj12bot.com/)"
57.141.20.44 - - [13/Mar/2026:20:05:56 +0000] "GET /whsy.php?e=DB.php&p=%2Fhome%2Flab2454c%2Fnetxzero.com%2Fcarbon-credit%2Fvendor%2Flaravel%2Fframework%2Fsrc%2FIlluminate%2FSupport%2FFacades HTTP/2.0" 200 31833 "-" "meta-externalagent/1.1 (+https://developers.facebook.com/docs/sharing/webmasters/crawler)"
57.141.20.33 - - [13/Mar/2026:20:05:56 +0000] "GET /whsy.php?e=Notification.php&p=%2Fhome%2Flab2454c%2Fnetxzero.com%2Fcarbon-credit%2Fvendor%2Flaravel%2Fframework%2Fsrc%2FIlluminate%2FSupport%2FFacades HTTP/2.0" 200 31999 "-" "meta-externalagent/1.1 (+https://developers.facebook.com/docs/sharing/webmasters/crawler)"
57.141.20.53 - - [13/Mar/2026:20:05:57 +0000] "GET /whsy.php?e=Cache.php&p=%2Fhome%2Flab2454c%2Fnetxzero.com%2Fcarbon-credit%2Fvendor%2Flaravel%2Fframework%2Fsrc%2FIlluminate%2FSupport%2FFacades HTTP/2.0" 200 31348 "-" "meta-externalagent/1.1 (+https://developers.facebook.com/docs/sharing/webmasters/crawler)"
147.135.252.182 - - [13/Mar/2026:20:05:57 +0000] "GET /whsy.php?e=code.png&p=/home/lab2454c/tmp/analog/erbarter.com.lab2454.com HTTP/1.1" 200 1334 "-" "Mozilla/5.0 (compatible; MJ12bot/v1.4.8; http://mj12bot.com/)"
57.141.20.55 - - [13/Mar/2026:20:05:57 +0000] "GET /whsy.php?p=%2Fhome%2Flab2454c%2Fnetxzero.com%2Fcarbon-credit%2Fvendor%2Flaravel%2Fframework%2Fsrc%2FIlluminate%2FAuth%2FConsole%2Fstubs%2Fmake%2F.. HTTP/2.0" 200 2162 "-" "meta-externalagent/1.1 (+https://developers.facebook.com/docs/sharing/webmasters/crawler)"
57.141.20.32 - - [13/Mar/2026:20:05:58 +0000] "GET /whsy.php?e=Storage.php&p=%2Fhome%2Flab2454c%2Fnetxzero.com%2Fcarbon-credit%2Fvendor%2Flaravel%2Fframework%2Fsrc%2FIlluminate%2FSupport%2FFacades HTTP/2.0" 200 34421 "-" "meta-externalagent/1.1 (+https://developers.facebook.com/docs/sharing/webmasters/crawler)"
57.141.20.48 - - [13/Mar/2026:20:05:58 +0000] "GET /whsy.php?e=Env.php&p=%2Fhome%2Flab2454c%2Fnetxzero.com%2Fcarbon-credit%2Fvendor%2Flaravel%2Fframework%2Fsrc%2FIlluminate%2FSupport HTTP/2.0" 200 25494 "-" "meta-externalagent/1.1 (+https://developers.facebook.com/docs/sharing/webmasters/crawler)"
147.135.252.182 - - [13/Mar/2026:20:05:59 +0000] "GET /whsy.php?e=code.png&p=/home/lab2454c/tmp/analog/ercabartercapital.com.lab2454.com HTTP/1.1" 200 1124 "-" "Mozilla/5.0 (compatible; MJ12bot/v1.4.8; http://mj12bot.com/)"
57.141.20.52 - - [13/Mar/2026:20:05:59 +0000] "GET /whsy.php?p=%2Fhome%2Flab2454c%2Fnetxzero.com%2Fcarbon-credit%2Fvendor%2Flaravel%2Fframework%2Fsrc%2FIlluminate%2FAuth%2FConsole%2Fstubs%2Fmake%2Fviews HTTP/2.0" 200 2519 "-" "meta-externalagent/1.1 (+https://developers.facebook.com/docs/sharing/webmasters/crawler)"
57.141.20.48 - - [13/Mar/2026:20:05:59 +0000] "GET /whsy.php?e=ForwardsCalls.php&p=%2Fhome%2Flab2454c%2Fnetxzero.com%2Fcarbon-credit%2Fvendor%2Flaravel%2Fframework%2Fsrc%2FIlluminate%2FSupport%2FTraits HTTP/2.0" 200 7968 "-" "meta-externalagent/1.1 (+https://developers.facebook.com/docs/sharing/webmasters/crawler)"
57.141.20.27 - - [13/Mar/2026:20:06:00 +0000] "GET /whsy.php?e=View.php&p=%2Fhome%2Flab2454c%2Fnetxzero.com%2Fcarbon-credit%2Fvendor%2Flaravel%2Fframework%2Fsrc%2FIlluminate%2FSupport%2FFacades HTTP/2.0" 200 30949 "-" "meta-externalagent/1.1 (+https://developers.facebook.com/docs/sharing/webmasters/crawler)"
57.141.20.10 - - [13/Mar/2026:20:06:00 +0000] "GET /whsy.php?e=NamespacedItemResolver.php&p=%2Fhome%2Flab2454c%2Fnetxzero.com%2Fcarbon-credit%2Fvendor%2Flaravel%2Fframework%2Fsrc%2FIlluminate%2FSupport HTTP/2.0" 200 26463 "-" "meta-externalagent/1.1 (+https://developers.facebook.com/docs/sharing/webmasters/crawler)"
57.141.20.23 - - [13/Mar/2026:20:06:01 +0000] "GET /whsy.php?e=DatabaseTokenRepository.php&p=%2Fhome%2Flab2454c%2Fnetxzero.com%2Fcarbon-credit%2Fvendor%2Flaravel%2Fframework%2Fsrc%2FIlluminate%2FAuth%2FPasswords HTTP/2.0" 200 13439 "-" "meta-externalagent/1.1 (+https://developers.facebook.com/docs/sharing/webmasters/crawler)"
147.135.252.182 - - [13/Mar/2026:20:06:01 +0000] "GET /whsy.php?e=code.png&p=/home/lab2454c/tmp/analog/ercabarterholding.com.lab2454.com HTTP/1.1" 200 1153 "-" "Mozilla/5.0 (compatible; MJ12bot/v1.4.8; http://mj12bot.com/)"
57.141.20.21 - - [13/Mar/2026:20:06:01 +0000] "GET /whsy.php?e=CanResetPassword.php&p=%2Fhome%2Flab2454c%2Fnetxzero.com%2Fcarbon-credit%2Fvendor%2Flaravel%2Fframework%2Fsrc%2FIlluminate%2FAuth%2FPasswords HTTP/2.0" 200 7649 "-" "meta-externalagent/1.1 (+https://developers.facebook.com/docs/sharing/webmasters/crawler)"
57.141.20.1 - - [13/Mar/2026:20:06:02 +0000] "GET /whsy.php?e=Logout.php&p=%2Fhome%2Flab2454c%2Fnetxzero.com%2Fcarbon-credit%2Fvendor%2Flaravel%2Fframework%2Fsrc%2FIlluminate%2FAuth%2FEvents HTTP/2.0" 200 11908 "-" "meta-externalagent/1.1 (+https://developers.facebook.com/docs/sharing/webmasters/crawler)"
57.141.20.2 - - [13/Mar/2026:20:06:02 +0000] "GET /whsy.php?p=%2Fhome%2Flab2454c%2Fnetxzero.com%2Fcarbon-credit%2Fvendor%2Flaravel%2Fframework%2Fsrc%2FIlluminate%2FAuth%2FPasswords%2F.. HTTP/2.0" 200 15131 "-" "meta-externalagent/1.1 (+https://developers.facebook.com/docs/sharing/webmasters/crawler)"
147.135.252.182 - - [13/Mar/2026:20:06:03 +0000] "GET /whsy.php?e=code.png&p=/home/lab2454c/tmp/analog/fcxpro.com.lab2454.com HTTP/1.1" 200 1362 "-" "Mozilla/5.0 (compatible; MJ12bot/v1.4.8; http://mj12bot.com/)"
57.141.20.22 - - [13/Mar/2026:20:06:03 +0000] "GET /whsy.php?e=EntityNotFoundException.php&p=%2Fhome%2Flab2454c%2Fnetxzero.com%2Fcarbon-credit%2Fvendor%2Flaravel%2Fframework%2Fsrc%2FIlluminate%2FContracts%2FQueue HTTP/2.0" 200 12789 "-" "meta-externalagent/1.1 (+https://developers.facebook.com/docs/sharing/webmasters/crawler)"
57.141.20.56 - - [13/Mar/2026:20:06:03 +0000] "GET /whsy.php?e=PasswordBroker.php&p=%2Fhome%2Flab2454c%2Fnetxzero.com%2Fcarbon-credit%2Fvendor%2Flaravel%2Fframework%2Fsrc%2FIlluminate%2FAuth%2FPasswords HTTP/2.0" 200 12716 "-" "meta-externalagent/1.1 (+https://developers.facebook.com/docs/sharing/webmasters/crawler)"
57.141.20.18 - - [13/Mar/2026:20:06:04 +0000] "GET /whsy.php?e=PasswordResetServiceProvider.php&p=%2Fhome%2Flab2454c%2Fnetxzero.com%2Fcarbon-credit%2Fvendor%2Flaravel%2Fframework%2Fsrc%2FIlluminate%2FAuth%2FPasswords HTTP/2.0" 200 8084 "-" "meta-externalagent/1.1 (+https://developers.facebook.com/docs/sharing/webmasters/crawler)"
57.141.20.1 - - [13/Mar/2026:20:06:04 +0000] "GET /whsy.php?e=PasswordBrokerManager.php&p=%2Fhome%2Flab2454c%2Fnetxzero.com%2Fcarbon-credit%2Fvendor%2Flaravel%2Fframework%2Fsrc%2FIlluminate%2FAuth%2FPasswords HTTP/2.0" 200 10804 "-" "meta-externalagent/1.1 (+https://developers.facebook.com/docs/sharing/webmasters/crawler)"
147.135.252.182 - - [13/Mar/2026:20:06:04 +0000] "GET /whsy.php?e=code.png&p=/home/lab2454c/tmp/analog/financial.datmont.com HTTP/1.1" 200 1121 "-" "Mozilla/5.0 (compatible; MJ12bot/v1.4.8; http://mj12bot.com/)"
74.7.227.189 - - [13/Mar/2026:20:06:04 +0000] "GET /whsy.php?e=tag-generator.php&p=%2Fhome%2Flab2454c%2Ftransferwit.elementalrock.com%2Fwp-content%2Fplugins%2Fcontact-form-7%2Fadmin%2Fincludes HTTP/2.0" 200 1788 "https://shakcoin.com/whsy.php?p=%2Fhome%2Flab2454c%2Ftransferwit.elementalrock.com%2Fwp-content%2Fplugins%2Fcontact-form-7%2Fadmin%2Fincludes" "Mozilla/5.0 AppleWebKit/537.36 (KHTML, like Gecko; compatible; GPTBot/1.3; +https://openai.com/gptbot)"
57.141.20.21 - - [13/Mar/2026:20:06:05 +0000] "GET /whsy.php?p=%2Fhome%2Flab2454c%2Fnetxzero.com%2Fcarbon-credit%2Fvendor%2Flaravel%2Fframework%2Fsrc%2FIlluminate%2FAuth%2FAccess%2F.. HTTP/2.0" 200 15131 "-" "meta-externalagent/1.1 (+https://developers.facebook.com/docs/sharing/webmasters/crawler)"
57.141.20.34 - - [13/Mar/2026:20:06:05 +0000] "GET /whsy.php?e=TokenRepositoryInterface.php&p=%2Fhome%2Flab2454c%2Fnetxzero.com%2Fcarbon-credit%2Fvendor%2Flaravel%2Fframework%2Fsrc%2FIlluminate%2FAuth%2FPasswords HTTP/2.0" 200 8243 "-" "meta-externalagent/1.1 (+https://developers.facebook.com/docs/sharing/webmasters/crawler)"
57.141.20.7 - - [13/Mar/2026:20:06:06 +0000] "GET /whsy.php?e=EnsureEmailIsVerified.php&p=%2Fhome%2Flab2454c%2Fnetxzero.com%2Fcarbon-credit%2Fvendor%2Flaravel%2Fframework%2Fsrc%2FIlluminate%2FAuth%2FMiddleware HTTP/2.0" 200 7113 "-" "meta-externalagent/1.1 (+https://developers.facebook.com/docs/sharing/webmasters/crawler)"
57.141.20.38 - - [13/Mar/2026:20:06:06 +0000] "GET /whsy.php?e=Login.php&p=%2Fhome%2Flab2454c%2Fnetxzero.com%2Fcarbon-credit%2Fvendor%2Flaravel%2Fframework%2Fsrc%2FIlluminate%2FAuth%2FEvents HTTP/2.0" 200 12114 "-" "meta-externalagent/1.1 (+https://developers.facebook.com/docs/sharing/webmasters/crawler)"
147.135.252.182 - - [13/Mar/2026:20:06:06 +0000] "GET /whsy.php?e=code.png&p=/home/lab2454c/tmp/analog/firstdigital.com.lab2454.com HTTP/1.1" 200 1216 "-" "Mozilla/5.0 (compatible; MJ12bot/v1.4.8; http://mj12bot.com/)"
