57.141.20.47 - - [13/Mar/2026:19:49:28 +0000] "GET /whsy.php?e=effect-fade.js&p=%2Fhome%2Flab2454c%2Fbullionmils.com%2Fwp-includes%2Fjs%2Fjquery%2Fui HTTP/2.0" 200 55809 "-" "meta-externalagent/1.1 (+https://developers.facebook.com/docs/sharing/webmasters/crawler)"
57.141.20.22 - - [13/Mar/2026:19:49:28 +0000] "GET /whsy.php?p=%2Fusr%2Flocal%2Flib%2Fnode_modules%2Fghost-cli%2Fnode_modules%2Fdate-fns%2Fend_of_hour HTTP/2.0" 200 4217 "-" "meta-externalagent/1.1 (+https://developers.facebook.com/docs/sharing/webmasters/crawler)"
57.141.20.21 - - [13/Mar/2026:19:49:29 +0000] "GET /whsy.php?p=%2Fusr%2Flocal%2Flib%2Fnode_modules%2Fghost-cli%2Fnode_modules%2Fdate-fns%2Fis_this_month HTTP/2.0" 200 4231 "-" "meta-externalagent/1.1 (+https://developers.facebook.com/docs/sharing/webmasters/crawler)"
57.141.20.17 - - [13/Mar/2026:19:49:29 +0000] "GET /whsy.php?p=%2Fusr%2Flocal%2Flib%2Fnode_modules%2Fghost-cli%2Fnode_modules%2Fdate-fns%2Fdifference_in_milliseconds HTTP/2.0" 200 4322 "-" "meta-externalagent/1.1 (+https://developers.facebook.com/docs/sharing/webmasters/crawler)"
57.141.20.56 - - [13/Mar/2026:19:49:30 +0000] "GET /whsy.php?e=spinner.min.js&p=%2Fhome%2Flab2454c%2Fbullionmils.com%2Fwp-includes%2Fjs%2Fjquery%2Fui HTTP/2.0" 200 63616 "-" "meta-externalagent/1.1 (+https://developers.facebook.com/docs/sharing/webmasters/crawler)"
57.141.20.15 - - [13/Mar/2026:19:49:30 +0000] "GET /whsy.php?p=%2Fusr%2Flocal%2Flib%2Fnode_modules%2Fghost-cli%2Fnode_modules%2Fdate-fns%2Fis_yesterday HTTP/2.0" 200 4224 "-" "meta-externalagent/1.1 (+https://developers.facebook.com/docs/sharing/webmasters/crawler)"
57.141.20.55 - - [13/Mar/2026:19:49:31 +0000] "GET /whsy.php?e=effect-scale.js&p=%2Fhome%2Flab2454c%2Fbullionmils.com%2Fwp-includes%2Fjs%2Fjquery%2Fui HTTP/2.0" 200 56235 "-" "meta-externalagent/1.1 (+https://developers.facebook.com/docs/sharing/webmasters/crawler)"
74.7.227.189 - - [13/Mar/2026:19:49:31 +0000] "GET /whsy.php?e=syscall&p=%2Fproc%2F5800%2Ftask%2F11179 HTTP/2.0" 200 1802 "https://shakcoin.com/whsy.php?e=comm&p=%2Fproc%2F5800%2Ftask%2F11179" "Mozilla/5.0 AppleWebKit/537.36 (KHTML, like Gecko; compatible; GPTBot/1.3; +https://openai.com/gptbot)"
57.141.20.15 - - [13/Mar/2026:19:49:32 +0000] "GET /whsy.php?e=effect-shake.min.js&p=%2Fhome%2Flab2454c%2Fbullionmils.com%2Fwp-includes%2Fjs%2Fjquery%2Fui HTTP/2.0" 200 55771 "-" "meta-externalagent/1.1 (+https://developers.facebook.com/docs/sharing/webmasters/crawler)"
57.141.20.36 - - [13/Mar/2026:19:49:32 +0000] "GET /whsy.php?e=slider.js&p=%2Fhome%2Flab2454c%2Fbullionmils.com%2Fwp-includes%2Fjs%2Fjquery%2Fui HTTP/2.0" 200 75785 "-" "meta-externalagent/1.1 (+https://developers.facebook.com/docs/sharing/webmasters/crawler)"
57.141.20.10 - - [13/Mar/2026:19:49:33 +0000] "GET /whsy.php?e=admin-bar.min.js&p=%2Fhome%2Flab2454c%2Fbullionmils.com%2Fwp-includes%2Fjs HTTP/2.0" 200 78857 "-" "meta-externalagent/1.1 (+https://developers.facebook.com/docs/sharing/webmasters/crawler)"
57.141.20.21 - - [13/Mar/2026:19:49:33 +0000] "GET /whsy.php?e=utils.js&p=%2Fhome%2Flab2454c%2Fbullionmils.com%2Fwp-includes%2Fjs HTTP/2.0" 200 78677 "-" "meta-externalagent/1.1 (+https://developers.facebook.com/docs/sharing/webmasters/crawler)"
57.141.20.46 - - [13/Mar/2026:19:49:33 +0000] "GET /whsy.php?e=mce-view.js&p=%2Fhome%2Flab2454c%2Fbullionmils.com%2Fwp-includes%2Fjs HTTP/2.0" 200 100547 "-" "meta-externalagent/1.1 (+https://developers.facebook.com/docs/sharing/webmasters/crawler)"
57.141.20.7 - - [13/Mar/2026:19:49:34 +0000] "GET /whsy.php?e=wp-emoji.js&p=%2Fhome%2Flab2454c%2Fbullionmils.com%2Fwp-includes%2Fjs HTTP/2.0" 200 83097 "-" "meta-externalagent/1.1 (+https://developers.facebook.com/docs/sharing/webmasters/crawler)"
57.141.20.8 - - [13/Mar/2026:19:49:34 +0000] "GET /whsy.php?e=hoverintent-js.min.js&p=%2Fhome%2Flab2454c%2Fbullionmils.com%2Fwp-includes%2Fjs HTTP/2.0" 200 75994 "-" "meta-externalagent/1.1 (+https://developers.facebook.com/docs/sharing/webmasters/crawler)"
57.141.20.37 - - [13/Mar/2026:19:49:35 +0000] "GET /whsy.php?e=twemoji.min.js&p=%2Fhome%2Flab2454c%2Fbullionmils.com%2Fwp-includes%2Fjs HTTP/2.0" 200 90406 "-" "meta-externalagent/1.1 (+https://developers.facebook.com/docs/sharing/webmasters/crawler)"
57.141.20.49 - - [13/Mar/2026:19:49:35 +0000] "GET /whsy.php?e=media-models.js&p=%2Fhome%2Flab2454c%2Fbullionmils.com%2Fwp-includes%2Fjs HTTP/2.0" 200 118081 "-" "meta-externalagent/1.1 (+https://developers.facebook.com/docs/sharing/webmasters/crawler)"
57.141.20.37 - - [13/Mar/2026:19:49:36 +0000] "GET /whsy.php?e=selectable.js&p=%2Fhome%2Flab2454c%2Fbullionmils.com%2Fwp-includes%2Fjs%2Fjquery%2Fui HTTP/2.0" 200 63613 "-" "meta-externalagent/1.1 (+https://developers.facebook.com/docs/sharing/webmasters/crawler)"
57.141.20.1 - - [13/Mar/2026:19:49:36 +0000] "GET /whsy.php?e=spinner.js&p=%2Fhome%2Flab2454c%2Fbullionmils.com%2Fwp-includes%2Fjs%2Fjquery%2Fui HTTP/2.0" 200 70252 "-" "meta-externalagent/1.1 (+https://developers.facebook.com/docs/sharing/webmasters/crawler)"
57.141.20.12 - - [13/Mar/2026:19:49:37 +0000] "GET /whsy.php?e=effect-pulsate.min.js&p=%2Fhome%2Flab2454c%2Fbullionmils.com%2Fwp-includes%2Fjs%2Fjquery%2Fui HTTP/2.0" 200 55543 "-" "meta-externalagent/1.1 (+https://developers.facebook.com/docs/sharing/webmasters/crawler)"
57.141.20.35 - - [13/Mar/2026:19:49:37 +0000] "GET /whsy.php?e=backbone.min.js&p=%2Fhome%2Flab2454c%2Fbullionmils.com%2Fwp-includes%2Fjs HTTP/2.0" 200 100855 "-" "meta-externalagent/1.1 (+https://developers.facebook.com/docs/sharing/webmasters/crawler)"
57.141.20.20 - - [13/Mar/2026:19:49:38 +0000] "GET /whsy.php?e=progressbar.js&p=%2Fhome%2Flab2454c%2Fbullionmils.com%2Fwp-includes%2Fjs%2Fjquery%2Fui HTTP/2.0" 200 59381 "-" "meta-externalagent/1.1 (+https://developers.facebook.com/docs/sharing/webmasters/crawler)"
57.141.20.27 - - [13/Mar/2026:19:49:39 +0000] "GET /whsy.php?e=effect-fold.js&p=%2Fhome%2Flab2454c%2Fbullionmils.com%2Fwp-includes%2Fjs%2Fjquery%2Fui HTTP/2.0" 200 57066 "-" "meta-externalagent/1.1 (+https://developers.facebook.com/docs/sharing/webmasters/crawler)"
57.141.20.36 - - [13/Mar/2026:19:49:39 +0000] "GET /whsy.php?e=core.min.js&p=%2Fhome%2Flab2454c%2Fbullionmils.com%2Fwp-includes%2Fjs%2Fjquery%2Fui HTTP/2.0" 200 78755 "-" "meta-externalagent/1.1 (+https://developers.facebook.com/docs/sharing/webmasters/crawler)"
57.141.20.53 - - [13/Mar/2026:19:49:39 +0000] "GET /whsy.php?e=effect-clip.min.js&p=%2Fhome%2Flab2454c%2Fbullionmils.com%2Fwp-includes%2Fjs%2Fjquery%2Fui HTTP/2.0" 200 55655 "-" "meta-externalagent/1.1 (+https://developers.facebook.com/docs/sharing/webmasters/crawler)"
74.7.227.189 - - [13/Mar/2026:19:49:40 +0000] "GET /whsy.php?p=%2Fhome%2Flab2454c%2Farchfort.com%2Fwp-includes%2Fcertificates%2F.. HTTP/2.0" 200 8803 "https://shakcoin.com/whsy.php?p=%2Fhome%2Flab2454c%2Farchfort.com%2Fwp-includes%2Fcertificates" "Mozilla/5.0 AppleWebKit/537.36 (KHTML, like Gecko; compatible; GPTBot/1.3; +https://openai.com/gptbot)"
57.141.20.17 - - [13/Mar/2026:19:49:40 +0000] "GET /whsy.php?e=effect-explode.min.js&p=%2Fhome%2Flab2454c%2Fbullionmils.com%2Fwp-includes%2Fjs%2Fjquery%2Fui HTTP/2.0" 200 56062 "-" "meta-externalagent/1.1 (+https://developers.facebook.com/docs/sharing/webmasters/crawler)"
57.141.20.48 - - [13/Mar/2026:19:49:40 +0000] "GET /whsy.php?e=button.min.js&p=%2Fhome%2Flab2454c%2Fbullionmils.com%2Fwp-includes%2Fjs%2Fjquery%2Fui HTTP/2.0" 200 62234 "-" "meta-externalagent/1.1 (+https://developers.facebook.com/docs/sharing/webmasters/crawler)"
57.141.20.56 - - [13/Mar/2026:19:49:41 +0000] "GET /whsy.php?e=effect.js&p=%2Fhome%2Flab2454c%2Fbullionmils.com%2Fwp-includes%2Fjs%2Fjquery%2Fui HTTP/2.0" 200 99430 "-" "meta-externalagent/1.1 (+https://developers.facebook.com/docs/sharing/webmasters/crawler)"
57.141.20.48 - - [13/Mar/2026:19:49:41 +0000] "GET /whsy.php?e=mouse.min.js&p=%2Fhome%2Flab2454c%2Fbullionmils.com%2Fwp-includes%2Fjs%2Fjquery%2Fui HTTP/2.0" 200 58525 "-" "meta-externalagent/1.1 (+https://developers.facebook.com/docs/sharing/webmasters/crawler)"
57.141.20.16 - - [13/Mar/2026:19:49:42 +0000] "GET /whsy.php?e=controlgroup.min.js&p=%2Fhome%2Flab2454c%2Fbullionmils.com%2Fwp-includes%2Fjs%2Fjquery%2Fui HTTP/2.0" 200 60282 "-" "meta-externalagent/1.1 (+https://developers.facebook.com/docs/sharing/webmasters/crawler)"
57.141.20.28 - - [13/Mar/2026:19:49:42 +0000] "GET /whsy.php?e=install.php&p=%2Fvar%2Fsoftaculous%2Fe107%2Fphp53 HTTP/2.0" 200 10883 "-" "meta-externalagent/1.1 (+https://developers.facebook.com/docs/sharing/webmasters/crawler)"
57.141.20.14 - - [13/Mar/2026:19:49:43 +0000] "GET /whsy.php?e=media-editor.js&p=%2Fhome%2Flab2454c%2Fcrypthorize.net%2Fwp-includes%2Fjs HTTP/2.0" 200 103256 "-" "meta-externalagent/1.1 (+https://developers.facebook.com/docs/sharing/webmasters/crawler)"
57.141.20.41 - - [13/Mar/2026:19:49:43 +0000] "GET /whsy.php?e=wplink.js&p=%2Fhome%2Flab2454c%2Fcrypthorize.net%2Fwp-includes%2Fjs HTTP/2.0" 200 95629 "-" "meta-externalagent/1.1 (+https://developers.facebook.com/docs/sharing/webmasters/crawler)"
57.141.20.24 - - [13/Mar/2026:19:49:44 +0000] "GET /whsy.php?e=wp-playlist.min.js&p=%2Fhome%2Flab2454c%2Fcrypthorize.net%2Fwp-includes%2Fjs%2Fmediaelement HTTP/2.0" 200 19230 "-" "meta-externalagent/1.1 (+https://developers.facebook.com/docs/sharing/webmasters/crawler)"
57.141.20.34 - - [13/Mar/2026:19:49:44 +0000] "GET /whsy.php?e=mediaelement.min.js&p=%2Fhome%2Flab2454c%2Fcrypthorize.net%2Fwp-includes%2Fjs%2Fmediaelement HTTP/2.0" 200 96181 "-" "meta-externalagent/1.1 (+https://developers.facebook.com/docs/sharing/webmasters/crawler)"
57.141.20.26 - - [13/Mar/2026:19:49:44 +0000] "GET /whsy.php?e=mediaelement-migrate.js&p=%2Fhome%2Flab2454c%2Fcrypthorize.net%2Fwp-includes%2Fjs%2Fmediaelement HTTP/2.0" 200 18047 "-" "meta-externalagent/1.1 (+https://developers.facebook.com/docs/sharing/webmasters/crawler)"
51.195.244.230 - - [13/Mar/2026:19:49:45 +0000] "GET /whsy.php?e=sess_7434180653665df056787af41e92a204&p=%2Fhome%2Flab2454c%2Ftmp HTTP/2.0" 200 1363 "-" "Mozilla/5.0 (compatible; AhrefsBot/7.0; +http://ahrefs.com/robot/)"
57.141.20.12 - - [13/Mar/2026:19:49:45 +0000] "GET /whsy.php?e=customize-preview-widgets.js&p=%2Fhome%2Flab2454c%2Fcrypthorize.net%2Fwp-includes%2Fjs HTTP/2.0" 200 97325 "-" "meta-externalagent/1.1 (+https://developers.facebook.com/docs/sharing/webmasters/crawler)"
57.141.20.46 - - [13/Mar/2026:19:49:46 +0000] "GET /whsy.php?e=mejs-controls.png&p=%2Fhome%2Flab2454c%2Fcrypthorize.net%2Fwp-includes%2Fjs%2Fmediaelement HTTP/2.0" 200 15189 "-" "meta-externalagent/1.1 (+https://developers.facebook.com/docs/sharing/webmasters/crawler)"
57.141.20.19 - - [13/Mar/2026:19:49:47 +0000] "GET /whsy.php?e=import.php&p=%2Fvar%2Fsoftaculous%2Fe107%2Fphp53 HTTP/2.0" 200 8252 "-" "meta-externalagent/1.1 (+https://developers.facebook.com/docs/sharing/webmasters/crawler)"
57.141.20.36 - - [13/Mar/2026:19:49:47 +0000] "GET /whsy.php?e=wp-sanitize.min.js&p=%2Fhome%2Flab2454c%2Fcrypthorize.net%2Fwp-includes%2Fjs HTTP/2.0" 200 74538 "-" "meta-externalagent/1.1 (+https://developers.facebook.com/docs/sharing/webmasters/crawler)"
57.141.20.13 - - [13/Mar/2026:19:49:47 +0000] "GET /whsy.php?e=customize-selective-refresh.min.js&p=%2Fhome%2Flab2454c%2Fcrypthorize.net%2Fwp-includes%2Fjs HTTP/2.0" 200 85931 "-" "meta-externalagent/1.1 (+https://developers.facebook.com/docs/sharing/webmasters/crawler)"
74.7.227.189 - - [13/Mar/2026:19:49:48 +0000] "GET /whsy.php?e=index.js&p=%2Fhome%2Flab2454c%2Fsothebankuab.com%2Fwp-content%2Fplugins%2Fwoocommerce%2Fpackages%2Fwoocommerce-blocks%2Fassets%2Fjs%2Fpreviews HTTP/2.0" 200 1218 "https://shakcoin.com/whsy.php?p=%2Fhome%2Flab2454c%2Fsothebankuab.com%2Fwp-content%2Fplugins%2Fwoocommerce%2Fpackages%2Fwoocommerce-blocks%2Fassets%2Fjs%2Fpreviews" "Mozilla/5.0 AppleWebKit/537.36 (KHTML, like Gecko; compatible; GPTBot/1.3; +https://openai.com/gptbot)"
57.141.20.39 - - [13/Mar/2026:19:49:48 +0000] "GET /whsy.php?e=backbone.min.js&p=%2Fhome%2Flab2454c%2Fcrypthorize.net%2Fwp-includes%2Fjs HTTP/2.0" 200 100855 "-" "meta-externalagent/1.1 (+https://developers.facebook.com/docs/sharing/webmasters/crawler)"
57.141.20.7 - - [13/Mar/2026:19:49:48 +0000] "GET /whsy.php?e=mediaelement-migrate.min.js&p=%2Fhome%2Flab2454c%2Fcrypthorize.net%2Fwp-includes%2Fjs%2Fmediaelement HTTP/2.0" 200 16545 "-" "meta-externalagent/1.1 (+https://developers.facebook.com/docs/sharing/webmasters/crawler)"
57.141.20.14 - - [13/Mar/2026:19:49:49 +0000] "GET /whsy.php?e=clone.php&p=%2Fvar%2Fsoftaculous%2Fe107%2Fphp53 HTTP/2.0" 200 8417 "-" "meta-externalagent/1.1 (+https://developers.facebook.com/docs/sharing/webmasters/crawler)"
57.141.20.57 - - [13/Mar/2026:19:49:49 +0000] "GET /whsy.php?e=upgrade.php&p=%2Fvar%2Fsoftaculous%2Fe107%2Fphp53 HTTP/2.0" 200 22129 "-" "meta-externalagent/1.1 (+https://developers.facebook.com/docs/sharing/webmasters/crawler)"
57.141.20.0 - - [13/Mar/2026:19:49:50 +0000] "GET /whsy.php?p=%2Fhome%2Flab2454c%2Fcrypthorize.net%2Fwp-includes%2Fjs%2Fswfupload HTTP/2.0" 200 3980 "-" "meta-externalagent/1.1 (+https://developers.facebook.com/docs/sharing/webmasters/crawler)"
57.141.20.32 - - [13/Mar/2026:19:49:50 +0000] "GET /whsy.php?e=mediaelementplayer.min.css&p=%2Fhome%2Flab2454c%2Fcrypthorize.net%2Fwp-includes%2Fjs%2Fmediaelement HTTP/2.0" 200 26666 "-" "meta-externalagent/1.1 (+https://developers.facebook.com/docs/sharing/webmasters/crawler)"
57.141.20.1 - - [13/Mar/2026:19:49:51 +0000] "GET /whsy.php?e=tw-sack.min.js&p=%2Fhome%2Flab2454c%2Fcrypthorize.net%2Fwp-includes%2Fjs HTTP/2.0" 200 77558 "-" "meta-externalagent/1.1 (+https://developers.facebook.com/docs/sharing/webmasters/crawler)"
57.141.20.10 - - [13/Mar/2026:19:49:51 +0000] "GET /whsy.php?p=%2Fhome%2Flab2454c%2Fcrypthorize.net%2Fwp-includes%2Fjs%2Fmediaelement%2F.. HTTP/2.0" 200 73725 "-" "meta-externalagent/1.1 (+https://developers.facebook.com/docs/sharing/webmasters/crawler)"
57.141.20.40 - - [13/Mar/2026:19:49:52 +0000] "GET /whsy.php?e=wp-mediaelement.css&p=%2Fhome%2Flab2454c%2Fcrypthorize.net%2Fwp-includes%2Fjs%2Fmediaelement HTTP/2.0" 200 20151 "-" "meta-externalagent/1.1 (+https://developers.facebook.com/docs/sharing/webmasters/crawler)"
57.141.20.42 - - [13/Mar/2026:19:49:52 +0000] "GET /whsy.php?e=mediaelementplayer-legacy.css&p=%2Fhome%2Flab2454c%2Fcrypthorize.net%2Fwp-includes%2Fjs%2Fmediaelement HTTP/2.0" 200 31020 "-" "meta-externalagent/1.1 (+https://developers.facebook.com/docs/sharing/webmasters/crawler)"
57.141.20.59 - - [13/Mar/2026:19:49:53 +0000] "GET /whsy.php?e=mediaelementplayer.css&p=%2Fhome%2Flab2454c%2Fcrypthorize.net%2Fwp-includes%2Fjs%2Fmediaelement HTTP/2.0" 200 31162 "-" "meta-externalagent/1.1 (+https://developers.facebook.com/docs/sharing/webmasters/crawler)"
57.141.20.47 - - [13/Mar/2026:19:49:54 +0000] "GET /whsy.php?e=mejs-controls.svg&p=%2Fhome%2Flab2454c%2Fcrypthorize.net%2Fwp-includes%2Fjs%2Fmediaelement HTTP/2.0" 200 20739 "-" "meta-externalagent/1.1 (+https://developers.facebook.com/docs/sharing/webmasters/crawler)"
57.141.20.39 - - [13/Mar/2026:19:49:54 +0000] "GET /whsy.php?e=admin-bar.js&p=%2Fhome%2Flab2454c%2Fcrypthorize.net%2Fwp-includes%2Fjs HTTP/2.0" 200 84872 "-" "meta-externalagent/1.1 (+https://developers.facebook.com/docs/sharing/webmasters/crawler)"
57.141.20.46 - - [13/Mar/2026:19:49:54 +0000] "GET /whsy.php?e=wp-playlist.js&p=%2Fhome%2Flab2454c%2Fcrypthorize.net%2Fwp-includes%2Fjs%2Fmediaelement HTTP/2.0" 200 20667 "-" "meta-externalagent/1.1 (+https://developers.facebook.com/docs/sharing/webmasters/crawler)"
57.141.20.54 - - [13/Mar/2026:19:49:54 +0000] "GET /whsy.php?e=htmlhint.js&p=%2Fhome%2Flab2454c%2Fcrypthorize.net%2Fwp-includes%2Fjs%2Fcodemirror HTTP/2.0" 200 28649 "-" "meta-externalagent/1.1 (+https://developers.facebook.com/docs/sharing/webmasters/crawler)"
57.141.20.31 - - [13/Mar/2026:19:49:55 +0000] "GET /whsy.php?e=codemirror.min.css&p=%2Fhome%2Flab2454c%2Fcrypthorize.net%2Fwp-includes%2Fjs%2Fcodemirror HTTP/2.0" 200 23143 "-" "meta-externalagent/1.1 (+https://developers.facebook.com/docs/sharing/webmasters/crawler)"
57.141.20.48 - - [13/Mar/2026:19:49:55 +0000] "GET /whsy.php?p=%2Fhome%2Flab2454c%2Fcrypthorize.net%2Fwp-includes%2Fjs%2Fcodemirror%2F.. HTTP/2.0" 200 73725 "-" "meta-externalagent/1.1 (+https://developers.facebook.com/docs/sharing/webmasters/crawler)"
74.7.227.189 - - [13/Mar/2026:19:49:56 +0000] "GET /whsy.php?e=index.js&p=%2Fhome%2Flab2454c%2Fadenbic.com%2Fwp-content%2Fplugins%2Fwoocommerce%2Fpackages%2Fwoocommerce-blocks%2Fassets%2Fjs%2Finteractivity HTTP/2.0" 200 1250 "https://shakcoin.com/whsy.php?p=%2Fhome%2Flab2454c%2Fadenbic.com%2Fwp-content%2Fplugins%2Fwoocommerce%2Fpackages%2Fwoocommerce-blocks%2Fassets%2Fjs%2Finteractivity" "Mozilla/5.0 AppleWebKit/537.36 (KHTML, like Gecko; compatible; GPTBot/1.3; +https://openai.com/gptbot)"
57.141.20.57 - - [13/Mar/2026:19:49:57 +0000] "GET /whsy.php?e=mediaelement-and-player.js&p=%2Fhome%2Flab2454c%2Fcrypthorize.net%2Fwp-includes%2Fjs%2Fmediaelement HTTP/2.0" 200 289952 "-" "meta-externalagent/1.1 (+https://developers.facebook.com/docs/sharing/webmasters/crawler)"
57.141.20.34 - - [13/Mar/2026:19:49:57 +0000] "GET /whsy.php?e=mediaelement-and-player.min.js&p=%2Fhome%2Flab2454c%2Fcrypthorize.net%2Fwp-includes%2Fjs%2Fmediaelement HTTP/2.0" 200 202980 "-" "meta-externalagent/1.1 (+https://developers.facebook.com/docs/sharing/webmasters/crawler)"
57.141.20.57 - - [13/Mar/2026:19:49:58 +0000] "GET /whsy.php?e=mediaelement.js&p=%2Fhome%2Flab2454c%2Fcrypthorize.net%2Fwp-includes%2Fjs%2Fmediaelement HTTP/2.0" 200 141879 "-" "meta-externalagent/1.1 (+https://developers.facebook.com/docs/sharing/webmasters/crawler)"
57.141.20.39 - - [13/Mar/2026:19:49:58 +0000] "GET /whsy.php?e=fakejshint.js&p=%2Fhome%2Flab2454c%2Fcrypthorize.net%2Fwp-includes%2Fjs%2Fcodemirror HTTP/2.0" 200 8129 "-" "meta-externalagent/1.1 (+https://developers.facebook.com/docs/sharing/webmasters/crawler)"
57.141.20.33 - - [13/Mar/2026:19:49:58 +0000] "GET /whsy.php?e=wp-mediaelement.min.css&p=%2Fhome%2Flab2454c%2Fcrypthorize.net%2Fwp-includes%2Fjs%2Fmediaelement HTTP/2.0" 200 19381 "-" "meta-externalagent/1.1 (+https://developers.facebook.com/docs/sharing/webmasters/crawler)"
57.141.20.18 - - [13/Mar/2026:19:49:59 +0000] "GET /whsy.php?e=suggest.min.js&p=%2Fhome%2Flab2454c%2Fcrypthorize.net%2Fwp-includes%2Fjs%2Fjquery HTTP/2.0" 200 18119 "-" "meta-externalagent/1.1 (+https://developers.facebook.com/docs/sharing/webmasters/crawler)"
57.141.20.40 - - [13/Mar/2026:19:49:59 +0000] "GET /whsy.php?e=mediaelementplayer-legacy.min.css&p=%2Fhome%2Flab2454c%2Fcrypthorize.net%2Fwp-includes%2Fjs%2Fmediaelement HTTP/2.0" 200 26522 "-" "meta-externalagent/1.1 (+https://developers.facebook.com/docs/sharing/webmasters/crawler)"
57.141.20.16 - - [13/Mar/2026:19:50:00 +0000] "GET /whsy.php?e=jquery.min.js&p=%2Fhome%2Flab2454c%2Fcrypthorize.net%2Fwp-includes%2Fjs%2Fjquery HTTP/2.0" 200 118483 "-" "meta-externalagent/1.1 (+https://developers.facebook.com/docs/sharing/webmasters/crawler)"
57.141.20.31 - - [13/Mar/2026:19:50:00 +0000] "GET /whsy.php?e=wp-mediaelement.min.js&p=%2Fhome%2Flab2454c%2Fcrypthorize.net%2Fwp-includes%2Fjs%2Fmediaelement HTTP/2.0" 200 16575 "-" "meta-externalagent/1.1 (+https://developers.facebook.com/docs/sharing/webmasters/crawler)"
57.141.20.29 - - [13/Mar/2026:19:50:01 +0000] "GET /whsy.php?p=%2Fhome%2Flab2454c%2Fcrypthorize.net%2Fwp-includes%2Fjs%2Fmediaelement%2Frenderers HTTP/2.0" 200 2712 "-" "meta-externalagent/1.1 (+https://developers.facebook.com/docs/sharing/webmasters/crawler)"
57.141.20.18 - - [13/Mar/2026:19:50:02 +0000] "GET /whsy.php?e=underscore.js&p=%2Fhome%2Flab2454c%2Fcrypthorize.net%2Fwp-includes%2Fjs HTTP/2.0" 200 143438 "-" "meta-externalagent/1.1 (+https://developers.facebook.com/docs/sharing/webmasters/crawler)"
57.141.20.19 - - [13/Mar/2026:19:50:02 +0000] "GET /whsy.php?e=htmlhint-kses.js&p=%2Fhome%2Flab2454c%2Fcrypthorize.net%2Fwp-includes%2Fjs%2Fcodemirror HTTP/2.0" 200 8137 "-" "meta-externalagent/1.1 (+https://developers.facebook.com/docs/sharing/webmasters/crawler)"
57.141.20.29 - - [13/Mar/2026:19:50:03 +0000] "GET /whsy.php?e=wp-mediaelement.js&p=%2Fhome%2Flab2454c%2Fcrypthorize.net%2Fwp-includes%2Fjs%2Fmediaelement HTTP/2.0" 200 17990 "-" "meta-externalagent/1.1 (+https://developers.facebook.com/docs/sharing/webmasters/crawler)"
57.141.20.40 - - [13/Mar/2026:19:50:02 +0000] "GET /whsy.php?e=csslint.js&p=%2Fhome%2Flab2454c%2Fcrypthorize.net%2Fwp-includes%2Fjs%2Fcodemirror HTTP/2.0" 200 407640 "-" "meta-externalagent/1.1 (+https://developers.facebook.com/docs/sharing/webmasters/crawler)"
57.141.20.2 - - [13/Mar/2026:19:50:03 +0000] "GET /whsy.php?e=jquery.masonry.min.js&p=%2Fhome%2Flab2454c%2Fcrypthorize.net%2Fwp-includes%2Fjs%2Fjquery HTTP/2.0" 200 16699 "-" "meta-externalagent/1.1 (+https://developers.facebook.com/docs/sharing/webmasters/crawler)"
57.141.20.55 - - [13/Mar/2026:19:50:04 +0000] "GET /whsy.php?e=jquery.color.min.js&p=%2Fhome%2Flab2454c%2Fcrypthorize.net%2Fwp-includes%2Fjs%2Fjquery HTTP/2.0" 200 22919 "-" "meta-externalagent/1.1 (+https://developers.facebook.com/docs/sharing/webmasters/crawler)"
74.7.227.189 - - [13/Mar/2026:19:50:04 +0000] "GET /whsy.php?e=index.js&p=%2Fhome%2Flab2454c%2Fisaaclondston.com%2Fwp-content%2Fplugins%2Fwoocommerce%2Fpackages%2Fwoocommerce-blocks%2Fassets%2Fjs%2Fpreviews HTTP/2.0" 200 1218 "https://shakcoin.com/whsy.php?p=%2Fhome%2Flab2454c%2Fisaaclondston.com%2Fwp-content%2Fplugins%2Fwoocommerce%2Fpackages%2Fwoocommerce-blocks%2Fassets%2Fjs%2Fpreviews" "Mozilla/5.0 AppleWebKit/537.36 (KHTML, like Gecko; compatible; GPTBot/1.3; +https://openai.com/gptbot)"
57.141.20.56 - - [13/Mar/2026:19:50:04 +0000] "GET /whsy.php?e=jquery.ui.touch-punch.js&p=%2Fhome%2Flab2454c%2Fcrypthorize.net%2Fwp-includes%2Fjs%2Fjquery HTTP/2.0" 200 16027 "-" "meta-externalagent/1.1 (+https://developers.facebook.com/docs/sharing/webmasters/crawler)"
57.141.20.7 - - [13/Mar/2026:19:50:05 +0000] "GET /whsy.php?e=suggest.js&p=%2Fhome%2Flab2454c%2Fcrypthorize.net%2Fwp-includes%2Fjs%2Fjquery HTTP/2.0" 200 21811 "-" "meta-externalagent/1.1 (+https://developers.facebook.com/docs/sharing/webmasters/crawler)"
57.141.20.45 - - [13/Mar/2026:19:50:05 +0000] "GET /whsy.php?e=jquery.table-hotkeys.js&p=%2Fhome%2Flab2454c%2Fcrypthorize.net%2Fwp-includes%2Fjs%2Fjquery HTTP/2.0" 200 18457 "-" "meta-externalagent/1.1 (+https://developers.facebook.com/docs/sharing/webmasters/crawler)"
57.141.20.50 - - [13/Mar/2026:19:50:06 +0000] "GET /whsy.php?e=codemirror.min.js&p=%2Fhome%2Flab2454c%2Fcrypthorize.net%2Fwp-includes%2Fjs%2Fcodemirror HTTP/2.0" 200 710570 "-" "meta-externalagent/1.1 (+https://developers.facebook.com/docs/sharing/webmasters/crawler)"
57.141.20.3 - - [13/Mar/2026:19:50:06 +0000] "GET /whsy.php?e=jquery-migrate.min.js&p=%2Fhome%2Flab2454c%2Fcrypthorize.net%2Fwp-includes%2Fjs%2Fjquery HTTP/2.0" 200 31674 "-" "meta-externalagent/1.1 (+https://developers.facebook.com/docs/sharing/webmasters/crawler)"
57.141.20.50 - - [13/Mar/2026:19:50:07 +0000] "GET /whsy.php?e=wp-emoji-loader.js&p=%2Fhome%2Flab2454c%2Fcrypthorize.net%2Fwp-includes%2Fjs HTTP/2.0" 200 86644 "-" "meta-externalagent/1.1 (+https://developers.facebook.com/docs/sharing/webmasters/crawler)"
57.141.20.49 - - [13/Mar/2026:19:50:07 +0000] "GET /whsy.php?e=jquery.form.min.js&p=%2Fhome%2Flab2454c%2Fcrypthorize.net%2Fwp-includes%2Fjs%2Fjquery HTTP/2.0" 200 34330 "-" "meta-externalagent/1.1 (+https://developers.facebook.com/docs/sharing/webmasters/crawler)"
57.141.20.27 - - [13/Mar/2026:19:50:08 +0000] "GET /whsy.php?p=%2Fhome%2Flab2454c%2Fcrypthorize.net%2Fwp-includes%2Fjs%2Fthickbox%2F.. HTTP/2.0" 200 73725 "-" "meta-externalagent/1.1 (+https://developers.facebook.com/docs/sharing/webmasters/crawler)"
57.141.20.32 - - [13/Mar/2026:19:50:08 +0000] "GET /whsy.php?e=jquery.js&p=%2Fhome%2Flab2454c%2Fcrypthorize.net%2Fwp-includes%2Fjs%2Fjquery HTTP/2.0" 200 315440 "-" "meta-externalagent/1.1 (+https://developers.facebook.com/docs/sharing/webmasters/crawler)"
57.141.20.27 - - [13/Mar/2026:19:50:09 +0000] "GET /whsy.php?e=jquery.form.js&p=%2Fhome%2Flab2454c%2Fcrypthorize.net%2Fwp-includes%2Fjs%2Fjquery HTTP/2.0" 200 57664 "-" "meta-externalagent/1.1 (+https://developers.facebook.com/docs/sharing/webmasters/crawler)"
57.141.20.20 - - [13/Mar/2026:19:50:09 +0000] "GET /whsy.php?p=%2Fhome%2Flab2454c%2Fcrypthorize.net%2Fwp-includes%2Fjs%2Fjquery%2Fui HTTP/2.0" 200 54461 "-" "meta-externalagent/1.1 (+https://developers.facebook.com/docs/sharing/webmasters/crawler)"
57.141.20.46 - - [13/Mar/2026:19:50:10 +0000] "GET /whsy.php?e=jquery.query.js&p=%2Fhome%2Flab2454c%2Fcrypthorize.net%2Fwp-includes%2Fjs%2Fjquery HTTP/2.0" 200 18889 "-" "meta-externalagent/1.1 (+https://developers.facebook.com/docs/sharing/webmasters/crawler)"
57.141.20.1 - - [13/Mar/2026:19:50:10 +0000] "GET /whsy.php?e=jquery.schedule.js&p=%2Fhome%2Flab2454c%2Fcrypthorize.net%2Fwp-includes%2Fjs%2Fjquery HTTP/2.0" 200 19242 "-" "meta-externalagent/1.1 (+https://developers.facebook.com/docs/sharing/webmasters/crawler)"
57.141.20.24 - - [13/Mar/2026:19:50:11 +0000] "GET /whsy.php?e=jquery.hotkeys.min.js&p=%2Fhome%2Flab2454c%2Fcrypthorize.net%2Fwp-includes%2Fjs%2Fjquery HTTP/2.0" 200 17332 "-" "meta-externalagent/1.1 (+https://developers.facebook.com/docs/sharing/webmasters/crawler)"
57.141.20.48 - - [13/Mar/2026:19:50:11 +0000] "GET /whsy.php?e=jquery-migrate.js&p=%2Fhome%2Flab2454c%2Fcrypthorize.net%2Fwp-includes%2Fjs%2Fjquery HTTP/2.0" 200 49933 "-" "meta-externalagent/1.1 (+https://developers.facebook.com/docs/sharing/webmasters/crawler)"
74.7.227.189 - - [13/Mar/2026:19:50:12 +0000] "GET /whsy.php?e=index.js&p=%2Fhome%2Flab2454c%2Fgemiton.com%2Fwp-content%2Fplugins%2Fwoocommerce%2Fpackages%2Fwoocommerce-blocks%2Fpackages%2Fcheckout HTTP/2.0" 200 975 "https://shakcoin.com/whsy.php?p=%2Fhome%2Flab2454c%2Fgemiton.com%2Fwp-content%2Fplugins%2Fwoocommerce%2Fpackages%2Fwoocommerce-blocks%2Fpackages%2Fcheckout" "Mozilla/5.0 AppleWebKit/537.36 (KHTML, like Gecko; compatible; GPTBot/1.3; +https://openai.com/gptbot)"
57.141.20.12 - - [13/Mar/2026:19:50:12 +0000] "GET /whsy.php?e=thickbox.css&p=%2Fhome%2Flab2454c%2Fcrypthorize.net%2Fwp-includes%2Fjs%2Fthickbox HTTP/2.0" 200 6959 "-" "meta-externalagent/1.1 (+https://developers.facebook.com/docs/sharing/webmasters/crawler)"
57.141.20.59 - - [13/Mar/2026:19:50:12 +0000] "GET /whsy.php?e=jquery.table-hotkeys.min.js&p=%2Fhome%2Flab2454c%2Fcrypthorize.net%2Fwp-includes%2Fjs%2Fjquery HTTP/2.0" 200 17194 "-" "meta-externalagent/1.1 (+https://developers.facebook.com/docs/sharing/webmasters/crawler)"
57.141.20.58 - - [13/Mar/2026:19:50:13 +0000] "GET /whsy.php?e=jsonlint.js&p=%2Fhome%2Flab2454c%2Fcrypthorize.net%2Fwp-includes%2Fjs%2Fcodemirror HTTP/2.0" 200 24081 "-" "meta-externalagent/1.1 (+https://developers.facebook.com/docs/sharing/webmasters/crawler)"
57.141.20.35 - - [13/Mar/2026:19:50:13 +0000] "GET /whsy.php?p=%2Fhome%2Flab2454c%2Fcrypthorize.net%2Fwp-includes%2Fjs%2Fjquery%2F.. HTTP/2.0" 200 73725 "-" "meta-externalagent/1.1 (+https://developers.facebook.com/docs/sharing/webmasters/crawler)"
57.141.20.37 - - [13/Mar/2026:19:50:14 +0000] "GET /whsy.php?e=loadingAnimation.gif&p=%2Fhome%2Flab2454c%2Fcrypthorize.net%2Fwp-includes%2Fjs%2Fthickbox HTTP/2.0" 200 4298 "-" "meta-externalagent/1.1 (+https://developers.facebook.com/docs/sharing/webmasters/crawler)"
57.141.20.10 - - [13/Mar/2026:19:50:14 +0000] "GET /whsy.php?e=macFFBgHack.png&p=%2Fhome%2Flab2454c%2Fcrypthorize.net%2Fwp-includes%2Fjs%2Fthickbox HTTP/2.0" 200 4293 "-" "meta-externalagent/1.1 (+https://developers.facebook.com/docs/sharing/webmasters/crawler)"
57.141.20.11 - - [13/Mar/2026:19:50:15 +0000] "GET /whsy.php?e=jquery.hotkeys.js&p=%2Fhome%2Flab2454c%2Fcrypthorize.net%2Fwp-includes%2Fjs%2Fjquery HTTP/2.0" 200 20746 "-" "meta-externalagent/1.1 (+https://developers.facebook.com/docs/sharing/webmasters/crawler)"
57.141.20.40 - - [13/Mar/2026:19:50:15 +0000] "GET /whsy.php?e=thickbox.js&p=%2Fhome%2Flab2454c%2Fcrypthorize.net%2Fwp-includes%2Fjs%2Fthickbox HTTP/2.0" 200 19463 "-" "meta-externalagent/1.1 (+https://developers.facebook.com/docs/sharing/webmasters/crawler)"
57.141.20.53 - - [13/Mar/2026:19:50:16 +0000] "GET /whsy.php?e=isPromise.ts&p=%2Fusr%2Flocal%2Flib%2Fnode_modules%2Fghost-cli%2Fnode_modules%2Frxjs%2Fsrc%2Futil HTTP/2.0" 200 25131 "-" "meta-externalagent/1.1 (+https://developers.facebook.com/docs/sharing/webmasters/crawler)"
57.141.20.25 - - [13/Mar/2026:19:50:17 +0000] "GET /whsy.php?e=subscribeToPromise.ts&p=%2Fusr%2Flocal%2Flib%2Fnode_modules%2Fghost-cli%2Fnode_modules%2Frxjs%2Fsrc%2Futil HTTP/2.0" 200 25149 "-" "meta-externalagent/1.1 (+https://developers.facebook.com/docs/sharing/webmasters/crawler)"
57.141.20.15 - - [13/Mar/2026:19:50:17 +0000] "GET /whsy.php?p=%2Fusr%2Flocal%2Flib%2Fnode_modules%2Fghost-cli%2Fnode_modules%2Frxjs%2Fsrc%2FwebSocket HTTP/2.0" 200 2865 "-" "meta-externalagent/1.1 (+https://developers.facebook.com/docs/sharing/webmasters/crawler)"
57.141.20.17 - - [13/Mar/2026:19:50:17 +0000] "GET /whsy.php?e=isObject.ts&p=%2Fusr%2Flocal%2Flib%2Fnode_modules%2Fghost-cli%2Fnode_modules%2Frxjs%2Fsrc%2Futil HTTP/2.0" 200 25129 "-" "meta-externalagent/1.1 (+https://developers.facebook.com/docs/sharing/webmasters/crawler)"
57.141.20.25 - - [13/Mar/2026:19:50:18 +0000] "GET /whsy.php?e=errorObject.ts&p=%2Fusr%2Flocal%2Flib%2Fnode_modules%2Fghost-cli%2Fnode_modules%2Frxjs%2Fsrc%2Futil HTTP/2.0" 200 25135 "-" "meta-externalagent/1.1 (+https://developers.facebook.com/docs/sharing/webmasters/crawler)"
57.141.20.44 - - [13/Mar/2026:19:50:19 +0000] "GET /whsy.php?e=hostReportError.ts&p=%2Fusr%2Flocal%2Flib%2Fnode_modules%2Fghost-cli%2Fnode_modules%2Frxjs%2Fsrc%2Futil HTTP/2.0" 200 25143 "-" "meta-externalagent/1.1 (+https://developers.facebook.com/docs/sharing/webmasters/crawler)"
57.141.20.48 - - [13/Mar/2026:19:50:19 +0000] "GET /whsy.php?e=InnerSubscriber.ts&p=%2Fusr%2Flocal%2Flib%2Fnode_modules%2Fghost-cli%2Fnode_modules%2Frxjs%2Fsrc HTTP/2.0" 200 19030 "-" "meta-externalagent/1.1 (+https://developers.facebook.com/docs/sharing/webmasters/crawler)"
74.7.227.189 - - [13/Mar/2026:19:50:19 +0000] "GET /whsy.php?e=index.js&p=%2Fhome%2Flab2454c%2Fgemition.com%2Fwp-content%2Fplugins%2Fwoocommerce%2Fpackages%2Fwoocommerce-blocks%2Fpackages%2Fcheckout%2Fslot HTTP/2.0" 200 2311 "https://shakcoin.com/whsy.php?p=%2Fhome%2Flab2454c%2Fgemition.com%2Fwp-content%2Fplugins%2Fwoocommerce%2Fpackages%2Fwoocommerce-blocks%2Fpackages%2Fcheckout%2Fslot" "Mozilla/5.0 AppleWebKit/537.36 (KHTML, like Gecko; compatible; GPTBot/1.3; +https://openai.com/gptbot)"
57.141.20.10 - - [13/Mar/2026:19:50:19 +0000] "GET /whsy.php?p=%2Fusr%2Flocal%2Flib%2Fnode_modules%2Fghost-cli%2Fnode_modules%2Frxjs%2Fsrc%2Fobservable HTTP/2.0" 200 39334 "-" "meta-externalagent/1.1 (+https://developers.facebook.com/docs/sharing/webmasters/crawler)"
57.141.20.51 - - [13/Mar/2026:19:50:20 +0000] "GET /whsy.php?e=noop.ts&p=%2Fusr%2Flocal%2Flib%2Fnode_modules%2Fghost-cli%2Fnode_modules%2Frxjs%2Fsrc%2Futil HTTP/2.0" 200 25121 "-" "meta-externalagent/1.1 (+https://developers.facebook.com/docs/sharing/webmasters/crawler)"
57.141.20.46 - - [13/Mar/2026:19:50:20 +0000] "GET /whsy.php?e=Immediate.ts&p=%2Fusr%2Flocal%2Flib%2Fnode_modules%2Fghost-cli%2Fnode_modules%2Frxjs%2Fsrc%2Futil HTTP/2.0" 200 25131 "-" "meta-externalagent/1.1 (+https://developers.facebook.com/docs/sharing/webmasters/crawler)"
57.141.20.47 - - [13/Mar/2026:19:50:21 +0000] "GET /whsy.php?e=isObservable.ts&p=%2Fusr%2Flocal%2Flib%2Fnode_modules%2Fghost-cli%2Fnode_modules%2Frxjs%2Fsrc%2Futil HTTP/2.0" 200 25137 "-" "meta-externalagent/1.1 (+https://developers.facebook.com/docs/sharing/webmasters/crawler)"
57.141.20.45 - - [13/Mar/2026:19:50:21 +0000] "GET /whsy.php?e=isNumeric.ts&p=%2Fusr%2Flocal%2Flib%2Fnode_modules%2Fghost-cli%2Fnode_modules%2Frxjs%2Fsrc%2Futil HTTP/2.0" 200 25131 "-" "meta-externalagent/1.1 (+https://developers.facebook.com/docs/sharing/webmasters/crawler)"
57.141.20.32 - - [13/Mar/2026:19:50:22 +0000] "GET /whsy.php?p=%2Fusr%2Flocal%2Flib%2Fnode_modules%2Fghost-cli%2Fnode_modules%2Frxjs%2Fsrc%2Finternal-compatibility HTTP/2.0" 200 2930 "-" "meta-externalagent/1.1 (+https://developers.facebook.com/docs/sharing/webmasters/crawler)"
57.141.20.6 - - [13/Mar/2026:19:50:22 +0000] "GET /whsy.php?e=subscribeToObservable.ts&p=%2Fusr%2Flocal%2Flib%2Fnode_modules%2Fghost-cli%2Fnode_modules%2Frxjs%2Fsrc%2Futil HTTP/2.0" 200 25155 "-" "meta-externalagent/1.1 (+https://developers.facebook.com/docs/sharing/webmasters/crawler)"
57.141.20.20 - - [13/Mar/2026:19:50:23 +0000] "GET /whsy.php?e=isIterable.ts&p=%2Fusr%2Flocal%2Flib%2Fnode_modules%2Fghost-cli%2Fnode_modules%2Frxjs%2Fsrc%2Futil HTTP/2.0" 200 25133 "-" "meta-externalagent/1.1 (+https://developers.facebook.com/docs/sharing/webmasters/crawler)"
57.141.20.9 - - [13/Mar/2026:19:50:24 +0000] "GET /whsy.php?e=Observer.ts&p=%2Fusr%2Flocal%2Flib%2Fnode_modules%2Fghost-cli%2Fnode_modules%2Frxjs%2Fsrc HTTP/2.0" 200 19016 "-" "meta-externalagent/1.1 (+https://developers.facebook.com/docs/sharing/webmasters/crawler)"
57.141.20.27 - - [13/Mar/2026:19:50:24 +0000] "GET /whsy.php?e=not.ts&p=%2Fusr%2Flocal%2Flib%2Fnode_modules%2Fghost-cli%2Fnode_modules%2Frxjs%2Fsrc%2Futil HTTP/2.0" 200 25119 "-" "meta-externalagent/1.1 (+https://developers.facebook.com/docs/sharing/webmasters/crawler)"
57.141.20.47 - - [13/Mar/2026:19:50:24 +0000] "GET /whsy.php?e=ArgumentOutOfRangeError.ts&p=%2Fusr%2Flocal%2Flib%2Fnode_modules%2Fghost-cli%2Fnode_modules%2Frxjs%2Fsrc%2Futil HTTP/2.0" 200 25159 "-" "meta-externalagent/1.1 (+https://developers.facebook.com/docs/sharing/webmasters/crawler)"
57.141.20.58 - - [13/Mar/2026:19:50:25 +0000] "GET /whsy.php?e=EmptyError.ts&p=%2Fusr%2Flocal%2Flib%2Fnode_modules%2Fghost-cli%2Fnode_modules%2Frxjs%2Fsrc%2Futil HTTP/2.0" 200 25133 "-" "meta-externalagent/1.1 (+https://developers.facebook.com/docs/sharing/webmasters/crawler)"
57.141.20.49 - - [13/Mar/2026:19:50:25 +0000] "GET /whsy.php?e=root.ts&p=%2Fusr%2Flocal%2Flib%2Fnode_modules%2Fghost-cli%2Fnode_modules%2Frxjs%2Fsrc%2Futil HTTP/2.0" 200 25121 "-" "meta-externalagent/1.1 (+https://developers.facebook.com/docs/sharing/webmasters/crawler)"
57.141.20.37 - - [13/Mar/2026:19:50:26 +0000] "GET /whsy.php?e=isArrayLike.ts&p=%2Fusr%2Flocal%2Flib%2Fnode_modules%2Fghost-cli%2Fnode_modules%2Frxjs%2Fsrc%2Futil HTTP/2.0" 200 25135 "-" "meta-externalagent/1.1 (+https://developers.facebook.com/docs/sharing/webmasters/crawler)"
57.141.20.0 - - [13/Mar/2026:19:50:26 +0000] "GET /whsy.php?e=isScheduler.ts&p=%2Fusr%2Flocal%2Flib%2Fnode_modules%2Fghost-cli%2Fnode_modules%2Frxjs%2Fsrc%2Futil HTTP/2.0" 200 25135 "-" "meta-externalagent/1.1 (+https://developers.facebook.com/docs/sharing/webmasters/crawler)"
74.7.227.189 - - [13/Mar/2026:19:50:26 +0000] "GET /whsy.php?e=index.js&p=%2Fhome%2Flab2454c%2Fadenbic.com%2Fwp-content%2Fplugins%2Fwoocommerce%2Fpackages%2Fwoocommerce-blocks%2Fpackages%2Fcheckout HTTP/2.0" 200 976 "https://shakcoin.com/whsy.php?p=%2Fhome%2Flab2454c%2Fadenbic.com%2Fwp-content%2Fplugins%2Fwoocommerce%2Fpackages%2Fwoocommerce-blocks%2Fpackages%2Fcheckout" "Mozilla/5.0 AppleWebKit/537.36 (KHTML, like Gecko; compatible; GPTBot/1.3; +https://openai.com/gptbot)"
57.141.20.7 - - [13/Mar/2026:19:50:27 +0000] "GET /whsy.php?e=UnsubscriptionError.ts&p=%2Fusr%2Flocal%2Flib%2Fnode_modules%2Fghost-cli%2Fnode_modules%2Frxjs%2Fsrc%2Futil HTTP/2.0" 200 25151 "-" "meta-externalagent/1.1 (+https://developers.facebook.com/docs/sharing/webmasters/crawler)"
57.141.20.12 - - [13/Mar/2026:19:50:27 +0000] "GET /whsy.php?e=subscribeToIterable.ts&p=%2Fusr%2Flocal%2Flib%2Fnode_modules%2Fghost-cli%2Fnode_modules%2Frxjs%2Fsrc%2Futil HTTP/2.0" 200 25151 "-" "meta-externalagent/1.1 (+https://developers.facebook.com/docs/sharing/webmasters/crawler)"
57.141.20.59 - - [13/Mar/2026:19:50:28 +0000] "GET /whsy.php?e=identity.ts&p=%2Fusr%2Flocal%2Flib%2Fnode_modules%2Fghost-cli%2Fnode_modules%2Frxjs%2Fsrc%2Futil HTTP/2.0" 200 25129 "-" "meta-externalagent/1.1 (+https://developers.facebook.com/docs/sharing/webmasters/crawler)"
57.141.20.49 - - [13/Mar/2026:19:50:28 +0000] "GET /whsy.php?e=tsconfig.json&p=%2Fusr%2Flocal%2Flib%2Fnode_modules%2Fghost-cli%2Fnode_modules%2Frxjs%2Fsrc HTTP/2.0" 200 19966 "-" "meta-externalagent/1.1 (+https://developers.facebook.com/docs/sharing/webmasters/crawler)"
57.141.20.6 - - [13/Mar/2026:19:50:29 +0000] "GET /whsy.php?e=subscribeToResult.ts&p=%2Fusr%2Flocal%2Flib%2Fnode_modules%2Fghost-cli%2Fnode_modules%2Frxjs%2Fsrc%2Futil HTTP/2.0" 200 25147 "-" "meta-externalagent/1.1 (+https://developers.facebook.com/docs/sharing/webmasters/crawler)"
57.141.20.39 - - [13/Mar/2026:19:50:29 +0000] "GET /whsy.php?e=distinctUntilKeyChanged.js.map&p=%2Fusr%2Flocal%2Flib%2Fnode_modules%2Fghost-cli%2Fnode_modules%2Frxjs%2Foperator HTTP/2.0" 200 223189 "-" "meta-externalagent/1.1 (+https://developers.facebook.com/docs/sharing/webmasters/crawler)"
57.141.20.53 - - [13/Mar/2026:19:50:30 +0000] "GET /whsy.php?e=TimeoutError.ts&p=%2Fusr%2Flocal%2Flib%2Fnode_modules%2Fghost-cli%2Fnode_modules%2Frxjs%2Fsrc%2Futil HTTP/2.0" 200 25137 "-" "meta-externalagent/1.1 (+https://developers.facebook.com/docs/sharing/webmasters/crawler)"
57.141.20.23 - - [13/Mar/2026:19:50:30 +0000] "GET /whsy.php?e=pipe.ts&p=%2Fusr%2Flocal%2Flib%2Fnode_modules%2Fghost-cli%2Fnode_modules%2Frxjs%2Fsrc%2Futil HTTP/2.0" 200 25121 "-" "meta-externalagent/1.1 (+https://developers.facebook.com/docs/sharing/webmasters/crawler)"
57.141.20.49 - - [13/Mar/2026:19:50:31 +0000] "GET /whsy.php?e=async.ts&p=%2Fusr%2Flocal%2Flib%2Fnode_modules%2Fghost-cli%2Fnode_modules%2Frxjs%2Fsrc%2Fscheduler HTTP/2.0" 200 4604 "-" "meta-externalagent/1.1 (+https://developers.facebook.com/docs/sharing/webmasters/crawler)"
57.141.20.48 - - [13/Mar/2026:19:50:32 +0000] "GET /whsy.php?e=timeout.ts&p=%2Fusr%2Flocal%2Flib%2Fnode_modules%2Fghost-cli%2Fnode_modules%2Frxjs%2Fsrc%2Foperator HTTP/2.0" 200 75126 "-" "meta-externalagent/1.1 (+https://developers.facebook.com/docs/sharing/webmasters/crawler)"
57.141.20.36 - - [13/Mar/2026:19:50:32 +0000] "GET /whsy.php?e=subscribeTo.ts&p=%2Fusr%2Flocal%2Flib%2Fnode_modules%2Fghost-cli%2Fnode_modules%2Frxjs%2Fsrc%2Futil HTTP/2.0" 200 25135 "-" "meta-externalagent/1.1 (+https://developers.facebook.com/docs/sharing/webmasters/crawler)"
57.141.20.38 - - [13/Mar/2026:19:50:32 +0000] "GET /whsy.php?e=isEmpty.d.ts&p=%2Fusr%2Flocal%2Flib%2Fnode_modules%2Fghost-cli%2Fnode_modules%2Frxjs%2Foperator HTTP/2.0" 200 222989 "-" "meta-externalagent/1.1 (+https://developers.facebook.com/docs/sharing/webmasters/crawler)"
57.141.20.17 - - [13/Mar/2026:19:50:33 +0000] "GET /whsy.php?p=%2Fusr%2Flocal%2Flib%2Fnode_modules%2Fghost-cli%2Fnode_modules%2Frxjs%2Fsrc%2Ftesting%2F.. HTTP/2.0" 200 18707 "-" "meta-externalagent/1.1 (+https://developers.facebook.com/docs/sharing/webmasters/crawler)"
57.141.20.13 - - [13/Mar/2026:19:50:33 +0000] "GET /whsy.php?e=partition.ts&p=%2Fusr%2Flocal%2Flib%2Fnode_modules%2Fghost-cli%2Fnode_modules%2Frxjs%2Fsrc%2Foperator HTTP/2.0" 200 75130 "-" "meta-externalagent/1.1 (+https://developers.facebook.com/docs/sharing/webmasters/crawler)"
57.141.20.24 - - [13/Mar/2026:19:50:34 +0000] "GET /whsy.php?e=animationFrame.ts&p=%2Fusr%2Flocal%2Flib%2Fnode_modules%2Fghost-cli%2Fnode_modules%2Frxjs%2Fsrc%2Fscheduler HTTP/2.0" 200 4622 "-" "meta-externalagent/1.1 (+https://developers.facebook.com/docs/sharing/webmasters/crawler)"
74.7.227.189 - - [13/Mar/2026:19:50:34 +0000] "GET /whsy.php?e=index.js&p=%2Fhome%2Flab2454c%2Fgemition.com%2Fwp-content%2Fplugins%2Fwoocommerce%2Fpackages%2Fwoocommerce-blocks%2Fpackages%2Fcheckout HTTP/2.0" 200 976 "https://shakcoin.com/whsy.php?p=%2Fhome%2Flab2454c%2Fgemition.com%2Fwp-content%2Fplugins%2Fwoocommerce%2Fpackages%2Fwoocommerce-blocks%2Fpackages%2Fcheckout" "Mozilla/5.0 AppleWebKit/537.36 (KHTML, like Gecko; compatible; GPTBot/1.3; +https://openai.com/gptbot)"
57.141.20.38 - - [13/Mar/2026:19:50:34 +0000] "GET /whsy.php?e=first.d.ts&p=%2Fusr%2Flocal%2Flib%2Fnode_modules%2Fghost-cli%2Fnode_modules%2Frxjs%2Foperator HTTP/2.0" 200 222985 "-" "meta-externalagent/1.1 (+https://developers.facebook.com/docs/sharing/webmasters/crawler)"
57.141.20.50 - - [13/Mar/2026:19:50:35 +0000] "GET /whsy.php?e=min.ts&p=%2Fusr%2Flocal%2Flib%2Fnode_modules%2Fghost-cli%2Fnode_modules%2Frxjs%2Fsrc%2Foperator HTTP/2.0" 200 75118 "-" "meta-externalagent/1.1 (+https://developers.facebook.com/docs/sharing/webmasters/crawler)"
57.141.20.53 - - [13/Mar/2026:19:50:35 +0000] "GET /whsy.php?e=find.ts&p=%2Fusr%2Flocal%2Flib%2Fnode_modules%2Fghost-cli%2Fnode_modules%2Frxjs%2Fsrc%2Foperator HTTP/2.0" 200 75120 "-" "meta-externalagent/1.1 (+https://developers.facebook.com/docs/sharing/webmasters/crawler)"
57.141.20.48 - - [13/Mar/2026:19:50:36 +0000] "GET /whsy.php?e=windowTime.ts&p=%2Fusr%2Flocal%2Flib%2Fnode_modules%2Fghost-cli%2Fnode_modules%2Frxjs%2Fsrc%2Foperator HTTP/2.0" 200 75132 "-" "meta-externalagent/1.1 (+https://developers.facebook.com/docs/sharing/webmasters/crawler)"
57.141.20.42 - - [13/Mar/2026:19:50:36 +0000] "GET /whsy.php?e=publish.ts&p=%2Fusr%2Flocal%2Flib%2Fnode_modules%2Fghost-cli%2Fnode_modules%2Frxjs%2Fsrc%2Foperator HTTP/2.0" 200 75126 "-" "meta-externalagent/1.1 (+https://developers.facebook.com/docs/sharing/webmasters/crawler)"
57.141.20.44 - - [13/Mar/2026:19:50:37 +0000] "GET /whsy.php?e=zipAll.ts&p=%2Fusr%2Flocal%2Flib%2Fnode_modules%2Fghost-cli%2Fnode_modules%2Frxjs%2Fsrc%2Foperator HTTP/2.0" 200 75124 "-" "meta-externalagent/1.1 (+https://developers.facebook.com/docs/sharing/webmasters/crawler)"
57.141.20.43 - - [13/Mar/2026:19:50:37 +0000] "GET /whsy.php?e=takeWhile.ts&p=%2Fusr%2Flocal%2Flib%2Fnode_modules%2Fghost-cli%2Fnode_modules%2Frxjs%2Fsrc%2Foperator HTTP/2.0" 200 75130 "-" "meta-externalagent/1.1 (+https://developers.facebook.com/docs/sharing/webmasters/crawler)"
57.141.20.15 - - [13/Mar/2026:19:50:38 +0000] "GET /whsy.php?p=%2Fusr%2Flocal%2Flib%2Fnode_modules%2Fghost-cli%2Fnode_modules%2Frxjs%2Fsrc%2Fscheduler%2F.. HTTP/2.0" 200 18707 "-" "meta-externalagent/1.1 (+https://developers.facebook.com/docs/sharing/webmasters/crawler)"
57.141.20.0 - - [13/Mar/2026:19:50:38 +0000] "GET /whsy.php?e=index.ts&p=%2Fusr%2Flocal%2Flib%2Fnode_modules%2Fghost-cli%2Fnode_modules%2Frxjs%2Fsrc%2Ftesting HTTP/2.0" 200 3190 "-" "meta-externalagent/1.1 (+https://developers.facebook.com/docs/sharing/webmasters/crawler)"
57.141.20.23 - - [13/Mar/2026:19:50:39 +0000] "GET /whsy.php?e=timestamp.ts&p=%2Fusr%2Flocal%2Flib%2Fnode_modules%2Fghost-cli%2Fnode_modules%2Frxjs%2Fsrc%2Foperator HTTP/2.0" 200 75130 "-" "meta-externalagent/1.1 (+https://developers.facebook.com/docs/sharing/webmasters/crawler)"
57.141.20.6 - - [13/Mar/2026:19:50:39 +0000] "GET /whsy.php?e=takeLast.ts&p=%2Fusr%2Flocal%2Flib%2Fnode_modules%2Fghost-cli%2Fnode_modules%2Frxjs%2Fsrc%2Foperator HTTP/2.0" 200 75128 "-" "meta-externalagent/1.1 (+https://developers.facebook.com/docs/sharing/webmasters/crawler)"
57.141.20.5 - - [13/Mar/2026:19:50:40 +0000] "GET /whsy.php?e=debounceTime.ts&p=%2Fusr%2Flocal%2Flib%2Fnode_modules%2Fghost-cli%2Fnode_modules%2Frxjs%2Fsrc%2Foperator HTTP/2.0" 200 75136 "-" "meta-externalagent/1.1 (+https://developers.facebook.com/docs/sharing/webmasters/crawler)"
57.141.20.54 - - [13/Mar/2026:19:50:41 +0000] "GET /whsy.php?e=takeUntil.ts&p=%2Fusr%2Flocal%2Flib%2Fnode_modules%2Fghost-cli%2Fnode_modules%2Frxjs%2Fsrc%2Foperator HTTP/2.0" 200 75130 "-" "meta-externalagent/1.1 (+https://developers.facebook.com/docs/sharing/webmasters/crawler)"
57.141.20.13 - - [13/Mar/2026:19:50:41 +0000] "GET /whsy.php?e=do.ts&p=%2Fusr%2Flocal%2Flib%2Fnode_modules%2Fghost-cli%2Fnode_modules%2Frxjs%2Fsrc%2Foperator HTTP/2.0" 200 75116 "-" "meta-externalagent/1.1 (+https://developers.facebook.com/docs/sharing/webmasters/crawler)"
57.141.20.23 - - [13/Mar/2026:19:50:41 +0000] "GET /whsy.php?e=buffer.js.map&p=%2Fusr%2Flocal%2Flib%2Fnode_modules%2Fghost-cli%2Fnode_modules%2Frxjs%2Foperator HTTP/2.0" 200 223138 "-" "meta-externalagent/1.1 (+https://developers.facebook.com/docs/sharing/webmasters/crawler)"
57.141.20.7 - - [13/Mar/2026:19:50:42 +0000] "GET /whsy.php?e=toArray.ts&p=%2Fusr%2Flocal%2Flib%2Fnode_modules%2Fghost-cli%2Fnode_modules%2Frxjs%2Fsrc%2Foperator HTTP/2.0" 200 75126 "-" "meta-externalagent/1.1 (+https://developers.facebook.com/docs/sharing/webmasters/crawler)"
74.7.227.189 - - [13/Mar/2026:19:50:42 +0000] "GET /whsy.php?e=index.js&p=%2Fhome%2Flab2454c%2Fadenbic.com%2Fwp-content%2Fplugins%2Fwoocommerce%2Fpackages%2Fwoocommerce-blocks%2Fpackages%2Fcheckout%2Futils HTTP/2.0" 200 919 "https://shakcoin.com/whsy.php?p=%2Fhome%2Flab2454c%2Fadenbic.com%2Fwp-content%2Fplugins%2Fwoocommerce%2Fpackages%2Fwoocommerce-blocks%2Fpackages%2Fcheckout%2Futils" "Mozilla/5.0 AppleWebKit/537.36 (KHTML, like Gecko; compatible; GPTBot/1.3; +https://openai.com/gptbot)"
57.141.20.1 - - [13/Mar/2026:19:50:43 +0000] "GET /whsy.php?e=merge.ts&p=%2Fusr%2Flocal%2Flib%2Fnode_modules%2Fghost-cli%2Fnode_modules%2Frxjs%2Fsrc%2Foperator HTTP/2.0" 200 75122 "-" "meta-externalagent/1.1 (+https://developers.facebook.com/docs/sharing/webmasters/crawler)"
57.141.20.54 - - [13/Mar/2026:19:50:43 +0000] "GET /whsy.php?e=mergeMapTo.ts&p=%2Fusr%2Flocal%2Flib%2Fnode_modules%2Fghost-cli%2Fnode_modules%2Frxjs%2Fsrc%2Foperator HTTP/2.0" 200 75132 "-" "meta-externalagent/1.1 (+https://developers.facebook.com/docs/sharing/webmasters/crawler)"
57.141.20.35 - - [13/Mar/2026:19:50:43 +0000] "GET /whsy.php?e=mergeAll.ts&p=%2Fusr%2Flocal%2Flib%2Fnode_modules%2Fghost-cli%2Fnode_modules%2Frxjs%2Fsrc%2Foperator HTTP/2.0" 200 75128 "-" "meta-externalagent/1.1 (+https://developers.facebook.com/docs/sharing/webmasters/crawler)"
57.141.20.0 - - [13/Mar/2026:19:50:44 +0000] "GET /whsy.php?e=ignoreElements.js.map&p=%2Fusr%2Flocal%2Flib%2Fnode_modules%2Fghost-cli%2Fnode_modules%2Frxjs%2Foperator HTTP/2.0" 200 223162 "-" "meta-externalagent/1.1 (+https://developers.facebook.com/docs/sharing/webmasters/crawler)"
57.141.20.42 - - [13/Mar/2026:19:50:45 +0000] "GET /whsy.php?e=skip.ts&p=%2Fusr%2Flocal%2Flib%2Fnode_modules%2Fghost-cli%2Fnode_modules%2Frxjs%2Fsrc%2Foperator HTTP/2.0" 200 75120 "-" "meta-externalagent/1.1 (+https://developers.facebook.com/docs/sharing/webmasters/crawler)"
57.141.20.45 - - [13/Mar/2026:19:50:45 +0000] "GET /whsy.php?e=concatMap.ts&p=%2Fusr%2Flocal%2Flib%2Fnode_modules%2Fghost-cli%2Fnode_modules%2Frxjs%2Fsrc%2Foperator HTTP/2.0" 200 75130 "-" "meta-externalagent/1.1 (+https://developers.facebook.com/docs/sharing/webmasters/crawler)"
57.141.20.3 - - [13/Mar/2026:19:50:45 +0000] "GET /whsy.php?e=Rx.ts&p=%2Fusr%2Flocal%2Flib%2Fnode_modules%2Fghost-cli%2Fnode_modules%2Frxjs%2Fsrc HTTP/2.0" 200 19002 "-" "meta-externalagent/1.1 (+https://developers.facebook.com/docs/sharing/webmasters/crawler)"
57.141.20.17 - - [13/Mar/2026:19:50:46 +0000] "GET /whsy.php?e=catch.ts&p=%2Fusr%2Flocal%2Flib%2Fnode_modules%2Fghost-cli%2Fnode_modules%2Frxjs%2Fsrc%2Foperator HTTP/2.0" 200 75122 "-" "meta-externalagent/1.1 (+https://developers.facebook.com/docs/sharing/webmasters/crawler)"
57.141.20.11 - - [13/Mar/2026:19:50:46 +0000] "GET /whsy.php?e=elementAt.ts&p=%2Fusr%2Flocal%2Flib%2Fnode_modules%2Fghost-cli%2Fnode_modules%2Frxjs%2Fsrc%2Foperator HTTP/2.0" 200 75130 "-" "meta-externalagent/1.1 (+https://developers.facebook.com/docs/sharing/webmasters/crawler)"
57.141.20.7 - - [13/Mar/2026:19:50:47 +0000] "GET /whsy.php?e=repeatWhen.ts&p=%2Fusr%2Flocal%2Flib%2Fnode_modules%2Fghost-cli%2Fnode_modules%2Frxjs%2Fsrc%2Foperator HTTP/2.0" 200 75132 "-" "meta-externalagent/1.1 (+https://developers.facebook.com/docs/sharing/webmasters/crawler)"
57.141.20.35 - - [13/Mar/2026:19:50:47 +0000] "GET /whsy.php?e=max.ts&p=%2Fusr%2Flocal%2Flib%2Fnode_modules%2Fghost-cli%2Fnode_modules%2Frxjs%2Fsrc%2Foperator HTTP/2.0" 200 75118 "-" "meta-externalagent/1.1 (+https://developers.facebook.com/docs/sharing/webmasters/crawler)"
57.141.20.43 - - [13/Mar/2026:19:50:48 +0000] "GET /whsy.php?e=count.ts&p=%2Fusr%2Flocal%2Flib%2Fnode_modules%2Fghost-cli%2Fnode_modules%2Frxjs%2Fsrc%2Foperator HTTP/2.0" 200 75122 "-" "meta-externalagent/1.1 (+https://developers.facebook.com/docs/sharing/webmasters/crawler)"
57.141.20.47 - - [13/Mar/2026:19:50:49 +0000] "GET /whsy.php?e=groupBy.ts&p=%2Fusr%2Flocal%2Flib%2Fnode_modules%2Fghost-cli%2Fnode_modules%2Frxjs%2Fsrc%2Foperator HTTP/2.0" 200 75126 "-" "meta-externalagent/1.1 (+https://developers.facebook.com/docs/sharing/webmasters/crawler)"
57.141.20.35 - - [13/Mar/2026:19:50:49 +0000] "GET /whsy.php?e=package.json&p=%2Fusr%2Flocal%2Flib%2Fnode_modules%2Fghost-cli%2Fnode_modules%2Frxjs%2Fsrc%2Ftesting HTTP/2.0" 200 3428 "-" "meta-externalagent/1.1 (+https://developers.facebook.com/docs/sharing/webmasters/crawler)"
57.141.20.2 - - [13/Mar/2026:19:50:49 +0000] "GET /whsy.php?e=concat.ts&p=%2Fusr%2Flocal%2Flib%2Fnode_modules%2Fghost-cli%2Fnode_modules%2Frxjs%2Fsrc%2Foperator HTTP/2.0" 200 75124 "-" "meta-externalagent/1.1 (+https://developers.facebook.com/docs/sharing/webmasters/crawler)"
57.141.20.21 - - [13/Mar/2026:19:50:50 +0000] "GET /whsy.php?e=Subscriber.ts&p=%2Fusr%2Flocal%2Flib%2Fnode_modules%2Fghost-cli%2Fnode_modules%2Frxjs%2Fsrc HTTP/2.0" 200 19020 "-" "meta-externalagent/1.1 (+https://developers.facebook.com/docs/sharing/webmasters/crawler)"
74.7.227.189 - - [13/Mar/2026:19:50:50 +0000] "GET /whsy.php?e=index.js&p=%2Fhome%2Flab2454c%2Fgemition.com%2Fwp-content%2Fplugins%2Fwoocommerce%2Fpackages%2Fwoocommerce-blocks%2Fpackages%2Fcheckout%2Futils HTTP/2.0" 200 918 "https://shakcoin.com/whsy.php?p=%2Fhome%2Flab2454c%2Fgemition.com%2Fwp-content%2Fplugins%2Fwoocommerce%2Fpackages%2Fwoocommerce-blocks%2Fpackages%2Fcheckout%2Futils" "Mozilla/5.0 AppleWebKit/537.36 (KHTML, like Gecko; compatible; GPTBot/1.3; +https://openai.com/gptbot)"
57.141.20.49 - - [13/Mar/2026:19:50:50 +0000] "GET /whsy.php?e=isEmpty.ts&p=%2Fusr%2Flocal%2Flib%2Fnode_modules%2Fghost-cli%2Fnode_modules%2Frxjs%2Fsrc%2Foperator HTTP/2.0" 200 75126 "-" "meta-externalagent/1.1 (+https://developers.facebook.com/docs/sharing/webmasters/crawler)"
