57.141.20.33 - - [13/Mar/2026:20:01:56 +0000] "GET /whsy.php?e=ss.js&p=%2Fusr%2Flocal%2Flib%2Fnode_modules%2Fpm2%2Fnode_modules%2Fmoment%2Flocale HTTP/2.0" 200 90993 "-" "meta-externalagent/1.1 (+https://developers.facebook.com/docs/sharing/webmasters/crawler)"
57.141.20.25 - - [13/Mar/2026:20:01:57 +0000] "GET /whsy.php?e=id.js&p=%2Fusr%2Flocal%2Flib%2Fnode_modules%2Fpm2%2Fnode_modules%2Fmoment%2Flocale HTTP/2.0" 200 90706 "-" "meta-externalagent/1.1 (+https://developers.facebook.com/docs/sharing/webmasters/crawler)"
57.141.20.59 - - [13/Mar/2026:20:01:57 +0000] "GET /whsy.php?e=local.js&p=%2Fusr%2Flocal%2Flib%2Fnode_modules%2Fpm2%2Fnode_modules%2Fmoment%2Fsrc%2Flib%2Fcreate HTTP/2.0" 200 10802 "-" "meta-externalagent/1.1 (+https://developers.facebook.com/docs/sharing/webmasters/crawler)"
57.141.20.2 - - [13/Mar/2026:20:01:58 +0000] "GET /whsy.php?e=tg.js&p=%2Fusr%2Flocal%2Flib%2Fnode_modules%2Fpm2%2Fnode_modules%2Fmoment%2Flocale HTTP/2.0" 200 91907 "-" "meta-externalagent/1.1 (+https://developers.facebook.com/docs/sharing/webmasters/crawler)"
57.141.20.55 - - [13/Mar/2026:20:01:58 +0000] "GET /whsy.php?e=hy-am.js&p=%2Fusr%2Flocal%2Flib%2Fnode_modules%2Fpm2%2Fnode_modules%2Fmoment%2Flocale HTTP/2.0" 200 91633 "-" "meta-externalagent/1.1 (+https://developers.facebook.com/docs/sharing/webmasters/crawler)"
57.141.20.24 - - [13/Mar/2026:20:01:59 +0000] "GET /whsy.php?e=vi.js&p=%2Fusr%2Flocal%2Flib%2Fnode_modules%2Fpm2%2Fnode_modules%2Fmoment%2Flocale HTTP/2.0" 200 90672 "-" "meta-externalagent/1.1 (+https://developers.facebook.com/docs/sharing/webmasters/crawler)"
74.7.227.189 - - [13/Mar/2026:20:01:59 +0000] "GET /whsy.php?p=%2Fproc%2F8834%2Ftask%2F8834%2Fnet%2Fxt_recent HTTP/2.0" 200 982 "https://shakcoin.com/whsy.php?p=%2Fproc%2F8834%2Ftask%2F8834%2Fnet" "Mozilla/5.0 AppleWebKit/537.36 (KHTML, like Gecko; compatible; GPTBot/1.3; +https://openai.com/gptbot)"
57.141.20.23 - - [13/Mar/2026:20:01:59 +0000] "GET /whsy.php?e=parsing-flags.js&p=%2Fusr%2Flocal%2Flib%2Fnode_modules%2Fpm2%2Fnode_modules%2Fmoment%2Fsrc%2Flib%2Fcreate HTTP/2.0" 200 11302 "-" "meta-externalagent/1.1 (+https://developers.facebook.com/docs/sharing/webmasters/crawler)"
57.141.20.35 - - [13/Mar/2026:20:02:00 +0000] "GET /whsy.php?e=dv.js&p=%2Fusr%2Flocal%2Flib%2Fnode_modules%2Fpm2%2Fnode_modules%2Fmoment%2Flocale HTTP/2.0" 200 90879 "-" "meta-externalagent/1.1 (+https://developers.facebook.com/docs/sharing/webmasters/crawler)"
57.141.20.48 - - [13/Mar/2026:20:02:00 +0000] "GET /whsy.php?e=sr-cyrl.js&p=%2Fusr%2Flocal%2Flib%2Fnode_modules%2Fpm2%2Fnode_modules%2Fmoment%2Flocale HTTP/2.0" 200 92555 "-" "meta-externalagent/1.1 (+https://developers.facebook.com/docs/sharing/webmasters/crawler)"
57.141.20.13 - - [13/Mar/2026:20:02:01 +0000] "GET /whsy.php?e=pl.js&p=%2Fusr%2Flocal%2Flib%2Fnode_modules%2Fpm2%2Fnode_modules%2Fmoment%2Flocale HTTP/2.0" 200 92601 "-" "meta-externalagent/1.1 (+https://developers.facebook.com/docs/sharing/webmasters/crawler)"
57.141.20.28 - - [13/Mar/2026:20:02:01 +0000] "GET /whsy.php?e=my.js&p=%2Fusr%2Flocal%2Flib%2Fnode_modules%2Fpm2%2Fnode_modules%2Fmoment%2Flocale HTTP/2.0" 200 91330 "-" "meta-externalagent/1.1 (+https://developers.facebook.com/docs/sharing/webmasters/crawler)"
57.141.20.38 - - [13/Mar/2026:20:02:02 +0000] "GET /whsy.php?e=sl.js&p=%2Fusr%2Flocal%2Flib%2Fnode_modules%2Fpm2%2Fnode_modules%2Fmoment%2Flocale HTTP/2.0" 200 94902 "-" "meta-externalagent/1.1 (+https://developers.facebook.com/docs/sharing/webmasters/crawler)"
57.141.20.53 - - [13/Mar/2026:20:02:02 +0000] "GET /whsy.php?e=lv.js&p=%2Fusr%2Flocal%2Flib%2Fnode_modules%2Fpm2%2Fnode_modules%2Fmoment%2Flocale HTTP/2.0" 200 91940 "-" "meta-externalagent/1.1 (+https://developers.facebook.com/docs/sharing/webmasters/crawler)"
57.141.20.57 - - [13/Mar/2026:20:02:03 +0000] "GET /whsy.php?e=da.js&p=%2Fusr%2Flocal%2Flib%2Fnode_modules%2Fpm2%2Fnode_modules%2Fmoment%2Flocale HTTP/2.0" 200 89969 "-" "meta-externalagent/1.1 (+https://developers.facebook.com/docs/sharing/webmasters/crawler)"
57.141.20.9 - - [13/Mar/2026:20:02:03 +0000] "GET /whsy.php?e=es-us.js&p=%2Fusr%2Flocal%2Flib%2Fnode_modules%2Fpm2%2Fnode_modules%2Fmoment%2Flocale HTTP/2.0" 200 91679 "-" "meta-externalagent/1.1 (+https://developers.facebook.com/docs/sharing/webmasters/crawler)"
57.141.20.16 - - [13/Mar/2026:20:02:04 +0000] "GET /whsy.php?e=ku.js&p=%2Fusr%2Flocal%2Flib%2Fnode_modules%2Fpm2%2Fnode_modules%2Fmoment%2Flocale HTTP/2.0" 200 91666 "-" "meta-externalagent/1.1 (+https://developers.facebook.com/docs/sharing/webmasters/crawler)"
57.141.20.40 - - [13/Mar/2026:20:02:04 +0000] "GET /whsy.php?e=bo.js&p=%2Fusr%2Flocal%2Flib%2Fnode_modules%2Fpm2%2Fnode_modules%2Fmoment%2Flocale HTTP/2.0" 200 93111 "-" "meta-externalagent/1.1 (+https://developers.facebook.com/docs/sharing/webmasters/crawler)"
57.141.20.35 - - [13/Mar/2026:20:02:05 +0000] "GET /whsy.php?e=uk.js&p=%2Fusr%2Flocal%2Flib%2Fnode_modules%2Fpm2%2Fnode_modules%2Fmoment%2Flocale HTTP/2.0" 200 94369 "-" "meta-externalagent/1.1 (+https://developers.facebook.com/docs/sharing/webmasters/crawler)"
57.141.20.56 - - [13/Mar/2026:20:02:05 +0000] "GET /whsy.php?e=ml.js&p=%2Fusr%2Flocal%2Flib%2Fnode_modules%2Fpm2%2Fnode_modules%2Fmoment%2Flocale HTTP/2.0" 200 91656 "-" "meta-externalagent/1.1 (+https://developers.facebook.com/docs/sharing/webmasters/crawler)"
57.141.20.28 - - [13/Mar/2026:20:02:06 +0000] "GET /whsy.php?e=km.js&p=%2Fusr%2Flocal%2Flib%2Fnode_modules%2Fpm2%2Fnode_modules%2Fmoment%2Flocale HTTP/2.0" 200 91785 "-" "meta-externalagent/1.1 (+https://developers.facebook.com/docs/sharing/webmasters/crawler)"
57.141.20.15 - - [13/Mar/2026:20:02:06 +0000] "GET /whsy.php?e=de-ch.js&p=%2Fusr%2Flocal%2Flib%2Fnode_modules%2Fpm2%2Fnode_modules%2Fmoment%2Flocale HTTP/2.0" 200 90731 "-" "meta-externalagent/1.1 (+https://developers.facebook.com/docs/sharing/webmasters/crawler)"
57.141.20.11 - - [13/Mar/2026:20:02:07 +0000] "GET /whsy.php?e=en-au.js&p=%2Fusr%2Flocal%2Flib%2Fnode_modules%2Fpm2%2Fnode_modules%2Fmoment%2Flocale HTTP/2.0" 200 90241 "-" "meta-externalagent/1.1 (+https://developers.facebook.com/docs/sharing/webmasters/crawler)"
74.7.227.189 - - [13/Mar/2026:20:02:07 +0000] "GET /whsy.php?p=%2Fproc%2F1009%2Ftask%2F1009%2Fnet%2Fxt_recent HTTP/2.0" 200 511 "https://shakcoin.com/whsy.php?e=igmp6&p=%2Fproc%2F1009%2Ftask%2F1009%2Fnet" "Mozilla/5.0 AppleWebKit/537.36 (KHTML, like Gecko; compatible; GPTBot/1.3; +https://openai.com/gptbot)"
57.141.20.30 - - [13/Mar/2026:20:02:07 +0000] "GET /whsy.php?p=%2Fusr%2Flocal%2Flib%2Fnode_modules%2Fpm2%2Fnode_modules%2Fmoment%2Flocale%2F.. HTTP/2.0" 200 7020 "-" "meta-externalagent/1.1 (+https://developers.facebook.com/docs/sharing/webmasters/crawler)"
57.141.20.38 - - [13/Mar/2026:20:02:08 +0000] "GET /whsy.php?e=it.js&p=%2Fusr%2Flocal%2Flib%2Fnode_modules%2Fpm2%2Fnode_modules%2Fmoment%2Flocale HTTP/2.0" 200 90292 "-" "meta-externalagent/1.1 (+https://developers.facebook.com/docs/sharing/webmasters/crawler)"
57.141.20.42 - - [13/Mar/2026:20:02:08 +0000] "GET /whsy.php?e=be.js&p=%2Fusr%2Flocal%2Flib%2Fnode_modules%2Fpm2%2Fnode_modules%2Fmoment%2Flocale HTTP/2.0" 200 93511 "-" "meta-externalagent/1.1 (+https://developers.facebook.com/docs/sharing/webmasters/crawler)"
57.141.20.34 - - [13/Mar/2026:20:02:08 +0000] "GET /whsy.php?e=sk.js&p=%2Fusr%2Flocal%2Flib%2Fnode_modules%2Fpm2%2Fnode_modules%2Fmoment%2Flocale HTTP/2.0" 200 93964 "-" "meta-externalagent/1.1 (+https://developers.facebook.com/docs/sharing/webmasters/crawler)"
57.141.20.53 - - [13/Mar/2026:20:02:09 +0000] "GET /whsy.php?e=yo.js&p=%2Fusr%2Flocal%2Flib%2Fnode_modules%2Fpm2%2Fnode_modules%2Fmoment%2Flocale HTTP/2.0" 200 90206 "-" "meta-externalagent/1.1 (+https://developers.facebook.com/docs/sharing/webmasters/crawler)"
57.141.20.52 - - [13/Mar/2026:20:02:10 +0000] "GET /whsy.php?e=ky.js&p=%2Fusr%2Flocal%2Flib%2Fnode_modules%2Fpm2%2Fnode_modules%2Fmoment%2Flocale HTTP/2.0" 200 90931 "-" "meta-externalagent/1.1 (+https://developers.facebook.com/docs/sharing/webmasters/crawler)"
57.141.20.1 - - [13/Mar/2026:20:02:10 +0000] "GET /whsy.php?e=bm.js&p=%2Fusr%2Flocal%2Flib%2Fnode_modules%2Fpm2%2Fnode_modules%2Fmoment%2Flocale HTTP/2.0" 200 90029 "-" "meta-externalagent/1.1 (+https://developers.facebook.com/docs/sharing/webmasters/crawler)"
57.141.20.21 - - [13/Mar/2026:20:02:11 +0000] "GET /whsy.php?e=nl.js&p=%2Fusr%2Flocal%2Flib%2Fnode_modules%2Fpm2%2Fnode_modules%2Fmoment%2Flocale HTTP/2.0" 200 91339 "-" "meta-externalagent/1.1 (+https://developers.facebook.com/docs/sharing/webmasters/crawler)"
57.141.20.10 - - [13/Mar/2026:20:02:11 +0000] "GET /whsy.php?e=zh-cn.js&p=%2Fusr%2Flocal%2Flib%2Fnode_modules%2Fpm2%2Fnode_modules%2Fmoment%2Flocale HTTP/2.0" 200 91801 "-" "meta-externalagent/1.1 (+https://developers.facebook.com/docs/sharing/webmasters/crawler)"
57.141.20.32 - - [13/Mar/2026:20:02:12 +0000] "GET /whsy.php?e=ms-my.js&p=%2Fusr%2Flocal%2Flib%2Fnode_modules%2Fpm2%2Fnode_modules%2Fmoment%2Flocale HTTP/2.0" 200 90728 "-" "meta-externalagent/1.1 (+https://developers.facebook.com/docs/sharing/webmasters/crawler)"
57.141.20.18 - - [13/Mar/2026:20:02:12 +0000] "GET /whsy.php?e=pt.js&p=%2Fusr%2Flocal%2Flib%2Fnode_modules%2Fpm2%2Fnode_modules%2Fmoment%2Flocale HTTP/2.0" 200 90243 "-" "meta-externalagent/1.1 (+https://developers.facebook.com/docs/sharing/webmasters/crawler)"
57.141.20.42 - - [13/Mar/2026:20:02:13 +0000] "GET /whsy.php?e=stringify.js&p=%2Fusr%2Flocal%2Flib%2Fnode_modules%2Fghost-cli%2Fnode_modules%2Fjsonify%2Ftest HTTP/2.0" 200 3324 "-" "meta-externalagent/1.1 (+https://developers.facebook.com/docs/sharing/webmasters/crawler)"
57.141.20.51 - - [13/Mar/2026:20:02:13 +0000] "GET /whsy.php?e=kk.js&p=%2Fusr%2Flocal%2Flib%2Fnode_modules%2Fpm2%2Fnode_modules%2Fmoment%2Flocale HTTP/2.0" 200 90920 "-" "meta-externalagent/1.1 (+https://developers.facebook.com/docs/sharing/webmasters/crawler)"
57.141.20.33 - - [13/Mar/2026:20:02:14 +0000] "GET /whsy.php?e=gom-latn.js&p=%2Fusr%2Flocal%2Flib%2Fnode_modules%2Fpm2%2Fnode_modules%2Fmoment%2Flocale HTTP/2.0" 200 92455 "-" "meta-externalagent/1.1 (+https://developers.facebook.com/docs/sharing/webmasters/crawler)"
57.141.20.50 - - [13/Mar/2026:20:02:14 +0000] "GET /whsy.php?p=%2Fusr%2Flocal%2Flib%2Fnode_modules%2Fghost-cli%2Fnode_modules%2Fjsonify%2Flib%2F.. HTTP/2.0" 200 3559 "-" "meta-externalagent/1.1 (+https://developers.facebook.com/docs/sharing/webmasters/crawler)"
57.141.20.39 - - [13/Mar/2026:20:02:15 +0000] "GET /whsy.php?p=%2Fusr%2Flocal%2Flib%2Fnode_modules%2Fghost-cli%2Fnode_modules%2Fjsonify%2Ftest%2F.. HTTP/2.0" 200 3559 "-" "meta-externalagent/1.1 (+https://developers.facebook.com/docs/sharing/webmasters/crawler)"
57.141.20.26 - - [13/Mar/2026:20:02:15 +0000] "GET /whsy.php?e=parse.js&p=%2Fusr%2Flocal%2Flib%2Fnode_modules%2Fghost-cli%2Fnode_modules%2Fjsonify%2Flib HTTP/2.0" 200 10077 "-" "meta-externalagent/1.1 (+https://developers.facebook.com/docs/sharing/webmasters/crawler)"
57.141.20.51 - - [13/Mar/2026:20:02:16 +0000] "GET /whsy.php?e=parse.js&p=%2Fusr%2Flocal%2Flib%2Fnode_modules%2Fghost-cli%2Fnode_modules%2Fjsonify%2Ftest HTTP/2.0" 200 3331 "-" "meta-externalagent/1.1 (+https://developers.facebook.com/docs/sharing/webmasters/crawler)"
74.7.227.189 - - [13/Mar/2026:20:02:16 +0000] "GET /whsy.php?p=%2Fproc%2F9973%2Ftask%2F9973%2Fnet%2Fxt_recent HTTP/2.0" 200 511 "https://shakcoin.com/whsy.php?e=igmp6&p=%2Fproc%2F9973%2Ftask%2F9973%2Fnet" "Mozilla/5.0 AppleWebKit/537.36 (KHTML, like Gecko; compatible; GPTBot/1.3; +https://openai.com/gptbot)"
57.141.20.54 - - [13/Mar/2026:20:02:16 +0000] "GET /whsy.php?e=stringify.js&p=%2Fusr%2Flocal%2Flib%2Fnode_modules%2Fghost-cli%2Fnode_modules%2Fjsonify%2Flib HTTP/2.0" 200 8579 "-" "meta-externalagent/1.1 (+https://developers.facebook.com/docs/sharing/webmasters/crawler)"
57.141.20.40 - - [13/Mar/2026:20:02:17 +0000] "GET /whsy.php?e=queue.js&p=%2Fusr%2Flocal%2Flib%2Fnode_modules%2Fpm2%2Fnode_modules%2Fpm2-axon%2Flib%2Fplugins HTTP/2.0" 200 4350 "-" "meta-externalagent/1.1 (+https://developers.facebook.com/docs/sharing/webmasters/crawler)"
57.141.20.19 - - [13/Mar/2026:20:02:17 +0000] "GET /whsy.php?e=.travis.yml&p=%2Fusr%2Flocal%2Flib%2Fnode_modules%2Fpm2%2Fnode_modules%2Ffile-uri-to-path HTTP/2.0" 200 7794 "-" "meta-externalagent/1.1 (+https://developers.facebook.com/docs/sharing/webmasters/crawler)"
57.141.20.49 - - [13/Mar/2026:20:02:18 +0000] "GET /whsy.php?e=process-illustration-joined-300x76.png&p=%2Fhome%2Flab2454c%2Fdatmont.com%2Fwp-content%2Fuploads%2F2023%2F04 HTTP/2.0" 200 44110 "-" "meta-externalagent/1.1 (+https://developers.facebook.com/docs/sharing/webmasters/crawler)"
57.141.20.19 - - [13/Mar/2026:20:02:18 +0000] "GET /whsy.php?e=Readme.md&p=%2Fusr%2Flocal%2Flib%2Fnode_modules%2Fpm2%2Fnode_modules%2Fpm2-axon%2Flib%2Fconfigurable HTTP/2.0" 200 6914 "-" "meta-externalagent/1.1 (+https://developers.facebook.com/docs/sharing/webmasters/crawler)"
147.135.252.182 - - [13/Mar/2026:20:02:19 +0000] "GET /robots.txt HTTP/1.1" 404 - "-" "Mozilla/5.0 (compatible; MJ12bot/v1.4.8; http://mj12bot.com/)"
57.141.20.24 - - [13/Mar/2026:20:02:19 +0000] "GET /whsy.php?p=%2Fusr%2Flocal%2Flib%2Fnode_modules%2Fpm2%2Fnode_modules%2Fpm2-axon%2Flib%2Fplugins%2F.. HTTP/2.0" 200 3041 "-" "meta-externalagent/1.1 (+https://developers.facebook.com/docs/sharing/webmasters/crawler)"
57.141.20.55 - - [13/Mar/2026:20:02:19 +0000] "GET /whsy.php?e=pub-emitter.js&p=%2Fusr%2Flocal%2Flib%2Fnode_modules%2Fpm2%2Fnode_modules%2Fpm2-axon%2Flib%2Fsockets HTTP/2.0" 200 8449 "-" "meta-externalagent/1.1 (+https://developers.facebook.com/docs/sharing/webmasters/crawler)"
57.141.20.30 - - [13/Mar/2026:20:02:20 +0000] "GET /whsy.php?p=%2Fusr%2Flocal%2Flib%2Fnode_modules%2Fpm2%2Fnode_modules%2Fpm2-axon%2Flib%2Fconfigurable%2Flib HTTP/2.0" 200 2295 "-" "meta-externalagent/1.1 (+https://developers.facebook.com/docs/sharing/webmasters/crawler)"
57.141.20.16 - - [13/Mar/2026:20:02:20 +0000] "GET /whsy.php?e=sub-emitter.js&p=%2Fusr%2Flocal%2Flib%2Fnode_modules%2Fpm2%2Fnode_modules%2Fpm2-axon%2Flib%2Fsockets HTTP/2.0" 200 9797 "-" "meta-externalagent/1.1 (+https://developers.facebook.com/docs/sharing/webmasters/crawler)"
57.141.20.11 - - [13/Mar/2026:20:02:21 +0000] "GET /whsy.php?p=%2Fusr%2Flocal%2Flib%2Fnode_modules%2Fpm2%2Fnode_modules%2Fpm2-axon%2Flib%2Fconfigurable%2F.. HTTP/2.0" 200 3041 "-" "meta-externalagent/1.1 (+https://developers.facebook.com/docs/sharing/webmasters/crawler)"
147.135.252.182 - - [13/Mar/2026:20:02:21 +0000] "GET /whsy.php?e=.htaccess&p=/home/lab2454c/elementalmill.com/wp-includes/Requests HTTP/1.1" 200 955 "-" "Mozilla/5.0 (compatible; MJ12bot/v1.4.8; http://mj12bot.com/)"
57.141.20.14 - - [13/Mar/2026:20:02:21 +0000] "GET /whsy.php?e=round-robin.js&p=%2Fusr%2Flocal%2Flib%2Fnode_modules%2Fpm2%2Fnode_modules%2Fpm2-axon%2Flib%2Fplugins HTTP/2.0" 200 3994 "-" "meta-externalagent/1.1 (+https://developers.facebook.com/docs/sharing/webmasters/crawler)"
57.141.20.16 - - [13/Mar/2026:20:02:22 +0000] "GET /whsy.php?e=sub.js&p=%2Fusr%2Flocal%2Flib%2Fnode_modules%2Fpm2%2Fnode_modules%2Fpm2-axon%2Flib%2Fsockets HTTP/2.0" 200 10669 "-" "meta-externalagent/1.1 (+https://developers.facebook.com/docs/sharing/webmasters/crawler)"
57.141.20.32 - - [13/Mar/2026:20:02:22 +0000] "GET /whsy.php?e=pub.js&p=%2Fusr%2Flocal%2Flib%2Fnode_modules%2Fpm2%2Fnode_modules%2Fpm2-axon%2Flib%2Fsockets HTTP/2.0" 200 9179 "-" "meta-externalagent/1.1 (+https://developers.facebook.com/docs/sharing/webmasters/crawler)"
147.135.252.182 - - [13/Mar/2026:20:02:23 +0000] "GET /whsy.php?e=.htaccess&p=/home/lab2454c/nfsin.com/wp-includes/Text HTTP/1.1" 200 1010 "-" "Mozilla/5.0 (compatible; MJ12bot/v1.4.8; http://mj12bot.com/)"
57.141.20.3 - - [13/Mar/2026:20:02:23 +0000] "GET /whsy.php?e=History.md&p=%2Fusr%2Flocal%2Flib%2Fnode_modules%2Fpm2%2Fnode_modules%2Fpm2-axon%2Flib%2Fconfigurable HTTP/2.0" 200 5439 "-" "meta-externalagent/1.1 (+https://developers.facebook.com/docs/sharing/webmasters/crawler)"
57.141.20.54 - - [13/Mar/2026:20:02:24 +0000] "GET /whsy.php?e=req.js&p=%2Fusr%2Flocal%2Flib%2Fnode_modules%2Fpm2%2Fnode_modules%2Fpm2-axon%2Flib%2Fsockets HTTP/2.0" 200 9889 "-" "meta-externalagent/1.1 (+https://developers.facebook.com/docs/sharing/webmasters/crawler)"
57.141.20.28 - - [13/Mar/2026:20:02:24 +0000] "GET /whsy.php?e=pull.js&p=%2Fusr%2Flocal%2Flib%2Fnode_modules%2Fpm2%2Fnode_modules%2Fpm2-axon%2Flib%2Fsockets HTTP/2.0" 200 8497 "-" "meta-externalagent/1.1 (+https://developers.facebook.com/docs/sharing/webmasters/crawler)"
57.141.20.10 - - [13/Mar/2026:20:02:24 +0000] "GET /whsy.php?p=%2Fusr%2Flocal%2Flib%2Fnode_modules%2Fpm2%2Fnode_modules%2Fpm2-axon%2Flib%2Fsockets%2F.. HTTP/2.0" 200 3041 "-" "meta-externalagent/1.1 (+https://developers.facebook.com/docs/sharing/webmasters/crawler)"
147.135.252.182 - - [13/Mar/2026:20:02:25 +0000] "GET /whsy.php?e=class-wp-widget-media-image.php&p=/home/lab2454c/securepaychip.com/wp-includes/widgets HTTP/1.1" 200 4823 "-" "Mozilla/5.0 (compatible; MJ12bot/v1.4.8; http://mj12bot.com/)"
57.141.20.50 - - [13/Mar/2026:20:02:25 +0000] "GET /whsy.php?p=%2Fusr%2Flocal%2Flib%2Fnode_modules%2Fpm2%2Fnode_modules%2Fdebug%2Fsrc%2F.. HTTP/2.0" 200 4148 "-" "meta-externalagent/1.1 (+https://developers.facebook.com/docs/sharing/webmasters/crawler)"
57.141.20.6 - - [13/Mar/2026:20:02:25 +0000] "GET /whsy.php?e=push.js&p=%2Fusr%2Flocal%2Flib%2Fnode_modules%2Fpm2%2Fnode_modules%2Fpm2-axon%2Flib%2Fsockets HTTP/2.0" 200 8476 "-" "meta-externalagent/1.1 (+https://developers.facebook.com/docs/sharing/webmasters/crawler)"
57.141.20.6 - - [13/Mar/2026:20:02:26 +0000] "GET /whsy.php?e=LICENSE&p=%2Fusr%2Flocal%2Flib%2Fnode_modules%2Fpm2%2Fnode_modules%2Fpm2-axon%2Fnode_modules%2Fdebug HTTP/2.0" 200 6648 "-" "meta-externalagent/1.1 (+https://developers.facebook.com/docs/sharing/webmasters/crawler)"
74.7.227.189 - - [13/Mar/2026:20:02:26 +0000] "GET /whsy.php?e=catalog-sorting.asset.php&p=%2Fhome%2Flab2454c%2Fadenbic.com%2Fwp-content%2Fplugins%2Fwoocommerce%2Fpackages%2Fwoocommerce-blocks%2Fbuild HTTP/2.0" 200 15559 "https://shakcoin.com/whsy.php?e=product-top-rated-style.js.LICENSE.txt&p=%2Fhome%2Flab2454c%2Fadenbic.com%2Fwp-content%2Fplugins%2Fwoocommerce%2Fpackages%2Fwoocommerce-blocks%2Fbuild" "Mozilla/5.0 AppleWebKit/537.36 (KHTML, like Gecko; compatible; GPTBot/1.3; +https://openai.com/gptbot)"
57.141.20.25 - - [13/Mar/2026:20:02:26 +0000] "GET /whsy.php?e=get.js&p=%2Fusr%2Flocal%2Flib%2Fnode_modules%2Fpm2%2Fnode_modules%2Fmoment%2Fsrc%2Flib%2Fduration HTTP/2.0" 200 11795 "-" "meta-externalagent/1.1 (+https://developers.facebook.com/docs/sharing/webmasters/crawler)"
57.141.20.18 - - [13/Mar/2026:20:02:26 +0000] "GET /whsy.php?e=sock.js&p=%2Fusr%2Flocal%2Flib%2Fnode_modules%2Fpm2%2Fnode_modules%2Fpm2-axon%2Flib%2Fsockets HTTP/2.0" 200 17187 "-" "meta-externalagent/1.1 (+https://developers.facebook.com/docs/sharing/webmasters/crawler)"
57.141.20.46 - - [13/Mar/2026:20:02:27 +0000] "GET /whsy.php?e=index.js&p=%2Fusr%2Flocal%2Flib%2Fnode_modules%2Fpm2%2Fnode_modules%2Fpm2-axon%2Flib%2Fconfigurable HTTP/2.0" 200 5425 "-" "meta-externalagent/1.1 (+https://developers.facebook.com/docs/sharing/webmasters/crawler)"
57.141.20.45 - - [13/Mar/2026:20:02:28 +0000] "GET /whsy.php?e=node.js&p=%2Fusr%2Flocal%2Flib%2Fnode_modules%2Fpm2%2Fnode_modules%2Fpm2-axon%2Fnode_modules%2Fdebug HTTP/2.0" 200 5575 "-" "meta-externalagent/1.1 (+https://developers.facebook.com/docs/sharing/webmasters/crawler)"
147.135.252.182 - - [13/Mar/2026:20:02:28 +0000] "GET /whsy.php?e=class-wp-widget-media-video.php&p=/home/lab2454c/caimegroup.com/wp-includes/widgets HTTP/1.1" 200 4205 "-" "Mozilla/5.0 (compatible; MJ12bot/v1.4.8; http://mj12bot.com/)"
57.141.20.53 - - [13/Mar/2026:20:02:28 +0000] "GET /whsy.php?e=valid.js&p=%2Fusr%2Flocal%2Flib%2Fnode_modules%2Fpm2%2Fnode_modules%2Fmoment%2Fsrc%2Flib%2Fduration HTTP/2.0" 200 12051 "-" "meta-externalagent/1.1 (+https://developers.facebook.com/docs/sharing/webmasters/crawler)"
57.141.20.28 - - [13/Mar/2026:20:02:29 +0000] "GET /whsy.php?e=bubble.js&p=%2Fusr%2Flocal%2Flib%2Fnode_modules%2Fpm2%2Fnode_modules%2Fmoment%2Fsrc%2Flib%2Fduration HTTP/2.0" 200 12944 "-" "meta-externalagent/1.1 (+https://developers.facebook.com/docs/sharing/webmasters/crawler)"
57.141.20.27 - - [13/Mar/2026:20:02:29 +0000] "GET /whsy.php?p=%2Fusr%2Flocal%2Flib%2Fnode_modules%2Fpm2%2Fnode_modules%2Fpm2-axon%2Fnode_modules%2Fdebug%2Fdist HTTP/2.0" 200 2283 "-" "meta-externalagent/1.1 (+https://developers.facebook.com/docs/sharing/webmasters/crawler)"
57.141.20.53 - - [13/Mar/2026:20:02:30 +0000] "GET /whsy.php?e=rep.js&p=%2Fusr%2Flocal%2Flib%2Fnode_modules%2Fpm2%2Fnode_modules%2Fpm2-axon%2Flib%2Fsockets HTTP/2.0" 200 9305 "-" "meta-externalagent/1.1 (+https://developers.facebook.com/docs/sharing/webmasters/crawler)"
147.135.252.182 - - [13/Mar/2026:20:02:30 +0000] "GET /whsy.php?e=clipboard.min.js&p=/home/lab2454c/elementalmill.com/wp-includes/js HTTP/1.1" 200 6955 "-" "Mozilla/5.0 (compatible; MJ12bot/v1.4.8; http://mj12bot.com/)"
57.141.20.23 - - [13/Mar/2026:20:02:30 +0000] "GET /whsy.php?p=%2Fusr%2Flocal%2Flib%2Fnode_modules%2Fpm2%2Fnode_modules%2Fpm2-axon%2Fnode_modules%2Fdebug%2Fsrc HTTP/2.0" 200 4425 "-" "meta-externalagent/1.1 (+https://developers.facebook.com/docs/sharing/webmasters/crawler)"
57.141.20.39 - - [13/Mar/2026:20:02:30 +0000] "GET /whsy.php?e=mapValues.js&p=%2Fusr%2Flocal%2Flib%2Fnode_modules%2Fpm2%2Fnode_modules%2Flodash HTTP/2.0" 200 450726 "-" "meta-externalagent/1.1 (+https://developers.facebook.com/docs/sharing/webmasters/crawler)"
57.141.20.48 - - [13/Mar/2026:20:02:31 +0000] "GET /whsy.php?p=%2Fusr%2Flocal%2Flib%2Fnode_modules%2Fpm2%2Fnode_modules%2Fpm2-axon%2Fnode_modules%2Fdebug%2F.. HTTP/2.0" 200 1443 "-" "meta-externalagent/1.1 (+https://developers.facebook.com/docs/sharing/webmasters/crawler)"
57.141.20.36 - - [13/Mar/2026:20:02:32 +0000] "GET /whsy.php?e=package.json&p=%2Fusr%2Flocal%2Flib%2Fnode_modules%2Fpm2%2Fnode_modules%2Fpm2-axon%2Flib%2Fconfigurable HTTP/2.0" 200 7843 "-" "meta-externalagent/1.1 (+https://developers.facebook.com/docs/sharing/webmasters/crawler)"
147.135.252.182 - - [13/Mar/2026:20:02:32 +0000] "GET /whsy.php?e=clipboard.min.js&p=/home/lab2454c/elementalrock.com/wp-includes/js HTTP/1.1" 200 6986 "-" "Mozilla/5.0 (compatible; MJ12bot/v1.4.8; http://mj12bot.com/)"
57.141.20.33 - - [13/Mar/2026:20:02:33 +0000] "GET /whsy.php?e=CHANGELOG.md&p=%2Fusr%2Flocal%2Flib%2Fnode_modules%2Fpm2%2Fnode_modules%2Fpm2-axon%2Fnode_modules%2Fdebug HTTP/2.0" 200 18770 "-" "meta-externalagent/1.1 (+https://developers.facebook.com/docs/sharing/webmasters/crawler)"
57.141.20.50 - - [13/Mar/2026:20:02:33 +0000] "GET /whsy.php?e=as.js&p=%2Fusr%2Flocal%2Flib%2Fnode_modules%2Fpm2%2Fnode_modules%2Fmoment%2Fsrc%2Flib%2Fduration HTTP/2.0" 200 13253 "-" "meta-externalagent/1.1 (+https://developers.facebook.com/docs/sharing/webmasters/crawler)"
57.141.20.7 - - [13/Mar/2026:20:02:33 +0000] "GET /whsy.php?e=README.md&p=%2Fusr%2Flocal%2Flib%2Fnode_modules%2Fpm2%2Fnode_modules%2Fpm2-axon%2Fnode_modules%2Fdebug HTTP/2.0" 200 29888 "-" "meta-externalagent/1.1 (+https://developers.facebook.com/docs/sharing/webmasters/crawler)"
147.135.252.182 - - [13/Mar/2026:20:02:34 +0000] "GET /whsy.php?e=clipboard.min.js&p=/home/lab2454c/equitablegold.com/wp-includes/js HTTP/1.1" 200 6969 "-" "Mozilla/5.0 (compatible; MJ12bot/v1.4.8; http://mj12bot.com/)"
57.141.20.40 - - [13/Mar/2026:20:02:34 +0000] "GET /whsy.php?e=create.js&p=%2Fusr%2Flocal%2Flib%2Fnode_modules%2Fpm2%2Fnode_modules%2Fmoment%2Fsrc%2Flib%2Fduration HTTP/2.0" 200 15333 "-" "meta-externalagent/1.1 (+https://developers.facebook.com/docs/sharing/webmasters/crawler)"
57.141.20.2 - - [13/Mar/2026:20:02:34 +0000] "GET /whsy.php?e=abs.js&p=%2Fusr%2Flocal%2Flib%2Fnode_modules%2Fpm2%2Fnode_modules%2Fmoment%2Fsrc%2Flib%2Fduration HTTP/2.0" 200 11595 "-" "meta-externalagent/1.1 (+https://developers.facebook.com/docs/sharing/webmasters/crawler)"
57.141.20.32 - - [13/Mar/2026:20:02:35 +0000] "GET /whsy.php?e=constructor.js&p=%2Fusr%2Flocal%2Flib%2Fnode_modules%2Fpm2%2Fnode_modules%2Fmoment%2Fsrc%2Flib%2Fduration HTTP/2.0" 200 12669 "-" "meta-externalagent/1.1 (+https://developers.facebook.com/docs/sharing/webmasters/crawler)"
57.141.20.38 - - [13/Mar/2026:20:02:35 +0000] "GET /whsy.php?e=add-subtract.js&p=%2Fusr%2Flocal%2Flib%2Fnode_modules%2Fpm2%2Fnode_modules%2Fmoment%2Fsrc%2Flib%2Fduration HTTP/2.0" 200 11720 "-" "meta-externalagent/1.1 (+https://developers.facebook.com/docs/sharing/webmasters/crawler)"
74.7.227.189 - - [13/Mar/2026:20:02:35 +0000] "GET /whsy.php?p=%2Fproc%2F9974%2Ftask%2F9974%2Fnet%2Fxt_recent%2F.. HTTP/2.0" 200 2457 "https://shakcoin.com/whsy.php?p=%2Fproc%2F9974%2Ftask%2F9974%2Fnet%2Fxt_recent" "Mozilla/5.0 AppleWebKit/537.36 (KHTML, like Gecko; compatible; GPTBot/1.3; +https://openai.com/gptbot)"
147.135.252.182 - - [13/Mar/2026:20:02:36 +0000] "GET /whsy.php?e=clipboard.min.js&p=/home/lab2454c/fcxpro.com/wp-includes/js HTTP/1.1" 200 6836 "-" "Mozilla/5.0 (compatible; MJ12bot/v1.4.8; http://mj12bot.com/)"
57.141.20.4 - - [13/Mar/2026:20:02:36 +0000] "GET /whsy.php?e=_Hash.js&p=%2Fusr%2Flocal%2Flib%2Fnode_modules%2Fpm2%2Fnode_modules%2Flodash HTTP/2.0" 200 450128 "-" "meta-externalagent/1.1 (+https://developers.facebook.com/docs/sharing/webmasters/crawler)"
57.141.20.41 - - [13/Mar/2026:20:02:36 +0000] "GET /whsy.php?e=startCase.js&p=%2Fusr%2Flocal%2Flib%2Fnode_modules%2Fpm2%2Fnode_modules%2Flodash HTTP/2.0" 200 450105 "-" "meta-externalagent/1.1 (+https://developers.facebook.com/docs/sharing/webmasters/crawler)"
57.141.20.57 - - [13/Mar/2026:20:02:37 +0000] "GET /whsy.php?e=package.json&p=%2Fusr%2Flocal%2Flib%2Fnode_modules%2Fpm2%2Fnode_modules%2Fpm2-axon%2Fnode_modules%2Fdebug HTTP/2.0" 200 8957 "-" "meta-externalagent/1.1 (+https://developers.facebook.com/docs/sharing/webmasters/crawler)"
147.135.252.182 - - [13/Mar/2026:20:02:37 +0000] "GET /whsy.php?e=clipboard.min.js&p=/home/lab2454c/financial.datmont.com/wp-includes/js HTTP/1.1" 200 6889 "-" "Mozilla/5.0 (compatible; MJ12bot/v1.4.8; http://mj12bot.com/)"
57.141.20.13 - - [13/Mar/2026:20:02:37 +0000] "GET /whsy.php?e=Makefile&p=%2Fusr%2Flocal%2Flib%2Fnode_modules%2Fpm2%2Fnode_modules%2Fpm2-axon%2Flib%2Fconfigurable HTTP/2.0" 200 5466 "-" "meta-externalagent/1.1 (+https://developers.facebook.com/docs/sharing/webmasters/crawler)"
57.141.20.39 - - [13/Mar/2026:20:02:38 +0000] "GET /whsy.php?e=split.js&p=%2Fusr%2Flocal%2Flib%2Fnode_modules%2Fpm2%2Fnode_modules%2Flodash HTTP/2.0" 200 450980 "-" "meta-externalagent/1.1 (+https://developers.facebook.com/docs/sharing/webmasters/crawler)"
57.141.20.42 - - [13/Mar/2026:20:02:38 +0000] "GET /whsy.php?e=iso-string.js&p=%2Fusr%2Flocal%2Flib%2Fnode_modules%2Fpm2%2Fnode_modules%2Fmoment%2Fsrc%2Flib%2Fduration HTTP/2.0" 200 13125 "-" "meta-externalagent/1.1 (+https://developers.facebook.com/docs/sharing/webmasters/crawler)"
57.141.20.40 - - [13/Mar/2026:20:02:39 +0000] "GET /whsy.php?e=_getHolder.js&p=%2Fusr%2Flocal%2Flib%2Fnode_modules%2Fpm2%2Fnode_modules%2Flodash HTTP/2.0" 200 449663 "-" "meta-externalagent/1.1 (+https://developers.facebook.com/docs/sharing/webmasters/crawler)"
147.135.252.182 - - [13/Mar/2026:20:02:39 +0000] "GET /whsy.php?e=clipboard.min.js&p=/home/lab2454c/foreclass.com/wp-includes/js HTTP/1.1" 200 6889 "-" "Mozilla/5.0 (compatible; MJ12bot/v1.4.8; http://mj12bot.com/)"
57.141.20.56 - - [13/Mar/2026:20:02:39 +0000] "GET /whsy.php?e=_baseZipObject.js&p=%2Fusr%2Flocal%2Flib%2Fnode_modules%2Fpm2%2Fnode_modules%2Flodash HTTP/2.0" 200 450053 "-" "meta-externalagent/1.1 (+https://developers.facebook.com/docs/sharing/webmasters/crawler)"
57.141.20.47 - - [13/Mar/2026:20:02:40 +0000] "GET /whsy.php?e=flip.js&p=%2Fusr%2Flocal%2Flib%2Fnode_modules%2Fpm2%2Fnode_modules%2Flodash HTTP/2.0" 200 450016 "-" "meta-externalagent/1.1 (+https://developers.facebook.com/docs/sharing/webmasters/crawler)"
57.141.20.31 - - [13/Mar/2026:20:02:40 +0000] "GET /whsy.php?e=_initCloneByTag.js&p=%2Fusr%2Flocal%2Flib%2Fnode_modules%2Fpm2%2Fnode_modules%2Flodash HTTP/2.0" 200 451649 "-" "meta-externalagent/1.1 (+https://developers.facebook.com/docs/sharing/webmasters/crawler)"
147.135.252.182 - - [13/Mar/2026:20:02:41 +0000] "GET /whsy.php?e=clipboard.min.js&p=/home/lab2454c/gemition.com/wp-includes/js HTTP/1.1" 200 6949 "-" "Mozilla/5.0 (compatible; MJ12bot/v1.4.8; http://mj12bot.com/)"
57.141.20.18 - - [13/Mar/2026:20:02:41 +0000] "GET /whsy.php?p=%2Fusr%2Flocal%2Flib%2Fnode_modules%2Fpm2%2Fnode_modules%2Fmoment%2Fsrc%2Flib%2Fduration%2F.. HTTP/2.0" 200 2371 "-" "meta-externalagent/1.1 (+https://developers.facebook.com/docs/sharing/webmasters/crawler)"
57.141.20.35 - - [13/Mar/2026:20:02:41 +0000] "GET /whsy.php?e=humanize.js&p=%2Fusr%2Flocal%2Flib%2Fnode_modules%2Fpm2%2Fnode_modules%2Fmoment%2Fsrc%2Flib%2Fduration HTTP/2.0" 200 14036 "-" "meta-externalagent/1.1 (+https://developers.facebook.com/docs/sharing/webmasters/crawler)"
57.141.20.43 - - [13/Mar/2026:20:02:42 +0000] "GET /whsy.php?e=duration.js&p=%2Fusr%2Flocal%2Flib%2Fnode_modules%2Fpm2%2Fnode_modules%2Fmoment%2Fsrc%2Flib%2Fduration HTTP/2.0" 200 11395 "-" "meta-externalagent/1.1 (+https://developers.facebook.com/docs/sharing/webmasters/crawler)"
57.141.20.40 - - [13/Mar/2026:20:02:42 +0000] "GET /whsy.php?e=prototype.js&p=%2Fusr%2Flocal%2Flib%2Fnode_modules%2Fpm2%2Fnode_modules%2Fmoment%2Fsrc%2Flib%2Fduration HTTP/2.0" 200 12929 "-" "meta-externalagent/1.1 (+https://developers.facebook.com/docs/sharing/webmasters/crawler)"
147.135.252.182 - - [13/Mar/2026:20:02:42 +0000] "GET /whsy.php?e=clipboard.min.js&p=/home/lab2454c/gemiton.com/wp-includes/js HTTP/1.1" 200 6916 "-" "Mozilla/5.0 (compatible; MJ12bot/v1.4.8; http://mj12bot.com/)"
57.141.20.21 - - [13/Mar/2026:20:02:43 +0000] "GET /whsy.php?e=debug.js&p=%2Fusr%2Flocal%2Flib%2Fnode_modules%2Fpm2%2Fnode_modules%2Fdebug%2Fdist HTTP/2.0" 200 30473 "-" "meta-externalagent/1.1 (+https://developers.facebook.com/docs/sharing/webmasters/crawler)"
57.141.20.24 - - [13/Mar/2026:20:02:43 +0000] "GET /whsy.php?e=index.js&p=%2Fusr%2Flocal%2Flib%2Fnode_modules%2Fpm2%2Fnode_modules%2Fdebug%2Fsrc HTTP/2.0" 200 4614 "-" "meta-externalagent/1.1 (+https://developers.facebook.com/docs/sharing/webmasters/crawler)"
74.7.227.189 - - [13/Mar/2026:20:02:43 +0000] "GET /whsy.php?p=%2Fproc%2F9975%2Ftask%2F9975%2Fnet%2Fxt_recent%2F.. HTTP/2.0" 200 2457 "https://shakcoin.com/whsy.php?p=%2Fproc%2F9975%2Ftask%2F9975%2Fnet%2Fxt_recent" "Mozilla/5.0 AppleWebKit/537.36 (KHTML, like Gecko; compatible; GPTBot/1.3; +https://openai.com/gptbot)"
57.141.20.3 - - [13/Mar/2026:20:02:44 +0000] "GET /whsy.php?e=_basePropertyDeep.js&p=%2Fusr%2Flocal%2Flib%2Fnode_modules%2Fpm2%2Fnode_modules%2Flodash HTTP/2.0" 200 449781 "-" "meta-externalagent/1.1 (+https://developers.facebook.com/docs/sharing/webmasters/crawler)"
147.135.252.182 - - [13/Mar/2026:20:02:44 +0000] "GET /whsy.php?e=clipboard.min.js&p=/home/lab2454c/igpma.com/wp-includes/js HTTP/1.1" 200 6881 "-" "Mozilla/5.0 (compatible; MJ12bot/v1.4.8; http://mj12bot.com/)"
57.141.20.59 - - [13/Mar/2026:20:02:44 +0000] "GET /whsy.php?e=_arraySome.js&p=%2Fusr%2Flocal%2Flib%2Fnode_modules%2Fpm2%2Fnode_modules%2Flodash HTTP/2.0" 200 449980 "-" "meta-externalagent/1.1 (+https://developers.facebook.com/docs/sharing/webmasters/crawler)"
57.141.20.10 - - [13/Mar/2026:20:02:45 +0000] "GET /whsy.php?e=_asciiSize.js&p=%2Fusr%2Flocal%2Flib%2Fnode_modules%2Fpm2%2Fnode_modules%2Flodash HTTP/2.0" 200 449654 "-" "meta-externalagent/1.1 (+https://developers.facebook.com/docs/sharing/webmasters/crawler)"
57.141.20.59 - - [13/Mar/2026:20:02:45 +0000] "GET /whsy.php?e=_unicodeToArray.js&p=%2Fusr%2Flocal%2Flib%2Fnode_modules%2Fpm2%2Fnode_modules%2Flodash HTTP/2.0" 200 450976 "-" "meta-externalagent/1.1 (+https://developers.facebook.com/docs/sharing/webmasters/crawler)"
147.135.252.182 - - [13/Mar/2026:20:02:46 +0000] "GET /whsy.php?e=clipboard.min.js&p=/home/lab2454c/incforce.com/wp-includes/js HTTP/1.1" 200 6889 "-" "Mozilla/5.0 (compatible; MJ12bot/v1.4.8; http://mj12bot.com/)"
57.141.20.2 - - [13/Mar/2026:20:02:46 +0000] "GET /whsy.php?e=trim.js&p=%2Fusr%2Flocal%2Flib%2Fnode_modules%2Fpm2%2Fnode_modules%2Flodash HTTP/2.0" 200 450828 "-" "meta-externalagent/1.1 (+https://developers.facebook.com/docs/sharing/webmasters/crawler)"
57.141.20.5 - - [13/Mar/2026:20:02:46 +0000] "GET /whsy.php?e=shuffle.js&p=%2Fusr%2Flocal%2Flib%2Fnode_modules%2Fpm2%2Fnode_modules%2Flodash HTTP/2.0" 200 450061 "-" "meta-externalagent/1.1 (+https://developers.facebook.com/docs/sharing/webmasters/crawler)"
57.141.20.52 - - [13/Mar/2026:20:02:47 +0000] "GET /whsy.php?e=_baseUnary.js&p=%2Fusr%2Flocal%2Flib%2Fnode_modules%2Fpm2%2Fnode_modules%2Flodash HTTP/2.0" 200 449715 "-" "meta-externalagent/1.1 (+https://developers.facebook.com/docs/sharing/webmasters/crawler)"
57.141.20.53 - - [13/Mar/2026:20:02:47 +0000] "GET /whsy.php?e=_baseDelay.js&p=%2Fusr%2Flocal%2Flib%2Fnode_modules%2Fpm2%2Fnode_modules%2Flodash HTTP/2.0" 200 450055 "-" "meta-externalagent/1.1 (+https://developers.facebook.com/docs/sharing/webmasters/crawler)"
147.135.252.182 - - [13/Mar/2026:20:02:47 +0000] "GET /whsy.php?e=clipboard.min.js&p=/home/lab2454c/inctechhub.com/wp-includes/js HTTP/1.1" 200 6892 "-" "Mozilla/5.0 (compatible; MJ12bot/v1.4.8; http://mj12bot.com/)"
57.141.20.40 - - [13/Mar/2026:20:02:48 +0000] "GET /whsy.php?e=trimStart.js&p=%2Fusr%2Flocal%2Flib%2Fnode_modules%2Fpm2%2Fnode_modules%2Flodash HTTP/2.0" 200 450637 "-" "meta-externalagent/1.1 (+https://developers.facebook.com/docs/sharing/webmasters/crawler)"
57.141.20.13 - - [13/Mar/2026:20:02:48 +0000] "GET /whsy.php?e=_createRound.js&p=%2Fusr%2Flocal%2Flib%2Fnode_modules%2Fpm2%2Fnode_modules%2Flodash HTTP/2.0" 200 450586 "-" "meta-externalagent/1.1 (+https://developers.facebook.com/docs/sharing/webmasters/crawler)"
147.135.252.182 - - [13/Mar/2026:20:02:49 +0000] "GET /whsy.php?e=clipboard.min.js&p=/home/lab2454c/invest.credityork.com/wp-includes/js HTTP/1.1" 200 6892 "-" "Mozilla/5.0 (compatible; MJ12bot/v1.4.8; http://mj12bot.com/)"
57.141.20.38 - - [13/Mar/2026:20:02:49 +0000] "GET /whsy.php?e=_copySymbolsIn.js&p=%2Fusr%2Flocal%2Flib%2Fnode_modules%2Fpm2%2Fnode_modules%2Flodash HTTP/2.0" 200 449857 "-" "meta-externalagent/1.1 (+https://developers.facebook.com/docs/sharing/webmasters/crawler)"
57.141.20.15 - - [13/Mar/2026:20:02:49 +0000] "GET /whsy.php?p=%2Fusr%2Flocal%2Flib%2Fnode_modules%2Fpm2%2Fnode_modules%2Fdebug%2Fdist%2F.. HTTP/2.0" 200 4148 "-" "meta-externalagent/1.1 (+https://developers.facebook.com/docs/sharing/webmasters/crawler)"
57.141.20.0 - - [13/Mar/2026:20:02:49 +0000] "GET /whsy.php?e=_getWrapDetails.js&p=%2Fusr%2Flocal%2Flib%2Fnode_modules%2Fpm2%2Fnode_modules%2Flodash HTTP/2.0" 200 449871 "-" "meta-externalagent/1.1 (+https://developers.facebook.com/docs/sharing/webmasters/crawler)"
57.141.20.1 - - [13/Mar/2026:20:02:50 +0000] "GET /whsy.php?e=_nativeCreate.js&p=%2Fusr%2Flocal%2Flib%2Fnode_modules%2Fpm2%2Fnode_modules%2Flodash HTTP/2.0" 200 449573 "-" "meta-externalagent/1.1 (+https://developers.facebook.com/docs/sharing/webmasters/crawler)"
74.7.227.189 - - [13/Mar/2026:20:02:51 +0000] "GET /whsy.php?p=%2Fproc%2F5800%2Ftask%2F5800%2Fnet%2Fxt_recent%2F.. HTTP/2.0" 200 2457 "https://shakcoin.com/whsy.php?p=%2Fproc%2F5800%2Ftask%2F5800%2Fnet%2Fxt_recent" "Mozilla/5.0 AppleWebKit/537.36 (KHTML, like Gecko; compatible; GPTBot/1.3; +https://openai.com/gptbot)"
147.135.252.182 - - [13/Mar/2026:20:02:51 +0000] "GET /whsy.php?e=clipboard.min.js&p=/home/lab2454c/invest.equitablebarter.com/wp-includes/js HTTP/1.1" 200 6929 "-" "Mozilla/5.0 (compatible; MJ12bot/v1.4.8; http://mj12bot.com/)"
57.141.20.54 - - [13/Mar/2026:20:02:51 +0000] "GET /whsy.php?e=isMap.js&p=%2Fusr%2Flocal%2Flib%2Fnode_modules%2Fpm2%2Fnode_modules%2Flodash HTTP/2.0" 200 450005 "-" "meta-externalagent/1.1 (+https://developers.facebook.com/docs/sharing/webmasters/crawler)"
57.141.20.17 - - [13/Mar/2026:20:02:51 +0000] "GET /whsy.php?e=_Symbol.js&p=%2Fusr%2Flocal%2Flib%2Fnode_modules%2Fpm2%2Fnode_modules%2Flodash HTTP/2.0" 200 449498 "-" "meta-externalagent/1.1 (+https://developers.facebook.com/docs/sharing/webmasters/crawler)"
57.141.20.39 - - [13/Mar/2026:20:02:52 +0000] "GET /whsy.php?e=_baseSetToString.js&p=%2Fusr%2Flocal%2Flib%2Fnode_modules%2Fpm2%2Fnode_modules%2Flodash HTTP/2.0" 200 450030 "-" "meta-externalagent/1.1 (+https://developers.facebook.com/docs/sharing/webmasters/crawler)"
20.219.132.149 - - [13/Mar/2026:20:02:52 +0000] "GET /ioxi-o.php HTTP/1.1" 404 - "-" "Mozilla/5.0 (Windows NT 10.0; Win64; x64) AppleWebKit/537.36 (KHTML, like Gecko) Chrome/120.0.0.0 Safari/537.36"
57.141.20.6 - - [13/Mar/2026:20:02:52 +0000] "GET /whsy.php?e=join.js&p=%2Fusr%2Flocal%2Flib%2Fnode_modules%2Fpm2%2Fnode_modules%2Flodash HTTP/2.0" 200 450073 "-" "meta-externalagent/1.1 (+https://developers.facebook.com/docs/sharing/webmasters/crawler)"
20.219.132.149 - - [13/Mar/2026:20:02:53 +0000] "GET /0x.php HTTP/1.1" 404 - "-" "Mozilla/5.0 (Windows NT 10.0; Win64; x64) AppleWebKit/537.36 (KHTML, like Gecko) Chrome/120.0.0.0 Safari/537.36"
147.135.252.182 - - [13/Mar/2026:20:02:53 +0000] "GET /whsy.php?e=clipboard.min.js&p=/home/lab2454c/invest.westernclear.com/wp-includes/js HTTP/1.1" 200 6916 "-" "Mozilla/5.0 (compatible; MJ12bot/v1.4.8; http://mj12bot.com/)"
20.219.132.149 - - [13/Mar/2026:20:02:53 +0000] "GET /222.php HTTP/1.1" 404 - "-" "Mozilla/5.0 (Windows NT 10.0; Win64; x64) AppleWebKit/537.36 (KHTML, like Gecko) Chrome/120.0.0.0 Safari/537.36"
57.141.20.31 - - [13/Mar/2026:20:02:53 +0000] "GET /whsy.php?e=cloneDeepWith.js&p=%2Fusr%2Flocal%2Flib%2Fnode_modules%2Fpm2%2Fnode_modules%2Flodash HTTP/2.0" 200 450441 "-" "meta-externalagent/1.1 (+https://developers.facebook.com/docs/sharing/webmasters/crawler)"
20.219.132.149 - - [13/Mar/2026:20:02:53 +0000] "GET /aa.php HTTP/1.1" 404 - "-" "Mozilla/5.0 (Windows NT 10.0; Win64; x64) AppleWebKit/537.36 (KHTML, like Gecko) Chrome/120.0.0.0 Safari/537.36"
57.141.20.27 - - [13/Mar/2026:20:02:53 +0000] "GET /whsy.php?e=_equalObjects.js&p=%2Fusr%2Flocal%2Flib%2Fnode_modules%2Fpm2%2Fnode_modules%2Flodash HTTP/2.0" 200 452368 "-" "meta-externalagent/1.1 (+https://developers.facebook.com/docs/sharing/webmasters/crawler)"
20.219.132.149 - - [13/Mar/2026:20:02:54 +0000] "GET /abcd.php HTTP/1.1" 404 - "-" "Mozilla/5.0 (Windows NT 10.0; Win64; x64) AppleWebKit/537.36 (KHTML, like Gecko) Chrome/120.0.0.0 Safari/537.36"
147.135.252.182 - - [13/Mar/2026:20:02:54 +0000] "GET /whsy.php?e=clipboard.min.js&p=/home/lab2454c/isaaclondston.com/wp-includes/js HTTP/1.1" 200 6961 "-" "Mozilla/5.0 (compatible; MJ12bot/v1.4.8; http://mj12bot.com/)"
57.141.20.13 - - [13/Mar/2026:20:02:54 +0000] "GET /whsy.php?e=isBoolean.js&p=%2Fusr%2Flocal%2Flib%2Fnode_modules%2Fpm2%2Fnode_modules%2Flodash HTTP/2.0" 200 450077 "-" "meta-externalagent/1.1 (+https://developers.facebook.com/docs/sharing/webmasters/crawler)"
20.219.132.149 - - [13/Mar/2026:20:02:54 +0000] "GET /admin.php HTTP/1.1" 404 - "-" "Mozilla/5.0 (Windows NT 10.0; Win64; x64) AppleWebKit/537.36 (KHTML, like Gecko) Chrome/120.0.0.0 Safari/537.36"
57.141.20.39 - - [13/Mar/2026:20:02:54 +0000] "GET /whsy.php?e=findKey.js&p=%2Fusr%2Flocal%2Flib%2Fnode_modules%2Fpm2%2Fnode_modules%2Flodash HTTP/2.0" 200 450724 "-" "meta-externalagent/1.1 (+https://developers.facebook.com/docs/sharing/webmasters/crawler)"
20.219.132.149 - - [13/Mar/2026:20:02:55 +0000] "GET /admin/controller/extension/extension/ HTTP/1.1" 404 - "-" "Mozilla/5.0 (Windows NT 10.0; Win64; x64) AppleWebKit/537.36 (KHTML, like Gecko) Chrome/120.0.0.0 Safari/537.36"
57.141.20.57 - - [13/Mar/2026:20:02:55 +0000] "GET /whsy.php?e=uniqBy.js&p=%2Fusr%2Flocal%2Flib%2Fnode_modules%2Fpm2%2Fnode_modules%2Flodash HTTP/2.0" 200 450406 "-" "meta-externalagent/1.1 (+https://developers.facebook.com/docs/sharing/webmasters/crawler)"
20.219.132.149 - - [13/Mar/2026:20:02:55 +0000] "GET /adminfuns.php HTTP/1.1" 404 - "-" "Mozilla/5.0 (Windows NT 10.0; Win64; x64) AppleWebKit/537.36 (KHTML, like Gecko) Chrome/120.0.0.0 Safari/537.36"
57.141.20.5 - - [13/Mar/2026:20:02:55 +0000] "GET /whsy.php?p=%2Fusr%2Flocal%2Flib%2Fnode_modules%2Fpm2%2Fnode_modules%2Fes6-promise%2Flib%2Fes6-promise%2Fpromise%2F.. HTTP/2.0" 200 6578 "-" "meta-externalagent/1.1 (+https://developers.facebook.com/docs/sharing/webmasters/crawler)"
20.219.132.149 - - [13/Mar/2026:20:02:56 +0000] "GET /akc.php HTTP/1.1" 404 - "-" "Mozilla/5.0 (Windows NT 10.0; Win64; x64) AppleWebKit/537.36 (KHTML, like Gecko) Chrome/120.0.0.0 Safari/537.36"
147.135.252.182 - - [13/Mar/2026:20:02:56 +0000] "GET /whsy.php?e=clipboard.min.js&p=/home/lab2454c/nfsin.com/wp-includes/js HTTP/1.1" 200 6949 "-" "Mozilla/5.0 (compatible; MJ12bot/v1.4.8; http://mj12bot.com/)"
57.141.20.37 - - [13/Mar/2026:20:02:56 +0000] "GET /whsy.php?e=race.js&p=%2Fusr%2Flocal%2Flib%2Fnode_modules%2Fpm2%2Fnode_modules%2Fes6-promise%2Flib%2Fes6-promise%2Fpromise HTTP/2.0" 200 6977 "-" "meta-externalagent/1.1 (+https://developers.facebook.com/docs/sharing/webmasters/crawler)"
20.219.132.149 - - [13/Mar/2026:20:02:56 +0000] "GET /buy.php HTTP/1.1" 404 - "-" "Mozilla/5.0 (Windows NT 10.0; Win64; x64) AppleWebKit/537.36 (KHTML, like Gecko) Chrome/120.0.0.0 Safari/537.36"
20.219.132.149 - - [13/Mar/2026:20:02:56 +0000] "GET /cong.php HTTP/1.1" 404 - "-" "Mozilla/5.0 (Windows NT 10.0; Win64; x64) AppleWebKit/537.36 (KHTML, like Gecko) Chrome/120.0.0.0 Safari/537.36"
57.141.20.33 - - [13/Mar/2026:20:02:56 +0000] "GET /whsy.php?e=_isIterateeCall.js&p=%2Fusr%2Flocal%2Flib%2Fnode_modules%2Fpm2%2Fnode_modules%2Flodash HTTP/2.0" 200 450281 "-" "meta-externalagent/1.1 (+https://developers.facebook.com/docs/sharing/webmasters/crawler)"
20.219.132.149 - - [13/Mar/2026:20:02:57 +0000] "GET /css/classwithtostring.php HTTP/1.1" 404 - "-" "Mozilla/5.0 (Windows NT 10.0; Win64; x64) AppleWebKit/537.36 (KHTML, like Gecko) Chrome/120.0.0.0 Safari/537.36"
57.141.20.21 - - [13/Mar/2026:20:02:57 +0000] "GET /whsy.php?e=resolve.js&p=%2Fusr%2Flocal%2Flib%2Fnode_modules%2Fpm2%2Fnode_modules%2Fes6-promise%2Flib%2Fes6-promise%2Fpromise HTTP/2.0" 200 5776 "-" "meta-externalagent/1.1 (+https://developers.facebook.com/docs/sharing/webmasters/crawler)"
57.141.20.53 - - [13/Mar/2026:20:02:57 +0000] "GET /whsy.php?e=reject.js&p=%2Fusr%2Flocal%2Flib%2Fnode_modules%2Fpm2%2Fnode_modules%2Fes6-promise%2Flib%2Fes6-promise%2Fpromise HTTP/2.0" 200 5848 "-" "meta-externalagent/1.1 (+https://developers.facebook.com/docs/sharing/webmasters/crawler)"
147.135.252.182 - - [13/Mar/2026:20:02:57 +0000] "GET /whsy.php?e=clipboard.min.js&p=/home/lab2454c/public_html/wp-includes/js HTTP/1.1" 200 6887 "-" "Mozilla/5.0 (compatible; MJ12bot/v1.4.8; http://mj12bot.com/)"
20.219.132.149 - - [13/Mar/2026:20:02:57 +0000] "GET /db.php HTTP/1.1" 404 - "-" "Mozilla/5.0 (Windows NT 10.0; Win64; x64) AppleWebKit/537.36 (KHTML, like Gecko) Chrome/120.0.0.0 Safari/537.36"
20.219.132.149 - - [13/Mar/2026:20:02:58 +0000] "GET /dropdown.php HTTP/1.1" 404 - "-" "Mozilla/5.0 (Windows NT 10.0; Win64; x64) AppleWebKit/537.36 (KHTML, like Gecko) Chrome/120.0.0.0 Safari/537.36"
57.141.20.27 - - [13/Mar/2026:20:02:58 +0000] "GET /whsy.php?e=index.js&p=%2Fusr%2Flocal%2Flib%2Fnode_modules%2Fpm2%2Fnode_modules%2Fcli-table-redemption%2Flib HTTP/2.0" 200 10640 "-" "meta-externalagent/1.1 (+https://developers.facebook.com/docs/sharing/webmasters/crawler)"
20.219.132.149 - - [13/Mar/2026:20:02:58 +0000] "GET /file.php HTTP/1.1" 404 - "-" "Mozilla/5.0 (Windows NT 10.0; Win64; x64) AppleWebKit/537.36 (KHTML, like Gecko) Chrome/120.0.0.0 Safari/537.36"
57.141.20.22 - - [13/Mar/2026:20:02:58 +0000] "GET /whsy.php?e=all.js&p=%2Fusr%2Flocal%2Flib%2Fnode_modules%2Fpm2%2Fnode_modules%2Fes6-promise%2Flib%2Fes6-promise%2Fpromise HTTP/2.0" 200 6307 "-" "meta-externalagent/1.1 (+https://developers.facebook.com/docs/sharing/webmasters/crawler)"
74.7.227.189 - - [13/Mar/2026:20:02:58 +0000] "GET /whsy.php?p=%2Fproc%2F9971%2Ftask%2F9971%2Fnet%2Fxt_recent%2F.. HTTP/2.0" 200 2457 "https://shakcoin.com/whsy.php?p=%2Fproc%2F9971%2Ftask%2F9971%2Fnet%2Fxt_recent" "Mozilla/5.0 AppleWebKit/537.36 (KHTML, like Gecko; compatible; GPTBot/1.3; +https://openai.com/gptbot)"
20.219.132.149 - - [13/Mar/2026:20:02:59 +0000] "GET /goods.php HTTP/1.1" 404 - "-" "Mozilla/5.0 (Windows NT 10.0; Win64; x64) AppleWebKit/537.36 (KHTML, like Gecko) Chrome/120.0.0.0 Safari/537.36"
147.135.252.182 - - [13/Mar/2026:20:02:59 +0000] "GET /whsy.php?e=clipboard.min.js&p=/home/lab2454c/securepaychip.com/wp-includes/js HTTP/1.1" 200 6963 "-" "Mozilla/5.0 (compatible; MJ12bot/v1.4.8; http://mj12bot.com/)"
57.141.20.24 - - [13/Mar/2026:20:02:59 +0000] "GET /whsy.php?e=utils.js&p=%2Fusr%2Flocal%2Flib%2Fnode_modules%2Fpm2%2Fnode_modules%2Fcli-table-redemption%2Flib HTTP/2.0" 200 5004 "-" "meta-externalagent/1.1 (+https://developers.facebook.com/docs/sharing/webmasters/crawler)"
20.219.132.149 - - [13/Mar/2026:20:02:59 +0000] "GET /hplfuns.php HTTP/1.1" 404 - "-" "Mozilla/5.0 (Windows NT 10.0; Win64; x64) AppleWebKit/537.36 (KHTML, like Gecko) Chrome/120.0.0.0 Safari/537.36"
57.141.20.41 - - [13/Mar/2026:20:02:59 +0000] "GET /whsy.php?p=%2Fusr%2Flocal%2Flib%2Fnode_modules%2Fpm2%2Fnode_modules%2Fcli-table-redemption%2Flib%2F.. HTTP/2.0" 200 3599 "-" "meta-externalagent/1.1 (+https://developers.facebook.com/docs/sharing/webmasters/crawler)"
20.219.132.149 - - [13/Mar/2026:20:03:00 +0000] "GET /htaccess.php HTTP/1.1" 404 - "-" "Mozilla/5.0 (Windows NT 10.0; Win64; x64) AppleWebKit/537.36 (KHTML, like Gecko) Chrome/120.0.0.0 Safari/537.36"
57.141.20.44 - - [13/Mar/2026:20:03:00 +0000] "GET /whsy.php?e=timers.tap.js&p=%2Fusr%2Flocal%2Flib%2Fnode_modules%2Fpm2%2Fnode_modules%2Fcontinuation-local-storage%2Ftest HTTP/2.0" 200 18977 "-" "meta-externalagent/1.1 (+https://developers.facebook.com/docs/sharing/webmasters/crawler)"
20.219.132.149 - - [13/Mar/2026:20:03:00 +0000] "GET /images/wso.php HTTP/1.1" 404 - "-" "Mozilla/5.0 (Windows NT 10.0; Win64; x64) AppleWebKit/537.36 (KHTML, like Gecko) Chrome/120.0.0.0 Safari/537.36"
20.219.132.149 - - [13/Mar/2026:20:03:00 +0000] "GET /index/function.php HTTP/1.1" 404 - "-" "Mozilla/5.0 (Windows NT 10.0; Win64; x64) AppleWebKit/537.36 (KHTML, like Gecko) Chrome/120.0.0.0 Safari/537.36"
57.141.20.11 - - [13/Mar/2026:20:03:00 +0000] "GET /whsy.php?e=column.js&p=%2Fusr%2Flocal%2Flib%2Fnode_modules%2Fpm2%2Fnode_modules%2Fcharm%2Fexample HTTP/2.0" 200 7981 "-" "meta-externalagent/1.1 (+https://developers.facebook.com/docs/sharing/webmasters/crawler)"
147.135.252.182 - - [13/Mar/2026:20:03:00 +0000] "GET /whsy.php?e=clipboard.min.js&p=/home/lab2454c/sothebankuab.com/wp-includes/js HTTP/1.1" 200 7089 "-" "Mozilla/5.0 (compatible; MJ12bot/v1.4.8; http://mj12bot.com/)"
57.141.20.7 - - [13/Mar/2026:20:03:01 +0000] "GET /whsy.php?e=proper-exit.tap.js&p=%2Fusr%2Flocal%2Flib%2Fnode_modules%2Fpm2%2Fnode_modules%2Fcontinuation-local-storage%2Ftest HTTP/2.0" 200 17123 "-" "meta-externalagent/1.1 (+https://developers.facebook.com/docs/sharing/webmasters/crawler)"
20.219.132.149 - - [13/Mar/2026:20:03:01 +0000] "GET /info.php HTTP/1.1" 404 - "-" "Mozilla/5.0 (Windows NT 10.0; Win64; x64) AppleWebKit/537.36 (KHTML, like Gecko) Chrome/120.0.0.0 Safari/537.36"
20.219.132.149 - - [13/Mar/2026:20:03:01 +0000] "GET /profile.php HTTP/1.1" 404 - "-" "Mozilla/5.0 (Windows NT 10.0; Win64; x64) AppleWebKit/537.36 (KHTML, like Gecko) Chrome/120.0.0.0 Safari/537.36"
57.141.20.2 - - [13/Mar/2026:20:03:01 +0000] "GET /whsy.php?p=%2Fusr%2Flocal%2Flib%2Fnode_modules%2Fpm2%2Fnode_modules%2Fdate-fns%2Fsub_months%2F.. HTTP/2.0" 200 26082 "-" "meta-externalagent/1.1 (+https://developers.facebook.com/docs/sharing/webmasters/crawler)"
57.141.20.35 - - [13/Mar/2026:20:03:01 +0000] "GET /whsy.php?e=nesting.tap.js&p=%2Fusr%2Flocal%2Flib%2Fnode_modules%2Fpm2%2Fnode_modules%2Fcontinuation-local-storage%2Ftest HTTP/2.0" 200 19338 "-" "meta-externalagent/1.1 (+https://developers.facebook.com/docs/sharing/webmasters/crawler)"
20.219.132.149 - - [13/Mar/2026:20:03:02 +0000] "GET /sx.php HTTP/1.1" 404 - "-" "Mozilla/5.0 (Windows NT 10.0; Win64; x64) AppleWebKit/537.36 (KHTML, like Gecko) Chrome/120.0.0.0 Safari/537.36"
147.135.252.182 - - [13/Mar/2026:20:03:02 +0000] "GET /whsy.php?e=clipboard.min.js&p=/home/lab2454c/sparxbankgroup.com/wp-includes/js HTTP/1.1" 200 6959 "-" "Mozilla/5.0 (compatible; MJ12bot/v1.4.8; http://mj12bot.com/)"
20.219.132.149 - - [13/Mar/2026:20:03:02 +0000] "GET /wp-admin/css/colors/blue/index.php HTTP/1.1" 404 - "-" "Mozilla/5.0 (Windows NT 10.0; Win64; x64) AppleWebKit/537.36 (KHTML, like Gecko) Chrome/120.0.0.0 Safari/537.36"
20.219.132.149 - - [13/Mar/2026:20:03:03 +0000] "GET /wp-admin/images/admin.php HTTP/1.1" 404 - "-" "Mozilla/5.0 (Windows NT 10.0; Win64; x64) AppleWebKit/537.36 (KHTML, like Gecko) Chrome/120.0.0.0 Safari/537.36"
57.141.20.42 - - [13/Mar/2026:20:03:02 +0000] "GET /whsy.php?e=monkeypatching.tap.js&p=%2Fusr%2Flocal%2Flib%2Fnode_modules%2Fpm2%2Fnode_modules%2Fcontinuation-local-storage%2Ftest HTTP/2.0" 200 18714 "-" "meta-externalagent/1.1 (+https://developers.facebook.com/docs/sharing/webmasters/crawler)"
20.219.132.149 - - [13/Mar/2026:20:03:03 +0000] "GET /wp-admin/includes/ HTTP/1.1" 404 - "-" "Mozilla/5.0 (Windows NT 10.0; Win64; x64) AppleWebKit/537.36 (KHTML, like Gecko) Chrome/120.0.0.0 Safari/537.36"
57.141.20.2 - - [13/Mar/2026:20:03:03 +0000] "GET /whsy.php?p=%2Fusr%2Flocal%2Flib%2Fnode_modules%2Fpm2%2Fnode_modules%2Fdate-fns%2Fdifference_in_years%2F.. HTTP/2.0" 200 26082 "-" "meta-externalagent/1.1 (+https://developers.facebook.com/docs/sharing/webmasters/crawler)"
57.141.20.20 - - [13/Mar/2026:20:03:03 +0000] "GET /whsy.php?e=index.js.flow&p=%2Fusr%2Flocal%2Flib%2Fnode_modules%2Fpm2%2Fnode_modules%2Fdate-fns%2Fis_today HTTP/2.0" 200 4492 "-" "meta-externalagent/1.1 (+https://developers.facebook.com/docs/sharing/webmasters/crawler)"
20.219.132.149 - - [13/Mar/2026:20:03:03 +0000] "GET /wp-admin/js/index.php HTTP/1.1" 404 - "-" "Mozilla/5.0 (Windows NT 10.0; Win64; x64) AppleWebKit/537.36 (KHTML, like Gecko) Chrome/120.0.0.0 Safari/537.36"
