74.7.242.13 - - [14/Mar/2026:00:40:11 +0000] "GET /whsy.php?p=%2Fhome%2Flab2454c%2Fmact34.com%2Fwp-content%2Fplugins%2Fjetpack%2Fmodules%2Fvideopress%2Fcss HTTP/1.1" 200 919 "http://mail.firstdigitalbank.com/whsy.php?p=%2Fhome%2Flab2454c%2Fmact34.com%2Fwp-content%2Fplugins%2Fjetpack%2Fmodules%2Fvideopress" "Mozilla/5.0 AppleWebKit/537.36 (KHTML, like Gecko; compatible; GPTBot/1.3; +https://openai.com/gptbot)"
74.7.227.4 - - [14/Mar/2026:00:40:12 +0000] "GET /whsy.php?p=%2Fopt%2Fcpanel%2Fea-php71%2Froot%2Fvar%2Fgopher%2F.. HTTP/1.1" 200 640 "http://www.firstdigitalbank.com.lab2454.com/whsy.php?p=%2Fopt%2Fcpanel%2Fea-php71%2Froot%2Fvar%2Fgopher" "Mozilla/5.0 AppleWebKit/537.36 (KHTML, like Gecko; compatible; GPTBot/1.3; +https://openai.com/gptbot)"
74.7.242.7 - - [14/Mar/2026:00:40:16 +0000] "GET /whsy.php?p=%2Fvar%2Fsoftaculous%2Ftypo HTTP/1.1" 200 1170 "http://firstdigitalbank.com/whsy.php?p=%2Fvar%2Fsoftaculous" "Mozilla/5.0 AppleWebKit/537.36 (KHTML, like Gecko; compatible; GPTBot/1.3; +https://openai.com/gptbot)"
74.7.242.13 - - [14/Mar/2026:00:40:18 +0000] "GET /whsy.php?p=%2Fhome%2Flab2454c%2Fmact34.com%2Fwp-content%2Fplugins%2Fjetpack%2Fmodules%2Fwidgets%2Fflickr HTTP/1.1" 200 804 "http://mail.firstdigitalbank.com/whsy.php?p=%2Fhome%2Flab2454c%2Fmact34.com%2Fwp-content%2Fplugins%2Fjetpack%2Fmodules%2Fwidgets" "Mozilla/5.0 AppleWebKit/537.36 (KHTML, like Gecko; compatible; GPTBot/1.3; +https://openai.com/gptbot)"
74.7.227.4 - - [14/Mar/2026:00:40:19 +0000] "GET /whsy.php?p=%2Fopt%2Fcpanel%2Fea-php70%2Froot%2Fvar%2Fgopher%2F.. HTTP/1.1" 200 640 "http://www.firstdigitalbank.com.lab2454.com/whsy.php?p=%2Fopt%2Fcpanel%2Fea-php70%2Froot%2Fvar%2Fgopher" "Mozilla/5.0 AppleWebKit/537.36 (KHTML, like Gecko; compatible; GPTBot/1.3; +https://openai.com/gptbot)"
74.7.242.7 - - [14/Mar/2026:00:40:23 +0000] "GET /whsy.php?p=%2Fvar%2Fsoftaculous%2Fspip%2Fphp82%2F.. HTTP/1.1" 200 1234 "http://firstdigitalbank.com/whsy.php?p=%2Fvar%2Fsoftaculous%2Fspip%2Fphp82" "Mozilla/5.0 AppleWebKit/537.36 (KHTML, like Gecko; compatible; GPTBot/1.3; +https://openai.com/gptbot)"
74.7.227.4 - - [14/Mar/2026:00:40:26 +0000] "GET /whsy.php?p=%2Fopt%2Fcpanel%2Fea-php56%2Froot%2Fvar%2Fgopher%2F.. HTTP/1.1" 200 640 "http://www.firstdigitalbank.com.lab2454.com/whsy.php?p=%2Fopt%2Fcpanel%2Fea-php56%2Froot%2Fvar%2Fgopher" "Mozilla/5.0 AppleWebKit/537.36 (KHTML, like Gecko; compatible; GPTBot/1.3; +https://openai.com/gptbot)"
74.7.242.7 - - [14/Mar/2026:00:40:46 +0000] "GET /whsy.php?p=%2Fvar%2Fsoftaculous%2Fflat HTTP/1.1" 200 1063 "http://firstdigitalbank.com/whsy.php?p=%2Fvar%2Fsoftaculous" "Mozilla/5.0 AppleWebKit/537.36 (KHTML, like Gecko; compatible; GPTBot/1.3; +https://openai.com/gptbot)"
74.7.242.13 - - [14/Mar/2026:00:40:55 +0000] "GET /whsy.php?p=%2Fhome%2Flab2454c%2Fmact34.com%2Fwp-content%2Fplugins%2Fwoocommerce%2Fsrc%2FInternal%2FWCCom HTTP/1.1" 200 756 "http://mail.firstdigitalbank.com/whsy.php?p=%2Fhome%2Flab2454c%2Fmact34.com%2Fwp-content%2Fplugins%2Fwoocommerce%2Fsrc%2FInternal" "Mozilla/5.0 AppleWebKit/537.36 (KHTML, like Gecko; compatible; GPTBot/1.3; +https://openai.com/gptbot)"
74.7.242.7 - - [14/Mar/2026:00:41:00 +0000] "GET /whsy.php?e=_config.php&p=%2Fvar%2Fsoftaculous%2Fespo HTTP/1.1" 200 1309 "http://firstdigitalbank.com/whsy.php?p=%2Fvar%2Fsoftaculous%2Fespo" "Mozilla/5.0 AppleWebKit/537.36 (KHTML, like Gecko; compatible; GPTBot/1.3; +https://openai.com/gptbot)"
74.7.242.13 - - [14/Mar/2026:00:41:03 +0000] "GET /whsy.php?p=%2Fhome%2Flab2454c%2Fmact34.com%2Fwp-content%2Fplugins%2Fjetpack%2Fmodules%2Fwidgets%2Fsearch HTTP/1.1" 200 584 "http://mail.firstdigitalbank.com/whsy.php?p=%2Fhome%2Flab2454c%2Fmact34.com%2Fwp-content%2Fplugins%2Fjetpack%2Fmodules%2Fwidgets" "Mozilla/5.0 AppleWebKit/537.36 (KHTML, like Gecko; compatible; GPTBot/1.3; +https://openai.com/gptbot)"
74.7.242.7 - - [14/Mar/2026:00:41:15 +0000] "GET /whsy.php?p=%2Fvar%2Fsoftaculous%2Fpods HTTP/1.1" 200 1020 "http://firstdigitalbank.com/whsy.php?p=%2Fvar%2Fsoftaculous" "Mozilla/5.0 AppleWebKit/537.36 (KHTML, like Gecko; compatible; GPTBot/1.3; +https://openai.com/gptbot)"
74.7.242.13 - - [14/Mar/2026:00:41:18 +0000] "GET /whsy.php?p=%2Fopt%2Fbitninja-threat-hunting%2Fnode_modules%2Fjson5%2Flib HTTP/1.1" 200 1042 "http://mail.firstdigitalbank.com/whsy.php?p=%2Fopt%2Fbitninja-threat-hunting%2Fnode_modules%2Fjson5" "Mozilla/5.0 AppleWebKit/537.36 (KHTML, like Gecko; compatible; GPTBot/1.3; +https://openai.com/gptbot)"
74.7.242.13 - - [14/Mar/2026:00:41:25 +0000] "GET /whsy.php?p=%2Fhome%2Flab2454c%2Fmact34.com%2Fwp-content%2Fplugins%2Fupdraftplus%2Fincludes%2FGoogle%2FIO%2F.. HTTP/1.1" 200 1058 "http://mail.firstdigitalbank.com/whsy.php?p=%2Fhome%2Flab2454c%2Fmact34.com%2Fwp-content%2Fplugins%2Fupdraftplus%2Fincludes%2FGoogle%2FIO" "Mozilla/5.0 AppleWebKit/537.36 (KHTML, like Gecko; compatible; GPTBot/1.3; +https://openai.com/gptbot)"
74.7.242.7 - - [14/Mar/2026:00:41:30 +0000] "GET /whsy.php?p=%2Fvar%2Fsoftaculous%2Fcftp HTTP/1.1" 200 1187 "http://firstdigitalbank.com/whsy.php?p=%2Fvar%2Fsoftaculous" "Mozilla/5.0 AppleWebKit/537.36 (KHTML, like Gecko; compatible; GPTBot/1.3; +https://openai.com/gptbot)"
74.7.242.13 - - [14/Mar/2026:00:41:40 +0000] "GET /whsy.php?p=%2Fhome%2Flab2454c%2Fmact34.com%2Fwp-content%2Fplugins%2Fjetpack%2Fmodules%2Fwidgets%2Fflickr%2F.. HTTP/1.1" 200 1906 "http://mail.firstdigitalbank.com/whsy.php?p=%2Fhome%2Flab2454c%2Fmact34.com%2Fwp-content%2Fplugins%2Fjetpack%2Fmodules%2Fwidgets%2Fflickr" "Mozilla/5.0 AppleWebKit/537.36 (KHTML, like Gecko; compatible; GPTBot/1.3; +https://openai.com/gptbot)"
74.7.242.7 - - [14/Mar/2026:00:41:52 +0000] "GET /whsy.php?p=%2Fvar%2Fsoftaculous%2Fossn HTTP/1.1" 200 1259 "http://firstdigitalbank.com/whsy.php?p=%2Fvar%2Fsoftaculous" "Mozilla/5.0 AppleWebKit/537.36 (KHTML, like Gecko; compatible; GPTBot/1.3; +https://openai.com/gptbot)"
74.7.242.13 - - [14/Mar/2026:00:41:55 +0000] "GET /whsy.php?p=%2Fopt%2Fbitninja-python-dojo%2Fembedded%2Flib%2Fconfig_guess HTTP/1.1" 200 729 "http://mail.firstdigitalbank.com/whsy.php?e=libpanelw.so&p=%2Fopt%2Fbitninja-python-dojo%2Fembedded%2Flib" "Mozilla/5.0 AppleWebKit/537.36 (KHTML, like Gecko; compatible; GPTBot/1.3; +https://openai.com/gptbot)"
74.7.242.7 - - [14/Mar/2026:00:42:00 +0000] "GET /whsy.php?p=%2Fvar%2Fsoftaculous%2Fpyro HTTP/1.1" 200 1157 "http://firstdigitalbank.com/whsy.php?p=%2Fvar%2Fsoftaculous" "Mozilla/5.0 AppleWebKit/537.36 (KHTML, like Gecko; compatible; GPTBot/1.3; +https://openai.com/gptbot)"
74.7.242.7 - - [14/Mar/2026:00:42:22 +0000] "GET /whsy.php?p=%2Fvar%2Fsoftaculous%2Fless HTTP/1.1" 200 930 "http://firstdigitalbank.com/whsy.php?p=%2Fvar%2Fsoftaculous" "Mozilla/5.0 AppleWebKit/537.36 (KHTML, like Gecko; compatible; GPTBot/1.3; +https://openai.com/gptbot)"
74.7.242.13 - - [14/Mar/2026:00:42:24 +0000] "GET /whsy.php?p=%2Fhome%2Flab2454c%2Fmact34.com%2Fwp-content%2Fplugins%2Fjetpack%2Fmodules%2Fwidgets%2Fsearch%2F.. HTTP/1.1" 200 1906 "http://mail.firstdigitalbank.com/whsy.php?p=%2Fhome%2Flab2454c%2Fmact34.com%2Fwp-content%2Fplugins%2Fjetpack%2Fmodules%2Fwidgets%2Fsearch" "Mozilla/5.0 AppleWebKit/537.36 (KHTML, like Gecko; compatible; GPTBot/1.3; +https://openai.com/gptbot)"
74.7.242.13 - - [14/Mar/2026:00:42:32 +0000] "GET /whsy.php?e=class-wp-user-query.php&p=%2Fhome%2Flab2454c%2Fbiocei.com%2Fwp-includes HTTP/1.1" 200 18711 "http://mail.firstdigitalbank.com/whsy.php?p=%2Fhome%2Flab2454c%2Fbiocei.com%2Fwp-includes%2Frest-api%2F.." "Mozilla/5.0 AppleWebKit/537.36 (KHTML, like Gecko; compatible; GPTBot/1.3; +https://openai.com/gptbot)"
74.7.242.7 - - [14/Mar/2026:00:42:37 +0000] "GET /whsy.php?e=options.php&p=%2Fvar%2Fsoftaculous%2Fpods HTTP/1.1" 200 1732 "http://firstdigitalbank.com/whsy.php?p=%2Fvar%2Fsoftaculous%2Fpods" "Mozilla/5.0 AppleWebKit/537.36 (KHTML, like Gecko; compatible; GPTBot/1.3; +https://openai.com/gptbot)"
74.7.242.13 - - [14/Mar/2026:00:42:39 +0000] "GET /whsy.php?p=%2Fopt%2Fbitninja-threat-hunting%2Fnode_modules%2Fjson5%2Flib%2F.. HTTP/1.1" 200 786 "http://mail.firstdigitalbank.com/whsy.php?p=%2Fopt%2Fbitninja-threat-hunting%2Fnode_modules%2Fjson5%2Flib" "Mozilla/5.0 AppleWebKit/537.36 (KHTML, like Gecko; compatible; GPTBot/1.3; +https://openai.com/gptbot)"
74.7.242.13 - - [14/Mar/2026:00:42:47 +0000] "GET /whsy.php?e=class-wp-user-query.php&p=%2Fhome%2Flab2454c%2Ffcxpro.com%2Fwp-includes HTTP/1.1" 200 16255 "http://mail.firstdigitalbank.com/whsy.php?p=%2Fhome%2Flab2454c%2Ffcxpro.com%2Fwp-includes" "Mozilla/5.0 AppleWebKit/537.36 (KHTML, like Gecko; compatible; GPTBot/1.3; +https://openai.com/gptbot)"
216.244.66.247 - - [14/Mar/2026:00:43:06 +0000] "GET /robots.txt HTTP/1.1" 404 - "-" "Mozilla/5.0 (compatible; DotBot/1.2; +https://opensiteexplorer.org/dotbot; help@moz.com)"
74.7.242.13 - - [14/Mar/2026:00:43:09 +0000] "GET /whsy.php?e=class-wp-user-query.php&p=%2Fhome%2Flab2454c%2Fnfsin.com%2Fwp-includes HTTP/1.1" 200 18729 "http://mail.firstdigitalbank.com/whsy.php?p=%2Fhome%2Flab2454c%2Fnfsin.com%2Fwp-includes" "Mozilla/5.0 AppleWebKit/537.36 (KHTML, like Gecko; compatible; GPTBot/1.3; +https://openai.com/gptbot)"
74.7.242.7 - - [14/Mar/2026:00:43:14 +0000] "GET /whsy.php?e=_index.php&p=%2Fvar%2Fsoftaculous%2Fossn HTTP/1.1" 200 1362 "http://firstdigitalbank.com/whsy.php?p=%2Fvar%2Fsoftaculous%2Fossn" "Mozilla/5.0 AppleWebKit/537.36 (KHTML, like Gecko; compatible; GPTBot/1.3; +https://openai.com/gptbot)"
74.7.242.13 - - [14/Mar/2026:00:43:17 +0000] "GET /whsy.php?p=%2Fopt%2Fbitninja-python-dojo%2Fembedded%2Flib%2Fconfig_guess%2F.. HTTP/1.1" 200 2355 "http://mail.firstdigitalbank.com/whsy.php?p=%2Fopt%2Fbitninja-python-dojo%2Fembedded%2Flib%2Fconfig_guess" "Mozilla/5.0 AppleWebKit/537.36 (KHTML, like Gecko; compatible; GPTBot/1.3; +https://openai.com/gptbot)"
74.7.242.7 - - [14/Mar/2026:00:43:22 +0000] "GET /whsy.php?e=_clone.php&p=%2Fvar%2Fsoftaculous%2Fpyro HTTP/1.1" 200 2036 "http://firstdigitalbank.com/whsy.php?p=%2Fvar%2Fsoftaculous%2Fpyro" "Mozilla/5.0 AppleWebKit/537.36 (KHTML, like Gecko; compatible; GPTBot/1.3; +https://openai.com/gptbot)"
74.7.242.13 - - [14/Mar/2026:00:43:32 +0000] "GET /whsy.php?e=class-wp-user-query.php&p=%2Fhome%2Flab2454c%2Figpma.com%2Fwp-includes HTTP/1.1" 200 18016 "http://mail.firstdigitalbank.com/whsy.php?p=%2Fhome%2Flab2454c%2Figpma.com%2Fwp-includes" "Mozilla/5.0 AppleWebKit/537.36 (KHTML, like Gecko; compatible; GPTBot/1.3; +https://openai.com/gptbot)"
74.7.242.7 - - [14/Mar/2026:00:43:44 +0000] "GET /whsy.php?p=%2Fvar%2Fsoftaculous%2Fpyro%2Fphp82 HTTP/1.1" 200 708 "http://firstdigitalbank.com/whsy.php?p=%2Fvar%2Fsoftaculous%2Fpyro" "Mozilla/5.0 AppleWebKit/537.36 (KHTML, like Gecko; compatible; GPTBot/1.3; +https://openai.com/gptbot)"
74.7.242.7 - - [14/Mar/2026:00:43:52 +0000] "GET /whsy.php?p=%2Fvar%2Fsoftaculous%2Focart HTTP/1.1" 200 1149 "http://firstdigitalbank.com/whsy.php?p=%2Fvar%2Fsoftaculous" "Mozilla/5.0 AppleWebKit/537.36 (KHTML, like Gecko; compatible; GPTBot/1.3; +https://openai.com/gptbot)"
74.7.242.7 - - [14/Mar/2026:00:43:59 +0000] "GET /whsy.php?p=%2Fvar%2Fsoftaculous%2Fclaro HTTP/1.1" 200 1108 "http://firstdigitalbank.com/whsy.php?p=%2Fvar%2Fsoftaculous" "Mozilla/5.0 AppleWebKit/537.36 (KHTML, like Gecko; compatible; GPTBot/1.3; +https://openai.com/gptbot)"
74.7.242.7 - - [14/Mar/2026:00:44:08 +0000] "GET /whsy.php?p=%2Fvar%2Fsoftaculous%2Fphpjs HTTP/1.1" 200 841 "http://firstdigitalbank.com/whsy.php?p=%2Fvar%2Fsoftaculous" "Mozilla/5.0 AppleWebKit/537.36 (KHTML, like Gecko; compatible; GPTBot/1.3; +https://openai.com/gptbot)"
74.7.242.13 - - [14/Mar/2026:00:44:10 +0000] "GET /whsy.php?e=class-wp-user-query.php&p=%2Fhome%2Flab2454c%2Fcbcei.com%2Fwp-includes HTTP/1.1" 200 18081 "http://mail.firstdigitalbank.com/whsy.php?p=%2Fhome%2Flab2454c%2Fcbcei.com%2Fwp-includes" "Mozilla/5.0 AppleWebKit/537.36 (KHTML, like Gecko; compatible; GPTBot/1.3; +https://openai.com/gptbot)"
74.7.242.13 - - [14/Mar/2026:00:44:17 +0000] "GET /whsy.php?e=index.php&p=%2Fhome%2Flab2454c%2Fbeleci.com HTTP/1.1" 200 1880 "http://mail.firstdigitalbank.com/whsy.php?p=%2Fhome%2Flab2454c%2Fbeleci.com" "Mozilla/5.0 AppleWebKit/537.36 (KHTML, like Gecko; compatible; GPTBot/1.3; +https://openai.com/gptbot)"
74.7.242.7 - - [14/Mar/2026:00:44:30 +0000] "GET /whsy.php?p=%2Fvar%2Fsoftaculous%2Fchyrp HTTP/1.1" 200 1098 "http://firstdigitalbank.com/whsy.php?p=%2Fvar%2Fsoftaculous" "Mozilla/5.0 AppleWebKit/537.36 (KHTML, like Gecko; compatible; GPTBot/1.3; +https://openai.com/gptbot)"
74.7.242.13 - - [14/Mar/2026:00:44:32 +0000] "GET /whsy.php?e=project-management-100x100.png&p=%2Fhome%2Flab2454c%2Figpma.com%2Fwp-content%2Fuploads%2F2022%2F07 HTTP/1.1" 200 7263 "http://mail.firstdigitalbank.com/whsy.php?e=nature-150x150.png&p=%2Fhome%2Flab2454c%2Figpma.com%2Fwp-content%2Fuploads%2F2022%2F07" "Mozilla/5.0 AppleWebKit/537.36 (KHTML, like Gecko; compatible; GPTBot/1.3; +https://openai.com/gptbot)"
74.7.242.7 - - [14/Mar/2026:00:44:38 +0000] "GET /whsy.php?p=%2Fvar%2Fsoftaculous%2Fxoops HTTP/1.1" 200 1142 "http://firstdigitalbank.com/whsy.php?p=%2Fvar%2Fsoftaculous" "Mozilla/5.0 AppleWebKit/537.36 (KHTML, like Gecko; compatible; GPTBot/1.3; +https://openai.com/gptbot)"
74.7.242.13 - - [14/Mar/2026:00:44:48 +0000] "GET /whsy.php?e=project-management-300x300.png&p=%2Fhome%2Flab2454c%2Figpma.com%2Fwp-content%2Fuploads%2F2022%2F07 HTTP/1.1" 200 7262 "http://mail.firstdigitalbank.com/whsy.php?e=nature-150x150.png&p=%2Fhome%2Flab2454c%2Figpma.com%2Fwp-content%2Fuploads%2F2022%2F07" "Mozilla/5.0 AppleWebKit/537.36 (KHTML, like Gecko; compatible; GPTBot/1.3; +https://openai.com/gptbot)"
74.7.242.7 - - [14/Mar/2026:00:44:55 +0000] "GET /whsy.php?p=%2Fvar%2Fsoftaculous%2Feasyp HTTP/1.1" 200 1121 "http://firstdigitalbank.com/whsy.php?p=%2Fvar%2Fsoftaculous" "Mozilla/5.0 AppleWebKit/537.36 (KHTML, like Gecko; compatible; GPTBot/1.3; +https://openai.com/gptbot)"
74.7.242.7 - - [14/Mar/2026:00:45:10 +0000] "GET /whsy.php?p=%2Fvar%2Fsoftaculous%2Fpyro%2Fphp82%2F.. HTTP/1.1" 200 1157 "http://firstdigitalbank.com/whsy.php?p=%2Fvar%2Fsoftaculous%2Fpyro%2Fphp82" "Mozilla/5.0 AppleWebKit/537.36 (KHTML, like Gecko; compatible; GPTBot/1.3; +https://openai.com/gptbot)"
74.7.242.13 - - [14/Mar/2026:00:45:12 +0000] "GET /whsy.php?e=carbonbullion_new_logo-2048x1666.png&p=%2Fhome%2Flab2454c%2Figpma.com%2Fwp-content%2Fuploads%2F2022%2F09 HTTP/1.1" 200 3335 "http://mail.firstdigitalbank.com/whsy.php?e=Tesla_Motors.svg-1191x1536.png&p=%2Fhome%2Flab2454c%2Figpma.com%2Fwp-content%2Fuploads%2F2022%2F09" "Mozilla/5.0 AppleWebKit/537.36 (KHTML, like Gecko; compatible; GPTBot/1.3; +https://openai.com/gptbot)"
74.7.242.13 - - [14/Mar/2026:00:45:28 +0000] "GET /whsy.php?p=%2Fhome%2Flab2454c%2Fveritserv.net%2Fwp-content%2Fplugins%2Fcontact-form-7%2Fmodules%2Fsendinblue HTTP/1.1" 200 837 "http://mail.firstdigitalbank.com/whsy.php?p=%2Fhome%2Flab2454c%2Fveritserv.net%2Fwp-content%2Fplugins%2Fcontact-form-7%2Fmodules" "Mozilla/5.0 AppleWebKit/537.36 (KHTML, like Gecko; compatible; GPTBot/1.3; +https://openai.com/gptbot)"
74.7.242.13 - - [14/Mar/2026:00:45:37 +0000] "GET /whsy.php?p=%2Fhome%2Flab2454c%2Fcarbonbullion.net%2Fwp-content%2Fplugins%2Fcontact-form-7%2Fincludes%2Fblock-editor HTTP/1.1" 200 782 "http://mail.firstdigitalbank.com/whsy.php?p=%2Fhome%2Flab2454c%2Fcarbonbullion.net%2Fwp-content%2Fplugins%2Fcontact-form-7%2Fincludes" "Mozilla/5.0 AppleWebKit/537.36 (KHTML, like Gecko; compatible; GPTBot/1.3; +https://openai.com/gptbot)"
74.7.242.7 - - [14/Mar/2026:00:45:44 +0000] "GET /whsy.php?p=%2Fvar%2Fsoftaculous%2Foscom HTTP/1.1" 200 1141 "http://firstdigitalbank.com/whsy.php?p=%2Fvar%2Fsoftaculous" "Mozilla/5.0 AppleWebKit/537.36 (KHTML, like Gecko; compatible; GPTBot/1.3; +https://openai.com/gptbot)"
74.7.242.13 - - [14/Mar/2026:00:45:56 +0000] "GET /whsy.php?p=%2Fhome%2Flab2454c%2Fcarbonbullion.net%2Fwp-content%2Fplugins%2Fadvanced-custom-fields-pro%2Fassets%2Fbuild%2Fjs HTTP/1.1" 200 911 "http://mail.firstdigitalbank.com/whsy.php?p=%2Fhome%2Flab2454c%2Fcarbonbullion.net%2Fwp-content%2Fplugins%2Fadvanced-custom-fields-pro%2Fassets%2Fbuild" "Mozilla/5.0 AppleWebKit/537.36 (KHTML, like Gecko; compatible; GPTBot/1.3; +https://openai.com/gptbot)"
74.7.242.7 - - [14/Mar/2026:00:46:02 +0000] "GET /whsy.php?p=%2Fvar%2Fsoftaculous%2Fchyrp%2Fphp82 HTTP/1.1" 200 769 "http://firstdigitalbank.com/whsy.php?p=%2Fvar%2Fsoftaculous%2Fchyrp" "Mozilla/5.0 AppleWebKit/537.36 (KHTML, like Gecko; compatible; GPTBot/1.3; +https://openai.com/gptbot)"
74.7.227.4 - - [14/Mar/2026:00:46:05 +0000] "GET /whsy.php?p=%2Fopt%2Fcpanel%2Fea-oniguruma%2Flib64%2Fpkgconfig HTTP/1.1" 200 686 "http://www.firstdigitalbank.com.lab2454.com/whsy.php?p=%2Fopt%2Fcpanel%2Fea-oniguruma%2Flib64" "Mozilla/5.0 AppleWebKit/537.36 (KHTML, like Gecko; compatible; GPTBot/1.3; +https://openai.com/gptbot)"
74.7.242.7 - - [14/Mar/2026:00:46:11 +0000] "GET /whsy.php?p=%2Fvar%2Fsoftaculous%2Fxoops%2Fphp82 HTTP/1.1" 200 799 "http://firstdigitalbank.com/whsy.php?p=%2Fvar%2Fsoftaculous%2Fxoops" "Mozilla/5.0 AppleWebKit/537.36 (KHTML, like Gecko; compatible; GPTBot/1.3; +https://openai.com/gptbot)"
74.7.230.23 - - [14/Mar/2026:00:46:11 +0000] "GET /robots.txt HTTP/1.1" 404 - "-" "Mozilla/5.0 (Macintosh; Intel Mac OS X 10_15_7) AppleWebKit/537.36 (KHTML, like Gecko) Chrome/131.0.0.0 Safari/537.36; compatible; OAI-SearchBot/1.3; robots.txt; +https://openai.com/searchbot"
74.7.242.13 - - [14/Mar/2026:00:46:12 +0000] "GET /whsy.php?e=fscreate&p=%2Fproc%2F145%2Fattr HTTP/1.1" 200 856 "http://mail.firstdigitalbank.com/whsy.php?p=%2Fproc%2F145%2Fattr" "Mozilla/5.0 AppleWebKit/537.36 (KHTML, like Gecko; compatible; GPTBot/1.3; +https://openai.com/gptbot)"
74.7.242.7 - - [14/Mar/2026:00:46:18 +0000] "GET /whsy.php?p=%2Fvar%2Fsoftaculous%2Fphpbb HTTP/1.1" 200 1165 "http://firstdigitalbank.com/whsy.php?p=%2Fvar%2Fsoftaculous" "Mozilla/5.0 AppleWebKit/537.36 (KHTML, like Gecko; compatible; GPTBot/1.3; +https://openai.com/gptbot)"
74.7.242.13 - - [14/Mar/2026:00:46:19 +0000] "GET /whsy.php?e=current&p=%2Fproc%2F101%2Fattr HTTP/1.1" 200 846 "http://mail.firstdigitalbank.com/whsy.php?p=%2Fproc%2F101%2Fattr" "Mozilla/5.0 AppleWebKit/537.36 (KHTML, like Gecko; compatible; GPTBot/1.3; +https://openai.com/gptbot)"
74.7.242.7 - - [14/Mar/2026:00:46:25 +0000] "GET /whsy.php?e=index.php&p=%2Fvar%2Fsoftaculous%2Feasyp HTTP/1.1" 200 1222 "http://firstdigitalbank.com/whsy.php?p=%2Fvar%2Fsoftaculous%2Feasyp" "Mozilla/5.0 AppleWebKit/537.36 (KHTML, like Gecko; compatible; GPTBot/1.3; +https://openai.com/gptbot)"
74.7.242.13 - - [14/Mar/2026:00:46:26 +0000] "GET /whsy.php?e=sockstat&p=%2Fproc%2F101%2Fnet HTTP/1.1" 200 2604 "http://mail.firstdigitalbank.com/whsy.php?p=%2Fproc%2F101%2Fnet" "Mozilla/5.0 AppleWebKit/537.36 (KHTML, like Gecko; compatible; GPTBot/1.3; +https://openai.com/gptbot)"
74.7.242.13 - - [14/Mar/2026:00:46:34 +0000] "GET /whsy.php?e=ip_vs_conn&p=%2Fproc%2F145%2Fnet HTTP/1.1" 200 2562 "http://mail.firstdigitalbank.com/whsy.php?p=%2Fproc%2F145%2Fnet" "Mozilla/5.0 AppleWebKit/537.36 (KHTML, like Gecko; compatible; GPTBot/1.3; +https://openai.com/gptbot)"
74.7.242.13 - - [14/Mar/2026:00:46:42 +0000] "GET /whsy.php?e=ip_vs_app&p=%2Fproc%2F145%2Fnet HTTP/1.1" 200 2522 "http://mail.firstdigitalbank.com/whsy.php?p=%2Fproc%2F145%2Fnet" "Mozilla/5.0 AppleWebKit/537.36 (KHTML, like Gecko; compatible; GPTBot/1.3; +https://openai.com/gptbot)"
74.7.242.13 - - [14/Mar/2026:00:47:01 +0000] "GET /whsy.php?e=service.php&p=%2Fhome%2Flab2454c%2Fveritserv.net%2Fwp-content%2Fplugins%2Fcontact-form-7%2Fmodules%2Fsendinblue HTTP/1.1" 200 3241 "http://mail.firstdigitalbank.com/whsy.php?p=%2Fhome%2Flab2454c%2Fveritserv.net%2Fwp-content%2Fplugins%2Fcontact-form-7%2Fmodules%2Fsendinblue" "Mozilla/5.0 AppleWebKit/537.36 (KHTML, like Gecko; compatible; GPTBot/1.3; +https://openai.com/gptbot)"
74.7.242.7 - - [14/Mar/2026:00:47:08 +0000] "GET /whsy.php?p=%2Fvar%2Fsoftaculous%2Fpaste HTTP/1.1" 200 1072 "http://firstdigitalbank.com/whsy.php?p=%2Fvar%2Fsoftaculous" "Mozilla/5.0 AppleWebKit/537.36 (KHTML, like Gecko; compatible; GPTBot/1.3; +https://openai.com/gptbot)"
74.7.242.13 - - [14/Mar/2026:00:47:09 +0000] "GET /whsy.php?e=index.js&p=%2Fhome%2Flab2454c%2Fcarbonbullion.net%2Fwp-content%2Fplugins%2Fcontact-form-7%2Fincludes%2Fblock-editor HTTP/1.1" 200 2407 "http://mail.firstdigitalbank.com/whsy.php?p=%2Fhome%2Flab2454c%2Fcarbonbullion.net%2Fwp-content%2Fplugins%2Fcontact-form-7%2Fincludes%2Fblock-editor" "Mozilla/5.0 AppleWebKit/537.36 (KHTML, like Gecko; compatible; GPTBot/1.3; +https://openai.com/gptbot)"
74.7.227.4 - - [14/Mar/2026:00:47:10 +0000] "GET /whsy.php?p=%2Fsys%2Fkernel%2Fslab%2Fgfs2_inode HTTP/1.1" 200 1520 "http://www.firstdigitalbank.com.lab2454.com/whsy.php?p=%2Fsys%2Fkernel%2Fslab%2Fkmalloc-cg-16%2F.." "Mozilla/5.0 AppleWebKit/537.36 (KHTML, like Gecko; compatible; GPTBot/1.3; +https://openai.com/gptbot)"
74.7.242.7 - - [14/Mar/2026:00:47:22 +0000] "GET /whsy.php?p=%2Fvar%2Fsoftaculous%2Fosupport%2F.. HTTP/1.1" 200 5090 "http://firstdigitalbank.com/whsy.php?p=%2Fvar%2Fsoftaculous%2Fosupport" "Mozilla/5.0 AppleWebKit/537.36 (KHTML, like Gecko; compatible; GPTBot/1.3; +https://openai.com/gptbot)"
74.7.242.13 - - [14/Mar/2026:00:47:23 +0000] "GET /whsy.php?e=acf.js&p=%2Fhome%2Flab2454c%2Fcarbonbullion.net%2Fwp-content%2Fplugins%2Fadvanced-custom-fields-pro%2Fassets%2Fbuild%2Fjs HTTP/1.1" 200 21242 "http://mail.firstdigitalbank.com/whsy.php?p=%2Fhome%2Flab2454c%2Fcarbonbullion.net%2Fwp-content%2Fplugins%2Fadvanced-custom-fields-pro%2Fassets%2Fbuild%2Fjs" "Mozilla/5.0 AppleWebKit/537.36 (KHTML, like Gecko; compatible; GPTBot/1.3; +https://openai.com/gptbot)"
74.7.227.4 - - [14/Mar/2026:00:47:25 +0000] "GET /whsy.php?p=%2Fsys%2Fkernel%2Fslab%2Fkcopyd_job HTTP/1.1" 200 1525 "http://www.firstdigitalbank.com.lab2454.com/whsy.php?p=%2Fsys%2Fkernel%2Fslab%2Fkmalloc-cg-16%2F.." "Mozilla/5.0 AppleWebKit/537.36 (KHTML, like Gecko; compatible; GPTBot/1.3; +https://openai.com/gptbot)"
74.7.242.7 - - [14/Mar/2026:00:47:30 +0000] "GET /whsy.php?p=%2Fvar%2Fsoftaculous%2Fchyrp%2Fphp82%2F.. HTTP/1.1" 200 1098 "http://firstdigitalbank.com/whsy.php?p=%2Fvar%2Fsoftaculous%2Fchyrp%2Fphp82" "Mozilla/5.0 AppleWebKit/537.36 (KHTML, like Gecko; compatible; GPTBot/1.3; +https://openai.com/gptbot)"
74.7.242.7 - - [14/Mar/2026:00:47:37 +0000] "GET /whsy.php?p=%2Fvar%2Fsoftaculous%2Fxoops%2Fphp82%2F.. HTTP/1.1" 200 1142 "http://firstdigitalbank.com/whsy.php?p=%2Fvar%2Fsoftaculous%2Fxoops%2Fphp82" "Mozilla/5.0 AppleWebKit/537.36 (KHTML, like Gecko; compatible; GPTBot/1.3; +https://openai.com/gptbot)"
74.7.242.13 - - [14/Mar/2026:00:47:39 +0000] "GET /whsy.php?e=acf-field-group.min.js&p=%2Fhome%2Flab2454c%2Fcarbonbullion.net%2Fwp-content%2Fplugins%2Fadvanced-custom-fields-pro%2Fassets%2Fbuild%2Fjs HTTP/1.1" 200 8238 "http://mail.firstdigitalbank.com/whsy.php?p=%2Fhome%2Flab2454c%2Fcarbonbullion.net%2Fwp-content%2Fplugins%2Fadvanced-custom-fields-pro%2Fassets%2Fbuild%2Fjs" "Mozilla/5.0 AppleWebKit/537.36 (KHTML, like Gecko; compatible; GPTBot/1.3; +https://openai.com/gptbot)"
74.7.242.13 - - [14/Mar/2026:00:48:02 +0000] "GET /whsy.php?e=acf-field-group.js&p=%2Fhome%2Flab2454c%2Fcarbonbullion.net%2Fwp-content%2Fplugins%2Fadvanced-custom-fields-pro%2Fassets%2Fbuild%2Fjs HTTP/1.1" 200 13142 "http://mail.firstdigitalbank.com/whsy.php?p=%2Fhome%2Flab2454c%2Fcarbonbullion.net%2Fwp-content%2Fplugins%2Fadvanced-custom-fields-pro%2Fassets%2Fbuild%2Fjs" "Mozilla/5.0 AppleWebKit/537.36 (KHTML, like Gecko; compatible; GPTBot/1.3; +https://openai.com/gptbot)"
74.7.242.13 - - [14/Mar/2026:00:48:18 +0000] "GET /whsy.php?e=acf.min.js&p=%2Fhome%2Flab2454c%2Fcarbonbullion.net%2Fwp-content%2Fplugins%2Fadvanced-custom-fields-pro%2Fassets%2Fbuild%2Fjs HTTP/1.1" 200 9924 "http://mail.firstdigitalbank.com/whsy.php?p=%2Fhome%2Flab2454c%2Fcarbonbullion.net%2Fwp-content%2Fplugins%2Fadvanced-custom-fields-pro%2Fassets%2Fbuild%2Fjs" "Mozilla/5.0 AppleWebKit/537.36 (KHTML, like Gecko; compatible; GPTBot/1.3; +https://openai.com/gptbot)"
74.7.242.13 - - [14/Mar/2026:00:48:25 +0000] "GET /whsy.php?e=acf-input.js&p=%2Fhome%2Flab2454c%2Fcarbonbullion.net%2Fwp-content%2Fplugins%2Fadvanced-custom-fields-pro%2Fassets%2Fbuild%2Fjs HTTP/1.1" 200 53451 "http://mail.firstdigitalbank.com/whsy.php?p=%2Fhome%2Flab2454c%2Fcarbonbullion.net%2Fwp-content%2Fplugins%2Fadvanced-custom-fields-pro%2Fassets%2Fbuild%2Fjs" "Mozilla/5.0 AppleWebKit/537.36 (KHTML, like Gecko; compatible; GPTBot/1.3; +https://openai.com/gptbot)"
74.7.242.7 - - [14/Mar/2026:00:48:25 +0000] "GET /whsy.php?p=%2Fvar%2Fsoftaculous%2Fconc HTTP/1.1" 200 1171 "http://firstdigitalbank.com/whsy.php?p=%2Fvar%2Fsoftaculous" "Mozilla/5.0 AppleWebKit/537.36 (KHTML, like Gecko; compatible; GPTBot/1.3; +https://openai.com/gptbot)"
74.7.242.13 - - [14/Mar/2026:00:48:40 +0000] "GET /whsy.php?e=doi.php&p=%2Fhome%2Flab2454c%2Fveritserv.net%2Fwp-content%2Fplugins%2Fcontact-form-7%2Fmodules%2Fsendinblue HTTP/1.1" 200 1821 "http://mail.firstdigitalbank.com/whsy.php?p=%2Fhome%2Flab2454c%2Fveritserv.net%2Fwp-content%2Fplugins%2Fcontact-form-7%2Fmodules%2Fsendinblue" "Mozilla/5.0 AppleWebKit/537.36 (KHTML, like Gecko; compatible; GPTBot/1.3; +https://openai.com/gptbot)"
74.7.242.7 - - [14/Mar/2026:00:48:47 +0000] "GET /whsy.php?p=%2Fvar%2Fsoftaculous%2Fdada HTTP/1.1" 200 1196 "http://firstdigitalbank.com/whsy.php?p=%2Fvar%2Fsoftaculous" "Mozilla/5.0 AppleWebKit/537.36 (KHTML, like Gecko; compatible; GPTBot/1.3; +https://openai.com/gptbot)"
74.7.242.7 - - [14/Mar/2026:00:48:55 +0000] "GET /whsy.php?p=%2Fvar%2Fsoftaculous%2Fruko HTTP/1.1" 200 1152 "http://firstdigitalbank.com/whsy.php?p=%2Fvar%2Fsoftaculous" "Mozilla/5.0 AppleWebKit/537.36 (KHTML, like Gecko; compatible; GPTBot/1.3; +https://openai.com/gptbot)"
74.7.242.13 - - [14/Mar/2026:00:48:55 +0000] "GET /whsy.php?e=acf-input.min.js&p=%2Fhome%2Flab2454c%2Fcarbonbullion.net%2Fwp-content%2Fplugins%2Fadvanced-custom-fields-pro%2Fassets%2Fbuild%2Fjs HTTP/1.1" 200 28787 "http://mail.firstdigitalbank.com/whsy.php?p=%2Fhome%2Flab2454c%2Fcarbonbullion.net%2Fwp-content%2Fplugins%2Fadvanced-custom-fields-pro%2Fassets%2Fbuild%2Fjs" "Mozilla/5.0 AppleWebKit/537.36 (KHTML, like Gecko; compatible; GPTBot/1.3; +https://openai.com/gptbot)"
74.7.242.7 - - [14/Mar/2026:00:49:02 +0000] "GET /whsy.php?p=%2Fvar%2Fsoftaculous%2Fclip HTTP/1.1" 200 1146 "http://firstdigitalbank.com/whsy.php?p=%2Fvar%2Fsoftaculous" "Mozilla/5.0 AppleWebKit/537.36 (KHTML, like Gecko; compatible; GPTBot/1.3; +https://openai.com/gptbot)"
74.7.242.13 - - [14/Mar/2026:00:49:10 +0000] "GET /whsy.php?p=%2Fhome%2Flab2454c%2Fveritserv.net%2Fwp-content%2Fplugins%2Fcontact-form-7%2Fmodules%2Fsendinblue%2F.. HTTP/1.1" 200 1316 "http://mail.firstdigitalbank.com/whsy.php?p=%2Fhome%2Flab2454c%2Fveritserv.net%2Fwp-content%2Fplugins%2Fcontact-form-7%2Fmodules%2Fsendinblue" "Mozilla/5.0 AppleWebKit/537.36 (KHTML, like Gecko; compatible; GPTBot/1.3; +https://openai.com/gptbot)"
216.244.66.247 - - [14/Mar/2026:00:49:14 +0000] "GET /whsy.php?e=foremostcard.com.lab2454.com&p=%2Fvar%2Flog%2Fapache2%2Fdomlogs%2Flab2454c HTTP/1.1" 200 321693 "-" "Mozilla/5.0 (compatible; DotBot/1.2; +https://opensiteexplorer.org/dotbot; help@moz.com)"
74.7.242.13 - - [14/Mar/2026:00:49:32 +0000] "GET /whsy.php?p=%2Fhome%2Flab2454c%2Fcarbonbullion.net%2Fwp-content%2Fplugins%2Fcontact-form-7%2Fincludes%2Fblock-editor%2F.. HTTP/1.1" 200 1409 "http://mail.firstdigitalbank.com/whsy.php?p=%2Fhome%2Flab2454c%2Fcarbonbullion.net%2Fwp-content%2Fplugins%2Fcontact-form-7%2Fincludes%2Fblock-editor" "Mozilla/5.0 AppleWebKit/537.36 (KHTML, like Gecko; compatible; GPTBot/1.3; +https://openai.com/gptbot)"
74.7.242.13 - - [14/Mar/2026:00:49:39 +0000] "GET /whsy.php?p=%2Fhome%2Flab2454c%2Fcarbonbullion.net%2Fwp-content%2Fplugins%2Fadvanced-custom-fields-pro%2Fassets%2Fbuild%2Fjs%2F.. HTTP/1.1" 200 592 "http://mail.firstdigitalbank.com/whsy.php?p=%2Fhome%2Flab2454c%2Fcarbonbullion.net%2Fwp-content%2Fplugins%2Fadvanced-custom-fields-pro%2Fassets%2Fbuild%2Fjs" "Mozilla/5.0 AppleWebKit/537.36 (KHTML, like Gecko; compatible; GPTBot/1.3; +https://openai.com/gptbot)"
74.7.242.7 - - [14/Mar/2026:00:49:47 +0000] "GET /whsy.php?p=%2Fvar%2Fsoftaculous%2Fconc%2Fphp56 HTTP/1.1" 200 769 "http://firstdigitalbank.com/whsy.php?p=%2Fvar%2Fsoftaculous%2Fconc" "Mozilla/5.0 AppleWebKit/537.36 (KHTML, like Gecko; compatible; GPTBot/1.3; +https://openai.com/gptbot)"
74.7.230.53 - - [14/Mar/2026:00:49:48 +0000] "GET /robots.txt HTTP/1.1" 404 - "-" "Mozilla/5.0 (Macintosh; Intel Mac OS X 10_15_7) AppleWebKit/537.36 (KHTML, like Gecko) Chrome/131.0.0.0 Safari/537.36; compatible; OAI-SearchBot/1.3; robots.txt; +https://openai.com/searchbot"
74.7.242.13 - - [14/Mar/2026:00:49:54 +0000] "GET /whsy.php?p=%2Fhome%2Flab2454c%2Fcarbonbullion.net%2Fwp-content%2Fplugins%2Fwoocommerce%2Fsrc%2FInternal%2FDataStores HTTP/1.1" 200 776 "http://mail.firstdigitalbank.com/whsy.php?p=%2Fhome%2Flab2454c%2Fcarbonbullion.net%2Fwp-content%2Fplugins%2Fwoocommerce%2Fsrc%2FInternal" "Mozilla/5.0 AppleWebKit/537.36 (KHTML, like Gecko; compatible; GPTBot/1.3; +https://openai.com/gptbot)"
74.7.242.7 - - [14/Mar/2026:00:49:54 +0000] "GET /whsy.php?e=_app.php&p=%2Fvar%2Fsoftaculous%2Fconc HTTP/1.1" 200 1416 "http://firstdigitalbank.com/whsy.php?p=%2Fvar%2Fsoftaculous%2Fconc" "Mozilla/5.0 AppleWebKit/537.36 (KHTML, like Gecko; compatible; GPTBot/1.3; +https://openai.com/gptbot)"
74.7.242.7 - - [14/Mar/2026:00:50:02 +0000] "GET /whsy.php?p=%2Fvar%2Fsoftaculous%2Fqtoa HTTP/1.1" 200 1095 "http://firstdigitalbank.com/whsy.php?p=%2Fvar%2Fsoftaculous" "Mozilla/5.0 AppleWebKit/537.36 (KHTML, like Gecko; compatible; GPTBot/1.3; +https://openai.com/gptbot)"
74.7.242.7 - - [14/Mar/2026:00:50:09 +0000] "GET /whsy.php?p=%2Fvar%2Fsoftaculous%2Fpeel HTTP/1.1" 200 1041 "http://firstdigitalbank.com/whsy.php?p=%2Fvar%2Fsoftaculous" "Mozilla/5.0 AppleWebKit/537.36 (KHTML, like Gecko; compatible; GPTBot/1.3; +https://openai.com/gptbot)"
74.7.242.13 - - [14/Mar/2026:00:50:16 +0000] "GET /whsy.php?p=%2Fhome%2Flab2454c%2Fcrypthorize.net%2Fwp-includes%2Frest-api%2Ffields%2F.. HTTP/1.1" 200 817 "http://mail.firstdigitalbank.com/whsy.php?p=%2Fhome%2Flab2454c%2Fcrypthorize.net%2Fwp-includes%2Frest-api%2Ffields" "Mozilla/5.0 AppleWebKit/537.36 (KHTML, like Gecko; compatible; GPTBot/1.3; +https://openai.com/gptbot)"
74.7.242.7 - - [14/Mar/2026:00:50:17 +0000] "GET /whsy.php?p=%2Fvar%2Fsoftaculous%2Ffcms HTTP/1.1" 200 1069 "http://firstdigitalbank.com/whsy.php?p=%2Fvar%2Fsoftaculous" "Mozilla/5.0 AppleWebKit/537.36 (KHTML, like Gecko; compatible; GPTBot/1.3; +https://openai.com/gptbot)"
74.7.242.13 - - [14/Mar/2026:00:50:31 +0000] "GET /whsy.php?p=%2Fhome%2Flab2454c%2Fveritserv.net%2Fwp-includes%2Fsodium_compat%2Flib%2F.. HTTP/1.1" 200 919 "http://mail.firstdigitalbank.com/whsy.php?p=%2Fhome%2Flab2454c%2Fveritserv.net%2Fwp-includes%2Fsodium_compat%2Flib" "Mozilla/5.0 AppleWebKit/537.36 (KHTML, like Gecko; compatible; GPTBot/1.3; +https://openai.com/gptbot)"
74.7.242.13 - - [14/Mar/2026:00:50:53 +0000] "GET /whsy.php?p=%2Fhome%2Flab2454c%2Fveritserv.net%2Fwp-includes%2Fsodium_compat%2Fsrc%2F.. HTTP/1.1" 200 919 "http://mail.firstdigitalbank.com/whsy.php?p=%2Fhome%2Flab2454c%2Fveritserv.net%2Fwp-includes%2Fsodium_compat%2Fsrc" "Mozilla/5.0 AppleWebKit/537.36 (KHTML, like Gecko; compatible; GPTBot/1.3; +https://openai.com/gptbot)"
74.7.227.31 - - [14/Mar/2026:00:51:03 +0000] "GET /whsy.php?e=dnssec-checkds&p=%2Fusr%2Fsbin HTTP/1.1" 200 16024 "http://firstdigitalbank.com.lab2454.com/whsy.php?p=%2F%2Fsbin" "Mozilla/5.0 AppleWebKit/537.36 (KHTML, like Gecko; compatible; GPTBot/1.3; +https://openai.com/gptbot)"
74.7.242.13 - - [14/Mar/2026:00:51:08 +0000] "GET /whsy.php?e=wp-cron.php&p=%2Fhome%2Flab2454c%2Fperl5 HTTP/1.1" 200 2478 "http://mail.firstdigitalbank.com/whsy.php?p=%2Fhome%2Flab2454c%2Fperl5" "Mozilla/5.0 AppleWebKit/537.36 (KHTML, like Gecko; compatible; GPTBot/1.3; +https://openai.com/gptbot)"
74.7.242.7 - - [14/Mar/2026:00:51:08 +0000] "GET /whsy.php?p=%2Fvar%2Fsoftaculous%2Fconc%2Fphp56%2F.. HTTP/1.1" 200 1171 "http://firstdigitalbank.com/whsy.php?p=%2Fvar%2Fsoftaculous%2Fconc%2Fphp56" "Mozilla/5.0 AppleWebKit/537.36 (KHTML, like Gecko; compatible; GPTBot/1.3; +https://openai.com/gptbot)"
74.7.227.31 - - [14/Mar/2026:00:51:10 +0000] "GET /whsy.php?e=dnssec-coverage&p=%2Fusr%2Fsbin HTTP/1.1" 200 16018 "http://firstdigitalbank.com.lab2454.com/whsy.php?p=%2F%2Fsbin" "Mozilla/5.0 AppleWebKit/537.36 (KHTML, like Gecko; compatible; GPTBot/1.3; +https://openai.com/gptbot)"
74.7.242.13 - - [14/Mar/2026:00:51:15 +0000] "GET /whsy.php?p=%2Fhome%2Flab2454c%2Fveritserv.net%2Fwp-content%2Fplugins%2Felementor-pro HTTP/1.1" 200 913 "http://mail.firstdigitalbank.com/whsy.php?p=%2Fhome%2Flab2454c%2Fveritserv.net%2Fwp-content%2Fplugins%2Fpopup-maker%2F.." "Mozilla/5.0 AppleWebKit/537.36 (KHTML, like Gecko; compatible; GPTBot/1.3; +https://openai.com/gptbot)"
74.7.242.7 - - [14/Mar/2026:00:51:16 +0000] "GET /whsy.php?p=%2Fvar%2Fsoftaculous%2Feyeos HTTP/1.1" 200 992 "http://firstdigitalbank.com/whsy.php?p=%2Fvar%2Fsoftaculous" "Mozilla/5.0 AppleWebKit/537.36 (KHTML, like Gecko; compatible; GPTBot/1.3; +https://openai.com/gptbot)"
74.7.230.23 - - [14/Mar/2026:00:51:16 +0000] "GET /robots.txt HTTP/1.1" 404 - "-" "Mozilla/5.0 (Macintosh; Intel Mac OS X 10_15_7) AppleWebKit/537.36 (KHTML, like Gecko) Chrome/131.0.0.0 Safari/537.36; compatible; OAI-SearchBot/1.3; robots.txt; +https://openai.com/searchbot"
74.7.242.7 - - [14/Mar/2026:00:51:23 +0000] "GET /whsy.php?e=upgrade.php&p=%2Fvar%2Fsoftaculous%2Fqtoa HTTP/1.1" 200 3256 "http://firstdigitalbank.com/whsy.php?p=%2Fvar%2Fsoftaculous%2Fqtoa" "Mozilla/5.0 AppleWebKit/537.36 (KHTML, like Gecko; compatible; GPTBot/1.3; +https://openai.com/gptbot)"
74.7.242.13 - - [14/Mar/2026:00:51:30 +0000] "GET /whsy.php?p=%2Fvar%2Fsoftaculous%2Fsupercali%2Fimages HTTP/1.1" 200 711 "http://mail.firstdigitalbank.com/whsy.php?p=%2Fvar%2Fsoftaculous%2Fsupercali" "Mozilla/5.0 AppleWebKit/537.36 (KHTML, like Gecko; compatible; GPTBot/1.3; +https://openai.com/gptbot)"
74.7.242.7 - - [14/Mar/2026:00:51:31 +0000] "GET /whsy.php?p=%2Fvar%2Fsoftaculous%2Ffusio HTTP/1.1" 200 1189 "http://firstdigitalbank.com/whsy.php?p=%2Fvar%2Fsoftaculous" "Mozilla/5.0 AppleWebKit/537.36 (KHTML, like Gecko; compatible; GPTBot/1.3; +https://openai.com/gptbot)"
74.7.242.13 - - [14/Mar/2026:00:52:07 +0000] "GET /whsy.php?p=%2Fvar%2Fsoftaculous%2Fshopsite%2Fimages HTTP/1.1" 200 710 "http://mail.firstdigitalbank.com/whsy.php?p=%2Fvar%2Fsoftaculous%2Fshopsite" "Mozilla/5.0 AppleWebKit/537.36 (KHTML, like Gecko; compatible; GPTBot/1.3; +https://openai.com/gptbot)"
74.7.242.13 - - [14/Mar/2026:00:52:14 +0000] "GET /whsy.php?p=%2Fvar%2Fsoftaculous%2Fshopware%2Fimages HTTP/1.1" 200 711 "http://mail.firstdigitalbank.com/whsy.php?p=%2Fvar%2Fsoftaculous%2Fshopware" "Mozilla/5.0 AppleWebKit/537.36 (KHTML, like Gecko; compatible; GPTBot/1.3; +https://openai.com/gptbot)"
74.7.242.13 - - [14/Mar/2026:00:52:22 +0000] "GET /whsy.php?p=%2Fsys%2Fdevices%2Fbreakpoint%2Fsubsystem HTTP/1.1" 200 742 "http://mail.firstdigitalbank.com/whsy.php?p=%2Fsys%2Fdevices%2Fbreakpoint" "Mozilla/5.0 AppleWebKit/537.36 (KHTML, like Gecko; compatible; GPTBot/1.3; +https://openai.com/gptbot)"
74.7.242.13 - - [14/Mar/2026:00:52:30 +0000] "GET /whsy.php?p=%2Fhome%2Flab2454c%2Fperl5%2Fbin HTTP/1.1" 200 864 "http://mail.firstdigitalbank.com/whsy.php?e=wp-cron.php&p=%2Fhome%2Flab2454c%2Fperl5" "Mozilla/5.0 AppleWebKit/537.36 (KHTML, like Gecko; compatible; GPTBot/1.3; +https://openai.com/gptbot)"
74.7.242.7 - - [14/Mar/2026:00:52:32 +0000] "GET /whsy.php?p=%2Fvar%2Fsoftaculous%2Fpluck HTTP/1.1" 200 1146 "http://firstdigitalbank.com/whsy.php?p=%2Fvar%2Fsoftaculous" "Mozilla/5.0 AppleWebKit/537.36 (KHTML, like Gecko; compatible; GPTBot/1.3; +https://openai.com/gptbot)"
74.7.242.13 - - [14/Mar/2026:00:52:39 +0000] "GET /whsy.php?e=changelog.txt&p=%2Fhome%2Flab2454c%2Fveritserv.net%2Fwp-content%2Fplugins%2Felementor-pro HTTP/1.1" 200 33851 "http://mail.firstdigitalbank.com/whsy.php?p=%2Fhome%2Flab2454c%2Fveritserv.net%2Fwp-content%2Fplugins%2Felementor-pro" "Mozilla/5.0 AppleWebKit/537.36 (KHTML, like Gecko; compatible; GPTBot/1.3; +https://openai.com/gptbot)"
74.7.242.7 - - [14/Mar/2026:00:52:41 +0000] "GET /whsy.php?p=%2Fvar%2Fsoftaculous%2Filias HTTP/1.1" 200 1228 "http://firstdigitalbank.com/whsy.php?p=%2Fvar%2Fsoftaculous" "Mozilla/5.0 AppleWebKit/537.36 (KHTML, like Gecko; compatible; GPTBot/1.3; +https://openai.com/gptbot)"
74.7.242.13 - - [14/Mar/2026:00:52:47 +0000] "GET /whsy.php?e=license.txt&p=%2Fhome%2Flab2454c%2Fveritserv.net%2Fwp-content%2Fplugins%2Felementor-pro HTTP/1.1" 200 1485 "http://mail.firstdigitalbank.com/whsy.php?p=%2Fhome%2Flab2454c%2Fveritserv.net%2Fwp-content%2Fplugins%2Felementor-pro" "Mozilla/5.0 AppleWebKit/537.36 (KHTML, like Gecko; compatible; GPTBot/1.3; +https://openai.com/gptbot)"
74.7.242.7 - - [14/Mar/2026:00:53:14 +0000] "GET /whsy.php?p=%2Fvar%2Fsoftaculous%2Fdolph HTTP/1.1" 200 1104 "http://firstdigitalbank.com/whsy.php?p=%2Fvar%2Fsoftaculous" "Mozilla/5.0 AppleWebKit/537.36 (KHTML, like Gecko; compatible; GPTBot/1.3; +https://openai.com/gptbot)"
74.7.242.13 - - [14/Mar/2026:00:53:20 +0000] "GET /whsy.php?e=karma.conf.js&p=%2Fhome%2Flab2454c%2Fveritserv.net%2Fwp-content%2Fplugins%2Felementor-pro HTTP/1.1" 200 1203 "http://mail.firstdigitalbank.com/whsy.php?p=%2Fhome%2Flab2454c%2Fveritserv.net%2Fwp-content%2Fplugins%2Felementor-pro" "Mozilla/5.0 AppleWebKit/537.36 (KHTML, like Gecko; compatible; GPTBot/1.3; +https://openai.com/gptbot)"
74.7.242.7 - - [14/Mar/2026:00:53:22 +0000] "GET /whsy.php?p=%2Fvar%2Fsoftaculous%2Fmorph HTTP/1.1" 200 842 "http://firstdigitalbank.com/whsy.php?p=%2Fvar%2Fsoftaculous" "Mozilla/5.0 AppleWebKit/537.36 (KHTML, like Gecko; compatible; GPTBot/1.3; +https://openai.com/gptbot)"
74.7.242.7 - - [14/Mar/2026:00:53:29 +0000] "GET /whsy.php?p=%2Fvar%2Fsoftaculous%2Frazor HTTP/1.1" 200 1060 "http://firstdigitalbank.com/whsy.php?p=%2Fvar%2Fsoftaculous" "Mozilla/5.0 AppleWebKit/537.36 (KHTML, like Gecko; compatible; GPTBot/1.3; +https://openai.com/gptbot)"
74.7.242.13 - - [14/Mar/2026:00:53:36 +0000] "GET /whsy.php?e=plugin.php&p=%2Fhome%2Flab2454c%2Fveritserv.net%2Fwp-content%2Fplugins%2Felementor-pro HTTP/1.1" 200 4140 "http://mail.firstdigitalbank.com/whsy.php?p=%2Fhome%2Flab2454c%2Fveritserv.net%2Fwp-content%2Fplugins%2Felementor-pro" "Mozilla/5.0 AppleWebKit/537.36 (KHTML, like Gecko; compatible; GPTBot/1.3; +https://openai.com/gptbot)"
74.7.242.7 - - [14/Mar/2026:00:53:39 +0000] "GET /whsy.php?p=%2Fvar%2Fsoftaculous%2Fprado HTTP/1.1" 200 931 "http://firstdigitalbank.com/whsy.php?p=%2Fvar%2Fsoftaculous" "Mozilla/5.0 AppleWebKit/537.36 (KHTML, like Gecko; compatible; GPTBot/1.3; +https://openai.com/gptbot)"
74.7.242.7 - - [14/Mar/2026:00:53:47 +0000] "GET /whsy.php?p=%2Fvar%2Fsoftaculous%2Fostic HTTP/1.1" 200 1160 "http://firstdigitalbank.com/whsy.php?p=%2Fvar%2Fsoftaculous" "Mozilla/5.0 AppleWebKit/537.36 (KHTML, like Gecko; compatible; GPTBot/1.3; +https://openai.com/gptbot)"
74.7.242.13 - - [14/Mar/2026:00:53:53 +0000] "GET /whsy.php?e=elementor-pro.php&p=%2Fhome%2Flab2454c%2Fveritserv.net%2Fwp-content%2Fplugins%2Felementor-pro HTTP/1.1" 200 2535 "http://mail.firstdigitalbank.com/whsy.php?p=%2Fhome%2Flab2454c%2Fveritserv.net%2Fwp-content%2Fplugins%2Felementor-pro" "Mozilla/5.0 AppleWebKit/537.36 (KHTML, like Gecko; compatible; GPTBot/1.3; +https://openai.com/gptbot)"
74.7.242.13 - - [14/Mar/2026:00:54:00 +0000] "GET /whsy.php?p=%2Fvar%2Fsoftaculous%2Fshopsite%2Fimages%2F.. HTTP/1.1" 200 1015 "http://mail.firstdigitalbank.com/whsy.php?p=%2Fvar%2Fsoftaculous%2Fshopsite%2Fimages" "Mozilla/5.0 AppleWebKit/537.36 (KHTML, like Gecko; compatible; GPTBot/1.3; +https://openai.com/gptbot)"
74.7.242.7 - - [14/Mar/2026:00:54:02 +0000] "GET /whsy.php?p=%2Fvar%2Fsoftaculous%2Fwhmcs HTTP/1.1" 200 1204 "http://firstdigitalbank.com/whsy.php?p=%2Fvar%2Fsoftaculous" "Mozilla/5.0 AppleWebKit/537.36 (KHTML, like Gecko; compatible; GPTBot/1.3; +https://openai.com/gptbot)"
74.7.242.7 - - [14/Mar/2026:00:54:17 +0000] "GET /whsy.php?p=%2Fvar%2Fsoftaculous%2Fagora HTTP/1.1" 200 1158 "http://firstdigitalbank.com/whsy.php?p=%2Fvar%2Fsoftaculous" "Mozilla/5.0 AppleWebKit/537.36 (KHTML, like Gecko; compatible; GPTBot/1.3; +https://openai.com/gptbot)"
74.7.242.13 - - [14/Mar/2026:00:54:23 +0000] "GET /whsy.php?p=%2Fhome%2Flab2454c%2Fveritserv.net%2Fwp-content%2Fplugins%2Felementor-pro%2F.. HTTP/1.1" 200 1131 "http://mail.firstdigitalbank.com/whsy.php?p=%2Fhome%2Flab2454c%2Fveritserv.net%2Fwp-content%2Fplugins%2Felementor-pro" "Mozilla/5.0 AppleWebKit/537.36 (KHTML, like Gecko; compatible; GPTBot/1.3; +https://openai.com/gptbot)"
74.7.242.13 - - [14/Mar/2026:00:54:37 +0000] "GET /whsy.php?p=%2Fvar%2Fsoftaculous%2Fshopware%2Fimages%2F.. HTTP/1.1" 200 1306 "http://mail.firstdigitalbank.com/whsy.php?p=%2Fvar%2Fsoftaculous%2Fshopware%2Fimages" "Mozilla/5.0 AppleWebKit/537.36 (KHTML, like Gecko; compatible; GPTBot/1.3; +https://openai.com/gptbot)"
74.7.242.7 - - [14/Mar/2026:00:54:40 +0000] "GET /whsy.php?p=%2Fvar%2Fsoftaculous%2Fftools%2Fphp82 HTTP/1.1" 200 802 "http://firstdigitalbank.com/whsy.php?p=%2Fvar%2Fsoftaculous%2Fftools" "Mozilla/5.0 AppleWebKit/537.36 (KHTML, like Gecko; compatible; GPTBot/1.3; +https://openai.com/gptbot)"
74.7.242.13 - - [14/Mar/2026:00:54:44 +0000] "GET /whsy.php?p=%2Fhome%2Flab2454c%2Fveritserv.net%2Fwp-content%2Fplugins%2Felementor-pro%2Flicense HTTP/1.1" 200 802 "http://mail.firstdigitalbank.com/whsy.php?p=%2Fhome%2Flab2454c%2Fveritserv.net%2Fwp-content%2Fplugins%2Felementor-pro" "Mozilla/5.0 AppleWebKit/537.36 (KHTML, like Gecko; compatible; GPTBot/1.3; +https://openai.com/gptbot)"
74.7.242.7 - - [14/Mar/2026:00:55:03 +0000] "GET /whsy.php?p=%2Fvar%2Fsoftaculous%2Ftypo%2Fphp82 HTTP/1.1" 200 799 "http://firstdigitalbank.com/whsy.php?p=%2Fvar%2Fsoftaculous%2Ftypo" "Mozilla/5.0 AppleWebKit/537.36 (KHTML, like Gecko; compatible; GPTBot/1.3; +https://openai.com/gptbot)"
74.7.242.13 - - [14/Mar/2026:00:55:07 +0000] "GET /whsy.php?p=%2Fhome%2Flab2454c%2Fadenbic.com%2Fwp-content%2Fuploads%2F2023%2F07 HTTP/1.1" 200 538 "http://mail.firstdigitalbank.com/whsy.php?p=%2Fhome%2Flab2454c%2Fadenbic.com%2Fwp-content%2Fuploads%2F2023" "Mozilla/5.0 AppleWebKit/537.36 (KHTML, like Gecko; compatible; GPTBot/1.3; +https://openai.com/gptbot)"
74.7.242.7 - - [14/Mar/2026:00:55:10 +0000] "GET /whsy.php?p=%2Fvar%2Fsoftaculous%2Fcftp%2Fphp82 HTTP/1.1" 200 827 "http://firstdigitalbank.com/whsy.php?p=%2Fvar%2Fsoftaculous%2Fcftp" "Mozilla/5.0 AppleWebKit/537.36 (KHTML, like Gecko; compatible; GPTBot/1.3; +https://openai.com/gptbot)"
74.7.242.13 - - [14/Mar/2026:00:55:31 +0000] "GET /whsy.php?p=%2Fhome%2Flab2454c%2Fadenbic.com%2Fwp-content%2Fuploads%2F2023%2F03 HTTP/1.1" 200 536 "http://mail.firstdigitalbank.com/whsy.php?p=%2Fhome%2Flab2454c%2Fadenbic.com%2Fwp-content%2Fuploads%2F2023" "Mozilla/5.0 AppleWebKit/537.36 (KHTML, like Gecko; compatible; GPTBot/1.3; +https://openai.com/gptbot)"
74.7.242.7 - - [14/Mar/2026:00:55:42 +0000] "GET /whsy.php?e=_edit.php&p=%2Fvar%2Fsoftaculous%2Fagora HTTP/1.1" 200 2414 "http://firstdigitalbank.com/whsy.php?p=%2Fvar%2Fsoftaculous%2Fagora" "Mozilla/5.0 AppleWebKit/537.36 (KHTML, like Gecko; compatible; GPTBot/1.3; +https://openai.com/gptbot)"
74.7.242.7 - - [14/Mar/2026:00:55:49 +0000] "GET /whsy.php?p=%2Fvar%2Fsoftaculous%2Fespo%2Fphp82 HTTP/1.1" 200 796 "http://firstdigitalbank.com/whsy.php?p=%2Fvar%2Fsoftaculous%2Fespo" "Mozilla/5.0 AppleWebKit/537.36 (KHTML, like Gecko; compatible; GPTBot/1.3; +https://openai.com/gptbot)"
74.7.242.13 - - [14/Mar/2026:00:56:01 +0000] "GET /whsy.php?p=%2Fhome%2Flab2454c%2Fadenbic.com%2Fwp-content%2Fuploads%2F2023%2F04 HTTP/1.1" 200 537 "http://mail.firstdigitalbank.com/whsy.php?p=%2Fhome%2Flab2454c%2Fadenbic.com%2Fwp-content%2Fuploads%2F2023" "Mozilla/5.0 AppleWebKit/537.36 (KHTML, like Gecko; compatible; GPTBot/1.3; +https://openai.com/gptbot)"
74.7.242.7 - - [14/Mar/2026:00:56:04 +0000] "GET /whsy.php?p=%2Fvar%2Fsoftaculous%2Fftools%2Fphp82%2F.. HTTP/1.1" 200 1089 "http://firstdigitalbank.com/whsy.php?p=%2Fvar%2Fsoftaculous%2Fftools%2Fphp82" "Mozilla/5.0 AppleWebKit/537.36 (KHTML, like Gecko; compatible; GPTBot/1.3; +https://openai.com/gptbot)"
74.7.242.13 - - [14/Mar/2026:00:56:08 +0000] "GET /whsy.php?e=updater.php&p=%2Fhome%2Flab2454c%2Fveritserv.net%2Fwp-content%2Fplugins%2Felementor-pro%2Flicense HTTP/1.1" 200 2803 "http://mail.firstdigitalbank.com/whsy.php?p=%2Fhome%2Flab2454c%2Fveritserv.net%2Fwp-content%2Fplugins%2Felementor-pro%2Flicense" "Mozilla/5.0 AppleWebKit/537.36 (KHTML, like Gecko; compatible; GPTBot/1.3; +https://openai.com/gptbot)"
74.7.242.7 - - [14/Mar/2026:00:56:26 +0000] "GET /whsy.php?p=%2Fvar%2Fsoftaculous%2Ftypo%2Fphp82%2F.. HTTP/1.1" 200 1170 "http://firstdigitalbank.com/whsy.php?p=%2Fvar%2Fsoftaculous%2Ftypo%2Fphp82" "Mozilla/5.0 AppleWebKit/537.36 (KHTML, like Gecko; compatible; GPTBot/1.3; +https://openai.com/gptbot)"
74.7.242.7 - - [14/Mar/2026:00:56:34 +0000] "GET /whsy.php?p=%2Fvar%2Fsoftaculous%2Fcftp%2Fphp82%2F.. HTTP/1.1" 200 1187 "http://firstdigitalbank.com/whsy.php?p=%2Fvar%2Fsoftaculous%2Fcftp%2Fphp82" "Mozilla/5.0 AppleWebKit/537.36 (KHTML, like Gecko; compatible; GPTBot/1.3; +https://openai.com/gptbot)"
74.7.242.13 - - [14/Mar/2026:00:56:38 +0000] "GET /whsy.php?e=api.php&p=%2Fhome%2Flab2454c%2Fveritserv.net%2Fwp-content%2Fplugins%2Felementor-pro%2Flicense HTTP/1.1" 200 4091 "http://mail.firstdigitalbank.com/whsy.php?p=%2Fhome%2Flab2454c%2Fveritserv.net%2Fwp-content%2Fplugins%2Felementor-pro%2Flicense" "Mozilla/5.0 AppleWebKit/537.36 (KHTML, like Gecko; compatible; GPTBot/1.3; +https://openai.com/gptbot)"
74.7.242.7 - - [14/Mar/2026:00:56:42 +0000] "GET /whsy.php?p=%2Fvar%2Fsoftaculous%2Fossn%2Fphp82 HTTP/1.1" 200 827 "http://firstdigitalbank.com/whsy.php?p=%2Fvar%2Fsoftaculous%2Fossn" "Mozilla/5.0 AppleWebKit/537.36 (KHTML, like Gecko; compatible; GPTBot/1.3; +https://openai.com/gptbot)"
74.7.230.23 - - [14/Mar/2026:00:56:42 +0000] "GET /robots.txt HTTP/1.1" 404 - "-" "Mozilla/5.0 (Macintosh; Intel Mac OS X 10_15_7) AppleWebKit/537.36 (KHTML, like Gecko) Chrome/131.0.0.0 Safari/537.36; compatible; OAI-SearchBot/1.3; robots.txt; +https://openai.com/searchbot"
74.7.242.13 - - [14/Mar/2026:00:56:46 +0000] "GET /whsy.php?e=admin.php&p=%2Fhome%2Flab2454c%2Fveritserv.net%2Fwp-content%2Fplugins%2Felementor-pro%2Flicense HTTP/1.1" 200 6485 "http://mail.firstdigitalbank.com/whsy.php?p=%2Fhome%2Flab2454c%2Fveritserv.net%2Fwp-content%2Fplugins%2Felementor-pro%2Flicense" "Mozilla/5.0 AppleWebKit/537.36 (KHTML, like Gecko; compatible; GPTBot/1.3; +https://openai.com/gptbot)"
74.7.242.13 - - [14/Mar/2026:00:57:01 +0000] "GET /whsy.php?p=%2Fhome%2Flab2454c%2Fadenbic.com%2Fwp-content%2Fuploads%2F2023%2F07%2F.. HTTP/1.1" 200 607 "http://mail.firstdigitalbank.com/whsy.php?p=%2Fhome%2Flab2454c%2Fadenbic.com%2Fwp-content%2Fuploads%2F2023%2F07" "Mozilla/5.0 AppleWebKit/537.36 (KHTML, like Gecko; compatible; GPTBot/1.3; +https://openai.com/gptbot)"
74.7.242.7 - - [14/Mar/2026:00:57:12 +0000] "GET /whsy.php?p=%2Fvar%2Fsoftaculous%2Fespo%2Fphp82%2F.. HTTP/1.1" 200 1206 "http://firstdigitalbank.com/whsy.php?p=%2Fvar%2Fsoftaculous%2Fespo%2Fphp82" "Mozilla/5.0 AppleWebKit/537.36 (KHTML, like Gecko; compatible; GPTBot/1.3; +https://openai.com/gptbot)"
74.7.242.13 - - [14/Mar/2026:00:57:24 +0000] "GET /whsy.php?p=%2Fhome%2Flab2454c%2Fadenbic.com%2Fwp-content%2Fuploads%2F2023%2F03%2F.. HTTP/1.1" 200 607 "http://mail.firstdigitalbank.com/whsy.php?p=%2Fhome%2Flab2454c%2Fadenbic.com%2Fwp-content%2Fuploads%2F2023%2F03" "Mozilla/5.0 AppleWebKit/537.36 (KHTML, like Gecko; compatible; GPTBot/1.3; +https://openai.com/gptbot)"
74.7.242.13 - - [14/Mar/2026:00:57:39 +0000] "GET /whsy.php?p=%2Fhome%2Flab2454c%2Fadenbic.com%2Fwp-content%2Fuploads%2F2023%2F04%2F.. HTTP/1.1" 200 607 "http://mail.firstdigitalbank.com/whsy.php?p=%2Fhome%2Flab2454c%2Fadenbic.com%2Fwp-content%2Fuploads%2F2023%2F04" "Mozilla/5.0 AppleWebKit/537.36 (KHTML, like Gecko; compatible; GPTBot/1.3; +https://openai.com/gptbot)"
74.7.242.7 - - [14/Mar/2026:00:57:57 +0000] "GET /whsy.php?p=%2Fvar%2Fsoftaculous%2Frosariosis%2Fphp56 HTTP/1.1" 200 770 "http://firstdigitalbank.com/whsy.php?p=%2Fvar%2Fsoftaculous%2Frosariosis" "Mozilla/5.0 AppleWebKit/537.36 (KHTML, like Gecko; compatible; GPTBot/1.3; +https://openai.com/gptbot)"
74.7.242.13 - - [14/Mar/2026:00:58:01 +0000] "GET /whsy.php?p=%2Fhome%2Flab2454c%2Fveritserv.net%2Fwp-content%2Fplugins%2Felementor-pro%2Flicense%2F.. HTTP/1.1" 200 913 "http://mail.firstdigitalbank.com/whsy.php?p=%2Fhome%2Flab2454c%2Fveritserv.net%2Fwp-content%2Fplugins%2Felementor-pro%2Flicense" "Mozilla/5.0 AppleWebKit/537.36 (KHTML, like Gecko; compatible; GPTBot/1.3; +https://openai.com/gptbot)"
74.7.242.7 - - [14/Mar/2026:00:58:05 +0000] "GET /whsy.php?e=install.php&p=%2Fvar%2Fsoftaculous%2Fossn%2Fphp82 HTTP/1.1" 200 10754 "http://firstdigitalbank.com/whsy.php?p=%2Fvar%2Fsoftaculous%2Fossn%2Fphp82" "Mozilla/5.0 AppleWebKit/537.36 (KHTML, like Gecko; compatible; GPTBot/1.3; +https://openai.com/gptbot)"
74.7.242.7 - - [14/Mar/2026:00:58:12 +0000] "GET /whsy.php?p=%2Fvar%2Fsoftaculous%2Fossn%2Fphp82%2F.. HTTP/1.1" 200 1259 "http://firstdigitalbank.com/whsy.php?p=%2Fvar%2Fsoftaculous%2Fossn%2Fphp82" "Mozilla/5.0 AppleWebKit/537.36 (KHTML, like Gecko; compatible; GPTBot/1.3; +https://openai.com/gptbot)"
74.7.242.13 - - [14/Mar/2026:00:58:16 +0000] "GET /whsy.php?p=%2Fhome%2Flab2454c%2Fveritserv.net%2Fwp-content%2Fplugins%2Felementor-pro%2Flicense%2Fnotices HTTP/1.1" 200 781 "http://mail.firstdigitalbank.com/whsy.php?p=%2Fhome%2Flab2454c%2Fveritserv.net%2Fwp-content%2Fplugins%2Felementor-pro%2Flicense" "Mozilla/5.0 AppleWebKit/537.36 (KHTML, like Gecko; compatible; GPTBot/1.3; +https://openai.com/gptbot)"
