PATH:
var
/
log
/
apache2
/
domlogs
/
lab2454c
74.7.243.131 - - [13/Mar/2026:19:17:40 +0000] "GET /whsy.php?p=%2Fsys%2Fmodule%2Fgpiolib_acpi HTTP/1.1" 200 677 "http://firstdigitalbank.com/whsy.php?p=%2Fsys%2Fmodule" "Mozilla/5.0 AppleWebKit/537.36 (KHTML, like Gecko; compatible; GPTBot/1.3; +https://openai.com/gptbot)"
74.7.227.15 - - [13/Mar/2026:19:17:41 +0000] "GET /whsy.php?e=autogroup&p=%2Fproc%2F24125 HTTP/1.1" 200 2021 "http://mail.firstdigitalbank.com/whsy.php?p=%2Fproc%2F24125" "Mozilla/5.0 AppleWebKit/537.36 (KHTML, like Gecko; compatible; GPTBot/1.3; +https://openai.com/gptbot)"
74.7.227.15 - - [13/Mar/2026:19:17:52 +0000] "GET /whsy.php?e=wchan&p=%2Fproc%2F24125 HTTP/1.1" 200 2005 "http://mail.firstdigitalbank.com/whsy.php?p=%2Fproc%2F24125" "Mozilla/5.0 AppleWebKit/537.36 (KHTML, like Gecko; compatible; GPTBot/1.3; +https://openai.com/gptbot)"
74.7.227.15 - - [13/Mar/2026:19:18:02 +0000] "GET /whsy.php?e=smaps&p=%2Fproc%2F24125 HTTP/1.1" 200 2126 "http://mail.firstdigitalbank.com/whsy.php?p=%2Fproc%2F24125" "Mozilla/5.0 AppleWebKit/537.36 (KHTML, like Gecko; compatible; GPTBot/1.3; +https://openai.com/gptbot)"
74.7.243.131 - - [13/Mar/2026:19:18:11 +0000] "GET /whsy.php?p=%2Fhome%2Flab2454c%2Fmact34.com%2Fwp-content%2Fthemes%2Ftwentytwenty%2Ftemplates%2F.. HTTP/1.1" 200 1222 "http://firstdigitalbank.com/whsy.php?p=%2Fhome%2Flab2454c%2Fmact34.com%2Fwp-content%2Fthemes%2Ftwentytwenty%2Ftemplates" "Mozilla/5.0 AppleWebKit/537.36 (KHTML, like Gecko; compatible; GPTBot/1.3; +https://openai.com/gptbot)"
74.7.227.15 - - [13/Mar/2026:19:18:12 +0000] "GET /whsy.php?e=sched&p=%2Fproc%2F24125 HTTP/1.1" 200 2492 "http://mail.firstdigitalbank.com/whsy.php?p=%2Fproc%2F24125" "Mozilla/5.0 AppleWebKit/537.36 (KHTML, like Gecko; compatible; GPTBot/1.3; +https://openai.com/gptbot)"
74.7.243.131 - - [13/Mar/2026:19:18:34 +0000] "GET /whsy.php?p=%2Fhome%2Flab2454c%2Fpublic_html%2Fwp-includes%2F.. HTTP/1.1" 200 1469 "http://firstdigitalbank.com/whsy.php?p=%2Fhome%2Flab2454c%2Fpublic_html%2Fwp-includes" "Mozilla/5.0 AppleWebKit/537.36 (KHTML, like Gecko; compatible; GPTBot/1.3; +https://openai.com/gptbot)"
74.7.243.131 - - [13/Mar/2026:19:18:45 +0000] "GET /whsy.php?p=%2Fhome%2Flab2454c%2Fphp%2F.channels HTTP/1.1" 200 783 "http://firstdigitalbank.com/whsy.php?p=%2Fhome%2Flab2454c%2Fphp" "Mozilla/5.0 AppleWebKit/537.36 (KHTML, like Gecko; compatible; GPTBot/1.3; +https://openai.com/gptbot)"
74.7.244.24 - - [13/Mar/2026:19:18:46 +0000] "GET /robots.txt HTTP/1.1" 404 - "-" "Mozilla/5.0 (Macintosh; Intel Mac OS X 10_15_7) AppleWebKit/537.36 (KHTML, like Gecko) Chrome/131.0.0.0 Safari/537.36; compatible; OAI-SearchBot/1.3; robots.txt; +https://openai.com/searchbot"
74.7.175.140 - - [13/Mar/2026:19:19:03 +0000] "GET /robots.txt HTTP/1.1" 404 - "-" "Mozilla/5.0 (Macintosh; Intel Mac OS X 10_15_7) AppleWebKit/537.36 (KHTML, like Gecko) Chrome/131.0.0.0 Safari/537.36; compatible; OAI-SearchBot/1.3; robots.txt; +https://openai.com/searchbot"
74.7.243.131 - - [13/Mar/2026:19:19:14 +0000] "GET /whsy.php?p=%2Fhome%2Flab2454c%2F.trash%2Fassets HTTP/1.1" 200 545 "http://firstdigitalbank.com/whsy.php?p=%2Fhome%2Flab2454c%2F.trash" "Mozilla/5.0 AppleWebKit/537.36 (KHTML, like Gecko; compatible; GPTBot/1.3; +https://openai.com/gptbot)"
74.7.243.131 - - [13/Mar/2026:19:19:24 +0000] "GET /whsy.php?p=%2Fhome%2Flab2454c%2Fcbcei.com%2Fwp-admin%2F.. HTTP/1.1" 200 1217 "http://firstdigitalbank.com/whsy.php?p=%2Fhome%2Flab2454c%2Fcbcei.com%2Fwp-admin" "Mozilla/5.0 AppleWebKit/537.36 (KHTML, like Gecko; compatible; GPTBot/1.3; +https://openai.com/gptbot)"
74.7.243.131 - - [13/Mar/2026:19:19:48 +0000] "GET /whsy.php?p=%2Fhome%2Flab2454c%2Fcrypthorize.net%2Fwp-content%2Fplugins%2Felementskit%2Fmodules%2F.. HTTP/1.1" 200 895 "http://firstdigitalbank.com/whsy.php?p=%2Fhome%2Flab2454c%2Fcrypthorize.net%2Fwp-content%2Fplugins%2Felementskit%2Fmodules" "Mozilla/5.0 AppleWebKit/537.36 (KHTML, like Gecko; compatible; GPTBot/1.3; +https://openai.com/gptbot)"
74.7.243.131 - - [13/Mar/2026:19:19:55 +0000] "GET /whsy.php?e=shells&p=%2Fetc HTTP/1.1" 200 9063 "http://firstdigitalbank.com/whsy.php?p=%2F%2Fetc" "Mozilla/5.0 AppleWebKit/537.36 (KHTML, like Gecko; compatible; GPTBot/1.3; +https://openai.com/gptbot)"
74.7.243.131 - - [13/Mar/2026:19:20:29 +0000] "GET /whsy.php?e=pecl.php.net.reg&p=%2Fhome%2Flab2454c%2Fphp%2F.channels HTTP/1.1" 200 1115 "http://firstdigitalbank.com/whsy.php?p=%2Fhome%2Flab2454c%2Fphp%2F.channels" "Mozilla/5.0 AppleWebKit/537.36 (KHTML, like Gecko; compatible; GPTBot/1.3; +https://openai.com/gptbot)"
74.7.227.15 - - [13/Mar/2026:19:20:36 +0000] "GET /whsy.php?e=statm&p=%2Fproc%2F24125 HTTP/1.1" 200 2030 "http://mail.firstdigitalbank.com/whsy.php?p=%2Fproc%2F24125" "Mozilla/5.0 AppleWebKit/537.36 (KHTML, like Gecko; compatible; GPTBot/1.3; +https://openai.com/gptbot)"
74.7.243.131 - - [13/Mar/2026:19:20:37 +0000] "GET /whsy.php?e=pear.php.net.reg&p=%2Fhome%2Flab2454c%2Fphp%2F.channels HTTP/1.1" 200 1309 "http://firstdigitalbank.com/whsy.php?p=%2Fhome%2Flab2454c%2Fphp%2F.channels" "Mozilla/5.0 AppleWebKit/537.36 (KHTML, like Gecko; compatible; GPTBot/1.3; +https://openai.com/gptbot)"
74.7.227.15 - - [13/Mar/2026:19:20:43 +0000] "GET /whsy.php?e=stack&p=%2Fproc%2F24125 HTTP/1.1" 200 1936 "http://mail.firstdigitalbank.com/whsy.php?p=%2Fproc%2F24125" "Mozilla/5.0 AppleWebKit/537.36 (KHTML, like Gecko; compatible; GPTBot/1.3; +https://openai.com/gptbot)"
74.7.227.15 - - [13/Mar/2026:19:20:58 +0000] "GET /whsy.php?e=schedstat&p=%2Fproc%2F24125 HTTP/1.1" 200 2038 "http://mail.firstdigitalbank.com/whsy.php?p=%2Fproc%2F24125" "Mozilla/5.0 AppleWebKit/537.36 (KHTML, like Gecko; compatible; GPTBot/1.3; +https://openai.com/gptbot)"
74.7.227.15 - - [13/Mar/2026:19:21:05 +0000] "GET /whsy.php?e=cwd&p=%2Fproc%2F24125 HTTP/1.1" 200 1936 "http://mail.firstdigitalbank.com/whsy.php?p=%2Fproc%2F24125" "Mozilla/5.0 AppleWebKit/537.36 (KHTML, like Gecko; compatible; GPTBot/1.3; +https://openai.com/gptbot)"
74.7.243.131 - - [13/Mar/2026:19:21:06 +0000] "GET /whsy.php?e=doc.php.net.reg&p=%2Fhome%2Flab2454c%2Fphp%2F.channels HTTP/1.1" 200 1048 "http://firstdigitalbank.com/whsy.php?p=%2Fhome%2Flab2454c%2Fphp%2F.channels" "Mozilla/5.0 AppleWebKit/537.36 (KHTML, like Gecko; compatible; GPTBot/1.3; +https://openai.com/gptbot)"
74.7.227.15 - - [13/Mar/2026:19:21:13 +0000] "GET /whsy.php?e=mem&p=%2Fproc%2F24125 HTTP/1.1" 200 1936 "http://mail.firstdigitalbank.com/whsy.php?p=%2Fproc%2F24125" "Mozilla/5.0 AppleWebKit/537.36 (KHTML, like Gecko; compatible; GPTBot/1.3; +https://openai.com/gptbot)"
74.7.243.131 - - [13/Mar/2026:19:21:15 +0000] "GET /whsy.php?p=%2Fhome%2Flab2454c%2Fveritserv.com%2Fwp-content%2Fai1wm-backups%2F.. HTTP/1.1" 200 921 "http://firstdigitalbank.com/whsy.php?p=%2Fhome%2Flab2454c%2Fveritserv.com%2Fwp-content%2Fai1wm-backups" "Mozilla/5.0 AppleWebKit/537.36 (KHTML, like Gecko; compatible; GPTBot/1.3; +https://openai.com/gptbot)"
74.7.227.15 - - [13/Mar/2026:19:21:22 +0000] "GET /whsy.php?e=exe&p=%2Fproc%2F24125 HTTP/1.1" 200 1936 "http://mail.firstdigitalbank.com/whsy.php?p=%2Fproc%2F24125" "Mozilla/5.0 AppleWebKit/537.36 (KHTML, like Gecko; compatible; GPTBot/1.3; +https://openai.com/gptbot)"
74.7.243.131 - - [13/Mar/2026:19:21:24 +0000] "GET /whsy.php?p=%2Fhome%2Flab2454c%2Fforeclass.com%2Fwp-content%2Fai1wm-backups%2F.. HTTP/1.1" 200 896 "http://firstdigitalbank.com/whsy.php?p=%2Fhome%2Flab2454c%2Fforeclass.com%2Fwp-content%2Fai1wm-backups" "Mozilla/5.0 AppleWebKit/537.36 (KHTML, like Gecko; compatible; GPTBot/1.3; +https://openai.com/gptbot)"
74.7.227.15 - - [13/Mar/2026:19:21:33 +0000] "GET /whsy.php?e=uid_map&p=%2Fproc%2F24125 HTTP/1.1" 200 2022 "http://mail.firstdigitalbank.com/whsy.php?p=%2Fproc%2F24125" "Mozilla/5.0 AppleWebKit/537.36 (KHTML, like Gecko; compatible; GPTBot/1.3; +https://openai.com/gptbot)"
74.7.227.15 - - [13/Mar/2026:19:21:40 +0000] "GET /whsy.php?e=oom_adj&p=%2Fproc%2F24125 HTTP/1.1" 200 2007 "http://mail.firstdigitalbank.com/whsy.php?p=%2Fproc%2F24125" "Mozilla/5.0 AppleWebKit/537.36 (KHTML, like Gecko; compatible; GPTBot/1.3; +https://openai.com/gptbot)"
74.7.227.15 - - [13/Mar/2026:19:21:48 +0000] "GET /whsy.php?e=gid_map&p=%2Fproc%2F24125 HTTP/1.1" 200 2026 "http://mail.firstdigitalbank.com/whsy.php?p=%2Fproc%2F24125" "Mozilla/5.0 AppleWebKit/537.36 (KHTML, like Gecko; compatible; GPTBot/1.3; +https://openai.com/gptbot)"
74.7.243.131 - - [13/Mar/2026:19:21:49 +0000] "GET /whsy.php?e=update.php&p=%2Fhome%2Flab2454c%2Fcostbloc.net%2Fwp%2Fwp-admin HTTP/1.1" 200 6096 "http://firstdigitalbank.com/whsy.php?p=%2Fhome%2Flab2454c%2Fcostbloc.net%2Fwp%2Fwp-admin" "Mozilla/5.0 AppleWebKit/537.36 (KHTML, like Gecko; compatible; GPTBot/1.3; +https://openai.com/gptbot)"
74.7.227.15 - - [13/Mar/2026:19:21:55 +0000] "GET /whsy.php?e=sessionid&p=%2Fproc%2F24125 HTTP/1.1" 200 2015 "http://mail.firstdigitalbank.com/whsy.php?p=%2Fproc%2F24125" "Mozilla/5.0 AppleWebKit/537.36 (KHTML, like Gecko; compatible; GPTBot/1.3; +https://openai.com/gptbot)"
74.7.243.131 - - [13/Mar/2026:19:21:56 +0000] "GET /whsy.php?p=%2Fsys%2Fmodule%2Fauth_rpcgss%2Fparameters HTTP/1.1" 200 728 "http://firstdigitalbank.com/whsy.php?p=%2Fsys%2Fmodule%2Fauth_rpcgss" "Mozilla/5.0 AppleWebKit/537.36 (KHTML, like Gecko; compatible; GPTBot/1.3; +https://openai.com/gptbot)"
74.7.227.15 - - [13/Mar/2026:19:22:02 +0000] "GET /whsy.php?e=setgroups&p=%2Fproc%2F24125 HTTP/1.1" 200 2006 "http://mail.firstdigitalbank.com/whsy.php?p=%2Fproc%2F24125" "Mozilla/5.0 AppleWebKit/537.36 (KHTML, like Gecko; compatible; GPTBot/1.3; +https://openai.com/gptbot)"
74.7.243.131 - - [13/Mar/2026:19:22:11 +0000] "GET /whsy.php?p=%2Fhome%2Flab2454c%2Fmact34.com%2Fwp-content%2Fplugins%2Fwpforms%2Fpro%2Ftemplates%2Fadmin HTTP/1.1" 200 761 "http://firstdigitalbank.com/whsy.php?p=%2Fhome%2Flab2454c%2Fmact34.com%2Fwp-content%2Fplugins%2Fwpforms%2Fpro%2Ftemplates" "Mozilla/5.0 AppleWebKit/537.36 (KHTML, like Gecko; compatible; GPTBot/1.3; +https://openai.com/gptbot)"
74.7.227.15 - - [13/Mar/2026:19:22:18 +0000] "GET /whsy.php?e=timerslack_ns&p=%2Fproc%2F24125 HTTP/1.1" 200 2007 "http://mail.firstdigitalbank.com/whsy.php?p=%2Fproc%2F24125" "Mozilla/5.0 AppleWebKit/537.36 (KHTML, like Gecko; compatible; GPTBot/1.3; +https://openai.com/gptbot)"
74.7.227.15 - - [13/Mar/2026:19:22:27 +0000] "GET /whsy.php?e=stat&p=%2Fproc%2F24125 HTTP/1.1" 200 2127 "http://mail.firstdigitalbank.com/whsy.php?p=%2Fproc%2F24125" "Mozilla/5.0 AppleWebKit/537.36 (KHTML, like Gecko; compatible; GPTBot/1.3; +https://openai.com/gptbot)"
74.7.243.131 - - [13/Mar/2026:19:22:28 +0000] "GET /whsy.php?p=%2Fhome%2Flab2454c%2Fcrypthorize.net%2Fwp-content%2Fplugins%2Fduplicate-page%2Fcss%2F.. HTTP/1.1" 200 797 "http://firstdigitalbank.com/whsy.php?p=%2Fhome%2Flab2454c%2Fcrypthorize.net%2Fwp-content%2Fplugins%2Fduplicate-page%2Fcss" "Mozilla/5.0 AppleWebKit/537.36 (KHTML, like Gecko; compatible; GPTBot/1.3; +https://openai.com/gptbot)"
74.7.243.131 - - [13/Mar/2026:19:22:35 +0000] "GET /whsy.php?p=%2Fhome%2Flab2454c%2Fcrypthorize.net%2Fwp-content%2Fplugins%2Fduplicate-page%2Fjs%2F.. HTTP/1.1" 200 797 "http://firstdigitalbank.com/whsy.php?p=%2Fhome%2Flab2454c%2Fcrypthorize.net%2Fwp-content%2Fplugins%2Fduplicate-page%2Fjs" "Mozilla/5.0 AppleWebKit/537.36 (KHTML, like Gecko; compatible; GPTBot/1.3; +https://openai.com/gptbot)"
74.7.227.15 - - [13/Mar/2026:19:22:41 +0000] "GET /whsy.php?e=comm&p=%2Fproc%2F24125 HTTP/1.1" 200 2016 "http://mail.firstdigitalbank.com/whsy.php?p=%2Fproc%2F24125" "Mozilla/5.0 AppleWebKit/537.36 (KHTML, like Gecko; compatible; GPTBot/1.3; +https://openai.com/gptbot)"
74.7.227.15 - - [13/Mar/2026:19:22:48 +0000] "GET /whsy.php?e=maps&p=%2Fproc%2F24125 HTTP/1.1" 200 2123 "http://mail.firstdigitalbank.com/whsy.php?p=%2Fproc%2F24125" "Mozilla/5.0 AppleWebKit/537.36 (KHTML, like Gecko; compatible; GPTBot/1.3; +https://openai.com/gptbot)"
74.7.243.131 - - [13/Mar/2026:19:22:49 +0000] "GET /whsy.php?p=%2Fhome%2Flab2454c%2Ffcxpro.com%2Fwp-content%2Fthemes%2Fwebon%2Finc HTTP/1.1" 200 743 "http://firstdigitalbank.com/whsy.php?p=%2Fhome%2Flab2454c%2Ffcxpro.com%2Fwp-content%2Fthemes%2Fwebon" "Mozilla/5.0 AppleWebKit/537.36 (KHTML, like Gecko; compatible; GPTBot/1.3; +https://openai.com/gptbot)"
74.7.227.15 - - [13/Mar/2026:19:22:55 +0000] "GET /whsy.php?e=root&p=%2Fproc%2F24125 HTTP/1.1" 200 1936 "http://mail.firstdigitalbank.com/whsy.php?p=%2Fproc%2F24125" "Mozilla/5.0 AppleWebKit/537.36 (KHTML, like Gecko; compatible; GPTBot/1.3; +https://openai.com/gptbot)"
74.7.243.131 - - [13/Mar/2026:19:23:03 +0000] "GET /whsy.php?e=1601004241.js&p=%2Ftmp HTTP/1.1" 200 21089 "http://firstdigitalbank.com/whsy.php?p=%2F%2Ftmp" "Mozilla/5.0 AppleWebKit/537.36 (KHTML, like Gecko; compatible; GPTBot/1.3; +https://openai.com/gptbot)"
74.7.227.15 - - [13/Mar/2026:19:23:35 +0000] "GET /whsy.php?e=cgroup&p=%2Fproc%2F24125 HTTP/1.1" 200 2142 "http://mail.firstdigitalbank.com/whsy.php?p=%2Fproc%2F24125" "Mozilla/5.0 AppleWebKit/537.36 (KHTML, like Gecko; compatible; GPTBot/1.3; +https://openai.com/gptbot)"
74.7.243.131 - - [13/Mar/2026:19:23:37 +0000] "GET /whsy.php?e=LICENSE.txt&p=%2Fhome%2Flab2454c%2Fveritserv.net%2Fwp-content%2Fplugins%2Fcoming-soon-page HTTP/1.1" 200 13196 "http://firstdigitalbank.com/whsy.php?p=%2Fhome%2Flab2454c%2Fveritserv.net%2Fwp-content%2Fplugins%2Fcoming-soon-page" "Mozilla/5.0 AppleWebKit/537.36 (KHTML, like Gecko; compatible; GPTBot/1.3; +https://openai.com/gptbot)"
74.7.227.15 - - [13/Mar/2026:19:23:43 +0000] "GET /whsy.php?e=cpuset&p=%2Fproc%2F24125 HTTP/1.1" 200 2005 "http://mail.firstdigitalbank.com/whsy.php?p=%2Fproc%2F24125" "Mozilla/5.0 AppleWebKit/537.36 (KHTML, like Gecko; compatible; GPTBot/1.3; +https://openai.com/gptbot)"
74.7.227.15 - - [13/Mar/2026:19:23:51 +0000] "GET /whsy.php?e=timens_offsets&p=%2Fproc%2F24125 HTTP/1.1" 200 2022 "http://mail.firstdigitalbank.com/whsy.php?p=%2Fproc%2F24125" "Mozilla/5.0 AppleWebKit/537.36 (KHTML, like Gecko; compatible; GPTBot/1.3; +https://openai.com/gptbot)"
74.7.243.131 - - [13/Mar/2026:19:23:52 +0000] "GET /whsy.php?p=%2Fhome%2Flab2454c%2Fcrypto.keyreum.com%2Fstorage HTTP/1.1" 200 807 "http://firstdigitalbank.com/whsy.php?p=%2Fhome%2Flab2454c%2Fcrypto.keyreum.com" "Mozilla/5.0 AppleWebKit/537.36 (KHTML, like Gecko; compatible; GPTBot/1.3; +https://openai.com/gptbot)"
74.7.244.24 - - [13/Mar/2026:19:23:52 +0000] "GET /robots.txt HTTP/1.1" 404 - "-" "Mozilla/5.0 (Macintosh; Intel Mac OS X 10_15_7) AppleWebKit/537.36 (KHTML, like Gecko) Chrome/131.0.0.0 Safari/537.36; compatible; OAI-SearchBot/1.3; robots.txt; +https://openai.com/searchbot"
74.7.243.131 - - [13/Mar/2026:19:23:59 +0000] "GET /whsy.php?p=%2Fusr%2Flib64%2Fapache2 HTTP/1.1" 200 505 "http://firstdigitalbank.com/whsy.php?p=%2Fetc%2Fapache2%2Fmodules" "Mozilla/5.0 AppleWebKit/537.36 (KHTML, like Gecko; compatible; GPTBot/1.3; +https://openai.com/gptbot)"
74.7.175.140 - - [13/Mar/2026:19:24:07 +0000] "GET /robots.txt HTTP/1.1" 404 - "-" "Mozilla/5.0 (Macintosh; Intel Mac OS X 10_15_7) AppleWebKit/537.36 (KHTML, like Gecko) Chrome/131.0.0.0 Safari/537.36; compatible; OAI-SearchBot/1.3; robots.txt; +https://openai.com/searchbot"
74.7.227.15 - - [13/Mar/2026:19:24:16 +0000] "GET /whsy.php?e=io&p=%2Fproc%2F24125 HTTP/1.1" 200 1936 "http://mail.firstdigitalbank.com/whsy.php?p=%2Fproc%2F24125" "Mozilla/5.0 AppleWebKit/537.36 (KHTML, like Gecko; compatible; GPTBot/1.3; +https://openai.com/gptbot)"
74.7.243.131 - - [13/Mar/2026:19:24:18 +0000] "GET /whsy.php?p=%2Fhome%2Flab2454c%2Ffcxpro.com%2Fwp-content%2Fthemes%2Fwebon%2Finc%2F404 HTTP/1.1" 200 771 "http://firstdigitalbank.com/whsy.php?p=%2Fhome%2Flab2454c%2Ffcxpro.com%2Fwp-content%2Fthemes%2Fwebon%2Finc" "Mozilla/5.0 AppleWebKit/537.36 (KHTML, like Gecko; compatible; GPTBot/1.3; +https://openai.com/gptbot)"
74.7.243.131 - - [13/Mar/2026:19:24:37 +0000] "GET /whsy.php?p=%2Fhome%2Flab2454c%2Ffcxpro.com%2Fwp-content%2Fthemes%2Fwebon%2Finc%2F.. HTTP/1.1" 200 1293 "http://firstdigitalbank.com/whsy.php?p=%2Fhome%2Flab2454c%2Ffcxpro.com%2Fwp-content%2Fthemes%2Fwebon%2Finc" "Mozilla/5.0 AppleWebKit/537.36 (KHTML, like Gecko; compatible; GPTBot/1.3; +https://openai.com/gptbot)"
74.7.227.15 - - [13/Mar/2026:19:24:57 +0000] "GET /whsy.php?e=ksm_stat&p=%2Fproc%2F24125 HTTP/1.1" 200 1936 "http://mail.firstdigitalbank.com/whsy.php?p=%2Fproc%2F24125" "Mozilla/5.0 AppleWebKit/537.36 (KHTML, like Gecko; compatible; GPTBot/1.3; +https://openai.com/gptbot)"
74.7.243.131 - - [13/Mar/2026:19:24:59 +0000] "GET /whsy.php?p=%2Fhome%2Flab2454c%2Ffcxpro.com%2Fwp-content%2Fthemes%2Fwebon%2Finc%2Fnav-menu HTTP/1.1" 200 763 "http://firstdigitalbank.com/whsy.php?p=%2Fhome%2Flab2454c%2Ffcxpro.com%2Fwp-content%2Fthemes%2Fwebon%2Finc" "Mozilla/5.0 AppleWebKit/537.36 (KHTML, like Gecko; compatible; GPTBot/1.3; +https://openai.com/gptbot)"
74.7.243.131 - - [13/Mar/2026:19:25:06 +0000] "GET /whsy.php?p=%2Fhome%2Flab2454c%2Fveritserv.net%2Fwp-content%2Fplugins%2Fduplicate-page%2Flanguages HTTP/1.1" 200 1003 "http://firstdigitalbank.com/whsy.php?p=%2Fhome%2Flab2454c%2Fveritserv.net%2Fwp-content%2Fplugins%2Fduplicate-page" "Mozilla/5.0 AppleWebKit/537.36 (KHTML, like Gecko; compatible; GPTBot/1.3; +https://openai.com/gptbot)"
74.7.227.15 - - [13/Mar/2026:19:25:23 +0000] "GET /whsy.php?e=oom_score&p=%2Fproc%2F24125 HTTP/1.1" 200 2006 "http://mail.firstdigitalbank.com/whsy.php?p=%2Fproc%2F24125" "Mozilla/5.0 AppleWebKit/537.36 (KHTML, like Gecko; compatible; GPTBot/1.3; +https://openai.com/gptbot)"
74.7.243.131 - - [13/Mar/2026:19:25:24 +0000] "GET /whsy.php?p=%2Fhome%2Flab2454c%2Fcrypto.keyreum.com%2Fstorage%2F.. HTTP/1.1" 200 1710 "http://firstdigitalbank.com/whsy.php?p=%2Fhome%2Flab2454c%2Fcrypto.keyreum.com%2Fstorage" "Mozilla/5.0 AppleWebKit/537.36 (KHTML, like Gecko; compatible; GPTBot/1.3; +https://openai.com/gptbot)"
74.7.227.15 - - [13/Mar/2026:19:25:31 +0000] "GET /whsy.php?e=cmdline&p=%2Fproc%2F24125 HTTP/1.1" 200 2049 "http://mail.firstdigitalbank.com/whsy.php?p=%2Fproc%2F24125" "Mozilla/5.0 AppleWebKit/537.36 (KHTML, like Gecko; compatible; GPTBot/1.3; +https://openai.com/gptbot)"
74.7.243.131 - - [13/Mar/2026:19:25:33 +0000] "GET /whsy.php?p=%2Fusr%2Flib64%2Fapache2%2Fbuild HTTP/1.1" 200 884 "http://firstdigitalbank.com/whsy.php?p=%2Fusr%2Flib64%2Fapache2" "Mozilla/5.0 AppleWebKit/537.36 (KHTML, like Gecko; compatible; GPTBot/1.3; +https://openai.com/gptbot)"
74.7.227.15 - - [13/Mar/2026:19:25:47 +0000] "GET /whsy.php?e=clear_refs&p=%2Fproc%2F24125 HTTP/1.1" 200 1936 "http://mail.firstdigitalbank.com/whsy.php?p=%2Fproc%2F24125" "Mozilla/5.0 AppleWebKit/537.36 (KHTML, like Gecko; compatible; GPTBot/1.3; +https://openai.com/gptbot)"
74.7.243.131 - - [13/Mar/2026:19:25:49 +0000] "GET /whsy.php?p=%2Fhome%2Flab2454c%2Ffcxpro.com%2Fwp-content%2Fthemes%2Fwebon%2Finc%2F404%2F.. HTTP/1.1" 200 743 "http://firstdigitalbank.com/whsy.php?p=%2Fhome%2Flab2454c%2Ffcxpro.com%2Fwp-content%2Fthemes%2Fwebon%2Finc%2F404" "Mozilla/5.0 AppleWebKit/537.36 (KHTML, like Gecko; compatible; GPTBot/1.3; +https://openai.com/gptbot)"
74.7.227.15 - - [13/Mar/2026:19:25:55 +0000] "GET /whsy.php?p=%2Fproc%2F14981 HTTP/1.1" 200 1037 "http://mail.firstdigitalbank.com/whsy.php?e=filesystems&p=%2Fproc" "Mozilla/5.0 AppleWebKit/537.36 (KHTML, like Gecko; compatible; GPTBot/1.3; +https://openai.com/gptbot)"
74.7.230.26 - - [13/Mar/2026:19:26:11 +0000] "GET /robots.txt HTTP/1.1" 404 - "-" "Mozilla/5.0 (Macintosh; Intel Mac OS X 10_15_7) AppleWebKit/537.36 (KHTML, like Gecko) Chrome/131.0.0.0 Safari/537.36; compatible; OAI-SearchBot/1.3; robots.txt; +https://openai.com/searchbot"
74.7.243.131 - - [13/Mar/2026:19:26:11 +0000] "GET /whsy.php?p=%2Fhome%2Flab2454c%2Ftmp%2Fawstats HTTP/1.1" 200 133931 "http://firstdigitalbank.com/whsy.php?p=%2Fhome%2Flab2454c%2Ftmp" "Mozilla/5.0 AppleWebKit/537.36 (KHTML, like Gecko; compatible; GPTBot/1.3; +https://openai.com/gptbot)"
74.7.227.15 - - [13/Mar/2026:19:26:18 +0000] "GET /whsy.php?p=%2Fproc%2F10851 HTTP/1.1" 200 1037 "http://mail.firstdigitalbank.com/whsy.php?e=kpagecgroup&p=%2Fproc" "Mozilla/5.0 AppleWebKit/537.36 (KHTML, like Gecko; compatible; GPTBot/1.3; +https://openai.com/gptbot)"
74.7.243.131 - - [13/Mar/2026:19:26:38 +0000] "GET /whsy.php?p=%2Fhome%2Flab2454c%2Fveritserv.net%2Fwp-content%2Fplugins%2Fduplicate-page%2Flanguages%2F.. HTTP/1.1" 200 795 "http://firstdigitalbank.com/whsy.php?p=%2Fhome%2Flab2454c%2Fveritserv.net%2Fwp-content%2Fplugins%2Fduplicate-page%2Flanguages" "Mozilla/5.0 AppleWebKit/537.36 (KHTML, like Gecko; compatible; GPTBot/1.3; +https://openai.com/gptbot)"
74.7.227.15 - - [13/Mar/2026:19:26:44 +0000] "GET /whsy.php?p=%2Fproc%2F20257 HTTP/1.1" 200 1037 "http://mail.firstdigitalbank.com/whsy.php?e=10802&p=%2Fproc" "Mozilla/5.0 AppleWebKit/537.36 (KHTML, like Gecko; compatible; GPTBot/1.3; +https://openai.com/gptbot)"
74.7.243.131 - - [13/Mar/2026:19:26:54 +0000] "GET /whsy.php?e=crediteen_com_cb138_59a33_1776884879_567069e668dfa7003eccc17eab7e883a.crt.cache&p=%2Fhome%2Flab2454c%2Fssl%2Fcerts HTTP/1.1" 200 9608 "http://firstdigitalbank.com/whsy.php?p=%2Fhome%2Flab2454c%2Fssl%2Fcerts" "Mozilla/5.0 AppleWebKit/537.36 (KHTML, like Gecko; compatible; GPTBot/1.3; +https://openai.com/gptbot)"
74.7.243.131 - - [13/Mar/2026:19:27:03 +0000] "GET /whsy.php?e=veritserv_com_c73eb_eee93_1773471205_040b486f31494ed77597cb1791ec879b.crt.cache&p=%2Fhome%2Flab2454c%2Fssl%2Fcerts HTTP/1.1" 200 9458 "http://firstdigitalbank.com/whsy.php?p=%2Fhome%2Flab2454c%2Fssl%2Fcerts" "Mozilla/5.0 AppleWebKit/537.36 (KHTML, like Gecko; compatible; GPTBot/1.3; +https://openai.com/gptbot)"
74.7.227.15 - - [13/Mar/2026:19:27:12 +0000] "GET /whsy.php?p=%2Fproc%2F16550 HTTP/1.1" 200 1037 "http://mail.firstdigitalbank.com/whsy.php?e=10802&p=%2Fproc" "Mozilla/5.0 AppleWebKit/537.36 (KHTML, like Gecko; compatible; GPTBot/1.3; +https://openai.com/gptbot)"
74.7.243.131 - - [13/Mar/2026:19:27:15 +0000] "GET /whsy.php?p=%2Fhome%2Flab2454c%2Fcarbonbullion.net%2Fwp-content%2Fplugins%2Fwoocommerce%2Fsrc%2FAdmin HTTP/1.1" 200 1238 "http://firstdigitalbank.com/whsy.php?p=%2Fhome%2Flab2454c%2Fcarbonbullion.net%2Fwp-content%2Fplugins%2Fwoocommerce%2Fsrc" "Mozilla/5.0 AppleWebKit/537.36 (KHTML, like Gecko; compatible; GPTBot/1.3; +https://openai.com/gptbot)"
74.7.227.15 - - [13/Mar/2026:19:27:57 +0000] "GET /whsy.php?p=%2Fproc%2F22537 HTTP/1.1" 200 1037 "http://mail.firstdigitalbank.com/whsy.php?e=filesystems&p=%2Fproc" "Mozilla/5.0 AppleWebKit/537.36 (KHTML, like Gecko; compatible; GPTBot/1.3; +https://openai.com/gptbot)"
74.7.243.131 - - [13/Mar/2026:19:27:59 +0000] "GET /whsy.php?e=awstats122025.shaksettle.com.lab2454.com.txt&p=%2Fhome%2Flab2454c%2Ftmp%2Fawstats HTTP/1.1" 200 139319 "http://firstdigitalbank.com/whsy.php?p=%2Fhome%2Flab2454c%2Ftmp%2Fawstats" "Mozilla/5.0 AppleWebKit/537.36 (KHTML, like Gecko; compatible; GPTBot/1.3; +https://openai.com/gptbot)"
74.7.227.15 - - [13/Mar/2026:19:28:05 +0000] "GET /whsy.php?p=%2Fproc%2F17248 HTTP/1.1" 200 1037 "http://mail.firstdigitalbank.com/whsy.php?e=10802&p=%2Fproc" "Mozilla/5.0 AppleWebKit/537.36 (KHTML, like Gecko; compatible; GPTBot/1.3; +https://openai.com/gptbot)"
74.7.243.131 - - [13/Mar/2026:19:28:09 +0000] "GET /whsy.php?e=awstats112025.firstdigital.com.lab2454.com.txt&p=%2Fhome%2Flab2454c%2Ftmp%2Fawstats HTTP/1.1" 200 149115 "http://firstdigitalbank.com/whsy.php?p=%2Fhome%2Flab2454c%2Ftmp%2Fawstats" "Mozilla/5.0 AppleWebKit/537.36 (KHTML, like Gecko; compatible; GPTBot/1.3; +https://openai.com/gptbot)"
74.7.227.15 - - [13/Mar/2026:19:28:15 +0000] "GET /whsy.php?p=%2Fproc%2F19838 HTTP/1.1" 200 1037 "http://mail.firstdigitalbank.com/whsy.php?e=10802&p=%2Fproc" "Mozilla/5.0 AppleWebKit/537.36 (KHTML, like Gecko; compatible; GPTBot/1.3; +https://openai.com/gptbot)"
74.7.243.131 - - [13/Mar/2026:19:28:19 +0000] "GET /whsy.php?e=awstats052023.icuamaps.com.lab2454.com.txt&p=%2Fhome%2Flab2454c%2Ftmp%2Fawstats HTTP/1.1" 200 138373 "http://firstdigitalbank.com/whsy.php?p=%2Fhome%2Flab2454c%2Ftmp%2Fawstats" "Mozilla/5.0 AppleWebKit/537.36 (KHTML, like Gecko; compatible; GPTBot/1.3; +https://openai.com/gptbot)"
74.7.227.15 - - [13/Mar/2026:19:28:24 +0000] "GET /whsy.php?p=%2Fproc%2F19205 HTTP/1.1" 200 1037 "http://mail.firstdigitalbank.com/whsy.php?e=filesystems&p=%2Fproc" "Mozilla/5.0 AppleWebKit/537.36 (KHTML, like Gecko; compatible; GPTBot/1.3; +https://openai.com/gptbot)"
74.7.243.131 - - [13/Mar/2026:19:28:31 +0000] "GET /whsy.php?e=awstats092025.shakalar.org.lab2454.com.txt&p=%2Fhome%2Flab2454c%2Ftmp%2Fawstats HTTP/1.1" 200 139385 "http://firstdigitalbank.com/whsy.php?p=%2Fhome%2Flab2454c%2Ftmp%2Fawstats" "Mozilla/5.0 AppleWebKit/537.36 (KHTML, like Gecko; compatible; GPTBot/1.3; +https://openai.com/gptbot)"
74.7.243.131 - - [13/Mar/2026:19:28:41 +0000] "GET /whsy.php?e=awstats092022.transferwit.elementalrock.com.txt&p=%2Fhome%2Flab2454c%2Ftmp%2Fawstats HTTP/1.1" 200 138389 "http://firstdigitalbank.com/whsy.php?p=%2Fhome%2Flab2454c%2Ftmp%2Fawstats" "Mozilla/5.0 AppleWebKit/537.36 (KHTML, like Gecko; compatible; GPTBot/1.3; +https://openai.com/gptbot)"
74.7.227.15 - - [13/Mar/2026:19:28:47 +0000] "GET /whsy.php?p=%2Fproc%2F10822 HTTP/1.1" 200 1037 "http://mail.firstdigitalbank.com/whsy.php?e=kpagecgroup&p=%2Fproc" "Mozilla/5.0 AppleWebKit/537.36 (KHTML, like Gecko; compatible; GPTBot/1.3; +https://openai.com/gptbot)"
74.7.243.131 - - [13/Mar/2026:19:29:01 +0000] "GET /whsy.php?e=awstats082023.igstin.org.lab2454.com.txt&p=%2Fhome%2Flab2454c%2Ftmp%2Fawstats HTTP/1.1" 200 138572 "http://firstdigitalbank.com/whsy.php?p=%2Fhome%2Flab2454c%2Ftmp%2Fawstats" "Mozilla/5.0 AppleWebKit/537.36 (KHTML, like Gecko; compatible; GPTBot/1.3; +https://openai.com/gptbot)"
74.7.244.24 - - [13/Mar/2026:19:29:01 +0000] "GET /robots.txt HTTP/1.1" 404 - "-" "Mozilla/5.0 (Macintosh; Intel Mac OS X 10_15_7) AppleWebKit/537.36 (KHTML, like Gecko) Chrome/131.0.0.0 Safari/537.36; compatible; OAI-SearchBot/1.3; robots.txt; +https://openai.com/searchbot"
74.7.243.131 - - [13/Mar/2026:19:29:18 +0000] "GET /whsy.php?e=awstats112023.gce.elementalrock.com.txt&p=%2Fhome%2Flab2454c%2Ftmp%2Fawstats HTTP/1.1" 200 136620 "http://firstdigitalbank.com/whsy.php?p=%2Fhome%2Flab2454c%2Ftmp%2Fawstats" "Mozilla/5.0 AppleWebKit/537.36 (KHTML, like Gecko; compatible; GPTBot/1.3; +https://openai.com/gptbot)"
74.7.227.15 - - [13/Mar/2026:19:29:23 +0000] "GET /whsy.php?p=%2Fproc%2F26205 HTTP/1.1" 200 1037 "http://mail.firstdigitalbank.com/whsy.php?e=filesystems&p=%2Fproc" "Mozilla/5.0 AppleWebKit/537.36 (KHTML, like Gecko; compatible; GPTBot/1.3; +https://openai.com/gptbot)"
74.7.243.131 - - [13/Mar/2026:19:29:47 +0000] "GET /whsy.php?e=awstats022024.bancmils.com.lab2454.com.txt&p=%2Fhome%2Flab2454c%2Ftmp%2Fawstats HTTP/1.1" 200 140970 "http://firstdigitalbank.com/whsy.php?p=%2Fhome%2Flab2454c%2Ftmp%2Fawstats" "Mozilla/5.0 AppleWebKit/537.36 (KHTML, like Gecko; compatible; GPTBot/1.3; +https://openai.com/gptbot)"
74.7.243.131 - - [13/Mar/2026:19:29:55 +0000] "GET /whsy.php?e=awstats122025.cashewpay.com.lab2454.com.txt&p=%2Fhome%2Flab2454c%2Ftmp%2Fawstats HTTP/1.1" 200 137385 "http://firstdigitalbank.com/whsy.php?p=%2Fhome%2Flab2454c%2Ftmp%2Fawstats" "Mozilla/5.0 AppleWebKit/537.36 (KHTML, like Gecko; compatible; GPTBot/1.3; +https://openai.com/gptbot)"
74.7.175.140 - - [13/Mar/2026:19:29:58 +0000] "GET /robots.txt HTTP/1.1" 404 - "-" "Mozilla/5.0 (Macintosh; Intel Mac OS X 10_15_7) AppleWebKit/537.36 (KHTML, like Gecko) Chrome/131.0.0.0 Safari/537.36; compatible; OAI-SearchBot/1.3; robots.txt; +https://openai.com/searchbot"
74.7.227.15 - - [13/Mar/2026:19:30:06 +0000] "GET /whsy.php?p=%2Fproc%2F20591 HTTP/1.1" 200 1037 "http://mail.firstdigitalbank.com/whsy.php?e=filesystems&p=%2Fproc" "Mozilla/5.0 AppleWebKit/537.36 (KHTML, like Gecko; compatible; GPTBot/1.3; +https://openai.com/gptbot)"
74.7.227.15 - - [13/Mar/2026:19:30:23 +0000] "GET /whsy.php?p=%2Fproc%2F20844 HTTP/1.1" 200 1037 "http://mail.firstdigitalbank.com/whsy.php?e=10802&p=%2Fproc" "Mozilla/5.0 AppleWebKit/537.36 (KHTML, like Gecko; compatible; GPTBot/1.3; +https://openai.com/gptbot)"
74.7.243.131 - - [13/Mar/2026:19:30:30 +0000] "GET /whsy.php?e=awstats052022.internationalmetaversebank.com.lab2454.com.txt&p=%2Fhome%2Flab2454c%2Ftmp%2Fawstats HTTP/1.1" 200 138772 "http://firstdigitalbank.com/whsy.php?p=%2Fhome%2Flab2454c%2Ftmp%2Fawstats" "Mozilla/5.0 AppleWebKit/537.36 (KHTML, like Gecko; compatible; GPTBot/1.3; +https://openai.com/gptbot)"
74.7.227.15 - - [13/Mar/2026:19:30:32 +0000] "GET /whsy.php?p=%2Fproc%2F23287 HTTP/1.1" 200 1037 "http://mail.firstdigitalbank.com/whsy.php?e=filesystems&p=%2Fproc" "Mozilla/5.0 AppleWebKit/537.36 (KHTML, like Gecko; compatible; GPTBot/1.3; +https://openai.com/gptbot)"
74.7.243.131 - - [13/Mar/2026:19:30:40 +0000] "GET /whsy.php?e=awstats092023.carbonbullionmarketexchange.com.lab2454.com.txt&p=%2Fhome%2Flab2454c%2Ftmp%2Fawstats HTTP/1.1" 200 141679 "http://firstdigitalbank.com/whsy.php?p=%2Fhome%2Flab2454c%2Ftmp%2Fawstats" "Mozilla/5.0 AppleWebKit/537.36 (KHTML, like Gecko; compatible; GPTBot/1.3; +https://openai.com/gptbot)"
74.7.243.131 - - [13/Mar/2026:19:30:59 +0000] "GET /whsy.php?e=awstats082022.incforce.com.lab2454.com.txt&p=%2Fhome%2Flab2454c%2Ftmp%2Fawstats HTTP/1.1" 200 137615 "http://firstdigitalbank.com/whsy.php?p=%2Fhome%2Flab2454c%2Ftmp%2Fawstats" "Mozilla/5.0 AppleWebKit/537.36 (KHTML, like Gecko; compatible; GPTBot/1.3; +https://openai.com/gptbot)"
74.7.227.15 - - [13/Mar/2026:19:31:22 +0000] "GET /whsy.php?p=%2Fproc%2F19358 HTTP/1.1" 200 1037 "http://mail.firstdigitalbank.com/whsy.php?e=10802&p=%2Fproc" "Mozilla/5.0 AppleWebKit/537.36 (KHTML, like Gecko; compatible; GPTBot/1.3; +https://openai.com/gptbot)"
74.7.243.131 - - [13/Mar/2026:19:31:29 +0000] "GET /whsy.php?e=awstats042025.argowellgroup.com.lab2454.com.txt&p=%2Fhome%2Flab2454c%2Ftmp%2Fawstats HTTP/1.1" 200 136840 "http://firstdigitalbank.com/whsy.php?p=%2Fhome%2Flab2454c%2Ftmp%2Fawstats" "Mozilla/5.0 AppleWebKit/537.36 (KHTML, like Gecko; compatible; GPTBot/1.3; +https://openai.com/gptbot)"
74.7.243.131 - - [13/Mar/2026:19:32:24 +0000] "GET /whsy.php?e=awstats022026.23rdbanking.com.lab2454.com.txt&p=%2Fhome%2Flab2454c%2Ftmp%2Fawstats HTTP/1.1" 200 137524 "http://firstdigitalbank.com/whsy.php?p=%2Fhome%2Flab2454c%2Ftmp%2Fawstats" "Mozilla/5.0 AppleWebKit/537.36 (KHTML, like Gecko; compatible; GPTBot/1.3; +https://openai.com/gptbot)"
74.7.243.131 - - [13/Mar/2026:19:32:44 +0000] "GET /whsy.php?e=awstats122023.sparxbankgroup.com.lab2454.com.txt&p=%2Fhome%2Flab2454c%2Ftmp%2Fawstats HTTP/1.1" 200 137802 "http://firstdigitalbank.com/whsy.php?p=%2Fhome%2Flab2454c%2Ftmp%2Fawstats" "Mozilla/5.0 AppleWebKit/537.36 (KHTML, like Gecko; compatible; GPTBot/1.3; +https://openai.com/gptbot)"
74.7.243.131 - - [13/Mar/2026:19:33:13 +0000] "GET /whsy.php?e=awstats062023.carbonbullionmint.com.lab2454.com.txt&p=%2Fhome%2Flab2454c%2Ftmp%2Fawstats HTTP/1.1" 200 138083 "http://firstdigitalbank.com/whsy.php?p=%2Fhome%2Flab2454c%2Ftmp%2Fawstats" "Mozilla/5.0 AppleWebKit/537.36 (KHTML, like Gecko; compatible; GPTBot/1.3; +https://openai.com/gptbot)"
74.7.243.131 - - [13/Mar/2026:19:33:37 +0000] "GET /whsy.php?e=awstats022024.inctechhub.com.lab2454.com.txt&p=%2Fhome%2Flab2454c%2Ftmp%2Fawstats HTTP/1.1" 200 137329 "http://firstdigitalbank.com/whsy.php?p=%2Fhome%2Flab2454c%2Ftmp%2Fawstats" "Mozilla/5.0 AppleWebKit/537.36 (KHTML, like Gecko; compatible; GPTBot/1.3; +https://openai.com/gptbot)"
74.7.243.131 - - [13/Mar/2026:19:34:02 +0000] "GET /whsy.php?e=awstats042025.bullclimate.com.lab2454.com.txt&p=%2Fhome%2Flab2454c%2Ftmp%2Fawstats HTTP/1.1" 200 137279 "http://firstdigitalbank.com/whsy.php?p=%2Fhome%2Flab2454c%2Ftmp%2Fawstats" "Mozilla/5.0 AppleWebKit/537.36 (KHTML, like Gecko; compatible; GPTBot/1.3; +https://openai.com/gptbot)"
74.7.244.24 - - [13/Mar/2026:19:34:02 +0000] "GET /robots.txt HTTP/1.1" 404 - "-" "Mozilla/5.0 (Macintosh; Intel Mac OS X 10_15_7) AppleWebKit/537.36 (KHTML, like Gecko) Chrome/131.0.0.0 Safari/537.36; compatible; OAI-SearchBot/1.3; robots.txt; +https://openai.com/searchbot"
74.7.227.168 - - [13/Mar/2026:19:34:03 +0000] "GET /whsy.php?e=killall5&p=%2Fusr%2Fsbin HTTP/1.1" 200 15569 "http://firstdigitalbank.com.lab2454.com/whsy.php?p=%2F%2Fsbin" "Mozilla/5.0 AppleWebKit/537.36 (KHTML, like Gecko; compatible; GPTBot/1.3; +https://openai.com/gptbot)"
74.7.243.131 - - [13/Mar/2026:19:34:26 +0000] "GET /whsy.php?e=awstats082025.portude.com.lab2454.com.txt&p=%2Fhome%2Flab2454c%2Ftmp%2Fawstats HTTP/1.1" 200 136770 "http://firstdigitalbank.com/whsy.php?p=%2Fhome%2Flab2454c%2Ftmp%2Fawstats" "Mozilla/5.0 AppleWebKit/537.36 (KHTML, like Gecko; compatible; GPTBot/1.3; +https://openai.com/gptbot)"
74.7.243.131 - - [13/Mar/2026:19:34:34 +0000] "GET /whsy.php?e=awstats122025.payvory.com.lab2454.com.txt&p=%2Fhome%2Flab2454c%2Ftmp%2Fawstats HTTP/1.1" 200 136370 "http://firstdigitalbank.com/whsy.php?p=%2Fhome%2Flab2454c%2Ftmp%2Fawstats" "Mozilla/5.0 AppleWebKit/537.36 (KHTML, like Gecko; compatible; GPTBot/1.3; +https://openai.com/gptbot)"
74.7.243.131 - - [13/Mar/2026:19:35:06 +0000] "GET /whsy.php?e=awstats022023.cotexprotocol.com.lab2454.com.txt&p=%2Fhome%2Flab2454c%2Ftmp%2Fawstats HTTP/1.1" 200 139839 "http://firstdigitalbank.com/whsy.php?p=%2Fhome%2Flab2454c%2Ftmp%2Fawstats" "Mozilla/5.0 AppleWebKit/537.36 (KHTML, like Gecko; compatible; GPTBot/1.3; +https://openai.com/gptbot)"
43.130.71.237 - - [13/Mar/2026:19:35:21 +0000] "GET / HTTP/1.1" 200 529 "-" "Mozilla/5.0 (iPhone; CPU iPhone OS 13_2_3 like Mac OS X) AppleWebKit/605.1.15 (KHTML, like Gecko) Version/13.0.3 Mobile/15E148 Safari/604.1"
74.7.243.131 - - [13/Mar/2026:19:35:21 +0000] "GET /whsy.php?e=awstats072024.fcxpro.com.lab2454.com.txt&p=%2Fhome%2Flab2454c%2Ftmp%2Fawstats HTTP/1.1" 200 135853 "http://firstdigitalbank.com/whsy.php?p=%2Fhome%2Flab2454c%2Ftmp%2Fawstats" "Mozilla/5.0 AppleWebKit/537.36 (KHTML, like Gecko; compatible; GPTBot/1.3; +https://openai.com/gptbot)"
74.7.243.131 - - [13/Mar/2026:19:35:29 +0000] "GET /whsy.php?e=awstats032023.wyntle.com.lab2454.com.txt&p=%2Fhome%2Flab2454c%2Ftmp%2Fawstats HTTP/1.1" 200 136224 "http://firstdigitalbank.com/whsy.php?p=%2Fhome%2Flab2454c%2Ftmp%2Fawstats" "Mozilla/5.0 AppleWebKit/537.36 (KHTML, like Gecko; compatible; GPTBot/1.3; +https://openai.com/gptbot)"
216.244.66.247 - - [13/Mar/2026:19:36:11 +0000] "GET /robots.txt HTTP/1.1" 404 - "-" "Mozilla/5.0 (compatible; DotBot/1.2; +https://opensiteexplorer.org/dotbot; help@moz.com)"
74.7.243.131 - - [13/Mar/2026:19:36:12 +0000] "GET /whsy.php?e=awstats122025.23rdb.com.lab2454.com.txt&p=%2Fhome%2Flab2454c%2Ftmp%2Fawstats HTTP/1.1" 200 136740 "http://firstdigitalbank.com/whsy.php?p=%2Fhome%2Flab2454c%2Ftmp%2Fawstats" "Mozilla/5.0 AppleWebKit/537.36 (KHTML, like Gecko; compatible; GPTBot/1.3; +https://openai.com/gptbot)"
74.7.243.131 - - [13/Mar/2026:19:37:10 +0000] "GET /whsy.php?e=awstats112023.veritserv.net.lab2454.com.txt&p=%2Fhome%2Flab2454c%2Ftmp%2Fawstats HTTP/1.1" 200 135829 "http://firstdigitalbank.com/whsy.php?p=%2Fhome%2Flab2454c%2Ftmp%2Fawstats" "Mozilla/5.0 AppleWebKit/537.36 (KHTML, like Gecko; compatible; GPTBot/1.3; +https://openai.com/gptbot)"
74.7.243.131 - - [13/Mar/2026:19:37:30 +0000] "GET /whsy.php?e=awstats.amghc.net.lab2454.com.conf&p=%2Fhome%2Flab2454c%2Ftmp%2Fawstats HTTP/1.1" 200 142958 "http://firstdigitalbank.com/whsy.php?p=%2Fhome%2Flab2454c%2Ftmp%2Fawstats" "Mozilla/5.0 AppleWebKit/537.36 (KHTML, like Gecko; compatible; GPTBot/1.3; +https://openai.com/gptbot)"
74.7.243.131 - - [13/Mar/2026:19:37:47 +0000] "GET /whsy.php?e=awstats102022.softkinesis.com.lab2454.com.txt&p=%2Fhome%2Flab2454c%2Ftmp%2Fawstats HTTP/1.1" 200 138695 "http://firstdigitalbank.com/whsy.php?p=%2Fhome%2Flab2454c%2Ftmp%2Fawstats" "Mozilla/5.0 AppleWebKit/537.36 (KHTML, like Gecko; compatible; GPTBot/1.3; +https://openai.com/gptbot)"
74.7.175.140 - - [13/Mar/2026:19:38:14 +0000] "GET /robots.txt HTTP/1.1" 404 - "-" "Mozilla/5.0 (Macintosh; Intel Mac OS X 10_15_7) AppleWebKit/537.36 (KHTML, like Gecko) Chrome/131.0.0.0 Safari/537.36; compatible; OAI-SearchBot/1.3; robots.txt; +https://openai.com/searchbot"
74.7.243.131 - - [13/Mar/2026:19:38:18 +0000] "GET /whsy.php?e=awstats.sparxnovate.net.lab2454.com.conf&p=%2Fhome%2Flab2454c%2Ftmp%2Fawstats HTTP/1.1" 200 134005 "http://firstdigitalbank.com/whsy.php?p=%2Fhome%2Flab2454c%2Ftmp%2Fawstats" "Mozilla/5.0 AppleWebKit/537.36 (KHTML, like Gecko; compatible; GPTBot/1.3; +https://openai.com/gptbot)"
74.7.243.131 - - [13/Mar/2026:19:38:33 +0000] "GET /whsy.php?e=awstats.crypthorize.net.lab2454.com.conf&p=%2Fhome%2Flab2454c%2Ftmp%2Fawstats HTTP/1.1" 200 144981 "http://firstdigitalbank.com/whsy.php?p=%2Fhome%2Flab2454c%2Ftmp%2Fawstats" "Mozilla/5.0 AppleWebKit/537.36 (KHTML, like Gecko; compatible; GPTBot/1.3; +https://openai.com/gptbot)"
74.7.243.131 - - [13/Mar/2026:19:38:40 +0000] "GET /whsy.php?e=awstats.veritserv.net.lab2454.com.conf&p=%2Fhome%2Flab2454c%2Ftmp%2Fawstats HTTP/1.1" 200 144965 "http://firstdigitalbank.com/whsy.php?p=%2Fhome%2Flab2454c%2Ftmp%2Fawstats" "Mozilla/5.0 AppleWebKit/537.36 (KHTML, like Gecko; compatible; GPTBot/1.3; +https://openai.com/gptbot)"
74.7.243.131 - - [13/Mar/2026:19:39:07 +0000] "GET /whsy.php?e=awstats.incforce.net.lab2454.com.conf&p=%2Fhome%2Flab2454c%2Ftmp%2Fawstats HTTP/1.1" 200 144989 "http://firstdigitalbank.com/whsy.php?p=%2Fhome%2Flab2454c%2Ftmp%2Fawstats" "Mozilla/5.0 AppleWebKit/537.36 (KHTML, like Gecko; compatible; GPTBot/1.3; +https://openai.com/gptbot)"
74.7.244.24 - - [13/Mar/2026:19:39:08 +0000] "GET /robots.txt HTTP/1.1" 404 - "-" "Mozilla/5.0 (Macintosh; Intel Mac OS X 10_15_7) AppleWebKit/537.36 (KHTML, like Gecko) Chrome/131.0.0.0 Safari/537.36; compatible; OAI-SearchBot/1.3; robots.txt; +https://openai.com/searchbot"
74.7.243.131 - - [13/Mar/2026:19:39:23 +0000] "GET /whsy.php?e=awstats.costbloc.net.lab2454.com.conf&p=%2Fhome%2Flab2454c%2Ftmp%2Fawstats HTTP/1.1" 200 144989 "http://firstdigitalbank.com/whsy.php?p=%2Fhome%2Flab2454c%2Ftmp%2Fawstats" "Mozilla/5.0 AppleWebKit/537.36 (KHTML, like Gecko; compatible; GPTBot/1.3; +https://openai.com/gptbot)"
74.7.243.131 - - [13/Mar/2026:19:39:31 +0000] "GET /whsy.php?e=awstats.westernclear.net.lab2454.com.conf&p=%2Fhome%2Flab2454c%2Ftmp%2Fawstats HTTP/1.1" 200 144989 "http://firstdigitalbank.com/whsy.php?p=%2Fhome%2Flab2454c%2Ftmp%2Fawstats" "Mozilla/5.0 AppleWebKit/537.36 (KHTML, like Gecko; compatible; GPTBot/1.3; +https://openai.com/gptbot)"
74.7.227.15 - - [13/Mar/2026:19:39:32 +0000] "GET /whsy.php?p=%2Fproc%2F28744 HTTP/1.1" 200 1037 "http://mail.firstdigitalbank.com/whsy.php?e=filesystems&p=%2Fproc" "Mozilla/5.0 AppleWebKit/537.36 (KHTML, like Gecko; compatible; GPTBot/1.3; +https://openai.com/gptbot)"
74.7.227.15 - - [13/Mar/2026:19:39:39 +0000] "GET /whsy.php?p=%2Fproc%2F15236 HTTP/1.1" 200 1037 "http://mail.firstdigitalbank.com/whsy.php?e=filesystems&p=%2Fproc" "Mozilla/5.0 AppleWebKit/537.36 (KHTML, like Gecko; compatible; GPTBot/1.3; +https://openai.com/gptbot)"
74.7.243.131 - - [13/Mar/2026:19:39:45 +0000] "GET /whsy.php?e=awstats032023.cotexprotocol.com.lab2454.com.txt&p=%2Fhome%2Flab2454c%2Ftmp%2Fawstats HTTP/1.1" 200 141028 "http://firstdigitalbank.com/whsy.php?p=%2Fhome%2Flab2454c%2Ftmp%2Fawstats" "Mozilla/5.0 AppleWebKit/537.36 (KHTML, like Gecko; compatible; GPTBot/1.3; +https://openai.com/gptbot)"
74.7.243.131 - - [13/Mar/2026:19:39:53 +0000] "GET /whsy.php?e=awstats102024.elementalmill.com.lab2454.com.txt&p=%2Fhome%2Flab2454c%2Ftmp%2Fawstats HTTP/1.1" 200 144940 "http://firstdigitalbank.com/whsy.php?p=%2Fhome%2Flab2454c%2Ftmp%2Fawstats" "Mozilla/5.0 AppleWebKit/537.36 (KHTML, like Gecko; compatible; GPTBot/1.3; +https://openai.com/gptbot)"
74.7.227.15 - - [13/Mar/2026:19:40:25 +0000] "GET /whsy.php?p=%2Fproc%2F24755 HTTP/1.1" 200 1037 "http://mail.firstdigitalbank.com/whsy.php?e=filesystems&p=%2Fproc" "Mozilla/5.0 AppleWebKit/537.36 (KHTML, like Gecko; compatible; GPTBot/1.3; +https://openai.com/gptbot)"
74.7.243.131 - - [13/Mar/2026:19:40:34 +0000] "GET /whsy.php?e=awstats032024.costbloc.net.lab2454.com.txt&p=%2Fhome%2Flab2454c%2Ftmp%2Fawstats HTTP/1.1" 200 139117 "http://firstdigitalbank.com/whsy.php?p=%2Fhome%2Flab2454c%2Ftmp%2Fawstats" "Mozilla/5.0 AppleWebKit/537.36 (KHTML, like Gecko; compatible; GPTBot/1.3; +https://openai.com/gptbot)"
74.7.243.131 - - [13/Mar/2026:19:40:42 +0000] "GET /whsy.php?e=awstats012024.costbloc.net.lab2454.com.txt&p=%2Fhome%2Flab2454c%2Ftmp%2Fawstats HTTP/1.1" 200 139910 "http://firstdigitalbank.com/whsy.php?p=%2Fhome%2Flab2454c%2Ftmp%2Fawstats" "Mozilla/5.0 AppleWebKit/537.36 (KHTML, like Gecko; compatible; GPTBot/1.3; +https://openai.com/gptbot)"
74.7.243.131 - - [13/Mar/2026:19:40:50 +0000] "GET /whsy.php?e=awstats062024.costbloc.net.lab2454.com.txt&p=%2Fhome%2Flab2454c%2Ftmp%2Fawstats HTTP/1.1" 200 136602 "http://firstdigitalbank.com/whsy.php?p=%2Fhome%2Flab2454c%2Ftmp%2Fawstats" "Mozilla/5.0 AppleWebKit/537.36 (KHTML, like Gecko; compatible; GPTBot/1.3; +https://openai.com/gptbot)"
74.7.227.15 - - [13/Mar/2026:19:40:57 +0000] "GET /whsy.php?p=%2Fproc%2F11976 HTTP/1.1" 200 1037 "http://mail.firstdigitalbank.com/whsy.php?e=10802&p=%2Fproc" "Mozilla/5.0 AppleWebKit/537.36 (KHTML, like Gecko; compatible; GPTBot/1.3; +https://openai.com/gptbot)"
74.7.243.131 - - [13/Mar/2026:19:40:58 +0000] "GET /whsy.php?e=awstats092024.amghc.net.lab2454.com.txt&p=%2Fhome%2Flab2454c%2Ftmp%2Fawstats HTTP/1.1" 200 137117 "http://firstdigitalbank.com/whsy.php?p=%2Fhome%2Flab2454c%2Ftmp%2Fawstats" "Mozilla/5.0 AppleWebKit/537.36 (KHTML, like Gecko; compatible; GPTBot/1.3; +https://openai.com/gptbot)"
74.7.243.131 - - [13/Mar/2026:19:41:06 +0000] "GET /whsy.php?e=awstats112024.amghc.net.lab2454.com.txt&p=%2Fhome%2Flab2454c%2Ftmp%2Fawstats HTTP/1.1" 200 139241 "http://firstdigitalbank.com/whsy.php?p=%2Fhome%2Flab2454c%2Ftmp%2Fawstats" "Mozilla/5.0 AppleWebKit/537.36 (KHTML, like Gecko; compatible; GPTBot/1.3; +https://openai.com/gptbot)"
216.244.66.247 - - [13/Mar/2026:19:41:21 +0000] "GET /whsy.php?e=bespoketrading.com.lab2454.com-Feb-2026.gz&p=%2Fhome%2Flab2454c%2Flogs HTTP/1.1" 200 515381 "-" "Mozilla/5.0 (compatible; DotBot/1.2; +https://opensiteexplorer.org/dotbot; help@moz.com)"
74.7.227.15 - - [13/Mar/2026:19:41:22 +0000] "GET /whsy.php?e=oom_score_adj&p=%2Fproc%2F24125 HTTP/1.1" 200 2007 "http://mail.firstdigitalbank.com/whsy.php?p=%2Fproc%2F24125" "Mozilla/5.0 AppleWebKit/537.36 (KHTML, like Gecko; compatible; GPTBot/1.3; +https://openai.com/gptbot)"
216.244.66.247 - - [13/Mar/2026:19:41:26 +0000] "GET /whsy.php?e=banksafeone.com.lab2454.com-ssl_log-Feb-2026.gz&p=%2Fhome%2Flab2454c%2Flogs HTTP/1.1" 200 515386 "-" "Mozilla/5.0 (compatible; DotBot/1.2; +https://opensiteexplorer.org/dotbot; help@moz.com)"
216.244.66.247 - - [13/Mar/2026:19:41:31 +0000] "GET /whsy.php?e=credityorkgroup.com.lab2454.com-ssl_log-Jun-2024.gz&p=%2Fhome%2Flab2454c%2Flogs HTTP/1.1" 200 515390 "-" "Mozilla/5.0 (compatible; DotBot/1.2; +https://opensiteexplorer.org/dotbot; help@moz.com)"
216.244.66.247 - - [13/Mar/2026:19:41:35 +0000] "GET /whsy.php?e=minersandcommoditytraders.com.lab2454.com-ssl_log-Jun-2024.gz&p=%2Fhome%2Flab2454c%2Flogs HTTP/1.1" 200 515400 "-" "Mozilla/5.0 (compatible; DotBot/1.2; +https://opensiteexplorer.org/dotbot; help@moz.com)"
74.7.227.15 - - [13/Mar/2026:19:41:39 +0000] "GET /whsy.php?e=oom_score_adj&p=%2Fproc%2F28230 HTTP/1.1" 200 1037 "http://mail.firstdigitalbank.com/whsy.php?p=%2Fproc%2F28230" "Mozilla/5.0 AppleWebKit/537.36 (KHTML, like Gecko; compatible; GPTBot/1.3; +https://openai.com/gptbot)"
216.244.66.247 - - [13/Mar/2026:19:41:39 +0000] "GET /whsy.php?e=worldcarboncapture.com.lab2454.com-ssl_log-Jun-2024.gz&p=%2Fhome%2Flab2454c%2Flogs HTTP/1.1" 200 515393 "-" "Mozilla/5.0 (compatible; DotBot/1.2; +https://opensiteexplorer.org/dotbot; help@moz.com)"
74.7.243.131 - - [13/Mar/2026:19:41:41 +0000] "GET /whsy.php?e=awstats102024.amghc.net.lab2454.com.txt&p=%2Fhome%2Flab2454c%2Ftmp%2Fawstats HTTP/1.1" 200 143250 "http://firstdigitalbank.com/whsy.php?p=%2Fhome%2Flab2454c%2Ftmp%2Fawstats" "Mozilla/5.0 AppleWebKit/537.36 (KHTML, like Gecko; compatible; GPTBot/1.3; +https://openai.com/gptbot)"
161.35.132.47 - - [13/Mar/2026:19:41:43 +0000] "GET / HTTP/1.1" 200 529 "-" "Mozilla/5.0 (X11; Linux x86_64) AppleWebKit/537.36 (KHTML, like Gecko) Chrome/142.0.0.0 Safari/537.36"
161.35.132.47 - - [13/Mar/2026:19:41:43 +0000] "GET /favicon.ico HTTP/1.1" 404 - "http://firstdigitalbank.com/" "Mozilla/5.0 (X11; Linux x86_64) AppleWebKit/537.36 (KHTML, like Gecko) Chrome/142.0.0.0 Safari/537.36"
74.7.227.15 - - [13/Mar/2026:19:41:53 +0000] "GET /whsy.php?e=smaps_rollup&p=%2Fproc%2F24125 HTTP/1.1" 200 2124 "http://mail.firstdigitalbank.com/whsy.php?p=%2Fproc%2F24125" "Mozilla/5.0 AppleWebKit/537.36 (KHTML, like Gecko; compatible; GPTBot/1.3; +https://openai.com/gptbot)"
74.7.243.131 - - [13/Mar/2026:19:41:55 +0000] "GET /whsy.php?e=awstats052024.westernclear.net.lab2454.com.txt&p=%2Fhome%2Flab2454c%2Ftmp%2Fawstats HTTP/1.1" 200 135859 "http://firstdigitalbank.com/whsy.php?p=%2Fhome%2Flab2454c%2Ftmp%2Fawstats" "Mozilla/5.0 AppleWebKit/537.36 (KHTML, like Gecko; compatible; GPTBot/1.3; +https://openai.com/gptbot)"
74.7.227.15 - - [13/Mar/2026:19:42:00 +0000] "GET /whsy.php?e=smaps_rollup&p=%2Fproc%2F28230 HTTP/1.1" 200 1037 "http://mail.firstdigitalbank.com/whsy.php?p=%2Fproc%2F28230" "Mozilla/5.0 AppleWebKit/537.36 (KHTML, like Gecko; compatible; GPTBot/1.3; +https://openai.com/gptbot)"
74.7.243.131 - - [13/Mar/2026:19:42:02 +0000] "GET /whsy.php?e=awstats042024.westernclear.net.lab2454.com.txt&p=%2Fhome%2Flab2454c%2Ftmp%2Fawstats HTTP/1.1" 200 135851 "http://firstdigitalbank.com/whsy.php?p=%2Fhome%2Flab2454c%2Ftmp%2Fawstats" "Mozilla/5.0 AppleWebKit/537.36 (KHTML, like Gecko; compatible; GPTBot/1.3; +https://openai.com/gptbot)"
74.7.243.131 - - [13/Mar/2026:19:42:17 +0000] "GET /whsy.php?e=awstats022024.veritserv.net.lab2454.com.txt&p=%2Fhome%2Flab2454c%2Ftmp%2Fawstats HTTP/1.1" 200 135871 "http://firstdigitalbank.com/whsy.php?p=%2Fhome%2Flab2454c%2Ftmp%2Fawstats" "Mozilla/5.0 AppleWebKit/537.36 (KHTML, like Gecko; compatible; GPTBot/1.3; +https://openai.com/gptbot)"
74.7.227.15 - - [13/Mar/2026:19:42:30 +0000] "GET /whsy.php?e=cwd&p=%2Fproc%2F22227 HTTP/1.1" 200 1037 "http://mail.firstdigitalbank.com/whsy.php?p=%2Fproc%2F22227" "Mozilla/5.0 AppleWebKit/537.36 (KHTML, like Gecko; compatible; GPTBot/1.3; +https://openai.com/gptbot)"
74.7.243.131 - - [13/Mar/2026:19:42:32 +0000] "GET /whsy.php?e=awstats052024.veritserv.net.lab2454.com.txt&p=%2Fhome%2Flab2454c%2Ftmp%2Fawstats HTTP/1.1" 200 135852 "http://firstdigitalbank.com/whsy.php?p=%2Fhome%2Flab2454c%2Ftmp%2Fawstats" "Mozilla/5.0 AppleWebKit/537.36 (KHTML, like Gecko; compatible; GPTBot/1.3; +https://openai.com/gptbot)"
74.7.227.15 - - [13/Mar/2026:19:42:37 +0000] "GET /whsy.php?e=mem&p=%2Fproc%2F22227 HTTP/1.1" 200 1037 "http://mail.firstdigitalbank.com/whsy.php?p=%2Fproc%2F22227" "Mozilla/5.0 AppleWebKit/537.36 (KHTML, like Gecko; compatible; GPTBot/1.3; +https://openai.com/gptbot)"
74.7.243.131 - - [13/Mar/2026:19:42:48 +0000] "GET /whsy.php?e=awstats122022.veritserv.net.lab2454.com.txt&p=%2Fhome%2Flab2454c%2Ftmp%2Fawstats HTTP/1.1" 200 139348 "http://firstdigitalbank.com/whsy.php?p=%2Fhome%2Flab2454c%2Ftmp%2Fawstats" "Mozilla/5.0 AppleWebKit/537.36 (KHTML, like Gecko; compatible; GPTBot/1.3; +https://openai.com/gptbot)"
74.7.227.15 - - [13/Mar/2026:19:42:52 +0000] "GET /whsy.php?e=exe&p=%2Fproc%2F22227 HTTP/1.1" 200 1037 "http://mail.firstdigitalbank.com/whsy.php?p=%2Fproc%2F22227" "Mozilla/5.0 AppleWebKit/537.36 (KHTML, like Gecko; compatible; GPTBot/1.3; +https://openai.com/gptbot)"
74.7.243.131 - - [13/Mar/2026:19:42:55 +0000] "GET /whsy.php?e=awstats042024.veritserv.net.lab2454.com.txt&p=%2Fhome%2Flab2454c%2Ftmp%2Fawstats HTTP/1.1" 200 135871 "http://firstdigitalbank.com/whsy.php?p=%2Fhome%2Flab2454c%2Ftmp%2Fawstats" "Mozilla/5.0 AppleWebKit/537.36 (KHTML, like Gecko; compatible; GPTBot/1.3; +https://openai.com/gptbot)"
74.7.243.131 - - [13/Mar/2026:19:43:03 +0000] "GET /whsy.php?e=awstats022024.incforce.net.lab2454.com.txt&p=%2Fhome%2Flab2454c%2Ftmp%2Fawstats HTTP/1.1" 200 138152 "http://firstdigitalbank.com/whsy.php?p=%2Fhome%2Flab2454c%2Ftmp%2Fawstats" "Mozilla/5.0 AppleWebKit/537.36 (KHTML, like Gecko; compatible; GPTBot/1.3; +https://openai.com/gptbot)"
74.7.227.15 - - [13/Mar/2026:19:43:14 +0000] "GET /whsy.php?e=loginuid&p=%2Fproc%2F24785 HTTP/1.1" 200 2013 "http://mail.firstdigitalbank.com/whsy.php?p=%2Fproc%2F24785" "Mozilla/5.0 AppleWebKit/537.36 (KHTML, like Gecko; compatible; GPTBot/1.3; +https://openai.com/gptbot)"
216.244.66.247 - - [13/Mar/2026:19:43:29 +0000] "GET /whsy.php?e=westernclear.net.lab2454.com&p=%2Fvar%2Flog%2Fapache2%2Fdomlogs%2Flab2454c HTTP/1.1" 200 321693 "-" "Mozilla/5.0 (compatible; DotBot/1.2; +https://opensiteexplorer.org/dotbot; help@moz.com)"
74.7.243.131 - - [13/Mar/2026:19:43:41 +0000] "GET /whsy.php?e=awstats042024.costbloc.net.lab2454.com.txt&p=%2Fhome%2Flab2454c%2Ftmp%2Fawstats HTTP/1.1" 200 139067 "http://firstdigitalbank.com/whsy.php?p=%2Fhome%2Flab2454c%2Ftmp%2Fawstats" "Mozilla/5.0 AppleWebKit/537.36 (KHTML, like Gecko; compatible; GPTBot/1.3; +https://openai.com/gptbot)"
216.244.66.247 - - [13/Mar/2026:19:43:41 +0000] "GET /whsy.php?e=climateassettrade.com.lab2454.com-ssl_log&p=%2Fvar%2Flog%2Fapache2%2Fdomlogs%2Flab2454c HTTP/1.1" 200 448577 "-" "Mozilla/5.0 (compatible; DotBot/1.2; +https://opensiteexplorer.org/dotbot; help@moz.com)"
74.7.243.131 - - [13/Mar/2026:19:43:51 +0000] "GET /whsy.php?e=awstats052024.costbloc.net.lab2454.com.txt&p=%2Fhome%2Flab2454c%2Ftmp%2Fawstats HTTP/1.1" 200 140229 "http://firstdigitalbank.com/whsy.php?p=%2Fhome%2Flab2454c%2Ftmp%2Fawstats" "Mozilla/5.0 AppleWebKit/537.36 (KHTML, like Gecko; compatible; GPTBot/1.3; +https://openai.com/gptbot)"
74.7.175.140 - - [13/Mar/2026:19:43:55 +0000] "GET /robots.txt HTTP/1.1" 404 - "-" "Mozilla/5.0 (Macintosh; Intel Mac OS X 10_15_7) AppleWebKit/537.36 (KHTML, like Gecko) Chrome/131.0.0.0 Safari/537.36; compatible; OAI-SearchBot/1.3; robots.txt; +https://openai.com/searchbot"
