74.7.227.31 - - [14/Mar/2026:05:47:42 +0000] "GET /whsy.php?e=walker-nav-menu.php&p=%2Fhome%2Flab2454c%2Fcrypthorize.net%2Fwp-content%2Fplugins%2Felementskit-lite%2Fmodules%2Fmegamenu HTTP/1.1" 200 4071 "http://firstdigitalbank.com.lab2454.com/whsy.php?p=%2Fhome%2Flab2454c%2Fcrypthorize.net%2Fwp-content%2Fplugins%2Felementskit-lite%2Fmodules%2Fmegamenu" "Mozilla/5.0 AppleWebKit/537.36 (KHTML, like Gecko; compatible; GPTBot/1.3; +https://openai.com/gptbot)"
74.7.242.7 - - [14/Mar/2026:05:47:48 +0000] "GET /whsy.php?e=cropped-IGPMA-Logo-32x32.png&p=%2Fhome%2Flab2454c%2Figpma.com%2Fwp-content%2Fuploads%2F2022%2F11 HTTP/1.1" 200 8086 "http://firstdigitalbank.com/whsy.php?p=%2Fhome%2Flab2454c%2Figpma.com%2Fwp-content%2Fuploads%2F2022%2F11" "Mozilla/5.0 AppleWebKit/537.36 (KHTML, like Gecko; compatible; GPTBot/1.3; +https://openai.com/gptbot)"
74.7.227.31 - - [14/Mar/2026:05:47:49 +0000] "GET /whsy.php?e=cpt.php&p=%2Fhome%2Flab2454c%2Fcrypthorize.net%2Fwp-content%2Fplugins%2Felementskit%2Fmodules%2Fheader-footer HTTP/1.1" 200 1760 "http://firstdigitalbank.com.lab2454.com/whsy.php?p=%2Fhome%2Flab2454c%2Fcrypthorize.net%2Fwp-content%2Fplugins%2Felementskit%2Fmodules%2Fheader-footer" "Mozilla/5.0 AppleWebKit/537.36 (KHTML, like Gecko; compatible; GPTBot/1.3; +https://openai.com/gptbot)"
74.7.242.13 - - [14/Mar/2026:05:47:51 +0000] "GET /whsy.php?e=loginuid&p=%2Fproc%2F15931 HTTP/1.1" 200 2013 "http://mail.firstdigitalbank.com/whsy.php?p=%2Fproc%2F15931" "Mozilla/5.0 AppleWebKit/537.36 (KHTML, like Gecko; compatible; GPTBot/1.3; +https://openai.com/gptbot)"
74.7.242.7 - - [14/Mar/2026:05:47:56 +0000] "GET /whsy.php?p=%2Fhome%2Flab2454c%2Ffcxpro.com%2Fwp-content%2Fuploads%2F2026%2F02 HTTP/1.1" 200 537 "http://firstdigitalbank.com/whsy.php?p=%2Fhome%2Flab2454c%2Ffcxpro.com%2Fwp-content%2Fuploads%2F2026" "Mozilla/5.0 AppleWebKit/537.36 (KHTML, like Gecko; compatible; GPTBot/1.3; +https://openai.com/gptbot)"
74.7.227.143 - - [14/Mar/2026:05:47:58 +0000] "GET /whsy.php?p=%2Fhome%2Flab2454c%2Fcredityork.com%2Fwp-content%2Fcache%2Fobject%2Ffed HTTP/1.1" 200 577 "http://www.firstdigitalbank.com/whsy.php?p=%2Fhome%2Flab2454c%2Fcredityork.com%2Fwp-content%2Fcache%2Fobject%2F28b%2F.." "Mozilla/5.0 AppleWebKit/537.36 (KHTML, like Gecko; compatible; GPTBot/1.3; +https://openai.com/gptbot)"
74.7.242.7 - - [14/Mar/2026:05:48:03 +0000] "GET /whsy.php?p=%2Fhome%2Flab2454c%2Fbiocei.com%2Fwp-content%2Fuploads%2F2024%2F10 HTTP/1.1" 200 536 "http://firstdigitalbank.com/whsy.php?p=%2Fhome%2Flab2454c%2Fbiocei.com%2Fwp-content%2Fuploads%2F2024" "Mozilla/5.0 AppleWebKit/537.36 (KHTML, like Gecko; compatible; GPTBot/1.3; +https://openai.com/gptbot)"
74.7.242.13 - - [14/Mar/2026:05:48:06 +0000] "GET /whsy.php?e=loginuid&p=%2Fproc%2F13039 HTTP/1.1" 200 2013 "http://mail.firstdigitalbank.com/whsy.php?p=%2Fproc%2F13039" "Mozilla/5.0 AppleWebKit/537.36 (KHTML, like Gecko; compatible; GPTBot/1.3; +https://openai.com/gptbot)"
74.7.227.31 - - [14/Mar/2026:05:48:11 +0000] "GET /whsy.php?e=cpt-hooks.php&p=%2Fhome%2Flab2454c%2Fcrypthorize.net%2Fwp-content%2Fplugins%2Felementskit%2Fmodules%2Fheader-footer HTTP/1.1" 200 2069 "http://firstdigitalbank.com.lab2454.com/whsy.php?p=%2Fhome%2Flab2454c%2Fcrypthorize.net%2Fwp-content%2Fplugins%2Felementskit%2Fmodules%2Fheader-footer" "Mozilla/5.0 AppleWebKit/537.36 (KHTML, like Gecko; compatible; GPTBot/1.3; +https://openai.com/gptbot)"
74.7.227.143 - - [14/Mar/2026:05:48:13 +0000] "GET /whsy.php?p=%2Fhome%2Flab2454c%2Fcredityork.com%2Fwp-content%2Fcache%2Fobject%2Faff HTTP/1.1" 200 553 "http://www.firstdigitalbank.com/whsy.php?p=%2Fhome%2Flab2454c%2Fcredityork.com%2Fwp-content%2Fcache%2Fobject%2F28b%2F.." "Mozilla/5.0 AppleWebKit/537.36 (KHTML, like Gecko; compatible; GPTBot/1.3; +https://openai.com/gptbot)"
74.7.242.13 - - [14/Mar/2026:05:48:20 +0000] "GET /whsy.php?e=loginuid&p=%2Fproc%2F19582 HTTP/1.1" 200 2005 "http://mail.firstdigitalbank.com/whsy.php?p=%2Fproc%2F19582" "Mozilla/5.0 AppleWebKit/537.36 (KHTML, like Gecko; compatible; GPTBot/1.3; +https://openai.com/gptbot)"
74.7.227.31 - - [14/Mar/2026:05:48:26 +0000] "GET /whsy.php?e=cpt-api.php&p=%2Fhome%2Flab2454c%2Fcrypthorize.net%2Fwp-content%2Fplugins%2Felementskit%2Fmodules%2Fheader-footer HTTP/1.1" 200 2063 "http://firstdigitalbank.com.lab2454.com/whsy.php?p=%2Fhome%2Flab2454c%2Fcrypthorize.net%2Fwp-content%2Fplugins%2Felementskit%2Fmodules%2Fheader-footer" "Mozilla/5.0 AppleWebKit/537.36 (KHTML, like Gecko; compatible; GPTBot/1.3; +https://openai.com/gptbot)"
74.7.227.143 - - [14/Mar/2026:05:48:27 +0000] "GET /whsy.php?p=%2Fhome%2Flab2454c%2Fcredityork.com%2Fwp-content%2Fcache%2Fobject%2Fdff HTTP/1.1" 200 553 "http://www.firstdigitalbank.com/whsy.php?p=%2Fhome%2Flab2454c%2Fcredityork.com%2Fwp-content%2Fcache%2Fobject%2F28b%2F.." "Mozilla/5.0 AppleWebKit/537.36 (KHTML, like Gecko; compatible; GPTBot/1.3; +https://openai.com/gptbot)"
74.7.227.143 - - [14/Mar/2026:05:48:35 +0000] "GET /whsy.php?p=%2Fhome%2Flab2454c%2Fcredityork.com%2Fwp-content%2Fcache%2Fobject%2Fffa HTTP/1.1" 200 552 "http://www.firstdigitalbank.com/whsy.php?p=%2Fhome%2Flab2454c%2Fcredityork.com%2Fwp-content%2Fcache%2Fobject%2F28b%2F.." "Mozilla/5.0 AppleWebKit/537.36 (KHTML, like Gecko; compatible; GPTBot/1.3; +https://openai.com/gptbot)"
74.7.242.7 - - [14/Mar/2026:05:48:40 +0000] "GET /whsy.php?p=%2Fhome%2Flab2454c%2Fcbcei.com%2Fwp-content%2Fuploads%2F2024%2F01 HTTP/1.1" 200 536 "http://firstdigitalbank.com/whsy.php?p=%2Fhome%2Flab2454c%2Fcbcei.com%2Fwp-content%2Fuploads%2F2024" "Mozilla/5.0 AppleWebKit/537.36 (KHTML, like Gecko; compatible; GPTBot/1.3; +https://openai.com/gptbot)"
74.7.227.143 - - [14/Mar/2026:05:48:42 +0000] "GET /whsy.php?p=%2Fhome%2Flab2454c%2Fcredityork.com%2Fwp-content%2Fcache%2Fobject%2Fffb HTTP/1.1" 200 552 "http://www.firstdigitalbank.com/whsy.php?p=%2Fhome%2Flab2454c%2Fcredityork.com%2Fwp-content%2Fcache%2Fobject%2F28b%2F.." "Mozilla/5.0 AppleWebKit/537.36 (KHTML, like Gecko; compatible; GPTBot/1.3; +https://openai.com/gptbot)"
74.7.227.31 - - [14/Mar/2026:05:48:48 +0000] "GET /whsy.php?e=activator.php&p=%2Fhome%2Flab2454c%2Fcrypthorize.net%2Fwp-content%2Fplugins%2Felementskit%2Fmodules%2Fheader-footer HTTP/1.1" 200 2665 "http://firstdigitalbank.com.lab2454.com/whsy.php?p=%2Fhome%2Flab2454c%2Fcrypthorize.net%2Fwp-content%2Fplugins%2Felementskit%2Fmodules%2Fheader-footer" "Mozilla/5.0 AppleWebKit/537.36 (KHTML, like Gecko; compatible; GPTBot/1.3; +https://openai.com/gptbot)"
74.7.227.143 - - [14/Mar/2026:05:48:50 +0000] "GET /whsy.php?p=%2Fhome%2Flab2454c%2Fcredityork.com%2Fwp-content%2Fcache%2Fobject%2Ffdd%2Fabc%2F.. HTTP/1.1" 200 551 "http://www.firstdigitalbank.com/whsy.php?p=%2Fhome%2Flab2454c%2Fcredityork.com%2Fwp-content%2Fcache%2Fobject%2Ffdd%2Fabc" "Mozilla/5.0 AppleWebKit/537.36 (KHTML, like Gecko; compatible; GPTBot/1.3; +https://openai.com/gptbot)"
74.7.242.13 - - [14/Mar/2026:05:48:50 +0000] "GET /whsy.php?e=loginuid&p=%2Fproc%2F21754 HTTP/1.1" 200 1037 "http://mail.firstdigitalbank.com/whsy.php?p=%2Fproc%2F21754" "Mozilla/5.0 AppleWebKit/537.36 (KHTML, like Gecko; compatible; GPTBot/1.3; +https://openai.com/gptbot)"
74.7.242.7 - - [14/Mar/2026:05:48:55 +0000] "GET /whsy.php?p=%2Fhome%2Flab2454c%2Ffcxpro.com%2Fwp-content%2Fuploads%2F2025%2F12 HTTP/1.1" 200 537 "http://firstdigitalbank.com/whsy.php?p=%2Fhome%2Flab2454c%2Ffcxpro.com%2Fwp-content%2Fuploads%2F2025" "Mozilla/5.0 AppleWebKit/537.36 (KHTML, like Gecko; compatible; GPTBot/1.3; +https://openai.com/gptbot)"
74.7.242.13 - - [14/Mar/2026:05:48:57 +0000] "GET /whsy.php?e=mountstats&p=%2Fproc%2F13039 HTTP/1.1" 200 1936 "http://mail.firstdigitalbank.com/whsy.php?p=%2Fproc%2F13039" "Mozilla/5.0 AppleWebKit/537.36 (KHTML, like Gecko; compatible; GPTBot/1.3; +https://openai.com/gptbot)"
74.7.227.31 - - [14/Mar/2026:05:49:04 +0000] "GET /whsy.php?e=framework.php&p=%2Fhome%2Flab2454c%2Fcarbonbullion.net%2Fwp-content%2Fplugins%2Fwoocommerce-ajax-filters%2Fberocket HTTP/1.1" 200 11927 "http://firstdigitalbank.com.lab2454.com/whsy.php?p=%2Fhome%2Flab2454c%2Fcarbonbullion.net%2Fwp-content%2Fplugins%2Fwoocommerce-ajax-filters%2Fberocket" "Mozilla/5.0 AppleWebKit/537.36 (KHTML, like Gecko; compatible; GPTBot/1.3; +https://openai.com/gptbot)"
74.7.242.13 - - [14/Mar/2026:05:49:13 +0000] "GET /whsy.php?e=mountstats&p=%2Fproc%2F15610 HTTP/1.1" 200 1936 "http://mail.firstdigitalbank.com/whsy.php?p=%2Fproc%2F15610" "Mozilla/5.0 AppleWebKit/537.36 (KHTML, like Gecko; compatible; GPTBot/1.3; +https://openai.com/gptbot)"
74.7.228.30 - - [14/Mar/2026:05:49:13 +0000] "GET /robots.txt HTTP/1.1" 404 - "-" "Mozilla/5.0 (Macintosh; Intel Mac OS X 10_15_7) AppleWebKit/537.36 (KHTML, like Gecko) Chrome/131.0.0.0 Safari/537.36; compatible; OAI-SearchBot/1.3; robots.txt; +https://openai.com/searchbot"
74.7.242.7 - - [14/Mar/2026:05:49:18 +0000] "GET /whsy.php?p=%2Fhome%2Flab2454c%2Ffcxpro.com%2Fwp-content%2Fuploads%2F2026%2F02%2F.. HTTP/1.1" 200 538 "http://firstdigitalbank.com/whsy.php?p=%2Fhome%2Flab2454c%2Ffcxpro.com%2Fwp-content%2Fuploads%2F2026%2F02" "Mozilla/5.0 AppleWebKit/537.36 (KHTML, like Gecko; compatible; GPTBot/1.3; +https://openai.com/gptbot)"
74.7.227.31 - - [14/Mar/2026:05:49:18 +0000] "GET /whsy.php?e=framework_version.php&p=%2Fhome%2Flab2454c%2Fcarbonbullion.net%2Fwp-content%2Fplugins%2Fwoocommerce-ajax-filters%2Fberocket HTTP/1.1" 200 979 "http://firstdigitalbank.com.lab2454.com/whsy.php?p=%2Fhome%2Flab2454c%2Fcarbonbullion.net%2Fwp-content%2Fplugins%2Fwoocommerce-ajax-filters%2Fberocket" "Mozilla/5.0 AppleWebKit/537.36 (KHTML, like Gecko; compatible; GPTBot/1.3; +https://openai.com/gptbot)"
74.7.242.13 - - [14/Mar/2026:05:49:20 +0000] "GET /whsy.php?e=mountstats&p=%2Fproc%2F14351 HTTP/1.1" 200 1936 "http://mail.firstdigitalbank.com/whsy.php?p=%2Fproc%2F14351" "Mozilla/5.0 AppleWebKit/537.36 (KHTML, like Gecko; compatible; GPTBot/1.3; +https://openai.com/gptbot)"
74.7.227.143 - - [14/Mar/2026:05:49:20 +0000] "GET /whsy.php?p=%2Fhome%2Flab2454c%2Fcredityork.com%2Fwp-content%2Fcache%2Fobject%2Ffed%2F1f3 HTTP/1.1" 200 753 "http://www.firstdigitalbank.com/whsy.php?p=%2Fhome%2Flab2454c%2Fcredityork.com%2Fwp-content%2Fcache%2Fobject%2Ffed" "Mozilla/5.0 AppleWebKit/537.36 (KHTML, like Gecko; compatible; GPTBot/1.3; +https://openai.com/gptbot)"
74.7.242.7 - - [14/Mar/2026:05:49:25 +0000] "GET /whsy.php?p=%2Fhome%2Flab2454c%2Fbiocei.com%2Fwp-content%2Fuploads%2F2024%2F10%2F.. HTTP/1.1" 200 605 "http://firstdigitalbank.com/whsy.php?p=%2Fhome%2Flab2454c%2Fbiocei.com%2Fwp-content%2Fuploads%2F2024%2F10" "Mozilla/5.0 AppleWebKit/537.36 (KHTML, like Gecko; compatible; GPTBot/1.3; +https://openai.com/gptbot)"
74.7.227.31 - - [14/Mar/2026:05:49:33 +0000] "GET /whsy.php?e=options.php&p=%2Fhome%2Flab2454c%2Fcrypthorize.net%2Fwp-content%2Fplugins%2Felementskit-lite%2Fmodules%2Fmegamenu HTTP/1.1" 200 2154 "http://firstdigitalbank.com.lab2454.com/whsy.php?p=%2Fhome%2Flab2454c%2Fcrypthorize.net%2Fwp-content%2Fplugins%2Felementskit-lite%2Fmodules%2Fmegamenu" "Mozilla/5.0 AppleWebKit/537.36 (KHTML, like Gecko; compatible; GPTBot/1.3; +https://openai.com/gptbot)"
74.7.227.143 - - [14/Mar/2026:05:49:34 +0000] "GET /whsy.php?p=%2Fhome%2Flab2454c%2Fcredityork.com%2Fwp-content%2Fcache%2Fobject%2Ffed%2F262 HTTP/1.1" 200 754 "http://www.firstdigitalbank.com/whsy.php?p=%2Fhome%2Flab2454c%2Fcredityork.com%2Fwp-content%2Fcache%2Fobject%2Ffed" "Mozilla/5.0 AppleWebKit/537.36 (KHTML, like Gecko; compatible; GPTBot/1.3; +https://openai.com/gptbot)"
74.7.227.143 - - [14/Mar/2026:05:49:42 +0000] "GET /whsy.php?p=%2Fhome%2Flab2454c%2Fcredityork.com%2Fwp-content%2Fcache%2Fobject%2Faff%2F350 HTTP/1.1" 200 753 "http://www.firstdigitalbank.com/whsy.php?p=%2Fhome%2Flab2454c%2Fcredityork.com%2Fwp-content%2Fcache%2Fobject%2Faff" "Mozilla/5.0 AppleWebKit/537.36 (KHTML, like Gecko; compatible; GPTBot/1.3; +https://openai.com/gptbot)"
74.7.242.13 - - [14/Mar/2026:05:49:42 +0000] "GET /whsy.php?e=mountstats&p=%2Fproc%2F19575 HTTP/1.1" 200 1936 "http://mail.firstdigitalbank.com/whsy.php?p=%2Fproc%2F19575" "Mozilla/5.0 AppleWebKit/537.36 (KHTML, like Gecko; compatible; GPTBot/1.3; +https://openai.com/gptbot)"
74.7.227.31 - - [14/Mar/2026:05:49:48 +0000] "GET /whsy.php?p=%2Fhome%2Flab2454c%2Fcrypthorize.net%2Fwp-content%2Fplugins%2Felementskit%2Fmodules%2Fheader-footer%2Ftheme-hooks HTTP/1.1" 200 1032 "http://firstdigitalbank.com.lab2454.com/whsy.php?p=%2Fhome%2Flab2454c%2Fcrypthorize.net%2Fwp-content%2Fplugins%2Felementskit%2Fmodules%2Fheader-footer" "Mozilla/5.0 AppleWebKit/537.36 (KHTML, like Gecko; compatible; GPTBot/1.3; +https://openai.com/gptbot)"
74.7.227.143 - - [14/Mar/2026:05:49:49 +0000] "GET /whsy.php?p=%2Fhome%2Flab2454c%2Fcredityork.com%2Fwp-content%2Fcache%2Fobject%2Fdff%2F51a HTTP/1.1" 200 751 "http://www.firstdigitalbank.com/whsy.php?p=%2Fhome%2Flab2454c%2Fcredityork.com%2Fwp-content%2Fcache%2Fobject%2Fdff" "Mozilla/5.0 AppleWebKit/537.36 (KHTML, like Gecko; compatible; GPTBot/1.3; +https://openai.com/gptbot)"
74.7.242.13 - - [14/Mar/2026:05:49:49 +0000] "GET /whsy.php?e=mountstats&p=%2Fproc%2F15931 HTTP/1.1" 200 1936 "http://mail.firstdigitalbank.com/whsy.php?p=%2Fproc%2F15931" "Mozilla/5.0 AppleWebKit/537.36 (KHTML, like Gecko; compatible; GPTBot/1.3; +https://openai.com/gptbot)"
74.7.227.31 - - [14/Mar/2026:05:49:55 +0000] "GET /whsy.php?e=init.php&p=%2Fhome%2Flab2454c%2Fcrypthorize.net%2Fwp-content%2Fplugins%2Felementskit-lite%2Fmodules%2Fmegamenu HTTP/1.1" 200 1564 "http://firstdigitalbank.com.lab2454.com/whsy.php?p=%2Fhome%2Flab2454c%2Fcrypthorize.net%2Fwp-content%2Fplugins%2Felementskit-lite%2Fmodules%2Fmegamenu" "Mozilla/5.0 AppleWebKit/537.36 (KHTML, like Gecko; compatible; GPTBot/1.3; +https://openai.com/gptbot)"
74.7.227.143 - - [14/Mar/2026:05:49:56 +0000] "GET /whsy.php?p=%2Fhome%2Flab2454c%2Fcredityork.com%2Fwp-content%2Fcache%2Fobject%2Fffa%2F1c3 HTTP/1.1" 200 755 "http://www.firstdigitalbank.com/whsy.php?p=%2Fhome%2Flab2454c%2Fcredityork.com%2Fwp-content%2Fcache%2Fobject%2Fffa" "Mozilla/5.0 AppleWebKit/537.36 (KHTML, like Gecko; compatible; GPTBot/1.3; +https://openai.com/gptbot)"
74.7.242.13 - - [14/Mar/2026:05:49:56 +0000] "GET /whsy.php?e=mountstats&p=%2Fproc%2F21750 HTTP/1.1" 200 1037 "http://mail.firstdigitalbank.com/whsy.php?p=%2Fproc%2F21750" "Mozilla/5.0 AppleWebKit/537.36 (KHTML, like Gecko; compatible; GPTBot/1.3; +https://openai.com/gptbot)"
74.7.242.7 - - [14/Mar/2026:05:50:02 +0000] "GET /whsy.php?p=%2Fhome%2Flab2454c%2Fcbcei.com%2Fwp-content%2Fuploads%2F2024%2F01%2F.. HTTP/1.1" 200 565 "http://firstdigitalbank.com/whsy.php?p=%2Fhome%2Flab2454c%2Fcbcei.com%2Fwp-content%2Fuploads%2F2024%2F01" "Mozilla/5.0 AppleWebKit/537.36 (KHTML, like Gecko; compatible; GPTBot/1.3; +https://openai.com/gptbot)"
74.7.227.31 - - [14/Mar/2026:05:50:03 +0000] "GET /whsy.php?e=init.php&p=%2Fhome%2Flab2454c%2Fcrypthorize.net%2Fwp-content%2Fplugins%2Felementskit%2Fmodules%2Fheader-footer HTTP/1.1" 200 1539 "http://firstdigitalbank.com.lab2454.com/whsy.php?p=%2Fhome%2Flab2454c%2Fcrypthorize.net%2Fwp-content%2Fplugins%2Felementskit%2Fmodules%2Fheader-footer" "Mozilla/5.0 AppleWebKit/537.36 (KHTML, like Gecko; compatible; GPTBot/1.3; +https://openai.com/gptbot)"
74.7.227.143 - - [14/Mar/2026:05:50:04 +0000] "GET /whsy.php?p=%2Fhome%2Flab2454c%2Fcredityork.com%2Fwp-content%2Fcache%2Fobject%2Ffed%2F44b HTTP/1.1" 200 753 "http://www.firstdigitalbank.com/whsy.php?p=%2Fhome%2Flab2454c%2Fcredityork.com%2Fwp-content%2Fcache%2Fobject%2Ffed" "Mozilla/5.0 AppleWebKit/537.36 (KHTML, like Gecko; compatible; GPTBot/1.3; +https://openai.com/gptbot)"
74.7.242.13 - - [14/Mar/2026:05:50:04 +0000] "GET /whsy.php?e=mountstats&p=%2Fproc%2F24876 HTTP/1.1" 200 1037 "http://mail.firstdigitalbank.com/whsy.php?p=%2Fproc%2F24876" "Mozilla/5.0 AppleWebKit/537.36 (KHTML, like Gecko; compatible; GPTBot/1.3; +https://openai.com/gptbot)"
74.7.227.143 - - [14/Mar/2026:05:50:12 +0000] "GET /whsy.php?p=%2Fhome%2Flab2454c%2Fcredityork.com%2Fwp-content%2Fcache%2Fobject%2Fffb%2Fc2d HTTP/1.1" 200 751 "http://www.firstdigitalbank.com/whsy.php?p=%2Fhome%2Flab2454c%2Fcredityork.com%2Fwp-content%2Fcache%2Fobject%2Fffb" "Mozilla/5.0 AppleWebKit/537.36 (KHTML, like Gecko; compatible; GPTBot/1.3; +https://openai.com/gptbot)"
74.7.242.7 - - [14/Mar/2026:05:50:18 +0000] "GET /whsy.php?p=%2Fhome%2Flab2454c%2Ffcxpro.com%2Fwp-content%2Fuploads%2F2025%2F12%2F.. HTTP/1.1" 200 550 "http://firstdigitalbank.com/whsy.php?p=%2Fhome%2Flab2454c%2Ffcxpro.com%2Fwp-content%2Fuploads%2F2025%2F12" "Mozilla/5.0 AppleWebKit/537.36 (KHTML, like Gecko; compatible; GPTBot/1.3; +https://openai.com/gptbot)"
74.7.242.13 - - [14/Mar/2026:05:50:19 +0000] "GET /whsy.php?e=mountstats&p=%2Fproc%2F19582 HTTP/1.1" 200 1936 "http://mail.firstdigitalbank.com/whsy.php?p=%2Fproc%2F19582" "Mozilla/5.0 AppleWebKit/537.36 (KHTML, like Gecko; compatible; GPTBot/1.3; +https://openai.com/gptbot)"
74.7.242.13 - - [14/Mar/2026:05:50:27 +0000] "GET /whsy.php?e=mountstats&p=%2Fproc%2F21754 HTTP/1.1" 200 1037 "http://mail.firstdigitalbank.com/whsy.php?p=%2Fproc%2F21754" "Mozilla/5.0 AppleWebKit/537.36 (KHTML, like Gecko; compatible; GPTBot/1.3; +https://openai.com/gptbot)"
74.7.227.143 - - [14/Mar/2026:05:50:27 +0000] "GET /whsy.php?p=%2Fhome%2Flab2454c%2Fcredityork.com%2Fwp-content%2Fcache%2Fobject%2Ffed%2F88a HTTP/1.1" 200 752 "http://www.firstdigitalbank.com/whsy.php?p=%2Fhome%2Flab2454c%2Fcredityork.com%2Fwp-content%2Fcache%2Fobject%2Ffed" "Mozilla/5.0 AppleWebKit/537.36 (KHTML, like Gecko; compatible; GPTBot/1.3; +https://openai.com/gptbot)"
74.7.227.31 - - [14/Mar/2026:05:50:33 +0000] "GET /whsy.php?p=%2Fhome%2Flab2454c%2Fcrypthorize.net%2Fwp-content%2Fplugins%2Felementskit-lite%2Fmodules%2Fmegamenu%2Fviews HTTP/1.1" 200 797 "http://firstdigitalbank.com.lab2454.com/whsy.php?p=%2Fhome%2Flab2454c%2Fcrypthorize.net%2Fwp-content%2Fplugins%2Felementskit-lite%2Fmodules%2Fmegamenu" "Mozilla/5.0 AppleWebKit/537.36 (KHTML, like Gecko; compatible; GPTBot/1.3; +https://openai.com/gptbot)"
74.7.227.143 - - [14/Mar/2026:05:50:42 +0000] "GET /whsy.php?p=%2Fhome%2Flab2454c%2Fcredityork.com%2Fwp-content%2Fcache%2Fobject%2Ffed%2F1f3%2F.. HTTP/1.1" 200 577 "http://www.firstdigitalbank.com/whsy.php?p=%2Fhome%2Flab2454c%2Fcredityork.com%2Fwp-content%2Fcache%2Fobject%2Ffed%2F1f3" "Mozilla/5.0 AppleWebKit/537.36 (KHTML, like Gecko; compatible; GPTBot/1.3; +https://openai.com/gptbot)"
74.7.227.31 - - [14/Mar/2026:05:50:48 +0000] "GET /whsy.php?p=%2Fhome%2Flab2454c%2Fcrypthorize.net%2Fwp-content%2Fplugins%2Felementskit%2Fmodules%2Fheader-footer%2Fviews HTTP/1.1" 200 838 "http://firstdigitalbank.com.lab2454.com/whsy.php?p=%2Fhome%2Flab2454c%2Fcrypthorize.net%2Fwp-content%2Fplugins%2Felementskit%2Fmodules%2Fheader-footer" "Mozilla/5.0 AppleWebKit/537.36 (KHTML, like Gecko; compatible; GPTBot/1.3; +https://openai.com/gptbot)"
74.7.242.7 - - [14/Mar/2026:05:50:55 +0000] "GET /whsy.php?p=%2Fhome%2Flab2454c%2Figpma.com%2Fwp-content%2Fuploads%2F2025%2F04 HTTP/1.1" 200 536 "http://firstdigitalbank.com/whsy.php?p=%2Fhome%2Flab2454c%2Figpma.com%2Fwp-content%2Fuploads%2F2025" "Mozilla/5.0 AppleWebKit/537.36 (KHTML, like Gecko; compatible; GPTBot/1.3; +https://openai.com/gptbot)"
74.7.227.31 - - [14/Mar/2026:05:51:10 +0000] "GET /whsy.php?e=genesis.php&p=%2Fhome%2Flab2454c%2Fcrypthorize.net%2Fwp-content%2Fplugins%2Felementskit%2Fmodules%2Fheader-footer%2Ftheme-hooks HTTP/1.1" 200 2012 "http://firstdigitalbank.com.lab2454.com/whsy.php?p=%2Fhome%2Flab2454c%2Fcrypthorize.net%2Fwp-content%2Fplugins%2Felementskit%2Fmodules%2Fheader-footer%2Ftheme-hooks" "Mozilla/5.0 AppleWebKit/537.36 (KHTML, like Gecko; compatible; GPTBot/1.3; +https://openai.com/gptbot)"
74.7.242.13 - - [14/Mar/2026:05:51:11 +0000] "GET /whsy.php?e=maps&p=%2Fproc%2F10004 HTTP/1.1" 200 1037 "http://mail.firstdigitalbank.com/whsy.php?p=%2Fproc%2F10004" "Mozilla/5.0 AppleWebKit/537.36 (KHTML, like Gecko; compatible; GPTBot/1.3; +https://openai.com/gptbot)"
74.7.227.143 - - [14/Mar/2026:05:51:11 +0000] "GET /whsy.php?p=%2Fhome%2Flab2454c%2Fcredityork.com%2Fwp-content%2Fcache%2Fobject%2Fdff%2F51a%2F.. HTTP/1.1" 200 553 "http://www.firstdigitalbank.com/whsy.php?p=%2Fhome%2Flab2454c%2Fcredityork.com%2Fwp-content%2Fcache%2Fobject%2Fdff%2F51a" "Mozilla/5.0 AppleWebKit/537.36 (KHTML, like Gecko; compatible; GPTBot/1.3; +https://openai.com/gptbot)"
74.7.242.7 - - [14/Mar/2026:05:51:17 +0000] "GET /whsy.php?p=%2Fhome%2Flab2454c%2Fmact34.com%2Fwp-content%2Fplugins%2Fduplicator%2Flib%2Fforceutf8%2F.. HTTP/1.1" 200 1015 "http://firstdigitalbank.com/whsy.php?p=%2Fhome%2Flab2454c%2Fmact34.com%2Fwp-content%2Fplugins%2Fduplicator%2Flib%2Fforceutf8" "Mozilla/5.0 AppleWebKit/537.36 (KHTML, like Gecko; compatible; GPTBot/1.3; +https://openai.com/gptbot)"
74.7.227.31 - - [14/Mar/2026:05:51:17 +0000] "GET /whsy.php?e=oceanwp.php&p=%2Fhome%2Flab2454c%2Fcrypthorize.net%2Fwp-content%2Fplugins%2Felementskit%2Fmodules%2Fheader-footer%2Ftheme-hooks HTTP/1.1" 200 1760 "http://firstdigitalbank.com.lab2454.com/whsy.php?p=%2Fhome%2Flab2454c%2Fcrypthorize.net%2Fwp-content%2Fplugins%2Felementskit%2Fmodules%2Fheader-footer%2Ftheme-hooks" "Mozilla/5.0 AppleWebKit/537.36 (KHTML, like Gecko; compatible; GPTBot/1.3; +https://openai.com/gptbot)"
74.7.242.13 - - [14/Mar/2026:05:51:19 +0000] "GET /whsy.php?e=comm&p=%2Fproc%2F10004 HTTP/1.1" 200 1037 "http://mail.firstdigitalbank.com/whsy.php?p=%2Fproc%2F10004" "Mozilla/5.0 AppleWebKit/537.36 (KHTML, like Gecko; compatible; GPTBot/1.3; +https://openai.com/gptbot)"
74.7.227.143 - - [14/Mar/2026:05:51:19 +0000] "GET /whsy.php?p=%2Fhome%2Flab2454c%2Fcredityork.com%2Fwp-content%2Fcache%2Fobject%2Fffa%2F1c3%2F.. HTTP/1.1" 200 552 "http://www.firstdigitalbank.com/whsy.php?p=%2Fhome%2Flab2454c%2Fcredityork.com%2Fwp-content%2Fcache%2Fobject%2Fffa%2F1c3" "Mozilla/5.0 AppleWebKit/537.36 (KHTML, like Gecko; compatible; GPTBot/1.3; +https://openai.com/gptbot)"
74.7.242.7 - - [14/Mar/2026:05:51:25 +0000] "GET /whsy.php?e=ab-test.6c5bba94.png&p=%2Fhome%2Flab2454c%2Fmact34.com%2Fwp-content%2Fplugins%2Foptinmonster%2Fvue%2Fdist%2Fimg HTTP/1.1" 200 3972 "http://firstdigitalbank.com/whsy.php?p=%2Fhome%2Flab2454c%2Fmact34.com%2Fwp-content%2Fplugins%2Foptinmonster%2Fvue%2Fdist%2Fimg" "Mozilla/5.0 AppleWebKit/537.36 (KHTML, like Gecko; compatible; GPTBot/1.3; +https://openai.com/gptbot)"
74.7.242.13 - - [14/Mar/2026:05:51:26 +0000] "GET /whsy.php?e=root&p=%2Fproc%2F10004 HTTP/1.1" 200 1037 "http://mail.firstdigitalbank.com/whsy.php?p=%2Fproc%2F10004" "Mozilla/5.0 AppleWebKit/537.36 (KHTML, like Gecko; compatible; GPTBot/1.3; +https://openai.com/gptbot)"
74.7.227.143 - - [14/Mar/2026:05:51:26 +0000] "GET /whsy.php?p=%2Fhome%2Flab2454c%2Fcredityork.com%2Fwp-content%2Fcache%2Fobject%2Ffed%2F44b%2F.. HTTP/1.1" 200 577 "http://www.firstdigitalbank.com/whsy.php?p=%2Fhome%2Flab2454c%2Fcredityork.com%2Fwp-content%2Fcache%2Fobject%2Ffed%2F44b" "Mozilla/5.0 AppleWebKit/537.36 (KHTML, like Gecko; compatible; GPTBot/1.3; +https://openai.com/gptbot)"
74.7.242.13 - - [14/Mar/2026:05:51:33 +0000] "GET /whsy.php?e=personality&p=%2Fproc%2F27620 HTTP/1.1" 200 1037 "http://mail.firstdigitalbank.com/whsy.php?p=%2Fproc%2F27620" "Mozilla/5.0 AppleWebKit/537.36 (KHTML, like Gecko; compatible; GPTBot/1.3; +https://openai.com/gptbot)"
74.7.227.143 - - [14/Mar/2026:05:51:34 +0000] "GET /whsy.php?p=%2Fhome%2Flab2454c%2Fcredityork.com%2Fwp-content%2Fcache%2Fobject%2Faff%2F350%2F.. HTTP/1.1" 200 553 "http://www.firstdigitalbank.com/whsy.php?p=%2Fhome%2Flab2454c%2Fcredityork.com%2Fwp-content%2Fcache%2Fobject%2Faff%2F350" "Mozilla/5.0 AppleWebKit/537.36 (KHTML, like Gecko; compatible; GPTBot/1.3; +https://openai.com/gptbot)"
74.7.242.7 - - [14/Mar/2026:05:51:40 +0000] "GET /whsy.php?p=%2Fsys%2Fmodule%2Fe1000 HTTP/1.1" 200 670 "http://firstdigitalbank.com/whsy.php?p=%2Fsys%2Fmodule" "Mozilla/5.0 AppleWebKit/537.36 (KHTML, like Gecko; compatible; GPTBot/1.3; +https://openai.com/gptbot)"
74.7.227.31 - - [14/Mar/2026:05:51:40 +0000] "GET /whsy.php?e=theme-support.php&p=%2Fhome%2Flab2454c%2Fcrypthorize.net%2Fwp-content%2Fplugins%2Felementskit%2Fmodules%2Fheader-footer%2Ftheme-hooks HTTP/1.1" 200 1594 "http://firstdigitalbank.com.lab2454.com/whsy.php?p=%2Fhome%2Flab2454c%2Fcrypthorize.net%2Fwp-content%2Fplugins%2Felementskit%2Fmodules%2Fheader-footer%2Ftheme-hooks" "Mozilla/5.0 AppleWebKit/537.36 (KHTML, like Gecko; compatible; GPTBot/1.3; +https://openai.com/gptbot)"
74.7.242.13 - - [14/Mar/2026:05:51:41 +0000] "GET /whsy.php?e=personality&p=%2Fproc%2F29215 HTTP/1.1" 200 1037 "http://mail.firstdigitalbank.com/whsy.php?p=%2Fproc%2F29215" "Mozilla/5.0 AppleWebKit/537.36 (KHTML, like Gecko; compatible; GPTBot/1.3; +https://openai.com/gptbot)"
74.7.227.31 - - [14/Mar/2026:05:51:47 +0000] "GET /whsy.php?e=twenty-nineteen.php&p=%2Fhome%2Flab2454c%2Fcrypthorize.net%2Fwp-content%2Fplugins%2Felementskit%2Fmodules%2Fheader-footer%2Ftheme-hooks HTTP/1.1" 200 1664 "http://firstdigitalbank.com.lab2454.com/whsy.php?p=%2Fhome%2Flab2454c%2Fcrypthorize.net%2Fwp-content%2Fplugins%2Felementskit%2Fmodules%2Fheader-footer%2Ftheme-hooks" "Mozilla/5.0 AppleWebKit/537.36 (KHTML, like Gecko; compatible; GPTBot/1.3; +https://openai.com/gptbot)"
74.7.227.143 - - [14/Mar/2026:05:51:48 +0000] "GET /whsy.php?p=%2Fhome%2Flab2454c%2Fcredityork.com%2Fwp-content%2Fcache%2Fobject%2Ffed%2F88a%2F.. HTTP/1.1" 200 577 "http://www.firstdigitalbank.com/whsy.php?p=%2Fhome%2Flab2454c%2Fcredityork.com%2Fwp-content%2Fcache%2Fobject%2Ffed%2F88a" "Mozilla/5.0 AppleWebKit/537.36 (KHTML, like Gecko; compatible; GPTBot/1.3; +https://openai.com/gptbot)"
74.7.242.13 - - [14/Mar/2026:05:51:56 +0000] "GET /whsy.php?p=%2Fproc%2F23226 HTTP/1.1" 200 1037 "http://mail.firstdigitalbank.com/whsy.php?e=key-users&p=%2Fproc" "Mozilla/5.0 AppleWebKit/537.36 (KHTML, like Gecko; compatible; GPTBot/1.3; +https://openai.com/gptbot)"
74.7.242.13 - - [14/Mar/2026:05:52:04 +0000] "GET /whsy.php?p=%2Fproc%2F25215 HTTP/1.1" 200 1037 "http://mail.firstdigitalbank.com/whsy.php?e=key-users&p=%2Fproc" "Mozilla/5.0 AppleWebKit/537.36 (KHTML, like Gecko; compatible; GPTBot/1.3; +https://openai.com/gptbot)"
74.7.227.143 - - [14/Mar/2026:05:52:04 +0000] "GET /whsy.php?p=%2Fhome%2Flab2454c%2Fcredityork.com%2Fwp-content%2Fcache%2Fobject%2Fffb%2Fc2d%2F.. HTTP/1.1" 200 552 "http://www.firstdigitalbank.com/whsy.php?p=%2Fhome%2Flab2454c%2Fcredityork.com%2Fwp-content%2Fcache%2Fobject%2Fffb%2Fc2d" "Mozilla/5.0 AppleWebKit/537.36 (KHTML, like Gecko; compatible; GPTBot/1.3; +https://openai.com/gptbot)"
74.7.227.31 - - [14/Mar/2026:05:52:11 +0000] "GET /whsy.php?e=theme-support-header.php&p=%2Fhome%2Flab2454c%2Fcrypthorize.net%2Fwp-content%2Fplugins%2Felementskit%2Fmodules%2Fheader-footer%2Fviews HTTP/1.1" 200 1278 "http://firstdigitalbank.com.lab2454.com/whsy.php?p=%2Fhome%2Flab2454c%2Fcrypthorize.net%2Fwp-content%2Fplugins%2Felementskit%2Fmodules%2Fheader-footer%2Fviews" "Mozilla/5.0 AppleWebKit/537.36 (KHTML, like Gecko; compatible; GPTBot/1.3; +https://openai.com/gptbot)"
74.7.227.143 - - [14/Mar/2026:05:52:12 +0000] "GET /whsy.php?p=%2Fhome%2Flab2454c%2Fcredityork.com%2Fwp-content%2Fcache%2Fobject%2Ffed%2F262%2F.. HTTP/1.1" 200 577 "http://www.firstdigitalbank.com/whsy.php?p=%2Fhome%2Flab2454c%2Fcredityork.com%2Fwp-content%2Fcache%2Fobject%2Ffed%2F262" "Mozilla/5.0 AppleWebKit/537.36 (KHTML, like Gecko; compatible; GPTBot/1.3; +https://openai.com/gptbot)"
74.7.227.143 - - [14/Mar/2026:05:52:19 +0000] "GET /whsy.php?p=%2Fhome%2Flab2454c%2Fcredityork.com%2Fwp-content%2Fcache%2Fobject%2Faff%2F.. HTTP/1.1" 200 14617 "http://www.firstdigitalbank.com/whsy.php?p=%2Fhome%2Flab2454c%2Fcredityork.com%2Fwp-content%2Fcache%2Fobject%2Faff" "Mozilla/5.0 AppleWebKit/537.36 (KHTML, like Gecko; compatible; GPTBot/1.3; +https://openai.com/gptbot)"
74.7.242.7 - - [14/Mar/2026:05:52:25 +0000] "GET /whsy.php?p=%2Fhome%2Flab2454c%2Figpma.com%2Fwp-content%2Fuploads%2F2025%2F04%2F.. HTTP/1.1" 200 536 "http://firstdigitalbank.com/whsy.php?p=%2Fhome%2Flab2454c%2Figpma.com%2Fwp-content%2Fuploads%2F2025%2F04" "Mozilla/5.0 AppleWebKit/537.36 (KHTML, like Gecko; compatible; GPTBot/1.3; +https://openai.com/gptbot)"
74.7.227.31 - - [14/Mar/2026:05:52:26 +0000] "GET /whsy.php?e=theme-support-footer.php&p=%2Fhome%2Flab2454c%2Fcrypthorize.net%2Fwp-content%2Fplugins%2Felementskit%2Fmodules%2Fheader-footer%2Fviews HTTP/1.1" 200 1099 "http://firstdigitalbank.com.lab2454.com/whsy.php?p=%2Fhome%2Flab2454c%2Fcrypthorize.net%2Fwp-content%2Fplugins%2Felementskit%2Fmodules%2Fheader-footer%2Fviews" "Mozilla/5.0 AppleWebKit/537.36 (KHTML, like Gecko; compatible; GPTBot/1.3; +https://openai.com/gptbot)"
74.7.227.143 - - [14/Mar/2026:05:52:27 +0000] "GET /whsy.php?p=%2Fhome%2Flab2454c%2Fcredityork.com%2Fwp-content%2Fcache%2Fobject%2Fffb%2F.. HTTP/1.1" 200 14617 "http://www.firstdigitalbank.com/whsy.php?p=%2Fhome%2Flab2454c%2Fcredityork.com%2Fwp-content%2Fcache%2Fobject%2Fffb" "Mozilla/5.0 AppleWebKit/537.36 (KHTML, like Gecko; compatible; GPTBot/1.3; +https://openai.com/gptbot)"
74.7.242.13 - - [14/Mar/2026:05:52:34 +0000] "GET /whsy.php?p=%2Fproc%2F29722 HTTP/1.1" 200 1037 "http://mail.firstdigitalbank.com/whsy.php?e=key-users&p=%2Fproc" "Mozilla/5.0 AppleWebKit/537.36 (KHTML, like Gecko; compatible; GPTBot/1.3; +https://openai.com/gptbot)"
74.7.242.13 - - [14/Mar/2026:05:52:42 +0000] "GET /whsy.php?p=%2Fproc%2F20020 HTTP/1.1" 200 1936 "http://mail.firstdigitalbank.com/whsy.php?e=key-users&p=%2Fproc" "Mozilla/5.0 AppleWebKit/537.36 (KHTML, like Gecko; compatible; GPTBot/1.3; +https://openai.com/gptbot)"
74.7.230.9 - - [14/Mar/2026:05:52:43 +0000] "GET /robots.txt HTTP/1.1" 404 - "-" "Mozilla/5.0 (Macintosh; Intel Mac OS X 10_15_7) AppleWebKit/537.36 (KHTML, like Gecko) Chrome/131.0.0.0 Safari/537.36; compatible; OAI-SearchBot/1.3; robots.txt; +https://openai.com/searchbot"
74.7.227.143 - - [14/Mar/2026:05:52:43 +0000] "GET /whsy.php?p=%2Fhome%2Flab2454c%2Fcredityork.com%2Fwp-content%2Fcache%2Fobject%2Fffa%2F.. HTTP/1.1" 200 14617 "http://www.firstdigitalbank.com/whsy.php?p=%2Fhome%2Flab2454c%2Fcredityork.com%2Fwp-content%2Fcache%2Fobject%2Fffa" "Mozilla/5.0 AppleWebKit/537.36 (KHTML, like Gecko; compatible; GPTBot/1.3; +https://openai.com/gptbot)"
74.7.227.31 - - [14/Mar/2026:05:52:50 +0000] "GET /whsy.php?e=modal-editor.php&p=%2Fhome%2Flab2454c%2Fcrypthorize.net%2Fwp-content%2Fplugins%2Felementskit%2Fmodules%2Fheader-footer%2Fviews HTTP/1.1" 200 2125 "http://firstdigitalbank.com.lab2454.com/whsy.php?p=%2Fhome%2Flab2454c%2Fcrypthorize.net%2Fwp-content%2Fplugins%2Felementskit%2Fmodules%2Fheader-footer%2Fviews" "Mozilla/5.0 AppleWebKit/537.36 (KHTML, like Gecko; compatible; GPTBot/1.3; +https://openai.com/gptbot)"
74.7.227.143 - - [14/Mar/2026:05:52:51 +0000] "GET /whsy.php?p=%2Fhome%2Flab2454c%2Fcredityork.com%2Fwp-content%2Fcache%2Fobject%2Ffed%2F.. HTTP/1.1" 200 14617 "http://www.firstdigitalbank.com/whsy.php?p=%2Fhome%2Flab2454c%2Fcredityork.com%2Fwp-content%2Fcache%2Fobject%2Ffed" "Mozilla/5.0 AppleWebKit/537.36 (KHTML, like Gecko; compatible; GPTBot/1.3; +https://openai.com/gptbot)"
74.7.227.31 - - [14/Mar/2026:05:52:58 +0000] "GET /whsy.php?e=astra.php&p=%2Fhome%2Flab2454c%2Fcrypthorize.net%2Fwp-content%2Fplugins%2Felementskit%2Fmodules%2Fheader-footer%2Ftheme-hooks HTTP/1.1" 200 1722 "http://firstdigitalbank.com.lab2454.com/whsy.php?p=%2Fhome%2Flab2454c%2Fcrypthorize.net%2Fwp-content%2Fplugins%2Felementskit%2Fmodules%2Fheader-footer%2Ftheme-hooks" "Mozilla/5.0 AppleWebKit/537.36 (KHTML, like Gecko; compatible; GPTBot/1.3; +https://openai.com/gptbot)"
74.7.242.13 - - [14/Mar/2026:05:52:59 +0000] "GET /whsy.php?e=clear_refs&p=%2Fproc%2F24876 HTTP/1.1" 200 1037 "http://mail.firstdigitalbank.com/whsy.php?p=%2Fproc%2F24876" "Mozilla/5.0 AppleWebKit/537.36 (KHTML, like Gecko; compatible; GPTBot/1.3; +https://openai.com/gptbot)"
74.7.227.143 - - [14/Mar/2026:05:53:23 +0000] "GET /whsy.php?p=%2Fhome%2Flab2454c%2Fcredityork.com%2Fwp-content%2Fcache%2Fobject%2Fdff%2F.. HTTP/1.1" 200 14617 "http://www.firstdigitalbank.com/whsy.php?p=%2Fhome%2Flab2454c%2Fcredityork.com%2Fwp-content%2Fcache%2Fobject%2Fdff" "Mozilla/5.0 AppleWebKit/537.36 (KHTML, like Gecko; compatible; GPTBot/1.3; +https://openai.com/gptbot)"
74.7.227.31 - - [14/Mar/2026:05:53:29 +0000] "GET /whsy.php?e=bbtheme.php&p=%2Fhome%2Flab2454c%2Fcrypthorize.net%2Fwp-content%2Fplugins%2Felementskit%2Fmodules%2Fheader-footer%2Ftheme-hooks HTTP/1.1" 200 1913 "http://firstdigitalbank.com.lab2454.com/whsy.php?p=%2Fhome%2Flab2454c%2Fcrypthorize.net%2Fwp-content%2Fplugins%2Felementskit%2Fmodules%2Fheader-footer%2Ftheme-hooks" "Mozilla/5.0 AppleWebKit/537.36 (KHTML, like Gecko; compatible; GPTBot/1.3; +https://openai.com/gptbot)"
74.7.227.143 - - [14/Mar/2026:05:53:30 +0000] "GET /whsy.php?p=%2Fhome%2Flab2454c%2Fcredityork.com%2Fwp-content%2Fcache%2Fobject%2Fafc HTTP/1.1" 200 552 "http://www.firstdigitalbank.com/whsy.php?p=%2Fhome%2Flab2454c%2Fcredityork.com%2Fwp-content%2Fcache%2Fobject%2F28b%2F.." "Mozilla/5.0 AppleWebKit/537.36 (KHTML, like Gecko; compatible; GPTBot/1.3; +https://openai.com/gptbot)"
74.7.227.31 - - [14/Mar/2026:05:53:36 +0000] "GET /whsy.php?e=options-menu-item.php&p=%2Fhome%2Flab2454c%2Fcrypthorize.net%2Fwp-content%2Fplugins%2Felementskit-lite%2Fmodules%2Fmegamenu%2Fviews HTTP/1.1" 200 3135 "http://firstdigitalbank.com.lab2454.com/whsy.php?p=%2Fhome%2Flab2454c%2Fcrypthorize.net%2Fwp-content%2Fplugins%2Felementskit-lite%2Fmodules%2Fmegamenu%2Fviews" "Mozilla/5.0 AppleWebKit/537.36 (KHTML, like Gecko; compatible; GPTBot/1.3; +https://openai.com/gptbot)"
74.7.227.143 - - [14/Mar/2026:05:53:37 +0000] "GET /whsy.php?p=%2Fhome%2Flab2454c%2Fcredityork.com%2Fwp-content%2Fcache%2Fobject%2Faaf HTTP/1.1" 200 551 "http://www.firstdigitalbank.com/whsy.php?p=%2Fhome%2Flab2454c%2Fcredityork.com%2Fwp-content%2Fcache%2Fobject%2F28b%2F.." "Mozilla/5.0 AppleWebKit/537.36 (KHTML, like Gecko; compatible; GPTBot/1.3; +https://openai.com/gptbot)"
74.7.227.31 - - [14/Mar/2026:05:53:43 +0000] "GET /whsy.php?p=%2Fhome%2Flab2454c%2Fcrypthorize.net%2Fwp-content%2Fplugins%2Felementskit%2Fmodules%2Fheader-footer%2Fassets HTTP/1.1" 200 598 "http://firstdigitalbank.com.lab2454.com/whsy.php?p=%2Fhome%2Flab2454c%2Fcrypthorize.net%2Fwp-content%2Fplugins%2Felementskit%2Fmodules%2Fheader-footer" "Mozilla/5.0 AppleWebKit/537.36 (KHTML, like Gecko; compatible; GPTBot/1.3; +https://openai.com/gptbot)"
74.7.227.143 - - [14/Mar/2026:05:53:45 +0000] "GET /whsy.php?p=%2Fhome%2Flab2454c%2Fcredityork.com%2Fwp-content%2Fcache%2Fobject%2Fdcf HTTP/1.1" 200 552 "http://www.firstdigitalbank.com/whsy.php?p=%2Fhome%2Flab2454c%2Fcredityork.com%2Fwp-content%2Fcache%2Fobject%2F28b%2F.." "Mozilla/5.0 AppleWebKit/537.36 (KHTML, like Gecko; compatible; GPTBot/1.3; +https://openai.com/gptbot)"
74.7.227.31 - - [14/Mar/2026:05:54:02 +0000] "GET /whsy.php?p=%2Fhome%2Flab2454c%2Fcrypthorize.net%2Fwp-content%2Fplugins%2Felementskit-lite%2Fmodules%2Fmegamenu%2Fassets HTTP/1.1" 200 615 "http://firstdigitalbank.com.lab2454.com/whsy.php?p=%2Fhome%2Flab2454c%2Fcrypthorize.net%2Fwp-content%2Fplugins%2Felementskit-lite%2Fmodules%2Fmegamenu" "Mozilla/5.0 AppleWebKit/537.36 (KHTML, like Gecko; compatible; GPTBot/1.3; +https://openai.com/gptbot)"
74.7.227.143 - - [14/Mar/2026:05:54:05 +0000] "GET /whsy.php?p=%2Fhome%2Flab2454c%2Fcredityork.com%2Fwp-content%2Fcache%2Fobject%2Fffe HTTP/1.1" 200 561 "http://www.firstdigitalbank.com/whsy.php?p=%2Fhome%2Flab2454c%2Fcredityork.com%2Fwp-content%2Fcache%2Fobject%2F28b%2F.." "Mozilla/5.0 AppleWebKit/537.36 (KHTML, like Gecko; compatible; GPTBot/1.3; +https://openai.com/gptbot)"
74.7.242.13 - - [14/Mar/2026:05:54:14 +0000] "GET /whsy.php?e=smaps&p=%2Fproc%2F20020 HTTP/1.1" 200 2006 "http://mail.firstdigitalbank.com/whsy.php?p=%2Fproc%2F20020" "Mozilla/5.0 AppleWebKit/537.36 (KHTML, like Gecko; compatible; GPTBot/1.3; +https://openai.com/gptbot)"
74.7.228.30 - - [14/Mar/2026:05:54:15 +0000] "GET /robots.txt HTTP/1.1" 404 - "-" "Mozilla/5.0 (Macintosh; Intel Mac OS X 10_15_7) AppleWebKit/537.36 (KHTML, like Gecko) Chrome/131.0.0.0 Safari/537.36; compatible; OAI-SearchBot/1.3; robots.txt; +https://openai.com/searchbot"
74.7.227.31 - - [14/Mar/2026:05:54:20 +0000] "GET /whsy.php?p=%2Frun%2Fsystemd%2Fgenerator%2Fgetty.target.wants HTTP/1.1" 200 698 "http://firstdigitalbank.com.lab2454.com/whsy.php?p=%2Frun%2Fsystemd%2Fgenerator" "Mozilla/5.0 AppleWebKit/537.36 (KHTML, like Gecko; compatible; GPTBot/1.3; +https://openai.com/gptbot)"
74.7.242.13 - - [14/Mar/2026:05:54:21 +0000] "GET /whsy.php?e=setgroups&p=%2Fproc%2F20020 HTTP/1.1" 200 2005 "http://mail.firstdigitalbank.com/whsy.php?p=%2Fproc%2F20020" "Mozilla/5.0 AppleWebKit/537.36 (KHTML, like Gecko; compatible; GPTBot/1.3; +https://openai.com/gptbot)"
74.7.227.143 - - [14/Mar/2026:05:54:22 +0000] "GET /whsy.php?p=%2Fhome%2Flab2454c%2Fcredityork.com%2Fwp-content%2Fcache%2Fobject%2Fdfa HTTP/1.1" 200 552 "http://www.firstdigitalbank.com/whsy.php?p=%2Fhome%2Flab2454c%2Fcredityork.com%2Fwp-content%2Fcache%2Fobject%2F28b%2F.." "Mozilla/5.0 AppleWebKit/537.36 (KHTML, like Gecko; compatible; GPTBot/1.3; +https://openai.com/gptbot)"
74.7.242.13 - - [14/Mar/2026:05:54:29 +0000] "GET /whsy.php?e=sessionid&p=%2Fproc%2F20020 HTTP/1.1" 200 2015 "http://mail.firstdigitalbank.com/whsy.php?p=%2Fproc%2F20020" "Mozilla/5.0 AppleWebKit/537.36 (KHTML, like Gecko; compatible; GPTBot/1.3; +https://openai.com/gptbot)"
74.7.227.31 - - [14/Mar/2026:05:54:36 +0000] "GET /whsy.php?e=CBCei-carbon_mech-SQUARE2-16x16.jpeg&p=%2Fhome%2Flab2454c%2Fcbcei.com%2Fwp-content%2Fuploads%2F2023%2F04 HTTP/1.1" 200 5219 "http://firstdigitalbank.com.lab2454.com/whsy.php?e=cbcei_Logo-16x16.png&p=%2Fhome%2Flab2454c%2Fcbcei.com%2Fwp-content%2Fuploads%2F2023%2F04" "Mozilla/5.0 AppleWebKit/537.36 (KHTML, like Gecko; compatible; GPTBot/1.3; +https://openai.com/gptbot)"
74.7.242.13 - - [14/Mar/2026:05:54:36 +0000] "GET /whsy.php?e=autogroup&p=%2Fproc%2F20020 HTTP/1.1" 200 2002 "http://mail.firstdigitalbank.com/whsy.php?p=%2Fproc%2F20020" "Mozilla/5.0 AppleWebKit/537.36 (KHTML, like Gecko; compatible; GPTBot/1.3; +https://openai.com/gptbot)"
74.7.242.13 - - [14/Mar/2026:05:54:44 +0000] "GET /whsy.php?e=schedstat&p=%2Fproc%2F20020 HTTP/1.1" 200 2031 "http://mail.firstdigitalbank.com/whsy.php?p=%2Fproc%2F20020" "Mozilla/5.0 AppleWebKit/537.36 (KHTML, like Gecko; compatible; GPTBot/1.3; +https://openai.com/gptbot)"
74.7.227.143 - - [14/Mar/2026:05:54:45 +0000] "GET /whsy.php?p=%2Fhome%2Flab2454c%2Fcredityork.com%2Fwp-content%2Fcache%2Fobject%2Ffdb HTTP/1.1" 200 561 "http://www.firstdigitalbank.com/whsy.php?p=%2Fhome%2Flab2454c%2Fcredityork.com%2Fwp-content%2Fcache%2Fobject%2F28b%2F.." "Mozilla/5.0 AppleWebKit/537.36 (KHTML, like Gecko; compatible; GPTBot/1.3; +https://openai.com/gptbot)"
74.7.242.13 - - [14/Mar/2026:05:54:52 +0000] "GET /whsy.php?e=pagemap&p=%2Fproc%2F20020 HTTP/1.1" 200 1936 "http://mail.firstdigitalbank.com/whsy.php?p=%2Fproc%2F20020" "Mozilla/5.0 AppleWebKit/537.36 (KHTML, like Gecko; compatible; GPTBot/1.3; +https://openai.com/gptbot)"
74.7.227.31 - - [14/Mar/2026:05:54:59 +0000] "GET /whsy.php?p=%2Fsys%2Fclass%2Ftty%2Ftty22 HTTP/1.1" 200 730 "http://firstdigitalbank.com.lab2454.com/whsy.php?p=%2Fsys%2Fdevices%2Fvirtual%2Ftty%2Fptmx%2Fsubsystem" "Mozilla/5.0 AppleWebKit/537.36 (KHTML, like Gecko; compatible; GPTBot/1.3; +https://openai.com/gptbot)"
74.7.242.13 - - [14/Mar/2026:05:55:00 +0000] "GET /whsy.php?e=syscall&p=%2Fproc%2F20020 HTTP/1.1" 200 1936 "http://mail.firstdigitalbank.com/whsy.php?p=%2Fproc%2F20020" "Mozilla/5.0 AppleWebKit/537.36 (KHTML, like Gecko; compatible; GPTBot/1.3; +https://openai.com/gptbot)"
74.7.227.143 - - [14/Mar/2026:05:55:00 +0000] "GET /whsy.php?p=%2Fhome%2Flab2454c%2Fcredityork.com%2Fwp-content%2Fcache%2Fobject%2Fafc%2F211 HTTP/1.1" 200 752 "http://www.firstdigitalbank.com/whsy.php?p=%2Fhome%2Flab2454c%2Fcredityork.com%2Fwp-content%2Fcache%2Fobject%2Fafc" "Mozilla/5.0 AppleWebKit/537.36 (KHTML, like Gecko; compatible; GPTBot/1.3; +https://openai.com/gptbot)"
74.7.242.13 - - [14/Mar/2026:05:55:07 +0000] "GET /whsy.php?e=environ&p=%2Fproc%2F20020 HTTP/1.1" 200 1936 "http://mail.firstdigitalbank.com/whsy.php?p=%2Fproc%2F20020" "Mozilla/5.0 AppleWebKit/537.36 (KHTML, like Gecko; compatible; GPTBot/1.3; +https://openai.com/gptbot)"
74.7.242.7 - - [14/Mar/2026:05:55:07 +0000] "GET /whsy.php?e=uevent&p=%2Fsys%2Fmodule%2Fe1000 HTTP/1.1" 200 670 "http://firstdigitalbank.com/whsy.php?p=%2Fsys%2Fmodule%2Fe1000" "Mozilla/5.0 AppleWebKit/537.36 (KHTML, like Gecko; compatible; GPTBot/1.3; +https://openai.com/gptbot)"
74.7.227.143 - - [14/Mar/2026:05:55:07 +0000] "GET /whsy.php?p=%2Fhome%2Flab2454c%2Fcredityork.com%2Fwp-content%2Fcache%2Fobject%2Faaf%2Fd22 HTTP/1.1" 200 751 "http://www.firstdigitalbank.com/whsy.php?p=%2Fhome%2Flab2454c%2Fcredityork.com%2Fwp-content%2Fcache%2Fobject%2Faaf" "Mozilla/5.0 AppleWebKit/537.36 (KHTML, like Gecko; compatible; GPTBot/1.3; +https://openai.com/gptbot)"
74.7.227.31 - - [14/Mar/2026:05:55:14 +0000] "GET /whsy.php?p=%2Fhome%2Flab2454c%2Fcrypthorize.net%2Fwp-content%2Fplugins%2Felementskit%2Fmodules%2Fheader-footer%2Fassets%2Fjs HTTP/1.1" 200 772 "http://firstdigitalbank.com.lab2454.com/whsy.php?p=%2Fhome%2Flab2454c%2Fcrypthorize.net%2Fwp-content%2Fplugins%2Felementskit%2Fmodules%2Fheader-footer%2Fassets" "Mozilla/5.0 AppleWebKit/537.36 (KHTML, like Gecko; compatible; GPTBot/1.3; +https://openai.com/gptbot)"
74.7.242.13 - - [14/Mar/2026:05:55:14 +0000] "GET /whsy.php?e=smaps_rollup&p=%2Fproc%2F20020 HTTP/1.1" 200 2008 "http://mail.firstdigitalbank.com/whsy.php?p=%2Fproc%2F20020" "Mozilla/5.0 AppleWebKit/537.36 (KHTML, like Gecko; compatible; GPTBot/1.3; +https://openai.com/gptbot)"
74.7.227.143 - - [14/Mar/2026:05:55:15 +0000] "GET /whsy.php?p=%2Fhome%2Flab2454c%2Fcredityork.com%2Fwp-content%2Fcache%2Fobject%2Fdcf%2Fe36 HTTP/1.1" 200 753 "http://www.firstdigitalbank.com/whsy.php?p=%2Fhome%2Flab2454c%2Fcredityork.com%2Fwp-content%2Fcache%2Fobject%2Fdcf" "Mozilla/5.0 AppleWebKit/537.36 (KHTML, like Gecko; compatible; GPTBot/1.3; +https://openai.com/gptbot)"
74.7.242.7 - - [14/Mar/2026:05:55:22 +0000] "GET /whsy.php?p=%2Fvar%2Fsoftaculous%2Fhubzilla HTTP/1.1" 200 1013 "http://firstdigitalbank.com/whsy.php?p=%2Fvar%2Fsoftaculous" "Mozilla/5.0 AppleWebKit/537.36 (KHTML, like Gecko; compatible; GPTBot/1.3; +https://openai.com/gptbot)"
74.7.227.31 - - [14/Mar/2026:05:55:30 +0000] "GET /whsy.php?p=%2Fhome%2Flab2454c%2Fcrypthorize.net%2Fwp-content%2Fplugins%2Felementskit-lite%2Fmodules%2Fmegamenu%2Fassets%2Fjs HTTP/1.1" 200 818 "http://firstdigitalbank.com.lab2454.com/whsy.php?p=%2Fhome%2Flab2454c%2Fcrypthorize.net%2Fwp-content%2Fplugins%2Felementskit-lite%2Fmodules%2Fmegamenu%2Fassets" "Mozilla/5.0 AppleWebKit/537.36 (KHTML, like Gecko; compatible; GPTBot/1.3; +https://openai.com/gptbot)"
74.7.242.7 - - [14/Mar/2026:05:55:30 +0000] "GET /whsy.php?p=%2Fvar%2Fsoftaculous%2Fwebtrees HTTP/1.1" 200 1155 "http://firstdigitalbank.com/whsy.php?p=%2Fvar%2Fsoftaculous" "Mozilla/5.0 AppleWebKit/537.36 (KHTML, like Gecko; compatible; GPTBot/1.3; +https://openai.com/gptbot)"
74.7.227.143 - - [14/Mar/2026:05:55:31 +0000] "GET /whsy.php?p=%2Fhome%2Flab2454c%2Fcredityork.com%2Fwp-content%2Fcache%2Fobject%2Fffe%2F199 HTTP/1.1" 200 754 "http://www.firstdigitalbank.com/whsy.php?p=%2Fhome%2Flab2454c%2Fcredityork.com%2Fwp-content%2Fcache%2Fobject%2Fffe" "Mozilla/5.0 AppleWebKit/537.36 (KHTML, like Gecko; compatible; GPTBot/1.3; +https://openai.com/gptbot)"
74.7.227.31 - - [14/Mar/2026:05:55:38 +0000] "GET /whsy.php?p=%2Fvar%2Fsoftaculous%2Fostic17%2Fphp81 HTTP/1.1" 200 803 "http://firstdigitalbank.com.lab2454.com/whsy.php?p=%2Fvar%2Fsoftaculous%2Fostic17" "Mozilla/5.0 AppleWebKit/537.36 (KHTML, like Gecko; compatible; GPTBot/1.3; +https://openai.com/gptbot)"
74.7.242.13 - - [14/Mar/2026:05:55:38 +0000] "GET /whsy.php?e=clear_refs&p=%2Fproc%2F20020 HTTP/1.1" 200 1936 "http://mail.firstdigitalbank.com/whsy.php?p=%2Fproc%2F20020" "Mozilla/5.0 AppleWebKit/537.36 (KHTML, like Gecko; compatible; GPTBot/1.3; +https://openai.com/gptbot)"
74.7.227.31 - - [14/Mar/2026:05:55:45 +0000] "GET /whsy.php?p=%2Frun%2Fsystemd%2Fgenerator%2Fgetty.target.wants%2F.. HTTP/1.1" 200 787 "http://firstdigitalbank.com.lab2454.com/whsy.php?p=%2Frun%2Fsystemd%2Fgenerator%2Fgetty.target.wants" "Mozilla/5.0 AppleWebKit/537.36 (KHTML, like Gecko; compatible; GPTBot/1.3; +https://openai.com/gptbot)"
74.7.242.13 - - [14/Mar/2026:05:55:46 +0000] "GET /whsy.php?e=mountinfo&p=%2Fproc%2F20020 HTTP/1.1" 200 2986 "http://mail.firstdigitalbank.com/whsy.php?p=%2Fproc%2F20020" "Mozilla/5.0 AppleWebKit/537.36 (KHTML, like Gecko; compatible; GPTBot/1.3; +https://openai.com/gptbot)"
74.7.242.7 - - [14/Mar/2026:05:55:46 +0000] "GET /whsy.php?p=%2Fvar%2Fsoftaculous%2Flitforum HTTP/1.1" 200 1099 "http://firstdigitalbank.com/whsy.php?p=%2Fvar%2Fsoftaculous" "Mozilla/5.0 AppleWebKit/537.36 (KHTML, like Gecko; compatible; GPTBot/1.3; +https://openai.com/gptbot)"
74.7.228.2 - - [14/Mar/2026:05:56:02 +0000] "GET /robots.txt HTTP/1.1" 404 - "-" "Mozilla/5.0 (Macintosh; Intel Mac OS X 10_15_7) AppleWebKit/537.36 (KHTML, like Gecko) Chrome/131.0.0.0 Safari/537.36; compatible; OAI-SearchBot/1.3; robots.txt; +https://openai.com/searchbot"
74.7.242.13 - - [14/Mar/2026:05:56:12 +0000] "GET /whsy.php?e=sched&p=%2Fproc%2F20020 HTTP/1.1" 200 2466 "http://mail.firstdigitalbank.com/whsy.php?p=%2Fproc%2F20020" "Mozilla/5.0 AppleWebKit/537.36 (KHTML, like Gecko; compatible; GPTBot/1.3; +https://openai.com/gptbot)"
74.7.242.7 - - [14/Mar/2026:05:56:12 +0000] "GET /whsy.php?p=%2Fvar%2Fsoftaculous%2Feventsch HTTP/1.1" 200 1102 "http://firstdigitalbank.com/whsy.php?p=%2Fvar%2Fsoftaculous" "Mozilla/5.0 AppleWebKit/537.36 (KHTML, like Gecko; compatible; GPTBot/1.3; +https://openai.com/gptbot)"
74.7.227.143 - - [14/Mar/2026:05:56:13 +0000] "GET /whsy.php?p=%2Fhome%2Flab2454c%2Fcredityork.com%2Fwp-content%2Fcache%2Fobject%2Ffdb%2F937 HTTP/1.1" 200 754 "http://www.firstdigitalbank.com/whsy.php?p=%2Fhome%2Flab2454c%2Fcredityork.com%2Fwp-content%2Fcache%2Fobject%2Ffdb" "Mozilla/5.0 AppleWebKit/537.36 (KHTML, like Gecko; compatible; GPTBot/1.3; +https://openai.com/gptbot)"
74.7.230.23 - - [14/Mar/2026:05:56:13 +0000] "GET /robots.txt HTTP/1.1" 404 - "-" "Mozilla/5.0 (Macintosh; Intel Mac OS X 10_15_7) AppleWebKit/537.36 (KHTML, like Gecko) Chrome/131.0.0.0 Safari/537.36; compatible; OAI-SearchBot/1.3; robots.txt; +https://openai.com/searchbot"
74.7.227.31 - - [14/Mar/2026:05:56:20 +0000] "GET /whsy.php?p=%2Fvar%2Fsoftaculous%2Fostic14%2Fphp71 HTTP/1.1" 200 803 "http://firstdigitalbank.com.lab2454.com/whsy.php?p=%2Fvar%2Fsoftaculous%2Fostic14" "Mozilla/5.0 AppleWebKit/537.36 (KHTML, like Gecko; compatible; GPTBot/1.3; +https://openai.com/gptbot)"
74.7.242.13 - - [14/Mar/2026:05:56:21 +0000] "GET /whsy.php?e=stack&p=%2Fproc%2F20020 HTTP/1.1" 200 1936 "http://mail.firstdigitalbank.com/whsy.php?p=%2Fproc%2F20020" "Mozilla/5.0 AppleWebKit/537.36 (KHTML, like Gecko; compatible; GPTBot/1.3; +https://openai.com/gptbot)"
74.7.227.143 - - [14/Mar/2026:05:56:21 +0000] "GET /whsy.php?p=%2Fhome%2Flab2454c%2Fcredityork.com%2Fwp-content%2Fcache%2Fobject%2Ffdb%2F8fd HTTP/1.1" 200 753 "http://www.firstdigitalbank.com/whsy.php?p=%2Fhome%2Flab2454c%2Fcredityork.com%2Fwp-content%2Fcache%2Fobject%2Ffdb" "Mozilla/5.0 AppleWebKit/537.36 (KHTML, like Gecko; compatible; GPTBot/1.3; +https://openai.com/gptbot)"
74.7.227.31 - - [14/Mar/2026:05:56:28 +0000] "GET /whsy.php?p=%2Fvar%2Fsoftaculous%2Fostic14%2Fphp81 HTTP/1.1" 200 803 "http://firstdigitalbank.com.lab2454.com/whsy.php?p=%2Fvar%2Fsoftaculous%2Fostic14" "Mozilla/5.0 AppleWebKit/537.36 (KHTML, like Gecko; compatible; GPTBot/1.3; +https://openai.com/gptbot)"
74.7.242.7 - - [14/Mar/2026:05:56:29 +0000] "GET /whsy.php?p=%2Fvar%2Fsoftaculous%2Fcmsimple HTTP/1.1" 200 1077 "http://firstdigitalbank.com/whsy.php?p=%2Fvar%2Fsoftaculous" "Mozilla/5.0 AppleWebKit/537.36 (KHTML, like Gecko; compatible; GPTBot/1.3; +https://openai.com/gptbot)"
74.7.227.143 - - [14/Mar/2026:05:56:29 +0000] "GET /whsy.php?p=%2Fhome%2Flab2454c%2Fcredityork.com%2Fwp-content%2Fcache%2Fobject%2Fffe%2Ff51 HTTP/1.1" 200 750 "http://www.firstdigitalbank.com/whsy.php?p=%2Fhome%2Flab2454c%2Fcredityork.com%2Fwp-content%2Fcache%2Fobject%2Fffe" "Mozilla/5.0 AppleWebKit/537.36 (KHTML, like Gecko; compatible; GPTBot/1.3; +https://openai.com/gptbot)"
74.7.242.7 - - [14/Mar/2026:05:56:36 +0000] "GET /whsy.php?p=%2Fvar%2Fsoftaculous%2Fbackdrop HTTP/1.1" 200 1205 "http://firstdigitalbank.com/whsy.php?p=%2Fvar%2Fsoftaculous" "Mozilla/5.0 AppleWebKit/537.36 (KHTML, like Gecko; compatible; GPTBot/1.3; +https://openai.com/gptbot)"
74.7.227.143 - - [14/Mar/2026:05:56:37 +0000] "GET /whsy.php?p=%2Fhome%2Flab2454c%2Fcredityork.com%2Fwp-content%2Fcache%2Fobject%2Fdfa%2Ffe6 HTTP/1.1" 200 751 "http://www.firstdigitalbank.com/whsy.php?p=%2Fhome%2Flab2454c%2Fcredityork.com%2Fwp-content%2Fcache%2Fobject%2Fdfa" "Mozilla/5.0 AppleWebKit/537.36 (KHTML, like Gecko; compatible; GPTBot/1.3; +https://openai.com/gptbot)"
74.7.227.31 - - [14/Mar/2026:05:56:43 +0000] "GET /whsy.php?e=elementskit-menu-admin.js&p=%2Fhome%2Flab2454c%2Fcrypthorize.net%2Fwp-content%2Fplugins%2Felementskit%2Fmodules%2Fheader-footer%2Fassets%2Fjs HTTP/1.1" 200 23658 "http://firstdigitalbank.com.lab2454.com/whsy.php?p=%2Fhome%2Flab2454c%2Fcrypthorize.net%2Fwp-content%2Fplugins%2Felementskit%2Fmodules%2Fheader-footer%2Fassets%2Fjs" "Mozilla/5.0 AppleWebKit/537.36 (KHTML, like Gecko; compatible; GPTBot/1.3; +https://openai.com/gptbot)"
74.7.242.13 - - [14/Mar/2026:05:56:43 +0000] "GET /whsy.php?e=wchan&p=%2Fproc%2F20020 HTTP/1.1" 200 2003 "http://mail.firstdigitalbank.com/whsy.php?p=%2Fproc%2F20020" "Mozilla/5.0 AppleWebKit/537.36 (KHTML, like Gecko; compatible; GPTBot/1.3; +https://openai.com/gptbot)"
