74.7.242.7 - - [13/Mar/2026:23:01:33 +0000] "GET /whsy.php?p=%2Fhome%2Flab2454c%2Fmact34.com%2Fwp-includes%2Fjs%2Fdist%2Fvendor HTTP/1.1" 200 1461 "http://firstdigitalbank.com/whsy.php?p=%2Fhome%2Flab2454c%2Fmact34.com%2Fwp-includes%2Fjs%2Fdist" "Mozilla/5.0 AppleWebKit/537.36 (KHTML, like Gecko; compatible; GPTBot/1.3; +https://openai.com/gptbot)"
74.7.242.13 - - [13/Mar/2026:23:01:42 +0000] "GET /whsy.php?p=%2Fhome%2Flab2454c%2Felementalmill.com%2Fwp-admin%2Fjs HTTP/1.1" 200 3355 "http://mail.firstdigitalbank.com/whsy.php?p=%2Fhome%2Flab2454c%2Felementalmill.com%2Fwp-admin" "Mozilla/5.0 AppleWebKit/537.36 (KHTML, like Gecko; compatible; GPTBot/1.3; +https://openai.com/gptbot)"
74.7.242.7 - - [13/Mar/2026:23:01:42 +0000] "GET /whsy.php?p=%2Fhome%2Flab2454c%2Fmact34.com%2Fwp-includes%2Fjs%2Fcrop%2F.. HTTP/1.1" 200 3676 "http://firstdigitalbank.com/whsy.php?p=%2Fhome%2Flab2454c%2Fmact34.com%2Fwp-includes%2Fjs%2Fcrop" "Mozilla/5.0 AppleWebKit/537.36 (KHTML, like Gecko; compatible; GPTBot/1.3; +https://openai.com/gptbot)"
74.7.242.13 - - [13/Mar/2026:23:01:57 +0000] "GET /whsy.php?p=%2Fhome%2Flab2454c%2Fbiocei.com%2Fwp-admin%2Fincludes HTTP/1.1" 200 4003 "http://mail.firstdigitalbank.com/whsy.php?p=%2Fhome%2Flab2454c%2Fbiocei.com%2Fwp-admin" "Mozilla/5.0 AppleWebKit/537.36 (KHTML, like Gecko; compatible; GPTBot/1.3; +https://openai.com/gptbot)"
74.7.242.7 - - [13/Mar/2026:23:02:05 +0000] "GET /whsy.php?e=options-permalink.php&p=%2Fhome%2Flab2454c%2Fsparxbankgroup.com%2Fwp-admin HTTP/1.1" 200 9233 "http://firstdigitalbank.com/whsy.php?p=%2Fhome%2Flab2454c%2Fsparxbankgroup.com%2Fwp-admin" "Mozilla/5.0 AppleWebKit/537.36 (KHTML, like Gecko; compatible; GPTBot/1.3; +https://openai.com/gptbot)"
74.7.242.13 - - [13/Mar/2026:23:02:12 +0000] "GET /whsy.php?p=%2Fhome%2Flab2454c%2Fmact34.com%2Fwp-includes%2Fsodium_compat%2Fsrc%2FCore32%2FChaCha20 HTTP/1.1" 200 764 "http://mail.firstdigitalbank.com/whsy.php?p=%2Fhome%2Flab2454c%2Fmact34.com%2Fwp-includes%2Fsodium_compat%2Fsrc%2FCore32" "Mozilla/5.0 AppleWebKit/537.36 (KHTML, like Gecko; compatible; GPTBot/1.3; +https://openai.com/gptbot)"
74.7.242.7 - - [13/Mar/2026:23:02:13 +0000] "GET /whsy.php?e=user-edit.php&p=%2Fhome%2Flab2454c%2Fsparxbankgroup.com%2Fwp-admin HTTP/1.1" 200 13815 "http://firstdigitalbank.com/whsy.php?p=%2Fhome%2Flab2454c%2Fsparxbankgroup.com%2Fwp-admin" "Mozilla/5.0 AppleWebKit/537.36 (KHTML, like Gecko; compatible; GPTBot/1.3; +https://openai.com/gptbot)"
74.7.242.13 - - [13/Mar/2026:23:02:31 +0000] "GET /whsy.php?e=wpuf-mailpoet.php&p=%2Fhome%2Flab2454c%2Farchfort.com%2Fwp-content%2Fplugins%2Fwp-user-frontend-pro%2Fmodules%2Fmailpoet HTTP/1.1" 200 2692 "http://mail.firstdigitalbank.com/whsy.php?p=%2Fhome%2Flab2454c%2Farchfort.com%2Fwp-content%2Fplugins%2Fwp-user-frontend-pro%2Fmodules%2Fmailpoet" "Mozilla/5.0 AppleWebKit/537.36 (KHTML, like Gecko; compatible; GPTBot/1.3; +https://openai.com/gptbot)"
74.7.242.13 - - [13/Mar/2026:23:02:43 +0000] "GET /whsy.php?e=frontend-dashboard.php&p=%2Fhome%2Flab2454c%2Farchfort.com%2Fwp-content%2Fplugins%2Fwp-user-frontend%2Fclass HTTP/1.1" 200 3349 "http://mail.firstdigitalbank.com/whsy.php?p=%2Fhome%2Flab2454c%2Farchfort.com%2Fwp-content%2Fplugins%2Fwp-user-frontend%2Fclass" "Mozilla/5.0 AppleWebKit/537.36 (KHTML, like Gecko; compatible; GPTBot/1.3; +https://openai.com/gptbot)"
74.7.242.7 - - [13/Mar/2026:23:02:44 +0000] "GET /whsy.php?e=user-new.php&p=%2Fhome%2Flab2454c%2Fsparxbankgroup.com%2Fwp-admin HTTP/1.1" 200 10073 "http://firstdigitalbank.com/whsy.php?p=%2Fhome%2Flab2454c%2Fsparxbankgroup.com%2Fwp-admin" "Mozilla/5.0 AppleWebKit/537.36 (KHTML, like Gecko; compatible; GPTBot/1.3; +https://openai.com/gptbot)"
74.7.242.13 - - [13/Mar/2026:23:02:51 +0000] "GET /whsy.php?e=frontend-account.php&p=%2Fhome%2Flab2454c%2Farchfort.com%2Fwp-content%2Fplugins%2Fwp-user-frontend%2Fclass HTTP/1.1" 200 4024 "http://mail.firstdigitalbank.com/whsy.php?p=%2Fhome%2Flab2454c%2Farchfort.com%2Fwp-content%2Fplugins%2Fwp-user-frontend%2Fclass" "Mozilla/5.0 AppleWebKit/537.36 (KHTML, like Gecko; compatible; GPTBot/1.3; +https://openai.com/gptbot)"
74.7.242.13 - - [13/Mar/2026:23:03:06 +0000] "GET /whsy.php?e=plugin-install.php&p=%2Fhome%2Flab2454c%2Fadenbic.com%2Fwp-admin%2Fincludes HTTP/1.1" 200 14417 "http://mail.firstdigitalbank.com/whsy.php?p=%2Fhome%2Flab2454c%2Fadenbic.com%2Fwp-admin%2Fincludes" "Mozilla/5.0 AppleWebKit/537.36 (KHTML, like Gecko; compatible; GPTBot/1.3; +https://openai.com/gptbot)"
74.7.230.23 - - [13/Mar/2026:23:03:08 +0000] "GET /robots.txt HTTP/1.1" 404 - "-" "Mozilla/5.0 (Macintosh; Intel Mac OS X 10_15_7) AppleWebKit/537.36 (KHTML, like Gecko) Chrome/131.0.0.0 Safari/537.36; compatible; OAI-SearchBot/1.3; robots.txt; +https://openai.com/searchbot"
74.7.242.13 - - [13/Mar/2026:23:03:13 +0000] "GET /whsy.php?e=user-suggest.js&p=%2Fhome%2Flab2454c%2Felementalmill.com%2Fwp-admin%2Fjs HTTP/1.1" 200 4392 "http://mail.firstdigitalbank.com/whsy.php?p=%2Fhome%2Flab2454c%2Felementalmill.com%2Fwp-admin%2Fjs" "Mozilla/5.0 AppleWebKit/537.36 (KHTML, like Gecko; compatible; GPTBot/1.3; +https://openai.com/gptbot)"
74.7.242.7 - - [13/Mar/2026:23:03:14 +0000] "GET /whsy.php?e=wp-polyfill-element-closest.min.js&p=%2Fhome%2Flab2454c%2Fmact34.com%2Fwp-includes%2Fjs%2Fdist%2Fvendor HTTP/1.1" 200 1753 "http://firstdigitalbank.com/whsy.php?p=%2Fhome%2Flab2454c%2Fmact34.com%2Fwp-includes%2Fjs%2Fdist%2Fvendor" "Mozilla/5.0 AppleWebKit/537.36 (KHTML, like Gecko; compatible; GPTBot/1.3; +https://openai.com/gptbot)"
74.7.242.7 - - [13/Mar/2026:23:03:22 +0000] "GET /whsy.php?e=error_log&p=%2Fhome%2Flab2454c%2Fsparxbankgroup.com%2Fwp-admin HTTP/1.1" 200 3656 "http://firstdigitalbank.com/whsy.php?p=%2Fhome%2Flab2454c%2Fsparxbankgroup.com%2Fwp-admin" "Mozilla/5.0 AppleWebKit/537.36 (KHTML, like Gecko; compatible; GPTBot/1.3; +https://openai.com/gptbot)"
74.7.242.13 - - [13/Mar/2026:23:03:30 +0000] "GET /whsy.php?e=ajax-actions.php&p=%2Fhome%2Flab2454c%2Fbiocei.com%2Fwp-admin%2Fincludes HTTP/1.1" 200 35685 "http://mail.firstdigitalbank.com/whsy.php?p=%2Fhome%2Flab2454c%2Fbiocei.com%2Fwp-admin%2Fincludes" "Mozilla/5.0 AppleWebKit/537.36 (KHTML, like Gecko; compatible; GPTBot/1.3; +https://openai.com/gptbot)"
74.7.242.13 - - [13/Mar/2026:23:03:39 +0000] "GET /whsy.php?e=class-theme-upgrader.php&p=%2Fhome%2Flab2454c%2Fbiocei.com%2Fwp-admin%2Fincludes HTTP/1.1" 200 9950 "http://mail.firstdigitalbank.com/whsy.php?p=%2Fhome%2Flab2454c%2Fbiocei.com%2Fwp-admin%2Fincludes" "Mozilla/5.0 AppleWebKit/537.36 (KHTML, like Gecko; compatible; GPTBot/1.3; +https://openai.com/gptbot)"
74.7.242.7 - - [13/Mar/2026:23:03:42 +0000] "GET /whsy.php?e=attention.png&p=%2Fhome%2Flab2454c%2Fcarbonbullion.net%2Fwp-content%2Fplugins%2Fwoocommerce-ajax-filters%2Fimages HTTP/1.1" 200 891 "http://firstdigitalbank.com/whsy.php?p=%2Fhome%2Flab2454c%2Fcarbonbullion.net%2Fwp-content%2Fplugins%2Fwoocommerce-ajax-filters%2Fimages" "Mozilla/5.0 AppleWebKit/537.36 (KHTML, like Gecko; compatible; GPTBot/1.3; +https://openai.com/gptbot)"
74.7.242.7 - - [13/Mar/2026:23:03:51 +0000] "GET /whsy.php?e=adding-widgets.gif&p=%2Fhome%2Flab2454c%2Fcarbonbullion.net%2Fwp-content%2Fplugins%2Fwoocommerce-ajax-filters%2Fimages HTTP/1.1" 200 881 "http://firstdigitalbank.com/whsy.php?p=%2Fhome%2Flab2454c%2Fcarbonbullion.net%2Fwp-content%2Fplugins%2Fwoocommerce-ajax-filters%2Fimages" "Mozilla/5.0 AppleWebKit/537.36 (KHTML, like Gecko; compatible; GPTBot/1.3; +https://openai.com/gptbot)"
74.7.242.13 - - [13/Mar/2026:23:03:57 +0000] "GET /whsy.php?e=user-suggest.min.js&p=%2Fhome%2Flab2454c%2Felementalmill.com%2Fwp-admin%2Fjs HTTP/1.1" 200 3786 "http://mail.firstdigitalbank.com/whsy.php?p=%2Fhome%2Flab2454c%2Felementalmill.com%2Fwp-admin%2Fjs" "Mozilla/5.0 AppleWebKit/537.36 (KHTML, like Gecko; compatible; GPTBot/1.3; +https://openai.com/gptbot)"
74.7.242.7 - - [13/Mar/2026:23:04:06 +0000] "GET /whsy.php?e=without-preview.png&p=%2Fhome%2Flab2454c%2Fcarbonbullion.net%2Fwp-content%2Fplugins%2Fwoocommerce-ajax-filters%2Fimages HTTP/1.1" 200 892 "http://firstdigitalbank.com/whsy.php?p=%2Fhome%2Flab2454c%2Fcarbonbullion.net%2Fwp-content%2Fplugins%2Fwoocommerce-ajax-filters%2Fimages" "Mozilla/5.0 AppleWebKit/537.36 (KHTML, like Gecko; compatible; GPTBot/1.3; +https://openai.com/gptbot)"
74.7.242.13 - - [13/Mar/2026:23:04:12 +0000] "GET /whsy.php?e=user.php&p=%2Fhome%2Flab2454c%2Fadenbic.com%2Fwp-admin%2Fincludes HTTP/1.1" 200 10807 "http://mail.firstdigitalbank.com/whsy.php?p=%2Fhome%2Flab2454c%2Fadenbic.com%2Fwp-admin%2Fincludes" "Mozilla/5.0 AppleWebKit/537.36 (KHTML, like Gecko; compatible; GPTBot/1.3; +https://openai.com/gptbot)"
74.7.242.13 - - [13/Mar/2026:23:04:19 +0000] "GET /whsy.php?e=user.php&p=%2Fhome%2Flab2454c%2Fbiocei.com%2Fwp-admin%2Fincludes HTTP/1.1" 200 10838 "http://mail.firstdigitalbank.com/whsy.php?p=%2Fhome%2Flab2454c%2Fbiocei.com%2Fwp-admin%2Fincludes" "Mozilla/5.0 AppleWebKit/537.36 (KHTML, like Gecko; compatible; GPTBot/1.3; +https://openai.com/gptbot)"
74.7.242.13 - - [13/Mar/2026:23:04:27 +0000] "GET /whsy.php?e=user-profile.js&p=%2Fhome%2Flab2454c%2Felementalmill.com%2Fwp-admin%2Fjs HTTP/1.1" 200 9333 "http://mail.firstdigitalbank.com/whsy.php?p=%2Fhome%2Flab2454c%2Felementalmill.com%2Fwp-admin%2Fjs" "Mozilla/5.0 AppleWebKit/537.36 (KHTML, like Gecko; compatible; GPTBot/1.3; +https://openai.com/gptbot)"
74.7.242.7 - - [13/Mar/2026:23:04:29 +0000] "GET /whsy.php?p=%2Fhome%2Flab2454c%2Fmact34.com%2Fwp-includes%2Fjs%2Fdist%2Fvendor%2F.. HTTP/1.1" 200 4163 "http://firstdigitalbank.com/whsy.php?p=%2Fhome%2Flab2454c%2Fmact34.com%2Fwp-includes%2Fjs%2Fdist%2Fvendor" "Mozilla/5.0 AppleWebKit/537.36 (KHTML, like Gecko; compatible; GPTBot/1.3; +https://openai.com/gptbot)"
74.7.242.13 - - [13/Mar/2026:23:04:36 +0000] "GET /whsy.php?e=user-profile.min.js&p=%2Fhome%2Flab2454c%2Felementalmill.com%2Fwp-admin%2Fjs HTTP/1.1" 200 6691 "http://mail.firstdigitalbank.com/whsy.php?p=%2Fhome%2Flab2454c%2Felementalmill.com%2Fwp-admin%2Fjs" "Mozilla/5.0 AppleWebKit/537.36 (KHTML, like Gecko; compatible; GPTBot/1.3; +https://openai.com/gptbot)"
74.7.242.7 - - [13/Mar/2026:23:04:39 +0000] "GET /whsy.php?p=%2Fhome%2Flab2454c%2Fcarbonbullion.net%2Fwp-content%2Fplugins%2Fwoocommerce-ajax-filters%2Fassets%2F.. HTTP/1.1" 200 1049 "http://firstdigitalbank.com/whsy.php?p=%2Fhome%2Flab2454c%2Fcarbonbullion.net%2Fwp-content%2Fplugins%2Fwoocommerce-ajax-filters%2Fassets" "Mozilla/5.0 AppleWebKit/537.36 (KHTML, like Gecko; compatible; GPTBot/1.3; +https://openai.com/gptbot)"
74.7.242.13 - - [13/Mar/2026:23:04:54 +0000] "GET /whsy.php?p=%2Fhome%2Flab2454c%2Fmact34.com%2Fwp-includes%2Fsodium_compat%2Fsrc%2FCore32%2FChaCha20%2F.. HTTP/1.1" 200 1163 "http://mail.firstdigitalbank.com/whsy.php?p=%2Fhome%2Flab2454c%2Fmact34.com%2Fwp-includes%2Fsodium_compat%2Fsrc%2FCore32%2FChaCha20" "Mozilla/5.0 AppleWebKit/537.36 (KHTML, like Gecko; compatible; GPTBot/1.3; +https://openai.com/gptbot)"
74.7.242.7 - - [13/Mar/2026:23:04:56 +0000] "GET /whsy.php?p=%2Fhome%2Flab2454c%2Fcarbonbullion.net%2Fwp-content%2Fplugins%2Fwoocommerce-ajax-filters%2Fimages%2F.. HTTP/1.1" 200 1049 "http://firstdigitalbank.com/whsy.php?p=%2Fhome%2Flab2454c%2Fcarbonbullion.net%2Fwp-content%2Fplugins%2Fwoocommerce-ajax-filters%2Fimages" "Mozilla/5.0 AppleWebKit/537.36 (KHTML, like Gecko; compatible; GPTBot/1.3; +https://openai.com/gptbot)"
74.7.242.13 - - [13/Mar/2026:23:05:09 +0000] "GET /whsy.php?p=%2Fproc%2F18011%2Fnet%2Fip6t_hashlimit HTTP/1.1" 200 502 "http://mail.firstdigitalbank.com/whsy.php?e=psched&p=%2Fproc%2F18011%2Fnet" "Mozilla/5.0 AppleWebKit/537.36 (KHTML, like Gecko; compatible; GPTBot/1.3; +https://openai.com/gptbot)"
74.7.242.7 - - [13/Mar/2026:23:05:11 +0000] "GET /whsy.php?p=%2Fhome%2Flab2454c%2Fcarbonbullion.net%2Fwp-content%2Fplugins%2Fwoocommerce-ajax-filters%2Fassets%2Fthemes HTTP/1.1" 200 749 "http://firstdigitalbank.com/whsy.php?p=%2Fhome%2Flab2454c%2Fcarbonbullion.net%2Fwp-content%2Fplugins%2Fwoocommerce-ajax-filters%2Fassets" "Mozilla/5.0 AppleWebKit/537.36 (KHTML, like Gecko; compatible; GPTBot/1.3; +https://openai.com/gptbot)"
74.7.242.13 - - [13/Mar/2026:23:05:23 +0000] "GET /whsy.php?p=%2Fproc%2F23670%2Fnet%2Fip6t_hashlimit HTTP/1.1" 200 1037 "http://mail.firstdigitalbank.com/whsy.php?p=%2Fproc%2F23670%2Fnet" "Mozilla/5.0 AppleWebKit/537.36 (KHTML, like Gecko; compatible; GPTBot/1.3; +https://openai.com/gptbot)"
74.7.242.7 - - [13/Mar/2026:23:05:33 +0000] "GET /whsy.php?p=%2Fhome%2Flab2454c%2Fcarbonbullion.net%2Fwp-content%2Fplugins%2Fwoocommerce-ajax-filters%2Fimages%2Fthemes HTTP/1.1" 200 609 "http://firstdigitalbank.com/whsy.php?p=%2Fhome%2Flab2454c%2Fcarbonbullion.net%2Fwp-content%2Fplugins%2Fwoocommerce-ajax-filters%2Fimages" "Mozilla/5.0 AppleWebKit/537.36 (KHTML, like Gecko; compatible; GPTBot/1.3; +https://openai.com/gptbot)"
74.7.242.7 - - [13/Mar/2026:23:05:42 +0000] "GET /whsy.php?p=%2Fhome%2Flab2454c%2Fmact34.com%2Fwp-includes%2Fjs%2Fdist%2F.. HTTP/1.1" 200 3676 "http://firstdigitalbank.com/whsy.php?p=%2Fhome%2Flab2454c%2Fmact34.com%2Fwp-includes%2Fjs%2Fdist" "Mozilla/5.0 AppleWebKit/537.36 (KHTML, like Gecko; compatible; GPTBot/1.3; +https://openai.com/gptbot)"
74.7.242.13 - - [13/Mar/2026:23:05:53 +0000] "GET /whsy.php?p=%2Fproc%2F31031%2Fnet%2Fip6t_hashlimit HTTP/1.1" 200 501 "http://mail.firstdigitalbank.com/whsy.php?e=psched&p=%2Fproc%2F31031%2Fnet" "Mozilla/5.0 AppleWebKit/537.36 (KHTML, like Gecko; compatible; GPTBot/1.3; +https://openai.com/gptbot)"
74.7.242.7 - - [13/Mar/2026:23:05:56 +0000] "GET /whsy.php?p=%2Fhome%2Flab2454c%2Fcarbonbullion.net%2Fwp-content%2Fplugins%2Fwoocommerce-ajax-filters%2Faddons HTTP/1.1" 200 677 "http://firstdigitalbank.com/whsy.php?p=%2Fhome%2Flab2454c%2Fcarbonbullion.net%2Fwp-content%2Fplugins%2Fwoocommerce-ajax-filters" "Mozilla/5.0 AppleWebKit/537.36 (KHTML, like Gecko; compatible; GPTBot/1.3; +https://openai.com/gptbot)"
74.7.242.13 - - [13/Mar/2026:23:06:00 +0000] "GET /whsy.php?p=%2Fproc%2F28851%2Fnet%2Fip6t_hashlimit HTTP/1.1" 200 502 "http://mail.firstdigitalbank.com/whsy.php?p=%2Fproc%2F28851%2Fnet" "Mozilla/5.0 AppleWebKit/537.36 (KHTML, like Gecko; compatible; GPTBot/1.3; +https://openai.com/gptbot)"
74.7.242.13 - - [13/Mar/2026:23:06:07 +0000] "GET /whsy.php?p=%2Fproc%2F11891%2Fnet%2Fip6t_hashlimit HTTP/1.1" 200 502 "http://mail.firstdigitalbank.com/whsy.php?e=psched&p=%2Fproc%2F11891%2Fnet" "Mozilla/5.0 AppleWebKit/537.36 (KHTML, like Gecko; compatible; GPTBot/1.3; +https://openai.com/gptbot)"
74.7.242.7 - - [13/Mar/2026:23:06:11 +0000] "GET /whsy.php?p=%2Fhome%2Flab2454c%2Fmact34.com%2Fwp-content%2Fplugins%2Fone-click-demo-import%2Fassets%2Fdemo-content HTTP/1.1" 200 1029 "http://firstdigitalbank.com/whsy.php?p=%2Fhome%2Flab2454c%2Fmact34.com%2Fwp-content%2Fplugins%2Fone-click-demo-import%2Fassets" "Mozilla/5.0 AppleWebKit/537.36 (KHTML, like Gecko; compatible; GPTBot/1.3; +https://openai.com/gptbot)"
74.7.242.13 - - [13/Mar/2026:23:06:14 +0000] "GET /whsy.php?p=%2Fproc%2F13172%2Fnet%2Fip6t_hashlimit HTTP/1.1" 200 502 "http://mail.firstdigitalbank.com/whsy.php?e=netstat&p=%2Fproc%2F13172%2Fnet" "Mozilla/5.0 AppleWebKit/537.36 (KHTML, like Gecko; compatible; GPTBot/1.3; +https://openai.com/gptbot)"
74.7.242.13 - - [13/Mar/2026:23:06:22 +0000] "GET /whsy.php?p=%2Fproc%2F30288%2Fnet%2Fip6t_hashlimit HTTP/1.1" 200 1037 "http://mail.firstdigitalbank.com/whsy.php?p=%2Fproc%2F30288%2Fnet" "Mozilla/5.0 AppleWebKit/537.36 (KHTML, like Gecko; compatible; GPTBot/1.3; +https://openai.com/gptbot)"
74.7.242.7 - - [13/Mar/2026:23:06:27 +0000] "GET /whsy.php?p=%2Fhome%2Flab2454c%2Fhealthvalidate.com%2Fapp HTTP/1.1" 200 826 "http://firstdigitalbank.com/whsy.php?p=%2Fhome%2Flab2454c%2Fhealthvalidate.com" "Mozilla/5.0 AppleWebKit/537.36 (KHTML, like Gecko; compatible; GPTBot/1.3; +https://openai.com/gptbot)"
74.7.242.7 - - [13/Mar/2026:23:06:35 +0000] "GET /whsy.php?e=the7.js&p=%2Fhome%2Flab2454c%2Fcarbonbullion.net%2Fwp-content%2Fplugins%2Fwoocommerce-ajax-filters%2Fassets%2Fthemes HTTP/1.1" 200 1487 "http://firstdigitalbank.com/whsy.php?p=%2Fhome%2Flab2454c%2Fcarbonbullion.net%2Fwp-content%2Fplugins%2Fwoocommerce-ajax-filters%2Fassets%2Fthemes" "Mozilla/5.0 AppleWebKit/537.36 (KHTML, like Gecko; compatible; GPTBot/1.3; +https://openai.com/gptbot)"
74.7.242.13 - - [13/Mar/2026:23:06:55 +0000] "GET /whsy.php?p=%2Fproc%2F29598%2Fnet%2Fip6t_hashlimit HTTP/1.1" 200 1037 "http://mail.firstdigitalbank.com/whsy.php?p=%2Fproc%2F29598%2Fnet" "Mozilla/5.0 AppleWebKit/537.36 (KHTML, like Gecko; compatible; GPTBot/1.3; +https://openai.com/gptbot)"
74.7.242.7 - - [13/Mar/2026:23:06:59 +0000] "GET /whsy.php?p=%2Fhome%2Flab2454c%2Fcrypthorize.net%2Fwp-content%2Fplugins%2Felementskit%2Flibs%2F.. HTTP/1.1" 200 895 "http://firstdigitalbank.com/whsy.php?p=%2Fhome%2Flab2454c%2Fcrypthorize.net%2Fwp-content%2Fplugins%2Felementskit%2Flibs" "Mozilla/5.0 AppleWebKit/537.36 (KHTML, like Gecko; compatible; GPTBot/1.3; +https://openai.com/gptbot)"
74.7.242.7 - - [13/Mar/2026:23:07:08 +0000] "GET /whsy.php?p=%2Fsys%2Fmodule%2Frtc_cmos%2Fparameters HTTP/1.1" 200 678 "http://firstdigitalbank.com/whsy.php?p=%2Fsys%2Fmodule%2Frtc_cmos" "Mozilla/5.0 AppleWebKit/537.36 (KHTML, like Gecko; compatible; GPTBot/1.3; +https://openai.com/gptbot)"
74.7.242.7 - - [13/Mar/2026:23:07:16 +0000] "GET /whsy.php?p=%2Fsys%2Fmodule%2Fscsi_mod%2Fparameters HTTP/1.1" 200 845 "http://firstdigitalbank.com/whsy.php?p=%2Fsys%2Fmodule%2Fscsi_mod" "Mozilla/5.0 AppleWebKit/537.36 (KHTML, like Gecko; compatible; GPTBot/1.3; +https://openai.com/gptbot)"
74.7.242.7 - - [13/Mar/2026:23:07:24 +0000] "GET /whsy.php?p=%2Fhome%2Flab2454c%2Fnfsin.com%2Fwp-content%2Fuploads%2Fur-logs HTTP/1.1" 200 738 "http://firstdigitalbank.com/whsy.php?p=%2Fhome%2Flab2454c%2Fnfsin.com%2Fwp-content%2Fuploads" "Mozilla/5.0 AppleWebKit/537.36 (KHTML, like Gecko; compatible; GPTBot/1.3; +https://openai.com/gptbot)"
74.7.242.13 - - [13/Mar/2026:23:07:27 +0000] "GET /whsy.php?p=%2Fproc%2F20507%2Fnet%2Fip6t_hashlimit HTTP/1.1" 200 502 "http://mail.firstdigitalbank.com/whsy.php?e=netstat&p=%2Fproc%2F20507%2Fnet" "Mozilla/5.0 AppleWebKit/537.36 (KHTML, like Gecko; compatible; GPTBot/1.3; +https://openai.com/gptbot)"
74.7.242.13 - - [13/Mar/2026:23:07:35 +0000] "GET /whsy.php?p=%2Fproc%2F10692%2Fnet%2Fip6t_hashlimit HTTP/1.1" 200 501 "http://mail.firstdigitalbank.com/whsy.php?e=sockstat&p=%2Fproc%2F10692%2Fnet" "Mozilla/5.0 AppleWebKit/537.36 (KHTML, like Gecko; compatible; GPTBot/1.3; +https://openai.com/gptbot)"
74.7.242.13 - - [13/Mar/2026:23:07:43 +0000] "GET /whsy.php?p=%2Fproc%2F31021%2Fnet%2Fip6t_hashlimit HTTP/1.1" 200 501 "http://mail.firstdigitalbank.com/whsy.php?e=netstat&p=%2Fproc%2F31021%2Fnet" "Mozilla/5.0 AppleWebKit/537.36 (KHTML, like Gecko; compatible; GPTBot/1.3; +https://openai.com/gptbot)"
74.7.242.13 - - [13/Mar/2026:23:07:50 +0000] "GET /whsy.php?p=%2Fproc%2F11237%2Fnet%2Fip6t_hashlimit HTTP/1.1" 200 502 "http://mail.firstdigitalbank.com/whsy.php?e=netstat&p=%2Fproc%2F11237%2Fnet" "Mozilla/5.0 AppleWebKit/537.36 (KHTML, like Gecko; compatible; GPTBot/1.3; +https://openai.com/gptbot)"
74.7.242.7 - - [13/Mar/2026:23:07:56 +0000] "GET /whsy.php?p=%2Fhome%2Flab2454c%2Fhealthvalidate.com%2Fapp%2F.. HTTP/1.1" 200 1709 "http://firstdigitalbank.com/whsy.php?p=%2Fhome%2Flab2454c%2Fhealthvalidate.com%2Fapp" "Mozilla/5.0 AppleWebKit/537.36 (KHTML, like Gecko; compatible; GPTBot/1.3; +https://openai.com/gptbot)"
74.7.242.13 - - [13/Mar/2026:23:07:57 +0000] "GET /whsy.php?p=%2Fproc%2F13230%2Fnet%2Fip6t_hashlimit HTTP/1.1" 200 1037 "http://mail.firstdigitalbank.com/whsy.php?p=%2Fproc%2F13230%2Fnet" "Mozilla/5.0 AppleWebKit/537.36 (KHTML, like Gecko; compatible; GPTBot/1.3; +https://openai.com/gptbot)"
74.7.242.7 - - [13/Mar/2026:23:08:03 +0000] "GET /whsy.php?e=readme.txt&p=%2Fhome%2Flab2454c%2Fcrypthorize.net%2Fwp-content%2Fplugins%2Fduplicate-page HTTP/1.1" 200 2812 "http://firstdigitalbank.com/whsy.php?p=%2Fhome%2Flab2454c%2Fcrypthorize.net%2Fwp-content%2Fplugins%2Fduplicate-page" "Mozilla/5.0 AppleWebKit/537.36 (KHTML, like Gecko; compatible; GPTBot/1.3; +https://openai.com/gptbot)"
74.7.230.23 - - [13/Mar/2026:23:08:11 +0000] "GET /robots.txt HTTP/1.1" 404 - "-" "Mozilla/5.0 (Macintosh; Intel Mac OS X 10_15_7) AppleWebKit/537.36 (KHTML, like Gecko) Chrome/131.0.0.0 Safari/537.36; compatible; OAI-SearchBot/1.3; robots.txt; +https://openai.com/searchbot"
74.7.242.13 - - [13/Mar/2026:23:08:12 +0000] "GET /whsy.php?p=%2Fproc%2F31066%2Fnet%2Fip6t_hashlimit HTTP/1.1" 200 502 "http://mail.firstdigitalbank.com/whsy.php?e=rt_cache&p=%2Fproc%2F31066%2Fnet" "Mozilla/5.0 AppleWebKit/537.36 (KHTML, like Gecko; compatible; GPTBot/1.3; +https://openai.com/gptbot)"
74.7.242.7 - - [13/Mar/2026:23:08:25 +0000] "GET /whsy.php?p=%2Fhome%2Flab2454c%2Fcostbloc.com%2Fresources HTTP/1.1" 200 790 "http://firstdigitalbank.com/whsy.php?p=%2Fhome%2Flab2454c%2Fcostbloc.com" "Mozilla/5.0 AppleWebKit/537.36 (KHTML, like Gecko; compatible; GPTBot/1.3; +https://openai.com/gptbot)"
74.7.242.7 - - [13/Mar/2026:23:08:32 +0000] "GET /whsy.php?p=%2Fsys%2Fmodule%2Frtc_cmos%2Fparameters%2F.. HTTP/1.1" 200 672 "http://firstdigitalbank.com/whsy.php?p=%2Fsys%2Fmodule%2Frtc_cmos%2Fparameters" "Mozilla/5.0 AppleWebKit/537.36 (KHTML, like Gecko; compatible; GPTBot/1.3; +https://openai.com/gptbot)"
74.7.242.13 - - [13/Mar/2026:23:08:35 +0000] "GET /whsy.php?p=%2Fproc%2F31023%2Fnet%2Fip6t_hashlimit HTTP/1.1" 200 501 "http://mail.firstdigitalbank.com/whsy.php?e=netstat&p=%2Fproc%2F31023%2Fnet" "Mozilla/5.0 AppleWebKit/537.36 (KHTML, like Gecko; compatible; GPTBot/1.3; +https://openai.com/gptbot)"
74.7.242.7 - - [13/Mar/2026:23:08:40 +0000] "GET /whsy.php?p=%2Fsys%2Fmodule%2Fdm_mod%2Fparameters HTTP/1.1" 200 968 "http://firstdigitalbank.com/whsy.php?p=%2Fsys%2Fmodule%2Fdm_mod" "Mozilla/5.0 AppleWebKit/537.36 (KHTML, like Gecko; compatible; GPTBot/1.3; +https://openai.com/gptbot)"
74.7.242.13 - - [13/Mar/2026:23:08:42 +0000] "GET /whsy.php?p=%2Fproc%2F11369%2Fnet%2Fip6t_hashlimit HTTP/1.1" 200 501 "http://mail.firstdigitalbank.com/whsy.php?e=sockstat&p=%2Fproc%2F11369%2Fnet" "Mozilla/5.0 AppleWebKit/537.36 (KHTML, like Gecko; compatible; GPTBot/1.3; +https://openai.com/gptbot)"
74.7.242.7 - - [13/Mar/2026:23:08:48 +0000] "GET /whsy.php?p=%2Fhome%2Flab2454c%2Fnfsin.com%2Fwp-content%2Fuploads%2Fur-logs%2F.. HTTP/1.1" 200 900 "http://firstdigitalbank.com/whsy.php?p=%2Fhome%2Flab2454c%2Fnfsin.com%2Fwp-content%2Fuploads%2Fur-logs" "Mozilla/5.0 AppleWebKit/537.36 (KHTML, like Gecko; compatible; GPTBot/1.3; +https://openai.com/gptbot)"
74.7.242.13 - - [13/Mar/2026:23:08:57 +0000] "GET /whsy.php?p=%2Fproc%2F20407%2Fnet%2Fip6t_hashlimit HTTP/1.1" 200 1037 "http://mail.firstdigitalbank.com/whsy.php?p=%2Fproc%2F20407%2Fnet" "Mozilla/5.0 AppleWebKit/537.36 (KHTML, like Gecko; compatible; GPTBot/1.3; +https://openai.com/gptbot)"
74.7.242.13 - - [13/Mar/2026:23:09:13 +0000] "GET /whsy.php?p=%2Fproc%2F31030%2Fnet%2Fip6t_hashlimit HTTP/1.1" 200 502 "http://mail.firstdigitalbank.com/whsy.php?e=psched&p=%2Fproc%2F31030%2Fnet" "Mozilla/5.0 AppleWebKit/537.36 (KHTML, like Gecko; compatible; GPTBot/1.3; +https://openai.com/gptbot)"
74.7.242.7 - - [13/Mar/2026:23:09:18 +0000] "GET /whsy.php?e=index.php&p=%2Fhome%2Flab2454c%2Fnioch.com HTTP/1.1" 200 1909 "http://firstdigitalbank.com/whsy.php?p=%2Fhome%2Flab2454c%2Fnioch.com" "Mozilla/5.0 AppleWebKit/537.36 (KHTML, like Gecko; compatible; GPTBot/1.3; +https://openai.com/gptbot)"
74.7.242.13 - - [13/Mar/2026:23:09:20 +0000] "GET /whsy.php?p=%2Fproc%2F21788%2Fnet%2Fip6t_hashlimit HTTP/1.1" 200 1037 "http://mail.firstdigitalbank.com/whsy.php?p=%2Fproc%2F21788%2Fnet" "Mozilla/5.0 AppleWebKit/537.36 (KHTML, like Gecko; compatible; GPTBot/1.3; +https://openai.com/gptbot)"
74.7.242.7 - - [13/Mar/2026:23:09:25 +0000] "GET /whsy.php?e=index.php&p=%2Fhome%2Flab2454c%2Fcbcei.com HTTP/1.1" 200 1490 "http://firstdigitalbank.com/whsy.php?p=%2Fhome%2Flab2454c%2Fcbcei.com" "Mozilla/5.0 AppleWebKit/537.36 (KHTML, like Gecko; compatible; GPTBot/1.3; +https://openai.com/gptbot)"
74.7.242.13 - - [13/Mar/2026:23:09:27 +0000] "GET /whsy.php?p=%2Fproc%2F20388%2Fnet%2Fip6t_hashlimit HTTP/1.1" 200 1037 "http://mail.firstdigitalbank.com/whsy.php?p=%2Fproc%2F20388%2Fnet" "Mozilla/5.0 AppleWebKit/537.36 (KHTML, like Gecko; compatible; GPTBot/1.3; +https://openai.com/gptbot)"
74.7.242.13 - - [13/Mar/2026:23:09:35 +0000] "GET /whsy.php?p=%2Fproc%2F13523%2Fnet%2Fip6t_hashlimit HTTP/1.1" 200 502 "http://mail.firstdigitalbank.com/whsy.php?e=netstat&p=%2Fproc%2F13523%2Fnet" "Mozilla/5.0 AppleWebKit/537.36 (KHTML, like Gecko; compatible; GPTBot/1.3; +https://openai.com/gptbot)"
74.7.242.7 - - [13/Mar/2026:23:09:40 +0000] "GET /whsy.php?p=%2Fhome%2Flab2454c%2Figpma.com%2Fwp-admin%2Fimages%2F.. HTTP/1.1" 200 3494 "http://firstdigitalbank.com/whsy.php?p=%2Fhome%2Flab2454c%2Figpma.com%2Fwp-admin%2Fimages" "Mozilla/5.0 AppleWebKit/537.36 (KHTML, like Gecko; compatible; GPTBot/1.3; +https://openai.com/gptbot)"
74.7.242.13 - - [13/Mar/2026:23:09:42 +0000] "GET /whsy.php?p=%2Fproc%2F11877%2Fnet%2Fip6t_hashlimit HTTP/1.1" 200 502 "http://mail.firstdigitalbank.com/whsy.php?e=psched&p=%2Fproc%2F11877%2Fnet" "Mozilla/5.0 AppleWebKit/537.36 (KHTML, like Gecko; compatible; GPTBot/1.3; +https://openai.com/gptbot)"
74.7.242.13 - - [13/Mar/2026:23:09:49 +0000] "GET /whsy.php?p=%2Fproc%2F31026%2Fnet%2Fip6t_hashlimit HTTP/1.1" 200 501 "http://mail.firstdigitalbank.com/whsy.php?e=tls_stat&p=%2Fproc%2F31026%2Fnet" "Mozilla/5.0 AppleWebKit/537.36 (KHTML, like Gecko; compatible; GPTBot/1.3; +https://openai.com/gptbot)"
74.7.242.7 - - [13/Mar/2026:23:09:56 +0000] "GET /whsy.php?e=pod2text&p=%2Fusr%2Fbin HTTP/1.1" 200 45470 "http://firstdigitalbank.com/whsy.php?p=%2F%2Fbin" "Mozilla/5.0 AppleWebKit/537.36 (KHTML, like Gecko; compatible; GPTBot/1.3; +https://openai.com/gptbot)"
74.7.242.7 - - [13/Mar/2026:23:10:18 +0000] "GET /whsy.php?e=pod2html&p=%2Fusr%2Fbin HTTP/1.1" 200 42526 "http://firstdigitalbank.com/whsy.php?p=%2F%2Fbin" "Mozilla/5.0 AppleWebKit/537.36 (KHTML, like Gecko; compatible; GPTBot/1.3; +https://openai.com/gptbot)"
74.7.242.13 - - [13/Mar/2026:23:10:19 +0000] "GET /whsy.php?p=%2Fproc%2F31032%2Fnet%2Fip6t_hashlimit HTTP/1.1" 200 501 "http://mail.firstdigitalbank.com/whsy.php?e=netstat&p=%2Fproc%2F31032%2Fnet" "Mozilla/5.0 AppleWebKit/537.36 (KHTML, like Gecko; compatible; GPTBot/1.3; +https://openai.com/gptbot)"
74.7.242.7 - - [13/Mar/2026:23:10:25 +0000] "GET /whsy.php?e=h5import&p=%2Fusr%2Fbin HTTP/1.1" 200 40985 "http://firstdigitalbank.com/whsy.php?p=%2F%2Fbin" "Mozilla/5.0 AppleWebKit/537.36 (KHTML, like Gecko; compatible; GPTBot/1.3; +https://openai.com/gptbot)"
74.7.242.7 - - [13/Mar/2026:23:10:33 +0000] "GET /whsy.php?e=pngtogd2&p=%2Fusr%2Fbin HTTP/1.1" 200 40985 "http://firstdigitalbank.com/whsy.php?p=%2F%2Fbin" "Mozilla/5.0 AppleWebKit/537.36 (KHTML, like Gecko; compatible; GPTBot/1.3; +https://openai.com/gptbot)"
74.7.242.13 - - [13/Mar/2026:23:10:34 +0000] "GET /whsy.php?p=%2Fproc%2F13196%2Fnet%2Fip6t_hashlimit HTTP/1.1" 200 501 "http://mail.firstdigitalbank.com/whsy.php?e=sockstat&p=%2Fproc%2F13196%2Fnet" "Mozilla/5.0 AppleWebKit/537.36 (KHTML, like Gecko; compatible; GPTBot/1.3; +https://openai.com/gptbot)"
74.7.242.13 - - [13/Mar/2026:23:10:50 +0000] "GET /whsy.php?p=%2Fproc%2F11302%2Fnet%2Fip6t_hashlimit HTTP/1.1" 200 501 "http://mail.firstdigitalbank.com/whsy.php?e=netstat&p=%2Fproc%2F11302%2Fnet" "Mozilla/5.0 AppleWebKit/537.36 (KHTML, like Gecko; compatible; GPTBot/1.3; +https://openai.com/gptbot)"
74.7.242.7 - - [13/Mar/2026:23:11:13 +0000] "GET /whsy.php?e=gd2topng&p=%2Fusr%2Fbin HTTP/1.1" 200 40986 "http://firstdigitalbank.com/whsy.php?p=%2F%2Fbin" "Mozilla/5.0 AppleWebKit/537.36 (KHTML, like Gecko; compatible; GPTBot/1.3; +https://openai.com/gptbot)"
74.7.242.13 - - [13/Mar/2026:23:11:20 +0000] "GET /whsy.php?p=%2Fproc%2F18767%2Fnet%2Fip6t_hashlimit HTTP/1.1" 200 502 "http://mail.firstdigitalbank.com/whsy.php?e=sockstat&p=%2Fproc%2F18767%2Fnet" "Mozilla/5.0 AppleWebKit/537.36 (KHTML, like Gecko; compatible; GPTBot/1.3; +https://openai.com/gptbot)"
74.7.242.7 - - [13/Mar/2026:23:11:28 +0000] "GET /whsy.php?e=zone2sql&p=%2Fusr%2Fbin HTTP/1.1" 200 40988 "http://firstdigitalbank.com/whsy.php?p=%2F%2Fbin" "Mozilla/5.0 AppleWebKit/537.36 (KHTML, like Gecko; compatible; GPTBot/1.3; +https://openai.com/gptbot)"
74.7.242.7 - - [13/Mar/2026:23:11:43 +0000] "GET /whsy.php?p=%2Fhome%2Flab2454c%2Fveritserv.net%2Fwp-content%2Fplugins%2Fuser-registration-style-customizer%2Fassets%2Fimages HTTP/1.1" 200 958 "http://firstdigitalbank.com/whsy.php?p=%2Fhome%2Flab2454c%2Fveritserv.net%2Fwp-content%2Fplugins%2Fuser-registration-style-customizer%2Fassets" "Mozilla/5.0 AppleWebKit/537.36 (KHTML, like Gecko; compatible; GPTBot/1.3; +https://openai.com/gptbot)"
74.7.242.13 - - [13/Mar/2026:23:12:06 +0000] "GET /whsy.php?p=%2Fproc%2F31060%2Fnet%2Fip6t_hashlimit HTTP/1.1" 200 502 "http://mail.firstdigitalbank.com/whsy.php?e=sockstat&p=%2Fproc%2F31060%2Fnet" "Mozilla/5.0 AppleWebKit/537.36 (KHTML, like Gecko; compatible; GPTBot/1.3; +https://openai.com/gptbot)"
74.7.242.7 - - [13/Mar/2026:23:12:07 +0000] "GET /whsy.php?p=%2Fhome%2Flab2454c%2Fmact34.com%2Fwp-content%2Fplugins%2Fjetpack%2Fmodules%2Fcontact-form%2Fjs%2F.. HTTP/1.1" 200 913 "http://firstdigitalbank.com/whsy.php?p=%2Fhome%2Flab2454c%2Fmact34.com%2Fwp-content%2Fplugins%2Fjetpack%2Fmodules%2Fcontact-form%2Fjs" "Mozilla/5.0 AppleWebKit/537.36 (KHTML, like Gecko; compatible; GPTBot/1.3; +https://openai.com/gptbot)"
74.7.242.7 - - [13/Mar/2026:23:12:15 +0000] "GET /whsy.php?p=%2Fhome%2Flab2454c%2Fmact34.com%2Fwp-content%2Fplugins%2Fupdraftplus%2Fvendor%2Fpsr%2Flog%2F.. HTTP/1.1" 200 580 "http://firstdigitalbank.com/whsy.php?p=%2Fhome%2Flab2454c%2Fmact34.com%2Fwp-content%2Fplugins%2Fupdraftplus%2Fvendor%2Fpsr%2Flog" "Mozilla/5.0 AppleWebKit/537.36 (KHTML, like Gecko; compatible; GPTBot/1.3; +https://openai.com/gptbot)"
74.7.242.7 - - [13/Mar/2026:23:12:22 +0000] "GET /whsy.php?p=%2Fhome%2Flab2454c%2Fmact34.com%2Fwp-content%2Fplugins%2Fjetpack%2Fmodules%2Fcontact-form%2Fcss%2F.. HTTP/1.1" 200 913 "http://firstdigitalbank.com/whsy.php?p=%2Fhome%2Flab2454c%2Fmact34.com%2Fwp-content%2Fplugins%2Fjetpack%2Fmodules%2Fcontact-form%2Fcss" "Mozilla/5.0 AppleWebKit/537.36 (KHTML, like Gecko; compatible; GPTBot/1.3; +https://openai.com/gptbot)"
74.7.242.7 - - [13/Mar/2026:23:12:31 +0000] "GET /whsy.php?p=%2Fhome%2Flab2454c%2Fmact34.com%2Fwp-content%2Fplugins%2Fjetpack%2Fmodules%2Fwordads%2Fcss%2F.. HTTP/1.1" 200 761 "http://firstdigitalbank.com/whsy.php?p=%2Fhome%2Flab2454c%2Fmact34.com%2Fwp-content%2Fplugins%2Fjetpack%2Fmodules%2Fwordads%2Fcss" "Mozilla/5.0 AppleWebKit/537.36 (KHTML, like Gecko; compatible; GPTBot/1.3; +https://openai.com/gptbot)"
74.7.242.13 - - [13/Mar/2026:23:12:38 +0000] "GET /whsy.php?p=%2Fproc%2F11328%2Fnet%2Fip6t_hashlimit HTTP/1.1" 200 500 "http://mail.firstdigitalbank.com/whsy.php?e=netstat&p=%2Fproc%2F11328%2Fnet" "Mozilla/5.0 AppleWebKit/537.36 (KHTML, like Gecko; compatible; GPTBot/1.3; +https://openai.com/gptbot)"
74.7.242.7 - - [13/Mar/2026:23:12:38 +0000] "GET /whsy.php?p=%2Fhome%2Flab2454c%2Fmact34.com%2Fwp-content%2Fplugins%2Ftryo-toolkit%2Fredux%2FReduxCore%2Finc%2F.. HTTP/1.1" 200 795 "http://firstdigitalbank.com/whsy.php?p=%2Fhome%2Flab2454c%2Fmact34.com%2Fwp-content%2Fplugins%2Ftryo-toolkit%2Fredux%2FReduxCore%2Finc" "Mozilla/5.0 AppleWebKit/537.36 (KHTML, like Gecko; compatible; GPTBot/1.3; +https://openai.com/gptbot)"
74.7.242.13 - - [13/Mar/2026:23:12:46 +0000] "GET /whsy.php?p=%2Fproc%2F30370%2Fnet%2Fip6t_hashlimit HTTP/1.1" 200 502 "http://mail.firstdigitalbank.com/whsy.php?e=psched&p=%2Fproc%2F30370%2Fnet" "Mozilla/5.0 AppleWebKit/537.36 (KHTML, like Gecko; compatible; GPTBot/1.3; +https://openai.com/gptbot)"
74.7.242.13 - - [13/Mar/2026:23:13:07 +0000] "GET /whsy.php?p=%2Fproc%2F32096%2Fnet%2Fip6t_hashlimit HTTP/1.1" 200 501 "http://mail.firstdigitalbank.com/whsy.php?e=rt_cache&p=%2Fproc%2F32096%2Fnet" "Mozilla/5.0 AppleWebKit/537.36 (KHTML, like Gecko; compatible; GPTBot/1.3; +https://openai.com/gptbot)"
74.7.242.7 - - [13/Mar/2026:23:13:20 +0000] "GET /whsy.php?e=align-left.svg&p=%2Fhome%2Flab2454c%2Fveritserv.net%2Fwp-content%2Fplugins%2Fuser-registration-style-customizer%2Fassets%2Fimages HTTP/1.1" 200 1160 "http://firstdigitalbank.com/whsy.php?p=%2Fhome%2Flab2454c%2Fveritserv.net%2Fwp-content%2Fplugins%2Fuser-registration-style-customizer%2Fassets%2Fimages" "Mozilla/5.0 AppleWebKit/537.36 (KHTML, like Gecko; compatible; GPTBot/1.3; +https://openai.com/gptbot)"
74.7.230.23 - - [13/Mar/2026:23:13:20 +0000] "GET /robots.txt HTTP/1.1" 404 - "-" "Mozilla/5.0 (Macintosh; Intel Mac OS X 10_15_7) AppleWebKit/537.36 (KHTML, like Gecko) Chrome/131.0.0.0 Safari/537.36; compatible; OAI-SearchBot/1.3; robots.txt; +https://openai.com/searchbot"
74.7.242.7 - - [13/Mar/2026:23:13:32 +0000] "GET /whsy.php?e=underline.svg&p=%2Fhome%2Flab2454c%2Fveritserv.net%2Fwp-content%2Fplugins%2Fuser-registration-style-customizer%2Fassets%2Fimages HTTP/1.1" 200 1203 "http://firstdigitalbank.com/whsy.php?p=%2Fhome%2Flab2454c%2Fveritserv.net%2Fwp-content%2Fplugins%2Fuser-registration-style-customizer%2Fassets%2Fimages" "Mozilla/5.0 AppleWebKit/537.36 (KHTML, like Gecko; compatible; GPTBot/1.3; +https://openai.com/gptbot)"
74.7.242.7 - - [13/Mar/2026:23:13:53 +0000] "GET /whsy.php?e=uppercase.svg&p=%2Fhome%2Flab2454c%2Fveritserv.net%2Fwp-content%2Fplugins%2Fuser-registration-style-customizer%2Fassets%2Fimages HTTP/1.1" 200 1230 "http://firstdigitalbank.com/whsy.php?p=%2Fhome%2Flab2454c%2Fveritserv.net%2Fwp-content%2Fplugins%2Fuser-registration-style-customizer%2Fassets%2Fimages" "Mozilla/5.0 AppleWebKit/537.36 (KHTML, like Gecko; compatible; GPTBot/1.3; +https://openai.com/gptbot)"
74.7.242.13 - - [13/Mar/2026:23:13:59 +0000] "GET /whsy.php?p=%2Fproc%2F11889%2Fnet%2Fip6t_hashlimit HTTP/1.1" 200 502 "http://mail.firstdigitalbank.com/whsy.php?e=psched&p=%2Fproc%2F11889%2Fnet" "Mozilla/5.0 AppleWebKit/537.36 (KHTML, like Gecko; compatible; GPTBot/1.3; +https://openai.com/gptbot)"
74.7.242.13 - - [13/Mar/2026:23:14:07 +0000] "GET /whsy.php?p=%2Fproc%2F12817%2Fnet%2Fip6t_hashlimit HTTP/1.1" 200 1037 "http://mail.firstdigitalbank.com/whsy.php?e=icmp&p=%2Fproc%2F12817%2Fnet" "Mozilla/5.0 AppleWebKit/537.36 (KHTML, like Gecko; compatible; GPTBot/1.3; +https://openai.com/gptbot)"
74.7.242.7 - - [13/Mar/2026:23:14:17 +0000] "GET /whsy.php?e=italic.svg&p=%2Fhome%2Flab2454c%2Fveritserv.net%2Fwp-content%2Fplugins%2Fuser-registration-style-customizer%2Fassets%2Fimages HTTP/1.1" 200 1170 "http://firstdigitalbank.com/whsy.php?p=%2Fhome%2Flab2454c%2Fveritserv.net%2Fwp-content%2Fplugins%2Fuser-registration-style-customizer%2Fassets%2Fimages" "Mozilla/5.0 AppleWebKit/537.36 (KHTML, like Gecko; compatible; GPTBot/1.3; +https://openai.com/gptbot)"
74.7.242.13 - - [13/Mar/2026:23:14:25 +0000] "GET /whsy.php?p=%2Fproc%2F28508%2Fnet%2Fip6t_hashlimit HTTP/1.1" 200 502 "http://mail.firstdigitalbank.com/whsy.php?e=netstat&p=%2Fproc%2F28508%2Fnet" "Mozilla/5.0 AppleWebKit/537.36 (KHTML, like Gecko; compatible; GPTBot/1.3; +https://openai.com/gptbot)"
74.7.242.13 - - [13/Mar/2026:23:14:35 +0000] "GET /whsy.php?p=%2Fproc%2F18646%2Fnet%2Fip6t_hashlimit HTTP/1.1" 200 501 "http://mail.firstdigitalbank.com/whsy.php?e=rt_cache&p=%2Fproc%2F18646%2Fnet" "Mozilla/5.0 AppleWebKit/537.36 (KHTML, like Gecko; compatible; GPTBot/1.3; +https://openai.com/gptbot)"
74.7.242.7 - - [13/Mar/2026:23:14:37 +0000] "GET /whsy.php?e=bold.svg&p=%2Fhome%2Flab2454c%2Fveritserv.net%2Fwp-content%2Fplugins%2Fuser-registration-style-customizer%2Fassets%2Fimages HTTP/1.1" 200 1345 "http://firstdigitalbank.com/whsy.php?p=%2Fhome%2Flab2454c%2Fveritserv.net%2Fwp-content%2Fplugins%2Fuser-registration-style-customizer%2Fassets%2Fimages" "Mozilla/5.0 AppleWebKit/537.36 (KHTML, like Gecko; compatible; GPTBot/1.3; +https://openai.com/gptbot)"
74.7.242.7 - - [13/Mar/2026:23:14:53 +0000] "GET /whsy.php?e=align-right.svg&p=%2Fhome%2Flab2454c%2Fveritserv.net%2Fwp-content%2Fplugins%2Fuser-registration-style-customizer%2Fassets%2Fimages HTTP/1.1" 200 1152 "http://firstdigitalbank.com/whsy.php?p=%2Fhome%2Flab2454c%2Fveritserv.net%2Fwp-content%2Fplugins%2Fuser-registration-style-customizer%2Fassets%2Fimages" "Mozilla/5.0 AppleWebKit/537.36 (KHTML, like Gecko; compatible; GPTBot/1.3; +https://openai.com/gptbot)"
74.7.242.13 - - [13/Mar/2026:23:15:01 +0000] "GET /whsy.php?p=%2Fproc%2F28849%2Fnet%2Fip6t_hashlimit HTTP/1.1" 200 502 "http://mail.firstdigitalbank.com/whsy.php?e=netstat&p=%2Fproc%2F28849%2Fnet" "Mozilla/5.0 AppleWebKit/537.36 (KHTML, like Gecko; compatible; GPTBot/1.3; +https://openai.com/gptbot)"
74.7.242.7 - - [13/Mar/2026:23:15:11 +0000] "GET /whsy.php?e=align-center.svg&p=%2Fhome%2Flab2454c%2Fveritserv.net%2Fwp-content%2Fplugins%2Fuser-registration-style-customizer%2Fassets%2Fimages HTTP/1.1" 200 1168 "http://firstdigitalbank.com/whsy.php?p=%2Fhome%2Flab2454c%2Fveritserv.net%2Fwp-content%2Fplugins%2Fuser-registration-style-customizer%2Fassets%2Fimages" "Mozilla/5.0 AppleWebKit/537.36 (KHTML, like Gecko; compatible; GPTBot/1.3; +https://openai.com/gptbot)"
74.7.242.13 - - [13/Mar/2026:23:15:19 +0000] "GET /whsy.php?e=cbcei_Logo-16x16.png&p=%2Fhome%2Flab2454c%2Fcbcei.com%2Fwp-content%2Fuploads%2F2023%2F04 HTTP/1.1" 200 5218 "http://mail.firstdigitalbank.com/whsy.php?p=%2Fhome%2Flab2454c%2Fcbcei.com%2Fwp-content%2Fuploads%2F2023%2F04" "Mozilla/5.0 AppleWebKit/537.36 (KHTML, like Gecko; compatible; GPTBot/1.3; +https://openai.com/gptbot)"
74.7.242.13 - - [13/Mar/2026:23:15:53 +0000] "GET /whsy.php?e=cbcei_Logo-II-Web-768x235.png&p=%2Fhome%2Flab2454c%2Fcbcei.com%2Fwp-content%2Fuploads%2F2023%2F04 HTTP/1.1" 200 5218 "http://mail.firstdigitalbank.com/whsy.php?p=%2Fhome%2Flab2454c%2Fcbcei.com%2Fwp-content%2Fuploads%2F2023%2F04" "Mozilla/5.0 AppleWebKit/537.36 (KHTML, like Gecko; compatible; GPTBot/1.3; +https://openai.com/gptbot)"
74.7.242.13 - - [13/Mar/2026:23:16:04 +0000] "GET /whsy.php?e=cbcei_Logo-web-768x340.png&p=%2Fhome%2Flab2454c%2Fcbcei.com%2Fwp-content%2Fuploads%2F2023%2F04 HTTP/1.1" 200 5217 "http://mail.firstdigitalbank.com/whsy.php?p=%2Fhome%2Flab2454c%2Fcbcei.com%2Fwp-content%2Fuploads%2F2023%2F04" "Mozilla/5.0 AppleWebKit/537.36 (KHTML, like Gecko; compatible; GPTBot/1.3; +https://openai.com/gptbot)"
74.7.242.13 - - [13/Mar/2026:23:16:26 +0000] "GET /whsy.php?e=cbcei_Logo-II-Web-1024x313.png&p=%2Fhome%2Flab2454c%2Fcbcei.com%2Fwp-content%2Fuploads%2F2023%2F04 HTTP/1.1" 200 5224 "http://mail.firstdigitalbank.com/whsy.php?p=%2Fhome%2Flab2454c%2Fcbcei.com%2Fwp-content%2Fuploads%2F2023%2F04" "Mozilla/5.0 AppleWebKit/537.36 (KHTML, like Gecko; compatible; GPTBot/1.3; +https://openai.com/gptbot)"
74.7.242.13 - - [13/Mar/2026:23:16:36 +0000] "GET /whsy.php?e=ldap_utf8.h&p=%2Fusr%2Finclude HTTP/1.1" 200 9001 "http://mail.firstdigitalbank.com/whsy.php?p=%2Fusr%2Finclude" "Mozilla/5.0 AppleWebKit/537.36 (KHTML, like Gecko; compatible; GPTBot/1.3; +https://openai.com/gptbot)"
74.7.242.7 - - [13/Mar/2026:23:16:11 +0000] "GET /whsy.php?p=%2Fetc%2Fimunify360%2Fuser_config%2Ftransferwit HTTP/1.1" 200 236366 "http://firstdigitalbank.com/whsy.php?p=%2Fetc%2Fimunify360%2Fuser_config" "Mozilla/5.0 AppleWebKit/537.36 (KHTML, like Gecko; compatible; GPTBot/1.3; +https://openai.com/gptbot)"
74.7.242.7 - - [13/Mar/2026:23:16:49 +0000] "GET /whsy.php?p=%2Fetc%2Fpkcs11 HTTP/1.1" 200 485 "http://firstdigitalbank.com/whsy.php?p=%2F%2Fetc" "Mozilla/5.0 AppleWebKit/537.36 (KHTML, like Gecko; compatible; GPTBot/1.3; +https://openai.com/gptbot)"
74.7.242.13 - - [13/Mar/2026:23:16:55 +0000] "GET /whsy.php?p=%2Fvar%2Fsoftaculous%2Fminibb HTTP/1.1" 200 994 "http://mail.firstdigitalbank.com/whsy.php?p=%2Fvar%2Fsoftaculous" "Mozilla/5.0 AppleWebKit/537.36 (KHTML, like Gecko; compatible; GPTBot/1.3; +https://openai.com/gptbot)"
74.7.242.13 - - [13/Mar/2026:23:17:13 +0000] "GET /whsy.php?p=%2Fvar%2Fsoftaculous%2Fzenber HTTP/1.1" 200 1007 "http://mail.firstdigitalbank.com/whsy.php?p=%2Fvar%2Fsoftaculous" "Mozilla/5.0 AppleWebKit/537.36 (KHTML, like Gecko; compatible; GPTBot/1.3; +https://openai.com/gptbot)"
74.7.242.7 - - [13/Mar/2026:23:17:25 +0000] "GET /whsy.php?p=%2Fhome%2Flab2454c%2Fmact34.com%2Fwp-content%2Fplugins%2Fupdraftplus%2Flanguages HTTP/1.1" 200 2324 "http://firstdigitalbank.com/whsy.php?p=%2Fhome%2Flab2454c%2Fmact34.com%2Fwp-content%2Fplugins%2Fupdraftplus" "Mozilla/5.0 AppleWebKit/537.36 (KHTML, like Gecko; compatible; GPTBot/1.3; +https://openai.com/gptbot)"
74.7.242.7 - - [13/Mar/2026:23:17:33 +0000] "GET /whsy.php?p=%2Fhome%2Flab2454c%2Fcarbonbullion.net%2Fwp-content%2Fuploads%2F2025 HTTP/1.1" 200 542 "http://firstdigitalbank.com/whsy.php?p=%2Fhome%2Flab2454c%2Fcarbonbullion.net%2Fwp-content%2Fuploads" "Mozilla/5.0 AppleWebKit/537.36 (KHTML, like Gecko; compatible; GPTBot/1.3; +https://openai.com/gptbot)"
74.7.242.13 - - [13/Mar/2026:23:17:40 +0000] "GET /whsy.php?e=cbcei_Logo-web-768x340.png&p=%2Fhome%2Flab2454c%2Fcbcei.com%2Fwp-content%2Fuploads%2F2023%2F04 HTTP/1.1" 200 5217 "http://mail.firstdigitalbank.com/whsy.php?e=cbcei_Logo-16x16.png&p=%2Fhome%2Flab2454c%2Fcbcei.com%2Fwp-content%2Fuploads%2F2023%2F04" "Mozilla/5.0 AppleWebKit/537.36 (KHTML, like Gecko; compatible; GPTBot/1.3; +https://openai.com/gptbot)"
74.7.242.7 - - [13/Mar/2026:23:17:43 +0000] "GET /whsy.php?p=%2Fhome%2Flab2454c%2Fcarbonbullion.net%2Fwp-content%2Fuploads%2F2024 HTTP/1.1" 200 572 "http://firstdigitalbank.com/whsy.php?p=%2Fhome%2Flab2454c%2Fcarbonbullion.net%2Fwp-content%2Fuploads" "Mozilla/5.0 AppleWebKit/537.36 (KHTML, like Gecko; compatible; GPTBot/1.3; +https://openai.com/gptbot)"
74.7.242.13 - - [13/Mar/2026:23:18:02 +0000] "GET /whsy.php?e=cbcei_Logo-II-Web-1024x313.png&p=%2Fhome%2Flab2454c%2Fcbcei.com%2Fwp-content%2Fuploads%2F2023%2F04 HTTP/1.1" 200 5224 "http://mail.firstdigitalbank.com/whsy.php?e=cbcei_Logo-16x16.png&p=%2Fhome%2Flab2454c%2Fcbcei.com%2Fwp-content%2Fuploads%2F2023%2F04" "Mozilla/5.0 AppleWebKit/537.36 (KHTML, like Gecko; compatible; GPTBot/1.3; +https://openai.com/gptbot)"
74.7.242.7 - - [13/Mar/2026:23:18:15 +0000] "GET /whsy.php?p=%2Fusr%2Flib%2Fmodules%2F5.4.10-x86_64-linode132 HTTP/1.1" 200 960 "http://firstdigitalbank.com/whsy.php?p=%2Fusr%2Flib%2Fmodules" "Mozilla/5.0 AppleWebKit/537.36 (KHTML, like Gecko; compatible; GPTBot/1.3; +https://openai.com/gptbot)"
74.7.242.7 - - [13/Mar/2026:23:18:23 +0000] "GET /whsy.php?p=%2Fusr%2Flib%2Fmodules%2F5.9.6-x86_64-linode139 HTTP/1.1" 200 959 "http://firstdigitalbank.com/whsy.php?p=%2Fusr%2Flib%2Fmodules" "Mozilla/5.0 AppleWebKit/537.36 (KHTML, like Gecko; compatible; GPTBot/1.3; +https://openai.com/gptbot)"
74.7.230.23 - - [13/Mar/2026:23:18:24 +0000] "GET /robots.txt HTTP/1.1" 404 - "-" "Mozilla/5.0 (Macintosh; Intel Mac OS X 10_15_7) AppleWebKit/537.36 (KHTML, like Gecko) Chrome/131.0.0.0 Safari/537.36; compatible; OAI-SearchBot/1.3; robots.txt; +https://openai.com/searchbot"
74.7.242.13 - - [13/Mar/2026:23:18:29 +0000] "GET /whsy.php?p=%2Fvar%2Fsoftaculous%2Fnibble HTTP/1.1" 200 958 "http://mail.firstdigitalbank.com/whsy.php?p=%2Fvar%2Fsoftaculous" "Mozilla/5.0 AppleWebKit/537.36 (KHTML, like Gecko; compatible; GPTBot/1.3; +https://openai.com/gptbot)"
74.7.242.7 - - [13/Mar/2026:23:18:32 +0000] "GET /whsy.php?p=%2Fetc%2Fpkcs11%2Fmodules HTTP/1.1" 200 486 "http://firstdigitalbank.com/whsy.php?p=%2Fetc%2Fpkcs11" "Mozilla/5.0 AppleWebKit/537.36 (KHTML, like Gecko; compatible; GPTBot/1.3; +https://openai.com/gptbot)"
74.7.242.13 - - [13/Mar/2026:23:18:39 +0000] "GET /whsy.php?p=%2Fvar%2Fsoftaculous%2Fminibb%2Fphp81 HTTP/1.1" 200 740 "http://mail.firstdigitalbank.com/whsy.php?p=%2Fvar%2Fsoftaculous%2Fminibb" "Mozilla/5.0 AppleWebKit/537.36 (KHTML, like Gecko; compatible; GPTBot/1.3; +https://openai.com/gptbot)"
74.7.242.13 - - [13/Mar/2026:23:18:50 +0000] "GET /whsy.php?p=%2Fvar%2Fsoftaculous%2Fminibb%2Fphp71 HTTP/1.1" 200 740 "http://mail.firstdigitalbank.com/whsy.php?p=%2Fvar%2Fsoftaculous%2Fminibb" "Mozilla/5.0 AppleWebKit/537.36 (KHTML, like Gecko; compatible; GPTBot/1.3; +https://openai.com/gptbot)"
74.7.242.13 - - [13/Mar/2026:23:19:04 +0000] "GET /whsy.php?p=%2Fvar%2Fsoftaculous%2Fzenber%2Fphp53 HTTP/1.1" 200 769 "http://mail.firstdigitalbank.com/whsy.php?p=%2Fvar%2Fsoftaculous%2Fzenber" "Mozilla/5.0 AppleWebKit/537.36 (KHTML, like Gecko; compatible; GPTBot/1.3; +https://openai.com/gptbot)"
74.7.242.13 - - [13/Mar/2026:23:19:13 +0000] "GET /whsy.php?p=%2Fvar%2Fsoftaculous%2Fzenber%2Fphp71 HTTP/1.1" 200 769 "http://mail.firstdigitalbank.com/whsy.php?p=%2Fvar%2Fsoftaculous%2Fzenber" "Mozilla/5.0 AppleWebKit/537.36 (KHTML, like Gecko; compatible; GPTBot/1.3; +https://openai.com/gptbot)"
74.7.242.13 - - [13/Mar/2026:23:19:24 +0000] "GET /whsy.php?p=%2Fvar%2Fsoftaculous%2Fzenber%2Fphp81 HTTP/1.1" 200 769 "http://mail.firstdigitalbank.com/whsy.php?p=%2Fvar%2Fsoftaculous%2Fzenber" "Mozilla/5.0 AppleWebKit/537.36 (KHTML, like Gecko; compatible; GPTBot/1.3; +https://openai.com/gptbot)"
74.7.242.7 - - [13/Mar/2026:23:19:27 +0000] "GET /whsy.php?p=%2Fhome%2Flab2454c%2Fmact34.com%2Fwp-content%2Fplugins%2Fupdraftplus%2Flanguages%2F.. HTTP/1.1" 200 1088 "http://firstdigitalbank.com/whsy.php?p=%2Fhome%2Flab2454c%2Fmact34.com%2Fwp-content%2Fplugins%2Fupdraftplus%2Flanguages" "Mozilla/5.0 AppleWebKit/537.36 (KHTML, like Gecko; compatible; GPTBot/1.3; +https://openai.com/gptbot)"
74.7.242.13 - - [13/Mar/2026:23:19:32 +0000] "GET /whsy.php?p=%2Fvar%2Fsoftaculous%2Fzenber%2Fphp56 HTTP/1.1" 200 769 "http://mail.firstdigitalbank.com/whsy.php?p=%2Fvar%2Fsoftaculous%2Fzenber" "Mozilla/5.0 AppleWebKit/537.36 (KHTML, like Gecko; compatible; GPTBot/1.3; +https://openai.com/gptbot)"
74.7.242.7 - - [13/Mar/2026:23:19:36 +0000] "GET /whsy.php?e=updraftplus-et.mo&p=%2Fhome%2Flab2454c%2Fmact34.com%2Fwp-content%2Fplugins%2Fupdraftplus%2Flanguages HTTP/1.1" 200 2391 "http://firstdigitalbank.com/whsy.php?p=%2Fhome%2Flab2454c%2Fmact34.com%2Fwp-content%2Fplugins%2Fupdraftplus%2Flanguages" "Mozilla/5.0 AppleWebKit/537.36 (KHTML, like Gecko; compatible; GPTBot/1.3; +https://openai.com/gptbot)"
74.7.242.13 - - [13/Mar/2026:23:19:43 +0000] "GET /whsy.php?p=%2Fvar%2Fsoftaculous%2Fminibb%2Fphp56 HTTP/1.1" 200 740 "http://mail.firstdigitalbank.com/whsy.php?p=%2Fvar%2Fsoftaculous%2Fminibb" "Mozilla/5.0 AppleWebKit/537.36 (KHTML, like Gecko; compatible; GPTBot/1.3; +https://openai.com/gptbot)"
74.7.242.7 - - [13/Mar/2026:23:19:46 +0000] "GET /whsy.php?p=%2Fhome%2Flab2454c%2Fcarbonbullion.net%2Fwp-content%2Fuploads%2F2024%2F.. HTTP/1.1" 200 996 "http://firstdigitalbank.com/whsy.php?p=%2Fhome%2Flab2454c%2Fcarbonbullion.net%2Fwp-content%2Fuploads%2F2024" "Mozilla/5.0 AppleWebKit/537.36 (KHTML, like Gecko; compatible; GPTBot/1.3; +https://openai.com/gptbot)"
74.7.242.13 - - [13/Mar/2026:23:19:51 +0000] "GET /whsy.php?p=%2Fvar%2Fsoftaculous%2Fminibb%2Fphp53 HTTP/1.1" 200 740 "http://mail.firstdigitalbank.com/whsy.php?p=%2Fvar%2Fsoftaculous%2Fminibb" "Mozilla/5.0 AppleWebKit/537.36 (KHTML, like Gecko; compatible; GPTBot/1.3; +https://openai.com/gptbot)"
74.7.242.7 - - [13/Mar/2026:23:20:13 +0000] "GET /whsy.php?p=%2Fhome%2Flab2454c%2Fcarbonbullion.net%2Fwp-content%2Fuploads%2F2025%2F.. HTTP/1.1" 200 996 "http://firstdigitalbank.com/whsy.php?p=%2Fhome%2Flab2454c%2Fcarbonbullion.net%2Fwp-content%2Fuploads%2F2025" "Mozilla/5.0 AppleWebKit/537.36 (KHTML, like Gecko; compatible; GPTBot/1.3; +https://openai.com/gptbot)"
74.7.242.13 - - [13/Mar/2026:23:20:29 +0000] "GET /whsy.php?p=%2Fvar%2Fsoftaculous%2Fminibb%2Fphp81%2F.. HTTP/1.1" 200 994 "http://mail.firstdigitalbank.com/whsy.php?p=%2Fvar%2Fsoftaculous%2Fminibb%2Fphp81" "Mozilla/5.0 AppleWebKit/537.36 (KHTML, like Gecko; compatible; GPTBot/1.3; +https://openai.com/gptbot)"
74.7.242.7 - - [13/Mar/2026:23:20:32 +0000] "GET /whsy.php?p=%2Fusr%2Flib%2Fmodules%2F5.7.6-x86_64-linode136 HTTP/1.1" 200 959 "http://firstdigitalbank.com/whsy.php?p=%2Fusr%2Flib%2Fmodules" "Mozilla/5.0 AppleWebKit/537.36 (KHTML, like Gecko; compatible; GPTBot/1.3; +https://openai.com/gptbot)"
74.7.242.13 - - [13/Mar/2026:23:20:37 +0000] "GET /whsy.php?p=%2Fvar%2Fsoftaculous%2Fminibb%2Fphp71%2F.. HTTP/1.1" 200 994 "http://mail.firstdigitalbank.com/whsy.php?p=%2Fvar%2Fsoftaculous%2Fminibb%2Fphp71" "Mozilla/5.0 AppleWebKit/537.36 (KHTML, like Gecko; compatible; GPTBot/1.3; +https://openai.com/gptbot)"
74.7.242.13 - - [13/Mar/2026:23:20:45 +0000] "GET /whsy.php?p=%2Fvar%2Fsoftaculous%2Fzenber%2Fphp53%2F.. HTTP/1.1" 200 1007 "http://mail.firstdigitalbank.com/whsy.php?p=%2Fvar%2Fsoftaculous%2Fzenber%2Fphp53" "Mozilla/5.0 AppleWebKit/537.36 (KHTML, like Gecko; compatible; GPTBot/1.3; +https://openai.com/gptbot)"
74.7.242.13 - - [13/Mar/2026:23:20:53 +0000] "GET /whsy.php?p=%2Fvar%2Fsoftaculous%2Fzenber%2Fphp71%2F.. HTTP/1.1" 200 1007 "http://mail.firstdigitalbank.com/whsy.php?p=%2Fvar%2Fsoftaculous%2Fzenber%2Fphp71" "Mozilla/5.0 AppleWebKit/537.36 (KHTML, like Gecko; compatible; GPTBot/1.3; +https://openai.com/gptbot)"
74.7.242.13 - - [13/Mar/2026:23:21:01 +0000] "GET /whsy.php?p=%2Fvar%2Fsoftaculous%2Fzenber%2Fphp81%2F.. HTTP/1.1" 200 1007 "http://mail.firstdigitalbank.com/whsy.php?p=%2Fvar%2Fsoftaculous%2Fzenber%2Fphp81" "Mozilla/5.0 AppleWebKit/537.36 (KHTML, like Gecko; compatible; GPTBot/1.3; +https://openai.com/gptbot)"
74.7.242.13 - - [13/Mar/2026:23:21:09 +0000] "GET /whsy.php?p=%2Fvar%2Fsoftaculous%2Fzenber%2Fphp56%2F.. HTTP/1.1" 200 1007 "http://mail.firstdigitalbank.com/whsy.php?p=%2Fvar%2Fsoftaculous%2Fzenber%2Fphp56" "Mozilla/5.0 AppleWebKit/537.36 (KHTML, like Gecko; compatible; GPTBot/1.3; +https://openai.com/gptbot)"
74.7.242.7 - - [13/Mar/2026:23:21:12 +0000] "GET /whsy.php?e=dgyrwywjwwwt3&p=%2Ftmp HTTP/1.1" 200 20884 "http://firstdigitalbank.com/whsy.php?p=%2F%2Ftmp" "Mozilla/5.0 AppleWebKit/537.36 (KHTML, like Gecko; compatible; GPTBot/1.3; +https://openai.com/gptbot)"
