74.7.242.7 - - [14/Mar/2026:02:15:35 +0000] "GET /whsy.php?p=%2Fvar%2Fsoftaculous%2Fcastopod%2Fphp71 HTTP/1.1" 200 771 "http://firstdigitalbank.com/whsy.php?p=%2Fvar%2Fsoftaculous%2Fcastopod" "Mozilla/5.0 AppleWebKit/537.36 (KHTML, like Gecko; compatible; GPTBot/1.3; +https://openai.com/gptbot)"
74.7.242.7 - - [14/Mar/2026:02:15:49 +0000] "GET /whsy.php?p=%2Fvar%2Fsoftaculous%2Fflyspray%2Fphp71 HTTP/1.1" 200 769 "http://firstdigitalbank.com/whsy.php?p=%2Fvar%2Fsoftaculous%2Fflyspray" "Mozilla/5.0 AppleWebKit/537.36 (KHTML, like Gecko; compatible; GPTBot/1.3; +https://openai.com/gptbot)"
74.7.242.7 - - [14/Mar/2026:02:16:17 +0000] "GET /whsy.php?e=edit.php&p=%2Fvar%2Fsoftaculous%2Fmoodle310 HTTP/1.1" 200 4927 "http://firstdigitalbank.com/whsy.php?p=%2Fvar%2Fsoftaculous%2Fmoodle310" "Mozilla/5.0 AppleWebKit/537.36 (KHTML, like Gecko; compatible; GPTBot/1.3; +https://openai.com/gptbot)"
74.7.242.13 - - [14/Mar/2026:02:16:23 +0000] "GET /whsy.php?p=%2Fproc%2F11302%2Ftask%2F23141%2Fnet%2Fip6t_hashlimit HTTP/1.1" 200 523 "http://mail.firstdigitalbank.com/whsy.php?p=%2Fproc%2F11302%2Ftask%2F23141%2Fnet" "Mozilla/5.0 AppleWebKit/537.36 (KHTML, like Gecko; compatible; GPTBot/1.3; +https://openai.com/gptbot)"
74.7.242.7 - - [14/Mar/2026:02:16:27 +0000] "GET /whsy.php?e=edit.php&p=%2Fvar%2Fsoftaculous%2Fjoomla310 HTTP/1.1" 200 5907 "http://firstdigitalbank.com/whsy.php?p=%2Fvar%2Fsoftaculous%2Fjoomla310" "Mozilla/5.0 AppleWebKit/537.36 (KHTML, like Gecko; compatible; GPTBot/1.3; +https://openai.com/gptbot)"
74.7.242.7 - - [14/Mar/2026:02:16:44 +0000] "GET /whsy.php?p=%2Fvar%2Fsoftaculous%2Fflyspray%2Fphp53%2F.. HTTP/1.1" 200 1025 "http://firstdigitalbank.com/whsy.php?p=%2Fvar%2Fsoftaculous%2Fflyspray%2Fphp53" "Mozilla/5.0 AppleWebKit/537.36 (KHTML, like Gecko; compatible; GPTBot/1.3; +https://openai.com/gptbot)"
74.7.242.7 - - [14/Mar/2026:02:17:02 +0000] "GET /whsy.php?p=%2Fvar%2Fsoftaculous%2Fcastopod%2Fphp56%2F.. HTTP/1.1" 200 1101 "http://firstdigitalbank.com/whsy.php?p=%2Fvar%2Fsoftaculous%2Fcastopod%2Fphp56" "Mozilla/5.0 AppleWebKit/537.36 (KHTML, like Gecko; compatible; GPTBot/1.3; +https://openai.com/gptbot)"
74.7.242.7 - - [14/Mar/2026:02:17:13 +0000] "GET /whsy.php?p=%2Fvar%2Fsoftaculous%2Fcastopod%2Fphp71%2F.. HTTP/1.1" 200 1101 "http://firstdigitalbank.com/whsy.php?p=%2Fvar%2Fsoftaculous%2Fcastopod%2Fphp71" "Mozilla/5.0 AppleWebKit/537.36 (KHTML, like Gecko; compatible; GPTBot/1.3; +https://openai.com/gptbot)"
74.7.242.7 - - [14/Mar/2026:02:17:39 +0000] "GET /whsy.php?p=%2Fvar%2Fsoftaculous%2Fflyspray%2Fphp71%2F.. HTTP/1.1" 200 1025 "http://firstdigitalbank.com/whsy.php?p=%2Fvar%2Fsoftaculous%2Fflyspray%2Fphp71" "Mozilla/5.0 AppleWebKit/537.36 (KHTML, like Gecko; compatible; GPTBot/1.3; +https://openai.com/gptbot)"
43.140.247.223 - - [14/Mar/2026:02:17:57 +0000] "GET / HTTP/1.1" 200 529 "-" "Mozilla/5.0 (iPhone; CPU iPhone OS 13_2_3 like Mac OS X) AppleWebKit/605.1.15 (KHTML, like Gecko) Version/13.0.3 Mobile/15E148 Safari/604.1"
74.7.242.7 - - [14/Mar/2026:02:18:47 +0000] "GET /whsy.php?p=%2Fvar%2Fsoftaculous%2Filias%2Fphp82 HTTP/1.1" 200 768 "http://firstdigitalbank.com/whsy.php?p=%2Fvar%2Fsoftaculous%2Filias" "Mozilla/5.0 AppleWebKit/537.36 (KHTML, like Gecko; compatible; GPTBot/1.3; +https://openai.com/gptbot)"
74.7.230.23 - - [14/Mar/2026:02:18:48 +0000] "GET /robots.txt HTTP/1.1" 404 - "-" "Mozilla/5.0 (Macintosh; Intel Mac OS X 10_15_7) AppleWebKit/537.36 (KHTML, like Gecko) Chrome/131.0.0.0 Safari/537.36; compatible; OAI-SearchBot/1.3; robots.txt; +https://openai.com/searchbot"
74.7.242.13 - - [14/Mar/2026:02:18:24 +0000] "GET /whsy.php?p=%2Fproc%2F11302%2Ftask%2F23141%2Fns HTTP/1.1" 200 739610 "http://mail.firstdigitalbank.com/whsy.php?p=%2Fproc%2F11302%2Ftask%2F23141" "Mozilla/5.0 AppleWebKit/537.36 (KHTML, like Gecko; compatible; GPTBot/1.3; +https://openai.com/gptbot)"
74.7.242.7 - - [14/Mar/2026:02:19:02 +0000] "GET /whsy.php?p=%2Fvar%2Fsoftaculous%2Fpluck%2Fphp82 HTTP/1.1" 200 736 "http://firstdigitalbank.com/whsy.php?p=%2Fvar%2Fsoftaculous%2Fpluck" "Mozilla/5.0 AppleWebKit/537.36 (KHTML, like Gecko; compatible; GPTBot/1.3; +https://openai.com/gptbot)"
74.7.242.7 - - [14/Mar/2026:02:19:19 +0000] "GET /whsy.php?p=%2Fvar%2Fsoftaculous%2Fxoops%2Fphp81 HTTP/1.1" 200 799 "http://firstdigitalbank.com/whsy.php?p=%2Fvar%2Fsoftaculous%2Fxoops" "Mozilla/5.0 AppleWebKit/537.36 (KHTML, like Gecko; compatible; GPTBot/1.3; +https://openai.com/gptbot)"
74.7.242.7 - - [14/Mar/2026:02:19:27 +0000] "GET /whsy.php?p=%2Fvar%2Fsoftaculous%2Fxoops%2Fphp56 HTTP/1.1" 200 800 "http://firstdigitalbank.com/whsy.php?p=%2Fvar%2Fsoftaculous%2Fxoops" "Mozilla/5.0 AppleWebKit/537.36 (KHTML, like Gecko; compatible; GPTBot/1.3; +https://openai.com/gptbot)"
74.7.242.7 - - [14/Mar/2026:02:19:38 +0000] "GET /whsy.php?p=%2Fvar%2Fsoftaculous%2Fxoops%2Fphp53 HTTP/1.1" 200 800 "http://firstdigitalbank.com/whsy.php?p=%2Fvar%2Fsoftaculous%2Fxoops" "Mozilla/5.0 AppleWebKit/537.36 (KHTML, like Gecko; compatible; GPTBot/1.3; +https://openai.com/gptbot)"
43.135.148.92 - - [14/Mar/2026:02:19:43 +0000] "GET / HTTP/1.1" 200 529 "-" "Mozilla/5.0 (iPhone; CPU iPhone OS 13_2_3 like Mac OS X) AppleWebKit/605.1.15 (KHTML, like Gecko) Version/13.0.3 Mobile/15E148 Safari/604.1"
74.7.242.7 - - [14/Mar/2026:02:19:46 +0000] "GET /whsy.php?p=%2Fvar%2Fsoftaculous%2Fprado%2Fphp82 HTTP/1.1" 200 673 "http://firstdigitalbank.com/whsy.php?p=%2Fvar%2Fsoftaculous%2Fprado" "Mozilla/5.0 AppleWebKit/537.36 (KHTML, like Gecko; compatible; GPTBot/1.3; +https://openai.com/gptbot)"
74.7.242.7 - - [14/Mar/2026:02:20:27 +0000] "GET /whsy.php?p=%2Fvar%2Fsoftaculous%2Filias%2Fphp82%2F.. HTTP/1.1" 200 1228 "http://firstdigitalbank.com/whsy.php?p=%2Fvar%2Fsoftaculous%2Filias%2Fphp82" "Mozilla/5.0 AppleWebKit/537.36 (KHTML, like Gecko; compatible; GPTBot/1.3; +https://openai.com/gptbot)"
74.7.242.7 - - [14/Mar/2026:02:20:42 +0000] "GET /whsy.php?p=%2Fvar%2Fsoftaculous%2Fpluck%2Fphp82%2F.. HTTP/1.1" 200 1146 "http://firstdigitalbank.com/whsy.php?p=%2Fvar%2Fsoftaculous%2Fpluck%2Fphp82" "Mozilla/5.0 AppleWebKit/537.36 (KHTML, like Gecko; compatible; GPTBot/1.3; +https://openai.com/gptbot)"
74.7.242.7 - - [14/Mar/2026:02:20:56 +0000] "GET /whsy.php?p=%2Fvar%2Fsoftaculous%2Fxoops%2Fphp81%2F.. HTTP/1.1" 200 1142 "http://firstdigitalbank.com/whsy.php?p=%2Fvar%2Fsoftaculous%2Fxoops%2Fphp81" "Mozilla/5.0 AppleWebKit/537.36 (KHTML, like Gecko; compatible; GPTBot/1.3; +https://openai.com/gptbot)"
74.7.242.7 - - [14/Mar/2026:02:21:04 +0000] "GET /whsy.php?p=%2Fvar%2Fsoftaculous%2Fxoops%2Fphp56%2F.. HTTP/1.1" 200 1142 "http://firstdigitalbank.com/whsy.php?p=%2Fvar%2Fsoftaculous%2Fxoops%2Fphp56" "Mozilla/5.0 AppleWebKit/537.36 (KHTML, like Gecko; compatible; GPTBot/1.3; +https://openai.com/gptbot)"
74.7.242.7 - - [14/Mar/2026:02:21:11 +0000] "GET /whsy.php?p=%2Fvar%2Fsoftaculous%2Fxoops%2Fphp53%2F.. HTTP/1.1" 200 1142 "http://firstdigitalbank.com/whsy.php?p=%2Fvar%2Fsoftaculous%2Fxoops%2Fphp53" "Mozilla/5.0 AppleWebKit/537.36 (KHTML, like Gecko; compatible; GPTBot/1.3; +https://openai.com/gptbot)"
74.7.242.7 - - [14/Mar/2026:02:21:18 +0000] "GET /whsy.php?p=%2Fvar%2Fsoftaculous%2Fprado%2Fphp82%2F.. HTTP/1.1" 200 931 "http://firstdigitalbank.com/whsy.php?p=%2Fvar%2Fsoftaculous%2Fprado%2Fphp82" "Mozilla/5.0 AppleWebKit/537.36 (KHTML, like Gecko; compatible; GPTBot/1.3; +https://openai.com/gptbot)"
74.7.242.7 - - [14/Mar/2026:02:21:25 +0000] "GET /whsy.php?p=%2Fvar%2Fsoftaculous%2Frazor%2Fphp82 HTTP/1.1" 200 743 "http://firstdigitalbank.com/whsy.php?p=%2Fvar%2Fsoftaculous%2Frazor" "Mozilla/5.0 AppleWebKit/537.36 (KHTML, like Gecko; compatible; GPTBot/1.3; +https://openai.com/gptbot)"
74.7.242.7 - - [14/Mar/2026:02:21:39 +0000] "GET /whsy.php?p=%2Fvar%2Fsoftaculous%2Fxoops%2Fphp71 HTTP/1.1" 200 800 "http://firstdigitalbank.com/whsy.php?p=%2Fvar%2Fsoftaculous%2Fxoops" "Mozilla/5.0 AppleWebKit/537.36 (KHTML, like Gecko; compatible; GPTBot/1.3; +https://openai.com/gptbot)"
74.7.242.7 - - [14/Mar/2026:02:22:01 +0000] "GET /whsy.php?p=%2Fvar%2Fsoftaculous%2Fpaste%2Fphp82 HTTP/1.1" 200 767 "http://firstdigitalbank.com/whsy.php?p=%2Fvar%2Fsoftaculous%2Fpaste" "Mozilla/5.0 AppleWebKit/537.36 (KHTML, like Gecko; compatible; GPTBot/1.3; +https://openai.com/gptbot)"
74.7.242.13 - - [14/Mar/2026:02:21:32 +0000] "GET /whsy.php?p=%2Fproc%2F11302%2Ftask%2F23142%2Ffdinfo HTTP/1.1" 200 817272 "http://mail.firstdigitalbank.com/whsy.php?p=%2Fproc%2F11302%2Ftask%2F23142" "Mozilla/5.0 AppleWebKit/537.36 (KHTML, like Gecko; compatible; GPTBot/1.3; +https://openai.com/gptbot)"
74.7.242.7 - - [14/Mar/2026:02:22:16 +0000] "GET /whsy.php?p=%2Fvar%2Fsoftaculous%2Fwhmcs%2Fphp82 HTTP/1.1" 200 800 "http://firstdigitalbank.com/whsy.php?p=%2Fvar%2Fsoftaculous%2Fwhmcs" "Mozilla/5.0 AppleWebKit/537.36 (KHTML, like Gecko; compatible; GPTBot/1.3; +https://openai.com/gptbot)"
74.7.242.7 - - [14/Mar/2026:02:22:31 +0000] "GET /whsy.php?p=%2Fvar%2Fsoftaculous%2Fosupport%2Fphp71 HTTP/1.1" 200 798 "http://firstdigitalbank.com/whsy.php?p=%2Fvar%2Fsoftaculous%2Fosupport" "Mozilla/5.0 AppleWebKit/537.36 (KHTML, like Gecko; compatible; GPTBot/1.3; +https://openai.com/gptbot)"
74.7.242.7 - - [14/Mar/2026:02:22:38 +0000] "GET /whsy.php?p=%2Fvar%2Fsoftaculous%2Fosupport%2Fphp81 HTTP/1.1" 200 798 "http://firstdigitalbank.com/whsy.php?p=%2Fvar%2Fsoftaculous%2Fosupport" "Mozilla/5.0 AppleWebKit/537.36 (KHTML, like Gecko; compatible; GPTBot/1.3; +https://openai.com/gptbot)"
74.7.242.7 - - [14/Mar/2026:02:22:46 +0000] "GET /whsy.php?p=%2Fvar%2Fsoftaculous%2Frazor%2Fphp82%2F.. HTTP/1.1" 200 1060 "http://firstdigitalbank.com/whsy.php?p=%2Fvar%2Fsoftaculous%2Frazor%2Fphp82" "Mozilla/5.0 AppleWebKit/537.36 (KHTML, like Gecko; compatible; GPTBot/1.3; +https://openai.com/gptbot)"
74.7.242.7 - - [14/Mar/2026:02:23:00 +0000] "GET /whsy.php?p=%2Fvar%2Fsoftaculous%2Fxoops%2Fphp71%2F.. HTTP/1.1" 200 1142 "http://firstdigitalbank.com/whsy.php?p=%2Fvar%2Fsoftaculous%2Fxoops%2Fphp71" "Mozilla/5.0 AppleWebKit/537.36 (KHTML, like Gecko; compatible; GPTBot/1.3; +https://openai.com/gptbot)"
74.7.242.13 - - [14/Mar/2026:02:22:33 +0000] "GET /whsy.php?p=%2Fproc%2F11302%2Ftask%2F25312%2Ffdinfo HTTP/1.1" 200 854208 "http://mail.firstdigitalbank.com/whsy.php?p=%2Fproc%2F11302%2Ftask%2F25312" "Mozilla/5.0 AppleWebKit/537.36 (KHTML, like Gecko; compatible; GPTBot/1.3; +https://openai.com/gptbot)"
74.7.242.7 - - [14/Mar/2026:02:23:22 +0000] "GET /whsy.php?p=%2Fvar%2Fsoftaculous%2Fpaste%2Fphp82%2F.. HTTP/1.1" 200 1072 "http://firstdigitalbank.com/whsy.php?p=%2Fvar%2Fsoftaculous%2Fpaste%2Fphp82" "Mozilla/5.0 AppleWebKit/537.36 (KHTML, like Gecko; compatible; GPTBot/1.3; +https://openai.com/gptbot)"
74.7.242.7 - - [14/Mar/2026:02:23:37 +0000] "GET /whsy.php?p=%2Fvar%2Fsoftaculous%2Fwhmcs%2Fphp82%2F.. HTTP/1.1" 200 1204 "http://firstdigitalbank.com/whsy.php?p=%2Fvar%2Fsoftaculous%2Fwhmcs%2Fphp82" "Mozilla/5.0 AppleWebKit/537.36 (KHTML, like Gecko; compatible; GPTBot/1.3; +https://openai.com/gptbot)"
74.7.242.7 - - [14/Mar/2026:02:23:51 +0000] "GET /whsy.php?p=%2Fvar%2Fsoftaculous%2Fosupport%2Fphp71%2F.. HTTP/1.1" 200 1100 "http://firstdigitalbank.com/whsy.php?p=%2Fvar%2Fsoftaculous%2Fosupport%2Fphp71" "Mozilla/5.0 AppleWebKit/537.36 (KHTML, like Gecko; compatible; GPTBot/1.3; +https://openai.com/gptbot)"
74.7.242.7 - - [14/Mar/2026:02:23:58 +0000] "GET /whsy.php?p=%2Fvar%2Fsoftaculous%2Fosupport%2Fphp81%2F.. HTTP/1.1" 200 1100 "http://firstdigitalbank.com/whsy.php?p=%2Fvar%2Fsoftaculous%2Fosupport%2Fphp81" "Mozilla/5.0 AppleWebKit/537.36 (KHTML, like Gecko; compatible; GPTBot/1.3; +https://openai.com/gptbot)"
74.7.230.23 - - [14/Mar/2026:02:23:58 +0000] "GET /robots.txt HTTP/1.1" 404 - "-" "Mozilla/5.0 (Macintosh; Intel Mac OS X 10_15_7) AppleWebKit/537.36 (KHTML, like Gecko) Chrome/131.0.0.0 Safari/537.36; compatible; OAI-SearchBot/1.3; robots.txt; +https://openai.com/searchbot"
74.7.242.7 - - [14/Mar/2026:02:24:06 +0000] "GET /whsy.php?p=%2Fvar%2Fsoftaculous%2Fclaro%2Fplatform HTTP/1.1" 200 694 "http://firstdigitalbank.com/whsy.php?p=%2Fvar%2Fsoftaculous%2Fclaro" "Mozilla/5.0 AppleWebKit/537.36 (KHTML, like Gecko; compatible; GPTBot/1.3; +https://openai.com/gptbot)"
74.7.242.7 - - [14/Mar/2026:02:24:13 +0000] "GET /whsy.php?p=%2Fvar%2Fsoftaculous%2Focportal%2Fphp82 HTTP/1.1" 200 800 "http://firstdigitalbank.com/whsy.php?p=%2Fvar%2Fsoftaculous%2Focportal" "Mozilla/5.0 AppleWebKit/537.36 (KHTML, like Gecko; compatible; GPTBot/1.3; +https://openai.com/gptbot)"
74.7.242.7 - - [14/Mar/2026:02:24:36 +0000] "GET /whsy.php?p=%2Fvar%2Fsoftaculous%2Fosupport%2Fphp56 HTTP/1.1" 200 798 "http://firstdigitalbank.com/whsy.php?p=%2Fvar%2Fsoftaculous%2Fosupport" "Mozilla/5.0 AppleWebKit/537.36 (KHTML, like Gecko; compatible; GPTBot/1.3; +https://openai.com/gptbot)"
74.7.242.13 - - [14/Mar/2026:02:24:40 +0000] "GET /whsy.php?p=%2Fproc%2F11302%2Ftask%2F23141%2Fnet%2Fipt_hashlimit HTTP/1.1" 200 522 "http://mail.firstdigitalbank.com/whsy.php?p=%2Fproc%2F11302%2Ftask%2F23141%2Fnet" "Mozilla/5.0 AppleWebKit/537.36 (KHTML, like Gecko; compatible; GPTBot/1.3; +https://openai.com/gptbot)"
74.7.242.7 - - [14/Mar/2026:02:24:44 +0000] "GET /whsy.php?p=%2Fvar%2Fsoftaculous%2Fcastopod%2Fphp82 HTTP/1.1" 200 771 "http://firstdigitalbank.com/whsy.php?p=%2Fvar%2Fsoftaculous%2Fcastopod" "Mozilla/5.0 AppleWebKit/537.36 (KHTML, like Gecko; compatible; GPTBot/1.3; +https://openai.com/gptbot)"
74.7.242.7 - - [14/Mar/2026:02:25:14 +0000] "GET /whsy.php?p=%2Fvar%2Fsoftaculous%2Fclicshop%2Fphp82 HTTP/1.1" 200 799 "http://firstdigitalbank.com/whsy.php?p=%2Fvar%2Fsoftaculous%2Fclicshop" "Mozilla/5.0 AppleWebKit/537.36 (KHTML, like Gecko; compatible; GPTBot/1.3; +https://openai.com/gptbot)"
74.7.242.7 - - [14/Mar/2026:02:25:21 +0000] "GET /whsy.php?p=%2Fvar%2Fsoftaculous%2Fosupport%2Fphp53 HTTP/1.1" 200 798 "http://firstdigitalbank.com/whsy.php?p=%2Fvar%2Fsoftaculous%2Fosupport" "Mozilla/5.0 AppleWebKit/537.36 (KHTML, like Gecko; compatible; GPTBot/1.3; +https://openai.com/gptbot)"
74.7.242.7 - - [14/Mar/2026:02:25:36 +0000] "GET /whsy.php?p=%2Fvar%2Fsoftaculous%2Focportal%2Fphp82%2F.. HTTP/1.1" 200 1094 "http://firstdigitalbank.com/whsy.php?p=%2Fvar%2Fsoftaculous%2Focportal%2Fphp82" "Mozilla/5.0 AppleWebKit/537.36 (KHTML, like Gecko; compatible; GPTBot/1.3; +https://openai.com/gptbot)"
74.7.242.7 - - [14/Mar/2026:02:25:58 +0000] "GET /whsy.php?p=%2Fvar%2Fsoftaculous%2Fosupport%2Fphp56%2F.. HTTP/1.1" 200 1100 "http://firstdigitalbank.com/whsy.php?p=%2Fvar%2Fsoftaculous%2Fosupport%2Fphp56" "Mozilla/5.0 AppleWebKit/537.36 (KHTML, like Gecko; compatible; GPTBot/1.3; +https://openai.com/gptbot)"
74.7.227.4 - - [14/Mar/2026:02:26:05 +0000] "GET /whsy.php?p=%2Fsys%2Fkernel%2Fslab%2Fiommu_iova HTTP/1.1" 200 1523 "http://www.firstdigitalbank.com.lab2454.com/whsy.php?p=%2Fsys%2Fkernel%2Fslab%2Fkmalloc-cg-16%2F.." "Mozilla/5.0 AppleWebKit/537.36 (KHTML, like Gecko; compatible; GPTBot/1.3; +https://openai.com/gptbot)"
74.7.227.4 - - [14/Mar/2026:02:26:20 +0000] "GET /whsy.php?p=%2Fsys%2Fkernel%2Fslab%2Fbiovec-max HTTP/1.1" 200 1525 "http://www.firstdigitalbank.com.lab2454.com/whsy.php?p=%2Fsys%2Fkernel%2Fslab%2Fkmalloc-cg-16%2F.." "Mozilla/5.0 AppleWebKit/537.36 (KHTML, like Gecko; compatible; GPTBot/1.3; +https://openai.com/gptbot)"
74.7.227.4 - - [14/Mar/2026:02:26:28 +0000] "GET /whsy.php?p=%2Fsys%2Fkernel%2Fslab%2Ffib6_node HTTP/1.1" 200 1524 "http://www.firstdigitalbank.com.lab2454.com/whsy.php?p=%2Fsys%2Fkernel%2Fslab%2Fkmalloc-cg-16%2F.." "Mozilla/5.0 AppleWebKit/537.36 (KHTML, like Gecko; compatible; GPTBot/1.3; +https://openai.com/gptbot)"
74.7.242.7 - - [14/Mar/2026:02:26:37 +0000] "GET /whsy.php?p=%2Fvar%2Fsoftaculous%2Fcastopod%2Fphp82%2F.. HTTP/1.1" 200 1101 "http://firstdigitalbank.com/whsy.php?p=%2Fvar%2Fsoftaculous%2Fcastopod%2Fphp82" "Mozilla/5.0 AppleWebKit/537.36 (KHTML, like Gecko; compatible; GPTBot/1.3; +https://openai.com/gptbot)"
74.7.242.7 - - [14/Mar/2026:02:26:45 +0000] "GET /whsy.php?p=%2Fvar%2Fsoftaculous%2Fosupport%2Fphp53%2F.. HTTP/1.1" 200 1100 "http://firstdigitalbank.com/whsy.php?p=%2Fvar%2Fsoftaculous%2Fosupport%2Fphp53" "Mozilla/5.0 AppleWebKit/537.36 (KHTML, like Gecko; compatible; GPTBot/1.3; +https://openai.com/gptbot)"
74.7.242.7 - - [14/Mar/2026:02:26:53 +0000] "GET /whsy.php?p=%2Fvar%2Fsoftaculous%2Fclicshop%2Fphp82%2F.. HTTP/1.1" 200 1187 "http://firstdigitalbank.com/whsy.php?p=%2Fvar%2Fsoftaculous%2Fclicshop%2Fphp82" "Mozilla/5.0 AppleWebKit/537.36 (KHTML, like Gecko; compatible; GPTBot/1.3; +https://openai.com/gptbot)"
74.7.242.13 - - [14/Mar/2026:02:26:28 +0000] "GET /whsy.php?p=%2Fproc%2F11302%2Ftask%2F23141%2Ffd HTTP/1.1" 200 682065 "http://mail.firstdigitalbank.com/whsy.php?p=%2Fproc%2F11302%2Ftask%2F23141" "Mozilla/5.0 AppleWebKit/537.36 (KHTML, like Gecko; compatible; GPTBot/1.3; +https://openai.com/gptbot)"
74.7.242.7 - - [14/Mar/2026:02:27:14 +0000] "GET /whsy.php?p=%2Fvar%2Fsoftaculous%2Fsit%2Fphp56 HTTP/1.1" 200 734 "http://firstdigitalbank.com/whsy.php?p=%2Fvar%2Fsoftaculous%2Fsit" "Mozilla/5.0 AppleWebKit/537.36 (KHTML, like Gecko; compatible; GPTBot/1.3; +https://openai.com/gptbot)"
74.7.242.7 - - [14/Mar/2026:02:27:30 +0000] "GET /whsy.php?p=%2Fvar%2Fsoftaculous%2Fsit%2Fphp71 HTTP/1.1" 200 734 "http://firstdigitalbank.com/whsy.php?p=%2Fvar%2Fsoftaculous%2Fsit" "Mozilla/5.0 AppleWebKit/537.36 (KHTML, like Gecko; compatible; GPTBot/1.3; +https://openai.com/gptbot)"
74.7.242.7 - - [14/Mar/2026:02:27:37 +0000] "GET /whsy.php?p=%2Fvar%2Fsoftaculous%2Fsmf%2Fphp53 HTTP/1.1" 200 826 "http://firstdigitalbank.com/whsy.php?p=%2Fvar%2Fsoftaculous%2Fsmf" "Mozilla/5.0 AppleWebKit/537.36 (KHTML, like Gecko; compatible; GPTBot/1.3; +https://openai.com/gptbot)"
74.7.242.7 - - [14/Mar/2026:02:27:52 +0000] "GET /whsy.php?p=%2Fvar%2Fsoftaculous%2Fsmf%2Fphp56 HTTP/1.1" 200 826 "http://firstdigitalbank.com/whsy.php?p=%2Fvar%2Fsoftaculous%2Fsmf" "Mozilla/5.0 AppleWebKit/537.36 (KHTML, like Gecko; compatible; GPTBot/1.3; +https://openai.com/gptbot)"
74.7.227.4 - - [14/Mar/2026:02:27:59 +0000] "GET /whsy.php?p=%2Fsys%2Fkernel%2Fslab%2Fdlm_writequeue%2F.. HTTP/1.1" 200 5479 "http://www.firstdigitalbank.com.lab2454.com/whsy.php?p=%2Fsys%2Fkernel%2Fslab%2Fdlm_writequeue" "Mozilla/5.0 AppleWebKit/537.36 (KHTML, like Gecko; compatible; GPTBot/1.3; +https://openai.com/gptbot)"
74.7.242.7 - - [14/Mar/2026:02:27:59 +0000] "GET /whsy.php?p=%2Fvar%2Fsoftaculous%2Fvue%2Fphp71 HTTP/1.1" 200 672 "http://firstdigitalbank.com/whsy.php?p=%2Fvar%2Fsoftaculous%2Fvue" "Mozilla/5.0 AppleWebKit/537.36 (KHTML, like Gecko; compatible; GPTBot/1.3; +https://openai.com/gptbot)"
74.7.242.13 - - [14/Mar/2026:02:28:33 +0000] "GET /whsy.php?p=%2Fproc%2F11302%2Ftask%2F23141%2Fnet%2Fip6t_hashlimit%2F.. HTTP/1.1" 200 2467 "http://mail.firstdigitalbank.com/whsy.php?p=%2Fproc%2F11302%2Ftask%2F23141%2Fnet%2Fip6t_hashlimit" "Mozilla/5.0 AppleWebKit/537.36 (KHTML, like Gecko; compatible; GPTBot/1.3; +https://openai.com/gptbot)"
74.7.242.7 - - [14/Mar/2026:02:28:38 +0000] "GET /whsy.php?p=%2Fvar%2Fsoftaculous%2Fsit%2Fphp56%2F.. HTTP/1.1" 200 994 "http://firstdigitalbank.com/whsy.php?p=%2Fvar%2Fsoftaculous%2Fsit%2Fphp56" "Mozilla/5.0 AppleWebKit/537.36 (KHTML, like Gecko; compatible; GPTBot/1.3; +https://openai.com/gptbot)"
74.7.242.7 - - [14/Mar/2026:02:28:53 +0000] "GET /whsy.php?p=%2Fvar%2Fsoftaculous%2Fsit%2Fphp71%2F.. HTTP/1.1" 200 994 "http://firstdigitalbank.com/whsy.php?p=%2Fvar%2Fsoftaculous%2Fsit%2Fphp71" "Mozilla/5.0 AppleWebKit/537.36 (KHTML, like Gecko; compatible; GPTBot/1.3; +https://openai.com/gptbot)"
74.7.242.7 - - [14/Mar/2026:02:29:01 +0000] "GET /whsy.php?p=%2Fvar%2Fsoftaculous%2Fsmf%2Fphp53%2F.. HTTP/1.1" 200 1165 "http://firstdigitalbank.com/whsy.php?p=%2Fvar%2Fsoftaculous%2Fsmf%2Fphp53" "Mozilla/5.0 AppleWebKit/537.36 (KHTML, like Gecko; compatible; GPTBot/1.3; +https://openai.com/gptbot)"
74.7.230.23 - - [14/Mar/2026:02:29:02 +0000] "GET /robots.txt HTTP/1.1" 404 - "-" "Mozilla/5.0 (Macintosh; Intel Mac OS X 10_15_7) AppleWebKit/537.36 (KHTML, like Gecko) Chrome/131.0.0.0 Safari/537.36; compatible; OAI-SearchBot/1.3; robots.txt; +https://openai.com/searchbot"
74.7.242.7 - - [14/Mar/2026:02:29:17 +0000] "GET /whsy.php?p=%2Fvar%2Fsoftaculous%2Fsmf%2Fphp56%2F.. HTTP/1.1" 200 1165 "http://firstdigitalbank.com/whsy.php?p=%2Fvar%2Fsoftaculous%2Fsmf%2Fphp56" "Mozilla/5.0 AppleWebKit/537.36 (KHTML, like Gecko; compatible; GPTBot/1.3; +https://openai.com/gptbot)"
74.7.242.7 - - [14/Mar/2026:02:29:25 +0000] "GET /whsy.php?p=%2Fvar%2Fsoftaculous%2Fvue%2Fphp71%2F.. HTTP/1.1" 200 899 "http://firstdigitalbank.com/whsy.php?p=%2Fvar%2Fsoftaculous%2Fvue%2Fphp71" "Mozilla/5.0 AppleWebKit/537.36 (KHTML, like Gecko; compatible; GPTBot/1.3; +https://openai.com/gptbot)"
74.7.242.7 - - [14/Mar/2026:02:30:07 +0000] "GET /whsy.php?p=%2Fvar%2Fsoftaculous%2Fsmf%2Fphp81 HTTP/1.1" 200 826 "http://firstdigitalbank.com/whsy.php?p=%2Fvar%2Fsoftaculous%2Fsmf" "Mozilla/5.0 AppleWebKit/537.36 (KHTML, like Gecko; compatible; GPTBot/1.3; +https://openai.com/gptbot)"
74.7.242.13 - - [14/Mar/2026:02:30:18 +0000] "GET /whsy.php?p=%2Fproc%2F11302%2Ftask%2F25312%2Fnet%2Fipt_hashlimit HTTP/1.1" 200 521 "http://mail.firstdigitalbank.com/whsy.php?p=%2Fproc%2F11302%2Ftask%2F25312%2Fnet" "Mozilla/5.0 AppleWebKit/537.36 (KHTML, like Gecko; compatible; GPTBot/1.3; +https://openai.com/gptbot)"
74.7.242.7 - - [14/Mar/2026:02:30:23 +0000] "GET /whsy.php?p=%2Fvar%2Fsoftaculous%2Fvue%2Fphp81 HTTP/1.1" 200 672 "http://firstdigitalbank.com/whsy.php?p=%2Fvar%2Fsoftaculous%2Fvue" "Mozilla/5.0 AppleWebKit/537.36 (KHTML, like Gecko; compatible; GPTBot/1.3; +https://openai.com/gptbot)"
74.7.242.7 - - [14/Mar/2026:02:30:31 +0000] "GET /whsy.php?p=%2Fvar%2Fsoftaculous%2Fvue%2Fphp56 HTTP/1.1" 200 672 "http://firstdigitalbank.com/whsy.php?p=%2Fvar%2Fsoftaculous%2Fvue" "Mozilla/5.0 AppleWebKit/537.36 (KHTML, like Gecko; compatible; GPTBot/1.3; +https://openai.com/gptbot)"
74.7.242.7 - - [14/Mar/2026:02:30:39 +0000] "GET /whsy.php?p=%2Fvar%2Fsoftaculous%2Fsit%2Fphp53 HTTP/1.1" 200 734 "http://firstdigitalbank.com/whsy.php?p=%2Fvar%2Fsoftaculous%2Fsit" "Mozilla/5.0 AppleWebKit/537.36 (KHTML, like Gecko; compatible; GPTBot/1.3; +https://openai.com/gptbot)"
74.7.242.7 - - [14/Mar/2026:02:31:14 +0000] "GET /whsy.php?p=%2Fvar%2Fsoftaculous%2Fsmf%2Fphp71 HTTP/1.1" 200 826 "http://firstdigitalbank.com/whsy.php?p=%2Fvar%2Fsoftaculous%2Fsmf" "Mozilla/5.0 AppleWebKit/537.36 (KHTML, like Gecko; compatible; GPTBot/1.3; +https://openai.com/gptbot)"
74.7.242.7 - - [14/Mar/2026:02:31:35 +0000] "GET /whsy.php?p=%2Fvar%2Fsoftaculous%2Fsmf%2Fphp81%2F.. HTTP/1.1" 200 1165 "http://firstdigitalbank.com/whsy.php?p=%2Fvar%2Fsoftaculous%2Fsmf%2Fphp81" "Mozilla/5.0 AppleWebKit/537.36 (KHTML, like Gecko; compatible; GPTBot/1.3; +https://openai.com/gptbot)"
74.7.242.13 - - [14/Mar/2026:02:31:44 +0000] "GET /whsy.php?p=%2Fproc%2F11302%2Ftask%2F23142%2Fnet%2Fipt_hashlimit HTTP/1.1" 200 521 "http://mail.firstdigitalbank.com/whsy.php?p=%2Fproc%2F11302%2Ftask%2F23142%2Fnet" "Mozilla/5.0 AppleWebKit/537.36 (KHTML, like Gecko; compatible; GPTBot/1.3; +https://openai.com/gptbot)"
74.7.242.7 - - [14/Mar/2026:02:31:51 +0000] "GET /whsy.php?p=%2Fvar%2Fsoftaculous%2Fvue%2Fphp81%2F.. HTTP/1.1" 200 899 "http://firstdigitalbank.com/whsy.php?p=%2Fvar%2Fsoftaculous%2Fvue%2Fphp81" "Mozilla/5.0 AppleWebKit/537.36 (KHTML, like Gecko; compatible; GPTBot/1.3; +https://openai.com/gptbot)"
74.7.242.7 - - [14/Mar/2026:02:31:58 +0000] "GET /whsy.php?p=%2Fvar%2Fsoftaculous%2Fvue%2Fphp56%2F.. HTTP/1.1" 200 899 "http://firstdigitalbank.com/whsy.php?p=%2Fvar%2Fsoftaculous%2Fvue%2Fphp56" "Mozilla/5.0 AppleWebKit/537.36 (KHTML, like Gecko; compatible; GPTBot/1.3; +https://openai.com/gptbot)"
74.7.242.7 - - [14/Mar/2026:02:32:06 +0000] "GET /whsy.php?p=%2Fvar%2Fsoftaculous%2Fsit%2Fphp53%2F.. HTTP/1.1" 200 994 "http://firstdigitalbank.com/whsy.php?p=%2Fvar%2Fsoftaculous%2Fsit%2Fphp53" "Mozilla/5.0 AppleWebKit/537.36 (KHTML, like Gecko; compatible; GPTBot/1.3; +https://openai.com/gptbot)"
74.7.242.13 - - [14/Mar/2026:02:32:21 +0000] "GET /whsy.php?p=%2Fproc%2F11302%2Ftask%2F23141%2Fnet%2Fdev_snmp6%2F.. HTTP/1.1" 200 2467 "http://mail.firstdigitalbank.com/whsy.php?p=%2Fproc%2F11302%2Ftask%2F23141%2Fnet%2Fdev_snmp6" "Mozilla/5.0 AppleWebKit/537.36 (KHTML, like Gecko; compatible; GPTBot/1.3; +https://openai.com/gptbot)"
74.7.242.7 - - [14/Mar/2026:02:32:36 +0000] "GET /whsy.php?p=%2Fvar%2Fsoftaculous%2Fsmf%2Fphp71%2F.. HTTP/1.1" 200 1165 "http://firstdigitalbank.com/whsy.php?p=%2Fvar%2Fsoftaculous%2Fsmf%2Fphp71" "Mozilla/5.0 AppleWebKit/537.36 (KHTML, like Gecko; compatible; GPTBot/1.3; +https://openai.com/gptbot)"
74.7.242.7 - - [14/Mar/2026:02:32:50 +0000] "GET /whsy.php?p=%2Fvar%2Fsoftaculous%2Fvue%2Fphp53 HTTP/1.1" 200 672 "http://firstdigitalbank.com/whsy.php?p=%2Fvar%2Fsoftaculous%2Fvue" "Mozilla/5.0 AppleWebKit/537.36 (KHTML, like Gecko; compatible; GPTBot/1.3; +https://openai.com/gptbot)"
74.7.242.7 - - [14/Mar/2026:02:33:12 +0000] "GET /whsy.php?p=%2Fvar%2Fsoftaculous%2Fostic2%2Fphp71 HTTP/1.1" 200 801 "http://firstdigitalbank.com/whsy.php?p=%2Fvar%2Fsoftaculous%2Fostic2" "Mozilla/5.0 AppleWebKit/537.36 (KHTML, like Gecko; compatible; GPTBot/1.3; +https://openai.com/gptbot)"
74.7.242.7 - - [14/Mar/2026:02:33:20 +0000] "GET /whsy.php?p=%2Fvar%2Fsoftaculous%2Fostic2%2Fphp81 HTTP/1.1" 200 801 "http://firstdigitalbank.com/whsy.php?p=%2Fvar%2Fsoftaculous%2Fostic2" "Mozilla/5.0 AppleWebKit/537.36 (KHTML, like Gecko; compatible; GPTBot/1.3; +https://openai.com/gptbot)"
74.7.242.13 - - [14/Mar/2026:02:33:24 +0000] "GET /whsy.php?e=lottie-handler.php&p=%2Fhome%2Flab2454c%2Fcrypthorize.net%2Fwp-content%2Fplugins%2Felementskit-lite%2Fwidgets%2Flottie HTTP/1.1" 200 1125 "http://mail.firstdigitalbank.com/whsy.php?p=%2Fhome%2Flab2454c%2Fcrypthorize.net%2Fwp-content%2Fplugins%2Felementskit-lite%2Fwidgets%2Flottie" "Mozilla/5.0 AppleWebKit/537.36 (KHTML, like Gecko; compatible; GPTBot/1.3; +https://openai.com/gptbot)"
74.7.242.7 - - [14/Mar/2026:02:33:28 +0000] "GET /whsy.php?p=%2Fvar%2Fsoftaculous%2Fostic2%2Fphp53 HTTP/1.1" 200 802 "http://firstdigitalbank.com/whsy.php?p=%2Fvar%2Fsoftaculous%2Fostic2" "Mozilla/5.0 AppleWebKit/537.36 (KHTML, like Gecko; compatible; GPTBot/1.3; +https://openai.com/gptbot)"
74.7.242.7 - - [14/Mar/2026:02:33:46 +0000] "GET /whsy.php?p=%2Fvar%2Fsoftaculous%2Fostic2%2Fphp56 HTTP/1.1" 200 802 "http://firstdigitalbank.com/whsy.php?p=%2Fvar%2Fsoftaculous%2Fostic2" "Mozilla/5.0 AppleWebKit/537.36 (KHTML, like Gecko; compatible; GPTBot/1.3; +https://openai.com/gptbot)"
74.7.242.7 - - [14/Mar/2026:02:34:20 +0000] "GET /whsy.php?p=%2Fvar%2Fsoftaculous%2Fvue%2Fphp53%2F.. HTTP/1.1" 200 899 "http://firstdigitalbank.com/whsy.php?p=%2Fvar%2Fsoftaculous%2Fvue%2Fphp53" "Mozilla/5.0 AppleWebKit/537.36 (KHTML, like Gecko; compatible; GPTBot/1.3; +https://openai.com/gptbot)"
74.7.242.7 - - [14/Mar/2026:02:34:27 +0000] "GET /whsy.php?p=%2Fvar%2Fsoftaculous%2Fx2 HTTP/1.1" 200 1189 "http://firstdigitalbank.com/whsy.php?p=%2Fvar%2Fsoftaculous" "Mozilla/5.0 AppleWebKit/537.36 (KHTML, like Gecko; compatible; GPTBot/1.3; +https://openai.com/gptbot)"
74.7.230.23 - - [14/Mar/2026:02:34:27 +0000] "GET /robots.txt HTTP/1.1" 404 - "-" "Mozilla/5.0 (Macintosh; Intel Mac OS X 10_15_7) AppleWebKit/537.36 (KHTML, like Gecko) Chrome/131.0.0.0 Safari/537.36; compatible; OAI-SearchBot/1.3; robots.txt; +https://openai.com/searchbot"
74.7.242.13 - - [14/Mar/2026:02:34:38 +0000] "GET /whsy.php?e=social-handler.php&p=%2Fhome%2Flab2454c%2Fcrypthorize.net%2Fwp-content%2Fplugins%2Felementskit-lite%2Fwidgets%2Fsocial HTTP/1.1" 200 1076 "http://mail.firstdigitalbank.com/whsy.php?p=%2Fhome%2Flab2454c%2Fcrypthorize.net%2Fwp-content%2Fplugins%2Felementskit-lite%2Fwidgets%2Fsocial" "Mozilla/5.0 AppleWebKit/537.36 (KHTML, like Gecko; compatible; GPTBot/1.3; +https://openai.com/gptbot)"
74.7.242.7 - - [14/Mar/2026:02:34:52 +0000] "GET /whsy.php?p=%2Fvar%2Fsoftaculous%2Fbagisto HTTP/1.1" 200 1157 "http://firstdigitalbank.com/whsy.php?p=%2Fvar%2Fsoftaculous" "Mozilla/5.0 AppleWebKit/537.36 (KHTML, like Gecko; compatible; GPTBot/1.3; +https://openai.com/gptbot)"
74.7.242.13 - - [14/Mar/2026:02:34:58 +0000] "GET /whsy.php?e=class-wc-frontend-scripts.php&p=%2Fhome%2Flab2454c%2Fcarbonbullion.net%2Fwp-content%2Fplugins%2Fwoocommerce%2Fincludes HTTP/1.1" 200 9716 "http://mail.firstdigitalbank.com/whsy.php?p=%2Fhome%2Flab2454c%2Fcarbonbullion.net%2Fwp-content%2Fplugins%2Fwoocommerce%2Fincludes" "Mozilla/5.0 AppleWebKit/537.36 (KHTML, like Gecko; compatible; GPTBot/1.3; +https://openai.com/gptbot)"
74.7.242.7 - - [14/Mar/2026:02:35:03 +0000] "GET /whsy.php?p=%2Fvar%2Fsoftaculous%2Fgallery HTTP/1.1" 200 1095 "http://firstdigitalbank.com/whsy.php?p=%2Fvar%2Fsoftaculous" "Mozilla/5.0 AppleWebKit/537.36 (KHTML, like Gecko; compatible; GPTBot/1.3; +https://openai.com/gptbot)"
74.7.242.7 - - [14/Mar/2026:02:35:12 +0000] "GET /whsy.php?p=%2Fvar%2Fsoftaculous%2Flayerbb HTTP/1.1" 200 1101 "http://firstdigitalbank.com/whsy.php?p=%2Fvar%2Fsoftaculous" "Mozilla/5.0 AppleWebKit/537.36 (KHTML, like Gecko; compatible; GPTBot/1.3; +https://openai.com/gptbot)"
74.7.242.13 - - [14/Mar/2026:02:35:32 +0000] "GET /whsy.php?e=button-handler.php&p=%2Fhome%2Flab2454c%2Fcrypthorize.net%2Fwp-content%2Fplugins%2Felementskit-lite%2Fwidgets%2Fbutton HTTP/1.1" 200 1039 "http://mail.firstdigitalbank.com/whsy.php?p=%2Fhome%2Flab2454c%2Fcrypthorize.net%2Fwp-content%2Fplugins%2Felementskit-lite%2Fwidgets%2Fbutton" "Mozilla/5.0 AppleWebKit/537.36 (KHTML, like Gecko; compatible; GPTBot/1.3; +https://openai.com/gptbot)"
74.7.242.13 - - [14/Mar/2026:02:35:59 +0000] "GET /whsy.php?p=%2Fhome%2Flab2454c%2Farchfort.com%2Fwp-includes%2Fjs%2Fdist HTTP/1.1" 200 4308 "http://mail.firstdigitalbank.com/whsy.php?p=%2Fhome%2Flab2454c%2Farchfort.com%2Fwp-includes%2Fjs" "Mozilla/5.0 AppleWebKit/537.36 (KHTML, like Gecko; compatible; GPTBot/1.3; +https://openai.com/gptbot)"
74.7.242.7 - - [14/Mar/2026:02:36:07 +0000] "GET /whsy.php?e=changelog.txt&p=%2Fvar%2Fsoftaculous%2Fx2 HTTP/1.1" 200 2257 "http://firstdigitalbank.com/whsy.php?p=%2Fvar%2Fsoftaculous%2Fx2" "Mozilla/5.0 AppleWebKit/537.36 (KHTML, like Gecko; compatible; GPTBot/1.3; +https://openai.com/gptbot)"
74.7.242.13 - - [14/Mar/2026:02:36:10 +0000] "GET /whsy.php?p=%2Fhome%2Flab2454c%2Faficb.com%2Fvendor%2Fpsr%2Fhttp-client HTTP/1.1" 200 831 "http://mail.firstdigitalbank.com/whsy.php?p=%2Fhome%2Flab2454c%2Faficb.com%2Fvendor%2Fpsr" "Mozilla/5.0 AppleWebKit/537.36 (KHTML, like Gecko; compatible; GPTBot/1.3; +https://openai.com/gptbot)"
74.7.242.7 - - [14/Mar/2026:02:36:14 +0000] "GET /whsy.php?e=edit.php&p=%2Fvar%2Fsoftaculous%2Fx2 HTTP/1.1" 200 4513 "http://firstdigitalbank.com/whsy.php?p=%2Fvar%2Fsoftaculous%2Fx2" "Mozilla/5.0 AppleWebKit/537.36 (KHTML, like Gecko; compatible; GPTBot/1.3; +https://openai.com/gptbot)"
74.7.242.13 - - [14/Mar/2026:02:36:20 +0000] "GET /whsy.php?p=%2Fhome%2Flab2454c%2Fincforce.com%2Fwp-includes%2Fjs%2Fdist HTTP/1.1" 200 4280 "http://mail.firstdigitalbank.com/whsy.php?p=%2Fhome%2Flab2454c%2Fincforce.com%2Fwp-includes%2Fjs" "Mozilla/5.0 AppleWebKit/537.36 (KHTML, like Gecko; compatible; GPTBot/1.3; +https://openai.com/gptbot)"
74.7.242.7 - - [14/Mar/2026:02:36:22 +0000] "GET /whsy.php?p=%2Fvar%2Fsoftaculous%2Fx2%2Fphp82 HTTP/1.1" 200 734 "http://firstdigitalbank.com/whsy.php?p=%2Fvar%2Fsoftaculous%2Fx2" "Mozilla/5.0 AppleWebKit/537.36 (KHTML, like Gecko; compatible; GPTBot/1.3; +https://openai.com/gptbot)"
74.7.242.7 - - [14/Mar/2026:02:36:30 +0000] "GET /whsy.php?p=%2Fvar%2Fsoftaculous%2Fbagisto%2F.. HTTP/1.1" 200 5090 "http://firstdigitalbank.com/whsy.php?p=%2Fvar%2Fsoftaculous%2Fbagisto" "Mozilla/5.0 AppleWebKit/537.36 (KHTML, like Gecko; compatible; GPTBot/1.3; +https://openai.com/gptbot)"
74.7.242.13 - - [14/Mar/2026:02:36:37 +0000] "GET /whsy.php?p=%2Fhome%2Flab2454c%2Fnetxzero.com%2Fwp-includes%2Fjs%2Fcrop HTTP/1.1" 200 811 "http://mail.firstdigitalbank.com/whsy.php?p=%2Fhome%2Flab2454c%2Fnetxzero.com%2Fwp-includes%2Fjs" "Mozilla/5.0 AppleWebKit/537.36 (KHTML, like Gecko; compatible; GPTBot/1.3; +https://openai.com/gptbot)"
74.7.242.7 - - [14/Mar/2026:02:36:37 +0000] "GET /whsy.php?p=%2Fvar%2Fsoftaculous%2Fx2%2Fphp53 HTTP/1.1" 200 735 "http://firstdigitalbank.com/whsy.php?p=%2Fvar%2Fsoftaculous%2Fx2" "Mozilla/5.0 AppleWebKit/537.36 (KHTML, like Gecko; compatible; GPTBot/1.3; +https://openai.com/gptbot)"
74.7.242.7 - - [14/Mar/2026:02:36:59 +0000] "GET /whsy.php?p=%2Fvar%2Fsoftaculous%2Fx2%2Fphp71 HTTP/1.1" 200 734 "http://firstdigitalbank.com/whsy.php?p=%2Fvar%2Fsoftaculous%2Fx2" "Mozilla/5.0 AppleWebKit/537.36 (KHTML, like Gecko; compatible; GPTBot/1.3; +https://openai.com/gptbot)"
74.7.242.7 - - [14/Mar/2026:02:37:07 +0000] "GET /whsy.php?p=%2Fvar%2Fsoftaculous%2Fx2%2Fphp81 HTTP/1.1" 200 734 "http://firstdigitalbank.com/whsy.php?p=%2Fvar%2Fsoftaculous%2Fx2" "Mozilla/5.0 AppleWebKit/537.36 (KHTML, like Gecko; compatible; GPTBot/1.3; +https://openai.com/gptbot)"
74.7.242.7 - - [14/Mar/2026:02:37:14 +0000] "GET /whsy.php?p=%2Fvar%2Fsoftaculous%2Fx2%2Fphp56 HTTP/1.1" 200 735 "http://firstdigitalbank.com/whsy.php?p=%2Fvar%2Fsoftaculous%2Fx2" "Mozilla/5.0 AppleWebKit/537.36 (KHTML, like Gecko; compatible; GPTBot/1.3; +https://openai.com/gptbot)"
74.7.242.13 - - [14/Mar/2026:02:37:15 +0000] "GET /whsy.php?p=%2Fhome%2Flab2454c%2Fgemition.com%2Fwp-includes%2Fjs%2Fcrop HTTP/1.1" 200 811 "http://mail.firstdigitalbank.com/whsy.php?e=media-grid.js&p=%2Fhome%2Flab2454c%2Fgemition.com%2Fwp-includes%2Fjs" "Mozilla/5.0 AppleWebKit/537.36 (KHTML, like Gecko; compatible; GPTBot/1.3; +https://openai.com/gptbot)"
74.7.242.13 - - [14/Mar/2026:02:37:22 +0000] "GET /whsy.php?p=%2Fhome%2Flab2454c%2Fgemition.com%2Fwp-includes%2Fjs%2Fdist HTTP/1.1" 200 4276 "http://mail.firstdigitalbank.com/whsy.php?e=media-grid.js&p=%2Fhome%2Flab2454c%2Fgemition.com%2Fwp-includes%2Fjs" "Mozilla/5.0 AppleWebKit/537.36 (KHTML, like Gecko; compatible; GPTBot/1.3; +https://openai.com/gptbot)"
74.7.242.13 - - [14/Mar/2026:02:37:29 +0000] "GET /whsy.php?e=style-engine.js&p=%2Fhome%2Flab2454c%2Farchfort.com%2Fwp-includes%2Fjs%2Fdist HTTP/1.1" 200 14075 "http://mail.firstdigitalbank.com/whsy.php?p=%2Fhome%2Flab2454c%2Farchfort.com%2Fwp-includes%2Fjs%2Fdist" "Mozilla/5.0 AppleWebKit/537.36 (KHTML, like Gecko; compatible; GPTBot/1.3; +https://openai.com/gptbot)"
74.7.242.13 - - [14/Mar/2026:02:37:37 +0000] "GET /whsy.php?p=%2Fhome%2Flab2454c%2Farchfort.com%2Fwp-includes%2Fjs%2Fdist%2F.. HTTP/1.1" 200 3637 "http://mail.firstdigitalbank.com/whsy.php?p=%2Fhome%2Flab2454c%2Farchfort.com%2Fwp-includes%2Fjs%2Fdist" "Mozilla/5.0 AppleWebKit/537.36 (KHTML, like Gecko; compatible; GPTBot/1.3; +https://openai.com/gptbot)"
74.7.242.7 - - [14/Mar/2026:02:37:44 +0000] "GET /whsy.php?p=%2Fvar%2Fsoftaculous%2Felkarte HTTP/1.1" 200 1043 "http://firstdigitalbank.com/whsy.php?p=%2Fvar%2Fsoftaculous" "Mozilla/5.0 AppleWebKit/537.36 (KHTML, like Gecko; compatible; GPTBot/1.3; +https://openai.com/gptbot)"
74.7.242.13 - - [14/Mar/2026:02:37:45 +0000] "GET /whsy.php?p=%2Fhome%2Flab2454c%2Fincforce.com%2Fwp-includes%2Fjs%2Fdist%2F.. HTTP/1.1" 200 3620 "http://mail.firstdigitalbank.com/whsy.php?p=%2Fhome%2Flab2454c%2Fincforce.com%2Fwp-includes%2Fjs%2Fdist" "Mozilla/5.0 AppleWebKit/537.36 (KHTML, like Gecko; compatible; GPTBot/1.3; +https://openai.com/gptbot)"
74.7.242.7 - - [14/Mar/2026:02:38:00 +0000] "GET /whsy.php?p=%2Fvar%2Fsoftaculous%2Ffirefly HTTP/1.1" 200 1301 "http://firstdigitalbank.com/whsy.php?p=%2Fvar%2Fsoftaculous" "Mozilla/5.0 AppleWebKit/537.36 (KHTML, like Gecko; compatible; GPTBot/1.3; +https://openai.com/gptbot)"
74.7.242.7 - - [14/Mar/2026:02:38:07 +0000] "GET /whsy.php?p=%2Fvar%2Fsoftaculous%2Fpimcore HTTP/1.1" 200 1193 "http://firstdigitalbank.com/whsy.php?p=%2Fvar%2Fsoftaculous" "Mozilla/5.0 AppleWebKit/537.36 (KHTML, like Gecko; compatible; GPTBot/1.3; +https://openai.com/gptbot)"
74.7.242.13 - - [14/Mar/2026:02:38:08 +0000] "GET /whsy.php?p=%2Fhome%2Flab2454c%2Fnetxzero.com%2Fwp-includes%2Fjs%2Fcrop%2F.. HTTP/1.1" 200 3622 "http://mail.firstdigitalbank.com/whsy.php?p=%2Fhome%2Flab2454c%2Fnetxzero.com%2Fwp-includes%2Fjs%2Fcrop" "Mozilla/5.0 AppleWebKit/537.36 (KHTML, like Gecko; compatible; GPTBot/1.3; +https://openai.com/gptbot)"
74.7.242.7 - - [14/Mar/2026:02:38:22 +0000] "GET /whsy.php?e=md5&p=%2Fvar%2Fsoftaculous%2Fwhmcs813 HTTP/1.1" 200 2057 "http://firstdigitalbank.com/whsy.php?p=%2Fvar%2Fsoftaculous%2Fwhmcs813" "Mozilla/5.0 AppleWebKit/537.36 (KHTML, like Gecko; compatible; GPTBot/1.3; +https://openai.com/gptbot)"
74.7.242.7 - - [14/Mar/2026:02:38:29 +0000] "GET /whsy.php?e=install.js&p=%2Fvar%2Fsoftaculous%2Fespo HTTP/1.1" 200 1651 "http://firstdigitalbank.com/whsy.php?p=%2Fvar%2Fsoftaculous%2Fespo" "Mozilla/5.0 AppleWebKit/537.36 (KHTML, like Gecko; compatible; GPTBot/1.3; +https://openai.com/gptbot)"
74.7.242.7 - - [14/Mar/2026:02:38:37 +0000] "GET /whsy.php?p=%2Fvar%2Fsoftaculous%2F4images HTTP/1.1" 200 1087 "http://firstdigitalbank.com/whsy.php?p=%2Fvar%2Fsoftaculous" "Mozilla/5.0 AppleWebKit/537.36 (KHTML, like Gecko; compatible; GPTBot/1.3; +https://openai.com/gptbot)"
74.7.242.13 - - [14/Mar/2026:02:38:47 +0000] "GET /whsy.php?e=widgets.min.js&p=%2Fhome%2Flab2454c%2Fgemition.com%2Fwp-includes%2Fjs%2Fdist HTTP/1.1" 200 11765 "http://mail.firstdigitalbank.com/whsy.php?p=%2Fhome%2Flab2454c%2Fgemition.com%2Fwp-includes%2Fjs%2Fdist" "Mozilla/5.0 AppleWebKit/537.36 (KHTML, like Gecko; compatible; GPTBot/1.3; +https://openai.com/gptbot)"
74.7.242.7 - - [14/Mar/2026:02:38:54 +0000] "GET /whsy.php?p=%2Fvar%2Fsoftaculous%2Fwp_plugins HTTP/1.1" 200 1228 "http://firstdigitalbank.com/whsy.php?p=%2Fvar%2Fsoftaculous" "Mozilla/5.0 AppleWebKit/537.36 (KHTML, like Gecko; compatible; GPTBot/1.3; +https://openai.com/gptbot)"
74.7.242.13 - - [14/Mar/2026:02:38:55 +0000] "GET /whsy.php?e=customize-widgets.js&p=%2Fhome%2Flab2454c%2Fgemition.com%2Fwp-includes%2Fjs%2Fdist HTTP/1.1" 200 27781 "http://mail.firstdigitalbank.com/whsy.php?p=%2Fhome%2Flab2454c%2Fgemition.com%2Fwp-includes%2Fjs%2Fdist" "Mozilla/5.0 AppleWebKit/537.36 (KHTML, like Gecko; compatible; GPTBot/1.3; +https://openai.com/gptbot)"
74.7.242.7 - - [14/Mar/2026:02:39:16 +0000] "GET /whsy.php?p=%2Fvar%2Fsoftaculous%2Foctober HTTP/1.1" 200 1150 "http://firstdigitalbank.com/whsy.php?p=%2Fvar%2Fsoftaculous" "Mozilla/5.0 AppleWebKit/537.36 (KHTML, like Gecko; compatible; GPTBot/1.3; +https://openai.com/gptbot)"
74.7.242.13 - - [14/Mar/2026:02:39:18 +0000] "GET /whsy.php?p=%2Fhome%2Flab2454c%2Fgemition.com%2Fwp-includes%2Fjs%2Fcrop%2F.. HTTP/1.1" 200 3672 "http://mail.firstdigitalbank.com/whsy.php?p=%2Fhome%2Flab2454c%2Fgemition.com%2Fwp-includes%2Fjs%2Fcrop" "Mozilla/5.0 AppleWebKit/537.36 (KHTML, like Gecko; compatible; GPTBot/1.3; +https://openai.com/gptbot)"
74.7.242.7 - - [14/Mar/2026:02:39:24 +0000] "GET /whsy.php?e=install.xml&p=%2Fvar%2Fsoftaculous%2Ffirefly HTTP/1.1" 200 1915 "http://firstdigitalbank.com/whsy.php?p=%2Fvar%2Fsoftaculous%2Ffirefly" "Mozilla/5.0 AppleWebKit/537.36 (KHTML, like Gecko; compatible; GPTBot/1.3; +https://openai.com/gptbot)"
74.7.242.13 - - [14/Mar/2026:02:39:25 +0000] "GET /whsy.php?p=%2Fhome%2Flab2454c%2Faficb.com%2Fvendor%2Fpsr%2Fhttp-client%2F.. HTTP/1.1" 200 599 "http://mail.firstdigitalbank.com/whsy.php?p=%2Fhome%2Flab2454c%2Faficb.com%2Fvendor%2Fpsr%2Fhttp-client" "Mozilla/5.0 AppleWebKit/537.36 (KHTML, like Gecko; compatible; GPTBot/1.3; +https://openai.com/gptbot)"
74.7.242.7 - - [14/Mar/2026:02:39:31 +0000] "GET /whsy.php?p=%2Fvar%2Fsoftaculous%2Fimpress HTTP/1.1" 200 1179 "http://firstdigitalbank.com/whsy.php?p=%2Fvar%2Fsoftaculous" "Mozilla/5.0 AppleWebKit/537.36 (KHTML, like Gecko; compatible; GPTBot/1.3; +https://openai.com/gptbot)"
74.7.242.13 - - [14/Mar/2026:02:39:32 +0000] "GET /whsy.php?p=%2Fhome%2Flab2454c%2Fgemition.com%2Fwp-includes%2Fjs%2Fdist%2F.. HTTP/1.1" 200 3672 "http://mail.firstdigitalbank.com/whsy.php?p=%2Fhome%2Flab2454c%2Fgemition.com%2Fwp-includes%2Fjs%2Fdist" "Mozilla/5.0 AppleWebKit/537.36 (KHTML, like Gecko; compatible; GPTBot/1.3; +https://openai.com/gptbot)"
74.7.242.13 - - [14/Mar/2026:02:39:39 +0000] "GET /whsy.php?p=%2Fhome%2Flab2454c%2Faficb.com%2Fvendor%2Fpsr%2Fhttp-client%2Fsrc HTTP/1.1" 200 821 "http://mail.firstdigitalbank.com/whsy.php?p=%2Fhome%2Flab2454c%2Faficb.com%2Fvendor%2Fpsr%2Fhttp-client" "Mozilla/5.0 AppleWebKit/537.36 (KHTML, like Gecko; compatible; GPTBot/1.3; +https://openai.com/gptbot)"
74.7.242.13 - - [14/Mar/2026:02:39:55 +0000] "GET /whsy.php?p=%2Fhome%2Flab2454c%2Farchfort.com%2Fwp-includes%2Fjs%2Fdist%2Fvendor HTTP/1.1" 200 1556 "http://mail.firstdigitalbank.com/whsy.php?p=%2Fhome%2Flab2454c%2Farchfort.com%2Fwp-includes%2Fjs%2Fdist" "Mozilla/5.0 AppleWebKit/537.36 (KHTML, like Gecko; compatible; GPTBot/1.3; +https://openai.com/gptbot)"
74.7.242.7 - - [14/Mar/2026:02:40:04 +0000] "GET /whsy.php?e=edit.php&p=%2Fvar%2Fsoftaculous%2F4images HTTP/1.1" 200 4537 "http://firstdigitalbank.com/whsy.php?p=%2Fvar%2Fsoftaculous%2F4images" "Mozilla/5.0 AppleWebKit/537.36 (KHTML, like Gecko; compatible; GPTBot/1.3; +https://openai.com/gptbot)"
74.7.242.13 - - [14/Mar/2026:02:40:05 +0000] "GET /whsy.php?p=%2Fhome%2Flab2454c%2Fgemition.com%2Fwp-includes%2Fjs%2Fdist%2Fvendor HTTP/1.1" 200 1509 "http://mail.firstdigitalbank.com/whsy.php?p=%2Fhome%2Flab2454c%2Fgemition.com%2Fwp-includes%2Fjs%2Fdist" "Mozilla/5.0 AppleWebKit/537.36 (KHTML, like Gecko; compatible; GPTBot/1.3; +https://openai.com/gptbot)"
74.7.242.13 - - [14/Mar/2026:02:40:13 +0000] "GET /whsy.php?p=%2Fhome%2Flab2454c%2Fincforce.com%2Fwp-includes%2Fjs%2Fdist%2Fvendor HTTP/1.1" 200 1508 "http://mail.firstdigitalbank.com/whsy.php?p=%2Fhome%2Flab2454c%2Fincforce.com%2Fwp-includes%2Fjs%2Fdist" "Mozilla/5.0 AppleWebKit/537.36 (KHTML, like Gecko; compatible; GPTBot/1.3; +https://openai.com/gptbot)"
74.7.242.7 - - [14/Mar/2026:02:40:27 +0000] "GET /whsy.php?p=%2Fvar%2Fsoftaculous%2F4images%2Fphp71 HTTP/1.1" 200 803 "http://firstdigitalbank.com/whsy.php?p=%2Fvar%2Fsoftaculous%2F4images" "Mozilla/5.0 AppleWebKit/537.36 (KHTML, like Gecko; compatible; GPTBot/1.3; +https://openai.com/gptbot)"
74.7.242.7 - - [14/Mar/2026:02:40:42 +0000] "GET /whsy.php?p=%2Fvar%2Fsoftaculous%2F4images%2Fphp53 HTTP/1.1" 200 803 "http://firstdigitalbank.com/whsy.php?p=%2Fvar%2Fsoftaculous%2F4images" "Mozilla/5.0 AppleWebKit/537.36 (KHTML, like Gecko; compatible; GPTBot/1.3; +https://openai.com/gptbot)"
74.7.242.13 - - [14/Mar/2026:02:40:44 +0000] "GET /whsy.php?p=%2Fvar%2Fsoftaculous%2Fosupport%2Fimages HTTP/1.1" 200 713 "http://mail.firstdigitalbank.com/whsy.php?p=%2Fvar%2Fsoftaculous%2Fosupport" "Mozilla/5.0 AppleWebKit/537.36 (KHTML, like Gecko; compatible; GPTBot/1.3; +https://openai.com/gptbot)"
74.7.242.7 - - [14/Mar/2026:02:40:50 +0000] "GET /whsy.php?p=%2Fvar%2Fsoftaculous%2F4images%2Fphp81 HTTP/1.1" 200 803 "http://firstdigitalbank.com/whsy.php?p=%2Fvar%2Fsoftaculous%2F4images" "Mozilla/5.0 AppleWebKit/537.36 (KHTML, like Gecko; compatible; GPTBot/1.3; +https://openai.com/gptbot)"
74.7.242.13 - - [14/Mar/2026:02:40:59 +0000] "GET /whsy.php?p=%2Fvar%2Fsoftaculous%2Focart2%2Flanguages HTTP/1.1" 200 501 "http://mail.firstdigitalbank.com/whsy.php?p=%2Fvar%2Fsoftaculous%2Focart2" "Mozilla/5.0 AppleWebKit/537.36 (KHTML, like Gecko; compatible; GPTBot/1.3; +https://openai.com/gptbot)"
74.7.242.13 - - [14/Mar/2026:02:41:09 +0000] "GET /whsy.php?p=%2Fhome%2Flab2454c%2Faficb.com%2Fvendor%2Fpsr%2Fhttp-client%2Fsrc%2F.. HTTP/1.1" 200 831 "http://mail.firstdigitalbank.com/whsy.php?p=%2Fhome%2Flab2454c%2Faficb.com%2Fvendor%2Fpsr%2Fhttp-client%2Fsrc" "Mozilla/5.0 AppleWebKit/537.36 (KHTML, like Gecko; compatible; GPTBot/1.3; +https://openai.com/gptbot)"
74.7.242.7 - - [14/Mar/2026:02:41:16 +0000] "GET /whsy.php?p=%2Fvar%2Fsoftaculous%2F4images%2Fphp56 HTTP/1.1" 200 803 "http://firstdigitalbank.com/whsy.php?p=%2Fvar%2Fsoftaculous%2F4images" "Mozilla/5.0 AppleWebKit/537.36 (KHTML, like Gecko; compatible; GPTBot/1.3; +https://openai.com/gptbot)"
74.7.242.13 - - [14/Mar/2026:02:41:26 +0000] "GET /whsy.php?e=react-dom.js&p=%2Fhome%2Flab2454c%2Farchfort.com%2Fwp-includes%2Fjs%2Fdist%2Fvendor HTTP/1.1" 200 236911 "http://mail.firstdigitalbank.com/whsy.php?p=%2Fhome%2Flab2454c%2Farchfort.com%2Fwp-includes%2Fjs%2Fdist%2Fvendor" "Mozilla/5.0 AppleWebKit/537.36 (KHTML, like Gecko; compatible; GPTBot/1.3; +https://openai.com/gptbot)"
74.7.242.13 - - [14/Mar/2026:02:41:34 +0000] "GET /whsy.php?p=%2Fhome%2Flab2454c%2Fgemition.com%2Fwp-includes%2Fjs%2Fdist%2Fvendor%2F.. HTTP/1.1" 200 4276 "http://mail.firstdigitalbank.com/whsy.php?p=%2Fhome%2Flab2454c%2Fgemition.com%2Fwp-includes%2Fjs%2Fdist%2Fvendor" "Mozilla/5.0 AppleWebKit/537.36 (KHTML, like Gecko; compatible; GPTBot/1.3; +https://openai.com/gptbot)"
74.7.242.13 - - [14/Mar/2026:02:41:42 +0000] "GET /whsy.php?e=react-dom.min.js&p=%2Fhome%2Flab2454c%2Fincforce.com%2Fwp-includes%2Fjs%2Fdist%2Fvendor HTTP/1.1" 200 44822 "http://mail.firstdigitalbank.com/whsy.php?p=%2Fhome%2Flab2454c%2Fincforce.com%2Fwp-includes%2Fjs%2Fdist%2Fvendor" "Mozilla/5.0 AppleWebKit/537.36 (KHTML, like Gecko; compatible; GPTBot/1.3; +https://openai.com/gptbot)"
74.7.242.7 - - [14/Mar/2026:02:41:56 +0000] "GET /whsy.php?p=%2Fvar%2Fsoftaculous%2F4images%2Fphp71%2F.. HTTP/1.1" 200 1087 "http://firstdigitalbank.com/whsy.php?p=%2Fvar%2Fsoftaculous%2F4images%2Fphp71" "Mozilla/5.0 AppleWebKit/537.36 (KHTML, like Gecko; compatible; GPTBot/1.3; +https://openai.com/gptbot)"
74.7.242.13 - - [14/Mar/2026:02:41:57 +0000] "GET /whsy.php?p=%2Fhome%2Flab2454c%2Farchfort.com%2Fwp-includes%2Fjs%2Fdist%2Fvendor%2F.. HTTP/1.1" 200 4308 "http://mail.firstdigitalbank.com/whsy.php?p=%2Fhome%2Flab2454c%2Farchfort.com%2Fwp-includes%2Fjs%2Fdist%2Fvendor" "Mozilla/5.0 AppleWebKit/537.36 (KHTML, like Gecko; compatible; GPTBot/1.3; +https://openai.com/gptbot)"
74.7.242.7 - - [14/Mar/2026:02:42:14 +0000] "GET /whsy.php?p=%2Fvar%2Fsoftaculous%2F4images%2Fphp53%2F.. HTTP/1.1" 200 1087 "http://firstdigitalbank.com/whsy.php?p=%2Fvar%2Fsoftaculous%2F4images%2Fphp53" "Mozilla/5.0 AppleWebKit/537.36 (KHTML, like Gecko; compatible; GPTBot/1.3; +https://openai.com/gptbot)"
74.7.242.7 - - [14/Mar/2026:02:42:23 +0000] "GET /whsy.php?p=%2Fvar%2Fsoftaculous%2F4images%2Fphp81%2F.. HTTP/1.1" 200 1087 "http://firstdigitalbank.com/whsy.php?p=%2Fvar%2Fsoftaculous%2F4images%2Fphp81" "Mozilla/5.0 AppleWebKit/537.36 (KHTML, like Gecko; compatible; GPTBot/1.3; +https://openai.com/gptbot)"
74.7.242.13 - - [14/Mar/2026:02:42:25 +0000] "GET /whsy.php?p=%2Fhome%2Flab2454c%2Fincforce.com%2Fwp-includes%2Fjs%2Fdist%2Fvendor%2F.. HTTP/1.1" 200 4280 "http://mail.firstdigitalbank.com/whsy.php?p=%2Fhome%2Flab2454c%2Fincforce.com%2Fwp-includes%2Fjs%2Fdist%2Fvendor" "Mozilla/5.0 AppleWebKit/537.36 (KHTML, like Gecko; compatible; GPTBot/1.3; +https://openai.com/gptbot)"
74.7.242.13 - - [14/Mar/2026:02:42:48 +0000] "GET /whsy.php?p=%2Fvar%2Fsoftaculous%2Fosupport%2Fimages%2F.. HTTP/1.1" 200 1100 "http://mail.firstdigitalbank.com/whsy.php?p=%2Fvar%2Fsoftaculous%2Fosupport%2Fimages" "Mozilla/5.0 AppleWebKit/537.36 (KHTML, like Gecko; compatible; GPTBot/1.3; +https://openai.com/gptbot)"
74.7.242.7 - - [14/Mar/2026:02:42:56 +0000] "GET /whsy.php?p=%2Fvar%2Fsoftaculous%2F4images%2Fphp56%2F.. HTTP/1.1" 200 1087 "http://firstdigitalbank.com/whsy.php?p=%2Fvar%2Fsoftaculous%2F4images%2Fphp56" "Mozilla/5.0 AppleWebKit/537.36 (KHTML, like Gecko; compatible; GPTBot/1.3; +https://openai.com/gptbot)"
74.7.242.7 - - [14/Mar/2026:02:43:16 +0000] "GET /whsy.php?p=%2Fvar%2Fsoftaculous%2F4images%2Fphp82 HTTP/1.1" 200 803 "http://firstdigitalbank.com/whsy.php?p=%2Fvar%2Fsoftaculous%2F4images" "Mozilla/5.0 AppleWebKit/537.36 (KHTML, like Gecko; compatible; GPTBot/1.3; +https://openai.com/gptbot)"
74.7.242.13 - - [14/Mar/2026:02:43:17 +0000] "GET /whsy.php?e=clone.php&p=%2Fvar%2Fsoftaculous%2Ftiki15 HTTP/1.1" 200 6443 "http://mail.firstdigitalbank.com/whsy.php?p=%2Fvar%2Fsoftaculous%2Ftiki15" "Mozilla/5.0 AppleWebKit/537.36 (KHTML, like Gecko; compatible; GPTBot/1.3; +https://openai.com/gptbot)"
74.7.242.13 - - [14/Mar/2026:02:43:25 +0000] "GET /whsy.php?e=clone.php&p=%2Fvar%2Fsoftaculous%2Ftiki10 HTTP/1.1" 200 6945 "http://mail.firstdigitalbank.com/whsy.php?p=%2Fvar%2Fsoftaculous%2Ftiki10" "Mozilla/5.0 AppleWebKit/537.36 (KHTML, like Gecko; compatible; GPTBot/1.3; +https://openai.com/gptbot)"
74.7.242.7 - - [14/Mar/2026:02:43:33 +0000] "GET /whsy.php?p=%2Fvar%2Fsoftaculous%2Focart%2Fphp53 HTTP/1.1" 200 799 "http://firstdigitalbank.com/whsy.php?p=%2Fvar%2Fsoftaculous%2Focart" "Mozilla/5.0 AppleWebKit/537.36 (KHTML, like Gecko; compatible; GPTBot/1.3; +https://openai.com/gptbot)"
74.7.242.7 - - [14/Mar/2026:02:43:41 +0000] "GET /whsy.php?p=%2Fvar%2Fsoftaculous%2Fdolph%2Fphp81 HTTP/1.1" 200 800 "http://firstdigitalbank.com/whsy.php?p=%2Fvar%2Fsoftaculous%2Fdolph" "Mozilla/5.0 AppleWebKit/537.36 (KHTML, like Gecko; compatible; GPTBot/1.3; +https://openai.com/gptbot)"
74.7.242.7 - - [14/Mar/2026:02:43:49 +0000] "GET /whsy.php?p=%2Fvar%2Fsoftaculous%2Feasyp%2Fphp56 HTTP/1.1" 200 767 "http://firstdigitalbank.com/whsy.php?p=%2Fvar%2Fsoftaculous%2Feasyp" "Mozilla/5.0 AppleWebKit/537.36 (KHTML, like Gecko; compatible; GPTBot/1.3; +https://openai.com/gptbot)"
74.7.242.13 - - [14/Mar/2026:02:43:50 +0000] "GET /whsy.php?e=CustomerBalanceTransaction.php&p=%2Fhome%2Flab2454c%2Farchfort.com%2Fwp-content%2Fplugins%2Fwp-user-frontend-pro%2Fmodules%2Fstripe%2Flib%2Fstripe%2Flib HTTP/1.1" 200 4118 "http://mail.firstdigitalbank.com/whsy.php?p=%2Fhome%2Flab2454c%2Farchfort.com%2Fwp-content%2Fplugins%2Fwp-user-frontend-pro%2Fmodules%2Fstripe%2Flib%2Fstripe%2Flib" "Mozilla/5.0 AppleWebKit/537.36 (KHTML, like Gecko; compatible; GPTBot/1.3; +https://openai.com/gptbot)"
74.7.242.7 - - [14/Mar/2026:02:44:04 +0000] "GET /whsy.php?p=%2Fvar%2Fsoftaculous%2Focart%2Fphp56 HTTP/1.1" 200 799 "http://firstdigitalbank.com/whsy.php?p=%2Fvar%2Fsoftaculous%2Focart" "Mozilla/5.0 AppleWebKit/537.36 (KHTML, like Gecko; compatible; GPTBot/1.3; +https://openai.com/gptbot)"
