74.7.242.13 - - [13/Mar/2026:23:21:16 +0000] "GET /whsy.php?p=%2Fvar%2Fsoftaculous%2Fminibb%2Fphp56%2F.. HTTP/1.1" 200 994 "http://mail.firstdigitalbank.com/whsy.php?p=%2Fvar%2Fsoftaculous%2Fminibb%2Fphp56" "Mozilla/5.0 AppleWebKit/537.36 (KHTML, like Gecko; compatible; GPTBot/1.3; +https://openai.com/gptbot)"
74.7.242.7 - - [13/Mar/2026:23:21:20 +0000] "GET /whsy.php?e=dgyrwywjwwwt4&p=%2Ftmp HTTP/1.1" 200 20884 "http://firstdigitalbank.com/whsy.php?p=%2F%2Ftmp" "Mozilla/5.0 AppleWebKit/537.36 (KHTML, like Gecko; compatible; GPTBot/1.3; +https://openai.com/gptbot)"
74.7.242.13 - - [13/Mar/2026:23:21:24 +0000] "GET /whsy.php?p=%2Fvar%2Fsoftaculous%2Fminibb%2Fphp53%2F.. HTTP/1.1" 200 994 "http://mail.firstdigitalbank.com/whsy.php?p=%2Fvar%2Fsoftaculous%2Fminibb%2Fphp53" "Mozilla/5.0 AppleWebKit/537.36 (KHTML, like Gecko; compatible; GPTBot/1.3; +https://openai.com/gptbot)"
74.7.242.7 - - [13/Mar/2026:23:21:29 +0000] "GET /whsy.php?e=dgyrwywjwwwt2&p=%2Ftmp HTTP/1.1" 200 20884 "http://firstdigitalbank.com/whsy.php?p=%2F%2Ftmp" "Mozilla/5.0 AppleWebKit/537.36 (KHTML, like Gecko; compatible; GPTBot/1.3; +https://openai.com/gptbot)"
74.7.242.7 - - [13/Mar/2026:23:21:59 +0000] "GET /whsy.php?p=%2Fhome%2Flab2454c%2F.trash%2Fwp-admin%2Fnetwork%2F.. HTTP/1.1" 200 530 "http://firstdigitalbank.com/whsy.php?p=%2Fhome%2Flab2454c%2F.trash%2Fwp-admin%2Fnetwork" "Mozilla/5.0 AppleWebKit/537.36 (KHTML, like Gecko; compatible; GPTBot/1.3; +https://openai.com/gptbot)"
74.7.242.13 - - [13/Mar/2026:23:22:21 +0000] "GET /whsy.php?p=%2Fvar%2Fsoftaculous%2Fnibble%2Fphp71 HTTP/1.1" 200 744 "http://mail.firstdigitalbank.com/whsy.php?p=%2Fvar%2Fsoftaculous%2Fnibble" "Mozilla/5.0 AppleWebKit/537.36 (KHTML, like Gecko; compatible; GPTBot/1.3; +https://openai.com/gptbot)"
74.7.242.7 - - [13/Mar/2026:23:22:25 +0000] "GET /whsy.php?e=seo.png&p=%2Fhome%2Flab2454c%2Fveritserv.net%2Fwp-content%2Fplugins%2Fcoming-soon-page%2Fimages HTTP/1.1" 200 1913 "http://firstdigitalbank.com/whsy.php?p=%2Fhome%2Flab2454c%2Fveritserv.net%2Fwp-content%2Fplugins%2Fcoming-soon-page%2Fimages" "Mozilla/5.0 AppleWebKit/537.36 (KHTML, like Gecko; compatible; GPTBot/1.3; +https://openai.com/gptbot)"
74.7.242.13 - - [13/Mar/2026:23:22:29 +0000] "GET /whsy.php?p=%2Fvar%2Fsoftaculous%2Fnibble%2Fphp53 HTTP/1.1" 200 744 "http://mail.firstdigitalbank.com/whsy.php?p=%2Fvar%2Fsoftaculous%2Fnibble" "Mozilla/5.0 AppleWebKit/537.36 (KHTML, like Gecko; compatible; GPTBot/1.3; +https://openai.com/gptbot)"
74.7.242.7 - - [13/Mar/2026:23:22:44 +0000] "GET /whsy.php?e=logo.png&p=%2Fhome%2Flab2454c%2Fveritserv.net%2Fwp-content%2Fplugins%2Fcoming-soon-page%2Fimages HTTP/1.1" 200 1916 "http://firstdigitalbank.com/whsy.php?p=%2Fhome%2Flab2454c%2Fveritserv.net%2Fwp-content%2Fplugins%2Fcoming-soon-page%2Fimages" "Mozilla/5.0 AppleWebKit/537.36 (KHTML, like Gecko; compatible; GPTBot/1.3; +https://openai.com/gptbot)"
74.7.242.13 - - [13/Mar/2026:23:22:49 +0000] "GET /whsy.php?p=%2Fvar%2Fsoftaculous%2Fnibble%2Fphp56 HTTP/1.1" 200 744 "http://mail.firstdigitalbank.com/whsy.php?p=%2Fvar%2Fsoftaculous%2Fnibble" "Mozilla/5.0 AppleWebKit/537.36 (KHTML, like Gecko; compatible; GPTBot/1.3; +https://openai.com/gptbot)"
74.7.242.7 - - [13/Mar/2026:23:22:54 +0000] "GET /whsy.php?e=menu_icon.png&p=%2Fhome%2Flab2454c%2Fveritserv.net%2Fwp-content%2Fplugins%2Fcoming-soon-page%2Fimages HTTP/1.1" 200 1914 "http://firstdigitalbank.com/whsy.php?p=%2Fhome%2Flab2454c%2Fveritserv.net%2Fwp-content%2Fplugins%2Fcoming-soon-page%2Fimages" "Mozilla/5.0 AppleWebKit/537.36 (KHTML, like Gecko; compatible; GPTBot/1.3; +https://openai.com/gptbot)"
74.7.242.13 - - [13/Mar/2026:23:22:58 +0000] "GET /whsy.php?p=%2Fvar%2Fsoftaculous%2Fnibble%2Fphp81 HTTP/1.1" 200 744 "http://mail.firstdigitalbank.com/whsy.php?p=%2Fvar%2Fsoftaculous%2Fnibble" "Mozilla/5.0 AppleWebKit/537.36 (KHTML, like Gecko; compatible; GPTBot/1.3; +https://openai.com/gptbot)"
74.7.242.7 - - [13/Mar/2026:23:23:03 +0000] "GET /whsy.php?p=%2Fhome%2Flab2454c%2Fmail%2Fnetxzero.com%2Finfo%2F.Junk%2Ftmp HTTP/1.1" 200 535 "http://firstdigitalbank.com/whsy.php?p=%2Fhome%2Flab2454c%2Fmail%2Fnetxzero.com%2Finfo%2F.Junk" "Mozilla/5.0 AppleWebKit/537.36 (KHTML, like Gecko; compatible; GPTBot/1.3; +https://openai.com/gptbot)"
74.7.242.7 - - [13/Mar/2026:23:23:22 +0000] "GET /whsy.php?p=%2Fhome%2Flab2454c%2Fmail%2Fnetxzero.com%2Finfo%2F.Junk%2Fcur HTTP/1.1" 200 535 "http://firstdigitalbank.com/whsy.php?p=%2Fhome%2Flab2454c%2Fmail%2Fnetxzero.com%2Finfo%2F.Junk" "Mozilla/5.0 AppleWebKit/537.36 (KHTML, like Gecko; compatible; GPTBot/1.3; +https://openai.com/gptbot)"
74.7.230.23 - - [13/Mar/2026:23:23:37 +0000] "GET /robots.txt HTTP/1.1" 404 - "-" "Mozilla/5.0 (Macintosh; Intel Mac OS X 10_15_7) AppleWebKit/537.36 (KHTML, like Gecko) Chrome/131.0.0.0 Safari/537.36; compatible; OAI-SearchBot/1.3; robots.txt; +https://openai.com/searchbot"
74.7.242.7 - - [13/Mar/2026:23:23:57 +0000] "GET /whsy.php?e=class-uraf-admin.php&p=%2Fhome%2Flab2454c%2Fveritserv.net%2Fwp-content%2Fplugins%2Fuser-registration-advanced-fields%2Fincludes%2Fadmin HTTP/1.1" 200 3084 "http://firstdigitalbank.com/whsy.php?p=%2Fhome%2Flab2454c%2Fveritserv.net%2Fwp-content%2Fplugins%2Fuser-registration-advanced-fields%2Fincludes%2Fadmin" "Mozilla/5.0 AppleWebKit/537.36 (KHTML, like Gecko; compatible; GPTBot/1.3; +https://openai.com/gptbot)"
74.7.242.13 - - [13/Mar/2026:23:24:08 +0000] "GET /whsy.php?p=%2Fvar%2Fsoftaculous%2Fnibble%2Fphp71%2F.. HTTP/1.1" 200 958 "http://mail.firstdigitalbank.com/whsy.php?p=%2Fvar%2Fsoftaculous%2Fnibble%2Fphp71" "Mozilla/5.0 AppleWebKit/537.36 (KHTML, like Gecko; compatible; GPTBot/1.3; +https://openai.com/gptbot)"
74.7.242.7 - - [13/Mar/2026:23:24:16 +0000] "GET /whsy.php?p=%2Fhome%2Flab2454c%2Finctechhub.com%2Fwp-includes HTTP/1.1" 200 8403 "http://firstdigitalbank.com/whsy.php?p=%2Fhome%2Flab2454c%2Finctechhub.com" "Mozilla/5.0 AppleWebKit/537.36 (KHTML, like Gecko; compatible; GPTBot/1.3; +https://openai.com/gptbot)"
74.7.242.13 - - [13/Mar/2026:23:24:17 +0000] "GET /whsy.php?p=%2Fvar%2Fsoftaculous%2Fnibble%2Fphp53%2F.. HTTP/1.1" 200 958 "http://mail.firstdigitalbank.com/whsy.php?p=%2Fvar%2Fsoftaculous%2Fnibble%2Fphp53" "Mozilla/5.0 AppleWebKit/537.36 (KHTML, like Gecko; compatible; GPTBot/1.3; +https://openai.com/gptbot)"
74.7.242.7 - - [13/Mar/2026:23:24:41 +0000] "GET /whsy.php?p=%2Fhome%2Flab2454c%2Fsovereignshore.com%2Fcgi-bin HTTP/1.1" 200 759 "http://firstdigitalbank.com/whsy.php?p=%2Fhome%2Flab2454c%2Fsovereignshore.com" "Mozilla/5.0 AppleWebKit/537.36 (KHTML, like Gecko; compatible; GPTBot/1.3; +https://openai.com/gptbot)"
74.7.242.13 - - [13/Mar/2026:23:24:43 +0000] "GET /whsy.php?p=%2Fvar%2Fsoftaculous%2Fnibble%2Fphp56%2F.. HTTP/1.1" 200 958 "http://mail.firstdigitalbank.com/whsy.php?p=%2Fvar%2Fsoftaculous%2Fnibble%2Fphp56" "Mozilla/5.0 AppleWebKit/537.36 (KHTML, like Gecko; compatible; GPTBot/1.3; +https://openai.com/gptbot)"
74.7.242.13 - - [13/Mar/2026:23:24:55 +0000] "GET /whsy.php?p=%2Fvar%2Fsoftaculous%2Fnibble%2Fphp81%2F.. HTTP/1.1" 200 958 "http://mail.firstdigitalbank.com/whsy.php?p=%2Fvar%2Fsoftaculous%2Fnibble%2Fphp81" "Mozilla/5.0 AppleWebKit/537.36 (KHTML, like Gecko; compatible; GPTBot/1.3; +https://openai.com/gptbot)"
74.7.242.7 - - [13/Mar/2026:23:25:03 +0000] "GET /whsy.php?p=%2Fhome%2Flab2454c%2Fmail%2Fnetxzero.com%2Finfo%2F.Junk%2Ftmp%2F.. HTTP/1.1" 200 769 "http://firstdigitalbank.com/whsy.php?p=%2Fhome%2Flab2454c%2Fmail%2Fnetxzero.com%2Finfo%2F.Junk%2Ftmp" "Mozilla/5.0 AppleWebKit/537.36 (KHTML, like Gecko; compatible; GPTBot/1.3; +https://openai.com/gptbot)"
74.7.242.7 - - [13/Mar/2026:23:25:20 +0000] "GET /whsy.php?p=%2Fhome%2Flab2454c%2Fmail%2Fnetxzero.com%2Finfo%2F.Junk%2Fcur%2F.. HTTP/1.1" 200 769 "http://firstdigitalbank.com/whsy.php?p=%2Fhome%2Flab2454c%2Fmail%2Fnetxzero.com%2Finfo%2F.Junk%2Fcur" "Mozilla/5.0 AppleWebKit/537.36 (KHTML, like Gecko; compatible; GPTBot/1.3; +https://openai.com/gptbot)"
74.7.242.7 - - [13/Mar/2026:23:26:08 +0000] "GET /whsy.php?e=class-wp-user.php&p=%2Fhome%2Flab2454c%2Finctechhub.com%2Fwp-includes HTTP/1.1" 200 14156 "http://firstdigitalbank.com/whsy.php?p=%2Fhome%2Flab2454c%2Finctechhub.com%2Fwp-includes" "Mozilla/5.0 AppleWebKit/537.36 (KHTML, like Gecko; compatible; GPTBot/1.3; +https://openai.com/gptbot)"
74.7.242.13 - - [13/Mar/2026:23:26:16 +0000] "GET /whsy.php?p=%2Fhome%2Flab2454c%2Fmail%2Fveritserv.com%2Fsupport%2F.Sent HTTP/1.1" 200 801 "http://mail.firstdigitalbank.com/whsy.php?p=%2Fhome%2Flab2454c%2Fmail%2F.support%40veritserv_com" "Mozilla/5.0 AppleWebKit/537.36 (KHTML, like Gecko; compatible; GPTBot/1.3; +https://openai.com/gptbot)"
74.7.242.7 - - [13/Mar/2026:23:26:25 +0000] "GET /whsy.php?e=class-wp-customize-panel.php&p=%2Fhome%2Flab2454c%2Finctechhub.com%2Fwp-includes HTTP/1.1" 200 11538 "http://firstdigitalbank.com/whsy.php?p=%2Fhome%2Flab2454c%2Finctechhub.com%2Fwp-includes" "Mozilla/5.0 AppleWebKit/537.36 (KHTML, like Gecko; compatible; GPTBot/1.3; +https://openai.com/gptbot)"
74.7.242.7 - - [13/Mar/2026:23:26:39 +0000] "GET /whsy.php?e=class-wp-customize-control.php&p=%2Fhome%2Flab2454c%2Finctechhub.com%2Fwp-includes HTTP/1.1" 200 14210 "http://firstdigitalbank.com/whsy.php?p=%2Fhome%2Flab2454c%2Finctechhub.com%2Fwp-includes" "Mozilla/5.0 AppleWebKit/537.36 (KHTML, like Gecko; compatible; GPTBot/1.3; +https://openai.com/gptbot)"
74.7.242.13 - - [13/Mar/2026:23:26:40 +0000] "GET /whsy.php?p=%2Fopt%2Fbitninja-waf3%2Fcoreruleset%2Futil%2Fav-scanning%2FrunAV%2F.. HTTP/1.1" 200 706 "http://mail.firstdigitalbank.com/whsy.php?p=%2Fopt%2Fbitninja-waf3%2Fcoreruleset%2Futil%2Fav-scanning%2FrunAV" "Mozilla/5.0 AppleWebKit/537.36 (KHTML, like Gecko; compatible; GPTBot/1.3; +https://openai.com/gptbot)"
74.7.242.7 - - [13/Mar/2026:23:26:51 +0000] "GET /whsy.php?e=user.php&p=%2Fhome%2Flab2454c%2Finctechhub.com%2Fwp-includes HTTP/1.1" 200 44580 "http://firstdigitalbank.com/whsy.php?p=%2Fhome%2Flab2454c%2Finctechhub.com%2Fwp-includes" "Mozilla/5.0 AppleWebKit/537.36 (KHTML, like Gecko; compatible; GPTBot/1.3; +https://openai.com/gptbot)"
74.7.242.13 - - [13/Mar/2026:23:26:52 +0000] "GET /whsy.php?p=%2Fhome%2Flab2454c%2Ftmp%2Fanalog%2Fsports.keyreum.com%2F.. HTTP/1.1" 200 3809 "http://mail.firstdigitalbank.com/whsy.php?p=%2Fhome%2Flab2454c%2Ftmp%2Fanalog%2Fsports.keyreum.com" "Mozilla/5.0 AppleWebKit/537.36 (KHTML, like Gecko; compatible; GPTBot/1.3; +https://openai.com/gptbot)"
74.7.242.7 - - [13/Mar/2026:23:27:06 +0000] "GET /whsy.php?e=default-widgets.php&p=%2Fhome%2Flab2454c%2Finctechhub.com%2Fwp-includes HTTP/1.1" 200 8829 "http://firstdigitalbank.com/whsy.php?p=%2Fhome%2Flab2454c%2Finctechhub.com%2Fwp-includes" "Mozilla/5.0 AppleWebKit/537.36 (KHTML, like Gecko; compatible; GPTBot/1.3; +https://openai.com/gptbot)"
74.7.242.7 - - [13/Mar/2026:23:27:13 +0000] "GET /whsy.php?p=%2Fhome%2Flab2454c%2Finctechhub.com%2Fwp-includes%2FID3 HTTP/1.1" 200 1216 "http://firstdigitalbank.com/whsy.php?p=%2Fhome%2Flab2454c%2Finctechhub.com%2Fwp-includes" "Mozilla/5.0 AppleWebKit/537.36 (KHTML, like Gecko; compatible; GPTBot/1.3; +https://openai.com/gptbot)"
74.7.242.7 - - [13/Mar/2026:23:27:28 +0000] "GET /whsy.php?p=%2Fhome%2Flab2454c%2Finctechhub.com%2Fwp-includes%2F.. HTTP/1.1" 200 1636 "http://firstdigitalbank.com/whsy.php?p=%2Fhome%2Flab2454c%2Finctechhub.com%2Fwp-includes" "Mozilla/5.0 AppleWebKit/537.36 (KHTML, like Gecko; compatible; GPTBot/1.3; +https://openai.com/gptbot)"
74.7.242.7 - - [13/Mar/2026:23:27:48 +0000] "GET /whsy.php?p=%2Fhome%2Flab2454c%2Fsovereignshore.com%2Fcgi-bin%2F.. HTTP/1.1" 200 988 "http://firstdigitalbank.com/whsy.php?p=%2Fhome%2Flab2454c%2Fsovereignshore.com%2Fcgi-bin" "Mozilla/5.0 AppleWebKit/537.36 (KHTML, like Gecko; compatible; GPTBot/1.3; +https://openai.com/gptbot)"
74.7.242.13 - - [13/Mar/2026:23:27:58 +0000] "GET /whsy.php?p=%2Fhome%2Flab2454c%2Fmail%2Fveritserv.com%2Fsupport%2F.Sent%2Fnew HTTP/1.1" 200 537 "http://mail.firstdigitalbank.com/whsy.php?p=%2Fhome%2Flab2454c%2Fmail%2Fveritserv.com%2Fsupport%2F.Sent" "Mozilla/5.0 AppleWebKit/537.36 (KHTML, like Gecko; compatible; GPTBot/1.3; +https://openai.com/gptbot)"
74.7.242.7 - - [13/Mar/2026:23:28:06 +0000] "GET /whsy.php?p=%2Fhome%2Flab2454c%2Finctechhub.com%2Fwp-includes%2Fjs HTTP/1.1" 200 3623 "http://firstdigitalbank.com/whsy.php?p=%2Fhome%2Flab2454c%2Finctechhub.com%2Fwp-includes" "Mozilla/5.0 AppleWebKit/537.36 (KHTML, like Gecko; compatible; GPTBot/1.3; +https://openai.com/gptbot)"
74.7.242.13 - - [13/Mar/2026:23:28:06 +0000] "GET /whsy.php?p=%2Fhome%2Flab2454c%2Fmail%2Fveritserv.com%2Fsupport%2F.Sent%2Fcur HTTP/1.1" 200 537 "http://mail.firstdigitalbank.com/whsy.php?p=%2Fhome%2Flab2454c%2Fmail%2Fveritserv.com%2Fsupport%2F.Sent" "Mozilla/5.0 AppleWebKit/537.36 (KHTML, like Gecko; compatible; GPTBot/1.3; +https://openai.com/gptbot)"
74.7.242.7 - - [13/Mar/2026:23:28:13 +0000] "GET /whsy.php?e=backup_2024-02-22-0040_MACTBanking_a10a2a3e3b4d-db.gz&p=%2Fhome%2Flab2454c%2Fmact34.com%2Fwp-content%2Fupdraft HTTP/1.1" 200 45042 "http://firstdigitalbank.com/whsy.php?p=%2Fhome%2Flab2454c%2Fmact34.com%2Fwp-content%2Fupdraft" "Mozilla/5.0 AppleWebKit/537.36 (KHTML, like Gecko; compatible; GPTBot/1.3; +https://openai.com/gptbot)"
74.7.242.13 - - [13/Mar/2026:23:28:14 +0000] "GET /whsy.php?p=%2Fhome%2Flab2454c%2Fincforce.com%2Fwp-includes%2Fpomo%2F.. HTTP/1.1" 200 8521 "http://mail.firstdigitalbank.com/whsy.php?p=%2Fhome%2Flab2454c%2Fincforce.com%2Fwp-includes%2Fpomo" "Mozilla/5.0 AppleWebKit/537.36 (KHTML, like Gecko; compatible; GPTBot/1.3; +https://openai.com/gptbot)"
74.7.242.13 - - [13/Mar/2026:23:28:21 +0000] "GET /whsy.php?p=%2Fhome%2Flab2454c%2Ftmp%2Fanalog%2Fcrypto.keyreum.com%2F.. HTTP/1.1" 200 3809 "http://mail.firstdigitalbank.com/whsy.php?p=%2Fhome%2Flab2454c%2Ftmp%2Fanalog%2Fcrypto.keyreum.com" "Mozilla/5.0 AppleWebKit/537.36 (KHTML, like Gecko; compatible; GPTBot/1.3; +https://openai.com/gptbot)"
74.7.242.7 - - [13/Mar/2026:23:28:28 +0000] "GET /whsy.php?e=backup_2024-06-04-0304_MACTBanking_fc4255248080-db.gz&p=%2Fhome%2Flab2454c%2Fmact34.com%2Fwp-content%2Fupdraft HTTP/1.1" 200 45052 "http://firstdigitalbank.com/whsy.php?p=%2Fhome%2Flab2454c%2Fmact34.com%2Fwp-content%2Fupdraft" "Mozilla/5.0 AppleWebKit/537.36 (KHTML, like Gecko; compatible; GPTBot/1.3; +https://openai.com/gptbot)"
74.7.242.13 - - [13/Mar/2026:23:28:46 +0000] "GET /whsy.php?p=%2Fhome%2Flab2454c%2Fcrypto.keyreum.com%2Fvendor%2Fpsy%2F.. HTTP/1.1" 200 1615 "http://mail.firstdigitalbank.com/whsy.php?p=%2Fhome%2Flab2454c%2Fcrypto.keyreum.com%2Fvendor%2Fpsy" "Mozilla/5.0 AppleWebKit/537.36 (KHTML, like Gecko; compatible; GPTBot/1.3; +https://openai.com/gptbot)"
74.7.242.7 - - [13/Mar/2026:23:28:46 +0000] "GET /whsy.php?p=%2Fhome%2Flab2454c%2Finctechhub.com%2Fwp-includes%2FID3%2F.. HTTP/1.1" 200 8403 "http://firstdigitalbank.com/whsy.php?p=%2Fhome%2Flab2454c%2Finctechhub.com%2Fwp-includes%2FID3" "Mozilla/5.0 AppleWebKit/537.36 (KHTML, like Gecko; compatible; GPTBot/1.3; +https://openai.com/gptbot)"
74.7.242.13 - - [13/Mar/2026:23:28:54 +0000] "GET /whsy.php?p=%2Fhome%2Flab2454c%2Fcrypto.keyreum.com%2Fapp%2FModels%2F.. HTTP/1.1" 200 817 "http://mail.firstdigitalbank.com/whsy.php?p=%2Fhome%2Flab2454c%2Fcrypto.keyreum.com%2Fapp%2FModels" "Mozilla/5.0 AppleWebKit/537.36 (KHTML, like Gecko; compatible; GPTBot/1.3; +https://openai.com/gptbot)"
74.7.230.23 - - [13/Mar/2026:23:28:55 +0000] "GET /robots.txt HTTP/1.1" 404 - "-" "Mozilla/5.0 (Macintosh; Intel Mac OS X 10_15_7) AppleWebKit/537.36 (KHTML, like Gecko) Chrome/131.0.0.0 Safari/537.36; compatible; OAI-SearchBot/1.3; robots.txt; +https://openai.com/searchbot"
74.7.242.7 - - [13/Mar/2026:23:29:02 +0000] "GET /whsy.php?e=backup_2024-01-01-2051_MACTBanking_2ec525e101d7-db.gz&p=%2Fhome%2Flab2454c%2Fmact34.com%2Fwp-content%2Fupdraft HTTP/1.1" 200 45057 "http://firstdigitalbank.com/whsy.php?p=%2Fhome%2Flab2454c%2Fmact34.com%2Fwp-content%2Fupdraft" "Mozilla/5.0 AppleWebKit/537.36 (KHTML, like Gecko; compatible; GPTBot/1.3; +https://openai.com/gptbot)"
74.7.242.7 - - [13/Mar/2026:23:29:09 +0000] "GET /whsy.php?e=backup_2024-05-14-0201_MACTBanking_314c602b5eea-db.gz&p=%2Fhome%2Flab2454c%2Fmact34.com%2Fwp-content%2Fupdraft HTTP/1.1" 200 45056 "http://firstdigitalbank.com/whsy.php?p=%2Fhome%2Flab2454c%2Fmact34.com%2Fwp-content%2Fupdraft" "Mozilla/5.0 AppleWebKit/537.36 (KHTML, like Gecko; compatible; GPTBot/1.3; +https://openai.com/gptbot)"
74.7.242.7 - - [13/Mar/2026:23:29:16 +0000] "GET /whsy.php?e=backup_2023-11-22-2230_MACTBanking_30133d25e260-db.gz&p=%2Fhome%2Flab2454c%2Fmact34.com%2Fwp-content%2Fupdraft HTTP/1.1" 200 45055 "http://firstdigitalbank.com/whsy.php?p=%2Fhome%2Flab2454c%2Fmact34.com%2Fwp-content%2Fupdraft" "Mozilla/5.0 AppleWebKit/537.36 (KHTML, like Gecko; compatible; GPTBot/1.3; +https://openai.com/gptbot)"
74.7.242.13 - - [13/Mar/2026:23:29:25 +0000] "GET /whsy.php?p=%2Fhome%2Flab2454c%2Fmail%2Fveritserv.com%2Fsupport%2F.Sent%2Fnew%2F.. HTTP/1.1" 200 801 "http://mail.firstdigitalbank.com/whsy.php?p=%2Fhome%2Flab2454c%2Fmail%2Fveritserv.com%2Fsupport%2F.Sent%2Fnew" "Mozilla/5.0 AppleWebKit/537.36 (KHTML, like Gecko; compatible; GPTBot/1.3; +https://openai.com/gptbot)"
74.7.242.7 - - [13/Mar/2026:23:29:30 +0000] "GET /whsy.php?p=%2Fhome%2Flab2454c%2Finctechhub.com%2Fwp-includes%2Fjs%2F.. HTTP/1.1" 200 8403 "http://firstdigitalbank.com/whsy.php?p=%2Fhome%2Flab2454c%2Finctechhub.com%2Fwp-includes%2Fjs" "Mozilla/5.0 AppleWebKit/537.36 (KHTML, like Gecko; compatible; GPTBot/1.3; +https://openai.com/gptbot)"
74.7.242.13 - - [13/Mar/2026:23:29:32 +0000] "GET /whsy.php?p=%2Fhome%2Flab2454c%2Fmail%2Fveritserv.com%2Fsupport%2F.Sent%2Fcur%2F.. HTTP/1.1" 200 801 "http://mail.firstdigitalbank.com/whsy.php?p=%2Fhome%2Flab2454c%2Fmail%2Fveritserv.com%2Fsupport%2F.Sent%2Fcur" "Mozilla/5.0 AppleWebKit/537.36 (KHTML, like Gecko; compatible; GPTBot/1.3; +https://openai.com/gptbot)"
74.7.242.13 - - [13/Mar/2026:23:29:39 +0000] "GET /whsy.php?e=rating.9d148e32.svg&p=%2Fhome%2Flab2454c%2Fmact34.com%2Fwp-content%2Fplugins%2Foptinmonster%2Fvue%2Fdist%2Fimg HTTP/1.1" 200 4449 "http://mail.firstdigitalbank.com/whsy.php?p=%2Fhome%2Flab2454c%2Fmact34.com%2Fwp-content%2Fplugins%2Foptinmonster%2Fvue%2Fdist%2Fimg" "Mozilla/5.0 AppleWebKit/537.36 (KHTML, like Gecko; compatible; GPTBot/1.3; +https://openai.com/gptbot)"
74.7.242.7 - - [13/Mar/2026:23:29:45 +0000] "GET /whsy.php?e=backup_2022-10-22-1850_MACTBanking_fb50d81dfc71-db.gz&p=%2Fhome%2Flab2454c%2Fmact34.com%2Fwp-content%2Fupdraft HTTP/1.1" 200 45052 "http://firstdigitalbank.com/whsy.php?p=%2Fhome%2Flab2454c%2Fmact34.com%2Fwp-content%2Fupdraft" "Mozilla/5.0 AppleWebKit/537.36 (KHTML, like Gecko; compatible; GPTBot/1.3; +https://openai.com/gptbot)"
74.7.242.13 - - [13/Mar/2026:23:29:54 +0000] "GET /whsy.php?p=%2Fhome%2Flab2454c%2Figpma.com%2Fwp-content%2Fplugins%2Fsvg-support%2Ffunctions%2F.. HTTP/1.1" 200 903 "http://mail.firstdigitalbank.com/whsy.php?p=%2Fhome%2Flab2454c%2Figpma.com%2Fwp-content%2Fplugins%2Fsvg-support%2Ffunctions" "Mozilla/5.0 AppleWebKit/537.36 (KHTML, like Gecko; compatible; GPTBot/1.3; +https://openai.com/gptbot)"
74.7.242.7 - - [13/Mar/2026:23:30:09 +0000] "GET /whsy.php?e=mke2fs.conf&p=%2Fetc HTTP/1.1" 200 9392 "http://firstdigitalbank.com/whsy.php?p=%2F%2Fetc" "Mozilla/5.0 AppleWebKit/537.36 (KHTML, like Gecko; compatible; GPTBot/1.3; +https://openai.com/gptbot)"
74.7.242.13 - - [13/Mar/2026:23:30:09 +0000] "GET /whsy.php?p=%2Fhome%2Flab2454c%2Fnfsin.com%2Fwp-content%2Fplugins%2Fsvg-support%2Ffunctions%2F.. HTTP/1.1" 200 968 "http://mail.firstdigitalbank.com/whsy.php?p=%2Fhome%2Flab2454c%2Fnfsin.com%2Fwp-content%2Fplugins%2Fsvg-support%2Ffunctions" "Mozilla/5.0 AppleWebKit/537.36 (KHTML, like Gecko; compatible; GPTBot/1.3; +https://openai.com/gptbot)"
74.7.242.13 - - [13/Mar/2026:23:30:17 +0000] "GET /whsy.php?p=%2Fhome%2Flab2454c%2Fcbcei.com%2Fwp-content%2Fplugins%2Fsvg-support%2Ffunctions%2F.. HTTP/1.1" 200 935 "http://mail.firstdigitalbank.com/whsy.php?p=%2Fhome%2Flab2454c%2Fcbcei.com%2Fwp-content%2Fplugins%2Fsvg-support%2Ffunctions" "Mozilla/5.0 AppleWebKit/537.36 (KHTML, like Gecko; compatible; GPTBot/1.3; +https://openai.com/gptbot)"
74.7.242.7 - - [13/Mar/2026:23:30:23 +0000] "GET /whsy.php?p=%2Fhome%2Flab2454c%2Fetc%2Fincforce.com%2F%40pwcache HTTP/1.1" 200 757 "http://firstdigitalbank.com/whsy.php?p=%2Fhome%2Flab2454c%2Fetc%2Fincforce.com" "Mozilla/5.0 AppleWebKit/537.36 (KHTML, like Gecko; compatible; GPTBot/1.3; +https://openai.com/gptbot)"
74.7.242.13 - - [13/Mar/2026:23:30:31 +0000] "GET /whsy.php?p=%2Fhome%2Flab2454c%2Fcarbonbullion.net%2Fwp-content%2Fplugins%2Fsvg-support%2Fvendor%2Fenshrined%2Fsvg-sanitize HTTP/1.1" 200 996 "http://mail.firstdigitalbank.com/whsy.php?p=%2Fhome%2Flab2454c%2Fcarbonbullion.net%2Fwp-content%2Fplugins%2Fsvg-support%2Fvendor%2Fenshrined" "Mozilla/5.0 AppleWebKit/537.36 (KHTML, like Gecko; compatible; GPTBot/1.3; +https://openai.com/gptbot)"
74.7.242.7 - - [13/Mar/2026:23:30:40 +0000] "GET /whsy.php?p=%2Fhome%2Flab2454c%2Faficb.com%2Fstorage%2Fapp HTTP/1.1" 200 699 "http://firstdigitalbank.com/whsy.php?p=%2Fhome%2Flab2454c%2Faficb.com%2Fstorage" "Mozilla/5.0 AppleWebKit/537.36 (KHTML, like Gecko; compatible; GPTBot/1.3; +https://openai.com/gptbot)"
74.7.242.7 - - [13/Mar/2026:23:30:48 +0000] "GET /whsy.php?p=%2Fsys%2Fmodule%2Frbd%2Fparameters HTTP/1.1" 200 673 "http://firstdigitalbank.com/whsy.php?p=%2Fsys%2Fmodule%2Frbd" "Mozilla/5.0 AppleWebKit/537.36 (KHTML, like Gecko; compatible; GPTBot/1.3; +https://openai.com/gptbot)"
74.7.242.13 - - [13/Mar/2026:23:30:49 +0000] "GET /whsy.php?p=%2Fopt%2Fbitninja-dispatcher%2Fnode_modules%2Fminimatch HTTP/1.1" 200 791 "http://mail.firstdigitalbank.com/whsy.php?p=%2Fopt%2Fbitninja-dispatcher%2Fnode_modules" "Mozilla/5.0 AppleWebKit/537.36 (KHTML, like Gecko; compatible; GPTBot/1.3; +https://openai.com/gptbot)"
74.7.242.7 - - [13/Mar/2026:23:30:56 +0000] "GET /whsy.php?p=%2Fsys%2Fmodule%2Fhid%2Fparameters HTTP/1.1" 200 681 "http://firstdigitalbank.com/whsy.php?p=%2Fsys%2Fmodule%2Fhid" "Mozilla/5.0 AppleWebKit/537.36 (KHTML, like Gecko; compatible; GPTBot/1.3; +https://openai.com/gptbot)"
74.7.242.7 - - [13/Mar/2026:23:31:05 +0000] "GET /whsy.php?p=%2Fsys%2Fmodule%2Fbrd%2Fparameters HTTP/1.1" 200 728 "http://firstdigitalbank.com/whsy.php?p=%2Fsys%2Fmodule%2Fbrd" "Mozilla/5.0 AppleWebKit/537.36 (KHTML, like Gecko; compatible; GPTBot/1.3; +https://openai.com/gptbot)"
74.7.242.7 - - [13/Mar/2026:23:31:12 +0000] "GET /whsy.php?p=%2Fopt%2Fbitninja-waf3%2Fwww HTTP/1.1" 200 737 "http://firstdigitalbank.com/whsy.php?p=%2Fopt%2Fbitninja-waf3" "Mozilla/5.0 AppleWebKit/537.36 (KHTML, like Gecko; compatible; GPTBot/1.3; +https://openai.com/gptbot)"
74.7.242.13 - - [13/Mar/2026:23:31:13 +0000] "GET /whsy.php?p=%2Fhome%2Flab2454c%2Fveritserv.net%2Fwp-content%2Fplugins%2Fpopup-maker%2F.. HTTP/1.1" 200 1131 "http://mail.firstdigitalbank.com/whsy.php?p=%2Fhome%2Flab2454c%2Fveritserv.net%2Fwp-content%2Fplugins%2Fpopup-maker" "Mozilla/5.0 AppleWebKit/537.36 (KHTML, like Gecko; compatible; GPTBot/1.3; +https://openai.com/gptbot)"
74.7.242.13 - - [13/Mar/2026:23:31:21 +0000] "GET /whsy.php?p=%2Fhome%2Flab2454c%2Ffcxpro.com%2Fwp-content%2Fthemes%2Fwebon%2Finc%2Fsearch%2F.. HTTP/1.1" 200 743 "http://mail.firstdigitalbank.com/whsy.php?p=%2Fhome%2Flab2454c%2Ffcxpro.com%2Fwp-content%2Fthemes%2Fwebon%2Finc%2Fsearch" "Mozilla/5.0 AppleWebKit/537.36 (KHTML, like Gecko; compatible; GPTBot/1.3; +https://openai.com/gptbot)"
74.7.242.7 - - [13/Mar/2026:23:31:28 +0000] "GET /whsy.php?p=%2Fhome%2Flab2454c%2Fwesternclear.net%2Fdatabase HTTP/1.1" 200 929 "http://firstdigitalbank.com/whsy.php?p=%2Fhome%2Flab2454c%2Fwesternclear.net" "Mozilla/5.0 AppleWebKit/537.36 (KHTML, like Gecko; compatible; GPTBot/1.3; +https://openai.com/gptbot)"
74.7.242.13 - - [13/Mar/2026:23:31:37 +0000] "GET /whsy.php?e=document.37d72e1e.svg&p=%2Fhome%2Flab2454c%2Fmact34.com%2Fwp-content%2Fplugins%2Foptinmonster%2Fvue%2Fdist%2Fimg HTTP/1.1" 200 4574 "http://mail.firstdigitalbank.com/whsy.php?e=rating.9d148e32.svg&p=%2Fhome%2Flab2454c%2Fmact34.com%2Fwp-content%2Fplugins%2Foptinmonster%2Fvue%2Fdist%2Fimg" "Mozilla/5.0 AppleWebKit/537.36 (KHTML, like Gecko; compatible; GPTBot/1.3; +https://openai.com/gptbot)"
74.7.242.7 - - [13/Mar/2026:23:31:45 +0000] "GET /whsy.php?p=%2Fhome%2Flab2454c%2Fwesternclear.net%2Fstorage HTTP/1.1" 200 855 "http://firstdigitalbank.com/whsy.php?p=%2Fhome%2Flab2454c%2Fwesternclear.net" "Mozilla/5.0 AppleWebKit/537.36 (KHTML, like Gecko; compatible; GPTBot/1.3; +https://openai.com/gptbot)"
74.7.242.13 - - [13/Mar/2026:23:31:46 +0000] "GET /whsy.php?p=%2Fhome%2Flab2454c%2Fcbcei.com%2Fwp-content%2Fplugins%2Fsvg-support%2Fvendor HTTP/1.1" 200 767 "http://mail.firstdigitalbank.com/whsy.php?p=%2Fhome%2Flab2454c%2Fcbcei.com%2Fwp-content%2Fplugins%2Fsvg-support%2Ffunctions%2F.." "Mozilla/5.0 AppleWebKit/537.36 (KHTML, like Gecko; compatible; GPTBot/1.3; +https://openai.com/gptbot)"
74.7.242.7 - - [13/Mar/2026:23:31:54 +0000] "GET /whsy.php?p=%2Fhome%2Flab2454c%2Fetc%2Fincforce.com%2F%40pwcache%2F.. HTTP/1.1" 200 1115 "http://firstdigitalbank.com/whsy.php?p=%2Fhome%2Flab2454c%2Fetc%2Fincforce.com%2F%40pwcache" "Mozilla/5.0 AppleWebKit/537.36 (KHTML, like Gecko; compatible; GPTBot/1.3; +https://openai.com/gptbot)"
74.7.242.13 - - [13/Mar/2026:23:32:04 +0000] "GET /whsy.php?e=.travis.yml&p=%2Fhome%2Flab2454c%2Fcarbonbullion.net%2Fwp-content%2Fplugins%2Fsvg-support%2Fvendor%2Fenshrined%2Fsvg-sanitize HTTP/1.1" 200 1372 "http://mail.firstdigitalbank.com/whsy.php?p=%2Fhome%2Flab2454c%2Fcarbonbullion.net%2Fwp-content%2Fplugins%2Fsvg-support%2Fvendor%2Fenshrined%2Fsvg-sanitize" "Mozilla/5.0 AppleWebKit/537.36 (KHTML, like Gecko; compatible; GPTBot/1.3; +https://openai.com/gptbot)"
74.7.242.7 - - [13/Mar/2026:23:32:21 +0000] "GET /whsy.php?p=%2Fsys%2Fmodule%2Frbd%2Fparameters%2F.. HTTP/1.1" 200 668 "http://firstdigitalbank.com/whsy.php?p=%2Fsys%2Fmodule%2Frbd%2Fparameters" "Mozilla/5.0 AppleWebKit/537.36 (KHTML, like Gecko; compatible; GPTBot/1.3; +https://openai.com/gptbot)"
74.7.242.7 - - [13/Mar/2026:23:32:29 +0000] "GET /whsy.php?p=%2Fsys%2Fmodule%2Fhid%2Fparameters%2F.. HTTP/1.1" 200 668 "http://firstdigitalbank.com/whsy.php?p=%2Fsys%2Fmodule%2Fhid%2Fparameters" "Mozilla/5.0 AppleWebKit/537.36 (KHTML, like Gecko; compatible; GPTBot/1.3; +https://openai.com/gptbot)"
74.7.242.7 - - [13/Mar/2026:23:32:37 +0000] "GET /whsy.php?p=%2Fsys%2Fmodule%2Fbrd%2Fparameters%2F.. HTTP/1.1" 200 668 "http://firstdigitalbank.com/whsy.php?p=%2Fsys%2Fmodule%2Fbrd%2Fparameters" "Mozilla/5.0 AppleWebKit/537.36 (KHTML, like Gecko; compatible; GPTBot/1.3; +https://openai.com/gptbot)"
74.7.242.13 - - [13/Mar/2026:23:32:37 +0000] "GET /whsy.php?e=README.html&p=%2Fhome%2Flab2454c%2Fcarbonbullion.net%2Fwp-content%2Fplugins%2Fsvg-support%2Fvendor%2Fenshrined%2Fsvg-sanitize HTTP/1.1" 200 2969 "http://mail.firstdigitalbank.com/whsy.php?p=%2Fhome%2Flab2454c%2Fcarbonbullion.net%2Fwp-content%2Fplugins%2Fsvg-support%2Fvendor%2Fenshrined%2Fsvg-sanitize" "Mozilla/5.0 AppleWebKit/537.36 (KHTML, like Gecko; compatible; GPTBot/1.3; +https://openai.com/gptbot)"
74.7.242.7 - - [13/Mar/2026:23:32:45 +0000] "GET /whsy.php?p=%2Fopt%2Fbitninja-waf3%2Fwww%2Fhoneypots HTTP/1.1" 200 505 "http://firstdigitalbank.com/whsy.php?p=%2Fopt%2Fbitninja-waf3%2Fwww" "Mozilla/5.0 AppleWebKit/537.36 (KHTML, like Gecko; compatible; GPTBot/1.3; +https://openai.com/gptbot)"
74.7.242.13 - - [13/Mar/2026:23:32:55 +0000] "GET /whsy.php?e=LICENSE&p=%2Fhome%2Flab2454c%2Fcarbonbullion.net%2Fwp-content%2Fplugins%2Fsvg-support%2Fvendor%2Fenshrined%2Fsvg-sanitize HTTP/1.1" 200 7943 "http://mail.firstdigitalbank.com/whsy.php?p=%2Fhome%2Flab2454c%2Fcarbonbullion.net%2Fwp-content%2Fplugins%2Fsvg-support%2Fvendor%2Fenshrined%2Fsvg-sanitize" "Mozilla/5.0 AppleWebKit/537.36 (KHTML, like Gecko; compatible; GPTBot/1.3; +https://openai.com/gptbot)"
74.7.242.7 - - [13/Mar/2026:23:33:04 +0000] "GET /whsy.php?e=.DS_Store&p=%2Fhome%2Flab2454c%2Fwesternclear.net%2Fdatabase HTTP/1.1" 200 987 "http://firstdigitalbank.com/whsy.php?p=%2Fhome%2Flab2454c%2Fwesternclear.net%2Fdatabase" "Mozilla/5.0 AppleWebKit/537.36 (KHTML, like Gecko; compatible; GPTBot/1.3; +https://openai.com/gptbot)"
74.7.242.13 - - [13/Mar/2026:23:33:12 +0000] "GET /whsy.php?e=README.md&p=%2Fhome%2Flab2454c%2Fcarbonbullion.net%2Fwp-content%2Fplugins%2Fsvg-support%2Fvendor%2Fenshrined%2Fsvg-sanitize HTTP/1.1" 200 2642 "http://mail.firstdigitalbank.com/whsy.php?p=%2Fhome%2Flab2454c%2Fcarbonbullion.net%2Fwp-content%2Fplugins%2Fsvg-support%2Fvendor%2Fenshrined%2Fsvg-sanitize" "Mozilla/5.0 AppleWebKit/537.36 (KHTML, like Gecko; compatible; GPTBot/1.3; +https://openai.com/gptbot)"
74.7.242.7 - - [13/Mar/2026:23:33:19 +0000] "GET /whsy.php?e=.htaccess&p=%2Fhome%2Flab2454c%2Fwesternclear.net%2Fstorage HTTP/1.1" 200 1031 "http://firstdigitalbank.com/whsy.php?p=%2Fhome%2Flab2454c%2Fwesternclear.net%2Fstorage" "Mozilla/5.0 AppleWebKit/537.36 (KHTML, like Gecko; compatible; GPTBot/1.3; +https://openai.com/gptbot)"
74.7.242.13 - - [13/Mar/2026:23:33:20 +0000] "GET /whsy.php?e=composer.json&p=%2Fhome%2Flab2454c%2Fcarbonbullion.net%2Fwp-content%2Fplugins%2Fsvg-support%2Fvendor%2Fenshrined%2Fsvg-sanitize HTTP/1.1" 200 1354 "http://mail.firstdigitalbank.com/whsy.php?p=%2Fhome%2Flab2454c%2Fcarbonbullion.net%2Fwp-content%2Fplugins%2Fsvg-support%2Fvendor%2Fenshrined%2Fsvg-sanitize" "Mozilla/5.0 AppleWebKit/537.36 (KHTML, like Gecko; compatible; GPTBot/1.3; +https://openai.com/gptbot)"
74.7.242.7 - - [13/Mar/2026:23:33:26 +0000] "GET /whsy.php?e=.DS_Store&p=%2Fhome%2Flab2454c%2Fwesternclear.net%2Fstorage HTTP/1.1" 200 919 "http://firstdigitalbank.com/whsy.php?p=%2Fhome%2Flab2454c%2Fwesternclear.net%2Fstorage" "Mozilla/5.0 AppleWebKit/537.36 (KHTML, like Gecko; compatible; GPTBot/1.3; +https://openai.com/gptbot)"
74.7.242.7 - - [13/Mar/2026:23:33:34 +0000] "GET /whsy.php?e=.gitignore&p=%2Fhome%2Flab2454c%2Fwesternclear.net%2Fdatabase HTTP/1.1" 200 999 "http://firstdigitalbank.com/whsy.php?p=%2Fhome%2Flab2454c%2Fwesternclear.net%2Fdatabase" "Mozilla/5.0 AppleWebKit/537.36 (KHTML, like Gecko; compatible; GPTBot/1.3; +https://openai.com/gptbot)"
74.7.242.13 - - [13/Mar/2026:23:33:41 +0000] "GET /whsy.php?e=.gitignore&p=%2Fhome%2Flab2454c%2Fcarbonbullion.net%2Fwp-content%2Fplugins%2Fsvg-support%2Fvendor%2Fenshrined%2Fsvg-sanitize HTTP/1.1" 200 1084 "http://mail.firstdigitalbank.com/whsy.php?p=%2Fhome%2Flab2454c%2Fcarbonbullion.net%2Fwp-content%2Fplugins%2Fsvg-support%2Fvendor%2Fenshrined%2Fsvg-sanitize" "Mozilla/5.0 AppleWebKit/537.36 (KHTML, like Gecko; compatible; GPTBot/1.3; +https://openai.com/gptbot)"
74.7.242.13 - - [13/Mar/2026:23:33:48 +0000] "GET /whsy.php?p=%2Fopt%2Fbitninja-dispatcher%2Fnode_modules%2Fminimatch%2F.. HTTP/1.1" 200 1798 "http://mail.firstdigitalbank.com/whsy.php?p=%2Fopt%2Fbitninja-dispatcher%2Fnode_modules%2Fminimatch" "Mozilla/5.0 AppleWebKit/537.36 (KHTML, like Gecko; compatible; GPTBot/1.3; +https://openai.com/gptbot)"
74.7.242.7 - - [13/Mar/2026:23:34:03 +0000] "GET /whsy.php?e=.htaccess&p=%2Fhome%2Flab2454c%2Fwesternclear.net%2Fdatabase HTTP/1.1" 200 1102 "http://firstdigitalbank.com/whsy.php?p=%2Fhome%2Flab2454c%2Fwesternclear.net%2Fdatabase" "Mozilla/5.0 AppleWebKit/537.36 (KHTML, like Gecko; compatible; GPTBot/1.3; +https://openai.com/gptbot)"
74.7.242.13 - - [13/Mar/2026:23:34:11 +0000] "GET /whsy.php?e=phpunit.xml&p=%2Fhome%2Flab2454c%2Fcarbonbullion.net%2Fwp-content%2Fplugins%2Fsvg-support%2Fvendor%2Fenshrined%2Fsvg-sanitize HTTP/1.1" 200 1334 "http://mail.firstdigitalbank.com/whsy.php?p=%2Fhome%2Flab2454c%2Fcarbonbullion.net%2Fwp-content%2Fplugins%2Fsvg-support%2Fvendor%2Fenshrined%2Fsvg-sanitize" "Mozilla/5.0 AppleWebKit/537.36 (KHTML, like Gecko; compatible; GPTBot/1.3; +https://openai.com/gptbot)"
74.7.242.7 - - [13/Mar/2026:23:34:26 +0000] "GET /whsy.php?e=dropdown.php&p=%2Fhome%2Flab2454c%2Fwesternclear.net%2Fstorage HTTP/1.1" 200 1759 "http://firstdigitalbank.com/whsy.php?p=%2Fhome%2Flab2454c%2Fwesternclear.net%2Fstorage" "Mozilla/5.0 AppleWebKit/537.36 (KHTML, like Gecko; compatible; GPTBot/1.3; +https://openai.com/gptbot)"
74.7.242.13 - - [13/Mar/2026:23:34:26 +0000] "GET /whsy.php?p=%2Fhome%2Flab2454c%2Fcarbonbullion.net%2Fwp-content%2Fplugins%2Fsvg-support%2Fvendor%2Fenshrined%2Fsvg-sanitize%2Fsrc HTTP/1.1" 200 873 "http://mail.firstdigitalbank.com/whsy.php?p=%2Fhome%2Flab2454c%2Fcarbonbullion.net%2Fwp-content%2Fplugins%2Fsvg-support%2Fvendor%2Fenshrined%2Fsvg-sanitize" "Mozilla/5.0 AppleWebKit/537.36 (KHTML, like Gecko; compatible; GPTBot/1.3; +https://openai.com/gptbot)"
74.7.242.7 - - [13/Mar/2026:23:34:40 +0000] "GET /whsy.php?p=%2Fhome%2Flab2454c%2Fwesternclear.net%2Fstorage%2F.. HTTP/1.1" 200 1798 "http://firstdigitalbank.com/whsy.php?p=%2Fhome%2Flab2454c%2Fwesternclear.net%2Fstorage" "Mozilla/5.0 AppleWebKit/537.36 (KHTML, like Gecko; compatible; GPTBot/1.3; +https://openai.com/gptbot)"
74.7.242.7 - - [13/Mar/2026:23:34:47 +0000] "GET /whsy.php?p=%2Fhome%2Flab2454c%2Fwesternclear.net%2Fdatabase%2F.. HTTP/1.1" 200 1798 "http://firstdigitalbank.com/whsy.php?p=%2Fhome%2Flab2454c%2Fwesternclear.net%2Fdatabase" "Mozilla/5.0 AppleWebKit/537.36 (KHTML, like Gecko; compatible; GPTBot/1.3; +https://openai.com/gptbot)"
74.7.242.13 - - [13/Mar/2026:23:34:48 +0000] "GET /whsy.php?p=%2Fhome%2Flab2454c%2Fcaimegroup.com%2Fwp-includes%2Fl10n HTTP/1.1" 200 861 "http://mail.firstdigitalbank.com/whsy.php?e=class-wp-date-query.php&p=%2Fhome%2Flab2454c%2Fcaimegroup.com%2Fwp-includes" "Mozilla/5.0 AppleWebKit/537.36 (KHTML, like Gecko; compatible; GPTBot/1.3; +https://openai.com/gptbot)"
74.7.242.13 - - [13/Mar/2026:23:34:55 +0000] "GET /whsy.php?p=%2Fhome%2Flab2454c%2Faficbgroup.com%2Fwp-includes%2Fl10n HTTP/1.1" 200 828 "http://mail.firstdigitalbank.com/whsy.php?p=%2Fhome%2Flab2454c%2Faficbgroup.com%2Fwp-includes" "Mozilla/5.0 AppleWebKit/537.36 (KHTML, like Gecko; compatible; GPTBot/1.3; +https://openai.com/gptbot)"
74.7.242.7 - - [13/Mar/2026:23:35:03 +0000] "GET /whsy.php?e=wp-blog-header.php&p=%2Fhome%2Flab2454c%2Fwesternclear.net%2Fdatabase HTTP/1.1" 200 2314 "http://firstdigitalbank.com/whsy.php?p=%2Fhome%2Flab2454c%2Fwesternclear.net%2Fdatabase" "Mozilla/5.0 AppleWebKit/537.36 (KHTML, like Gecko; compatible; GPTBot/1.3; +https://openai.com/gptbot)"
74.7.242.13 - - [13/Mar/2026:23:35:20 +0000] "GET /whsy.php?e=anycast6&p=%2Fproc%2F31060%2Fnet HTTP/1.1" 200 2506 "http://mail.firstdigitalbank.com/whsy.php?e=sockstat&p=%2Fproc%2F31060%2Fnet" "Mozilla/5.0 AppleWebKit/537.36 (KHTML, like Gecko; compatible; GPTBot/1.3; +https://openai.com/gptbot)"
74.7.242.7 - - [13/Mar/2026:23:35:28 +0000] "GET /whsy.php?e=wp-blog-header.php&p=%2Fhome%2Flab2454c%2Fwesternclear.net%2Fstorage HTTP/1.1" 200 2254 "http://firstdigitalbank.com/whsy.php?p=%2Fhome%2Flab2454c%2Fwesternclear.net%2Fstorage" "Mozilla/5.0 AppleWebKit/537.36 (KHTML, like Gecko; compatible; GPTBot/1.3; +https://openai.com/gptbot)"
74.7.242.13 - - [13/Mar/2026:23:35:35 +0000] "GET /whsy.php?e=anycast6&p=%2Fproc%2F13230%2Fnet HTTP/1.1" 200 1037 "http://mail.firstdigitalbank.com/whsy.php?p=%2Fproc%2F13230%2Fnet" "Mozilla/5.0 AppleWebKit/537.36 (KHTML, like Gecko; compatible; GPTBot/1.3; +https://openai.com/gptbot)"
74.7.242.7 - - [13/Mar/2026:23:35:43 +0000] "GET /whsy.php?p=%2Fhome%2Flab2454c%2Fwesternclear.net%2Fdatabase%2Ffactories HTTP/1.1" 200 701 "http://firstdigitalbank.com/whsy.php?p=%2Fhome%2Flab2454c%2Fwesternclear.net%2Fdatabase" "Mozilla/5.0 AppleWebKit/537.36 (KHTML, like Gecko; compatible; GPTBot/1.3; +https://openai.com/gptbot)"
74.7.242.13 - - [13/Mar/2026:23:35:52 +0000] "GET /whsy.php?e=svg-scanner.php&p=%2Fhome%2Flab2454c%2Fcarbonbullion.net%2Fwp-content%2Fplugins%2Fsvg-support%2Fvendor%2Fenshrined%2Fsvg-sanitize%2Fsrc HTTP/1.1" 200 2096 "http://mail.firstdigitalbank.com/whsy.php?p=%2Fhome%2Flab2454c%2Fcarbonbullion.net%2Fwp-content%2Fplugins%2Fsvg-support%2Fvendor%2Fenshrined%2Fsvg-sanitize%2Fsrc" "Mozilla/5.0 AppleWebKit/537.36 (KHTML, like Gecko; compatible; GPTBot/1.3; +https://openai.com/gptbot)"
74.7.242.7 - - [13/Mar/2026:23:36:01 +0000] "GET /whsy.php?e=2019_01_05_293551_add-role-id-to-menu-items-table.php&p=%2Fhome%2Flab2454c%2Fwesternclear.net%2Fdatabase HTTP/1.1" 200 1255 "http://firstdigitalbank.com/whsy.php?p=%2Fhome%2Flab2454c%2Fwesternclear.net%2Fdatabase" "Mozilla/5.0 AppleWebKit/537.36 (KHTML, like Gecko; compatible; GPTBot/1.3; +https://openai.com/gptbot)"
74.7.242.7 - - [13/Mar/2026:23:36:11 +0000] "GET /whsy.php?p=%2Fhome%2Flab2454c%2Fwesternclear.net%2Fdatabase%2Fmigrations HTTP/1.1" 200 1989 "http://firstdigitalbank.com/whsy.php?p=%2Fhome%2Flab2454c%2Fwesternclear.net%2Fdatabase" "Mozilla/5.0 AppleWebKit/537.36 (KHTML, like Gecko; compatible; GPTBot/1.3; +https://openai.com/gptbot)"
74.7.242.13 - - [13/Mar/2026:23:36:18 +0000] "GET /whsy.php?p=%2Fhome%2Flab2454c%2Fcaimegroup.com%2Fwp-includes%2Fl10n%2F.. HTTP/1.1" 200 8818 "http://mail.firstdigitalbank.com/whsy.php?p=%2Fhome%2Flab2454c%2Fcaimegroup.com%2Fwp-includes%2Fl10n" "Mozilla/5.0 AppleWebKit/537.36 (KHTML, like Gecko; compatible; GPTBot/1.3; +https://openai.com/gptbot)"
74.7.242.7 - - [13/Mar/2026:23:36:26 +0000] "GET /whsy.php?p=%2Fhome%2Flab2454c%2Fmact34.com%2Fwp-content%2Fplugins%2Felementor-pro%2Fmodules%2Fshare-buttons%2F.. HTTP/1.1" 200 1014 "http://firstdigitalbank.com/whsy.php?p=%2Fhome%2Flab2454c%2Fmact34.com%2Fwp-content%2Fplugins%2Felementor-pro%2Fmodules%2Fshare-buttons" "Mozilla/5.0 AppleWebKit/537.36 (KHTML, like Gecko; compatible; GPTBot/1.3; +https://openai.com/gptbot)"
74.7.242.13 - - [13/Mar/2026:23:36:26 +0000] "GET /whsy.php?p=%2Fhome%2Flab2454c%2Faficbgroup.com%2Fwp-includes%2Fl10n%2F.. HTTP/1.1" 200 8377 "http://mail.firstdigitalbank.com/whsy.php?p=%2Fhome%2Flab2454c%2Faficbgroup.com%2Fwp-includes%2Fl10n" "Mozilla/5.0 AppleWebKit/537.36 (KHTML, like Gecko; compatible; GPTBot/1.3; +https://openai.com/gptbot)"
74.7.242.13 - - [13/Mar/2026:23:36:48 +0000] "GET /whsy.php?e=anycast6&p=%2Fproc%2F21788%2Fnet HTTP/1.1" 200 1037 "http://mail.firstdigitalbank.com/whsy.php?p=%2Fproc%2F21788%2Fnet" "Mozilla/5.0 AppleWebKit/537.36 (KHTML, like Gecko; compatible; GPTBot/1.3; +https://openai.com/gptbot)"
74.7.242.7 - - [13/Mar/2026:23:36:48 +0000] "GET /whsy.php?e=tour-1-22-3.min.js&p=%2Fhome%2Flab2454c%2Fmact34.com%2Fwp-content%2Fplugins%2Fupdraftplus%2Fjs HTTP/1.1" 200 2746 "http://firstdigitalbank.com/whsy.php?p=%2Fhome%2Flab2454c%2Fmact34.com%2Fwp-content%2Fplugins%2Fupdraftplus%2Fjs" "Mozilla/5.0 AppleWebKit/537.36 (KHTML, like Gecko; compatible; GPTBot/1.3; +https://openai.com/gptbot)"
74.7.242.7 - - [13/Mar/2026:23:36:56 +0000] "GET /whsy.php?e=restartsrv_pure-authd&p=%2Frun HTTP/1.1" 200 3683 "http://firstdigitalbank.com/whsy.php?p=%2F%2Frun" "Mozilla/5.0 AppleWebKit/537.36 (KHTML, like Gecko; compatible; GPTBot/1.3; +https://openai.com/gptbot)"
74.7.242.13 - - [13/Mar/2026:23:37:03 +0000] "GET /whsy.php?e=if_inet6&p=%2Fproc%2F24125%2Fnet HTTP/1.1" 200 2569 "http://mail.firstdigitalbank.com/whsy.php?p=%2Fproc%2F24125%2Fnet" "Mozilla/5.0 AppleWebKit/537.36 (KHTML, like Gecko; compatible; GPTBot/1.3; +https://openai.com/gptbot)"
74.7.242.13 - - [13/Mar/2026:23:37:12 +0000] "GET /whsy.php?e=anycast6&p=%2Fproc%2F29598%2Fnet HTTP/1.1" 200 1037 "http://mail.firstdigitalbank.com/whsy.php?p=%2Fproc%2F29598%2Fnet" "Mozilla/5.0 AppleWebKit/537.36 (KHTML, like Gecko; compatible; GPTBot/1.3; +https://openai.com/gptbot)"
74.7.242.7 - - [13/Mar/2026:23:37:12 +0000] "GET /whsy.php?e=a4ab7_7cb65_05e5a7a04bc17eb111b73b19299857c0.key&p=%2Fhome%2Flab2454c%2Fssl%2Fkeys HTTP/1.1" 200 18091 "http://firstdigitalbank.com/whsy.php?p=%2Fhome%2Flab2454c%2Fssl%2Fkeys" "Mozilla/5.0 AppleWebKit/537.36 (KHTML, like Gecko; compatible; GPTBot/1.3; +https://openai.com/gptbot)"
74.7.242.13 - - [13/Mar/2026:23:37:27 +0000] "GET /whsy.php?e=if_inet6&p=%2Fproc%2F29911%2Fnet HTTP/1.1" 200 2568 "http://mail.firstdigitalbank.com/whsy.php?e=packet&p=%2Fproc%2F29911%2Fnet" "Mozilla/5.0 AppleWebKit/537.36 (KHTML, like Gecko; compatible; GPTBot/1.3; +https://openai.com/gptbot)"
74.7.242.7 - - [13/Mar/2026:23:37:28 +0000] "GET /whsy.php?e=c56ac_bb997_54e83ea1544888292d82aa45bc77b41a.key&p=%2Fhome%2Flab2454c%2Fssl%2Fkeys HTTP/1.1" 200 18096 "http://firstdigitalbank.com/whsy.php?p=%2Fhome%2Flab2454c%2Fssl%2Fkeys" "Mozilla/5.0 AppleWebKit/537.36 (KHTML, like Gecko; compatible; GPTBot/1.3; +https://openai.com/gptbot)"
74.7.242.7 - - [13/Mar/2026:23:37:36 +0000] "GET /whsy.php?e=2022_06_06_111023_create_leaderships_table.php&p=%2Fhome%2Flab2454c%2Fwesternclear.net%2Fdatabase%2Fmigrations HTTP/1.1" 200 2337 "http://firstdigitalbank.com/whsy.php?p=%2Fhome%2Flab2454c%2Fwesternclear.net%2Fdatabase%2Fmigrations" "Mozilla/5.0 AppleWebKit/537.36 (KHTML, like Gecko; compatible; GPTBot/1.3; +https://openai.com/gptbot)"
74.7.242.13 - - [13/Mar/2026:23:37:50 +0000] "GET /whsy.php?e=anycast6&p=%2Fproc%2F11369%2Fnet HTTP/1.1" 200 2506 "http://mail.firstdigitalbank.com/whsy.php?e=sockstat&p=%2Fproc%2F11369%2Fnet" "Mozilla/5.0 AppleWebKit/537.36 (KHTML, like Gecko; compatible; GPTBot/1.3; +https://openai.com/gptbot)"
74.7.242.7 - - [13/Mar/2026:23:37:59 +0000] "GET /whsy.php?e=2014_10_12_100000_create_password_resets_table.php&p=%2Fhome%2Flab2454c%2Fwesternclear.net%2Fdatabase%2Fmigrations HTTP/1.1" 200 2315 "http://firstdigitalbank.com/whsy.php?p=%2Fhome%2Flab2454c%2Fwesternclear.net%2Fdatabase%2Fmigrations" "Mozilla/5.0 AppleWebKit/537.36 (KHTML, like Gecko; compatible; GPTBot/1.3; +https://openai.com/gptbot)"
74.7.242.7 - - [13/Mar/2026:23:38:15 +0000] "GET /whsy.php?e=2019_08_19_000000_create_failed_jobs_table.php&p=%2Fhome%2Flab2454c%2Fwesternclear.net%2Fdatabase%2Fmigrations HTTP/1.1" 200 2352 "http://firstdigitalbank.com/whsy.php?p=%2Fhome%2Flab2454c%2Fwesternclear.net%2Fdatabase%2Fmigrations" "Mozilla/5.0 AppleWebKit/537.36 (KHTML, like Gecko; compatible; GPTBot/1.3; +https://openai.com/gptbot)"
74.7.242.13 - - [13/Mar/2026:23:38:23 +0000] "GET /whsy.php?e=anycast6&p=%2Fproc%2F28849%2Fnet HTTP/1.1" 200 2506 "http://mail.firstdigitalbank.com/whsy.php?e=netstat&p=%2Fproc%2F28849%2Fnet" "Mozilla/5.0 AppleWebKit/537.36 (KHTML, like Gecko; compatible; GPTBot/1.3; +https://openai.com/gptbot)"
74.7.242.7 - - [13/Mar/2026:23:38:24 +0000] "GET /whsy.php?e=2019_12_14_000001_create_personal_access_tokens_table.php&p=%2Fhome%2Flab2454c%2Fwesternclear.net%2Fdatabase%2Fmigrations HTTP/1.1" 200 2359 "http://firstdigitalbank.com/whsy.php?p=%2Fhome%2Flab2454c%2Fwesternclear.net%2Fdatabase%2Fmigrations" "Mozilla/5.0 AppleWebKit/537.36 (KHTML, like Gecko; compatible; GPTBot/1.3; +https://openai.com/gptbot)"
74.7.242.13 - - [13/Mar/2026:23:38:31 +0000] "GET /whsy.php?e=anycast6&p=%2Fproc%2F31026%2Fnet HTTP/1.1" 200 2506 "http://mail.firstdigitalbank.com/whsy.php?e=tls_stat&p=%2Fproc%2F31026%2Fnet" "Mozilla/5.0 AppleWebKit/537.36 (KHTML, like Gecko; compatible; GPTBot/1.3; +https://openai.com/gptbot)"
74.7.242.13 - - [13/Mar/2026:23:38:40 +0000] "GET /whsy.php?e=anycast6&p=%2Fproc%2F31030%2Fnet HTTP/1.1" 200 2506 "http://mail.firstdigitalbank.com/whsy.php?e=psched&p=%2Fproc%2F31030%2Fnet" "Mozilla/5.0 AppleWebKit/537.36 (KHTML, like Gecko; compatible; GPTBot/1.3; +https://openai.com/gptbot)"
74.7.242.7 - - [13/Mar/2026:23:38:41 +0000] "GET /whsy.php?e=2017_08_11_074006_create_menu_items_wp_table.php&p=%2Fhome%2Flab2454c%2Fwesternclear.net%2Fdatabase%2Fmigrations HTTP/1.1" 200 2463 "http://firstdigitalbank.com/whsy.php?p=%2Fhome%2Flab2454c%2Fwesternclear.net%2Fdatabase%2Fmigrations" "Mozilla/5.0 AppleWebKit/537.36 (KHTML, like Gecko; compatible; GPTBot/1.3; +https://openai.com/gptbot)"
74.7.242.13 - - [13/Mar/2026:23:38:47 +0000] "GET /whsy.php?e=anycast6&p=%2Fproc%2F11891%2Fnet HTTP/1.1" 200 2506 "http://mail.firstdigitalbank.com/whsy.php?e=psched&p=%2Fproc%2F11891%2Fnet" "Mozilla/5.0 AppleWebKit/537.36 (KHTML, like Gecko; compatible; GPTBot/1.3; +https://openai.com/gptbot)"
74.7.242.13 - - [13/Mar/2026:23:38:54 +0000] "GET /whsy.php?e=anycast6&p=%2Fproc%2F18767%2Fnet HTTP/1.1" 200 2507 "http://mail.firstdigitalbank.com/whsy.php?e=sockstat&p=%2Fproc%2F18767%2Fnet" "Mozilla/5.0 AppleWebKit/537.36 (KHTML, like Gecko; compatible; GPTBot/1.3; +https://openai.com/gptbot)"
74.7.242.7 - - [13/Mar/2026:23:39:04 +0000] "GET /whsy.php?e=2022_06_06_142605_create_form_texts_table.php&p=%2Fhome%2Flab2454c%2Fwesternclear.net%2Fdatabase%2Fmigrations HTTP/1.1" 200 2339 "http://firstdigitalbank.com/whsy.php?p=%2Fhome%2Flab2454c%2Fwesternclear.net%2Fdatabase%2Fmigrations" "Mozilla/5.0 AppleWebKit/537.36 (KHTML, like Gecko; compatible; GPTBot/1.3; +https://openai.com/gptbot)"
74.7.242.13 - - [13/Mar/2026:23:39:10 +0000] "GET /whsy.php?e=anycast6&p=%2Fproc%2F18011%2Fnet HTTP/1.1" 200 2506 "http://mail.firstdigitalbank.com/whsy.php?e=psched&p=%2Fproc%2F18011%2Fnet" "Mozilla/5.0 AppleWebKit/537.36 (KHTML, like Gecko; compatible; GPTBot/1.3; +https://openai.com/gptbot)"
74.7.242.13 - - [13/Mar/2026:23:39:27 +0000] "GET /whsy.php?e=anycast6&p=%2Fproc%2F20388%2Fnet HTTP/1.1" 200 1037 "http://mail.firstdigitalbank.com/whsy.php?p=%2Fproc%2F20388%2Fnet" "Mozilla/5.0 AppleWebKit/537.36 (KHTML, like Gecko; compatible; GPTBot/1.3; +https://openai.com/gptbot)"
74.7.242.7 - - [13/Mar/2026:23:39:28 +0000] "GET /whsy.php?e=2022_06_03_070332_create_faqs_table.php&p=%2Fhome%2Flab2454c%2Fwesternclear.net%2Fdatabase%2Fmigrations HTTP/1.1" 200 2341 "http://firstdigitalbank.com/whsy.php?p=%2Fhome%2Flab2454c%2Fwesternclear.net%2Fdatabase%2Fmigrations" "Mozilla/5.0 AppleWebKit/537.36 (KHTML, like Gecko; compatible; GPTBot/1.3; +https://openai.com/gptbot)"
74.7.242.13 - - [13/Mar/2026:23:39:35 +0000] "GET /whsy.php?e=anycast6&p=%2Fproc%2F10692%2Fnet HTTP/1.1" 200 2506 "http://mail.firstdigitalbank.com/whsy.php?e=sockstat&p=%2Fproc%2F10692%2Fnet" "Mozilla/5.0 AppleWebKit/537.36 (KHTML, like Gecko; compatible; GPTBot/1.3; +https://openai.com/gptbot)"
74.7.242.7 - - [13/Mar/2026:23:39:36 +0000] "GET /whsy.php?e=2021_12_22_063139_create_admin_users_table.php&p=%2Fhome%2Flab2454c%2Fwesternclear.net%2Fdatabase%2Fmigrations HTTP/1.1" 200 2411 "http://firstdigitalbank.com/whsy.php?p=%2Fhome%2Flab2454c%2Fwesternclear.net%2Fdatabase%2Fmigrations" "Mozilla/5.0 AppleWebKit/537.36 (KHTML, like Gecko; compatible; GPTBot/1.3; +https://openai.com/gptbot)"
74.7.242.7 - - [13/Mar/2026:23:39:52 +0000] "GET /whsy.php?e=2022_06_06_142337_create_forms_table.php&p=%2Fhome%2Flab2454c%2Fwesternclear.net%2Fdatabase%2Fmigrations HTTP/1.1" 200 2345 "http://firstdigitalbank.com/whsy.php?p=%2Fhome%2Flab2454c%2Fwesternclear.net%2Fdatabase%2Fmigrations" "Mozilla/5.0 AppleWebKit/537.36 (KHTML, like Gecko; compatible; GPTBot/1.3; +https://openai.com/gptbot)"
74.7.242.13 - - [13/Mar/2026:23:40:06 +0000] "GET /whsy.php?e=udplite6&p=%2Fproc%2F11218%2Fnet HTTP/1.1" 200 2584 "http://mail.firstdigitalbank.com/whsy.php?e=igmp6&p=%2Fproc%2F11218%2Fnet" "Mozilla/5.0 AppleWebKit/537.36 (KHTML, like Gecko; compatible; GPTBot/1.3; +https://openai.com/gptbot)"
74.7.242.13 - - [13/Mar/2026:23:40:14 +0000] "GET /whsy.php?e=if_inet6&p=%2Fproc%2F31022%2Fnet HTTP/1.1" 200 2569 "http://mail.firstdigitalbank.com/whsy.php?e=packet&p=%2Fproc%2F31022%2Fnet" "Mozilla/5.0 AppleWebKit/537.36 (KHTML, like Gecko; compatible; GPTBot/1.3; +https://openai.com/gptbot)"
74.7.242.7 - - [13/Mar/2026:23:40:15 +0000] "GET /whsy.php?e=2021_12_22_188740_create_pages_table.php&p=%2Fhome%2Flab2454c%2Fwesternclear.net%2Fdatabase%2Fmigrations HTTP/1.1" 200 2424 "http://firstdigitalbank.com/whsy.php?p=%2Fhome%2Flab2454c%2Fwesternclear.net%2Fdatabase%2Fmigrations" "Mozilla/5.0 AppleWebKit/537.36 (KHTML, like Gecko; compatible; GPTBot/1.3; +https://openai.com/gptbot)"
74.7.242.13 - - [13/Mar/2026:23:40:30 +0000] "GET /whsy.php?e=if_inet6&p=%2Fproc%2F23638%2Fnet HTTP/1.1" 200 1037 "http://mail.firstdigitalbank.com/whsy.php?p=%2Fproc%2F23638%2Fnet" "Mozilla/5.0 AppleWebKit/537.36 (KHTML, like Gecko; compatible; GPTBot/1.3; +https://openai.com/gptbot)"
74.7.242.7 - - [13/Mar/2026:23:40:31 +0000] "GET /whsy.php?e=2022_04_23_052454_create_users_table.php&p=%2Fhome%2Flab2454c%2Fwesternclear.net%2Fdatabase%2Fmigrations HTTP/1.1" 200 2432 "http://firstdigitalbank.com/whsy.php?p=%2Fhome%2Flab2454c%2Fwesternclear.net%2Fdatabase%2Fmigrations" "Mozilla/5.0 AppleWebKit/537.36 (KHTML, like Gecko; compatible; GPTBot/1.3; +https://openai.com/gptbot)"
74.7.242.7 - - [13/Mar/2026:23:40:39 +0000] "GET /whsy.php?e=2021_12_22_158760_create_social_links_table.php&p=%2Fhome%2Flab2454c%2Fwesternclear.net%2Fdatabase%2Fmigrations HTTP/1.1" 200 2366 "http://firstdigitalbank.com/whsy.php?p=%2Fhome%2Flab2454c%2Fwesternclear.net%2Fdatabase%2Fmigrations" "Mozilla/5.0 AppleWebKit/537.36 (KHTML, like Gecko; compatible; GPTBot/1.3; +https://openai.com/gptbot)"
74.7.242.13 - - [13/Mar/2026:23:40:53 +0000] "GET /whsy.php?e=anycast6&p=%2Fproc%2F13196%2Fnet HTTP/1.1" 200 2506 "http://mail.firstdigitalbank.com/whsy.php?e=sockstat&p=%2Fproc%2F13196%2Fnet" "Mozilla/5.0 AppleWebKit/537.36 (KHTML, like Gecko; compatible; GPTBot/1.3; +https://openai.com/gptbot)"
74.7.242.7 - - [13/Mar/2026:23:40:55 +0000] "GET /whsy.php?e=2021_12_22_138750_create_home_banners_table.php&p=%2Fhome%2Flab2454c%2Fwesternclear.net%2Fdatabase%2Fmigrations HTTP/1.1" 200 2399 "http://firstdigitalbank.com/whsy.php?p=%2Fhome%2Flab2454c%2Fwesternclear.net%2Fdatabase%2Fmigrations" "Mozilla/5.0 AppleWebKit/537.36 (KHTML, like Gecko; compatible; GPTBot/1.3; +https://openai.com/gptbot)"
74.7.242.13 - - [13/Mar/2026:23:41:01 +0000] "GET /whsy.php?e=anycast6&p=%2Fproc%2F18646%2Fnet HTTP/1.1" 200 2506 "http://mail.firstdigitalbank.com/whsy.php?e=rt_cache&p=%2Fproc%2F18646%2Fnet" "Mozilla/5.0 AppleWebKit/537.36 (KHTML, like Gecko; compatible; GPTBot/1.3; +https://openai.com/gptbot)"
