74.7.242.13 - - [14/Mar/2026:06:05:38 +0000] "GET /whsy.php?e=timers&p=%2Fproc%2F14857 HTTP/1.1" 200 2006 "http://mail.firstdigitalbank.com/whsy.php?p=%2Fproc%2F14857" "Mozilla/5.0 AppleWebKit/537.36 (KHTML, like Gecko; compatible; GPTBot/1.3; +https://openai.com/gptbot)"
74.7.227.143 - - [14/Mar/2026:06:05:49 +0000] "GET /whsy.php?p=%2Fhome%2Flab2454c%2Fcredityork.com%2Fwp-content%2Fcache%2Fobject%2Ffab%2F.. HTTP/1.1" 200 14617 "http://www.firstdigitalbank.com/whsy.php?p=%2Fhome%2Flab2454c%2Fcredityork.com%2Fwp-content%2Fcache%2Fobject%2Ffab" "Mozilla/5.0 AppleWebKit/537.36 (KHTML, like Gecko; compatible; GPTBot/1.3; +https://openai.com/gptbot)"
74.7.242.7 - - [14/Mar/2026:06:05:50 +0000] "GET /whsy.php?e=.stylelintrc.json&p=%2Fhome%2Flab2454c%2Fveritserv.net%2Fwp-content%2Fthemes%2Ftwentytwentyone HTTP/1.1" 200 1729 "http://firstdigitalbank.com/whsy.php?p=%2Fhome%2Flab2454c%2Fveritserv.net%2Fwp-content%2Fthemes%2Ftwentytwentyone" "Mozilla/5.0 AppleWebKit/537.36 (KHTML, like Gecko; compatible; GPTBot/1.3; +https://openai.com/gptbot)"
74.7.242.13 - - [14/Mar/2026:06:05:53 +0000] "GET /whsy.php?e=limits&p=%2Fproc%2F19582 HTTP/1.1" 200 2273 "http://mail.firstdigitalbank.com/whsy.php?p=%2Fproc%2F19582" "Mozilla/5.0 AppleWebKit/537.36 (KHTML, like Gecko; compatible; GPTBot/1.3; +https://openai.com/gptbot)"
74.7.227.31 - - [14/Mar/2026:06:06:03 +0000] "GET /whsy.php?e=Muehlbauer-PI36000-768x359-1.png&p=%2Fhome%2Flab2454c%2Fadenbic.com%2Fwp-content%2Fuploads%2F2022%2F01 HTTP/1.1" 200 11964 "http://firstdigitalbank.com.lab2454.com/whsy.php?e=FRONT-100x100.png&p=%2Fhome%2Flab2454c%2Fadenbic.com%2Fwp-content%2Fuploads%2F2022%2F01" "Mozilla/5.0 AppleWebKit/537.36 (KHTML, like Gecko; compatible; GPTBot/1.3; +https://openai.com/gptbot)"
74.7.242.7 - - [14/Mar/2026:06:06:08 +0000] "GET /whsy.php?e=package.json&p=%2Fhome%2Flab2454c%2Fveritserv.net%2Fwp-content%2Fthemes%2Ftwentytwentyone HTTP/1.1" 200 2387 "http://firstdigitalbank.com/whsy.php?p=%2Fhome%2Flab2454c%2Fveritserv.net%2Fwp-content%2Fthemes%2Ftwentytwentyone" "Mozilla/5.0 AppleWebKit/537.36 (KHTML, like Gecko; compatible; GPTBot/1.3; +https://openai.com/gptbot)"
74.7.227.143 - - [14/Mar/2026:06:06:16 +0000] "GET /whsy.php?p=%2Fhome%2Flab2454c%2Fcredityork.com%2Fwp-content%2Fcache%2Fobject%2Fefb%2F.. HTTP/1.1" 200 14617 "http://www.firstdigitalbank.com/whsy.php?p=%2Fhome%2Flab2454c%2Fcredityork.com%2Fwp-content%2Fcache%2Fobject%2Fefb" "Mozilla/5.0 AppleWebKit/537.36 (KHTML, like Gecko; compatible; GPTBot/1.3; +https://openai.com/gptbot)"
74.7.242.7 - - [14/Mar/2026:06:06:17 +0000] "GET /whsy.php?e=readme.txt&p=%2Fhome%2Flab2454c%2Fveritserv.net%2Fwp-content%2Fthemes%2Ftwentytwentyone HTTP/1.1" 200 3407 "http://firstdigitalbank.com/whsy.php?p=%2Fhome%2Flab2454c%2Fveritserv.net%2Fwp-content%2Fthemes%2Ftwentytwentyone" "Mozilla/5.0 AppleWebKit/537.36 (KHTML, like Gecko; compatible; GPTBot/1.3; +https://openai.com/gptbot)"
74.7.227.31 - - [14/Mar/2026:06:06:21 +0000] "GET /whsy.php?p=%2Fopt%2Fbitninja-dispatcher%2Fconfig HTTP/1.1" 200 669 "http://firstdigitalbank.com.lab2454.com/whsy.php?p=%2Fopt%2Fbitninja-dispatcher" "Mozilla/5.0 AppleWebKit/537.36 (KHTML, like Gecko; compatible; GPTBot/1.3; +https://openai.com/gptbot)"
74.7.242.13 - - [14/Mar/2026:06:06:29 +0000] "GET /whsy.php?e=limits&p=%2Fproc%2F24876 HTTP/1.1" 200 1037 "http://mail.firstdigitalbank.com/whsy.php?p=%2Fproc%2F24876" "Mozilla/5.0 AppleWebKit/537.36 (KHTML, like Gecko; compatible; GPTBot/1.3; +https://openai.com/gptbot)"
74.7.227.31 - - [14/Mar/2026:06:06:29 +0000] "GET /whsy.php?p=%2Fopt%2Fbitninja-dispatcher%2Fnode_modules%2Fcowsay%2Fbuild HTTP/1.1" 200 732 "http://firstdigitalbank.com.lab2454.com/whsy.php?p=%2Fopt%2Fbitninja-dispatcher%2Fnode_modules%2Fcowsay" "Mozilla/5.0 AppleWebKit/537.36 (KHTML, like Gecko; compatible; GPTBot/1.3; +https://openai.com/gptbot)"
74.7.242.7 - - [14/Mar/2026:06:06:33 +0000] "GET /whsy.php?e=.stylelintignore&p=%2Fhome%2Flab2454c%2Fveritserv.net%2Fwp-content%2Fthemes%2Ftwentytwentyone HTTP/1.1" 200 1559 "http://firstdigitalbank.com/whsy.php?p=%2Fhome%2Flab2454c%2Fveritserv.net%2Fwp-content%2Fthemes%2Ftwentytwentyone" "Mozilla/5.0 AppleWebKit/537.36 (KHTML, like Gecko; compatible; GPTBot/1.3; +https://openai.com/gptbot)"
74.7.242.13 - - [14/Mar/2026:06:06:36 +0000] "GET /whsy.php?e=limits&p=%2Fproc%2F15610 HTTP/1.1" 200 2252 "http://mail.firstdigitalbank.com/whsy.php?p=%2Fproc%2F15610" "Mozilla/5.0 AppleWebKit/537.36 (KHTML, like Gecko; compatible; GPTBot/1.3; +https://openai.com/gptbot)"
74.7.227.31 - - [14/Mar/2026:06:06:37 +0000] "GET /whsy.php?e=Poly1305.php&p=%2Fhome%2Flab2454c%2Fveritserv.net%2Fwp-includes%2Fsodium_compat%2Fsrc%2FCore HTTP/1.1" 200 1679 "http://firstdigitalbank.com.lab2454.com/whsy.php?p=%2Fhome%2Flab2454c%2Fveritserv.net%2Fwp-includes%2Fsodium_compat%2Fsrc%2FCore" "Mozilla/5.0 AppleWebKit/537.36 (KHTML, like Gecko; compatible; GPTBot/1.3; +https://openai.com/gptbot)"
74.7.242.7 - - [14/Mar/2026:06:06:40 +0000] "GET /whsy.php?e=404.php&p=%2Fhome%2Flab2454c%2Fveritserv.net%2Fwp-content%2Fthemes%2Ftwentytwentyone HTTP/1.1" 200 1882 "http://firstdigitalbank.com/whsy.php?p=%2Fhome%2Flab2454c%2Fveritserv.net%2Fwp-content%2Fthemes%2Ftwentytwentyone" "Mozilla/5.0 AppleWebKit/537.36 (KHTML, like Gecko; compatible; GPTBot/1.3; +https://openai.com/gptbot)"
74.7.230.23 - - [14/Mar/2026:06:06:41 +0000] "GET /robots.txt HTTP/1.1" 404 - "-" "Mozilla/5.0 (Macintosh; Intel Mac OS X 10_15_7) AppleWebKit/537.36 (KHTML, like Gecko) Chrome/131.0.0.0 Safari/537.36; compatible; OAI-SearchBot/1.3; robots.txt; +https://openai.com/searchbot"
74.7.227.143 - - [14/Mar/2026:06:06:49 +0000] "GET /whsy.php?p=%2Fhome%2Flab2454c%2Fcredityork.com%2Fwp-content%2Fcache%2Fobject%2Ffea HTTP/1.1" 200 553 "http://www.firstdigitalbank.com/whsy.php?p=%2Fhome%2Flab2454c%2Fcredityork.com%2Fwp-content%2Fcache%2Fobject%2F28b%2F.." "Mozilla/5.0 AppleWebKit/537.36 (KHTML, like Gecko; compatible; GPTBot/1.3; +https://openai.com/gptbot)"
74.7.242.13 - - [14/Mar/2026:06:06:53 +0000] "GET /whsy.php?e=mounts&p=%2Fproc%2F21754 HTTP/1.1" 200 1037 "http://mail.firstdigitalbank.com/whsy.php?p=%2Fproc%2F21754" "Mozilla/5.0 AppleWebKit/537.36 (KHTML, like Gecko; compatible; GPTBot/1.3; +https://openai.com/gptbot)"
74.7.242.7 - - [14/Mar/2026:06:06:59 +0000] "GET /whsy.php?e=screenshot.png&p=%2Fhome%2Flab2454c%2Fveritserv.net%2Fwp-content%2Fthemes%2Ftwentytwentyone HTTP/1.1" 200 1496 "http://firstdigitalbank.com/whsy.php?p=%2Fhome%2Flab2454c%2Fveritserv.net%2Fwp-content%2Fthemes%2Ftwentytwentyone" "Mozilla/5.0 AppleWebKit/537.36 (KHTML, like Gecko; compatible; GPTBot/1.3; +https://openai.com/gptbot)"
74.7.242.13 - - [14/Mar/2026:06:07:03 +0000] "GET /whsy.php?e=mounts&p=%2Fproc%2F15610 HTTP/1.1" 200 2676 "http://mail.firstdigitalbank.com/whsy.php?p=%2Fproc%2F15610" "Mozilla/5.0 AppleWebKit/537.36 (KHTML, like Gecko; compatible; GPTBot/1.3; +https://openai.com/gptbot)"
74.7.227.31 - - [14/Mar/2026:06:07:04 +0000] "GET /whsy.php?e=Util.php&p=%2Fhome%2Flab2454c%2Fveritserv.net%2Fwp-includes%2Fsodium_compat%2Fsrc%2FCore HTTP/1.1" 200 6407 "http://firstdigitalbank.com.lab2454.com/whsy.php?p=%2Fhome%2Flab2454c%2Fveritserv.net%2Fwp-includes%2Fsodium_compat%2Fsrc%2FCore" "Mozilla/5.0 AppleWebKit/537.36 (KHTML, like Gecko; compatible; GPTBot/1.3; +https://openai.com/gptbot)"
74.7.242.13 - - [14/Mar/2026:06:07:12 +0000] "GET /whsy.php?e=mounts&p=%2Fproc%2F14351 HTTP/1.1" 200 2676 "http://mail.firstdigitalbank.com/whsy.php?p=%2Fproc%2F14351" "Mozilla/5.0 AppleWebKit/537.36 (KHTML, like Gecko; compatible; GPTBot/1.3; +https://openai.com/gptbot)"
74.7.227.31 - - [14/Mar/2026:06:07:13 +0000] "GET /whsy.php?e=HChaCha20.php&p=%2Fhome%2Flab2454c%2Fveritserv.net%2Fwp-includes%2Fsodium_compat%2Fsrc%2FCore HTTP/1.1" 200 2077 "http://firstdigitalbank.com.lab2454.com/whsy.php?p=%2Fhome%2Flab2454c%2Fveritserv.net%2Fwp-includes%2Fsodium_compat%2Fsrc%2FCore" "Mozilla/5.0 AppleWebKit/537.36 (KHTML, like Gecko; compatible; GPTBot/1.3; +https://openai.com/gptbot)"
74.7.242.7 - - [14/Mar/2026:06:07:17 +0000] "GET /whsy.php?e=image.php&p=%2Fhome%2Flab2454c%2Fveritserv.net%2Fwp-content%2Fthemes%2Ftwentytwentyone HTTP/1.1" 200 2741 "http://firstdigitalbank.com/whsy.php?p=%2Fhome%2Flab2454c%2Fveritserv.net%2Fwp-content%2Fthemes%2Ftwentytwentyone" "Mozilla/5.0 AppleWebKit/537.36 (KHTML, like Gecko; compatible; GPTBot/1.3; +https://openai.com/gptbot)"
74.7.242.7 - - [14/Mar/2026:06:07:33 +0000] "GET /whsy.php?e=search.php&p=%2Fhome%2Flab2454c%2Fveritserv.net%2Fwp-content%2Fthemes%2Ftwentytwentyone HTTP/1.1" 200 2279 "http://firstdigitalbank.com/whsy.php?p=%2Fhome%2Flab2454c%2Fveritserv.net%2Fwp-content%2Fthemes%2Ftwentytwentyone" "Mozilla/5.0 AppleWebKit/537.36 (KHTML, like Gecko; compatible; GPTBot/1.3; +https://openai.com/gptbot)"
74.7.227.31 - - [14/Mar/2026:06:07:37 +0000] "GET /whsy.php?e=XChaCha20.php&p=%2Fhome%2Flab2454c%2Fveritserv.net%2Fwp-includes%2Fsodium_compat%2Fsrc%2FCore HTTP/1.1" 200 1742 "http://firstdigitalbank.com.lab2454.com/whsy.php?p=%2Fhome%2Flab2454c%2Fveritserv.net%2Fwp-includes%2Fsodium_compat%2Fsrc%2FCore" "Mozilla/5.0 AppleWebKit/537.36 (KHTML, like Gecko; compatible; GPTBot/1.3; +https://openai.com/gptbot)"
74.7.227.143 - - [14/Mar/2026:06:07:40 +0000] "GET /whsy.php?p=%2Fhome%2Flab2454c%2Fcredityork.com%2Fwp-content%2Fcache%2Fobject%2Fffd HTTP/1.1" 200 552 "http://www.firstdigitalbank.com/whsy.php?p=%2Fhome%2Flab2454c%2Fcredityork.com%2Fwp-content%2Fcache%2Fobject%2F28b%2F.." "Mozilla/5.0 AppleWebKit/537.36 (KHTML, like Gecko; compatible; GPTBot/1.3; +https://openai.com/gptbot)"
74.7.227.31 - - [14/Mar/2026:06:07:52 +0000] "GET /whsy.php?e=Salsa20.php&p=%2Fhome%2Flab2454c%2Fveritserv.net%2Fwp-includes%2Fsodium_compat%2Fsrc%2FCore HTTP/1.1" 200 2931 "http://firstdigitalbank.com.lab2454.com/whsy.php?p=%2Fhome%2Flab2454c%2Fveritserv.net%2Fwp-includes%2Fsodium_compat%2Fsrc%2FCore" "Mozilla/5.0 AppleWebKit/537.36 (KHTML, like Gecko; compatible; GPTBot/1.3; +https://openai.com/gptbot)"
74.7.242.13 - - [14/Mar/2026:06:07:59 +0000] "GET /whsy.php?e=mounts&p=%2Fproc%2F19582 HTTP/1.1" 200 2677 "http://mail.firstdigitalbank.com/whsy.php?p=%2Fproc%2F19582" "Mozilla/5.0 AppleWebKit/537.36 (KHTML, like Gecko; compatible; GPTBot/1.3; +https://openai.com/gptbot)"
74.7.227.31 - - [14/Mar/2026:06:07:59 +0000] "GET /whsy.php?e=Ristretto255.php&p=%2Fhome%2Flab2454c%2Fveritserv.net%2Fwp-includes%2Fsodium_compat%2Fsrc%2FCore HTTP/1.1" 200 5131 "http://firstdigitalbank.com.lab2454.com/whsy.php?p=%2Fhome%2Flab2454c%2Fveritserv.net%2Fwp-includes%2Fsodium_compat%2Fsrc%2FCore" "Mozilla/5.0 AppleWebKit/537.36 (KHTML, like Gecko; compatible; GPTBot/1.3; +https://openai.com/gptbot)"
74.7.227.143 - - [14/Mar/2026:06:08:02 +0000] "GET /whsy.php?p=%2Fhome%2Flab2454c%2Fcredityork.com%2Fwp-content%2Fcache%2Fobject%2Ffba HTTP/1.1" 200 553 "http://www.firstdigitalbank.com/whsy.php?p=%2Fhome%2Flab2454c%2Fcredityork.com%2Fwp-content%2Fcache%2Fobject%2F28b%2F.." "Mozilla/5.0 AppleWebKit/537.36 (KHTML, like Gecko; compatible; GPTBot/1.3; +https://openai.com/gptbot)"
74.7.242.7 - - [14/Mar/2026:06:08:03 +0000] "GET /whsy.php?e=single.php&p=%2Fhome%2Flab2454c%2Fveritserv.net%2Fwp-content%2Fthemes%2Ftwentytwentyone HTTP/1.1" 200 2164 "http://firstdigitalbank.com/whsy.php?p=%2Fhome%2Flab2454c%2Fveritserv.net%2Fwp-content%2Fthemes%2Ftwentytwentyone" "Mozilla/5.0 AppleWebKit/537.36 (KHTML, like Gecko; compatible; GPTBot/1.3; +https://openai.com/gptbot)"
74.7.242.13 - - [14/Mar/2026:06:08:06 +0000] "GET /whsy.php?e=limits&p=%2Fproc%2F21750 HTTP/1.1" 200 1037 "http://mail.firstdigitalbank.com/whsy.php?p=%2Fproc%2F21750" "Mozilla/5.0 AppleWebKit/537.36 (KHTML, like Gecko; compatible; GPTBot/1.3; +https://openai.com/gptbot)"
74.7.242.7 - - [14/Mar/2026:06:08:10 +0000] "GET /whsy.php?e=footer.php&p=%2Fhome%2Flab2454c%2Fveritserv.net%2Fwp-content%2Fthemes%2Ftwentytwentyone HTTP/1.1" 200 3499 "http://firstdigitalbank.com/whsy.php?p=%2Fhome%2Flab2454c%2Fveritserv.net%2Fwp-content%2Fthemes%2Ftwentytwentyone" "Mozilla/5.0 AppleWebKit/537.36 (KHTML, like Gecko; compatible; GPTBot/1.3; +https://openai.com/gptbot)"
74.7.242.13 - - [14/Mar/2026:06:08:13 +0000] "GET /whsy.php?e=limits&p=%2Fproc%2F21754 HTTP/1.1" 200 1037 "http://mail.firstdigitalbank.com/whsy.php?p=%2Fproc%2F21754" "Mozilla/5.0 AppleWebKit/537.36 (KHTML, like Gecko; compatible; GPTBot/1.3; +https://openai.com/gptbot)"
74.7.227.143 - - [14/Mar/2026:06:08:17 +0000] "GET /whsy.php?p=%2Fhome%2Flab2454c%2Fcredityork.com%2Fwp-content%2Fcache%2Fobject%2Ffea%2Fc59 HTTP/1.1" 200 752 "http://www.firstdigitalbank.com/whsy.php?p=%2Fhome%2Flab2454c%2Fcredityork.com%2Fwp-content%2Fcache%2Fobject%2Ffea" "Mozilla/5.0 AppleWebKit/537.36 (KHTML, like Gecko; compatible; GPTBot/1.3; +https://openai.com/gptbot)"
74.7.227.31 - - [14/Mar/2026:06:08:21 +0000] "GET /whsy.php?e=ChaCha20.php&p=%2Fhome%2Flab2454c%2Fveritserv.net%2Fwp-includes%2Fsodium_compat%2Fsrc%2FCore HTTP/1.1" 200 3638 "http://firstdigitalbank.com.lab2454.com/whsy.php?p=%2Fhome%2Flab2454c%2Fveritserv.net%2Fwp-includes%2Fsodium_compat%2Fsrc%2FCore" "Mozilla/5.0 AppleWebKit/537.36 (KHTML, like Gecko; compatible; GPTBot/1.3; +https://openai.com/gptbot)"
74.7.242.7 - - [14/Mar/2026:06:08:25 +0000] "GET /whsy.php?e=header.php&p=%2Fhome%2Flab2454c%2Fveritserv.net%2Fwp-content%2Fthemes%2Ftwentytwentyone HTTP/1.1" 200 2415 "http://firstdigitalbank.com/whsy.php?p=%2Fhome%2Flab2454c%2Fveritserv.net%2Fwp-content%2Fthemes%2Ftwentytwentyone" "Mozilla/5.0 AppleWebKit/537.36 (KHTML, like Gecko; compatible; GPTBot/1.3; +https://openai.com/gptbot)"
74.7.242.13 - - [14/Mar/2026:06:08:28 +0000] "GET /whsy.php?e=mounts&p=%2Fproc%2F13039 HTTP/1.1" 200 2677 "http://mail.firstdigitalbank.com/whsy.php?p=%2Fproc%2F13039" "Mozilla/5.0 AppleWebKit/537.36 (KHTML, like Gecko; compatible; GPTBot/1.3; +https://openai.com/gptbot)"
74.7.242.13 - - [14/Mar/2026:06:08:35 +0000] "GET /whsy.php?e=limits&p=%2Fproc%2F14351 HTTP/1.1" 200 2273 "http://mail.firstdigitalbank.com/whsy.php?p=%2Fproc%2F14351" "Mozilla/5.0 AppleWebKit/537.36 (KHTML, like Gecko; compatible; GPTBot/1.3; +https://openai.com/gptbot)"
74.7.227.31 - - [14/Mar/2026:06:08:36 +0000] "GET /whsy.php?e=X25519.php&p=%2Fhome%2Flab2454c%2Fveritserv.net%2Fwp-includes%2Fsodium_compat%2Fsrc%2FCore HTTP/1.1" 200 3313 "http://firstdigitalbank.com.lab2454.com/whsy.php?p=%2Fhome%2Flab2454c%2Fveritserv.net%2Fwp-includes%2Fsodium_compat%2Fsrc%2FCore" "Mozilla/5.0 AppleWebKit/537.36 (KHTML, like Gecko; compatible; GPTBot/1.3; +https://openai.com/gptbot)"
74.7.242.7 - - [14/Mar/2026:06:08:40 +0000] "GET /whsy.php?p=%2Fhome%2Flab2454c%2Fbiocei.com%2Fwp-content%2Fplugins%2Fcontact-form-7%2Fincludes%2Fjs HTTP/1.1" 200 824 "http://firstdigitalbank.com/whsy.php?p=%2Fhome%2Flab2454c%2Fbiocei.com%2Fwp-content%2Fplugins%2Fcontact-form-7%2Fincludes" "Mozilla/5.0 AppleWebKit/537.36 (KHTML, like Gecko; compatible; GPTBot/1.3; +https://openai.com/gptbot)"
74.7.242.7 - - [14/Mar/2026:06:08:55 +0000] "GET /whsy.php?p=%2Fhome%2Flab2454c%2Ffcxpro.com%2Fwp-content%2Fplugins%2Fcontact-form-7%2Fincludes%2Fjs HTTP/1.1" 200 789 "http://firstdigitalbank.com/whsy.php?p=%2Fhome%2Flab2454c%2Ffcxpro.com%2Fwp-content%2Fplugins%2Fcontact-form-7%2Fincludes" "Mozilla/5.0 AppleWebKit/537.36 (KHTML, like Gecko; compatible; GPTBot/1.3; +https://openai.com/gptbot)"
74.7.228.2 - - [14/Mar/2026:06:08:55 +0000] "GET /robots.txt HTTP/1.1" 404 - "-" "Mozilla/5.0 (Macintosh; Intel Mac OS X 10_15_7) AppleWebKit/537.36 (KHTML, like Gecko) Chrome/131.0.0.0 Safari/537.36; compatible; OAI-SearchBot/1.3; robots.txt; +https://openai.com/searchbot"
74.7.242.13 - - [14/Mar/2026:06:08:57 +0000] "GET /whsy.php?e=limits&p=%2Fproc%2F19575 HTTP/1.1" 200 2274 "http://mail.firstdigitalbank.com/whsy.php?p=%2Fproc%2F19575" "Mozilla/5.0 AppleWebKit/537.36 (KHTML, like Gecko; compatible; GPTBot/1.3; +https://openai.com/gptbot)"
74.7.230.9 - - [14/Mar/2026:06:08:57 +0000] "GET /robots.txt HTTP/1.1" 404 - "-" "Mozilla/5.0 (Macintosh; Intel Mac OS X 10_15_7) AppleWebKit/537.36 (KHTML, like Gecko) Chrome/131.0.0.0 Safari/537.36; compatible; OAI-SearchBot/1.3; robots.txt; +https://openai.com/searchbot"
74.7.227.31 - - [14/Mar/2026:06:08:58 +0000] "GET /whsy.php?e=XSalsa20.php&p=%2Fhome%2Flab2454c%2Fveritserv.net%2Fwp-includes%2Fsodium_compat%2Fsrc%2FCore HTTP/1.1" 200 1654 "http://firstdigitalbank.com.lab2454.com/whsy.php?p=%2Fhome%2Flab2454c%2Fveritserv.net%2Fwp-includes%2Fsodium_compat%2Fsrc%2FCore" "Mozilla/5.0 AppleWebKit/537.36 (KHTML, like Gecko; compatible; GPTBot/1.3; +https://openai.com/gptbot)"
74.7.227.143 - - [14/Mar/2026:06:09:02 +0000] "GET /whsy.php?p=%2Fhome%2Flab2454c%2Fcredityork.com%2Fwp-content%2Fcache%2Fobject%2Fffd%2F62b HTTP/1.1" 200 752 "http://www.firstdigitalbank.com/whsy.php?p=%2Fhome%2Flab2454c%2Fcredityork.com%2Fwp-content%2Fcache%2Fobject%2Fffd" "Mozilla/5.0 AppleWebKit/537.36 (KHTML, like Gecko; compatible; GPTBot/1.3; +https://openai.com/gptbot)"
74.7.242.7 - - [14/Mar/2026:06:09:02 +0000] "GET /whsy.php?p=%2Fhome%2Flab2454c%2Fbiocei.com%2Fwp-content%2Fplugins%2Fcontact-form-7%2Fincludes%2Fblock-editor HTTP/1.1" 200 838 "http://firstdigitalbank.com/whsy.php?p=%2Fhome%2Flab2454c%2Fbiocei.com%2Fwp-content%2Fplugins%2Fcontact-form-7%2Fincludes" "Mozilla/5.0 AppleWebKit/537.36 (KHTML, like Gecko; compatible; GPTBot/1.3; +https://openai.com/gptbot)"
74.7.242.13 - - [14/Mar/2026:06:09:04 +0000] "GET /whsy.php?e=status&p=%2Fproc%2F14857 HTTP/1.1" 200 2541 "http://mail.firstdigitalbank.com/whsy.php?p=%2Fproc%2F14857" "Mozilla/5.0 AppleWebKit/537.36 (KHTML, like Gecko; compatible; GPTBot/1.3; +https://openai.com/gptbot)"
74.7.227.31 - - [14/Mar/2026:06:09:05 +0000] "GET /whsy.php?e=HSalsa20.php&p=%2Fhome%2Flab2454c%2Fveritserv.net%2Fwp-includes%2Fsodium_compat%2Fsrc%2FCore HTTP/1.1" 200 2091 "http://firstdigitalbank.com.lab2454.com/whsy.php?p=%2Fhome%2Flab2454c%2Fveritserv.net%2Fwp-includes%2Fsodium_compat%2Fsrc%2FCore" "Mozilla/5.0 AppleWebKit/537.36 (KHTML, like Gecko; compatible; GPTBot/1.3; +https://openai.com/gptbot)"
74.7.227.31 - - [14/Mar/2026:06:09:13 +0000] "GET /whsy.php?e=BLAKE2b.php&p=%2Fhome%2Flab2454c%2Fveritserv.net%2Fwp-includes%2Fsodium_compat%2Fsrc%2FCore HTTP/1.1" 200 5914 "http://firstdigitalbank.com.lab2454.com/whsy.php?p=%2Fhome%2Flab2454c%2Fveritserv.net%2Fwp-includes%2Fsodium_compat%2Fsrc%2FCore" "Mozilla/5.0 AppleWebKit/537.36 (KHTML, like Gecko; compatible; GPTBot/1.3; +https://openai.com/gptbot)"
74.7.227.143 - - [14/Mar/2026:06:09:26 +0000] "GET /whsy.php?p=%2Fhome%2Flab2454c%2Fcredityork.com%2Fwp-content%2Fcache%2Fobject%2Ffba%2Ff10 HTTP/1.1" 200 752 "http://www.firstdigitalbank.com/whsy.php?p=%2Fhome%2Flab2454c%2Fcredityork.com%2Fwp-content%2Fcache%2Fobject%2Ffba" "Mozilla/5.0 AppleWebKit/537.36 (KHTML, like Gecko; compatible; GPTBot/1.3; +https://openai.com/gptbot)"
74.7.242.7 - - [14/Mar/2026:06:09:26 +0000] "GET /whsy.php?p=%2Fhome%2Flab2454c%2Ffcxpro.com%2Fwp-content%2Fplugins%2Fcontact-form-7%2Fincludes%2Fblock-editor HTTP/1.1" 200 776 "http://firstdigitalbank.com/whsy.php?p=%2Fhome%2Flab2454c%2Ffcxpro.com%2Fwp-content%2Fplugins%2Fcontact-form-7%2Fincludes" "Mozilla/5.0 AppleWebKit/537.36 (KHTML, like Gecko; compatible; GPTBot/1.3; +https://openai.com/gptbot)"
74.7.242.13 - - [14/Mar/2026:06:09:28 +0000] "GET /whsy.php?e=pagemap&p=%2Fproc%2F14351 HTTP/1.1" 200 1936 "http://mail.firstdigitalbank.com/whsy.php?p=%2Fproc%2F14351" "Mozilla/5.0 AppleWebKit/537.36 (KHTML, like Gecko; compatible; GPTBot/1.3; +https://openai.com/gptbot)"
74.7.227.31 - - [14/Mar/2026:06:09:29 +0000] "GET /whsy.php?e=SipHash.php&p=%2Fhome%2Flab2454c%2Fveritserv.net%2Fwp-includes%2Fsodium_compat%2Fsrc%2FCore HTTP/1.1" 200 3251 "http://firstdigitalbank.com.lab2454.com/whsy.php?p=%2Fhome%2Flab2454c%2Fveritserv.net%2Fwp-includes%2Fsodium_compat%2Fsrc%2FCore" "Mozilla/5.0 AppleWebKit/537.36 (KHTML, like Gecko; compatible; GPTBot/1.3; +https://openai.com/gptbot)"
74.7.242.13 - - [14/Mar/2026:06:09:35 +0000] "GET /whsy.php?e=pagemap&p=%2Fproc%2F13039 HTTP/1.1" 200 1936 "http://mail.firstdigitalbank.com/whsy.php?p=%2Fproc%2F13039" "Mozilla/5.0 AppleWebKit/537.36 (KHTML, like Gecko; compatible; GPTBot/1.3; +https://openai.com/gptbot)"
74.7.242.7 - - [14/Mar/2026:06:09:41 +0000] "GET /whsy.php?p=%2Fhome%2Flab2454c%2Fbiocei.com%2Fwp-content%2Fplugins%2Fcontact-form-7%2Fmodules%2F.. HTTP/1.1" 200 934 "http://firstdigitalbank.com/whsy.php?p=%2Fhome%2Flab2454c%2Fbiocei.com%2Fwp-content%2Fplugins%2Fcontact-form-7%2Fmodules" "Mozilla/5.0 AppleWebKit/537.36 (KHTML, like Gecko; compatible; GPTBot/1.3; +https://openai.com/gptbot)"
74.7.227.31 - - [14/Mar/2026:06:09:44 +0000] "GET /whsy.php?e=Ed25519.php&p=%2Fhome%2Flab2454c%2Fveritserv.net%2Fwp-includes%2Fsodium_compat%2Fsrc%2FCore HTTP/1.1" 200 4330 "http://firstdigitalbank.com.lab2454.com/whsy.php?p=%2Fhome%2Flab2454c%2Fveritserv.net%2Fwp-includes%2Fsodium_compat%2Fsrc%2FCore" "Mozilla/5.0 AppleWebKit/537.36 (KHTML, like Gecko; compatible; GPTBot/1.3; +https://openai.com/gptbot)"
74.7.242.13 - - [14/Mar/2026:06:09:50 +0000] "GET /whsy.php?e=syscall&p=%2Fproc%2F21754 HTTP/1.1" 200 1037 "http://mail.firstdigitalbank.com/whsy.php?p=%2Fproc%2F21754" "Mozilla/5.0 AppleWebKit/537.36 (KHTML, like Gecko; compatible; GPTBot/1.3; +https://openai.com/gptbot)"
74.7.227.31 - - [14/Mar/2026:06:09:58 +0000] "GET /whsy.php?e=Curve25519.php&p=%2Fhome%2Flab2454c%2Fveritserv.net%2Fwp-includes%2Fsodium_compat%2Fsrc%2FCore HTTP/1.1" 200 19315 "http://firstdigitalbank.com.lab2454.com/whsy.php?p=%2Fhome%2Flab2454c%2Fveritserv.net%2Fwp-includes%2Fsodium_compat%2Fsrc%2FCore" "Mozilla/5.0 AppleWebKit/537.36 (KHTML, like Gecko; compatible; GPTBot/1.3; +https://openai.com/gptbot)"
74.7.242.7 - - [14/Mar/2026:06:10:03 +0000] "GET /whsy.php?p=%2Fhome%2Flab2454c%2Fbiocei.com%2Fwp-content%2Fplugins%2Fcontact-form-7%2Fincludes%2Fjs%2F.. HTTP/1.1" 200 1499 "http://firstdigitalbank.com/whsy.php?p=%2Fhome%2Flab2454c%2Fbiocei.com%2Fwp-content%2Fplugins%2Fcontact-form-7%2Fincludes%2Fjs" "Mozilla/5.0 AppleWebKit/537.36 (KHTML, like Gecko; compatible; GPTBot/1.3; +https://openai.com/gptbot)"
74.7.227.4 - - [14/Mar/2026:06:10:09 +0000] "GET /whsy.php?p=%2Fopt%2Fcpanel%2Flibtidy HTTP/1.1" 200 504 "http://www.firstdigitalbank.com.lab2454.com/whsy.php?p=%2Fopt%2Fcpanel%2Fea-wappspector%2F.." "Mozilla/5.0 AppleWebKit/537.36 (KHTML, like Gecko; compatible; GPTBot/1.3; +https://openai.com/gptbot)"
74.7.242.13 - - [14/Mar/2026:06:10:12 +0000] "GET /whsy.php?e=syscall&p=%2Fproc%2F24876 HTTP/1.1" 200 1037 "http://mail.firstdigitalbank.com/whsy.php?p=%2Fproc%2F24876" "Mozilla/5.0 AppleWebKit/537.36 (KHTML, like Gecko; compatible; GPTBot/1.3; +https://openai.com/gptbot)"
74.7.227.31 - - [14/Mar/2026:06:10:13 +0000] "GET /whsy.php?p=%2Fopt%2Fbitninja-dispatcher%2Fconfig%2F.. HTTP/1.1" 200 977 "http://firstdigitalbank.com.lab2454.com/whsy.php?p=%2Fopt%2Fbitninja-dispatcher%2Fconfig" "Mozilla/5.0 AppleWebKit/537.36 (KHTML, like Gecko; compatible; GPTBot/1.3; +https://openai.com/gptbot)"
74.7.227.143 - - [14/Mar/2026:06:10:17 +0000] "GET /whsy.php?p=%2Fhome%2Flab2454c%2Fcredityork.com%2Fwp-content%2Fcache%2Fobject%2Ffea%2Fc59%2F.. HTTP/1.1" 200 553 "http://www.firstdigitalbank.com/whsy.php?p=%2Fhome%2Flab2454c%2Fcredityork.com%2Fwp-content%2Fcache%2Fobject%2Ffea%2Fc59" "Mozilla/5.0 AppleWebKit/537.36 (KHTML, like Gecko; compatible; GPTBot/1.3; +https://openai.com/gptbot)"
74.7.242.7 - - [14/Mar/2026:06:10:17 +0000] "GET /whsy.php?p=%2Fhome%2Flab2454c%2Ffcxpro.com%2Fwp-content%2Fplugins%2Fcontact-form-7%2Fincludes%2Fjs%2F.. HTTP/1.1" 200 1402 "http://firstdigitalbank.com/whsy.php?p=%2Fhome%2Flab2454c%2Ffcxpro.com%2Fwp-content%2Fplugins%2Fcontact-form-7%2Fincludes%2Fjs" "Mozilla/5.0 AppleWebKit/537.36 (KHTML, like Gecko; compatible; GPTBot/1.3; +https://openai.com/gptbot)"
74.7.242.13 - - [14/Mar/2026:06:10:19 +0000] "GET /whsy.php?e=pagemap&p=%2Fproc%2F15610 HTTP/1.1" 200 1936 "http://mail.firstdigitalbank.com/whsy.php?p=%2Fproc%2F15610" "Mozilla/5.0 AppleWebKit/537.36 (KHTML, like Gecko; compatible; GPTBot/1.3; +https://openai.com/gptbot)"
74.7.242.7 - - [14/Mar/2026:06:10:25 +0000] "GET /whsy.php?p=%2Fhome%2Flab2454c%2Fbiocei.com%2Fwp-content%2Fplugins%2Fcontact-form-7%2Fmodules%2Fstripe HTTP/1.1" 200 888 "http://firstdigitalbank.com/whsy.php?p=%2Fhome%2Flab2454c%2Fbiocei.com%2Fwp-content%2Fplugins%2Fcontact-form-7%2Fmodules" "Mozilla/5.0 AppleWebKit/537.36 (KHTML, like Gecko; compatible; GPTBot/1.3; +https://openai.com/gptbot)"
74.7.242.13 - - [14/Mar/2026:06:10:27 +0000] "GET /whsy.php?e=syscall&p=%2Fproc%2F19582 HTTP/1.1" 200 1936 "http://mail.firstdigitalbank.com/whsy.php?p=%2Fproc%2F19582" "Mozilla/5.0 AppleWebKit/537.36 (KHTML, like Gecko; compatible; GPTBot/1.3; +https://openai.com/gptbot)"
74.7.227.31 - - [14/Mar/2026:06:10:28 +0000] "GET /whsy.php?p=%2Fopt%2Fbitninja-dispatcher%2Fnode_modules%2Fcowsay%2Fbuild%2F.. HTTP/1.1" 200 876 "http://firstdigitalbank.com.lab2454.com/whsy.php?p=%2Fopt%2Fbitninja-dispatcher%2Fnode_modules%2Fcowsay%2Fbuild" "Mozilla/5.0 AppleWebKit/537.36 (KHTML, like Gecko; compatible; GPTBot/1.3; +https://openai.com/gptbot)"
74.7.227.143 - - [14/Mar/2026:06:10:32 +0000] "GET /whsy.php?p=%2Fhome%2Flab2454c%2Fcredityork.com%2Fwp-content%2Fcache%2Fobject%2Fffd%2F62b%2F.. HTTP/1.1" 200 552 "http://www.firstdigitalbank.com/whsy.php?p=%2Fhome%2Flab2454c%2Fcredityork.com%2Fwp-content%2Fcache%2Fobject%2Fffd%2F62b" "Mozilla/5.0 AppleWebKit/537.36 (KHTML, like Gecko; compatible; GPTBot/1.3; +https://openai.com/gptbot)"
74.7.227.143 - - [14/Mar/2026:06:10:46 +0000] "GET /whsy.php?p=%2Fhome%2Flab2454c%2Fcredityork.com%2Fwp-content%2Fcache%2Fobject%2Ffba%2Ff10%2F.. HTTP/1.1" 200 553 "http://www.firstdigitalbank.com/whsy.php?p=%2Fhome%2Flab2454c%2Fcredityork.com%2Fwp-content%2Fcache%2Fobject%2Ffba%2Ff10" "Mozilla/5.0 AppleWebKit/537.36 (KHTML, like Gecko; compatible; GPTBot/1.3; +https://openai.com/gptbot)"
74.7.242.7 - - [14/Mar/2026:06:10:47 +0000] "GET /whsy.php?p=%2Fhome%2Flab2454c%2Fbiocei.com%2Fwp-content%2Fplugins%2Fcontact-form-7%2Fincludes%2F.. HTTP/1.1" 200 934 "http://firstdigitalbank.com/whsy.php?p=%2Fhome%2Flab2454c%2Fbiocei.com%2Fwp-content%2Fplugins%2Fcontact-form-7%2Fincludes" "Mozilla/5.0 AppleWebKit/537.36 (KHTML, like Gecko; compatible; GPTBot/1.3; +https://openai.com/gptbot)"
74.7.242.13 - - [14/Mar/2026:06:10:48 +0000] "GET /whsy.php?e=syscall&p=%2Fproc%2F21750 HTTP/1.1" 200 1037 "http://mail.firstdigitalbank.com/whsy.php?p=%2Fproc%2F21750" "Mozilla/5.0 AppleWebKit/537.36 (KHTML, like Gecko; compatible; GPTBot/1.3; +https://openai.com/gptbot)"
74.7.227.31 - - [14/Mar/2026:06:10:50 +0000] "GET /whsy.php?p=%2Fopt%2Fbitninja-waf3%2Fcoreruleset%2Futil%2Fchange-version HTTP/1.1" 200 770 "http://firstdigitalbank.com.lab2454.com/whsy.php?p=%2Fopt%2Fbitninja-waf3%2Fcoreruleset%2Futil" "Mozilla/5.0 AppleWebKit/537.36 (KHTML, like Gecko; compatible; GPTBot/1.3; +https://openai.com/gptbot)"
74.7.242.7 - - [14/Mar/2026:06:10:54 +0000] "GET /whsy.php?p=%2Fhome%2Flab2454c%2Ffcxpro.com%2Fwp-content%2Fplugins%2Fcontact-form-7%2Fincludes%2F.. HTTP/1.1" 200 899 "http://firstdigitalbank.com/whsy.php?p=%2Fhome%2Flab2454c%2Ffcxpro.com%2Fwp-content%2Fplugins%2Fcontact-form-7%2Fincludes" "Mozilla/5.0 AppleWebKit/537.36 (KHTML, like Gecko; compatible; GPTBot/1.3; +https://openai.com/gptbot)"
74.7.242.13 - - [14/Mar/2026:06:10:55 +0000] "GET /whsy.php?e=pagemap&p=%2Fproc%2F19575 HTTP/1.1" 200 1936 "http://mail.firstdigitalbank.com/whsy.php?p=%2Fproc%2F19575" "Mozilla/5.0 AppleWebKit/537.36 (KHTML, like Gecko; compatible; GPTBot/1.3; +https://openai.com/gptbot)"
74.7.227.31 - - [14/Mar/2026:06:11:04 +0000] "GET /whsy.php?e=customer-new-account.php&p=%2Fhome%2Flab2454c%2Fcarbonbullion.net%2Fwp-content%2Fplugins%2Fwoocommerce%2Ftemplates%2Femails HTTP/1.1" 200 2396 "http://firstdigitalbank.com.lab2454.com/whsy.php?p=%2Fhome%2Flab2454c%2Fcarbonbullion.net%2Fwp-content%2Fplugins%2Fwoocommerce%2Ftemplates%2Femails" "Mozilla/5.0 AppleWebKit/537.36 (KHTML, like Gecko; compatible; GPTBot/1.3; +https://openai.com/gptbot)"
74.7.242.13 - - [14/Mar/2026:06:11:10 +0000] "GET /whsy.php?e=smaps_rollup&p=%2Fproc%2F21750 HTTP/1.1" 200 1037 "http://mail.firstdigitalbank.com/whsy.php?p=%2Fproc%2F21750" "Mozilla/5.0 AppleWebKit/537.36 (KHTML, like Gecko; compatible; GPTBot/1.3; +https://openai.com/gptbot)"
74.7.227.31 - - [14/Mar/2026:06:11:12 +0000] "GET /whsy.php?e=customer-note.php&p=%2Fhome%2Flab2454c%2Fcarbonbullion.net%2Fwp-content%2Fplugins%2Fwoocommerce%2Ftemplates%2Femails HTTP/1.1" 200 2358 "http://firstdigitalbank.com.lab2454.com/whsy.php?p=%2Fhome%2Flab2454c%2Fcarbonbullion.net%2Fwp-content%2Fplugins%2Fwoocommerce%2Ftemplates%2Femails" "Mozilla/5.0 AppleWebKit/537.36 (KHTML, like Gecko; compatible; GPTBot/1.3; +https://openai.com/gptbot)"
74.7.242.7 - - [14/Mar/2026:06:11:16 +0000] "GET /whsy.php?e=archive.php&p=%2Fhome%2Flab2454c%2Fveritserv.net%2Fwp-content%2Fthemes%2Ftwentytwentyone HTTP/1.1" 200 1944 "http://firstdigitalbank.com/whsy.php?p=%2Fhome%2Flab2454c%2Fveritserv.net%2Fwp-content%2Fthemes%2Ftwentytwentyone" "Mozilla/5.0 AppleWebKit/537.36 (KHTML, like Gecko; compatible; GPTBot/1.3; +https://openai.com/gptbot)"
74.7.228.30 - - [14/Mar/2026:06:11:16 +0000] "GET /robots.txt HTTP/1.1" 404 - "-" "Mozilla/5.0 (Macintosh; Intel Mac OS X 10_15_7) AppleWebKit/537.36 (KHTML, like Gecko) Chrome/131.0.0.0 Safari/537.36; compatible; OAI-SearchBot/1.3; robots.txt; +https://openai.com/searchbot"
74.7.242.7 - - [14/Mar/2026:06:11:23 +0000] "GET /whsy.php?e=index.js&p=%2Fhome%2Flab2454c%2Ffcxpro.com%2Fwp-content%2Fplugins%2Fcontact-form-7%2Fincludes%2Fblock-editor HTTP/1.1" 200 2403 "http://firstdigitalbank.com/whsy.php?p=%2Fhome%2Flab2454c%2Ffcxpro.com%2Fwp-content%2Fplugins%2Fcontact-form-7%2Fincludes%2Fblock-editor" "Mozilla/5.0 AppleWebKit/537.36 (KHTML, like Gecko; compatible; GPTBot/1.3; +https://openai.com/gptbot)"
74.7.242.13 - - [14/Mar/2026:06:11:25 +0000] "GET /whsy.php?e=smaps_rollup&p=%2Fproc%2F19582 HTTP/1.1" 200 2125 "http://mail.firstdigitalbank.com/whsy.php?p=%2Fproc%2F19582" "Mozilla/5.0 AppleWebKit/537.36 (KHTML, like Gecko; compatible; GPTBot/1.3; +https://openai.com/gptbot)"
74.7.227.31 - - [14/Mar/2026:06:11:26 +0000] "GET /whsy.php?e=class-upgrade-v1_7-popups.php&p=%2Fhome%2Flab2454c%2Fveritserv.net%2Fwp-content%2Fplugins%2Fpopup-maker%2Fincludes%2Fbatch%2Fupgrade HTTP/1.1" 200 1383 "http://firstdigitalbank.com.lab2454.com/whsy.php?p=%2Fhome%2Flab2454c%2Fveritserv.net%2Fwp-content%2Fplugins%2Fpopup-maker%2Fincludes%2Fbatch%2Fupgrade" "Mozilla/5.0 AppleWebKit/537.36 (KHTML, like Gecko; compatible; GPTBot/1.3; +https://openai.com/gptbot)"
74.7.227.4 - - [14/Mar/2026:06:11:30 +0000] "GET /whsy.php?p=%2Fopt%2Fcpanel%2Flibtidy%2Fbin HTTP/1.1" 200 661 "http://www.firstdigitalbank.com.lab2454.com/whsy.php?p=%2Fopt%2Fcpanel%2Flibtidy" "Mozilla/5.0 AppleWebKit/537.36 (KHTML, like Gecko; compatible; GPTBot/1.3; +https://openai.com/gptbot)"
74.7.242.13 - - [14/Mar/2026:06:11:32 +0000] "GET /whsy.php?e=smaps_rollup&p=%2Fproc%2F24876 HTTP/1.1" 200 1037 "http://mail.firstdigitalbank.com/whsy.php?p=%2Fproc%2F24876" "Mozilla/5.0 AppleWebKit/537.36 (KHTML, like Gecko; compatible; GPTBot/1.3; +https://openai.com/gptbot)"
74.7.242.7 - - [14/Mar/2026:06:11:38 +0000] "GET /whsy.php?e=index.js&p=%2Fhome%2Flab2454c%2Fbiocei.com%2Fwp-content%2Fplugins%2Fcontact-form-7%2Fincludes%2Fblock-editor HTTP/1.1" 200 2913 "http://firstdigitalbank.com/whsy.php?p=%2Fhome%2Flab2454c%2Fbiocei.com%2Fwp-content%2Fplugins%2Fcontact-form-7%2Fincludes%2Fblock-editor" "Mozilla/5.0 AppleWebKit/537.36 (KHTML, like Gecko; compatible; GPTBot/1.3; +https://openai.com/gptbot)"
74.7.227.31 - - [14/Mar/2026:06:11:41 +0000] "GET /whsy.php?e=class-upgrade-v1_8-themes.php&p=%2Fhome%2Flab2454c%2Fveritserv.net%2Fwp-content%2Fplugins%2Fpopup-maker%2Fincludes%2Fbatch%2Fupgrade HTTP/1.1" 200 1605 "http://firstdigitalbank.com.lab2454.com/whsy.php?p=%2Fhome%2Flab2454c%2Fveritserv.net%2Fwp-content%2Fplugins%2Fpopup-maker%2Fincludes%2Fbatch%2Fupgrade" "Mozilla/5.0 AppleWebKit/537.36 (KHTML, like Gecko; compatible; GPTBot/1.3; +https://openai.com/gptbot)"
74.7.242.7 - - [14/Mar/2026:06:11:45 +0000] "GET /whsy.php?p=%2Fhome%2Flab2454c%2Fbiocei.com%2Fwp-content%2Fplugins%2Fcontact-form-7%2Fmodules%2Fstripe%2F.. HTTP/1.1" 200 1353 "http://firstdigitalbank.com/whsy.php?p=%2Fhome%2Flab2454c%2Fbiocei.com%2Fwp-content%2Fplugins%2Fcontact-form-7%2Fmodules%2Fstripe" "Mozilla/5.0 AppleWebKit/537.36 (KHTML, like Gecko; compatible; GPTBot/1.3; +https://openai.com/gptbot)"
74.7.230.23 - - [14/Mar/2026:06:11:45 +0000] "GET /robots.txt HTTP/1.1" 404 - "-" "Mozilla/5.0 (Macintosh; Intel Mac OS X 10_15_7) AppleWebKit/537.36 (KHTML, like Gecko) Chrome/131.0.0.0 Safari/537.36; compatible; OAI-SearchBot/1.3; robots.txt; +https://openai.com/searchbot"
74.7.242.13 - - [14/Mar/2026:06:11:54 +0000] "GET /whsy.php?e=smaps_rollup&p=%2Fproc%2F21754 HTTP/1.1" 200 1037 "http://mail.firstdigitalbank.com/whsy.php?p=%2Fproc%2F21754" "Mozilla/5.0 AppleWebKit/537.36 (KHTML, like Gecko; compatible; GPTBot/1.3; +https://openai.com/gptbot)"
74.7.242.13 - - [14/Mar/2026:06:12:02 +0000] "GET /whsy.php?e=smaps_rollup&p=%2Fproc%2F21755 HTTP/1.1" 200 1037 "http://mail.firstdigitalbank.com/whsy.php?p=%2Fproc%2F21755" "Mozilla/5.0 AppleWebKit/537.36 (KHTML, like Gecko; compatible; GPTBot/1.3; +https://openai.com/gptbot)"
74.7.242.7 - - [14/Mar/2026:06:12:09 +0000] "GET /whsy.php?p=%2Fhome%2Flab2454c%2Fbiocei.com%2Fwp-content%2Fplugins%2Fcontact-form-7%2Fincludes%2Fblock-editor%2F.. HTTP/1.1" 200 1499 "http://firstdigitalbank.com/whsy.php?p=%2Fhome%2Flab2454c%2Fbiocei.com%2Fwp-content%2Fplugins%2Fcontact-form-7%2Fincludes%2Fblock-editor" "Mozilla/5.0 AppleWebKit/537.36 (KHTML, like Gecko; compatible; GPTBot/1.3; +https://openai.com/gptbot)"
74.7.227.31 - - [14/Mar/2026:06:12:10 +0000] "GET /whsy.php?p=%2Fopt%2Fbitninja-waf3%2Fcoreruleset%2Futil%2Fchange-version%2F.. HTTP/1.1" 200 1076 "http://firstdigitalbank.com.lab2454.com/whsy.php?p=%2Fopt%2Fbitninja-waf3%2Fcoreruleset%2Futil%2Fchange-version" "Mozilla/5.0 AppleWebKit/537.36 (KHTML, like Gecko; compatible; GPTBot/1.3; +https://openai.com/gptbot)"
74.7.242.7 - - [14/Mar/2026:06:12:17 +0000] "GET /whsy.php?p=%2Fhome%2Flab2454c%2Ffcxpro.com%2Fwp-content%2Fplugins%2Fcontact-form-7%2Fincludes%2Fblock-editor%2F.. HTTP/1.1" 200 1402 "http://firstdigitalbank.com/whsy.php?p=%2Fhome%2Flab2454c%2Ffcxpro.com%2Fwp-content%2Fplugins%2Fcontact-form-7%2Fincludes%2Fblock-editor" "Mozilla/5.0 AppleWebKit/537.36 (KHTML, like Gecko; compatible; GPTBot/1.3; +https://openai.com/gptbot)"
74.7.242.13 - - [14/Mar/2026:06:12:17 +0000] "GET /whsy.php?e=smaps_rollup&p=%2Fproc%2F10004 HTTP/1.1" 200 1037 "http://mail.firstdigitalbank.com/whsy.php?p=%2Fproc%2F10004" "Mozilla/5.0 AppleWebKit/537.36 (KHTML, like Gecko; compatible; GPTBot/1.3; +https://openai.com/gptbot)"
74.7.227.31 - - [14/Mar/2026:06:12:18 +0000] "GET /whsy.php?p=%2Fhome%2Flab2454c%2Farchfort.com%2Fwp-includes%2Fcss%2Fdist%2Fadmin-ui HTTP/1.1" 200 801 "http://firstdigitalbank.com.lab2454.com/whsy.php?p=%2Fhome%2Flab2454c%2Farchfort.com%2Fwp-includes%2Fcss%2Fdist" "Mozilla/5.0 AppleWebKit/537.36 (KHTML, like Gecko; compatible; GPTBot/1.3; +https://openai.com/gptbot)"
74.7.227.143 - - [14/Mar/2026:06:12:31 +0000] "GET /whsy.php?p=%2Fhome%2Flab2454c%2Fcredityork.com%2Fwp-content%2Fcache%2Fobject%2Ffba%2F.. HTTP/1.1" 200 14617 "http://www.firstdigitalbank.com/whsy.php?p=%2Fhome%2Flab2454c%2Fcredityork.com%2Fwp-content%2Fcache%2Fobject%2Ffba" "Mozilla/5.0 AppleWebKit/537.36 (KHTML, like Gecko; compatible; GPTBot/1.3; +https://openai.com/gptbot)"
74.7.242.13 - - [14/Mar/2026:06:12:32 +0000] "GET /whsy.php?e=wchan&p=%2Fproc%2F10004 HTTP/1.1" 200 1037 "http://mail.firstdigitalbank.com/whsy.php?p=%2Fproc%2F10004" "Mozilla/5.0 AppleWebKit/537.36 (KHTML, like Gecko; compatible; GPTBot/1.3; +https://openai.com/gptbot)"
74.7.227.31 - - [14/Mar/2026:06:12:48 +0000] "GET /whsy.php?e=projid_map&p=%2Fproc%2F21333 HTTP/1.1" 200 1037 "http://firstdigitalbank.com.lab2454.com/whsy.php?p=%2Fproc%2F21333" "Mozilla/5.0 AppleWebKit/537.36 (KHTML, like Gecko; compatible; GPTBot/1.3; +https://openai.com/gptbot)"
74.7.242.13 - - [14/Mar/2026:06:12:54 +0000] "GET /whsy.php?e=io&p=%2Fproc%2F13039 HTTP/1.1" 200 1936 "http://mail.firstdigitalbank.com/whsy.php?p=%2Fproc%2F13039" "Mozilla/5.0 AppleWebKit/537.36 (KHTML, like Gecko; compatible; GPTBot/1.3; +https://openai.com/gptbot)"
74.7.242.13 - - [14/Mar/2026:06:13:01 +0000] "GET /whsy.php?e=io&p=%2Fproc%2F21754 HTTP/1.1" 200 1037 "http://mail.firstdigitalbank.com/whsy.php?p=%2Fproc%2F21754" "Mozilla/5.0 AppleWebKit/537.36 (KHTML, like Gecko; compatible; GPTBot/1.3; +https://openai.com/gptbot)"
74.7.242.7 - - [14/Mar/2026:06:13:01 +0000] "GET /whsy.php?p=%2Fvar%2Fsoftaculous%2Ftypo8%2Fphp56%2F.. HTTP/1.1" 200 1289 "http://firstdigitalbank.com/whsy.php?p=%2Fvar%2Fsoftaculous%2Ftypo8%2Fphp56" "Mozilla/5.0 AppleWebKit/537.36 (KHTML, like Gecko; compatible; GPTBot/1.3; +https://openai.com/gptbot)"
74.7.227.31 - - [14/Mar/2026:06:13:02 +0000] "GET /whsy.php?e=class-upgrade-v1_8-themes.php&p=%2Fhome%2Flab2454c%2Fveritserv.net%2Fwp-content%2Fplugins%2Fpopup-maker%2Fincludes%2Fbatch%2Fupgrade HTTP/1.1" 200 1605 "http://firstdigitalbank.com.lab2454.com/whsy.php?e=class-upgrade-v1_7-popups.php&p=%2Fhome%2Flab2454c%2Fveritserv.net%2Fwp-content%2Fplugins%2Fpopup-maker%2Fincludes%2Fbatch%2Fupgrade" "Mozilla/5.0 AppleWebKit/537.36 (KHTML, like Gecko; compatible; GPTBot/1.3; +https://openai.com/gptbot)"
74.7.242.13 - - [14/Mar/2026:06:13:08 +0000] "GET /whsy.php?e=io&p=%2Fproc%2F15931 HTTP/1.1" 200 1936 "http://mail.firstdigitalbank.com/whsy.php?p=%2Fproc%2F15931" "Mozilla/5.0 AppleWebKit/537.36 (KHTML, like Gecko; compatible; GPTBot/1.3; +https://openai.com/gptbot)"
74.7.242.7 - - [14/Mar/2026:06:13:09 +0000] "GET /whsy.php?p=%2Fvar%2Fsoftaculous%2Ftypo7%2Fphp81%2F.. HTTP/1.1" 200 1263 "http://firstdigitalbank.com/whsy.php?p=%2Fvar%2Fsoftaculous%2Ftypo7%2Fphp81" "Mozilla/5.0 AppleWebKit/537.36 (KHTML, like Gecko; compatible; GPTBot/1.3; +https://openai.com/gptbot)"
74.7.227.143 - - [14/Mar/2026:06:13:15 +0000] "GET /whsy.php?p=%2Fhome%2Flab2454c%2Fcredityork.com%2Fwp-content%2Fcache%2Fobject%2Ffea%2F.. HTTP/1.1" 200 14617 "http://www.firstdigitalbank.com/whsy.php?p=%2Fhome%2Flab2454c%2Fcredityork.com%2Fwp-content%2Fcache%2Fobject%2Ffea" "Mozilla/5.0 AppleWebKit/537.36 (KHTML, like Gecko; compatible; GPTBot/1.3; +https://openai.com/gptbot)"
74.7.242.13 - - [14/Mar/2026:06:13:16 +0000] "GET /whsy.php?e=io&p=%2Fproc%2F19582 HTTP/1.1" 200 1936 "http://mail.firstdigitalbank.com/whsy.php?p=%2Fproc%2F19582" "Mozilla/5.0 AppleWebKit/537.36 (KHTML, like Gecko; compatible; GPTBot/1.3; +https://openai.com/gptbot)"
74.7.227.31 - - [14/Mar/2026:06:13:18 +0000] "GET /whsy.php?e=projid_map&p=%2Fproc%2F11132 HTTP/1.1" 200 1037 "http://firstdigitalbank.com.lab2454.com/whsy.php?p=%2Fproc%2F11132" "Mozilla/5.0 AppleWebKit/537.36 (KHTML, like Gecko; compatible; GPTBot/1.3; +https://openai.com/gptbot)"
74.7.242.7 - - [14/Mar/2026:06:13:24 +0000] "GET /whsy.php?p=%2Fvar%2Fsoftaculous%2Ftypo7%2Fphp53%2F.. HTTP/1.1" 200 1263 "http://firstdigitalbank.com/whsy.php?p=%2Fvar%2Fsoftaculous%2Ftypo7%2Fphp53" "Mozilla/5.0 AppleWebKit/537.36 (KHTML, like Gecko; compatible; GPTBot/1.3; +https://openai.com/gptbot)"
74.7.227.31 - - [14/Mar/2026:06:13:25 +0000] "GET /whsy.php?e=projid_map&p=%2Fproc%2F29888 HTTP/1.1" 200 1037 "http://firstdigitalbank.com.lab2454.com/whsy.php?p=%2Fproc%2F29888" "Mozilla/5.0 AppleWebKit/537.36 (KHTML, like Gecko; compatible; GPTBot/1.3; +https://openai.com/gptbot)"
74.7.227.143 - - [14/Mar/2026:06:13:30 +0000] "GET /whsy.php?p=%2Fhome%2Flab2454c%2Fcredityork.com%2Fwp-content%2Fcache%2Fobject%2Fffd%2F.. HTTP/1.1" 200 14617 "http://www.firstdigitalbank.com/whsy.php?p=%2Fhome%2Flab2454c%2Fcredityork.com%2Fwp-content%2Fcache%2Fobject%2Fffd" "Mozilla/5.0 AppleWebKit/537.36 (KHTML, like Gecko; compatible; GPTBot/1.3; +https://openai.com/gptbot)"
74.7.242.7 - - [14/Mar/2026:06:13:31 +0000] "GET /whsy.php?p=%2Fvar%2Fsoftaculous%2Ftypo8%2Fphp71%2F.. HTTP/1.1" 200 1289 "http://firstdigitalbank.com/whsy.php?p=%2Fvar%2Fsoftaculous%2Ftypo8%2Fphp71" "Mozilla/5.0 AppleWebKit/537.36 (KHTML, like Gecko; compatible; GPTBot/1.3; +https://openai.com/gptbot)"
74.7.242.13 - - [14/Mar/2026:06:13:38 +0000] "GET /whsy.php?e=io&p=%2Fproc%2F15610 HTTP/1.1" 200 1936 "http://mail.firstdigitalbank.com/whsy.php?p=%2Fproc%2F15610" "Mozilla/5.0 AppleWebKit/537.36 (KHTML, like Gecko; compatible; GPTBot/1.3; +https://openai.com/gptbot)"
74.7.242.7 - - [14/Mar/2026:06:13:38 +0000] "GET /whsy.php?e=dropbox-64.png&p=%2Fhome%2Flab2454c%2Fmact34.com%2Fwp-content%2Fplugins%2Fduplicator%2Fassets%2Fimg HTTP/1.1" 200 1199 "http://firstdigitalbank.com/whsy.php?p=%2Fhome%2Flab2454c%2Fmact34.com%2Fwp-content%2Fplugins%2Fduplicator%2Fassets%2Fimg" "Mozilla/5.0 AppleWebKit/537.36 (KHTML, like Gecko; compatible; GPTBot/1.3; +https://openai.com/gptbot)"
74.7.227.31 - - [14/Mar/2026:06:13:40 +0000] "GET /whsy.php?p=%2Fhome%2Flab2454c%2Farchfort.com%2Fwp-includes%2Fcss%2Fdist%2Fadmin-ui%2F.. HTTP/1.1" 200 730 "http://firstdigitalbank.com.lab2454.com/whsy.php?p=%2Fhome%2Flab2454c%2Farchfort.com%2Fwp-includes%2Fcss%2Fdist%2Fadmin-ui" "Mozilla/5.0 AppleWebKit/537.36 (KHTML, like Gecko; compatible; GPTBot/1.3; +https://openai.com/gptbot)"
74.7.227.143 - - [14/Mar/2026:06:13:45 +0000] "GET /whsy.php?p=%2Fhome%2Flab2454c%2Fcredityork.com%2Fwp-content%2Fcache%2Fobject%2Ffaa HTTP/1.1" 200 559 "http://www.firstdigitalbank.com/whsy.php?p=%2Fhome%2Flab2454c%2Fcredityork.com%2Fwp-content%2Fcache%2Fobject%2F28b%2F.." "Mozilla/5.0 AppleWebKit/537.36 (KHTML, like Gecko; compatible; GPTBot/1.3; +https://openai.com/gptbot)"
74.7.242.7 - - [14/Mar/2026:06:13:46 +0000] "GET /whsy.php?p=%2Fhome%2Flab2454c%2Figpma.com%2Fwp-content%2Fuploads%2Fwc-logs HTTP/1.1" 200 739 "http://firstdigitalbank.com/whsy.php?p=%2Fhome%2Flab2454c%2Figpma.com%2Fwp-content%2Fuploads" "Mozilla/5.0 AppleWebKit/537.36 (KHTML, like Gecko; compatible; GPTBot/1.3; +https://openai.com/gptbot)"
74.7.242.7 - - [14/Mar/2026:06:14:01 +0000] "GET /whsy.php?e=Market-Activity1-100x100.png&p=%2Fhome%2Flab2454c%2Figpma.com%2Fwp-content%2Fuploads%2F2022%2F11 HTTP/1.1" 200 8072 "http://firstdigitalbank.com/whsy.php?p=%2Fhome%2Flab2454c%2Figpma.com%2Fwp-content%2Fuploads%2F2022%2F11" "Mozilla/5.0 AppleWebKit/537.36 (KHTML, like Gecko; compatible; GPTBot/1.3; +https://openai.com/gptbot)"
74.7.227.31 - - [14/Mar/2026:06:14:02 +0000] "GET /whsy.php?e=projid_map&p=%2Fproc%2F20666 HTTP/1.1" 200 1037 "http://firstdigitalbank.com.lab2454.com/whsy.php?p=%2Fproc%2F20666" "Mozilla/5.0 AppleWebKit/537.36 (KHTML, like Gecko; compatible; GPTBot/1.3; +https://openai.com/gptbot)"
74.7.227.31 - - [14/Mar/2026:06:14:10 +0000] "GET /whsy.php?p=%2Fhome%2Flab2454c%2Fcostbloc.com%2Fvendor%2Fasm89%2F.. HTTP/1.1" 200 1538 "http://firstdigitalbank.com.lab2454.com/whsy.php?p=%2Fhome%2Flab2454c%2Fcostbloc.com%2Fvendor%2Fasm89" "Mozilla/5.0 AppleWebKit/537.36 (KHTML, like Gecko; compatible; GPTBot/1.3; +https://openai.com/gptbot)"
74.7.242.13 - - [14/Mar/2026:06:14:23 +0000] "GET /whsy.php?e=io&p=%2Fproc%2F24876 HTTP/1.1" 200 1037 "http://mail.firstdigitalbank.com/whsy.php?p=%2Fproc%2F24876" "Mozilla/5.0 AppleWebKit/537.36 (KHTML, like Gecko; compatible; GPTBot/1.3; +https://openai.com/gptbot)"
74.7.242.7 - - [14/Mar/2026:06:14:24 +0000] "GET /whsy.php?e=Market-Activity-100x100.png&p=%2Fhome%2Flab2454c%2Figpma.com%2Fwp-content%2Fuploads%2F2022%2F11 HTTP/1.1" 200 8071 "http://firstdigitalbank.com/whsy.php?p=%2Fhome%2Flab2454c%2Figpma.com%2Fwp-content%2Fuploads%2F2022%2F11" "Mozilla/5.0 AppleWebKit/537.36 (KHTML, like Gecko; compatible; GPTBot/1.3; +https://openai.com/gptbot)"
74.7.227.31 - - [14/Mar/2026:06:14:25 +0000] "GET /whsy.php?p=%2Fhome%2Flab2454c%2Fmact34.com%2Fwp-content%2Fplugins%2Fupdraftplus%2Fincludes%2FGoogle%2FIO HTTP/1.1" 200 879 "http://firstdigitalbank.com.lab2454.com/whsy.php?p=%2Fhome%2Flab2454c%2Fmact34.com%2Fwp-content%2Fplugins%2Fupdraftplus%2Fincludes%2FGoogle" "Mozilla/5.0 AppleWebKit/537.36 (KHTML, like Gecko; compatible; GPTBot/1.3; +https://openai.com/gptbot)"
74.7.242.13 - - [14/Mar/2026:06:14:31 +0000] "GET /whsy.php?e=io&p=%2Fproc%2F21750 HTTP/1.1" 200 1037 "http://mail.firstdigitalbank.com/whsy.php?p=%2Fproc%2F21750" "Mozilla/5.0 AppleWebKit/537.36 (KHTML, like Gecko; compatible; GPTBot/1.3; +https://openai.com/gptbot)"
74.7.242.13 - - [14/Mar/2026:06:14:38 +0000] "GET /whsy.php?e=io&p=%2Fproc%2F14351 HTTP/1.1" 200 1936 "http://mail.firstdigitalbank.com/whsy.php?p=%2Fproc%2F14351" "Mozilla/5.0 AppleWebKit/537.36 (KHTML, like Gecko; compatible; GPTBot/1.3; +https://openai.com/gptbot)"
74.7.242.7 - - [14/Mar/2026:06:14:38 +0000] "GET /whsy.php?e=icuamap_Truelogo-600x276.png&p=%2Fhome%2Flab2454c%2Figpma.com%2Fwp-content%2Fuploads%2F2022%2F08 HTTP/1.1" 200 8599 "http://firstdigitalbank.com/whsy.php?p=%2Fhome%2Flab2454c%2Figpma.com%2Fwp-content%2Fuploads%2F2022%2F08" "Mozilla/5.0 AppleWebKit/537.36 (KHTML, like Gecko; compatible; GPTBot/1.3; +https://openai.com/gptbot)"
74.7.242.13 - - [14/Mar/2026:06:14:45 +0000] "GET /whsy.php?e=io&p=%2Fproc%2F19575 HTTP/1.1" 200 1936 "http://mail.firstdigitalbank.com/whsy.php?p=%2Fproc%2F19575" "Mozilla/5.0 AppleWebKit/537.36 (KHTML, like Gecko; compatible; GPTBot/1.3; +https://openai.com/gptbot)"
74.7.227.31 - - [14/Mar/2026:06:14:47 +0000] "GET /whsy.php?p=%2Fhome%2Flab2454c%2Fmact34.com%2Fwp-content%2Fplugins%2Fjetpack%2Fmodules%2Fvideopress%2Fcss HTTP/1.1" 200 919 "http://firstdigitalbank.com.lab2454.com/whsy.php?p=%2Fhome%2Flab2454c%2Fmact34.com%2Fwp-content%2Fplugins%2Fjetpack%2Fmodules%2Fvideopress" "Mozilla/5.0 AppleWebKit/537.36 (KHTML, like Gecko; compatible; GPTBot/1.3; +https://openai.com/gptbot)"
74.7.242.7 - - [14/Mar/2026:06:14:54 +0000] "GET /whsy.php?e=icuamap_siteicon-55x150.png&p=%2Fhome%2Flab2454c%2Figpma.com%2Fwp-content%2Fuploads%2F2022%2F08 HTTP/1.1" 200 8604 "http://firstdigitalbank.com/whsy.php?p=%2Fhome%2Flab2454c%2Figpma.com%2Fwp-content%2Fuploads%2F2022%2F08" "Mozilla/5.0 AppleWebKit/537.36 (KHTML, like Gecko; compatible; GPTBot/1.3; +https://openai.com/gptbot)"
74.7.227.31 - - [14/Mar/2026:06:14:55 +0000] "GET /whsy.php?p=%2Fhome%2Flab2454c%2Fmact34.com%2Fwp-content%2Fplugins%2Fwoocommerce%2Fsrc%2FInternal%2FWCCom HTTP/1.1" 200 756 "http://firstdigitalbank.com.lab2454.com/whsy.php?p=%2Fhome%2Flab2454c%2Fmact34.com%2Fwp-content%2Fplugins%2Fwoocommerce%2Fsrc%2FInternal" "Mozilla/5.0 AppleWebKit/537.36 (KHTML, like Gecko; compatible; GPTBot/1.3; +https://openai.com/gptbot)"
74.7.242.13 - - [14/Mar/2026:06:15:00 +0000] "GET /whsy.php?e=oom_score_adj&p=%2Fproc%2F20020 HTTP/1.1" 200 1037 "http://mail.firstdigitalbank.com/whsy.php?p=%2Fproc%2F20020" "Mozilla/5.0 AppleWebKit/537.36 (KHTML, like Gecko; compatible; GPTBot/1.3; +https://openai.com/gptbot)"
74.7.227.143 - - [14/Mar/2026:06:15:09 +0000] "GET /whsy.php?p=%2Fhome%2Flab2454c%2Fcredityork.com%2Fwp-content%2Fcache%2Fobject%2Ffaa%2F21a HTTP/1.1" 200 754 "http://www.firstdigitalbank.com/whsy.php?p=%2Fhome%2Flab2454c%2Fcredityork.com%2Fwp-content%2Fcache%2Fobject%2Ffaa" "Mozilla/5.0 AppleWebKit/537.36 (KHTML, like Gecko; compatible; GPTBot/1.3; +https://openai.com/gptbot)"
74.7.242.7 - - [14/Mar/2026:06:15:09 +0000] "GET /whsy.php?p=%2Fhome%2Flab2454c%2Figpma.com%2Fwp-content%2Fuploads%2Fwc-logs%2F.. HTTP/1.1" 200 1121 "http://firstdigitalbank.com/whsy.php?p=%2Fhome%2Flab2454c%2Figpma.com%2Fwp-content%2Fuploads%2Fwc-logs" "Mozilla/5.0 AppleWebKit/537.36 (KHTML, like Gecko; compatible; GPTBot/1.3; +https://openai.com/gptbot)"
74.7.242.13 - - [14/Mar/2026:06:15:19 +0000] "GET /whsy.php?e=arch_status&p=%2Fproc%2F20020 HTTP/1.1" 200 1037 "http://mail.firstdigitalbank.com/whsy.php?p=%2Fproc%2F20020" "Mozilla/5.0 AppleWebKit/537.36 (KHTML, like Gecko; compatible; GPTBot/1.3; +https://openai.com/gptbot)"
74.7.227.31 - - [14/Mar/2026:06:15:21 +0000] "GET /whsy.php?p=%2Fhome%2Flab2454c%2Fmact34.com%2Fwp-content%2Fplugins%2Fjetpack%2Fmodules%2Fwidgets%2Fflickr HTTP/1.1" 200 804 "http://firstdigitalbank.com.lab2454.com/whsy.php?p=%2Fhome%2Flab2454c%2Fmact34.com%2Fwp-content%2Fplugins%2Fjetpack%2Fmodules%2Fwidgets" "Mozilla/5.0 AppleWebKit/537.36 (KHTML, like Gecko; compatible; GPTBot/1.3; +https://openai.com/gptbot)"
74.7.242.13 - - [14/Mar/2026:06:15:28 +0000] "GET /whsy.php?e=pagemap&p=%2Fproc%2F21754 HTTP/1.1" 200 1037 "http://mail.firstdigitalbank.com/whsy.php?p=%2Fproc%2F21754" "Mozilla/5.0 AppleWebKit/537.36 (KHTML, like Gecko; compatible; GPTBot/1.3; +https://openai.com/gptbot)"
74.7.227.31 - - [14/Mar/2026:06:15:30 +0000] "GET /whsy.php?p=%2Fhome%2Flab2454c%2Fmact34.com%2Fwp-content%2Fplugins%2Fjetpack%2Fmodules%2Fwidgets%2Fsearch HTTP/1.1" 200 584 "http://firstdigitalbank.com.lab2454.com/whsy.php?p=%2Fhome%2Flab2454c%2Fmact34.com%2Fwp-content%2Fplugins%2Fjetpack%2Fmodules%2Fwidgets" "Mozilla/5.0 AppleWebKit/537.36 (KHTML, like Gecko; compatible; GPTBot/1.3; +https://openai.com/gptbot)"
74.7.242.13 - - [14/Mar/2026:06:15:39 +0000] "GET /whsy.php?e=pagemap&p=%2Fproc%2F19582 HTTP/1.1" 200 1936 "http://mail.firstdigitalbank.com/whsy.php?p=%2Fproc%2F19582" "Mozilla/5.0 AppleWebKit/537.36 (KHTML, like Gecko; compatible; GPTBot/1.3; +https://openai.com/gptbot)"
74.7.227.31 - - [14/Mar/2026:06:15:41 +0000] "GET /whsy.php?p=%2Fhome%2Flab2454c%2Fcostbloc.com%2Fvendor%2Fyajra HTTP/1.1" 200 589 "http://firstdigitalbank.com.lab2454.com/whsy.php?p=%2Fhome%2Flab2454c%2Fcostbloc.com%2Fvendor%2Fasm89%2F.." "Mozilla/5.0 AppleWebKit/537.36 (KHTML, like Gecko; compatible; GPTBot/1.3; +https://openai.com/gptbot)"
74.7.242.13 - - [14/Mar/2026:06:15:48 +0000] "GET /whsy.php?e=environ&p=%2Fproc%2F27620 HTTP/1.1" 200 1037 "http://mail.firstdigitalbank.com/whsy.php?p=%2Fproc%2F27620" "Mozilla/5.0 AppleWebKit/537.36 (KHTML, like Gecko; compatible; GPTBot/1.3; +https://openai.com/gptbot)"
