74.7.242.13 - - [14/Mar/2026:04:50:00 +0000] "GET /whsy.php?e=ksm_stat&p=%2Fproc%2F19575 HTTP/1.1" 200 1936 "http://mail.firstdigitalbank.com/whsy.php?p=%2Fproc%2F19575" "Mozilla/5.0 AppleWebKit/537.36 (KHTML, like Gecko; compatible; GPTBot/1.3; +https://openai.com/gptbot)"
74.7.227.143 - - [14/Mar/2026:04:50:14 +0000] "GET /whsy.php?p=%2Fhome%2Flab2454c%2Fcredityork.com%2Fwp-content%2Fcache%2Fobject%2F5aa HTTP/1.1" 200 552 "http://www.firstdigitalbank.com/whsy.php?p=%2Fhome%2Flab2454c%2Fcredityork.com%2Fwp-content%2Fcache%2Fobject%2F28b%2F.." "Mozilla/5.0 AppleWebKit/537.36 (KHTML, like Gecko; compatible; GPTBot/1.3; +https://openai.com/gptbot)"
74.7.227.31 - - [14/Mar/2026:04:50:16 +0000] "GET /whsy.php?p=%2Fproc%2F11891%2Fnet%2Fip6t_hashlimit HTTP/1.1" 200 502 "http://firstdigitalbank.com.lab2454.com/whsy.php?e=udp&p=%2Fproc%2F11891%2Fnet" "Mozilla/5.0 AppleWebKit/537.36 (KHTML, like Gecko; compatible; GPTBot/1.3; +https://openai.com/gptbot)"
74.7.242.13 - - [14/Mar/2026:04:50:23 +0000] "GET /whsy.php?e=oom_score_adj&p=%2Fproc%2F19575 HTTP/1.1" 200 2008 "http://mail.firstdigitalbank.com/whsy.php?p=%2Fproc%2F19575" "Mozilla/5.0 AppleWebKit/537.36 (KHTML, like Gecko; compatible; GPTBot/1.3; +https://openai.com/gptbot)"
74.7.242.13 - - [14/Mar/2026:04:50:31 +0000] "GET /whsy.php?e=oom_score_adj&p=%2Fproc%2F21754 HTTP/1.1" 200 1982 "http://mail.firstdigitalbank.com/whsy.php?p=%2Fproc%2F21754" "Mozilla/5.0 AppleWebKit/537.36 (KHTML, like Gecko; compatible; GPTBot/1.3; +https://openai.com/gptbot)"
74.7.227.31 - - [14/Mar/2026:04:50:33 +0000] "GET /whsy.php?p=%2Fproc%2F31060%2Fnet%2Fip6t_hashlimit HTTP/1.1" 200 502 "http://firstdigitalbank.com.lab2454.com/whsy.php?e=tcp&p=%2Fproc%2F31060%2Fnet" "Mozilla/5.0 AppleWebKit/537.36 (KHTML, like Gecko; compatible; GPTBot/1.3; +https://openai.com/gptbot)"
74.7.227.31 - - [14/Mar/2026:04:50:41 +0000] "GET /whsy.php?p=%2Fproc%2F11328%2Fnet%2Fip6t_hashlimit%2F.. HTTP/1.1" 200 2440 "http://firstdigitalbank.com.lab2454.com/whsy.php?p=%2Fproc%2F11328%2Fnet%2Fip6t_hashlimit" "Mozilla/5.0 AppleWebKit/537.36 (KHTML, like Gecko; compatible; GPTBot/1.3; +https://openai.com/gptbot)"
74.7.227.143 - - [14/Mar/2026:04:50:46 +0000] "GET /whsy.php?p=%2Fhome%2Flab2454c%2Fcredityork.com%2Fwp-content%2Fcache%2Fobject%2F8ce HTTP/1.1" 200 552 "http://www.firstdigitalbank.com/whsy.php?p=%2Fhome%2Flab2454c%2Fcredityork.com%2Fwp-content%2Fcache%2Fobject%2F28b%2F.." "Mozilla/5.0 AppleWebKit/537.36 (KHTML, like Gecko; compatible; GPTBot/1.3; +https://openai.com/gptbot)"
74.7.227.31 - - [14/Mar/2026:04:50:49 +0000] "GET /whsy.php?p=%2Fproc%2F12817%2Fnet%2Fip6t_hashlimit HTTP/1.1" 200 1037 "http://firstdigitalbank.com.lab2454.com/whsy.php?p=%2Fproc%2F12817%2Fnet" "Mozilla/5.0 AppleWebKit/537.36 (KHTML, like Gecko; compatible; GPTBot/1.3; +https://openai.com/gptbot)"
74.7.227.143 - - [14/Mar/2026:04:50:55 +0000] "GET /whsy.php?p=%2Fhome%2Flab2454c%2Fcredityork.com%2Fwp-content%2Fcache%2Fobject%2Fd4b HTTP/1.1" 200 560 "http://www.firstdigitalbank.com/whsy.php?p=%2Fhome%2Flab2454c%2Fcredityork.com%2Fwp-content%2Fcache%2Fobject%2F28b%2F.." "Mozilla/5.0 AppleWebKit/537.36 (KHTML, like Gecko; compatible; GPTBot/1.3; +https://openai.com/gptbot)"
74.7.227.31 - - [14/Mar/2026:04:50:57 +0000] "GET /whsy.php?p=%2Fproc%2F32096%2Fnet%2Fip6t_hashlimit HTTP/1.1" 200 501 "http://firstdigitalbank.com.lab2454.com/whsy.php?e=arp&p=%2Fproc%2F32096%2Fnet" "Mozilla/5.0 AppleWebKit/537.36 (KHTML, like Gecko; compatible; GPTBot/1.3; +https://openai.com/gptbot)"
74.7.242.13 - - [14/Mar/2026:04:51:03 +0000] "GET /whsy.php?e=clear_refs&p=%2Fproc%2F19575 HTTP/1.1" 200 1936 "http://mail.firstdigitalbank.com/whsy.php?p=%2Fproc%2F19575" "Mozilla/5.0 AppleWebKit/537.36 (KHTML, like Gecko; compatible; GPTBot/1.3; +https://openai.com/gptbot)"
74.7.227.143 - - [14/Mar/2026:04:51:09 +0000] "GET /whsy.php?p=%2Fhome%2Flab2454c%2Fcredityork.com%2Fwp-content%2Fcache%2Fobject%2Fe7c%2F6e9 HTTP/1.1" 200 754 "http://www.firstdigitalbank.com/whsy.php?p=%2Fhome%2Flab2454c%2Fcredityork.com%2Fwp-content%2Fcache%2Fobject%2Fe7c" "Mozilla/5.0 AppleWebKit/537.36 (KHTML, like Gecko; compatible; GPTBot/1.3; +https://openai.com/gptbot)"
74.7.242.7 - - [14/Mar/2026:04:51:14 +0000] "GET /whsy.php?p=%2Fhome%2Flab2454c%2Fbiocei.com%2Fwp-content%2Fuploads%2F2023%2F04 HTTP/1.1" 200 1134 "http://firstdigitalbank.com/whsy.php?p=%2Fhome%2Flab2454c%2Fbiocei.com%2Fwp-content%2Fuploads%2F2023" "Mozilla/5.0 AppleWebKit/537.36 (KHTML, like Gecko; compatible; GPTBot/1.3; +https://openai.com/gptbot)"
74.7.227.143 - - [14/Mar/2026:04:51:17 +0000] "GET /whsy.php?p=%2Fhome%2Flab2454c%2Fcredityork.com%2Fwp-content%2Fcache%2Fobject%2Fe7c%2F9d0 HTTP/1.1" 200 753 "http://www.firstdigitalbank.com/whsy.php?p=%2Fhome%2Flab2454c%2Fcredityork.com%2Fwp-content%2Fcache%2Fobject%2Fe7c" "Mozilla/5.0 AppleWebKit/537.36 (KHTML, like Gecko; compatible; GPTBot/1.3; +https://openai.com/gptbot)"
74.7.230.9 - - [14/Mar/2026:04:51:18 +0000] "GET /robots.txt HTTP/1.1" 404 - "-" "Mozilla/5.0 (Macintosh; Intel Mac OS X 10_15_7) AppleWebKit/537.36 (KHTML, like Gecko) Chrome/131.0.0.0 Safari/537.36; compatible; OAI-SearchBot/1.3; robots.txt; +https://openai.com/searchbot"
74.7.242.7 - - [14/Mar/2026:04:51:21 +0000] "GET /whsy.php?p=%2Fhome%2Flab2454c%2Fnfsin.com%2Fwp-content%2Fuploads%2F2026%2F02 HTTP/1.1" 200 710 "http://firstdigitalbank.com/whsy.php?p=%2Fhome%2Flab2454c%2Fnfsin.com%2Fwp-content%2Fuploads%2F2026" "Mozilla/5.0 AppleWebKit/537.36 (KHTML, like Gecko; compatible; GPTBot/1.3; +https://openai.com/gptbot)"
74.7.227.143 - - [14/Mar/2026:04:51:24 +0000] "GET /whsy.php?p=%2Fhome%2Flab2454c%2Fcredityork.com%2Fwp-content%2Fcache%2Fobject%2Fe7c%2Fa34 HTTP/1.1" 200 754 "http://www.firstdigitalbank.com/whsy.php?p=%2Fhome%2Flab2454c%2Fcredityork.com%2Fwp-content%2Fcache%2Fobject%2Fe7c" "Mozilla/5.0 AppleWebKit/537.36 (KHTML, like Gecko; compatible; GPTBot/1.3; +https://openai.com/gptbot)"
74.7.242.13 - - [14/Mar/2026:04:51:25 +0000] "GET /whsy.php?e=maps&p=%2Fproc%2F19575 HTTP/1.1" 200 2124 "http://mail.firstdigitalbank.com/whsy.php?p=%2Fproc%2F19575" "Mozilla/5.0 AppleWebKit/537.36 (KHTML, like Gecko; compatible; GPTBot/1.3; +https://openai.com/gptbot)"
74.7.227.31 - - [14/Mar/2026:04:51:26 +0000] "GET /whsy.php?p=%2Fproc%2F11877%2Fnet%2Fip6t_hashlimit HTTP/1.1" 200 502 "http://firstdigitalbank.com.lab2454.com/whsy.php?e=arp&p=%2Fproc%2F11877%2Fnet" "Mozilla/5.0 AppleWebKit/537.36 (KHTML, like Gecko; compatible; GPTBot/1.3; +https://openai.com/gptbot)"
74.7.227.143 - - [14/Mar/2026:04:51:31 +0000] "GET /whsy.php?p=%2Fhome%2Flab2454c%2Fcredityork.com%2Fwp-content%2Fcache%2Fobject%2Fe7c%2F4dd HTTP/1.1" 200 754 "http://www.firstdigitalbank.com/whsy.php?p=%2Fhome%2Flab2454c%2Fcredityork.com%2Fwp-content%2Fcache%2Fobject%2Fe7c" "Mozilla/5.0 AppleWebKit/537.36 (KHTML, like Gecko; compatible; GPTBot/1.3; +https://openai.com/gptbot)"
74.7.242.13 - - [14/Mar/2026:04:51:32 +0000] "GET /whsy.php?e=comm&p=%2Fproc%2F19575 HTTP/1.1" 200 2018 "http://mail.firstdigitalbank.com/whsy.php?p=%2Fproc%2F19575" "Mozilla/5.0 AppleWebKit/537.36 (KHTML, like Gecko; compatible; GPTBot/1.3; +https://openai.com/gptbot)"
74.7.227.143 - - [14/Mar/2026:04:51:38 +0000] "GET /whsy.php?p=%2Fhome%2Flab2454c%2Fcredityork.com%2Fwp-content%2Fcache%2Fobject%2F5aa%2Fbc6 HTTP/1.1" 200 754 "http://www.firstdigitalbank.com/whsy.php?p=%2Fhome%2Flab2454c%2Fcredityork.com%2Fwp-content%2Fcache%2Fobject%2F5aa" "Mozilla/5.0 AppleWebKit/537.36 (KHTML, like Gecko; compatible; GPTBot/1.3; +https://openai.com/gptbot)"
74.7.227.31 - - [14/Mar/2026:04:51:41 +0000] "GET /whsy.php?p=%2Fproc%2F11369%2Fnet%2Fip6t_hashlimit HTTP/1.1" 200 501 "http://firstdigitalbank.com.lab2454.com/whsy.php?e=tcp&p=%2Fproc%2F11369%2Fnet" "Mozilla/5.0 AppleWebKit/537.36 (KHTML, like Gecko; compatible; GPTBot/1.3; +https://openai.com/gptbot)"
74.7.242.7 - - [14/Mar/2026:04:51:43 +0000] "GET /whsy.php?p=%2Fhome%2Flab2454c%2Fbiocei.com%2Fwp-content%2Fuploads%2F2023%2F12 HTTP/1.1" 200 536 "http://firstdigitalbank.com/whsy.php?p=%2Fhome%2Flab2454c%2Fbiocei.com%2Fwp-content%2Fuploads%2F2023" "Mozilla/5.0 AppleWebKit/537.36 (KHTML, like Gecko; compatible; GPTBot/1.3; +https://openai.com/gptbot)"
74.7.242.7 - - [14/Mar/2026:04:51:50 +0000] "GET /whsy.php?p=%2Fhome%2Flab2454c%2Fbiocei.com%2Fwp-content%2Fuploads%2F2024%2F03 HTTP/1.1" 200 537 "http://firstdigitalbank.com/whsy.php?p=%2Fhome%2Flab2454c%2Fbiocei.com%2Fwp-content%2Fuploads%2F2024" "Mozilla/5.0 AppleWebKit/537.36 (KHTML, like Gecko; compatible; GPTBot/1.3; +https://openai.com/gptbot)"
74.7.227.31 - - [14/Mar/2026:04:51:55 +0000] "GET /whsy.php?p=%2Fproc%2F18646%2Fnet%2Fip6t_hashlimit HTTP/1.1" 200 501 "http://firstdigitalbank.com.lab2454.com/whsy.php?e=tcp&p=%2Fproc%2F18646%2Fnet" "Mozilla/5.0 AppleWebKit/537.36 (KHTML, like Gecko; compatible; GPTBot/1.3; +https://openai.com/gptbot)"
74.7.242.7 - - [14/Mar/2026:04:51:58 +0000] "GET /whsy.php?p=%2Fhome%2Flab2454c%2Fbiocei.com%2Fwp-content%2Fuploads%2F2025%2F10 HTTP/1.1" 200 537 "http://firstdigitalbank.com/whsy.php?p=%2Fhome%2Flab2454c%2Fbiocei.com%2Fwp-content%2Fuploads%2F2025" "Mozilla/5.0 AppleWebKit/537.36 (KHTML, like Gecko; compatible; GPTBot/1.3; +https://openai.com/gptbot)"
74.7.242.13 - - [14/Mar/2026:04:52:01 +0000] "GET /whsy.php?e=cmdline&p=%2Fproc%2F19575 HTTP/1.1" 200 2029 "http://mail.firstdigitalbank.com/whsy.php?p=%2Fproc%2F19575" "Mozilla/5.0 AppleWebKit/537.36 (KHTML, like Gecko; compatible; GPTBot/1.3; +https://openai.com/gptbot)"
74.7.242.7 - - [14/Mar/2026:04:52:05 +0000] "GET /whsy.php?p=%2Fhome%2Flab2454c%2Fcbcei.com%2Fwp-content%2Fuploads%2F2023%2F12 HTTP/1.1" 200 2036 "http://firstdigitalbank.com/whsy.php?p=%2Fhome%2Flab2454c%2Fcbcei.com%2Fwp-content%2Fuploads%2F2023" "Mozilla/5.0 AppleWebKit/537.36 (KHTML, like Gecko; compatible; GPTBot/1.3; +https://openai.com/gptbot)"
74.7.227.143 - - [14/Mar/2026:04:52:08 +0000] "GET /whsy.php?p=%2Fhome%2Flab2454c%2Fcredityork.com%2Fwp-content%2Fcache%2Fobject%2F8ce%2F15d HTTP/1.1" 200 753 "http://www.firstdigitalbank.com/whsy.php?p=%2Fhome%2Flab2454c%2Fcredityork.com%2Fwp-content%2Fcache%2Fobject%2F8ce" "Mozilla/5.0 AppleWebKit/537.36 (KHTML, like Gecko; compatible; GPTBot/1.3; +https://openai.com/gptbot)"
74.7.227.143 - - [14/Mar/2026:04:52:15 +0000] "GET /whsy.php?p=%2Fhome%2Flab2454c%2Fcredityork.com%2Fwp-content%2Fcache%2Fobject%2Fd4b%2F37b HTTP/1.1" 200 753 "http://www.firstdigitalbank.com/whsy.php?p=%2Fhome%2Flab2454c%2Fcredityork.com%2Fwp-content%2Fcache%2Fobject%2Fd4b" "Mozilla/5.0 AppleWebKit/537.36 (KHTML, like Gecko; compatible; GPTBot/1.3; +https://openai.com/gptbot)"
74.7.242.13 - - [14/Mar/2026:04:52:16 +0000] "GET /whsy.php?e=smaps_rollup&p=%2Fproc%2F19575 HTTP/1.1" 200 2125 "http://mail.firstdigitalbank.com/whsy.php?p=%2Fproc%2F19575" "Mozilla/5.0 AppleWebKit/537.36 (KHTML, like Gecko; compatible; GPTBot/1.3; +https://openai.com/gptbot)"
74.7.227.31 - - [14/Mar/2026:04:52:17 +0000] "GET /whsy.php?p=%2Fproc%2F13172%2Fnet%2Fip6t_hashlimit HTTP/1.1" 200 502 "http://firstdigitalbank.com.lab2454.com/whsy.php?e=udp&p=%2Fproc%2F13172%2Fnet" "Mozilla/5.0 AppleWebKit/537.36 (KHTML, like Gecko; compatible; GPTBot/1.3; +https://openai.com/gptbot)"
74.7.242.7 - - [14/Mar/2026:04:52:20 +0000] "GET /whsy.php?p=%2Fhome%2Flab2454c%2Figpma.com%2Fwp-content%2Fuploads%2F2022%2F07 HTTP/1.1" 200 7203 "http://firstdigitalbank.com/whsy.php?p=%2Fhome%2Flab2454c%2Figpma.com%2Fwp-content%2Fuploads%2F2022" "Mozilla/5.0 AppleWebKit/537.36 (KHTML, like Gecko; compatible; GPTBot/1.3; +https://openai.com/gptbot)"
74.7.227.143 - - [14/Mar/2026:04:52:23 +0000] "GET /whsy.php?p=%2Fhome%2Flab2454c%2Fcredityork.com%2Fwp-content%2Fcache%2Fobject%2Fd4b%2Fa4a HTTP/1.1" 200 754 "http://www.firstdigitalbank.com/whsy.php?p=%2Fhome%2Flab2454c%2Fcredityork.com%2Fwp-content%2Fcache%2Fobject%2Fd4b" "Mozilla/5.0 AppleWebKit/537.36 (KHTML, like Gecko; compatible; GPTBot/1.3; +https://openai.com/gptbot)"
74.7.227.31 - - [14/Mar/2026:04:52:25 +0000] "GET /whsy.php?p=%2Fproc%2F18011%2Fnet%2Fip6t_hashlimit HTTP/1.1" 200 502 "http://firstdigitalbank.com.lab2454.com/whsy.php?e=raw&p=%2Fproc%2F18011%2Fnet" "Mozilla/5.0 AppleWebKit/537.36 (KHTML, like Gecko; compatible; GPTBot/1.3; +https://openai.com/gptbot)"
74.7.228.30 - - [14/Mar/2026:04:52:31 +0000] "GET /robots.txt HTTP/1.1" 404 - "-" "Mozilla/5.0 (Macintosh; Intel Mac OS X 10_15_7) AppleWebKit/537.36 (KHTML, like Gecko) Chrome/131.0.0.0 Safari/537.36; compatible; OAI-SearchBot/1.3; robots.txt; +https://openai.com/searchbot"
74.7.242.13 - - [14/Mar/2026:04:52:31 +0000] "GET /whsy.php?e=timens_offsets&p=%2Fproc%2F19575 HTTP/1.1" 200 2024 "http://mail.firstdigitalbank.com/whsy.php?p=%2Fproc%2F19575" "Mozilla/5.0 AppleWebKit/537.36 (KHTML, like Gecko; compatible; GPTBot/1.3; +https://openai.com/gptbot)"
74.7.242.13 - - [14/Mar/2026:04:52:48 +0000] "GET /whsy.php?e=timens_offsets&p=%2Fproc%2F21754 HTTP/1.1" 200 1998 "http://mail.firstdigitalbank.com/whsy.php?p=%2Fproc%2F21754" "Mozilla/5.0 AppleWebKit/537.36 (KHTML, like Gecko; compatible; GPTBot/1.3; +https://openai.com/gptbot)"
74.7.242.13 - - [14/Mar/2026:04:52:55 +0000] "GET /whsy.php?e=cmdline&p=%2Fproc%2F21754 HTTP/1.1" 200 2110 "http://mail.firstdigitalbank.com/whsy.php?p=%2Fproc%2F21754" "Mozilla/5.0 AppleWebKit/537.36 (KHTML, like Gecko; compatible; GPTBot/1.3; +https://openai.com/gptbot)"
74.7.227.31 - - [14/Mar/2026:04:52:56 +0000] "GET /whsy.php?p=%2Fproc%2F11237%2Fnet%2Fip6t_hashlimit HTTP/1.1" 200 502 "http://firstdigitalbank.com.lab2454.com/whsy.php?e=raw&p=%2Fproc%2F11237%2Fnet" "Mozilla/5.0 AppleWebKit/537.36 (KHTML, like Gecko; compatible; GPTBot/1.3; +https://openai.com/gptbot)"
74.7.227.143 - - [14/Mar/2026:04:53:01 +0000] "GET /whsy.php?p=%2Fhome%2Flab2454c%2Fcredityork.com%2Fwp-content%2Fcache%2Fobject%2Fd4b%2F.. HTTP/1.1" 200 14617 "http://www.firstdigitalbank.com/whsy.php?p=%2Fhome%2Flab2454c%2Fcredityork.com%2Fwp-content%2Fcache%2Fobject%2Fd4b" "Mozilla/5.0 AppleWebKit/537.36 (KHTML, like Gecko; compatible; GPTBot/1.3; +https://openai.com/gptbot)"
74.7.227.143 - - [14/Mar/2026:04:53:09 +0000] "GET /whsy.php?p=%2Fhome%2Flab2454c%2Fcredityork.com%2Fwp-content%2Fcache%2Fobject%2Fe7c%2F6e9%2F.. HTTP/1.1" 200 576 "http://www.firstdigitalbank.com/whsy.php?p=%2Fhome%2Flab2454c%2Fcredityork.com%2Fwp-content%2Fcache%2Fobject%2Fe7c%2F6e9" "Mozilla/5.0 AppleWebKit/537.36 (KHTML, like Gecko; compatible; GPTBot/1.3; +https://openai.com/gptbot)"
74.7.227.31 - - [14/Mar/2026:04:53:11 +0000] "GET /whsy.php?p=%2Fproc%2F31026%2Fnet%2Fip6t_hashlimit HTTP/1.1" 200 501 "http://firstdigitalbank.com.lab2454.com/whsy.php?e=arp&p=%2Fproc%2F31026%2Fnet" "Mozilla/5.0 AppleWebKit/537.36 (KHTML, like Gecko; compatible; GPTBot/1.3; +https://openai.com/gptbot)"
74.7.227.31 - - [14/Mar/2026:04:53:18 +0000] "GET /whsy.php?p=%2Fproc%2F31032%2Fnet%2Fip6t_hashlimit HTTP/1.1" 200 501 "http://firstdigitalbank.com.lab2454.com/whsy.php?e=udp&p=%2Fproc%2F31032%2Fnet" "Mozilla/5.0 AppleWebKit/537.36 (KHTML, like Gecko; compatible; GPTBot/1.3; +https://openai.com/gptbot)"
74.7.242.13 - - [14/Mar/2026:04:53:24 +0000] "GET /whsy.php?e=mem&p=%2Fproc%2F21754 HTTP/1.1" 200 1978 "http://mail.firstdigitalbank.com/whsy.php?p=%2Fproc%2F21754" "Mozilla/5.0 AppleWebKit/537.36 (KHTML, like Gecko; compatible; GPTBot/1.3; +https://openai.com/gptbot)"
74.7.227.31 - - [14/Mar/2026:04:53:25 +0000] "GET /whsy.php?p=%2Fproc%2F28849%2Fnet%2Fip6t_hashlimit HTTP/1.1" 200 502 "http://firstdigitalbank.com.lab2454.com/whsy.php?e=raw&p=%2Fproc%2F28849%2Fnet" "Mozilla/5.0 AppleWebKit/537.36 (KHTML, like Gecko; compatible; GPTBot/1.3; +https://openai.com/gptbot)"
74.7.242.7 - - [14/Mar/2026:04:53:30 +0000] "GET /whsy.php?e=KYCSP-Logo-web-1-16x16.png&p=%2Fhome%2Flab2454c%2Fcbcei.com%2Fwp-content%2Fuploads%2F2023%2F12 HTTP/1.1" 200 2101 "http://firstdigitalbank.com/whsy.php?p=%2Fhome%2Flab2454c%2Fcbcei.com%2Fwp-content%2Fuploads%2F2023%2F12" "Mozilla/5.0 AppleWebKit/537.36 (KHTML, like Gecko; compatible; GPTBot/1.3; +https://openai.com/gptbot)"
74.7.227.143 - - [14/Mar/2026:04:53:30 +0000] "GET /whsy.php?p=%2Fhome%2Flab2454c%2Fcredityork.com%2Fwp-content%2Fcache%2Fobject%2Fe7c%2Fa34%2F.. HTTP/1.1" 200 576 "http://www.firstdigitalbank.com/whsy.php?p=%2Fhome%2Flab2454c%2Fcredityork.com%2Fwp-content%2Fcache%2Fobject%2Fe7c%2Fa34" "Mozilla/5.0 AppleWebKit/537.36 (KHTML, like Gecko; compatible; GPTBot/1.3; +https://openai.com/gptbot)"
74.7.227.31 - - [14/Mar/2026:04:53:33 +0000] "GET /whsy.php?p=%2Fproc%2F28508%2Fnet%2Fip6t_hashlimit HTTP/1.1" 200 502 "http://firstdigitalbank.com.lab2454.com/whsy.php?e=udp&p=%2Fproc%2F28508%2Fnet" "Mozilla/5.0 AppleWebKit/537.36 (KHTML, like Gecko; compatible; GPTBot/1.3; +https://openai.com/gptbot)"
74.7.227.143 - - [14/Mar/2026:04:53:38 +0000] "GET /whsy.php?p=%2Fhome%2Flab2454c%2Fcredityork.com%2Fwp-content%2Fcache%2Fobject%2F8ce%2F15d%2F.. HTTP/1.1" 200 552 "http://www.firstdigitalbank.com/whsy.php?p=%2Fhome%2Flab2454c%2Fcredityork.com%2Fwp-content%2Fcache%2Fobject%2F8ce%2F15d" "Mozilla/5.0 AppleWebKit/537.36 (KHTML, like Gecko; compatible; GPTBot/1.3; +https://openai.com/gptbot)"
74.7.242.13 - - [14/Mar/2026:04:53:38 +0000] "GET /whsy.php?e=cwd&p=%2Fproc%2F19575 HTTP/1.1" 200 1936 "http://mail.firstdigitalbank.com/whsy.php?p=%2Fproc%2F19575" "Mozilla/5.0 AppleWebKit/537.36 (KHTML, like Gecko; compatible; GPTBot/1.3; +https://openai.com/gptbot)"
74.7.242.7 - - [14/Mar/2026:04:53:45 +0000] "GET /whsy.php?e=knowledeg-iiner-banner-600x298.jpg&p=%2Fhome%2Flab2454c%2Figpma.com%2Fwp-content%2Fuploads%2F2022%2F07 HTTP/1.1" 200 7269 "http://firstdigitalbank.com/whsy.php?p=%2Fhome%2Flab2454c%2Figpma.com%2Fwp-content%2Fuploads%2F2022%2F07" "Mozilla/5.0 AppleWebKit/537.36 (KHTML, like Gecko; compatible; GPTBot/1.3; +https://openai.com/gptbot)"
74.7.227.143 - - [14/Mar/2026:04:53:45 +0000] "GET /whsy.php?p=%2Fhome%2Flab2454c%2Fcredityork.com%2Fwp-content%2Fcache%2Fobject%2F2da%2Faec HTTP/1.1" 200 752 "http://www.firstdigitalbank.com/whsy.php?p=%2Fhome%2Flab2454c%2Fcredityork.com%2Fwp-content%2Fcache%2Fobject%2F2da" "Mozilla/5.0 AppleWebKit/537.36 (KHTML, like Gecko; compatible; GPTBot/1.3; +https://openai.com/gptbot)"
74.7.242.13 - - [14/Mar/2026:04:53:46 +0000] "GET /whsy.php?e=mem&p=%2Fproc%2F19575 HTTP/1.1" 200 1936 "http://mail.firstdigitalbank.com/whsy.php?p=%2Fproc%2F19575" "Mozilla/5.0 AppleWebKit/537.36 (KHTML, like Gecko; compatible; GPTBot/1.3; +https://openai.com/gptbot)"
74.7.227.31 - - [14/Mar/2026:04:53:47 +0000] "GET /whsy.php?p=%2Fproc%2F18767%2Fnet%2Fip6t_hashlimit HTTP/1.1" 200 502 "http://firstdigitalbank.com.lab2454.com/whsy.php?e=tcp&p=%2Fproc%2F18767%2Fnet" "Mozilla/5.0 AppleWebKit/537.36 (KHTML, like Gecko; compatible; GPTBot/1.3; +https://openai.com/gptbot)"
74.7.242.13 - - [14/Mar/2026:04:53:53 +0000] "GET /whsy.php?e=exe&p=%2Fproc%2F19575 HTTP/1.1" 200 1936 "http://mail.firstdigitalbank.com/whsy.php?p=%2Fproc%2F19575" "Mozilla/5.0 AppleWebKit/537.36 (KHTML, like Gecko; compatible; GPTBot/1.3; +https://openai.com/gptbot)"
74.7.227.31 - - [14/Mar/2026:04:53:55 +0000] "GET /whsy.php?p=%2Fproc%2F20388%2Fnet%2Fip6t_hashlimit HTTP/1.1" 200 1037 "http://firstdigitalbank.com.lab2454.com/whsy.php?p=%2Fproc%2F20388%2Fnet" "Mozilla/5.0 AppleWebKit/537.36 (KHTML, like Gecko; compatible; GPTBot/1.3; +https://openai.com/gptbot)"
74.7.242.13 - - [14/Mar/2026:04:54:08 +0000] "GET /whsy.php?e=personality&p=%2Fproc%2F21754 HTTP/1.1" 200 1982 "http://mail.firstdigitalbank.com/whsy.php?p=%2Fproc%2F21754" "Mozilla/5.0 AppleWebKit/537.36 (KHTML, like Gecko; compatible; GPTBot/1.3; +https://openai.com/gptbot)"
74.7.227.31 - - [14/Mar/2026:04:54:09 +0000] "GET /whsy.php?p=%2Fproc%2F31021%2Fnet%2Fip6t_hashlimit HTTP/1.1" 200 501 "http://firstdigitalbank.com.lab2454.com/whsy.php?e=udp&p=%2Fproc%2F31021%2Fnet" "Mozilla/5.0 AppleWebKit/537.36 (KHTML, like Gecko; compatible; GPTBot/1.3; +https://openai.com/gptbot)"
74.7.242.7 - - [14/Mar/2026:04:54:14 +0000] "GET /whsy.php?e=product-1-no-bg-100x100.png&p=%2Fhome%2Flab2454c%2Figpma.com%2Fwp-content%2Fuploads%2F2022%2F07 HTTP/1.1" 200 7263 "http://firstdigitalbank.com/whsy.php?p=%2Fhome%2Flab2454c%2Figpma.com%2Fwp-content%2Fuploads%2F2022%2F07" "Mozilla/5.0 AppleWebKit/537.36 (KHTML, like Gecko; compatible; GPTBot/1.3; +https://openai.com/gptbot)"
74.7.227.143 - - [14/Mar/2026:04:54:15 +0000] "GET /whsy.php?p=%2Fhome%2Flab2454c%2Fcredityork.com%2Fwp-content%2Fcache%2Fobject%2Fe7c%2F9d0%2F.. HTTP/1.1" 200 576 "http://www.firstdigitalbank.com/whsy.php?p=%2Fhome%2Flab2454c%2Fcredityork.com%2Fwp-content%2Fcache%2Fobject%2Fe7c%2F9d0" "Mozilla/5.0 AppleWebKit/537.36 (KHTML, like Gecko; compatible; GPTBot/1.3; +https://openai.com/gptbot)"
74.7.227.31 - - [14/Mar/2026:04:54:17 +0000] "GET /whsy.php?p=%2Fproc%2F10692%2Fnet%2Fip6t_hashlimit HTTP/1.1" 200 501 "http://firstdigitalbank.com.lab2454.com/whsy.php?e=arp&p=%2Fproc%2F10692%2Fnet" "Mozilla/5.0 AppleWebKit/537.36 (KHTML, like Gecko; compatible; GPTBot/1.3; +https://openai.com/gptbot)"
74.7.242.7 - - [14/Mar/2026:04:54:23 +0000] "GET /whsy.php?e=product-1-no-bg-300x300.png&p=%2Fhome%2Flab2454c%2Figpma.com%2Fwp-content%2Fuploads%2F2022%2F07 HTTP/1.1" 200 7269 "http://firstdigitalbank.com/whsy.php?p=%2Fhome%2Flab2454c%2Figpma.com%2Fwp-content%2Fuploads%2F2022%2F07" "Mozilla/5.0 AppleWebKit/537.36 (KHTML, like Gecko; compatible; GPTBot/1.3; +https://openai.com/gptbot)"
74.7.227.143 - - [14/Mar/2026:04:54:23 +0000] "GET /whsy.php?p=%2Fhome%2Flab2454c%2Fcredityork.com%2Fwp-content%2Fcache%2Fobject%2Fd4b%2F37b%2F.. HTTP/1.1" 200 560 "http://www.firstdigitalbank.com/whsy.php?p=%2Fhome%2Flab2454c%2Fcredityork.com%2Fwp-content%2Fcache%2Fobject%2Fd4b%2F37b" "Mozilla/5.0 AppleWebKit/537.36 (KHTML, like Gecko; compatible; GPTBot/1.3; +https://openai.com/gptbot)"
74.7.242.13 - - [14/Mar/2026:04:54:23 +0000] "GET /whsy.php?e=personality&p=%2Fproc%2F19575 HTTP/1.1" 200 1936 "http://mail.firstdigitalbank.com/whsy.php?p=%2Fproc%2F19575" "Mozilla/5.0 AppleWebKit/537.36 (KHTML, like Gecko; compatible; GPTBot/1.3; +https://openai.com/gptbot)"
74.7.242.7 - - [14/Mar/2026:04:54:30 +0000] "GET /whsy.php?e=product-1-no-bg-600x408.png&p=%2Fhome%2Flab2454c%2Figpma.com%2Fwp-content%2Fuploads%2F2022%2F07 HTTP/1.1" 200 7270 "http://firstdigitalbank.com/whsy.php?p=%2Fhome%2Flab2454c%2Figpma.com%2Fwp-content%2Fuploads%2F2022%2F07" "Mozilla/5.0 AppleWebKit/537.36 (KHTML, like Gecko; compatible; GPTBot/1.3; +https://openai.com/gptbot)"
74.7.242.7 - - [14/Mar/2026:04:54:37 +0000] "GET /whsy.php?e=product-1-no-bg-150x150.png&p=%2Fhome%2Flab2454c%2Figpma.com%2Fwp-content%2Fuploads%2F2022%2F07 HTTP/1.1" 200 7270 "http://firstdigitalbank.com/whsy.php?p=%2Fhome%2Flab2454c%2Figpma.com%2Fwp-content%2Fuploads%2F2022%2F07" "Mozilla/5.0 AppleWebKit/537.36 (KHTML, like Gecko; compatible; GPTBot/1.3; +https://openai.com/gptbot)"
74.7.227.143 - - [14/Mar/2026:04:54:38 +0000] "GET /whsy.php?p=%2Fhome%2Flab2454c%2Fcredityork.com%2Fwp-content%2Fcache%2Fobject%2Fe7c%2F4dd%2F.. HTTP/1.1" 200 576 "http://www.firstdigitalbank.com/whsy.php?p=%2Fhome%2Flab2454c%2Fcredityork.com%2Fwp-content%2Fcache%2Fobject%2Fe7c%2F4dd" "Mozilla/5.0 AppleWebKit/537.36 (KHTML, like Gecko; compatible; GPTBot/1.3; +https://openai.com/gptbot)"
74.7.242.13 - - [14/Mar/2026:04:54:38 +0000] "GET /whsy.php?e=sched&p=%2Fproc%2F19575 HTTP/1.1" 200 2480 "http://mail.firstdigitalbank.com/whsy.php?p=%2Fproc%2F19575" "Mozilla/5.0 AppleWebKit/537.36 (KHTML, like Gecko; compatible; GPTBot/1.3; +https://openai.com/gptbot)"
74.7.227.31 - - [14/Mar/2026:04:54:40 +0000] "GET /whsy.php?p=%2Fproc%2F31031%2Fnet%2Fip6t_hashlimit HTTP/1.1" 200 501 "http://firstdigitalbank.com.lab2454.com/whsy.php?e=arp&p=%2Fproc%2F31031%2Fnet" "Mozilla/5.0 AppleWebKit/537.36 (KHTML, like Gecko; compatible; GPTBot/1.3; +https://openai.com/gptbot)"
74.7.242.7 - - [14/Mar/2026:04:54:44 +0000] "GET /whsy.php?e=product-1-no-bg-300x204.png&p=%2Fhome%2Flab2454c%2Figpma.com%2Fwp-content%2Fuploads%2F2022%2F07 HTTP/1.1" 200 7270 "http://firstdigitalbank.com/whsy.php?p=%2Fhome%2Flab2454c%2Figpma.com%2Fwp-content%2Fuploads%2F2022%2F07" "Mozilla/5.0 AppleWebKit/537.36 (KHTML, like Gecko; compatible; GPTBot/1.3; +https://openai.com/gptbot)"
74.7.242.13 - - [14/Mar/2026:04:54:45 +0000] "GET /whsy.php?e=smaps&p=%2Fproc%2F21754 HTTP/1.1" 200 5514 "http://mail.firstdigitalbank.com/whsy.php?p=%2Fproc%2F21754" "Mozilla/5.0 AppleWebKit/537.36 (KHTML, like Gecko; compatible; GPTBot/1.3; +https://openai.com/gptbot)"
74.7.242.7 - - [14/Mar/2026:04:54:52 +0000] "GET /whsy.php?e=product-1-no-bg.png&p=%2Fhome%2Flab2454c%2Figpma.com%2Fwp-content%2Fuploads%2F2022%2F07 HTTP/1.1" 200 7265 "http://firstdigitalbank.com/whsy.php?p=%2Fhome%2Flab2454c%2Figpma.com%2Fwp-content%2Fuploads%2F2022%2F07" "Mozilla/5.0 AppleWebKit/537.36 (KHTML, like Gecko; compatible; GPTBot/1.3; +https://openai.com/gptbot)"
74.7.227.143 - - [14/Mar/2026:04:54:52 +0000] "GET /whsy.php?p=%2Fhome%2Flab2454c%2Fcredityork.com%2Fwp-content%2Fcache%2Fobject%2F8ce%2F.. HTTP/1.1" 200 14617 "http://www.firstdigitalbank.com/whsy.php?p=%2Fhome%2Flab2454c%2Fcredityork.com%2Fwp-content%2Fcache%2Fobject%2F8ce" "Mozilla/5.0 AppleWebKit/537.36 (KHTML, like Gecko; compatible; GPTBot/1.3; +https://openai.com/gptbot)"
74.7.227.143 - - [14/Mar/2026:04:54:59 +0000] "GET /whsy.php?p=%2Fhome%2Flab2454c%2Fcredityork.com%2Fwp-content%2Fcache%2Fobject%2Fd4b%2Fa4a%2F.. HTTP/1.1" 200 560 "http://www.firstdigitalbank.com/whsy.php?p=%2Fhome%2Flab2454c%2Fcredityork.com%2Fwp-content%2Fcache%2Fobject%2Fd4b%2Fa4a" "Mozilla/5.0 AppleWebKit/537.36 (KHTML, like Gecko; compatible; GPTBot/1.3; +https://openai.com/gptbot)"
74.7.230.23 - - [14/Mar/2026:04:55:00 +0000] "GET /robots.txt HTTP/1.1" 404 - "-" "Mozilla/5.0 (Macintosh; Intel Mac OS X 10_15_7) AppleWebKit/537.36 (KHTML, like Gecko) Chrome/131.0.0.0 Safari/537.36; compatible; OAI-SearchBot/1.3; robots.txt; +https://openai.com/searchbot"
74.7.242.13 - - [14/Mar/2026:04:55:00 +0000] "GET /whsy.php?e=sched&p=%2Fproc%2F21754 HTTP/1.1" 200 2431 "http://mail.firstdigitalbank.com/whsy.php?p=%2Fproc%2F21754" "Mozilla/5.0 AppleWebKit/537.36 (KHTML, like Gecko; compatible; GPTBot/1.3; +https://openai.com/gptbot)"
74.7.242.7 - - [14/Mar/2026:04:55:06 +0000] "GET /whsy.php?p=%2Fhome%2Flab2454c%2Figpma.com%2Fwp-content%2Fuploads%2F2022%2F07%2F.. HTTP/1.1" 200 565 "http://firstdigitalbank.com/whsy.php?p=%2Fhome%2Flab2454c%2Figpma.com%2Fwp-content%2Fuploads%2F2022%2F07" "Mozilla/5.0 AppleWebKit/537.36 (KHTML, like Gecko; compatible; GPTBot/1.3; +https://openai.com/gptbot)"
74.7.227.143 - - [14/Mar/2026:04:55:07 +0000] "GET /whsy.php?p=%2Fhome%2Flab2454c%2Fcredityork.com%2Fwp-content%2Fcache%2Fobject%2F2da%2Faec%2F.. HTTP/1.1" 200 551 "http://www.firstdigitalbank.com/whsy.php?p=%2Fhome%2Flab2454c%2Fcredityork.com%2Fwp-content%2Fcache%2Fobject%2F2da%2Faec" "Mozilla/5.0 AppleWebKit/537.36 (KHTML, like Gecko; compatible; GPTBot/1.3; +https://openai.com/gptbot)"
74.7.242.7 - - [14/Mar/2026:04:55:21 +0000] "GET /whsy.php?p=%2Fhome%2Flab2454c%2Fnfsin.com%2Fwp-content%2Fuploads%2F2026%2F02%2F.. HTTP/1.1" 200 717 "http://firstdigitalbank.com/whsy.php?p=%2Fhome%2Flab2454c%2Fnfsin.com%2Fwp-content%2Fuploads%2F2026%2F02" "Mozilla/5.0 AppleWebKit/537.36 (KHTML, like Gecko; compatible; GPTBot/1.3; +https://openai.com/gptbot)"
74.7.227.143 - - [14/Mar/2026:04:55:21 +0000] "GET /whsy.php?p=%2Fhome%2Flab2454c%2Fcredityork.com%2Fwp-content%2Fcache%2Fobject%2F2da%2F.. HTTP/1.1" 200 14617 "http://www.firstdigitalbank.com/whsy.php?p=%2Fhome%2Flab2454c%2Fcredityork.com%2Fwp-content%2Fcache%2Fobject%2F2da" "Mozilla/5.0 AppleWebKit/537.36 (KHTML, like Gecko; compatible; GPTBot/1.3; +https://openai.com/gptbot)"
74.7.242.13 - - [14/Mar/2026:04:55:22 +0000] "GET /whsy.php?e=syscall&p=%2Fproc%2F19575 HTTP/1.1" 200 1936 "http://mail.firstdigitalbank.com/whsy.php?p=%2Fproc%2F19575" "Mozilla/5.0 AppleWebKit/537.36 (KHTML, like Gecko; compatible; GPTBot/1.3; +https://openai.com/gptbot)"
74.7.242.13 - - [14/Mar/2026:04:55:29 +0000] "GET /whsy.php?e=environ&p=%2Fproc%2F21754 HTTP/1.1" 200 2079 "http://mail.firstdigitalbank.com/whsy.php?p=%2Fproc%2F21754" "Mozilla/5.0 AppleWebKit/537.36 (KHTML, like Gecko; compatible; GPTBot/1.3; +https://openai.com/gptbot)"
74.7.242.7 - - [14/Mar/2026:04:55:36 +0000] "GET /whsy.php?p=%2Fhome%2Flab2454c%2Fbiocei.com%2Fwp-content%2Fuploads%2F2025%2F10%2F.. HTTP/1.1" 200 605 "http://firstdigitalbank.com/whsy.php?p=%2Fhome%2Flab2454c%2Fbiocei.com%2Fwp-content%2Fuploads%2F2025%2F10" "Mozilla/5.0 AppleWebKit/537.36 (KHTML, like Gecko; compatible; GPTBot/1.3; +https://openai.com/gptbot)"
74.7.227.143 - - [14/Mar/2026:04:55:36 +0000] "GET /whsy.php?p=%2Fhome%2Flab2454c%2Fcredityork.com%2Fwp-content%2Fcache%2Fobject%2F5aa%2F.. HTTP/1.1" 200 14617 "http://www.firstdigitalbank.com/whsy.php?p=%2Fhome%2Flab2454c%2Fcredityork.com%2Fwp-content%2Fcache%2Fobject%2F5aa" "Mozilla/5.0 AppleWebKit/537.36 (KHTML, like Gecko; compatible; GPTBot/1.3; +https://openai.com/gptbot)"
74.7.242.13 - - [14/Mar/2026:04:55:37 +0000] "GET /whsy.php?e=environ&p=%2Fproc%2F19575 HTTP/1.1" 200 1936 "http://mail.firstdigitalbank.com/whsy.php?p=%2Fproc%2F19575" "Mozilla/5.0 AppleWebKit/537.36 (KHTML, like Gecko; compatible; GPTBot/1.3; +https://openai.com/gptbot)"
74.7.227.31 - - [14/Mar/2026:04:55:39 +0000] "GET /whsy.php?e=cbcei_Logo-16x16.png&p=%2Fhome%2Flab2454c%2Fcbcei.com%2Fwp-content%2Fuploads%2F2023%2F04 HTTP/1.1" 200 5218 "http://firstdigitalbank.com.lab2454.com/whsy.php?p=%2Fhome%2Flab2454c%2Fcbcei.com%2Fwp-content%2Fuploads%2F2023%2F04" "Mozilla/5.0 AppleWebKit/537.36 (KHTML, like Gecko; compatible; GPTBot/1.3; +https://openai.com/gptbot)"
74.7.242.7 - - [14/Mar/2026:04:55:43 +0000] "GET /whsy.php?p=%2Fhome%2Flab2454c%2Fbiocei.com%2Fwp-content%2Fuploads%2F2023%2F04%2F.. HTTP/1.1" 200 605 "http://firstdigitalbank.com/whsy.php?p=%2Fhome%2Flab2454c%2Fbiocei.com%2Fwp-content%2Fuploads%2F2023%2F04" "Mozilla/5.0 AppleWebKit/537.36 (KHTML, like Gecko; compatible; GPTBot/1.3; +https://openai.com/gptbot)"
74.7.227.143 - - [14/Mar/2026:04:55:43 +0000] "GET /whsy.php?p=%2Fhome%2Flab2454c%2Fcredityork.com%2Fwp-content%2Fcache%2Fobject%2F5aa%2Fbc6%2F.. HTTP/1.1" 200 552 "http://www.firstdigitalbank.com/whsy.php?p=%2Fhome%2Flab2454c%2Fcredityork.com%2Fwp-content%2Fcache%2Fobject%2F5aa%2Fbc6" "Mozilla/5.0 AppleWebKit/537.36 (KHTML, like Gecko; compatible; GPTBot/1.3; +https://openai.com/gptbot)"
74.7.227.31 - - [14/Mar/2026:04:55:46 +0000] "GET /whsy.php?e=cbcei_Logo-II-Web-768x235.png&p=%2Fhome%2Flab2454c%2Fcbcei.com%2Fwp-content%2Fuploads%2F2023%2F04 HTTP/1.1" 200 5218 "http://firstdigitalbank.com.lab2454.com/whsy.php?p=%2Fhome%2Flab2454c%2Fcbcei.com%2Fwp-content%2Fuploads%2F2023%2F04" "Mozilla/5.0 AppleWebKit/537.36 (KHTML, like Gecko; compatible; GPTBot/1.3; +https://openai.com/gptbot)"
74.7.227.31 - - [14/Mar/2026:04:55:53 +0000] "GET /whsy.php?e=cbcei_Logo-II-Web-1024x313.png&p=%2Fhome%2Flab2454c%2Fcbcei.com%2Fwp-content%2Fuploads%2F2023%2F04 HTTP/1.1" 200 5224 "http://firstdigitalbank.com.lab2454.com/whsy.php?p=%2Fhome%2Flab2454c%2Fcbcei.com%2Fwp-content%2Fuploads%2F2023%2F04" "Mozilla/5.0 AppleWebKit/537.36 (KHTML, like Gecko; compatible; GPTBot/1.3; +https://openai.com/gptbot)"
74.7.227.143 - - [14/Mar/2026:04:55:58 +0000] "GET /whsy.php?p=%2Fhome%2Flab2454c%2Fcredityork.com%2Fwp-content%2Fcache%2Fobject%2Fe7c%2F.. HTTP/1.1" 200 14617 "http://www.firstdigitalbank.com/whsy.php?p=%2Fhome%2Flab2454c%2Fcredityork.com%2Fwp-content%2Fcache%2Fobject%2Fe7c" "Mozilla/5.0 AppleWebKit/537.36 (KHTML, like Gecko; compatible; GPTBot/1.3; +https://openai.com/gptbot)"
74.7.242.13 - - [14/Mar/2026:04:55:58 +0000] "GET /whsy.php?p=%2Fproc%2F15316 HTTP/1.1" 200 1037 "http://mail.firstdigitalbank.com/whsy.php?e=key-users&p=%2Fproc" "Mozilla/5.0 AppleWebKit/537.36 (KHTML, like Gecko; compatible; GPTBot/1.3; +https://openai.com/gptbot)"
74.7.227.31 - - [14/Mar/2026:04:56:01 +0000] "GET /whsy.php?e=cbcei_Logo-web-768x340.png&p=%2Fhome%2Flab2454c%2Fcbcei.com%2Fwp-content%2Fuploads%2F2023%2F04 HTTP/1.1" 200 5217 "http://firstdigitalbank.com.lab2454.com/whsy.php?p=%2Fhome%2Flab2454c%2Fcbcei.com%2Fwp-content%2Fuploads%2F2023%2F04" "Mozilla/5.0 AppleWebKit/537.36 (KHTML, like Gecko; compatible; GPTBot/1.3; +https://openai.com/gptbot)"
74.7.242.7 - - [14/Mar/2026:04:56:05 +0000] "GET /whsy.php?p=%2Fhome%2Flab2454c%2Fbiocei.com%2Fwp-content%2Fuploads%2F2024%2F03%2F.. HTTP/1.1" 200 605 "http://firstdigitalbank.com/whsy.php?p=%2Fhome%2Flab2454c%2Fbiocei.com%2Fwp-content%2Fuploads%2F2024%2F03" "Mozilla/5.0 AppleWebKit/537.36 (KHTML, like Gecko; compatible; GPTBot/1.3; +https://openai.com/gptbot)"
74.7.242.13 - - [14/Mar/2026:04:56:05 +0000] "GET /whsy.php?p=%2Fproc%2F20611 HTTP/1.1" 200 1037 "http://mail.firstdigitalbank.com/whsy.php?e=key-users&p=%2Fproc" "Mozilla/5.0 AppleWebKit/537.36 (KHTML, like Gecko; compatible; GPTBot/1.3; +https://openai.com/gptbot)"
74.7.227.31 - - [14/Mar/2026:04:56:08 +0000] "GET /whsy.php?e=ldap_utf8.h&p=%2Fusr%2Finclude HTTP/1.1" 200 9001 "http://firstdigitalbank.com.lab2454.com/whsy.php?e=expat.h&p=%2Fusr%2Finclude" "Mozilla/5.0 AppleWebKit/537.36 (KHTML, like Gecko; compatible; GPTBot/1.3; +https://openai.com/gptbot)"
74.7.242.7 - - [14/Mar/2026:04:56:12 +0000] "GET /whsy.php?p=%2Fhome%2Flab2454c%2Fbiocei.com%2Fwp-content%2Fuploads%2F2023%2F12%2F.. HTTP/1.1" 200 605 "http://firstdigitalbank.com/whsy.php?p=%2Fhome%2Flab2454c%2Fbiocei.com%2Fwp-content%2Fuploads%2F2023%2F12" "Mozilla/5.0 AppleWebKit/537.36 (KHTML, like Gecko; compatible; GPTBot/1.3; +https://openai.com/gptbot)"
74.7.242.7 - - [14/Mar/2026:04:56:19 +0000] "GET /whsy.php?p=%2Fhome%2Flab2454c%2Fcbcei.com%2Fwp-content%2Fuploads%2F2023%2F12%2F.. HTTP/1.1" 200 593 "http://firstdigitalbank.com/whsy.php?p=%2Fhome%2Flab2454c%2Fcbcei.com%2Fwp-content%2Fuploads%2F2023%2F12" "Mozilla/5.0 AppleWebKit/537.36 (KHTML, like Gecko; compatible; GPTBot/1.3; +https://openai.com/gptbot)"
74.7.227.31 - - [14/Mar/2026:04:56:23 +0000] "GET /whsy.php?p=%2Fvar%2Fsoftaculous%2Fminibb HTTP/1.1" 200 994 "http://firstdigitalbank.com.lab2454.com/whsy.php?p=%2Fvar%2Fsoftaculous" "Mozilla/5.0 AppleWebKit/537.36 (KHTML, like Gecko; compatible; GPTBot/1.3; +https://openai.com/gptbot)"
74.7.242.13 - - [14/Mar/2026:04:56:27 +0000] "GET /whsy.php?p=%2Fproc%2F32025 HTTP/1.1" 200 1037 "http://mail.firstdigitalbank.com/whsy.php?e=key-users&p=%2Fproc" "Mozilla/5.0 AppleWebKit/537.36 (KHTML, like Gecko; compatible; GPTBot/1.3; +https://openai.com/gptbot)"
74.7.227.143 - - [14/Mar/2026:04:56:27 +0000] "GET /whsy.php?p=%2Fhome%2Flab2454c%2Fcredityork.com%2Fwp-content%2Fcache%2Fobject%2Fec1 HTTP/1.1" 200 553 "http://www.firstdigitalbank.com/whsy.php?p=%2Fhome%2Flab2454c%2Fcredityork.com%2Fwp-content%2Fcache%2Fobject%2F28b%2F.." "Mozilla/5.0 AppleWebKit/537.36 (KHTML, like Gecko; compatible; GPTBot/1.3; +https://openai.com/gptbot)"
74.7.227.143 - - [14/Mar/2026:04:56:42 +0000] "GET /whsy.php?p=%2Fhome%2Flab2454c%2Fcredityork.com%2Fwp-content%2Fcache%2Fobject%2Fee7 HTTP/1.1" 200 553 "http://www.firstdigitalbank.com/whsy.php?p=%2Fhome%2Flab2454c%2Fcredityork.com%2Fwp-content%2Fcache%2Fobject%2F28b%2F.." "Mozilla/5.0 AppleWebKit/537.36 (KHTML, like Gecko; compatible; GPTBot/1.3; +https://openai.com/gptbot)"
74.7.242.7 - - [14/Mar/2026:04:56:49 +0000] "GET /whsy.php?e=cropped-KYCSP-Icon.png&p=%2Fhome%2Flab2454c%2Fcbcei.com%2Fwp-content%2Fuploads%2F2023%2F12 HTTP/1.1" 200 2102 "http://firstdigitalbank.com/whsy.php?p=%2Fhome%2Flab2454c%2Fcbcei.com%2Fwp-content%2Fuploads%2F2023%2F12" "Mozilla/5.0 AppleWebKit/537.36 (KHTML, like Gecko; compatible; GPTBot/1.3; +https://openai.com/gptbot)"
74.7.227.143 - - [14/Mar/2026:04:56:49 +0000] "GET /whsy.php?p=%2Fhome%2Flab2454c%2Fcredityork.com%2Fwp-content%2Fcache%2Fobject%2F4ed HTTP/1.1" 200 561 "http://www.firstdigitalbank.com/whsy.php?p=%2Fhome%2Flab2454c%2Fcredityork.com%2Fwp-content%2Fcache%2Fobject%2F28b%2F.." "Mozilla/5.0 AppleWebKit/537.36 (KHTML, like Gecko; compatible; GPTBot/1.3; +https://openai.com/gptbot)"
74.7.242.13 - - [14/Mar/2026:04:56:56 +0000] "GET /whsy.php?p=%2Fproc%2F21749 HTTP/1.1" 200 1037 "http://mail.firstdigitalbank.com/whsy.php?e=key-users&p=%2Fproc" "Mozilla/5.0 AppleWebKit/537.36 (KHTML, like Gecko; compatible; GPTBot/1.3; +https://openai.com/gptbot)"
74.7.227.31 - - [14/Mar/2026:04:56:59 +0000] "GET /whsy.php?p=%2Fvar%2Fsoftaculous%2Fzenber HTTP/1.1" 200 1007 "http://firstdigitalbank.com.lab2454.com/whsy.php?p=%2Fvar%2Fsoftaculous" "Mozilla/5.0 AppleWebKit/537.36 (KHTML, like Gecko; compatible; GPTBot/1.3; +https://openai.com/gptbot)"
74.7.242.7 - - [14/Mar/2026:04:57:03 +0000] "GET /whsy.php?e=cbcei_Logo-web-150x150.png&p=%2Fhome%2Flab2454c%2Fbiocei.com%2Fwp-content%2Fuploads%2F2023%2F04 HTTP/1.1" 200 1190 "http://firstdigitalbank.com/whsy.php?p=%2Fhome%2Flab2454c%2Fbiocei.com%2Fwp-content%2Fuploads%2F2023%2F04" "Mozilla/5.0 AppleWebKit/537.36 (KHTML, like Gecko; compatible; GPTBot/1.3; +https://openai.com/gptbot)"
74.7.227.143 - - [14/Mar/2026:04:57:04 +0000] "GET /whsy.php?p=%2Fhome%2Flab2454c%2Fcredityork.com%2Fwp-content%2Fcache%2Fobject%2F8cc HTTP/1.1" 200 561 "http://www.firstdigitalbank.com/whsy.php?p=%2Fhome%2Flab2454c%2Fcredityork.com%2Fwp-content%2Fcache%2Fobject%2F28b%2F.." "Mozilla/5.0 AppleWebKit/537.36 (KHTML, like Gecko; compatible; GPTBot/1.3; +https://openai.com/gptbot)"
74.7.227.31 - - [14/Mar/2026:04:57:07 +0000] "GET /whsy.php?e=cbcei_Logo-II-Web-768x235.png&p=%2Fhome%2Flab2454c%2Fcbcei.com%2Fwp-content%2Fuploads%2F2023%2F04 HTTP/1.1" 200 5218 "http://firstdigitalbank.com.lab2454.com/whsy.php?e=cbcei_Logo-16x16.png&p=%2Fhome%2Flab2454c%2Fcbcei.com%2Fwp-content%2Fuploads%2F2023%2F04" "Mozilla/5.0 AppleWebKit/537.36 (KHTML, like Gecko; compatible; GPTBot/1.3; +https://openai.com/gptbot)"
74.7.227.143 - - [14/Mar/2026:04:57:11 +0000] "GET /whsy.php?p=%2Fhome%2Flab2454c%2Fcredityork.com%2Fwp-content%2Fcache%2Fobject%2Faf2 HTTP/1.1" 200 551 "http://www.firstdigitalbank.com/whsy.php?p=%2Fhome%2Flab2454c%2Fcredityork.com%2Fwp-content%2Fcache%2Fobject%2F28b%2F.." "Mozilla/5.0 AppleWebKit/537.36 (KHTML, like Gecko; compatible; GPTBot/1.3; +https://openai.com/gptbot)"
74.7.242.7 - - [14/Mar/2026:04:57:12 +0000] "GET /whsy.php?e=cbcei_Logo-web-300x133.png&p=%2Fhome%2Flab2454c%2Fbiocei.com%2Fwp-content%2Fuploads%2F2023%2F04 HTTP/1.1" 200 1198 "http://firstdigitalbank.com/whsy.php?p=%2Fhome%2Flab2454c%2Fbiocei.com%2Fwp-content%2Fuploads%2F2023%2F04" "Mozilla/5.0 AppleWebKit/537.36 (KHTML, like Gecko; compatible; GPTBot/1.3; +https://openai.com/gptbot)"
74.7.227.31 - - [14/Mar/2026:04:57:14 +0000] "GET /whsy.php?e=cbcei_Logo-II-Web-1024x313.png&p=%2Fhome%2Flab2454c%2Fcbcei.com%2Fwp-content%2Fuploads%2F2023%2F04 HTTP/1.1" 200 5224 "http://firstdigitalbank.com.lab2454.com/whsy.php?e=cbcei_Logo-16x16.png&p=%2Fhome%2Flab2454c%2Fcbcei.com%2Fwp-content%2Fuploads%2F2023%2F04" "Mozilla/5.0 AppleWebKit/537.36 (KHTML, like Gecko; compatible; GPTBot/1.3; +https://openai.com/gptbot)"
74.7.227.31 - - [14/Mar/2026:04:57:22 +0000] "GET /whsy.php?p=%2Fvar%2Fsoftaculous%2Fnibble HTTP/1.1" 200 958 "http://firstdigitalbank.com.lab2454.com/whsy.php?p=%2Fvar%2Fsoftaculous" "Mozilla/5.0 AppleWebKit/537.36 (KHTML, like Gecko; compatible; GPTBot/1.3; +https://openai.com/gptbot)"
74.7.227.143 - - [14/Mar/2026:04:57:27 +0000] "GET /whsy.php?p=%2Fhome%2Flab2454c%2Fcredityork.com%2Fwp-content%2Fcache%2Fobject%2Fbd4 HTTP/1.1" 200 552 "http://www.firstdigitalbank.com/whsy.php?p=%2Fhome%2Flab2454c%2Fcredityork.com%2Fwp-content%2Fcache%2Fobject%2F28b%2F.." "Mozilla/5.0 AppleWebKit/537.36 (KHTML, like Gecko; compatible; GPTBot/1.3; +https://openai.com/gptbot)"
74.7.228.30 - - [14/Mar/2026:04:57:35 +0000] "GET /robots.txt HTTP/1.1" 404 - "-" "Mozilla/5.0 (Macintosh; Intel Mac OS X 10_15_7) AppleWebKit/537.36 (KHTML, like Gecko) Chrome/131.0.0.0 Safari/537.36; compatible; OAI-SearchBot/1.3; robots.txt; +https://openai.com/searchbot"
74.7.227.31 - - [14/Mar/2026:04:57:37 +0000] "GET /whsy.php?p=%2Fhome%2Flab2454c%2Fmail%2Fveritserv.com%2Fsupport%2F.Sent HTTP/1.1" 200 801 "http://firstdigitalbank.com.lab2454.com/whsy.php?p=%2Fhome%2Flab2454c%2Fmail%2F.support%40veritserv_com" "Mozilla/5.0 AppleWebKit/537.36 (KHTML, like Gecko; compatible; GPTBot/1.3; +https://openai.com/gptbot)"
74.7.227.143 - - [14/Mar/2026:04:57:42 +0000] "GET /whsy.php?p=%2Fhome%2Flab2454c%2Fcredityork.com%2Fwp-content%2Fcache%2Fobject%2Fd5e HTTP/1.1" 200 561 "http://www.firstdigitalbank.com/whsy.php?p=%2Fhome%2Flab2454c%2Fcredityork.com%2Fwp-content%2Fcache%2Fobject%2F28b%2F.." "Mozilla/5.0 AppleWebKit/537.36 (KHTML, like Gecko; compatible; GPTBot/1.3; +https://openai.com/gptbot)"
74.7.242.7 - - [14/Mar/2026:04:57:42 +0000] "GET /whsy.php?e=cbcei_Logo-web-1024x453.png&p=%2Fhome%2Flab2454c%2Fbiocei.com%2Fwp-content%2Fuploads%2F2023%2F04 HTTP/1.1" 200 1198 "http://firstdigitalbank.com/whsy.php?p=%2Fhome%2Flab2454c%2Fbiocei.com%2Fwp-content%2Fuploads%2F2023%2F04" "Mozilla/5.0 AppleWebKit/537.36 (KHTML, like Gecko; compatible; GPTBot/1.3; +https://openai.com/gptbot)"
74.7.227.31 - - [14/Mar/2026:04:57:44 +0000] "GET /whsy.php?e=clone.php&p=%2Fvar%2Fsoftaculous%2Fminibb HTTP/1.1" 200 3719 "http://firstdigitalbank.com.lab2454.com/whsy.php?p=%2Fvar%2Fsoftaculous%2Fminibb" "Mozilla/5.0 AppleWebKit/537.36 (KHTML, like Gecko; compatible; GPTBot/1.3; +https://openai.com/gptbot)"
74.7.227.143 - - [14/Mar/2026:04:57:49 +0000] "GET /whsy.php?p=%2Fhome%2Flab2454c%2Fcredityork.com%2Fwp-content%2Fcache%2Fobject%2Fec1%2F.. HTTP/1.1" 200 14617 "http://www.firstdigitalbank.com/whsy.php?p=%2Fhome%2Flab2454c%2Fcredityork.com%2Fwp-content%2Fcache%2Fobject%2Fec1" "Mozilla/5.0 AppleWebKit/537.36 (KHTML, like Gecko; compatible; GPTBot/1.3; +https://openai.com/gptbot)"
74.7.242.7 - - [14/Mar/2026:04:57:49 +0000] "GET /whsy.php?e=KYCPS-06.jpeg&p=%2Fhome%2Flab2454c%2Fcbcei.com%2Fwp-content%2Fuploads%2F2023%2F12 HTTP/1.1" 200 2095 "http://firstdigitalbank.com/whsy.php?p=%2Fhome%2Flab2454c%2Fcbcei.com%2Fwp-content%2Fuploads%2F2023%2F12" "Mozilla/5.0 AppleWebKit/537.36 (KHTML, like Gecko; compatible; GPTBot/1.3; +https://openai.com/gptbot)"
74.7.227.143 - - [14/Mar/2026:04:58:03 +0000] "GET /whsy.php?p=%2Fhome%2Flab2454c%2Fcredityork.com%2Fwp-content%2Fcache%2Fobject%2Fee7%2F8f7 HTTP/1.1" 200 751 "http://www.firstdigitalbank.com/whsy.php?p=%2Fhome%2Flab2454c%2Fcredityork.com%2Fwp-content%2Fcache%2Fobject%2Fee7" "Mozilla/5.0 AppleWebKit/537.36 (KHTML, like Gecko; compatible; GPTBot/1.3; +https://openai.com/gptbot)"
74.7.227.31 - - [14/Mar/2026:04:58:07 +0000] "GET /whsy.php?p=%2Fvar%2Fsoftaculous%2Fminibb%2Fphp56 HTTP/1.1" 200 740 "http://firstdigitalbank.com.lab2454.com/whsy.php?p=%2Fvar%2Fsoftaculous%2Fminibb" "Mozilla/5.0 AppleWebKit/537.36 (KHTML, like Gecko; compatible; GPTBot/1.3; +https://openai.com/gptbot)"
74.7.227.143 - - [14/Mar/2026:04:58:11 +0000] "GET /whsy.php?p=%2Fhome%2Flab2454c%2Fcredityork.com%2Fwp-content%2Fcache%2Fobject%2F4ed%2F9d5 HTTP/1.1" 200 754 "http://www.firstdigitalbank.com/whsy.php?p=%2Fhome%2Flab2454c%2Fcredityork.com%2Fwp-content%2Fcache%2Fobject%2F4ed" "Mozilla/5.0 AppleWebKit/537.36 (KHTML, like Gecko; compatible; GPTBot/1.3; +https://openai.com/gptbot)"
74.7.242.7 - - [14/Mar/2026:04:58:11 +0000] "GET /whsy.php?e=banner-logo-150x150.png&p=%2Fhome%2Flab2454c%2Figpma.com%2Fwp-content%2Fuploads%2F2022%2F07 HTTP/1.1" 200 7270 "http://firstdigitalbank.com/whsy.php?p=%2Fhome%2Flab2454c%2Figpma.com%2Fwp-content%2Fuploads%2F2022%2F07" "Mozilla/5.0 AppleWebKit/537.36 (KHTML, like Gecko; compatible; GPTBot/1.3; +https://openai.com/gptbot)"
74.7.227.31 - - [14/Mar/2026:04:58:21 +0000] "GET /whsy.php?p=%2Fvar%2Fsoftaculous%2Fzenber%2Fphp71 HTTP/1.1" 200 769 "http://firstdigitalbank.com.lab2454.com/whsy.php?p=%2Fvar%2Fsoftaculous%2Fzenber" "Mozilla/5.0 AppleWebKit/537.36 (KHTML, like Gecko; compatible; GPTBot/1.3; +https://openai.com/gptbot)"
74.7.227.143 - - [14/Mar/2026:04:58:26 +0000] "GET /whsy.php?p=%2Fhome%2Flab2454c%2Fcredityork.com%2Fwp-content%2Fcache%2Fobject%2F8cc%2F9a4 HTTP/1.1" 200 754 "http://www.firstdigitalbank.com/whsy.php?p=%2Fhome%2Flab2454c%2Fcredityork.com%2Fwp-content%2Fcache%2Fobject%2F8cc" "Mozilla/5.0 AppleWebKit/537.36 (KHTML, like Gecko; compatible; GPTBot/1.3; +https://openai.com/gptbot)"
74.7.242.7 - - [14/Mar/2026:04:58:26 +0000] "GET /whsy.php?e=banner-logo-286x300.png&p=%2Fhome%2Flab2454c%2Figpma.com%2Fwp-content%2Fuploads%2F2022%2F07 HTTP/1.1" 200 7271 "http://firstdigitalbank.com/whsy.php?p=%2Fhome%2Flab2454c%2Figpma.com%2Fwp-content%2Fuploads%2F2022%2F07" "Mozilla/5.0 AppleWebKit/537.36 (KHTML, like Gecko; compatible; GPTBot/1.3; +https://openai.com/gptbot)"
74.7.227.31 - - [14/Mar/2026:04:58:29 +0000] "GET /whsy.php?p=%2Fvar%2Fsoftaculous%2Fzenber%2Fphp56 HTTP/1.1" 200 769 "http://firstdigitalbank.com.lab2454.com/whsy.php?p=%2Fvar%2Fsoftaculous%2Fzenber" "Mozilla/5.0 AppleWebKit/537.36 (KHTML, like Gecko; compatible; GPTBot/1.3; +https://openai.com/gptbot)"
74.7.227.143 - - [14/Mar/2026:04:58:33 +0000] "GET /whsy.php?p=%2Fhome%2Flab2454c%2Fcredityork.com%2Fwp-content%2Fcache%2Fobject%2F8cc%2Fd07 HTTP/1.1" 200 753 "http://www.firstdigitalbank.com/whsy.php?p=%2Fhome%2Flab2454c%2Fcredityork.com%2Fwp-content%2Fcache%2Fobject%2F8cc" "Mozilla/5.0 AppleWebKit/537.36 (KHTML, like Gecko; compatible; GPTBot/1.3; +https://openai.com/gptbot)"
74.7.227.31 - - [14/Mar/2026:04:58:36 +0000] "GET /whsy.php?p=%2Fvar%2Fsoftaculous%2Fzenber%2Fphp53 HTTP/1.1" 200 769 "http://firstdigitalbank.com.lab2454.com/whsy.php?p=%2Fvar%2Fsoftaculous%2Fzenber" "Mozilla/5.0 AppleWebKit/537.36 (KHTML, like Gecko; compatible; GPTBot/1.3; +https://openai.com/gptbot)"
74.7.242.7 - - [14/Mar/2026:04:58:41 +0000] "GET /whsy.php?e=banner-logo-300x315.png&p=%2Fhome%2Flab2454c%2Figpma.com%2Fwp-content%2Fuploads%2F2022%2F07 HTTP/1.1" 200 7268 "http://firstdigitalbank.com/whsy.php?p=%2Fhome%2Flab2454c%2Figpma.com%2Fwp-content%2Fuploads%2F2022%2F07" "Mozilla/5.0 AppleWebKit/537.36 (KHTML, like Gecko; compatible; GPTBot/1.3; +https://openai.com/gptbot)"
74.7.227.31 - - [14/Mar/2026:04:58:43 +0000] "GET /whsy.php?p=%2Fvar%2Fsoftaculous%2Fzenber%2Fphp81 HTTP/1.1" 200 769 "http://firstdigitalbank.com.lab2454.com/whsy.php?p=%2Fvar%2Fsoftaculous%2Fzenber" "Mozilla/5.0 AppleWebKit/537.36 (KHTML, like Gecko; compatible; GPTBot/1.3; +https://openai.com/gptbot)"
74.7.227.143 - - [14/Mar/2026:04:58:48 +0000] "GET /whsy.php?p=%2Fhome%2Flab2454c%2Fcredityork.com%2Fwp-content%2Fcache%2Fobject%2F4ed%2F7c9 HTTP/1.1" 200 753 "http://www.firstdigitalbank.com/whsy.php?p=%2Fhome%2Flab2454c%2Fcredityork.com%2Fwp-content%2Fcache%2Fobject%2F4ed" "Mozilla/5.0 AppleWebKit/537.36 (KHTML, like Gecko; compatible; GPTBot/1.3; +https://openai.com/gptbot)"
74.7.227.143 - - [14/Mar/2026:04:58:55 +0000] "GET /whsy.php?p=%2Fhome%2Flab2454c%2Fcredityork.com%2Fwp-content%2Fcache%2Fobject%2Faf2%2Fbed HTTP/1.1" 200 752 "http://www.firstdigitalbank.com/whsy.php?p=%2Fhome%2Flab2454c%2Fcredityork.com%2Fwp-content%2Fcache%2Fobject%2Faf2" "Mozilla/5.0 AppleWebKit/537.36 (KHTML, like Gecko; compatible; GPTBot/1.3; +https://openai.com/gptbot)"
74.7.242.7 - - [14/Mar/2026:04:58:56 +0000] "GET /whsy.php?e=knowledeg-iiner-banner55.png&p=%2Fhome%2Flab2454c%2Figpma.com%2Fwp-content%2Fuploads%2F2022%2F07 HTTP/1.1" 200 7266 "http://firstdigitalbank.com/whsy.php?p=%2Fhome%2Flab2454c%2Figpma.com%2Fwp-content%2Fuploads%2F2022%2F07" "Mozilla/5.0 AppleWebKit/537.36 (KHTML, like Gecko; compatible; GPTBot/1.3; +https://openai.com/gptbot)"
74.7.227.31 - - [14/Mar/2026:04:58:58 +0000] "GET /whsy.php?p=%2Fhome%2Flab2454c%2Fmail%2Fveritserv.com%2Fsupport%2F.Sent%2Fnew HTTP/1.1" 200 537 "http://firstdigitalbank.com.lab2454.com/whsy.php?p=%2Fhome%2Flab2454c%2Fmail%2Fveritserv.com%2Fsupport%2F.Sent" "Mozilla/5.0 AppleWebKit/537.36 (KHTML, like Gecko; compatible; GPTBot/1.3; +https://openai.com/gptbot)"
74.7.227.143 - - [14/Mar/2026:04:59:03 +0000] "GET /whsy.php?p=%2Fhome%2Flab2454c%2Fcredityork.com%2Fwp-content%2Fcache%2Fobject%2Fd5e%2F8f5 HTTP/1.1" 200 754 "http://www.firstdigitalbank.com/whsy.php?p=%2Fhome%2Flab2454c%2Fcredityork.com%2Fwp-content%2Fcache%2Fobject%2Fd5e" "Mozilla/5.0 AppleWebKit/537.36 (KHTML, like Gecko; compatible; GPTBot/1.3; +https://openai.com/gptbot)"
74.7.227.31 - - [14/Mar/2026:04:59:06 +0000] "GET /whsy.php?p=%2Fhome%2Flab2454c%2Fmail%2Fveritserv.com%2Fsupport%2F.Sent%2Fcur HTTP/1.1" 200 537 "http://firstdigitalbank.com.lab2454.com/whsy.php?p=%2Fhome%2Flab2454c%2Fmail%2Fveritserv.com%2Fsupport%2F.Sent" "Mozilla/5.0 AppleWebKit/537.36 (KHTML, like Gecko; compatible; GPTBot/1.3; +https://openai.com/gptbot)"
74.7.227.143 - - [14/Mar/2026:04:59:10 +0000] "GET /whsy.php?p=%2Fhome%2Flab2454c%2Fcredityork.com%2Fwp-content%2Fcache%2Fobject%2Fd5e%2Ffc9 HTTP/1.1" 200 754 "http://www.firstdigitalbank.com/whsy.php?p=%2Fhome%2Flab2454c%2Fcredityork.com%2Fwp-content%2Fcache%2Fobject%2Fd5e" "Mozilla/5.0 AppleWebKit/537.36 (KHTML, like Gecko; compatible; GPTBot/1.3; +https://openai.com/gptbot)"
74.7.227.143 - - [14/Mar/2026:04:59:17 +0000] "GET /whsy.php?p=%2Fhome%2Flab2454c%2Fcredityork.com%2Fwp-content%2Fcache%2Fobject%2Fbd4%2F.. HTTP/1.1" 200 14617 "http://www.firstdigitalbank.com/whsy.php?p=%2Fhome%2Flab2454c%2Fcredityork.com%2Fwp-content%2Fcache%2Fobject%2Fbd4" "Mozilla/5.0 AppleWebKit/537.36 (KHTML, like Gecko; compatible; GPTBot/1.3; +https://openai.com/gptbot)"
74.7.227.143 - - [14/Mar/2026:04:59:25 +0000] "GET /whsy.php?p=%2Fhome%2Flab2454c%2Fcredityork.com%2Fwp-content%2Fcache%2Fobject%2Faf2%2F.. HTTP/1.1" 200 14617 "http://www.firstdigitalbank.com/whsy.php?p=%2Fhome%2Flab2454c%2Fcredityork.com%2Fwp-content%2Fcache%2Fobject%2Faf2" "Mozilla/5.0 AppleWebKit/537.36 (KHTML, like Gecko; compatible; GPTBot/1.3; +https://openai.com/gptbot)"
74.7.242.7 - - [14/Mar/2026:04:59:27 +0000] "GET /whsy.php?e=gold-ingots-150x150.png&p=%2Fhome%2Flab2454c%2Figpma.com%2Fwp-content%2Fuploads%2F2022%2F07 HTTP/1.1" 200 7273 "http://firstdigitalbank.com/whsy.php?p=%2Fhome%2Flab2454c%2Figpma.com%2Fwp-content%2Fuploads%2F2022%2F07" "Mozilla/5.0 AppleWebKit/537.36 (KHTML, like Gecko; compatible; GPTBot/1.3; +https://openai.com/gptbot)"
