74.7.228.30 - - [14/Mar/2026:01:18:15 +0000] "GET /robots.txt HTTP/1.1" 404 - "-" "Mozilla/5.0 (Macintosh; Intel Mac OS X 10_15_7) AppleWebKit/537.36 (KHTML, like Gecko) Chrome/131.0.0.0 Safari/537.36; compatible; OAI-SearchBot/1.3; robots.txt; +https://openai.com/searchbot"
74.7.242.7 - - [14/Mar/2026:01:18:43 +0000] "GET /whsy.php?p=%2Fvar%2Fsoftaculous%2Fomp%2Fphp82 HTTP/1.1" 200 828 "http://firstdigitalbank.com/whsy.php?p=%2Fvar%2Fsoftaculous%2Fomp" "Mozilla/5.0 AppleWebKit/537.36 (KHTML, like Gecko; compatible; GPTBot/1.3; +https://openai.com/gptbot)"
74.7.242.13 - - [14/Mar/2026:01:18:51 +0000] "GET /whsy.php?e=es.json&p=%2Fopt%2Fbitninja-dispatcher%2Fnode_modules%2Fyargs%2Flocales HTTP/1.1" 200 2059 "http://mail.firstdigitalbank.com/whsy.php?p=%2Fopt%2Fbitninja-dispatcher%2Fnode_modules%2Fyargs%2Flocales" "Mozilla/5.0 AppleWebKit/537.36 (KHTML, like Gecko; compatible; GPTBot/1.3; +https://openai.com/gptbot)"
74.7.242.7 - - [14/Mar/2026:01:19:02 +0000] "GET /whsy.php?p=%2Fvar%2Fsoftaculous%2Focs%2Fphp53%2F.. HTTP/1.1" 200 1043 "http://firstdigitalbank.com/whsy.php?p=%2Fvar%2Fsoftaculous%2Focs%2Fphp53" "Mozilla/5.0 AppleWebKit/537.36 (KHTML, like Gecko; compatible; GPTBot/1.3; +https://openai.com/gptbot)"
74.7.242.7 - - [14/Mar/2026:01:19:11 +0000] "GET /whsy.php?p=%2Fvar%2Fsoftaculous%2Ftht%2Fphp56 HTTP/1.1" 200 800 "http://firstdigitalbank.com/whsy.php?p=%2Fvar%2Fsoftaculous%2Ftht" "Mozilla/5.0 AppleWebKit/537.36 (KHTML, like Gecko; compatible; GPTBot/1.3; +https://openai.com/gptbot)"
74.7.242.13 - - [14/Mar/2026:01:19:18 +0000] "GET /whsy.php?e=de.json&p=%2Fopt%2Fbitninja-dispatcher%2Fnode_modules%2Fyargs%2Flocales HTTP/1.1" 200 2033 "http://mail.firstdigitalbank.com/whsy.php?p=%2Fopt%2Fbitninja-dispatcher%2Fnode_modules%2Fyargs%2Flocales" "Mozilla/5.0 AppleWebKit/537.36 (KHTML, like Gecko; compatible; GPTBot/1.3; +https://openai.com/gptbot)"
74.7.227.143 - - [14/Mar/2026:01:19:37 +0000] "GET /whsy.php?e=adc4178b59e23ecc856045f91af20818.php&p=%2Fhome%2Flab2454c%2Fcredityork.com%2Fwp-content%2Fcache%2Fobject%2Fadc%2F417 HTTP/1.1" 200 852 "http://www.firstdigitalbank.com/whsy.php?p=%2Fhome%2Flab2454c%2Fcredityork.com%2Fwp-content%2Fcache%2Fobject%2Fadc%2F417" "Mozilla/5.0 AppleWebKit/537.36 (KHTML, like Gecko; compatible; GPTBot/1.3; +https://openai.com/gptbot)"
74.7.242.13 - - [14/Mar/2026:01:19:45 +0000] "GET /whsy.php?e=ru.json&p=%2Fopt%2Fbitninja-dispatcher%2Fnode_modules%2Fyargs%2Flocales HTTP/1.1" 200 2310 "http://mail.firstdigitalbank.com/whsy.php?p=%2Fopt%2Fbitninja-dispatcher%2Fnode_modules%2Fyargs%2Flocales" "Mozilla/5.0 AppleWebKit/537.36 (KHTML, like Gecko; compatible; GPTBot/1.3; +https://openai.com/gptbot)"
74.7.242.7 - - [14/Mar/2026:01:20:15 +0000] "GET /whsy.php?p=%2Fvar%2Fsoftaculous%2Fomp%2Fphp82%2F.. HTTP/1.1" 200 1186 "http://firstdigitalbank.com/whsy.php?p=%2Fvar%2Fsoftaculous%2Fomp%2Fphp82" "Mozilla/5.0 AppleWebKit/537.36 (KHTML, like Gecko; compatible; GPTBot/1.3; +https://openai.com/gptbot)"
74.7.242.13 - - [14/Mar/2026:01:20:27 +0000] "GET /whsy.php?p=%2Fopt%2Fbitninja-waf3%2Fcoreruleset%2Futil%2Fvirtual-patching%2F.. HTTP/1.1" 200 1076 "http://mail.firstdigitalbank.com/whsy.php?p=%2Fopt%2Fbitninja-waf3%2Fcoreruleset%2Futil%2Fvirtual-patching" "Mozilla/5.0 AppleWebKit/537.36 (KHTML, like Gecko; compatible; GPTBot/1.3; +https://openai.com/gptbot)"
74.7.242.7 - - [14/Mar/2026:01:20:39 +0000] "GET /whsy.php?p=%2Fvar%2Fsoftaculous%2Ftht%2Fphp56%2F.. HTTP/1.1" 200 1075 "http://firstdigitalbank.com/whsy.php?p=%2Fvar%2Fsoftaculous%2Ftht%2Fphp56" "Mozilla/5.0 AppleWebKit/537.36 (KHTML, like Gecko; compatible; GPTBot/1.3; +https://openai.com/gptbot)"
74.7.242.7 - - [14/Mar/2026:01:20:47 +0000] "GET /whsy.php?p=%2Fvar%2Fsoftaculous%2Ftht%2Fphp53 HTTP/1.1" 200 800 "http://firstdigitalbank.com/whsy.php?p=%2Fvar%2Fsoftaculous%2Ftht" "Mozilla/5.0 AppleWebKit/537.36 (KHTML, like Gecko; compatible; GPTBot/1.3; +https://openai.com/gptbot)"
74.7.242.13 - - [14/Mar/2026:01:21:02 +0000] "GET /whsy.php?p=%2Fproc%2F15398%2Fmap_files HTTP/1.1" 200 1037 "http://mail.firstdigitalbank.com/whsy.php?p=%2Fproc%2F15398" "Mozilla/5.0 AppleWebKit/537.36 (KHTML, like Gecko; compatible; GPTBot/1.3; +https://openai.com/gptbot)"
74.7.242.7 - - [14/Mar/2026:01:21:18 +0000] "GET /whsy.php?p=%2Fvar%2Fsoftaculous%2Ftht%2Fphp71 HTTP/1.1" 200 800 "http://firstdigitalbank.com/whsy.php?p=%2Fvar%2Fsoftaculous%2Ftht" "Mozilla/5.0 AppleWebKit/537.36 (KHTML, like Gecko; compatible; GPTBot/1.3; +https://openai.com/gptbot)"
74.7.242.7 - - [14/Mar/2026:01:21:43 +0000] "GET /whsy.php?p=%2Fvar%2Fsoftaculous%2Fomp%2Fphp56 HTTP/1.1" 200 828 "http://firstdigitalbank.com/whsy.php?p=%2Fvar%2Fsoftaculous%2Fomp" "Mozilla/5.0 AppleWebKit/537.36 (KHTML, like Gecko; compatible; GPTBot/1.3; +https://openai.com/gptbot)"
74.7.242.7 - - [14/Mar/2026:01:22:14 +0000] "GET /whsy.php?p=%2Fvar%2Fsoftaculous%2Fomp%2Fphp53 HTTP/1.1" 200 828 "http://firstdigitalbank.com/whsy.php?p=%2Fvar%2Fsoftaculous%2Fomp" "Mozilla/5.0 AppleWebKit/537.36 (KHTML, like Gecko; compatible; GPTBot/1.3; +https://openai.com/gptbot)"
74.7.230.23 - - [14/Mar/2026:01:22:14 +0000] "GET /robots.txt HTTP/1.1" 404 - "-" "Mozilla/5.0 (Macintosh; Intel Mac OS X 10_15_7) AppleWebKit/537.36 (KHTML, like Gecko) Chrome/131.0.0.0 Safari/537.36; compatible; OAI-SearchBot/1.3; robots.txt; +https://openai.com/searchbot"
74.7.242.7 - - [14/Mar/2026:01:22:24 +0000] "GET /whsy.php?p=%2Fvar%2Fsoftaculous%2Ftht%2Fphp53%2F.. HTTP/1.1" 200 1075 "http://firstdigitalbank.com/whsy.php?p=%2Fvar%2Fsoftaculous%2Ftht%2Fphp53" "Mozilla/5.0 AppleWebKit/537.36 (KHTML, like Gecko; compatible; GPTBot/1.3; +https://openai.com/gptbot)"
74.7.242.13 - - [14/Mar/2026:01:21:57 +0000] "GET /whsy.php?p=%2Fproc%2F30576%2Fmap_files HTTP/1.1" 200 262693 "http://mail.firstdigitalbank.com/whsy.php?e=coredump_filter&p=%2Fproc%2F30576" "Mozilla/5.0 AppleWebKit/537.36 (KHTML, like Gecko; compatible; GPTBot/1.3; +https://openai.com/gptbot)"
74.7.242.7 - - [14/Mar/2026:01:23:00 +0000] "GET /whsy.php?p=%2Fvar%2Fsoftaculous%2Ftht%2Fphp71%2F.. HTTP/1.1" 200 1075 "http://firstdigitalbank.com/whsy.php?p=%2Fvar%2Fsoftaculous%2Ftht%2Fphp71" "Mozilla/5.0 AppleWebKit/537.36 (KHTML, like Gecko; compatible; GPTBot/1.3; +https://openai.com/gptbot)"
74.7.242.7 - - [14/Mar/2026:01:23:31 +0000] "GET /whsy.php?p=%2Fvar%2Fsoftaculous%2Fomp%2Fphp56%2F.. HTTP/1.1" 200 1186 "http://firstdigitalbank.com/whsy.php?p=%2Fvar%2Fsoftaculous%2Fomp%2Fphp56" "Mozilla/5.0 AppleWebKit/537.36 (KHTML, like Gecko; compatible; GPTBot/1.3; +https://openai.com/gptbot)"
216.244.66.247 - - [14/Mar/2026:01:23:48 +0000] "GET /whsy.php?e=foremostcard.com.lab2454.com&p=%2Fvar%2Flog%2Fapache2%2Fdomlogs%2Flab2454c HTTP/1.1" 200 321693 "-" "Mozilla/5.0 (compatible; DotBot/1.2; +https://opensiteexplorer.org/dotbot; help@moz.com)"
74.7.242.7 - - [14/Mar/2026:01:23:58 +0000] "GET /whsy.php?p=%2Fvar%2Fsoftaculous%2Fomp%2Fphp53%2F.. HTTP/1.1" 200 1186 "http://firstdigitalbank.com/whsy.php?p=%2Fvar%2Fsoftaculous%2Fomp%2Fphp53" "Mozilla/5.0 AppleWebKit/537.36 (KHTML, like Gecko; compatible; GPTBot/1.3; +https://openai.com/gptbot)"
74.7.242.13 - - [14/Mar/2026:01:23:36 +0000] "GET /whsy.php?p=%2Fproc%2F14590%2Fmap_files HTTP/1.1" 200 470092 "http://mail.firstdigitalbank.com/whsy.php?e=coredump_filter&p=%2Fproc%2F14590" "Mozilla/5.0 AppleWebKit/537.36 (KHTML, like Gecko; compatible; GPTBot/1.3; +https://openai.com/gptbot)"
74.7.242.7 - - [14/Mar/2026:01:24:16 +0000] "GET /whsy.php?p=%2Fvar%2Fsoftaculous%2Fomp%2Fphp81 HTTP/1.1" 200 827 "http://firstdigitalbank.com/whsy.php?p=%2Fvar%2Fsoftaculous%2Fomp" "Mozilla/5.0 AppleWebKit/537.36 (KHTML, like Gecko; compatible; GPTBot/1.3; +https://openai.com/gptbot)"
74.7.242.7 - - [14/Mar/2026:01:24:24 +0000] "GET /whsy.php?p=%2Fvar%2Fsoftaculous%2Fomp%2Fphp71 HTTP/1.1" 200 827 "http://firstdigitalbank.com/whsy.php?p=%2Fvar%2Fsoftaculous%2Fomp" "Mozilla/5.0 AppleWebKit/537.36 (KHTML, like Gecko; compatible; GPTBot/1.3; +https://openai.com/gptbot)"
74.7.242.7 - - [14/Mar/2026:01:24:40 +0000] "GET /whsy.php?e=conf.inc.php&p=%2Fvar%2Fsoftaculous%2Ftht HTTP/1.1" 200 1459 "http://firstdigitalbank.com/whsy.php?p=%2Fvar%2Fsoftaculous%2Ftht" "Mozilla/5.0 AppleWebKit/537.36 (KHTML, like Gecko; compatible; GPTBot/1.3; +https://openai.com/gptbot)"
74.7.242.7 - - [14/Mar/2026:01:25:05 +0000] "GET /whsy.php?p=%2Fvar%2Fsoftaculous%2Fmagento246 HTTP/1.1" 200 1179 "http://firstdigitalbank.com/whsy.php?p=%2Fvar%2Fsoftaculous" "Mozilla/5.0 AppleWebKit/537.36 (KHTML, like Gecko; compatible; GPTBot/1.3; +https://openai.com/gptbot)"
74.7.242.7 - - [14/Mar/2026:01:25:46 +0000] "GET /whsy.php?p=%2Fvar%2Fsoftaculous%2Fomp%2Fphp81%2F.. HTTP/1.1" 200 1186 "http://firstdigitalbank.com/whsy.php?p=%2Fvar%2Fsoftaculous%2Fomp%2Fphp81" "Mozilla/5.0 AppleWebKit/537.36 (KHTML, like Gecko; compatible; GPTBot/1.3; +https://openai.com/gptbot)"
74.7.242.7 - - [14/Mar/2026:01:25:54 +0000] "GET /whsy.php?p=%2Fvar%2Fsoftaculous%2Fomp%2Fphp71%2F.. HTTP/1.1" 200 1186 "http://firstdigitalbank.com/whsy.php?p=%2Fvar%2Fsoftaculous%2Fomp%2Fphp71" "Mozilla/5.0 AppleWebKit/537.36 (KHTML, like Gecko; compatible; GPTBot/1.3; +https://openai.com/gptbot)"
74.7.242.7 - - [14/Mar/2026:01:26:10 +0000] "GET /whsy.php?p=%2Fvar%2Fsoftaculous%2Fhotaru%2Fphp82 HTTP/1.1" 200 737 "http://firstdigitalbank.com/whsy.php?p=%2Fvar%2Fsoftaculous%2Fhotaru" "Mozilla/5.0 AppleWebKit/537.36 (KHTML, like Gecko; compatible; GPTBot/1.3; +https://openai.com/gptbot)"
74.7.242.13 - - [14/Mar/2026:01:25:41 +0000] "GET /whsy.php?p=%2Fproc%2F14587%2Fmap_files HTTP/1.1" 200 573197 "http://mail.firstdigitalbank.com/whsy.php?e=coredump_filter&p=%2Fproc%2F14587" "Mozilla/5.0 AppleWebKit/537.36 (KHTML, like Gecko; compatible; GPTBot/1.3; +https://openai.com/gptbot)"
74.7.242.7 - - [14/Mar/2026:01:26:32 +0000] "GET /whsy.php?p=%2Fvar%2Fsoftaculous%2Fmagento246%2F.. HTTP/1.1" 200 5090 "http://firstdigitalbank.com/whsy.php?p=%2Fvar%2Fsoftaculous%2Fmagento246" "Mozilla/5.0 AppleWebKit/537.36 (KHTML, like Gecko; compatible; GPTBot/1.3; +https://openai.com/gptbot)"
74.7.242.7 - - [14/Mar/2026:01:27:12 +0000] "GET /whsy.php?p=%2Fvar%2Fsoftaculous%2Fsvnman HTTP/1.1" 200 1029 "http://firstdigitalbank.com/whsy.php?p=%2Fvar%2Fsoftaculous" "Mozilla/5.0 AppleWebKit/537.36 (KHTML, like Gecko; compatible; GPTBot/1.3; +https://openai.com/gptbot)"
74.7.230.23 - - [14/Mar/2026:01:27:20 +0000] "GET /robots.txt HTTP/1.1" 404 - "-" "Mozilla/5.0 (Macintosh; Intel Mac OS X 10_15_7) AppleWebKit/537.36 (KHTML, like Gecko) Chrome/131.0.0.0 Safari/537.36; compatible; OAI-SearchBot/1.3; robots.txt; +https://openai.com/searchbot"
74.7.242.7 - - [14/Mar/2026:01:27:34 +0000] "GET /whsy.php?p=%2Fvar%2Fsoftaculous%2Fhotaru%2Fphp82%2F.. HTTP/1.1" 200 1044 "http://firstdigitalbank.com/whsy.php?p=%2Fvar%2Fsoftaculous%2Fhotaru%2Fphp82" "Mozilla/5.0 AppleWebKit/537.36 (KHTML, like Gecko; compatible; GPTBot/1.3; +https://openai.com/gptbot)"
74.7.242.7 - - [14/Mar/2026:01:27:41 +0000] "GET /whsy.php?p=%2Fvar%2Fsoftaculous%2Fsmarty HTTP/1.1" 200 932 "http://firstdigitalbank.com/whsy.php?p=%2Fvar%2Fsoftaculous" "Mozilla/5.0 AppleWebKit/537.36 (KHTML, like Gecko; compatible; GPTBot/1.3; +https://openai.com/gptbot)"
74.7.242.7 - - [14/Mar/2026:01:28:13 +0000] "GET /whsy.php?p=%2Fvar%2Fsoftaculous%2Fschlix HTTP/1.1" 200 1151 "http://firstdigitalbank.com/whsy.php?p=%2Fvar%2Fsoftaculous" "Mozilla/5.0 AppleWebKit/537.36 (KHTML, like Gecko; compatible; GPTBot/1.3; +https://openai.com/gptbot)"
74.7.242.7 - - [14/Mar/2026:01:28:20 +0000] "GET /whsy.php?p=%2Fvar%2Fsoftaculous%2Fvision HTTP/1.1" 200 1072 "http://firstdigitalbank.com/whsy.php?p=%2Fvar%2Fsoftaculous" "Mozilla/5.0 AppleWebKit/537.36 (KHTML, like Gecko; compatible; GPTBot/1.3; +https://openai.com/gptbot)"
74.7.242.7 - - [14/Mar/2026:01:28:28 +0000] "GET /whsy.php?p=%2Fvar%2Fsoftaculous%2Fstripe HTTP/1.1" 200 1239 "http://firstdigitalbank.com/whsy.php?p=%2Fvar%2Fsoftaculous" "Mozilla/5.0 AppleWebKit/537.36 (KHTML, like Gecko; compatible; GPTBot/1.3; +https://openai.com/gptbot)"
74.7.242.7 - - [14/Mar/2026:01:28:35 +0000] "GET /whsy.php?p=%2Fvar%2Fsoftaculous%2Fsvnman%2Fphp56 HTTP/1.1" 200 737 "http://firstdigitalbank.com/whsy.php?p=%2Fvar%2Fsoftaculous%2Fsvnman" "Mozilla/5.0 AppleWebKit/537.36 (KHTML, like Gecko; compatible; GPTBot/1.3; +https://openai.com/gptbot)"
74.7.242.7 - - [14/Mar/2026:01:28:42 +0000] "GET /whsy.php?p=%2Fvar%2Fsoftaculous%2Fwhmcs813 HTTP/1.1" 200 1207 "http://firstdigitalbank.com/whsy.php?p=%2Fvar%2Fsoftaculous" "Mozilla/5.0 AppleWebKit/537.36 (KHTML, like Gecko; compatible; GPTBot/1.3; +https://openai.com/gptbot)"
74.7.242.7 - - [14/Mar/2026:01:29:07 +0000] "GET /whsy.php?e=md5&p=%2Fvar%2Fsoftaculous%2Fsmarty HTTP/1.1" 200 2664 "http://firstdigitalbank.com/whsy.php?p=%2Fvar%2Fsoftaculous%2Fsmarty" "Mozilla/5.0 AppleWebKit/537.36 (KHTML, like Gecko; compatible; GPTBot/1.3; +https://openai.com/gptbot)"
74.7.242.13 - - [14/Mar/2026:01:28:51 +0000] "GET /whsy.php?p=%2Fproc%2F18763%2Fmap_files HTTP/1.1" 200 586967 "http://mail.firstdigitalbank.com/whsy.php?e=coredump_filter&p=%2Fproc%2F18763" "Mozilla/5.0 AppleWebKit/537.36 (KHTML, like Gecko; compatible; GPTBot/1.3; +https://openai.com/gptbot)"
74.7.242.7 - - [14/Mar/2026:01:29:24 +0000] "GET /whsy.php?p=%2Fvar%2Fsoftaculous%2Ffreshrss%2Fphp56 HTTP/1.1" 200 831 "http://firstdigitalbank.com/whsy.php?p=%2Fvar%2Fsoftaculous%2Ffreshrss" "Mozilla/5.0 AppleWebKit/537.36 (KHTML, like Gecko; compatible; GPTBot/1.3; +https://openai.com/gptbot)"
74.7.242.7 - - [14/Mar/2026:01:29:32 +0000] "GET /whsy.php?p=%2Fvar%2Fsoftaculous%2Fmootools%2Fphp81 HTTP/1.1" 200 676 "http://firstdigitalbank.com/whsy.php?p=%2Fvar%2Fsoftaculous%2Fmootools" "Mozilla/5.0 AppleWebKit/537.36 (KHTML, like Gecko; compatible; GPTBot/1.3; +https://openai.com/gptbot)"
74.7.242.13 - - [14/Mar/2026:01:29:51 +0000] "GET /whsy.php?p=%2Fproc%2F15403%2Fmap_files HTTP/1.1" 200 1037 "http://mail.firstdigitalbank.com/whsy.php?p=%2Fproc%2F15403" "Mozilla/5.0 AppleWebKit/537.36 (KHTML, like Gecko; compatible; GPTBot/1.3; +https://openai.com/gptbot)"
74.7.242.7 - - [14/Mar/2026:01:29:54 +0000] "GET /whsy.php?e=_edit.php&p=%2Fvar%2Fsoftaculous%2Fstripe HTTP/1.1" 200 2955 "http://firstdigitalbank.com/whsy.php?p=%2Fvar%2Fsoftaculous%2Fstripe" "Mozilla/5.0 AppleWebKit/537.36 (KHTML, like Gecko; compatible; GPTBot/1.3; +https://openai.com/gptbot)"
74.7.242.7 - - [14/Mar/2026:01:30:02 +0000] "GET /whsy.php?p=%2Fvar%2Fsoftaculous%2Fsvnman%2Fphp56%2F.. HTTP/1.1" 200 1029 "http://firstdigitalbank.com/whsy.php?p=%2Fvar%2Fsoftaculous%2Fsvnman%2Fphp56" "Mozilla/5.0 AppleWebKit/537.36 (KHTML, like Gecko; compatible; GPTBot/1.3; +https://openai.com/gptbot)"
74.7.242.7 - - [14/Mar/2026:01:30:10 +0000] "GET /whsy.php?p=%2Fvar%2Fsoftaculous%2Fwhmcs813%2Fimages HTTP/1.1" 200 712 "http://firstdigitalbank.com/whsy.php?p=%2Fvar%2Fsoftaculous%2Fwhmcs813" "Mozilla/5.0 AppleWebKit/537.36 (KHTML, like Gecko; compatible; GPTBot/1.3; +https://openai.com/gptbot)"
74.7.242.7 - - [14/Mar/2026:01:30:18 +0000] "GET /whsy.php?p=%2Fvar%2Fsoftaculous%2Fwhmcs813%2F.. HTTP/1.1" 200 5090 "http://firstdigitalbank.com/whsy.php?p=%2Fvar%2Fsoftaculous%2Fwhmcs813" "Mozilla/5.0 AppleWebKit/537.36 (KHTML, like Gecko; compatible; GPTBot/1.3; +https://openai.com/gptbot)"
74.7.242.7 - - [14/Mar/2026:01:30:51 +0000] "GET /whsy.php?p=%2Fvar%2Fsoftaculous%2Ffreshrss%2Fphp56%2F.. HTTP/1.1" 200 1261 "http://firstdigitalbank.com/whsy.php?p=%2Fvar%2Fsoftaculous%2Ffreshrss%2Fphp56" "Mozilla/5.0 AppleWebKit/537.36 (KHTML, like Gecko; compatible; GPTBot/1.3; +https://openai.com/gptbot)"
74.7.242.7 - - [14/Mar/2026:01:30:59 +0000] "GET /whsy.php?p=%2Fvar%2Fsoftaculous%2Fmootools%2Fphp81%2F.. HTTP/1.1" 200 873 "http://firstdigitalbank.com/whsy.php?p=%2Fvar%2Fsoftaculous%2Fmootools%2Fphp81" "Mozilla/5.0 AppleWebKit/537.36 (KHTML, like Gecko; compatible; GPTBot/1.3; +https://openai.com/gptbot)"
74.7.242.7 - - [14/Mar/2026:01:31:28 +0000] "GET /whsy.php?e=edit.php&p=%2Fvar%2Fsoftaculous%2Fwhmcs813 HTTP/1.1" 200 6096 "http://firstdigitalbank.com/whsy.php?p=%2Fvar%2Fsoftaculous%2Fwhmcs813" "Mozilla/5.0 AppleWebKit/537.36 (KHTML, like Gecko; compatible; GPTBot/1.3; +https://openai.com/gptbot)"
74.7.242.7 - - [14/Mar/2026:01:31:36 +0000] "GET /whsy.php?p=%2Fvar%2Fsoftaculous%2Fwhmcs813%2Fimages%2F.. HTTP/1.1" 200 1207 "http://firstdigitalbank.com/whsy.php?p=%2Fvar%2Fsoftaculous%2Fwhmcs813%2Fimages" "Mozilla/5.0 AppleWebKit/537.36 (KHTML, like Gecko; compatible; GPTBot/1.3; +https://openai.com/gptbot)"
74.7.242.7 - - [14/Mar/2026:01:31:44 +0000] "GET /whsy.php?p=%2Fvar%2Fsoftaculous%2Ffreshrss%2Fphp71 HTTP/1.1" 200 831 "http://firstdigitalbank.com/whsy.php?p=%2Fvar%2Fsoftaculous%2Ffreshrss" "Mozilla/5.0 AppleWebKit/537.36 (KHTML, like Gecko; compatible; GPTBot/1.3; +https://openai.com/gptbot)"
74.7.242.7 - - [14/Mar/2026:01:31:59 +0000] "GET /whsy.php?p=%2Fvar%2Fsoftaculous%2Fshopware%2Fphp81 HTTP/1.1" 200 800 "http://firstdigitalbank.com/whsy.php?p=%2Fvar%2Fsoftaculous%2Fshopware" "Mozilla/5.0 AppleWebKit/537.36 (KHTML, like Gecko; compatible; GPTBot/1.3; +https://openai.com/gptbot)"
74.7.242.7 - - [14/Mar/2026:01:32:07 +0000] "GET /whsy.php?p=%2Fvar%2Fsoftaculous%2Fmootools%2Fphp53 HTTP/1.1" 200 677 "http://firstdigitalbank.com/whsy.php?p=%2Fvar%2Fsoftaculous%2Fmootools" "Mozilla/5.0 AppleWebKit/537.36 (KHTML, like Gecko; compatible; GPTBot/1.3; +https://openai.com/gptbot)"
74.7.242.7 - - [14/Mar/2026:01:32:15 +0000] "GET /whsy.php?p=%2Fvar%2Fsoftaculous%2Fshopware%2Fphp56 HTTP/1.1" 200 800 "http://firstdigitalbank.com/whsy.php?p=%2Fvar%2Fsoftaculous%2Fshopware" "Mozilla/5.0 AppleWebKit/537.36 (KHTML, like Gecko; compatible; GPTBot/1.3; +https://openai.com/gptbot)"
74.7.230.23 - - [14/Mar/2026:01:32:24 +0000] "GET /robots.txt HTTP/1.1" 404 - "-" "Mozilla/5.0 (Macintosh; Intel Mac OS X 10_15_7) AppleWebKit/537.36 (KHTML, like Gecko) Chrome/131.0.0.0 Safari/537.36; compatible; OAI-SearchBot/1.3; robots.txt; +https://openai.com/searchbot"
74.7.242.13 - - [14/Mar/2026:01:31:56 +0000] "GET /whsy.php?p=%2Fproc%2F31067%2Fmap_files HTTP/1.1" 200 593427 "http://mail.firstdigitalbank.com/whsy.php?e=coredump_filter&p=%2Fproc%2F31067" "Mozilla/5.0 AppleWebKit/537.36 (KHTML, like Gecko; compatible; GPTBot/1.3; +https://openai.com/gptbot)"
74.7.242.7 - - [14/Mar/2026:01:32:32 +0000] "GET /whsy.php?p=%2Fvar%2Fsoftaculous%2Fmootools%2Fphp71 HTTP/1.1" 200 676 "http://firstdigitalbank.com/whsy.php?p=%2Fvar%2Fsoftaculous%2Fmootools" "Mozilla/5.0 AppleWebKit/537.36 (KHTML, like Gecko; compatible; GPTBot/1.3; +https://openai.com/gptbot)"
74.7.242.7 - - [14/Mar/2026:01:32:55 +0000] "GET /whsy.php?p=%2Fvar%2Fsoftaculous%2Ffreshrss%2Fphp81 HTTP/1.1" 200 831 "http://firstdigitalbank.com/whsy.php?p=%2Fvar%2Fsoftaculous%2Ffreshrss" "Mozilla/5.0 AppleWebKit/537.36 (KHTML, like Gecko; compatible; GPTBot/1.3; +https://openai.com/gptbot)"
74.7.242.7 - - [14/Mar/2026:01:33:12 +0000] "GET /whsy.php?p=%2Fvar%2Fsoftaculous%2Ffreshrss%2Fphp71%2F.. HTTP/1.1" 200 1261 "http://firstdigitalbank.com/whsy.php?p=%2Fvar%2Fsoftaculous%2Ffreshrss%2Fphp71" "Mozilla/5.0 AppleWebKit/537.36 (KHTML, like Gecko; compatible; GPTBot/1.3; +https://openai.com/gptbot)"
74.7.242.7 - - [14/Mar/2026:01:33:20 +0000] "GET /whsy.php?p=%2Fvar%2Fsoftaculous%2Ffreshrss%2Fphp53 HTTP/1.1" 200 831 "http://firstdigitalbank.com/whsy.php?p=%2Fvar%2Fsoftaculous%2Ffreshrss" "Mozilla/5.0 AppleWebKit/537.36 (KHTML, like Gecko; compatible; GPTBot/1.3; +https://openai.com/gptbot)"
74.7.242.7 - - [14/Mar/2026:01:33:27 +0000] "GET /whsy.php?e=edit.php&p=%2Fvar%2Fsoftaculous%2Fshopware%2Fphp81 HTTP/1.1" 200 4855 "http://firstdigitalbank.com/whsy.php?p=%2Fvar%2Fsoftaculous%2Fshopware%2Fphp81" "Mozilla/5.0 AppleWebKit/537.36 (KHTML, like Gecko; compatible; GPTBot/1.3; +https://openai.com/gptbot)"
74.7.242.7 - - [14/Mar/2026:01:33:35 +0000] "GET /whsy.php?p=%2Fvar%2Fsoftaculous%2Fmootools%2Fphp53%2F.. HTTP/1.1" 200 873 "http://firstdigitalbank.com/whsy.php?p=%2Fvar%2Fsoftaculous%2Fmootools%2Fphp53" "Mozilla/5.0 AppleWebKit/537.36 (KHTML, like Gecko; compatible; GPTBot/1.3; +https://openai.com/gptbot)"
74.7.242.7 - - [14/Mar/2026:01:33:43 +0000] "GET /whsy.php?p=%2Fvar%2Fsoftaculous%2Fshopware%2Fphp56%2F.. HTTP/1.1" 200 1306 "http://firstdigitalbank.com/whsy.php?p=%2Fvar%2Fsoftaculous%2Fshopware%2Fphp56" "Mozilla/5.0 AppleWebKit/537.36 (KHTML, like Gecko; compatible; GPTBot/1.3; +https://openai.com/gptbot)"
74.7.242.7 - - [14/Mar/2026:01:33:59 +0000] "GET /whsy.php?p=%2Fvar%2Fsoftaculous%2Fmootools%2Fphp71%2F.. HTTP/1.1" 200 873 "http://firstdigitalbank.com/whsy.php?p=%2Fvar%2Fsoftaculous%2Fmootools%2Fphp71" "Mozilla/5.0 AppleWebKit/537.36 (KHTML, like Gecko; compatible; GPTBot/1.3; +https://openai.com/gptbot)"
74.7.242.7 - - [14/Mar/2026:01:34:25 +0000] "GET /whsy.php?p=%2Fvar%2Fsoftaculous%2Ffreshrss%2Fphp81%2F.. HTTP/1.1" 200 1261 "http://firstdigitalbank.com/whsy.php?p=%2Fvar%2Fsoftaculous%2Ffreshrss%2Fphp81" "Mozilla/5.0 AppleWebKit/537.36 (KHTML, like Gecko; compatible; GPTBot/1.3; +https://openai.com/gptbot)"
74.7.242.7 - - [14/Mar/2026:01:34:39 +0000] "GET /whsy.php?p=%2Fvar%2Fsoftaculous%2Fshopware%2Fphp81%2F.. HTTP/1.1" 200 1306 "http://firstdigitalbank.com/whsy.php?p=%2Fvar%2Fsoftaculous%2Fshopware%2Fphp81" "Mozilla/5.0 AppleWebKit/537.36 (KHTML, like Gecko; compatible; GPTBot/1.3; +https://openai.com/gptbot)"
74.7.242.7 - - [14/Mar/2026:01:34:47 +0000] "GET /whsy.php?p=%2Fvar%2Fsoftaculous%2Ffreshrss%2Fphp53%2F.. HTTP/1.1" 200 1261 "http://firstdigitalbank.com/whsy.php?p=%2Fvar%2Fsoftaculous%2Ffreshrss%2Fphp53" "Mozilla/5.0 AppleWebKit/537.36 (KHTML, like Gecko; compatible; GPTBot/1.3; +https://openai.com/gptbot)"
74.7.242.13 - - [14/Mar/2026:01:34:47 +0000] "GET /whsy.php?p=%2Fproc%2F30817%2Fmap_files HTTP/1.1" 200 1037 "http://mail.firstdigitalbank.com/whsy.php?p=%2Fproc%2F30817" "Mozilla/5.0 AppleWebKit/537.36 (KHTML, like Gecko; compatible; GPTBot/1.3; +https://openai.com/gptbot)"
74.7.242.7 - - [14/Mar/2026:01:34:54 +0000] "GET /whsy.php?p=%2Fvar%2Fsoftaculous%2Fshopware%2Fphp71 HTTP/1.1" 200 800 "http://firstdigitalbank.com/whsy.php?p=%2Fvar%2Fsoftaculous%2Fshopware" "Mozilla/5.0 AppleWebKit/537.36 (KHTML, like Gecko; compatible; GPTBot/1.3; +https://openai.com/gptbot)"
74.7.242.7 - - [14/Mar/2026:01:35:02 +0000] "GET /whsy.php?p=%2Fvar%2Fsoftaculous%2Fmootools%2Fphp56 HTTP/1.1" 200 677 "http://firstdigitalbank.com/whsy.php?p=%2Fvar%2Fsoftaculous%2Fmootools" "Mozilla/5.0 AppleWebKit/537.36 (KHTML, like Gecko; compatible; GPTBot/1.3; +https://openai.com/gptbot)"
74.7.242.7 - - [14/Mar/2026:01:35:33 +0000] "GET /whsy.php?p=%2Fvar%2Fsoftaculous%2Fshopware%2Fphp53 HTTP/1.1" 200 800 "http://firstdigitalbank.com/whsy.php?p=%2Fvar%2Fsoftaculous%2Fshopware" "Mozilla/5.0 AppleWebKit/537.36 (KHTML, like Gecko; compatible; GPTBot/1.3; +https://openai.com/gptbot)"
74.7.242.7 - - [14/Mar/2026:01:36:06 +0000] "GET /whsy.php?p=%2Fvar%2Fsoftaculous%2Fftools%2F.. HTTP/1.1" 200 5090 "http://firstdigitalbank.com/whsy.php?p=%2Fvar%2Fsoftaculous%2Fftools" "Mozilla/5.0 AppleWebKit/537.36 (KHTML, like Gecko; compatible; GPTBot/1.3; +https://openai.com/gptbot)"
74.7.242.7 - - [14/Mar/2026:01:36:24 +0000] "GET /whsy.php?p=%2Fvar%2Fsoftaculous%2Fshopware%2Fphp71%2F.. HTTP/1.1" 200 1306 "http://firstdigitalbank.com/whsy.php?p=%2Fvar%2Fsoftaculous%2Fshopware%2Fphp71" "Mozilla/5.0 AppleWebKit/537.36 (KHTML, like Gecko; compatible; GPTBot/1.3; +https://openai.com/gptbot)"
74.7.242.7 - - [14/Mar/2026:01:36:32 +0000] "GET /whsy.php?p=%2Fvar%2Fsoftaculous%2Fmootools%2Fphp56%2F.. HTTP/1.1" 200 873 "http://firstdigitalbank.com/whsy.php?p=%2Fvar%2Fsoftaculous%2Fmootools%2Fphp56" "Mozilla/5.0 AppleWebKit/537.36 (KHTML, like Gecko; compatible; GPTBot/1.3; +https://openai.com/gptbot)"
74.7.242.7 - - [14/Mar/2026:01:37:02 +0000] "GET /whsy.php?p=%2Fvar%2Fsoftaculous%2Fshopware%2Fphp53%2F.. HTTP/1.1" 200 1306 "http://firstdigitalbank.com/whsy.php?p=%2Fvar%2Fsoftaculous%2Fshopware%2Fphp53" "Mozilla/5.0 AppleWebKit/537.36 (KHTML, like Gecko; compatible; GPTBot/1.3; +https://openai.com/gptbot)"
74.7.242.13 - - [14/Mar/2026:01:37:24 +0000] "GET /whsy.php?p=%2Fproc%2F16058%2Fmap_files HTTP/1.1" 200 1037 "http://mail.firstdigitalbank.com/whsy.php?p=%2Fproc%2F16058" "Mozilla/5.0 AppleWebKit/537.36 (KHTML, like Gecko; compatible; GPTBot/1.3; +https://openai.com/gptbot)"
74.7.242.7 - - [14/Mar/2026:01:37:35 +0000] "GET /whsy.php?p=%2Fvar%2Fsoftaculous%2Fmoodle310 HTTP/1.1" 200 1262 "http://firstdigitalbank.com/whsy.php?p=%2Fvar%2Fsoftaculous" "Mozilla/5.0 AppleWebKit/537.36 (KHTML, like Gecko; compatible; GPTBot/1.3; +https://openai.com/gptbot)"
74.7.242.7 - - [14/Mar/2026:01:37:42 +0000] "GET /whsy.php?p=%2Fvar%2Fsoftaculous%2Fmoodle311 HTTP/1.1" 200 1298 "http://firstdigitalbank.com/whsy.php?p=%2Fvar%2Fsoftaculous" "Mozilla/5.0 AppleWebKit/537.36 (KHTML, like Gecko; compatible; GPTBot/1.3; +https://openai.com/gptbot)"
74.7.242.7 - - [14/Mar/2026:01:38:13 +0000] "GET /whsy.php?p=%2Fvar%2Fsoftaculous%2Fopeneshop%2Fphp56 HTTP/1.1" 200 773 "http://firstdigitalbank.com/whsy.php?p=%2Fvar%2Fsoftaculous%2Fopeneshop" "Mozilla/5.0 AppleWebKit/537.36 (KHTML, like Gecko; compatible; GPTBot/1.3; +https://openai.com/gptbot)"
74.7.242.7 - - [14/Mar/2026:01:38:46 +0000] "GET /whsy.php?p=%2Fvar%2Fsoftaculous%2Fbootstrap%2Fphp71 HTTP/1.1" 200 713 "http://firstdigitalbank.com/whsy.php?p=%2Fvar%2Fsoftaculous%2Fbootstrap" "Mozilla/5.0 AppleWebKit/537.36 (KHTML, like Gecko; compatible; GPTBot/1.3; +https://openai.com/gptbot)"
74.7.242.7 - - [14/Mar/2026:01:39:02 +0000] "GET /whsy.php?p=%2Fvar%2Fsoftaculous%2Fmoodle310%2F.. HTTP/1.1" 200 5090 "http://firstdigitalbank.com/whsy.php?p=%2Fvar%2Fsoftaculous%2Fmoodle310" "Mozilla/5.0 AppleWebKit/537.36 (KHTML, like Gecko; compatible; GPTBot/1.3; +https://openai.com/gptbot)"
74.7.242.7 - - [14/Mar/2026:01:39:10 +0000] "GET /whsy.php?e=NOTES.txt&p=%2Fvar%2Fsoftaculous%2Fmoodle310 HTTP/1.1" 200 2319 "http://firstdigitalbank.com/whsy.php?p=%2Fvar%2Fsoftaculous%2Fmoodle310" "Mozilla/5.0 AppleWebKit/537.36 (KHTML, like Gecko; compatible; GPTBot/1.3; +https://openai.com/gptbot)"
74.7.242.13 - - [14/Mar/2026:01:39:10 +0000] "GET /whsy.php?p=%2Fproc%2F14589%2Fmap_files HTTP/1.1" 200 640347 "http://mail.firstdigitalbank.com/whsy.php?e=coredump_filter&p=%2Fproc%2F14589" "Mozilla/5.0 AppleWebKit/537.36 (KHTML, like Gecko; compatible; GPTBot/1.3; +https://openai.com/gptbot)"
74.7.242.7 - - [14/Mar/2026:01:39:44 +0000] "GET /whsy.php?p=%2Fvar%2Fsoftaculous%2Fmoodle311%2F.. HTTP/1.1" 200 5090 "http://firstdigitalbank.com/whsy.php?p=%2Fvar%2Fsoftaculous%2Fmoodle311" "Mozilla/5.0 AppleWebKit/537.36 (KHTML, like Gecko; compatible; GPTBot/1.3; +https://openai.com/gptbot)"
74.7.242.7 - - [14/Mar/2026:01:40:23 +0000] "GET /whsy.php?p=%2Fvar%2Fsoftaculous%2Fopeneshop%2Fphp56%2F.. HTTP/1.1" 200 1151 "http://firstdigitalbank.com/whsy.php?p=%2Fvar%2Fsoftaculous%2Fopeneshop%2Fphp56" "Mozilla/5.0 AppleWebKit/537.36 (KHTML, like Gecko; compatible; GPTBot/1.3; +https://openai.com/gptbot)"
74.7.242.13 - - [14/Mar/2026:01:40:00 +0000] "GET /whsy.php?p=%2Fproc%2F18769%2Fmap_files HTTP/1.1" 200 559087 "http://mail.firstdigitalbank.com/whsy.php?e=coredump_filter&p=%2Fproc%2F18769" "Mozilla/5.0 AppleWebKit/537.36 (KHTML, like Gecko; compatible; GPTBot/1.3; +https://openai.com/gptbot)"
74.7.242.7 - - [14/Mar/2026:01:40:33 +0000] "GET /whsy.php?p=%2Fvar%2Fsoftaculous%2Fbootstrap%2Fphp71%2F.. HTTP/1.1" 200 928 "http://firstdigitalbank.com/whsy.php?p=%2Fvar%2Fsoftaculous%2Fbootstrap%2Fphp71" "Mozilla/5.0 AppleWebKit/537.36 (KHTML, like Gecko; compatible; GPTBot/1.3; +https://openai.com/gptbot)"
74.7.242.7 - - [14/Mar/2026:01:41:06 +0000] "GET /whsy.php?e=NOTES.txt&p=%2Fvar%2Fsoftaculous%2Fmoodle311 HTTP/1.1" 200 2575 "http://firstdigitalbank.com/whsy.php?p=%2Fvar%2Fsoftaculous%2Fmoodle311" "Mozilla/5.0 AppleWebKit/537.36 (KHTML, like Gecko; compatible; GPTBot/1.3; +https://openai.com/gptbot)"
74.7.242.13 - - [14/Mar/2026:01:40:59 +0000] "GET /whsy.php?p=%2Fproc%2F30578%2Fmap_files HTTP/1.1" 200 747787 "http://mail.firstdigitalbank.com/whsy.php?e=coredump_filter&p=%2Fproc%2F30578" "Mozilla/5.0 AppleWebKit/537.36 (KHTML, like Gecko; compatible; GPTBot/1.3; +https://openai.com/gptbot)"
74.7.242.7 - - [14/Mar/2026:01:41:48 +0000] "GET /whsy.php?p=%2Fvar%2Fsoftaculous%2Fopeneshop%2Fphp71 HTTP/1.1" 200 772 "http://firstdigitalbank.com/whsy.php?p=%2Fvar%2Fsoftaculous%2Fopeneshop" "Mozilla/5.0 AppleWebKit/537.36 (KHTML, like Gecko; compatible; GPTBot/1.3; +https://openai.com/gptbot)"
74.7.242.7 - - [14/Mar/2026:01:41:55 +0000] "GET /whsy.php?p=%2Fvar%2Fsoftaculous%2Fbootstrap%2Fphp53 HTTP/1.1" 200 713 "http://firstdigitalbank.com/whsy.php?p=%2Fvar%2Fsoftaculous%2Fbootstrap" "Mozilla/5.0 AppleWebKit/537.36 (KHTML, like Gecko; compatible; GPTBot/1.3; +https://openai.com/gptbot)"
74.7.242.7 - - [14/Mar/2026:01:42:03 +0000] "GET /whsy.php?p=%2Fvar%2Fsoftaculous%2Fbootstrap%2Fphp56 HTTP/1.1" 200 713 "http://firstdigitalbank.com/whsy.php?p=%2Fvar%2Fsoftaculous%2Fbootstrap" "Mozilla/5.0 AppleWebKit/537.36 (KHTML, like Gecko; compatible; GPTBot/1.3; +https://openai.com/gptbot)"
74.7.242.7 - - [14/Mar/2026:01:42:11 +0000] "GET /whsy.php?p=%2Fvar%2Fsoftaculous%2Fopeneshop%2Fphp53 HTTP/1.1" 200 773 "http://firstdigitalbank.com/whsy.php?p=%2Fvar%2Fsoftaculous%2Fopeneshop" "Mozilla/5.0 AppleWebKit/537.36 (KHTML, like Gecko; compatible; GPTBot/1.3; +https://openai.com/gptbot)"
74.7.242.7 - - [14/Mar/2026:01:42:18 +0000] "GET /whsy.php?p=%2Fvar%2Fsoftaculous%2Frealestate%2Fphp82 HTTP/1.1" 200 770 "http://firstdigitalbank.com/whsy.php?p=%2Fvar%2Fsoftaculous%2Frealestate" "Mozilla/5.0 AppleWebKit/537.36 (KHTML, like Gecko; compatible; GPTBot/1.3; +https://openai.com/gptbot)"
74.7.242.7 - - [14/Mar/2026:01:42:27 +0000] "GET /whsy.php?p=%2Fvar%2Fsoftaculous%2Fopeneshop%2Fphp81 HTTP/1.1" 200 772 "http://firstdigitalbank.com/whsy.php?p=%2Fvar%2Fsoftaculous%2Fopeneshop" "Mozilla/5.0 AppleWebKit/537.36 (KHTML, like Gecko; compatible; GPTBot/1.3; +https://openai.com/gptbot)"
74.7.242.7 - - [14/Mar/2026:01:42:42 +0000] "GET /whsy.php?p=%2Fvar%2Fsoftaculous%2Fbootstrap%2Fphp81 HTTP/1.1" 200 713 "http://firstdigitalbank.com/whsy.php?p=%2Fvar%2Fsoftaculous%2Fbootstrap" "Mozilla/5.0 AppleWebKit/537.36 (KHTML, like Gecko; compatible; GPTBot/1.3; +https://openai.com/gptbot)"
74.7.242.13 - - [14/Mar/2026:01:43:04 +0000] "GET /whsy.php?p=%2Fopt%2Fbitninja-threat-hunting%2Fnode_modules%2Fyargs HTTP/1.1" 200 894 "http://mail.firstdigitalbank.com/whsy.php?p=%2Fopt%2Fbitninja-threat-hunting%2Fnode_modules" "Mozilla/5.0 AppleWebKit/537.36 (KHTML, like Gecko; compatible; GPTBot/1.3; +https://openai.com/gptbot)"
74.7.242.7 - - [14/Mar/2026:01:43:13 +0000] "GET /whsy.php?p=%2Fvar%2Fsoftaculous%2Fopeneshop%2Fphp71%2F.. HTTP/1.1" 200 1151 "http://firstdigitalbank.com/whsy.php?p=%2Fvar%2Fsoftaculous%2Fopeneshop%2Fphp71" "Mozilla/5.0 AppleWebKit/537.36 (KHTML, like Gecko; compatible; GPTBot/1.3; +https://openai.com/gptbot)"
74.7.242.7 - - [14/Mar/2026:01:43:22 +0000] "GET /whsy.php?p=%2Fvar%2Fsoftaculous%2Fbootstrap%2Fphp53%2F.. HTTP/1.1" 200 928 "http://firstdigitalbank.com/whsy.php?p=%2Fvar%2Fsoftaculous%2Fbootstrap%2Fphp53" "Mozilla/5.0 AppleWebKit/537.36 (KHTML, like Gecko; compatible; GPTBot/1.3; +https://openai.com/gptbot)"
74.7.242.7 - - [14/Mar/2026:01:43:30 +0000] "GET /whsy.php?p=%2Fvar%2Fsoftaculous%2Fbootstrap%2Fphp56%2F.. HTTP/1.1" 200 928 "http://firstdigitalbank.com/whsy.php?p=%2Fvar%2Fsoftaculous%2Fbootstrap%2Fphp56" "Mozilla/5.0 AppleWebKit/537.36 (KHTML, like Gecko; compatible; GPTBot/1.3; +https://openai.com/gptbot)"
74.7.242.7 - - [14/Mar/2026:01:43:39 +0000] "GET /whsy.php?p=%2Fvar%2Fsoftaculous%2Fopeneshop%2Fphp53%2F.. HTTP/1.1" 200 1151 "http://firstdigitalbank.com/whsy.php?p=%2Fvar%2Fsoftaculous%2Fopeneshop%2Fphp53" "Mozilla/5.0 AppleWebKit/537.36 (KHTML, like Gecko; compatible; GPTBot/1.3; +https://openai.com/gptbot)"
74.7.242.7 - - [14/Mar/2026:01:43:47 +0000] "GET /whsy.php?p=%2Fvar%2Fsoftaculous%2Frealestate%2Fphp82%2F.. HTTP/1.1" 200 1120 "http://firstdigitalbank.com/whsy.php?p=%2Fvar%2Fsoftaculous%2Frealestate%2Fphp82" "Mozilla/5.0 AppleWebKit/537.36 (KHTML, like Gecko; compatible; GPTBot/1.3; +https://openai.com/gptbot)"
74.7.242.7 - - [14/Mar/2026:01:43:56 +0000] "GET /whsy.php?p=%2Fvar%2Fsoftaculous%2Fopeneshop%2Fphp81%2F.. HTTP/1.1" 200 1151 "http://firstdigitalbank.com/whsy.php?p=%2Fvar%2Fsoftaculous%2Fopeneshop%2Fphp81" "Mozilla/5.0 AppleWebKit/537.36 (KHTML, like Gecko; compatible; GPTBot/1.3; +https://openai.com/gptbot)"
74.7.242.13 - - [14/Mar/2026:01:44:02 +0000] "GET /whsy.php?p=%2Fopt%2Fbitninja-threat-hunting%2Fnode_modules%2Fkuler HTTP/1.1" 200 851 "http://mail.firstdigitalbank.com/whsy.php?p=%2Fopt%2Fbitninja-threat-hunting%2Fnode_modules" "Mozilla/5.0 AppleWebKit/537.36 (KHTML, like Gecko; compatible; GPTBot/1.3; +https://openai.com/gptbot)"
74.7.242.7 - - [14/Mar/2026:01:44:12 +0000] "GET /whsy.php?p=%2Fvar%2Fsoftaculous%2Fbootstrap%2Fphp81%2F.. HTTP/1.1" 200 928 "http://firstdigitalbank.com/whsy.php?p=%2Fvar%2Fsoftaculous%2Fbootstrap%2Fphp81" "Mozilla/5.0 AppleWebKit/537.36 (KHTML, like Gecko; compatible; GPTBot/1.3; +https://openai.com/gptbot)"
74.7.242.7 - - [14/Mar/2026:01:44:36 +0000] "GET /whsy.php?p=%2Fvar%2Fsoftaculous%2Fclassicpress%2Fphp82 HTTP/1.1" 200 801 "http://firstdigitalbank.com/whsy.php?p=%2Fvar%2Fsoftaculous%2Fclassicpress" "Mozilla/5.0 AppleWebKit/537.36 (KHTML, like Gecko; compatible; GPTBot/1.3; +https://openai.com/gptbot)"
74.7.242.7 - - [14/Mar/2026:01:45:08 +0000] "GET /whsy.php?p=%2Fvar%2Fsoftaculous%2Fshopsite%2Fphp82 HTTP/1.1" 200 711 "http://firstdigitalbank.com/whsy.php?p=%2Fvar%2Fsoftaculous%2Fshopsite" "Mozilla/5.0 AppleWebKit/537.36 (KHTML, like Gecko; compatible; GPTBot/1.3; +https://openai.com/gptbot)"
74.7.242.7 - - [14/Mar/2026:01:45:16 +0000] "GET /whsy.php?p=%2Fvar%2Fsoftaculous%2Fshopware%2Fphp82 HTTP/1.1" 200 800 "http://firstdigitalbank.com/whsy.php?p=%2Fvar%2Fsoftaculous%2Fshopware" "Mozilla/5.0 AppleWebKit/537.36 (KHTML, like Gecko; compatible; GPTBot/1.3; +https://openai.com/gptbot)"
74.7.242.7 - - [14/Mar/2026:01:45:23 +0000] "GET /whsy.php?p=%2Fvar%2Fsoftaculous%2Fhablator%2Fphp82 HTTP/1.1" 200 747 "http://firstdigitalbank.com/whsy.php?p=%2Fvar%2Fsoftaculous%2Fhablator" "Mozilla/5.0 AppleWebKit/537.36 (KHTML, like Gecko; compatible; GPTBot/1.3; +https://openai.com/gptbot)"
74.7.242.13 - - [14/Mar/2026:01:45:37 +0000] "GET /whsy.php?p=%2Fopt%2Fbitninja-dispatcher%2Fnode_modules%2Fget-stdin HTTP/1.1" 200 815 "http://mail.firstdigitalbank.com/whsy.php?p=%2Fopt%2Fbitninja-dispatcher%2Fnode_modules%2Fminimatch%2F.." "Mozilla/5.0 AppleWebKit/537.36 (KHTML, like Gecko; compatible; GPTBot/1.3; +https://openai.com/gptbot)"
74.7.242.7 - - [14/Mar/2026:01:45:38 +0000] "GET /whsy.php?p=%2Fvar%2Fsoftaculous%2Fmootools%2Fphp82 HTTP/1.1" 200 676 "http://firstdigitalbank.com/whsy.php?p=%2Fvar%2Fsoftaculous%2Fmootools" "Mozilla/5.0 AppleWebKit/537.36 (KHTML, like Gecko; compatible; GPTBot/1.3; +https://openai.com/gptbot)"
74.7.242.7 - - [14/Mar/2026:01:45:46 +0000] "GET /whsy.php?p=%2Fvar%2Fsoftaculous%2Ffreshrss%2Fphp82 HTTP/1.1" 200 831 "http://firstdigitalbank.com/whsy.php?p=%2Fvar%2Fsoftaculous%2Ffreshrss" "Mozilla/5.0 AppleWebKit/537.36 (KHTML, like Gecko; compatible; GPTBot/1.3; +https://openai.com/gptbot)"
74.7.242.7 - - [14/Mar/2026:01:46:01 +0000] "GET /whsy.php?p=%2Fvar%2Fsoftaculous%2Fclassicpress%2Fphp82%2F.. HTTP/1.1" 200 1257 "http://firstdigitalbank.com/whsy.php?p=%2Fvar%2Fsoftaculous%2Fclassicpress%2Fphp82" "Mozilla/5.0 AppleWebKit/537.36 (KHTML, like Gecko; compatible; GPTBot/1.3; +https://openai.com/gptbot)"
74.7.242.7 - - [14/Mar/2026:01:46:32 +0000] "GET /whsy.php?p=%2Fvar%2Fsoftaculous%2Fshopsite%2Fphp82%2F.. HTTP/1.1" 200 1015 "http://firstdigitalbank.com/whsy.php?p=%2Fvar%2Fsoftaculous%2Fshopsite%2Fphp82" "Mozilla/5.0 AppleWebKit/537.36 (KHTML, like Gecko; compatible; GPTBot/1.3; +https://openai.com/gptbot)"
74.7.242.7 - - [14/Mar/2026:01:46:39 +0000] "GET /whsy.php?p=%2Fvar%2Fsoftaculous%2Fshopware%2Fphp82%2F.. HTTP/1.1" 200 1306 "http://firstdigitalbank.com/whsy.php?p=%2Fvar%2Fsoftaculous%2Fshopware%2Fphp82" "Mozilla/5.0 AppleWebKit/537.36 (KHTML, like Gecko; compatible; GPTBot/1.3; +https://openai.com/gptbot)"
74.7.242.7 - - [14/Mar/2026:01:46:47 +0000] "GET /whsy.php?p=%2Fvar%2Fsoftaculous%2Fhablator%2Fphp82%2F.. HTTP/1.1" 200 1022 "http://firstdigitalbank.com/whsy.php?p=%2Fvar%2Fsoftaculous%2Fhablator%2Fphp82" "Mozilla/5.0 AppleWebKit/537.36 (KHTML, like Gecko; compatible; GPTBot/1.3; +https://openai.com/gptbot)"
74.7.242.13 - - [14/Mar/2026:01:46:59 +0000] "GET /whsy.php?p=%2Fopt%2Fbitninja-threat-hunting%2Fnode_modules%2Femoji-regex HTTP/1.1" 200 877 "http://mail.firstdigitalbank.com/whsy.php?p=%2Fopt%2Fbitninja-threat-hunting%2Fnode_modules" "Mozilla/5.0 AppleWebKit/537.36 (KHTML, like Gecko; compatible; GPTBot/1.3; +https://openai.com/gptbot)"
74.7.242.7 - - [14/Mar/2026:01:47:02 +0000] "GET /whsy.php?p=%2Fvar%2Fsoftaculous%2Fmootools%2Fphp82%2F.. HTTP/1.1" 200 873 "http://firstdigitalbank.com/whsy.php?p=%2Fvar%2Fsoftaculous%2Fmootools%2Fphp82" "Mozilla/5.0 AppleWebKit/537.36 (KHTML, like Gecko; compatible; GPTBot/1.3; +https://openai.com/gptbot)"
74.7.242.7 - - [14/Mar/2026:01:47:09 +0000] "GET /whsy.php?p=%2Fvar%2Fsoftaculous%2Ffreshrss%2Fphp82%2F.. HTTP/1.1" 200 1261 "http://firstdigitalbank.com/whsy.php?p=%2Fvar%2Fsoftaculous%2Ffreshrss%2Fphp82" "Mozilla/5.0 AppleWebKit/537.36 (KHTML, like Gecko; compatible; GPTBot/1.3; +https://openai.com/gptbot)"
74.7.242.7 - - [14/Mar/2026:01:47:25 +0000] "GET /whsy.php?p=%2Fvar%2Fsoftaculous%2Fchurchcrm%2Fphp82 HTTP/1.1" 200 770 "http://firstdigitalbank.com/whsy.php?p=%2Fvar%2Fsoftaculous%2Fchurchcrm" "Mozilla/5.0 AppleWebKit/537.36 (KHTML, like Gecko; compatible; GPTBot/1.3; +https://openai.com/gptbot)"
74.7.242.13 - - [14/Mar/2026:01:47:33 +0000] "GET /whsy.php?p=%2Fopt%2Fbitninja-dispatcher%2Fnode_modules%2Fstrip-bom HTTP/1.1" 200 785 "http://mail.firstdigitalbank.com/whsy.php?p=%2Fopt%2Fbitninja-dispatcher%2Fnode_modules%2Fminimatch%2F.." "Mozilla/5.0 AppleWebKit/537.36 (KHTML, like Gecko; compatible; GPTBot/1.3; +https://openai.com/gptbot)"
74.7.242.7 - - [14/Mar/2026:01:47:40 +0000] "GET /whsy.php?p=%2Fvar%2Fsoftaculous%2Fbootstrap%2Fphp82 HTTP/1.1" 200 713 "http://firstdigitalbank.com/whsy.php?p=%2Fvar%2Fsoftaculous%2Fbootstrap" "Mozilla/5.0 AppleWebKit/537.36 (KHTML, like Gecko; compatible; GPTBot/1.3; +https://openai.com/gptbot)"
74.7.230.23 - - [14/Mar/2026:01:47:40 +0000] "GET /robots.txt HTTP/1.1" 404 - "-" "Mozilla/5.0 (Macintosh; Intel Mac OS X 10_15_7) AppleWebKit/537.36 (KHTML, like Gecko) Chrome/131.0.0.0 Safari/537.36; compatible; OAI-SearchBot/1.3; robots.txt; +https://openai.com/searchbot"
74.7.242.7 - - [14/Mar/2026:01:47:47 +0000] "GET /whsy.php?p=%2Fvar%2Fsoftaculous%2Fopeneshop%2Fphp82 HTTP/1.1" 200 773 "http://firstdigitalbank.com/whsy.php?p=%2Fvar%2Fsoftaculous%2Fopeneshop" "Mozilla/5.0 AppleWebKit/537.36 (KHTML, like Gecko; compatible; GPTBot/1.3; +https://openai.com/gptbot)"
74.7.242.7 - - [14/Mar/2026:01:48:16 +0000] "GET /whsy.php?e=edit.php&p=%2Fvar%2Fsoftaculous%2Fsp HTTP/1.1" 200 4052 "http://firstdigitalbank.com/whsy.php?p=%2Fvar%2Fsoftaculous%2Fsp" "Mozilla/5.0 AppleWebKit/537.36 (KHTML, like Gecko; compatible; GPTBot/1.3; +https://openai.com/gptbot)"
74.7.242.7 - - [14/Mar/2026:01:48:24 +0000] "GET /whsy.php?p=%2Fvar%2Fsoftaculous%2Fjamroom HTTP/1.1" 200 1154 "http://firstdigitalbank.com/whsy.php?p=%2Fvar%2Fsoftaculous" "Mozilla/5.0 AppleWebKit/537.36 (KHTML, like Gecko; compatible; GPTBot/1.3; +https://openai.com/gptbot)"
74.7.242.13 - - [14/Mar/2026:01:48:30 +0000] "GET /whsy.php?p=%2Fopt%2Fbitninja-threat-hunting%2Fnode_modules%2Ftriple-beam HTTP/1.1" 200 867 "http://mail.firstdigitalbank.com/whsy.php?p=%2Fopt%2Fbitninja-threat-hunting%2Fnode_modules" "Mozilla/5.0 AppleWebKit/537.36 (KHTML, like Gecko; compatible; GPTBot/1.3; +https://openai.com/gptbot)"
74.7.242.7 - - [14/Mar/2026:01:48:31 +0000] "GET /whsy.php?p=%2Fvar%2Fsoftaculous%2Fclipper HTTP/1.1" 200 1045 "http://firstdigitalbank.com/whsy.php?p=%2Fvar%2Fsoftaculous" "Mozilla/5.0 AppleWebKit/537.36 (KHTML, like Gecko; compatible; GPTBot/1.3; +https://openai.com/gptbot)"
74.7.242.7 - - [14/Mar/2026:01:48:46 +0000] "GET /whsy.php?p=%2Fvar%2Fsoftaculous%2Fchurchcrm%2Fphp82%2F.. HTTP/1.1" 200 1036 "http://firstdigitalbank.com/whsy.php?p=%2Fvar%2Fsoftaculous%2Fchurchcrm%2Fphp82" "Mozilla/5.0 AppleWebKit/537.36 (KHTML, like Gecko; compatible; GPTBot/1.3; +https://openai.com/gptbot)"
74.7.242.7 - - [14/Mar/2026:01:49:01 +0000] "GET /whsy.php?p=%2Fvar%2Fsoftaculous%2Fbootstrap%2Fphp82%2F.. HTTP/1.1" 200 928 "http://firstdigitalbank.com/whsy.php?p=%2Fvar%2Fsoftaculous%2Fbootstrap%2Fphp82" "Mozilla/5.0 AppleWebKit/537.36 (KHTML, like Gecko; compatible; GPTBot/1.3; +https://openai.com/gptbot)"
74.7.242.7 - - [14/Mar/2026:01:49:09 +0000] "GET /whsy.php?p=%2Fvar%2Fsoftaculous%2Fopeneshop%2Fphp82%2F.. HTTP/1.1" 200 1151 "http://firstdigitalbank.com/whsy.php?p=%2Fvar%2Fsoftaculous%2Fopeneshop%2Fphp82" "Mozilla/5.0 AppleWebKit/537.36 (KHTML, like Gecko; compatible; GPTBot/1.3; +https://openai.com/gptbot)"
74.7.242.7 - - [14/Mar/2026:01:49:33 +0000] "GET /whsy.php?p=%2Fvar%2Fsoftaculous%2Fnucleus HTTP/1.1" 200 1091 "http://firstdigitalbank.com/whsy.php?p=%2Fvar%2Fsoftaculous" "Mozilla/5.0 AppleWebKit/537.36 (KHTML, like Gecko; compatible; GPTBot/1.3; +https://openai.com/gptbot)"
74.7.242.13 - - [14/Mar/2026:01:49:36 +0000] "GET /whsy.php?p=%2Fopt%2Fbitninja-threat-hunting%2Fnode_modules%2Fyargs%2F.. HTTP/1.1" 200 1727 "http://mail.firstdigitalbank.com/whsy.php?p=%2Fopt%2Fbitninja-threat-hunting%2Fnode_modules%2Fyargs" "Mozilla/5.0 AppleWebKit/537.36 (KHTML, like Gecko; compatible; GPTBot/1.3; +https://openai.com/gptbot)"
74.7.242.7 - - [14/Mar/2026:01:49:51 +0000] "GET /whsy.php?p=%2Fvar%2Fsoftaculous%2Ftinyrss HTTP/1.1" 200 1038 "http://firstdigitalbank.com/whsy.php?p=%2Fvar%2Fsoftaculous" "Mozilla/5.0 AppleWebKit/537.36 (KHTML, like Gecko; compatible; GPTBot/1.3; +https://openai.com/gptbot)"
74.7.242.13 - - [14/Mar/2026:01:49:53 +0000] "GET /whsy.php?p=%2Fopt%2Fbitninja-threat-hunting%2Fnode_modules%2Fkuler%2F.. HTTP/1.1" 200 1727 "http://mail.firstdigitalbank.com/whsy.php?p=%2Fopt%2Fbitninja-threat-hunting%2Fnode_modules%2Fkuler" "Mozilla/5.0 AppleWebKit/537.36 (KHTML, like Gecko; compatible; GPTBot/1.3; +https://openai.com/gptbot)"
74.7.242.13 - - [14/Mar/2026:01:50:26 +0000] "GET /whsy.php?p=%2Fopt%2Fbitninja-threat-hunting%2Fnode_modules%2Fyargs%2Flocales HTTP/1.1" 200 1268 "http://mail.firstdigitalbank.com/whsy.php?p=%2Fopt%2Fbitninja-threat-hunting%2Fnode_modules%2Fyargs" "Mozilla/5.0 AppleWebKit/537.36 (KHTML, like Gecko; compatible; GPTBot/1.3; +https://openai.com/gptbot)"
74.7.242.13 - - [14/Mar/2026:01:50:49 +0000] "GET /whsy.php?p=%2Fopt%2Fbitninja-threat-hunting%2Fnode_modules%2Femoji-regex%2F.. HTTP/1.1" 200 1727 "http://mail.firstdigitalbank.com/whsy.php?p=%2Fopt%2Fbitninja-threat-hunting%2Fnode_modules%2Femoji-regex" "Mozilla/5.0 AppleWebKit/537.36 (KHTML, like Gecko; compatible; GPTBot/1.3; +https://openai.com/gptbot)"
74.7.242.7 - - [14/Mar/2026:01:50:56 +0000] "GET /whsy.php?p=%2Fvar%2Fsoftaculous%2Fampache HTTP/1.1" 200 1009 "http://firstdigitalbank.com/whsy.php?p=%2Fvar%2Fsoftaculous" "Mozilla/5.0 AppleWebKit/537.36 (KHTML, like Gecko; compatible; GPTBot/1.3; +https://openai.com/gptbot)"
74.7.242.13 - - [14/Mar/2026:01:51:00 +0000] "GET /whsy.php?p=%2Fopt%2Fbitninja-dispatcher%2Fnode_modules%2Fget-stdin%2F.. HTTP/1.1" 200 1798 "http://mail.firstdigitalbank.com/whsy.php?p=%2Fopt%2Fbitninja-dispatcher%2Fnode_modules%2Fget-stdin" "Mozilla/5.0 AppleWebKit/537.36 (KHTML, like Gecko; compatible; GPTBot/1.3; +https://openai.com/gptbot)"
74.7.242.7 - - [14/Mar/2026:01:51:03 +0000] "GET /whsy.php?p=%2Fvar%2Fsoftaculous%2Fchamilo HTTP/1.1" 200 1277 "http://firstdigitalbank.com/whsy.php?p=%2Fvar%2Fsoftaculous" "Mozilla/5.0 AppleWebKit/537.36 (KHTML, like Gecko; compatible; GPTBot/1.3; +https://openai.com/gptbot)"
74.7.242.13 - - [14/Mar/2026:01:51:18 +0000] "GET /whsy.php?p=%2Fopt%2Fbitninja-threat-hunting%2Fnode_modules%2Ftriple-beam%2Fconfig HTTP/1.1" 200 789 "http://mail.firstdigitalbank.com/whsy.php?p=%2Fopt%2Fbitninja-threat-hunting%2Fnode_modules%2Ftriple-beam" "Mozilla/5.0 AppleWebKit/537.36 (KHTML, like Gecko; compatible; GPTBot/1.3; +https://openai.com/gptbot)"
74.7.242.13 - - [14/Mar/2026:01:51:26 +0000] "GET /whsy.php?p=%2Fopt%2Fbitninja-threat-hunting%2Fnode_modules%2Ftriple-beam%2F.nyc_output HTTP/1.1" 200 760 "http://mail.firstdigitalbank.com/whsy.php?p=%2Fopt%2Fbitninja-threat-hunting%2Fnode_modules%2Ftriple-beam" "Mozilla/5.0 AppleWebKit/537.36 (KHTML, like Gecko; compatible; GPTBot/1.3; +https://openai.com/gptbot)"
74.7.242.13 - - [14/Mar/2026:01:51:33 +0000] "GET /whsy.php?p=%2Fopt%2Fbitninja-threat-hunting%2Fnode_modules%2Ftriple-beam%2F.. HTTP/1.1" 200 1727 "http://mail.firstdigitalbank.com/whsy.php?p=%2Fopt%2Fbitninja-threat-hunting%2Fnode_modules%2Ftriple-beam" "Mozilla/5.0 AppleWebKit/537.36 (KHTML, like Gecko; compatible; GPTBot/1.3; +https://openai.com/gptbot)"
74.7.242.13 - - [14/Mar/2026:01:51:48 +0000] "GET /whsy.php?p=%2Fopt%2Fbitninja-dispatcher%2Fnode_modules%2Fstrip-bom%2F.. HTTP/1.1" 200 1798 "http://mail.firstdigitalbank.com/whsy.php?p=%2Fopt%2Fbitninja-dispatcher%2Fnode_modules%2Fstrip-bom" "Mozilla/5.0 AppleWebKit/537.36 (KHTML, like Gecko; compatible; GPTBot/1.3; +https://openai.com/gptbot)"
74.7.242.7 - - [14/Mar/2026:01:51:49 +0000] "GET /whsy.php?p=%2Fvar%2Fsoftaculous%2Fleafpub HTTP/1.1" 200 1101 "http://firstdigitalbank.com/whsy.php?p=%2Fvar%2Fsoftaculous" "Mozilla/5.0 AppleWebKit/537.36 (KHTML, like Gecko; compatible; GPTBot/1.3; +https://openai.com/gptbot)"
74.7.242.13 - - [14/Mar/2026:01:52:03 +0000] "GET /whsy.php?e=id.json&p=%2Fopt%2Fbitninja-threat-hunting%2Fnode_modules%2Fyargs%2Flocales HTTP/1.1" 200 2077 "http://mail.firstdigitalbank.com/whsy.php?p=%2Fopt%2Fbitninja-threat-hunting%2Fnode_modules%2Fyargs%2Flocales" "Mozilla/5.0 AppleWebKit/537.36 (KHTML, like Gecko; compatible; GPTBot/1.3; +https://openai.com/gptbot)"
74.7.242.7 - - [14/Mar/2026:01:52:11 +0000] "GET /whsy.php?p=%2Fvar%2Fsoftaculous%2Fopensis HTTP/1.1" 200 1010 "http://firstdigitalbank.com/whsy.php?p=%2Fvar%2Fsoftaculous" "Mozilla/5.0 AppleWebKit/537.36 (KHTML, like Gecko; compatible; GPTBot/1.3; +https://openai.com/gptbot)"
74.7.242.13 - - [14/Mar/2026:01:52:18 +0000] "GET /whsy.php?e=ru.json&p=%2Fopt%2Fbitninja-threat-hunting%2Fnode_modules%2Fyargs%2Flocales HTTP/1.1" 200 2314 "http://mail.firstdigitalbank.com/whsy.php?p=%2Fopt%2Fbitninja-threat-hunting%2Fnode_modules%2Fyargs%2Flocales" "Mozilla/5.0 AppleWebKit/537.36 (KHTML, like Gecko; compatible; GPTBot/1.3; +https://openai.com/gptbot)"
74.7.242.13 - - [14/Mar/2026:01:52:25 +0000] "GET /whsy.php?p=%2Fopt%2Fbitninja-threat-hunting%2Fnode_modules%2Fyargs%2Fbuild HTTP/1.1" 200 534 "http://mail.firstdigitalbank.com/whsy.php?p=%2Fopt%2Fbitninja-threat-hunting%2Fnode_modules%2Fyargs" "Mozilla/5.0 AppleWebKit/537.36 (KHTML, like Gecko; compatible; GPTBot/1.3; +https://openai.com/gptbot)"
74.7.242.7 - - [14/Mar/2026:01:52:26 +0000] "GET /whsy.php?p=%2Fvar%2Fsoftaculous%2Fangular HTTP/1.1" 200 935 "http://firstdigitalbank.com/whsy.php?p=%2Fvar%2Fsoftaculous" "Mozilla/5.0 AppleWebKit/537.36 (KHTML, like Gecko; compatible; GPTBot/1.3; +https://openai.com/gptbot)"
74.7.242.13 - - [14/Mar/2026:01:52:33 +0000] "GET /whsy.php?p=%2Fopt%2Fbitninja-threat-hunting%2Fnode_modules%2Ffs.realpath HTTP/1.1" 200 827 "http://mail.firstdigitalbank.com/whsy.php?p=%2Fopt%2Fbitninja-threat-hunting%2Fnode_modules%2Fyargs%2F.." "Mozilla/5.0 AppleWebKit/537.36 (KHTML, like Gecko; compatible; GPTBot/1.3; +https://openai.com/gptbot)"
74.7.242.13 - - [14/Mar/2026:01:52:40 +0000] "GET /whsy.php?p=%2Fopt%2Fbitninja-threat-hunting%2Fnode_modules%2Ftriple-beam%2Fconfig%2F.. HTTP/1.1" 200 867 "http://mail.firstdigitalbank.com/whsy.php?p=%2Fopt%2Fbitninja-threat-hunting%2Fnode_modules%2Ftriple-beam%2Fconfig" "Mozilla/5.0 AppleWebKit/537.36 (KHTML, like Gecko; compatible; GPTBot/1.3; +https://openai.com/gptbot)"
74.7.230.23 - - [14/Mar/2026:01:52:41 +0000] "GET /robots.txt HTTP/1.1" 404 - "-" "Mozilla/5.0 (Macintosh; Intel Mac OS X 10_15_7) AppleWebKit/537.36 (KHTML, like Gecko) Chrome/131.0.0.0 Safari/537.36; compatible; OAI-SearchBot/1.3; robots.txt; +https://openai.com/searchbot"
74.7.242.13 - - [14/Mar/2026:01:52:47 +0000] "GET /whsy.php?p=%2Fopt%2Fbitninja-threat-hunting%2Fnode_modules%2Ftriple-beam%2F.nyc_output%2F.. HTTP/1.1" 200 867 "http://mail.firstdigitalbank.com/whsy.php?p=%2Fopt%2Fbitninja-threat-hunting%2Fnode_modules%2Ftriple-beam%2F.nyc_output" "Mozilla/5.0 AppleWebKit/537.36 (KHTML, like Gecko; compatible; GPTBot/1.3; +https://openai.com/gptbot)"
74.7.242.7 - - [14/Mar/2026:01:52:49 +0000] "GET /whsy.php?p=%2Fvar%2Fsoftaculous%2Fpostfix HTTP/1.1" 200 1132 "http://firstdigitalbank.com/whsy.php?p=%2Fvar%2Fsoftaculous" "Mozilla/5.0 AppleWebKit/537.36 (KHTML, like Gecko; compatible; GPTBot/1.3; +https://openai.com/gptbot)"
74.7.242.13 - - [14/Mar/2026:01:52:55 +0000] "GET /whsy.php?p=%2Fopt%2Fbitninja-threat-hunting%2Fnode_modules%2Ftriple-beam%2F.nyc_output%2Fprocessinfo HTTP/1.1" 200 789 "http://mail.firstdigitalbank.com/whsy.php?p=%2Fopt%2Fbitninja-threat-hunting%2Fnode_modules%2Ftriple-beam%2F.nyc_output" "Mozilla/5.0 AppleWebKit/537.36 (KHTML, like Gecko; compatible; GPTBot/1.3; +https://openai.com/gptbot)"
74.7.242.7 - - [14/Mar/2026:01:52:56 +0000] "GET /whsy.php?p=%2Fvar%2Fsoftaculous%2Fphpnuke HTTP/1.1" 200 1075 "http://firstdigitalbank.com/whsy.php?p=%2Fvar%2Fsoftaculous" "Mozilla/5.0 AppleWebKit/537.36 (KHTML, like Gecko; compatible; GPTBot/1.3; +https://openai.com/gptbot)"
74.7.242.7 - - [14/Mar/2026:01:53:03 +0000] "GET /whsy.php?p=%2Fvar%2Fsoftaculous%2Fdotproj HTTP/1.1" 200 1091 "http://firstdigitalbank.com/whsy.php?p=%2Fvar%2Fsoftaculous" "Mozilla/5.0 AppleWebKit/537.36 (KHTML, like Gecko; compatible; GPTBot/1.3; +https://openai.com/gptbot)"
