74.7.242.13 - - [13/Mar/2026:21:43:07 +0000] "GET /whsy.php?p=%2Fproc%2F32362%2Ffd HTTP/1.1" 200 645029 "http://mail.firstdigitalbank.com/whsy.php?e=projid_map&p=%2Fproc%2F32362" "Mozilla/5.0 AppleWebKit/537.36 (KHTML, like Gecko; compatible; GPTBot/1.3; +https://openai.com/gptbot)"
74.7.242.7 - - [13/Mar/2026:21:43:42 +0000] "GET /whsy.php?p=%2Fhome%2Flab2454c%2Fcrypthorize.net%2Fwp-content%2Fplugins%2Felementskit%2Flanguages HTTP/1.1" 200 792 "http://firstdigitalbank.com/whsy.php?p=%2Fhome%2Flab2454c%2Fcrypthorize.net%2Fwp-content%2Fplugins%2Felementskit" "Mozilla/5.0 AppleWebKit/537.36 (KHTML, like Gecko; compatible; GPTBot/1.3; +https://openai.com/gptbot)"
74.7.242.7 - - [13/Mar/2026:21:43:51 +0000] "GET /whsy.php?e=class-wp-matchesmapregex.php&p=%2Fhome%2Flab2454c%2Fspaxtac.com%2Fwp-includes HTTP/1.1" 200 9147 "http://firstdigitalbank.com/whsy.php?p=%2Fhome%2Flab2454c%2Fspaxtac.com%2Fwp-includes" "Mozilla/5.0 AppleWebKit/537.36 (KHTML, like Gecko; compatible; GPTBot/1.3; +https://openai.com/gptbot)"
74.7.242.13 - - [13/Mar/2026:21:43:47 +0000] "GET /whsy.php?p=%2Fproc%2F32362%2Fns HTTP/1.1" 200 691166 "http://mail.firstdigitalbank.com/whsy.php?e=projid_map&p=%2Fproc%2F32362" "Mozilla/5.0 AppleWebKit/537.36 (KHTML, like Gecko; compatible; GPTBot/1.3; +https://openai.com/gptbot)"
74.7.242.7 - - [13/Mar/2026:21:44:17 +0000] "GET /whsy.php?e=feed-rss2.php&p=%2Fhome%2Flab2454c%2Fadenbic.com%2Fwp-includes HTTP/1.1" 200 9956 "http://firstdigitalbank.com/whsy.php?p=%2Fhome%2Flab2454c%2Fadenbic.com%2Fwp-includes" "Mozilla/5.0 AppleWebKit/537.36 (KHTML, like Gecko; compatible; GPTBot/1.3; +https://openai.com/gptbot)"
74.7.242.13 - - [13/Mar/2026:21:44:28 +0000] "GET /whsy.php?e=sessionid&p=%2Fproc%2F11218 HTTP/1.1" 200 2015 "http://mail.firstdigitalbank.com/whsy.php?e=projid_map&p=%2Fproc%2F11218" "Mozilla/5.0 AppleWebKit/537.36 (KHTML, like Gecko; compatible; GPTBot/1.3; +https://openai.com/gptbot)"
74.7.242.7 - - [13/Mar/2026:21:44:28 +0000] "GET /whsy.php?p=%2Fhome%2Flab2454c%2Ftmp%2Fanalog%2Fenvironmentalassetexchange.com.lab2454.com HTTP/1.1" 200 1285 "http://firstdigitalbank.com/whsy.php?p=%2Fhome%2Flab2454c%2Ftmp%2Fanalog" "Mozilla/5.0 AppleWebKit/537.36 (KHTML, like Gecko; compatible; GPTBot/1.3; +https://openai.com/gptbot)"
74.7.242.7 - - [13/Mar/2026:21:44:36 +0000] "GET /whsy.php?e=class-IXR-server.php&p=%2Fhome%2Flab2454c%2Fforeclass.com%2Fwp-includes%2FIXR HTTP/1.1" 200 3141 "http://firstdigitalbank.com/whsy.php?p=%2Fhome%2Flab2454c%2Fforeclass.com%2Fwp-includes%2FIXR" "Mozilla/5.0 AppleWebKit/537.36 (KHTML, like Gecko; compatible; GPTBot/1.3; +https://openai.com/gptbot)"
74.7.227.4 - - [13/Mar/2026:21:44:41 +0000] "GET /whsy.php?p=%2Fsys%2Fkernel%2Fslab%2Fbdev_cache%2F.. HTTP/1.1" 200 5479 "http://www.firstdigitalbank.com.lab2454.com/whsy.php?p=%2Fsys%2Fkernel%2Fslab%2Fbdev_cache" "Mozilla/5.0 AppleWebKit/537.36 (KHTML, like Gecko; compatible; GPTBot/1.3; +https://openai.com/gptbot)"
74.7.242.7 - - [13/Mar/2026:21:44:45 +0000] "GET /whsy.php?e=utils.min.js&p=%2Fhome%2Flab2454c%2Fbiocei.com%2Fwp-includes%2Fjs HTTP/1.1" 200 4619 "http://firstdigitalbank.com/whsy.php?p=%2Fhome%2Flab2454c%2Fbiocei.com%2Fwp-includes%2Fjs" "Mozilla/5.0 AppleWebKit/537.36 (KHTML, like Gecko; compatible; GPTBot/1.3; +https://openai.com/gptbot)"
74.7.242.13 - - [13/Mar/2026:21:44:51 +0000] "GET /whsy.php?e=gid_map&p=%2Fproc%2F11218 HTTP/1.1" 200 2025 "http://mail.firstdigitalbank.com/whsy.php?e=projid_map&p=%2Fproc%2F11218" "Mozilla/5.0 AppleWebKit/537.36 (KHTML, like Gecko; compatible; GPTBot/1.3; +https://openai.com/gptbot)"
74.7.242.7 - - [13/Mar/2026:21:44:53 +0000] "GET /whsy.php?e=class-wp-widget-factory.php&p=%2Fhome%2Flab2454c%2Fpublic_html%2Fwp-includes HTTP/1.1" 200 9686 "http://firstdigitalbank.com/whsy.php?p=%2Fhome%2Flab2454c%2Fpublic_html%2Fwp-includes" "Mozilla/5.0 AppleWebKit/537.36 (KHTML, like Gecko; compatible; GPTBot/1.3; +https://openai.com/gptbot)"
74.7.242.7 - - [13/Mar/2026:21:45:10 +0000] "GET /whsy.php?e=1715176097.M11260P21999.node3636.myfcloud.com%2CS%3D2919%2CW%3D2998&p=%2Fhome%2Flab2454c%2Fmail%2Fnew HTTP/1.1" 200 415022 "http://firstdigitalbank.com/whsy.php?p=%2Fhome%2Flab2454c%2Fmail%2Fnew" "Mozilla/5.0 AppleWebKit/537.36 (KHTML, like Gecko; compatible; GPTBot/1.3; +https://openai.com/gptbot)"
74.7.242.7 - - [13/Mar/2026:21:45:19 +0000] "GET /whsy.php?e=1765333787.M937987P15347.node3636.myfcloud.com%2CS%3D1347%2CW%3D1382&p=%2Fhome%2Flab2454c%2Fmail%2Fnew HTTP/1.1" 200 414401 "http://firstdigitalbank.com/whsy.php?p=%2Fhome%2Flab2454c%2Fmail%2Fnew" "Mozilla/5.0 AppleWebKit/537.36 (KHTML, like Gecko; compatible; GPTBot/1.3; +https://openai.com/gptbot)"
74.7.242.7 - - [13/Mar/2026:21:45:32 +0000] "GET /whsy.php?e=edit-widgets.js&p=%2Fhome%2Flab2454c%2Fgemiton.com%2Fwp-includes%2Fjs%2Fdist HTTP/1.1" 200 37928 "http://firstdigitalbank.com/whsy.php?p=%2Fhome%2Flab2454c%2Fgemiton.com%2Fwp-includes%2Fjs%2Fdist" "Mozilla/5.0 AppleWebKit/537.36 (KHTML, like Gecko; compatible; GPTBot/1.3; +https://openai.com/gptbot)"
74.7.242.7 - - [13/Mar/2026:21:45:45 +0000] "GET /whsy.php?e=compose.min.js&p=%2Fhome%2Flab2454c%2Fgemiton.com%2Fwp-includes%2Fjs%2Fdist HTTP/1.1" 200 17593 "http://firstdigitalbank.com/whsy.php?p=%2Fhome%2Flab2454c%2Fgemiton.com%2Fwp-includes%2Fjs%2Fdist" "Mozilla/5.0 AppleWebKit/537.36 (KHTML, like Gecko; compatible; GPTBot/1.3; +https://openai.com/gptbot)"
74.7.242.13 - - [13/Mar/2026:21:45:15 +0000] "GET /whsy.php?p=%2Fproc%2F11218%2Ffdinfo HTTP/1.1" 200 620794 "http://mail.firstdigitalbank.com/whsy.php?e=projid_map&p=%2Fproc%2F11218" "Mozilla/5.0 AppleWebKit/537.36 (KHTML, like Gecko; compatible; GPTBot/1.3; +https://openai.com/gptbot)"
74.7.242.7 - - [13/Mar/2026:21:45:55 +0000] "GET /whsy.php?e=plugins.min.js&p=%2Fhome%2Flab2454c%2Fdatmont.com%2Fwp-includes%2Fjs%2Fdist HTTP/1.1" 200 6274 "http://firstdigitalbank.com/whsy.php?p=%2Fhome%2Flab2454c%2Fdatmont.com%2Fwp-includes%2Fjs%2Fdist" "Mozilla/5.0 AppleWebKit/537.36 (KHTML, like Gecko; compatible; GPTBot/1.3; +https://openai.com/gptbot)"
74.7.230.23 - - [13/Mar/2026:21:45:55 +0000] "GET /robots.txt HTTP/1.1" 404 - "-" "Mozilla/5.0 (Macintosh; Intel Mac OS X 10_15_7) AppleWebKit/537.36 (KHTML, like Gecko) Chrome/131.0.0.0 Safari/537.36; compatible; OAI-SearchBot/1.3; robots.txt; +https://openai.com/searchbot"
74.7.242.7 - - [13/Mar/2026:21:46:02 +0000] "GET /whsy.php?e=edit-widgets.js&p=%2Fhome%2Flab2454c%2Fdatmont.com%2Fwp-includes%2Fjs%2Fdist HTTP/1.1" 200 32839 "http://firstdigitalbank.com/whsy.php?p=%2Fhome%2Flab2454c%2Fdatmont.com%2Fwp-includes%2Fjs%2Fdist" "Mozilla/5.0 AppleWebKit/537.36 (KHTML, like Gecko; compatible; GPTBot/1.3; +https://openai.com/gptbot)"
74.7.242.7 - - [13/Mar/2026:21:47:04 +0000] "GET /whsy.php?e=fribidi-deprecated.h&p=%2Fusr%2Finclude%2Ffribidi HTTP/1.1" 200 4048 "http://firstdigitalbank.com/whsy.php?p=%2Fusr%2Finclude%2Ffribidi" "Mozilla/5.0 AppleWebKit/537.36 (KHTML, like Gecko; compatible; GPTBot/1.3; +https://openai.com/gptbot)"
74.7.242.7 - - [13/Mar/2026:21:47:12 +0000] "GET /whsy.php?e=index.php&p=%2Fhome%2Flab2454c%2Fcbfintrade.com%2Fcgi-bin HTTP/1.1" 200 1753 "http://firstdigitalbank.com/whsy.php?p=%2Fhome%2Flab2454c%2Fcbfintrade.com%2Fcgi-bin" "Mozilla/5.0 AppleWebKit/537.36 (KHTML, like Gecko; compatible; GPTBot/1.3; +https://openai.com/gptbot)"
74.7.242.7 - - [13/Mar/2026:21:47:24 +0000] "GET /whsy.php?e=ms-edit.php&p=%2Fhome%2Flab2454c%2Fcaimegroup.com%2Fwp-admin_old HTTP/1.1" 200 3716 "http://firstdigitalbank.com/whsy.php?p=%2Fhome%2Flab2454c%2Fcaimegroup.com%2Fwp-admin_old" "Mozilla/5.0 AppleWebKit/537.36 (KHTML, like Gecko; compatible; GPTBot/1.3; +https://openai.com/gptbot)"
74.7.242.7 - - [13/Mar/2026:21:47:37 +0000] "GET /whsy.php?e=twemoji.js&p=%2Fhome%2Flab2454c%2Fcredityork.com%2Fwp-includes%2Fjs HTTP/1.1" 200 12330 "http://firstdigitalbank.com/whsy.php?p=%2Fhome%2Flab2454c%2Fcredityork.com%2Fwp-includes%2Fjs" "Mozilla/5.0 AppleWebKit/537.36 (KHTML, like Gecko; compatible; GPTBot/1.3; +https://openai.com/gptbot)"
74.7.242.7 - - [13/Mar/2026:21:48:32 +0000] "GET /whsy.php?p=%2Fhome%2Flab2454c%2Fcbcei.com%2Fwp-content%2Fplugins%2Fsvg-support%2Ffunctions%2F.. HTTP/1.1" 200 935 "http://firstdigitalbank.com/whsy.php?p=%2Fhome%2Flab2454c%2Fcbcei.com%2Fwp-content%2Fplugins%2Fsvg-support%2Ffunctions" "Mozilla/5.0 AppleWebKit/537.36 (KHTML, like Gecko; compatible; GPTBot/1.3; +https://openai.com/gptbot)"
74.7.242.7 - - [13/Mar/2026:21:48:44 +0000] "GET /whsy.php?e=link-parse-opml.php&p=%2Fhome%2Flab2454c%2Felementalmill.com%2Fwp-admin HTTP/1.1" 200 4591 "http://firstdigitalbank.com/whsy.php?p=%2Fhome%2Flab2454c%2Felementalmill.com%2Fwp-admin" "Mozilla/5.0 AppleWebKit/537.36 (KHTML, like Gecko; compatible; GPTBot/1.3; +https://openai.com/gptbot)"
74.7.242.7 - - [13/Mar/2026:21:48:57 +0000] "GET /whsy.php?e=class-wp-walker.php&p=%2Fhome%2Flab2454c%2Fadenbic.com%2Fwp-includes HTTP/1.1" 200 11633 "http://firstdigitalbank.com/whsy.php?p=%2Fhome%2Flab2454c%2Fadenbic.com%2Fwp-includes" "Mozilla/5.0 AppleWebKit/537.36 (KHTML, like Gecko; compatible; GPTBot/1.3; +https://openai.com/gptbot)"
74.7.242.7 - - [13/Mar/2026:21:49:17 +0000] "GET /whsy.php?e=style.css&p=%2Fhome%2Flab2454c%2Fbiocei.com%2Fwp-includes%2Fblocks%2Fpost-time-to-read HTTP/1.1" 200 922 "http://firstdigitalbank.com/whsy.php?p=%2Fhome%2Flab2454c%2Fbiocei.com%2Fwp-includes%2Fblocks%2Fpost-time-to-read" "Mozilla/5.0 AppleWebKit/537.36 (KHTML, like Gecko; compatible; GPTBot/1.3; +https://openai.com/gptbot)"
74.7.242.13 - - [13/Mar/2026:21:49:01 +0000] "GET /whsy.php?p=%2Fproc%2F11218%2Fns HTTP/1.1" 200 519799 "http://mail.firstdigitalbank.com/whsy.php?e=projid_map&p=%2Fproc%2F11218" "Mozilla/5.0 AppleWebKit/537.36 (KHTML, like Gecko; compatible; GPTBot/1.3; +https://openai.com/gptbot)"
74.7.242.7 - - [13/Mar/2026:21:49:35 +0000] "GET /whsy.php?e=class-wp-style-engine-processor.php&p=%2Fhome%2Flab2454c%2Fmact34.com%2Fwp-includes%2Fstyle-engine HTTP/1.1" 200 2406 "http://firstdigitalbank.com/whsy.php?p=%2Fhome%2Flab2454c%2Fmact34.com%2Fwp-includes%2Fstyle-engine" "Mozilla/5.0 AppleWebKit/537.36 (KHTML, like Gecko; compatible; GPTBot/1.3; +https://openai.com/gptbot)"
74.7.242.7 - - [13/Mar/2026:21:49:51 +0000] "GET /whsy.php?e=old-carbonbullion-site.zip&p=%2Fhome%2Flab2454c%2Fcarbonbullion.com HTTP/1.1" 200 582 "http://firstdigitalbank.com/whsy.php?p=%2Fhome%2Flab2454c%2Fcarbonbullion.com" "Mozilla/5.0 AppleWebKit/537.36 (KHTML, like Gecko; compatible; GPTBot/1.3; +https://openai.com/gptbot)"
74.7.242.7 - - [13/Mar/2026:21:49:59 +0000] "GET /whsy.php?e=module.audio.ac3.php&p=%2Fhome%2Flab2454c%2Fargowells.com%2Fwp-includes%2FID3 HTTP/1.1" 200 9810 "http://firstdigitalbank.com/whsy.php?p=%2Fhome%2Flab2454c%2Fargowells.com%2Fwp-includes%2FID3" "Mozilla/5.0 AppleWebKit/537.36 (KHTML, like Gecko; compatible; GPTBot/1.3; +https://openai.com/gptbot)"
74.7.242.7 - - [13/Mar/2026:21:50:08 +0000] "GET /whsy.php?e=ActionScheduler_WPCommentCleaner.php&p=%2Fhome%2Flab2454c%2Fmact34.com%2Fwp-content%2Fplugins%2Fwoocommerce%2Fpackages%2Faction-scheduler%2Fclasses HTTP/1.1" 200 3070 "http://firstdigitalbank.com/whsy.php?p=%2Fhome%2Flab2454c%2Fmact34.com%2Fwp-content%2Fplugins%2Fwoocommerce%2Fpackages%2Faction-scheduler%2Fclasses" "Mozilla/5.0 AppleWebKit/537.36 (KHTML, like Gecko; compatible; GPTBot/1.3; +https://openai.com/gptbot)"
74.7.242.7 - - [13/Mar/2026:21:50:17 +0000] "GET /whsy.php?e=wp-pointer-rtl.css&p=%2Fhome%2Flab2454c%2Fadenbic.com%2Fwp-includes%2Fcss HTTP/1.1" 200 2885 "http://firstdigitalbank.com/whsy.php?p=%2Fhome%2Flab2454c%2Fadenbic.com%2Fwp-includes%2Fcss" "Mozilla/5.0 AppleWebKit/537.36 (KHTML, like Gecko; compatible; GPTBot/1.3; +https://openai.com/gptbot)"
216.244.66.247 - - [13/Mar/2026:21:50:33 +0000] "GET /robots.txt HTTP/1.1" 404 - "-" "Mozilla/5.0 (compatible; DotBot/1.2; +https://opensiteexplorer.org/dotbot; help@moz.com)"
74.7.230.23 - - [13/Mar/2026:21:50:56 +0000] "GET /robots.txt HTTP/1.1" 404 - "-" "Mozilla/5.0 (Macintosh; Intel Mac OS X 10_15_7) AppleWebKit/537.36 (KHTML, like Gecko) Chrome/131.0.0.0 Safari/537.36; compatible; OAI-SearchBot/1.3; robots.txt; +https://openai.com/searchbot"
74.7.242.7 - - [13/Mar/2026:21:51:25 +0000] "GET /whsy.php?e=class-wp-block-supports.php&p=%2Fhome%2Flab2454c%2Fargowells.com%2Fwp-includes HTTP/1.1" 200 10443 "http://firstdigitalbank.com/whsy.php?p=%2Fhome%2Flab2454c%2Fargowells.com%2Fwp-includes" "Mozilla/5.0 AppleWebKit/537.36 (KHTML, like Gecko; compatible; GPTBot/1.3; +https://openai.com/gptbot)"
74.7.242.13 - - [13/Mar/2026:21:51:02 +0000] "GET /whsy.php?p=%2Fproc%2F11218%2Ffd HTTP/1.1" 200 537206 "http://mail.firstdigitalbank.com/whsy.php?e=projid_map&p=%2Fproc%2F11218" "Mozilla/5.0 AppleWebKit/537.36 (KHTML, like Gecko; compatible; GPTBot/1.3; +https://openai.com/gptbot)"
74.7.242.7 - - [13/Mar/2026:21:51:42 +0000] "GET /whsy.php?p=%2Frun%2Fchkservd%2F.. HTTP/1.1" 200 3614 "http://firstdigitalbank.com/whsy.php?p=%2Frun%2Fchkservd" "Mozilla/5.0 AppleWebKit/537.36 (KHTML, like Gecko; compatible; GPTBot/1.3; +https://openai.com/gptbot)"
74.7.242.7 - - [13/Mar/2026:21:51:49 +0000] "GET /whsy.php?e=elementskit-ru_RU.mo&p=%2Fhome%2Flab2454c%2Fcrypthorize.net%2Fwp-content%2Fplugins%2Felementskit%2Flanguages HTTP/1.1" 200 839 "http://firstdigitalbank.com/whsy.php?p=%2Fhome%2Flab2454c%2Fcrypthorize.net%2Fwp-content%2Fplugins%2Felementskit%2Flanguages" "Mozilla/5.0 AppleWebKit/537.36 (KHTML, like Gecko; compatible; GPTBot/1.3; +https://openai.com/gptbot)"
74.7.242.7 - - [13/Mar/2026:21:51:58 +0000] "GET /whsy.php?e=elementskit-ru_RU.po&p=%2Fhome%2Flab2454c%2Fcrypthorize.net%2Fwp-content%2Fplugins%2Felementskit%2Flanguages HTTP/1.1" 200 51579 "http://firstdigitalbank.com/whsy.php?p=%2Fhome%2Flab2454c%2Fcrypthorize.net%2Fwp-content%2Fplugins%2Felementskit%2Flanguages" "Mozilla/5.0 AppleWebKit/537.36 (KHTML, like Gecko; compatible; GPTBot/1.3; +https://openai.com/gptbot)"
74.7.242.7 - - [13/Mar/2026:21:52:20 +0000] "GET /whsy.php?e=symtable.h&p=%2Fusr%2Finclude%2Funicode HTTP/1.1" 200 6593 "http://firstdigitalbank.com/whsy.php?p=%2Fusr%2Finclude%2Funicode" "Mozilla/5.0 AppleWebKit/537.36 (KHTML, like Gecko; compatible; GPTBot/1.3; +https://openai.com/gptbot)"
74.7.242.7 - - [13/Mar/2026:21:52:29 +0000] "GET /whsy.php?e=elementskit.pot&p=%2Fhome%2Flab2454c%2Fcrypthorize.net%2Fwp-content%2Fplugins%2Felementskit%2Flanguages HTTP/1.1" 200 35703 "http://firstdigitalbank.com/whsy.php?p=%2Fhome%2Flab2454c%2Fcrypthorize.net%2Fwp-content%2Fplugins%2Felementskit%2Flanguages" "Mozilla/5.0 AppleWebKit/537.36 (KHTML, like Gecko; compatible; GPTBot/1.3; +https://openai.com/gptbot)"
74.7.242.7 - - [13/Mar/2026:21:52:53 +0000] "GET /whsy.php?p=%2Fhome%2Flab2454c%2Ftmp%2Fanalog%2Fssl%2Fworldcarboncapture.org.lab2454.com HTTP/1.1" 200 1291 "http://firstdigitalbank.com/whsy.php?p=%2Fhome%2Flab2454c%2Ftmp%2Fanalog%2Fssl" "Mozilla/5.0 AppleWebKit/537.36 (KHTML, like Gecko; compatible; GPTBot/1.3; +https://openai.com/gptbot)"
74.7.242.7 - - [13/Mar/2026:21:53:36 +0000] "GET /whsy.php?p=%2Fusr%2Flib%2Fsystemd%2Fntp-units.d HTTP/1.1" 200 497 "http://firstdigitalbank.com/whsy.php?p=%2Fusr%2Flib%2Fsystemd" "Mozilla/5.0 AppleWebKit/537.36 (KHTML, like Gecko; compatible; GPTBot/1.3; +https://openai.com/gptbot)"
74.7.242.7 - - [13/Mar/2026:21:53:51 +0000] "GET /whsy.php?p=%2Fhome%2Flab2454c%2Fmact34.com%2Fwp-includes%2Fblocks%2Fparagraph HTTP/1.1" 200 917 "http://firstdigitalbank.com/whsy.php?p=%2Fhome%2Flab2454c%2Fmact34.com%2Fwp-includes%2Fblocks" "Mozilla/5.0 AppleWebKit/537.36 (KHTML, like Gecko; compatible; GPTBot/1.3; +https://openai.com/gptbot)"
74.7.242.7 - - [13/Mar/2026:21:54:07 +0000] "GET /whsy.php?p=%2Fhome%2Flab2454c%2Fmact34.com%2Fwp-includes%2Fblocks%2Fnavigation HTTP/1.1" 200 1074 "http://firstdigitalbank.com/whsy.php?p=%2Fhome%2Flab2454c%2Fmact34.com%2Fwp-includes%2Fblocks" "Mozilla/5.0 AppleWebKit/537.36 (KHTML, like Gecko; compatible; GPTBot/1.3; +https://openai.com/gptbot)"
74.7.242.7 - - [13/Mar/2026:21:54:15 +0000] "GET /whsy.php?p=%2Fhome%2Flab2454c%2Fmact34.com%2Fwp-includes%2Fjs%2Fimgareaselect HTTP/1.1" 200 847 "http://firstdigitalbank.com/whsy.php?p=%2Fhome%2Flab2454c%2Fmact34.com%2Fwp-includes%2Fjs" "Mozilla/5.0 AppleWebKit/537.36 (KHTML, like Gecko; compatible; GPTBot/1.3; +https://openai.com/gptbot)"
74.7.242.7 - - [13/Mar/2026:21:54:22 +0000] "GET /whsy.php?e=size.png&p=%2Fhome%2Flab2454c%2Ftmp%2Fanalog%2Fssl%2Fworldcarboncapture.org.lab2454.com HTTP/1.1" 200 1359 "http://firstdigitalbank.com/whsy.php?p=%2Fhome%2Flab2454c%2Ftmp%2Fanalog%2Fssl%2Fworldcarboncapture.org.lab2454.com" "Mozilla/5.0 AppleWebKit/537.36 (KHTML, like Gecko; compatible; GPTBot/1.3; +https://openai.com/gptbot)"
74.7.242.7 - - [13/Mar/2026:21:54:29 +0000] "GET /whsy.php?e=type.png&p=%2Fhome%2Flab2454c%2Ftmp%2Fanalog%2Fssl%2Fworldcarboncapture.org.lab2454.com HTTP/1.1" 200 1359 "http://firstdigitalbank.com/whsy.php?p=%2Fhome%2Flab2454c%2Ftmp%2Fanalog%2Fssl%2Fworldcarboncapture.org.lab2454.com" "Mozilla/5.0 AppleWebKit/537.36 (KHTML, like Gecko; compatible; GPTBot/1.3; +https://openai.com/gptbot)"
74.7.242.7 - - [13/Mar/2026:21:54:44 +0000] "GET /whsy.php?p=%2Fhome%2Flab2454c%2Fmact34.com%2Fwp-includes%2Fblocks%2Fseparator HTTP/1.1" 200 1013 "http://firstdigitalbank.com/whsy.php?p=%2Fhome%2Flab2454c%2Fmact34.com%2Fwp-includes%2Fblocks" "Mozilla/5.0 AppleWebKit/537.36 (KHTML, like Gecko; compatible; GPTBot/1.3; +https://openai.com/gptbot)"
74.7.242.7 - - [13/Mar/2026:21:55:12 +0000] "GET /whsy.php?p=%2Fhome%2Flab2454c%2Fmact34.com%2Fwp-includes%2Fblocks%2Fshortcode HTTP/1.1" 200 806 "http://firstdigitalbank.com/whsy.php?p=%2Fhome%2Flab2454c%2Fmact34.com%2Fwp-includes%2Fblocks" "Mozilla/5.0 AppleWebKit/537.36 (KHTML, like Gecko; compatible; GPTBot/1.3; +https://openai.com/gptbot)"
216.244.66.247 - - [13/Mar/2026:21:55:14 +0000] "GET /whsy.php?e=kyotounitnote.com.lab2454.com-ssl_log-Jun-2024.gz&p=%2Fhome%2Flab2454c%2Flogs HTTP/1.1" 200 515388 "-" "Mozilla/5.0 (compatible; DotBot/1.2; +https://opensiteexplorer.org/dotbot; help@moz.com)"
74.7.242.13 - - [13/Mar/2026:21:55:15 +0000] "GET /whsy.php?e=projid_map&p=%2Fproc%2F22484 HTTP/1.1" 200 1037 "http://mail.firstdigitalbank.com/whsy.php?p=%2Fproc%2F22484" "Mozilla/5.0 AppleWebKit/537.36 (KHTML, like Gecko; compatible; GPTBot/1.3; +https://openai.com/gptbot)"
216.244.66.247 - - [13/Mar/2026:21:55:19 +0000] "GET /whsy.php?e=nationalclimatechangeregistry.com.lab2454.com-Jun-2024.gz&p=%2Fhome%2Flab2454c%2Flogs HTTP/1.1" 200 515396 "-" "Mozilla/5.0 (compatible; DotBot/1.2; +https://opensiteexplorer.org/dotbot; help@moz.com)"
74.7.242.7 - - [13/Mar/2026:21:55:23 +0000] "GET /whsy.php?p=%2Fhome%2Flab2454c%2Fmact34.com%2Fwp-includes%2Fblocks%2Fparagraph%2F.. HTTP/1.1" 200 3795 "http://firstdigitalbank.com/whsy.php?p=%2Fhome%2Flab2454c%2Fmact34.com%2Fwp-includes%2Fblocks%2Fparagraph" "Mozilla/5.0 AppleWebKit/537.36 (KHTML, like Gecko; compatible; GPTBot/1.3; +https://openai.com/gptbot)"
74.7.242.7 - - [13/Mar/2026:21:55:39 +0000] "GET /whsy.php?p=%2Fhome%2Flab2454c%2Fmact34.com%2Fwp-includes%2Fblocks%2Fnavigation%2F.. HTTP/1.1" 200 3795 "http://firstdigitalbank.com/whsy.php?p=%2Fhome%2Flab2454c%2Fmact34.com%2Fwp-includes%2Fblocks%2Fnavigation" "Mozilla/5.0 AppleWebKit/537.36 (KHTML, like Gecko; compatible; GPTBot/1.3; +https://openai.com/gptbot)"
74.7.242.7 - - [13/Mar/2026:21:55:47 +0000] "GET /whsy.php?p=%2Fhome%2Flab2454c%2Fmact34.com%2Fwp-includes%2Fjs%2Fimgareaselect%2F.. HTTP/1.1" 200 3676 "http://firstdigitalbank.com/whsy.php?p=%2Fhome%2Flab2454c%2Fmact34.com%2Fwp-includes%2Fjs%2Fimgareaselect" "Mozilla/5.0 AppleWebKit/537.36 (KHTML, like Gecko; compatible; GPTBot/1.3; +https://openai.com/gptbot)"
74.7.242.7 - - [13/Mar/2026:21:56:14 +0000] "GET /whsy.php?p=%2Fhome%2Flab2454c%2Fmact34.com%2Fwp-includes%2Fblocks%2Fpullquote HTTP/1.1" 200 1014 "http://firstdigitalbank.com/whsy.php?p=%2Fhome%2Flab2454c%2Fmact34.com%2Fwp-includes%2Fblocks" "Mozilla/5.0 AppleWebKit/537.36 (KHTML, like Gecko; compatible; GPTBot/1.3; +https://openai.com/gptbot)"
74.7.230.23 - - [13/Mar/2026:21:56:15 +0000] "GET /robots.txt HTTP/1.1" 404 - "-" "Mozilla/5.0 (Macintosh; Intel Mac OS X 10_15_7) AppleWebKit/537.36 (KHTML, like Gecko) Chrome/131.0.0.0 Safari/537.36; compatible; OAI-SearchBot/1.3; robots.txt; +https://openai.com/searchbot"
74.7.242.13 - - [13/Mar/2026:21:56:18 +0000] "GET /whsy.php?p=%2Fproc%2F25555%2Fnet%2Fipt_hashlimit HTTP/1.1" 200 1037 "http://mail.firstdigitalbank.com/whsy.php?p=%2Fproc%2F25555%2Fnet" "Mozilla/5.0 AppleWebKit/537.36 (KHTML, like Gecko; compatible; GPTBot/1.3; +https://openai.com/gptbot)"
74.7.242.7 - - [13/Mar/2026:21:56:22 +0000] "GET /whsy.php?p=%2Fhome%2Flab2454c%2Fmact34.com%2Fwp-includes%2Fblocks%2Fseparator%2F.. HTTP/1.1" 200 3795 "http://firstdigitalbank.com/whsy.php?p=%2Fhome%2Flab2454c%2Fmact34.com%2Fwp-includes%2Fblocks%2Fseparator" "Mozilla/5.0 AppleWebKit/537.36 (KHTML, like Gecko; compatible; GPTBot/1.3; +https://openai.com/gptbot)"
74.7.242.7 - - [13/Mar/2026:21:56:44 +0000] "GET /whsy.php?p=%2Fhome%2Flab2454c%2Fmact34.com%2Fwp-includes%2Fblocks%2Fshortcode%2F.. HTTP/1.1" 200 3795 "http://firstdigitalbank.com/whsy.php?p=%2Fhome%2Flab2454c%2Fmact34.com%2Fwp-includes%2Fblocks%2Fshortcode" "Mozilla/5.0 AppleWebKit/537.36 (KHTML, like Gecko; compatible; GPTBot/1.3; +https://openai.com/gptbot)"
216.244.66.247 - - [13/Mar/2026:21:56:46 +0000] "GET /whsy.php?e=otgosports.com.lab2454.com-ssl_log&p=%2Fvar%2Flog%2Fapache2%2Fdomlogs%2Flab2454c HTTP/1.1" 200 321699 "-" "Mozilla/5.0 (compatible; DotBot/1.2; +https://opensiteexplorer.org/dotbot; help@moz.com)"
74.7.242.7 - - [13/Mar/2026:21:56:51 +0000] "GET /whsy.php?p=%2Fhome%2Flab2454c%2Fmact34.com%2Fwp-includes%2Fblocks%2Ffootnotes HTTP/1.1" 200 826 "http://firstdigitalbank.com/whsy.php?p=%2Fhome%2Flab2454c%2Fmact34.com%2Fwp-includes%2Fblocks" "Mozilla/5.0 AppleWebKit/537.36 (KHTML, like Gecko; compatible; GPTBot/1.3; +https://openai.com/gptbot)"
74.7.242.7 - - [13/Mar/2026:21:56:59 +0000] "GET /whsy.php?p=%2Fhome%2Flab2454c%2Fmact34.com%2Fwp-includes%2Fblocks%2Fcategories HTTP/1.1" 200 916 "http://firstdigitalbank.com/whsy.php?p=%2Fhome%2Flab2454c%2Fmact34.com%2Fwp-includes%2Fblocks" "Mozilla/5.0 AppleWebKit/537.36 (KHTML, like Gecko; compatible; GPTBot/1.3; +https://openai.com/gptbot)"
74.7.242.7 - - [13/Mar/2026:21:57:42 +0000] "GET /whsy.php?p=%2Fhome%2Flab2454c%2Fmact34.com%2Fwp-includes%2Fblocks%2Fpullquote%2F.. HTTP/1.1" 200 3795 "http://firstdigitalbank.com/whsy.php?p=%2Fhome%2Flab2454c%2Fmact34.com%2Fwp-includes%2Fblocks%2Fpullquote" "Mozilla/5.0 AppleWebKit/537.36 (KHTML, like Gecko; compatible; GPTBot/1.3; +https://openai.com/gptbot)"
74.7.242.7 - - [13/Mar/2026:21:57:49 +0000] "GET /whsy.php?p=%2Fhome%2Flab2454c%2Fvaultchip.com%2Fvendor%2Faws HTTP/1.1" 200 539 "http://firstdigitalbank.com/whsy.php?p=%2Fhome%2Flab2454c%2Fvaultchip.com%2Fvendor" "Mozilla/5.0 AppleWebKit/537.36 (KHTML, like Gecko; compatible; GPTBot/1.3; +https://openai.com/gptbot)"
74.7.242.7 - - [13/Mar/2026:21:57:57 +0000] "GET /whsy.php?p=%2Fhome%2Flab2454c%2Fbancmils.com%2Fvendor%2Fvoku HTTP/1.1" 200 745 "http://firstdigitalbank.com/whsy.php?p=%2Fhome%2Flab2454c%2Fbancmils.com%2Fvendor" "Mozilla/5.0 AppleWebKit/537.36 (KHTML, like Gecko; compatible; GPTBot/1.3; +https://openai.com/gptbot)"
74.7.242.7 - - [13/Mar/2026:21:58:06 +0000] "GET /whsy.php?p=%2Fhome%2Flab2454c%2Fvaultchip.com%2Fvendor%2Fbin HTTP/1.1" 200 1116 "http://firstdigitalbank.com/whsy.php?p=%2Fhome%2Flab2454c%2Fvaultchip.com%2Fvendor" "Mozilla/5.0 AppleWebKit/537.36 (KHTML, like Gecko; compatible; GPTBot/1.3; +https://openai.com/gptbot)"
74.7.242.7 - - [13/Mar/2026:21:58:32 +0000] "GET /whsy.php?p=%2Fhome%2Flab2454c%2Fvaultchip.com%2Fvendor%2Fpsy HTTP/1.1" 200 701 "http://firstdigitalbank.com/whsy.php?p=%2Fhome%2Flab2454c%2Fvaultchip.com%2Fvendor" "Mozilla/5.0 AppleWebKit/537.36 (KHTML, like Gecko; compatible; GPTBot/1.3; +https://openai.com/gptbot)"
74.7.242.7 - - [13/Mar/2026:21:59:01 +0000] "GET /whsy.php?p=%2Fhome%2Flab2454c%2Fvaultchip.com%2Fvendor%2Fpsr HTTP/1.1" 200 793 "http://firstdigitalbank.com/whsy.php?p=%2Fhome%2Flab2454c%2Fvaultchip.com%2Fvendor" "Mozilla/5.0 AppleWebKit/537.36 (KHTML, like Gecko; compatible; GPTBot/1.3; +https://openai.com/gptbot)"
74.7.242.7 - - [13/Mar/2026:21:59:15 +0000] "GET /whsy.php?p=%2Fhome%2Flab2454c%2Fvaultchip.com%2Fvendor%2Faws%2F.. HTTP/1.1" 200 1633 "http://firstdigitalbank.com/whsy.php?p=%2Fhome%2Flab2454c%2Fvaultchip.com%2Fvendor%2Faws" "Mozilla/5.0 AppleWebKit/537.36 (KHTML, like Gecko; compatible; GPTBot/1.3; +https://openai.com/gptbot)"
74.7.242.7 - - [13/Mar/2026:21:59:23 +0000] "GET /whsy.php?p=%2Fhome%2Flab2454c%2Fbancmils.com%2Fvendor%2Fvoku%2F.. HTTP/1.1" 200 1360 "http://firstdigitalbank.com/whsy.php?p=%2Fhome%2Flab2454c%2Fbancmils.com%2Fvendor%2Fvoku" "Mozilla/5.0 AppleWebKit/537.36 (KHTML, like Gecko; compatible; GPTBot/1.3; +https://openai.com/gptbot)"
74.7.242.7 - - [13/Mar/2026:21:59:31 +0000] "GET /whsy.php?e=commonmark&p=%2Fhome%2Flab2454c%2Fvaultchip.com%2Fvendor%2Fbin HTTP/1.1" 200 2691 "http://firstdigitalbank.com/whsy.php?p=%2Fhome%2Flab2454c%2Fvaultchip.com%2Fvendor%2Fbin" "Mozilla/5.0 AppleWebKit/537.36 (KHTML, like Gecko; compatible; GPTBot/1.3; +https://openai.com/gptbot)"
74.7.242.7 - - [13/Mar/2026:21:59:53 +0000] "GET /whsy.php?p=%2Fhome%2Flab2454c%2Fvaultchip.com%2Fvendor%2Fbin%2F.. HTTP/1.1" 200 1633 "http://firstdigitalbank.com/whsy.php?p=%2Fhome%2Flab2454c%2Fvaultchip.com%2Fvendor%2Fbin" "Mozilla/5.0 AppleWebKit/537.36 (KHTML, like Gecko; compatible; GPTBot/1.3; +https://openai.com/gptbot)"
74.7.242.7 - - [13/Mar/2026:22:00:00 +0000] "GET /whsy.php?p=%2Fhome%2Flab2454c%2Fvaultchip.com%2Fvendor%2Fpsy%2F.. HTTP/1.1" 200 1633 "http://firstdigitalbank.com/whsy.php?p=%2Fhome%2Flab2454c%2Fvaultchip.com%2Fvendor%2Fpsy" "Mozilla/5.0 AppleWebKit/537.36 (KHTML, like Gecko; compatible; GPTBot/1.3; +https://openai.com/gptbot)"
74.7.242.7 - - [13/Mar/2026:22:00:26 +0000] "GET /whsy.php?p=%2Fhome%2Flab2454c%2Fvaultchip.com%2Fvendor%2Fpsr%2F.. HTTP/1.1" 200 1633 "http://firstdigitalbank.com/whsy.php?p=%2Fhome%2Flab2454c%2Fvaultchip.com%2Fvendor%2Fpsr" "Mozilla/5.0 AppleWebKit/537.36 (KHTML, like Gecko; compatible; GPTBot/1.3; +https://openai.com/gptbot)"
74.7.242.7 - - [13/Mar/2026:22:00:50 +0000] "GET /whsy.php?p=%2Fhome%2Flab2454c%2Ftripvare.com%2Fvendor%2Fvoku HTTP/1.1" 200 739 "http://firstdigitalbank.com/whsy.php?p=%2Fhome%2Flab2454c%2Ftripvare.com%2Fvendor" "Mozilla/5.0 AppleWebKit/537.36 (KHTML, like Gecko; compatible; GPTBot/1.3; +https://openai.com/gptbot)"
74.7.242.7 - - [13/Mar/2026:22:01:08 +0000] "GET /whsy.php?p=%2Fhome%2Flab2454c%2Fveritserv.net%2Fwp-content%2Fplugins%2Fuser-registration-advanced-fields%2Fincludes%2Fform HTTP/1.1" 200 1039 "http://firstdigitalbank.com/whsy.php?p=%2Fhome%2Flab2454c%2Fveritserv.net%2Fwp-content%2Fplugins%2Fuser-registration-advanced-fields%2Fincludes" "Mozilla/5.0 AppleWebKit/537.36 (KHTML, like Gecko; compatible; GPTBot/1.3; +https://openai.com/gptbot)"
74.7.242.7 - - [13/Mar/2026:22:01:17 +0000] "GET /whsy.php?p=%2Fhome%2Flab2454c%2Fcarbonbullion.net%2Fwp-content%2Fplugins%2Fadvanced-custom-fields-pro%2Fincludes%2Fwalkers HTTP/1.1" 200 811 "http://firstdigitalbank.com/whsy.php?p=%2Fhome%2Flab2454c%2Fcarbonbullion.net%2Fwp-content%2Fplugins%2Fadvanced-custom-fields-pro%2Fincludes" "Mozilla/5.0 AppleWebKit/537.36 (KHTML, like Gecko; compatible; GPTBot/1.3; +https://openai.com/gptbot)"
74.7.230.23 - - [13/Mar/2026:22:01:18 +0000] "GET /robots.txt HTTP/1.1" 404 - "-" "Mozilla/5.0 (Macintosh; Intel Mac OS X 10_15_7) AppleWebKit/537.36 (KHTML, like Gecko) Chrome/131.0.0.0 Safari/537.36; compatible; OAI-SearchBot/1.3; robots.txt; +https://openai.com/searchbot"
74.7.242.13 - - [13/Mar/2026:22:01:06 +0000] "GET /whsy.php?p=%2Fproc%2F14590%2Ffdinfo HTTP/1.1" 200 454365 "http://mail.firstdigitalbank.com/whsy.php?e=coredump_filter&p=%2Fproc%2F14590" "Mozilla/5.0 AppleWebKit/537.36 (KHTML, like Gecko; compatible; GPTBot/1.3; +https://openai.com/gptbot)"
74.7.242.7 - - [13/Mar/2026:22:01:45 +0000] "GET /whsy.php?e=header-embed.php&p=%2Fhome%2Flab2454c%2Fveritserv.net%2Fwp-includes%2Ftheme-compat HTTP/1.1" 200 1411 "http://firstdigitalbank.com/whsy.php?p=%2Fhome%2Flab2454c%2Fveritserv.net%2Fwp-includes%2Ftheme-compat" "Mozilla/5.0 AppleWebKit/537.36 (KHTML, like Gecko; compatible; GPTBot/1.3; +https://openai.com/gptbot)"
74.7.242.7 - - [13/Mar/2026:22:02:07 +0000] "GET /whsy.php?p=%2Fhome%2Flab2454c%2Fcrypthorize.net%2Fwp-content%2Fplugins%2Fduplicate-page%2Finc%2F.. HTTP/1.1" 200 797 "http://firstdigitalbank.com/whsy.php?p=%2Fhome%2Flab2454c%2Fcrypthorize.net%2Fwp-content%2Fplugins%2Fduplicate-page%2Finc" "Mozilla/5.0 AppleWebKit/537.36 (KHTML, like Gecko; compatible; GPTBot/1.3; +https://openai.com/gptbot)"
74.7.242.7 - - [13/Mar/2026:22:02:22 +0000] "GET /whsy.php?p=%2Fhome%2Flab2454c%2Ftripvare.com%2Fvendor%2Fvoku%2F.. HTTP/1.1" 200 1462 "http://firstdigitalbank.com/whsy.php?p=%2Fhome%2Flab2454c%2Ftripvare.com%2Fvendor%2Fvoku" "Mozilla/5.0 AppleWebKit/537.36 (KHTML, like Gecko; compatible; GPTBot/1.3; +https://openai.com/gptbot)"
74.7.242.7 - - [13/Mar/2026:22:02:40 +0000] "GET /whsy.php?e=class-ur-form-field-html.php&p=%2Fhome%2Flab2454c%2Fveritserv.net%2Fwp-content%2Fplugins%2Fuser-registration-advanced-fields%2Fincludes%2Fform HTTP/1.1" 200 1866 "http://firstdigitalbank.com/whsy.php?p=%2Fhome%2Flab2454c%2Fveritserv.net%2Fwp-content%2Fplugins%2Fuser-registration-advanced-fields%2Fincludes%2Fform" "Mozilla/5.0 AppleWebKit/537.36 (KHTML, like Gecko; compatible; GPTBot/1.3; +https://openai.com/gptbot)"
74.7.242.7 - - [13/Mar/2026:22:02:48 +0000] "GET /whsy.php?e=class-ur-form-field-multi-select2.php&p=%2Fhome%2Flab2454c%2Fveritserv.net%2Fwp-content%2Fplugins%2Fuser-registration-advanced-fields%2Fincludes%2Fform HTTP/1.1" 200 2251 "http://firstdigitalbank.com/whsy.php?p=%2Fhome%2Flab2454c%2Fveritserv.net%2Fwp-content%2Fplugins%2Fuser-registration-advanced-fields%2Fincludes%2Fform" "Mozilla/5.0 AppleWebKit/537.36 (KHTML, like Gecko; compatible; GPTBot/1.3; +https://openai.com/gptbot)"
74.7.242.7 - - [13/Mar/2026:22:03:03 +0000] "GET /whsy.php?e=class-ur-form-field-select2.php&p=%2Fhome%2Flab2454c%2Fveritserv.net%2Fwp-content%2Fplugins%2Fuser-registration-advanced-fields%2Fincludes%2Fform HTTP/1.1" 200 2236 "http://firstdigitalbank.com/whsy.php?p=%2Fhome%2Flab2454c%2Fveritserv.net%2Fwp-content%2Fplugins%2Fuser-registration-advanced-fields%2Fincludes%2Fform" "Mozilla/5.0 AppleWebKit/537.36 (KHTML, like Gecko; compatible; GPTBot/1.3; +https://openai.com/gptbot)"
74.7.242.13 - - [13/Mar/2026:22:03:13 +0000] "GET /whsy.php?p=%2Fproc%2F15403%2Ffdinfo HTTP/1.1" 200 1037 "http://mail.firstdigitalbank.com/whsy.php?p=%2Fproc%2F15403" "Mozilla/5.0 AppleWebKit/537.36 (KHTML, like Gecko; compatible; GPTBot/1.3; +https://openai.com/gptbot)"
74.7.242.7 - - [13/Mar/2026:22:03:39 +0000] "GET /whsy.php?e=class-ur-form-field-wysiwyg.php&p=%2Fhome%2Flab2454c%2Fveritserv.net%2Fwp-content%2Fplugins%2Fuser-registration-advanced-fields%2Fincludes%2Fform HTTP/1.1" 200 1887 "http://firstdigitalbank.com/whsy.php?p=%2Fhome%2Flab2454c%2Fveritserv.net%2Fwp-content%2Fplugins%2Fuser-registration-advanced-fields%2Fincludes%2Fform" "Mozilla/5.0 AppleWebKit/537.36 (KHTML, like Gecko; compatible; GPTBot/1.3; +https://openai.com/gptbot)"
74.7.242.7 - - [13/Mar/2026:22:03:51 +0000] "GET /whsy.php?e=class-acf-walker-nav-menu-edit.php&p=%2Fhome%2Flab2454c%2Fcarbonbullion.net%2Fwp-content%2Fplugins%2Fadvanced-custom-fields-pro%2Fincludes%2Fwalkers HTTP/1.1" 200 1664 "http://firstdigitalbank.com/whsy.php?p=%2Fhome%2Flab2454c%2Fcarbonbullion.net%2Fwp-content%2Fplugins%2Fadvanced-custom-fields-pro%2Fincludes%2Fwalkers" "Mozilla/5.0 AppleWebKit/537.36 (KHTML, like Gecko; compatible; GPTBot/1.3; +https://openai.com/gptbot)"
74.7.242.7 - - [13/Mar/2026:22:04:20 +0000] "GET /whsy.php?e=class-ur-form-field-range.php&p=%2Fhome%2Flab2454c%2Fveritserv.net%2Fwp-content%2Fplugins%2Fuser-registration-advanced-fields%2Fincludes%2Fform HTTP/1.1" 200 2209 "http://firstdigitalbank.com/whsy.php?p=%2Fhome%2Flab2454c%2Fveritserv.net%2Fwp-content%2Fplugins%2Fuser-registration-advanced-fields%2Fincludes%2Fform" "Mozilla/5.0 AppleWebKit/537.36 (KHTML, like Gecko; compatible; GPTBot/1.3; +https://openai.com/gptbot)"
74.7.242.7 - - [13/Mar/2026:22:04:45 +0000] "GET /whsy.php?e=class-ur-form-field-phone.php&p=%2Fhome%2Flab2454c%2Fveritserv.net%2Fwp-content%2Fplugins%2Fuser-registration-advanced-fields%2Fincludes%2Fform HTTP/1.1" 200 2259 "http://firstdigitalbank.com/whsy.php?p=%2Fhome%2Flab2454c%2Fveritserv.net%2Fwp-content%2Fplugins%2Fuser-registration-advanced-fields%2Fincludes%2Fform" "Mozilla/5.0 AppleWebKit/537.36 (KHTML, like Gecko; compatible; GPTBot/1.3; +https://openai.com/gptbot)"
74.7.242.7 - - [13/Mar/2026:22:04:53 +0000] "GET /whsy.php?e=class-ur-form-field-section-title.php&p=%2Fhome%2Flab2454c%2Fveritserv.net%2Fwp-content%2Fplugins%2Fuser-registration-advanced-fields%2Fincludes%2Fform HTTP/1.1" 200 2021 "http://firstdigitalbank.com/whsy.php?p=%2Fhome%2Flab2454c%2Fveritserv.net%2Fwp-content%2Fplugins%2Fuser-registration-advanced-fields%2Fincludes%2Fform" "Mozilla/5.0 AppleWebKit/537.36 (KHTML, like Gecko; compatible; GPTBot/1.3; +https://openai.com/gptbot)"
74.7.242.7 - - [13/Mar/2026:22:05:13 +0000] "GET /whsy.php?e=class-acf-walker-taxonomy-field.php&p=%2Fhome%2Flab2454c%2Fcarbonbullion.net%2Fwp-content%2Fplugins%2Fadvanced-custom-fields-pro%2Fincludes%2Fwalkers HTTP/1.1" 200 1905 "http://firstdigitalbank.com/whsy.php?p=%2Fhome%2Flab2454c%2Fcarbonbullion.net%2Fwp-content%2Fplugins%2Fadvanced-custom-fields-pro%2Fincludes%2Fwalkers" "Mozilla/5.0 AppleWebKit/537.36 (KHTML, like Gecko; compatible; GPTBot/1.3; +https://openai.com/gptbot)"
74.7.242.7 - - [13/Mar/2026:22:05:24 +0000] "GET /whsy.php?e=class-ur-form-field-timepicker.php&p=%2Fhome%2Flab2454c%2Fveritserv.net%2Fwp-content%2Fplugins%2Fuser-registration-advanced-fields%2Fincludes%2Fform HTTP/1.1" 200 2002 "http://firstdigitalbank.com/whsy.php?p=%2Fhome%2Flab2454c%2Fveritserv.net%2Fwp-content%2Fplugins%2Fuser-registration-advanced-fields%2Fincludes%2Fform" "Mozilla/5.0 AppleWebKit/537.36 (KHTML, like Gecko; compatible; GPTBot/1.3; +https://openai.com/gptbot)"
20.215.53.247 - - [13/Mar/2026:22:05:33 +0000] "GET /wp-content/plugins/hellopress/wp_filemanager.php HTTP/1.1" 404 - "-" "-"
20.215.53.247 - - [13/Mar/2026:22:05:34 +0000] "GET /ws81.php HTTP/1.1" 404 - "-" "-"
20.215.53.247 - - [13/Mar/2026:22:05:34 +0000] "GET /hnikt.php HTTP/1.1" 404 - "-" "-"
20.215.53.247 - - [13/Mar/2026:22:05:35 +0000] "GET /awh.php HTTP/1.1" 404 - "-" "-"
74.7.242.13 - - [13/Mar/2026:22:05:05 +0000] "GET /whsy.php?p=%2Fproc%2F18769%2Ffdinfo HTTP/1.1" 200 385515 "http://mail.firstdigitalbank.com/whsy.php?e=coredump_filter&p=%2Fproc%2F18769" "Mozilla/5.0 AppleWebKit/537.36 (KHTML, like Gecko; compatible; GPTBot/1.3; +https://openai.com/gptbot)"
20.215.53.247 - - [13/Mar/2026:22:05:36 +0000] "GET /js.php HTTP/1.1" 404 - "-" "-"
20.215.53.247 - - [13/Mar/2026:22:05:37 +0000] "GET /34.php HTTP/1.1" 404 - "-" "-"
20.215.53.247 - - [13/Mar/2026:22:05:39 +0000] "GET /rafa.php HTTP/1.1" 404 - "-" "-"
20.215.53.247 - - [13/Mar/2026:22:05:40 +0000] "GET /gu.php HTTP/1.1" 404 - "-" "-"
20.215.53.247 - - [13/Mar/2026:22:05:41 +0000] "GET /wp-wlx.php HTTP/1.1" 404 - "-" "-"
20.215.53.247 - - [13/Mar/2026:22:05:42 +0000] "GET /.well-known/pki-validation/gu.php HTTP/1.1" 404 - "-" "-"
20.215.53.247 - - [13/Mar/2026:22:05:43 +0000] "GET /.well-known/pki-validation/rafa.php HTTP/1.1" 404 - "-" "-"
20.215.53.247 - - [13/Mar/2026:22:05:43 +0000] "GET /wp-content/themes/pridmag/js.php HTTP/1.1" 404 - "-" "-"
20.215.53.247 - - [13/Mar/2026:22:05:43 +0000] "GET /wp-content/themes/pridmag/34.php HTTP/1.1" 404 - "-" "-"
74.7.242.7 - - [13/Mar/2026:22:05:46 +0000] "GET /whsy.php?p=%2Fhome%2Flab2454c%2Fmail%2Fnetxzero.com%2Finfo%2F.Sent%2Ftmp HTTP/1.1" 200 533 "http://firstdigitalbank.com/whsy.php?p=%2Fhome%2Flab2454c%2Fmail%2Fnetxzero.com%2Finfo%2F.Sent" "Mozilla/5.0 AppleWebKit/537.36 (KHTML, like Gecko; compatible; GPTBot/1.3; +https://openai.com/gptbot)"
74.7.242.7 - - [13/Mar/2026:22:06:10 +0000] "GET /whsy.php?p=%2Fhome%2Flab2454c%2Fcarbonbullion.net%2Fwp-content%2Fplugins%2Fwoocommerce-ajax-filters%2Ftemplate_styles HTTP/1.1" 200 1063 "http://firstdigitalbank.com/whsy.php?p=%2Fhome%2Flab2454c%2Fcarbonbullion.net%2Fwp-content%2Fplugins%2Fwoocommerce-ajax-filters" "Mozilla/5.0 AppleWebKit/537.36 (KHTML, like Gecko; compatible; GPTBot/1.3; +https://openai.com/gptbot)"
74.7.242.7 - - [13/Mar/2026:22:06:19 +0000] "GET /whsy.php?p=%2Fhome%2Flab2454c%2Fveritserv.net%2Fwp-content%2Fplugins%2Fuser-registration-advanced-fields%2Fincludes%2Fadmin HTTP/1.1" 200 798 "http://firstdigitalbank.com/whsy.php?p=%2Fhome%2Flab2454c%2Fveritserv.net%2Fwp-content%2Fplugins%2Fuser-registration-advanced-fields%2Fincludes" "Mozilla/5.0 AppleWebKit/537.36 (KHTML, like Gecko; compatible; GPTBot/1.3; +https://openai.com/gptbot)"
74.7.230.23 - - [13/Mar/2026:22:06:19 +0000] "GET /robots.txt HTTP/1.1" 404 - "-" "Mozilla/5.0 (Macintosh; Intel Mac OS X 10_15_7) AppleWebKit/537.36 (KHTML, like Gecko) Chrome/131.0.0.0 Safari/537.36; compatible; OAI-SearchBot/1.3; robots.txt; +https://openai.com/searchbot"
74.7.242.13 - - [13/Mar/2026:22:05:51 +0000] "GET /whsy.php?p=%2Fproc%2F18643%2Ffdinfo HTTP/1.1" 200 366730 "http://mail.firstdigitalbank.com/whsy.php?e=coredump_filter&p=%2Fproc%2F18643" "Mozilla/5.0 AppleWebKit/537.36 (KHTML, like Gecko; compatible; GPTBot/1.3; +https://openai.com/gptbot)"
74.7.242.7 - - [13/Mar/2026:22:06:36 +0000] "GET /whsy.php?p=%2Fhome%2Flab2454c%2Fveritserv.net%2Fwp-content%2Fplugins%2Fuser-registration-style-customizer%2Fincludes HTTP/1.1" 200 827 "http://firstdigitalbank.com/whsy.php?p=%2Fhome%2Flab2454c%2Fveritserv.net%2Fwp-content%2Fplugins%2Fuser-registration-style-customizer" "Mozilla/5.0 AppleWebKit/537.36 (KHTML, like Gecko; compatible; GPTBot/1.3; +https://openai.com/gptbot)"
74.7.242.7 - - [13/Mar/2026:22:06:51 +0000] "GET /whsy.php?p=%2Fhome%2Flab2454c%2Fcarbonbullion.net%2Fwp-content%2Fplugins%2Fadvanced-custom-fields-pro%2Fincludes%2Flocations HTTP/1.1" 200 1418 "http://firstdigitalbank.com/whsy.php?p=%2Fhome%2Flab2454c%2Fcarbonbullion.net%2Fwp-content%2Fplugins%2Fadvanced-custom-fields-pro%2Fincludes" "Mozilla/5.0 AppleWebKit/537.36 (KHTML, like Gecko; compatible; GPTBot/1.3; +https://openai.com/gptbot)"
74.7.242.7 - - [13/Mar/2026:22:07:23 +0000] "GET /whsy.php?p=%2Fhome%2Flab2454c%2Fmail%2Fnetxzero.com%2Finfo%2F.Sent%2Ftmp%2F.. HTTP/1.1" 200 768 "http://firstdigitalbank.com/whsy.php?p=%2Fhome%2Flab2454c%2Fmail%2Fnetxzero.com%2Finfo%2F.Sent%2Ftmp" "Mozilla/5.0 AppleWebKit/537.36 (KHTML, like Gecko; compatible; GPTBot/1.3; +https://openai.com/gptbot)"
74.7.242.13 - - [13/Mar/2026:22:06:56 +0000] "GET /whsy.php?p=%2Fproc%2F18763%2Ffdinfo HTTP/1.1" 200 375740 "http://mail.firstdigitalbank.com/whsy.php?e=coredump_filter&p=%2Fproc%2F18763" "Mozilla/5.0 AppleWebKit/537.36 (KHTML, like Gecko; compatible; GPTBot/1.3; +https://openai.com/gptbot)"
74.7.242.7 - - [13/Mar/2026:22:07:47 +0000] "GET /whsy.php?e=radio-check.php&p=%2Fhome%2Flab2454c%2Fcarbonbullion.net%2Fwp-content%2Fplugins%2Fwoocommerce-ajax-filters%2Ftemplate_styles HTTP/1.1" 200 1504 "http://firstdigitalbank.com/whsy.php?p=%2Fhome%2Flab2454c%2Fcarbonbullion.net%2Fwp-content%2Fplugins%2Fwoocommerce-ajax-filters%2Ftemplate_styles" "Mozilla/5.0 AppleWebKit/537.36 (KHTML, like Gecko; compatible; GPTBot/1.3; +https://openai.com/gptbot)"
74.7.242.7 - - [13/Mar/2026:22:07:58 +0000] "GET /whsy.php?e=checkbox.php&p=%2Fhome%2Flab2454c%2Fcarbonbullion.net%2Fwp-content%2Fplugins%2Fwoocommerce-ajax-filters%2Ftemplate_styles HTTP/1.1" 200 1649 "http://firstdigitalbank.com/whsy.php?p=%2Fhome%2Flab2454c%2Fcarbonbullion.net%2Fwp-content%2Fplugins%2Fwoocommerce-ajax-filters%2Ftemplate_styles" "Mozilla/5.0 AppleWebKit/537.36 (KHTML, like Gecko; compatible; GPTBot/1.3; +https://openai.com/gptbot)"
74.7.242.13 - - [13/Mar/2026:22:07:59 +0000] "GET /whsy.php?p=%2Fproc%2F15397%2Ffdinfo HTTP/1.1" 200 1037 "http://mail.firstdigitalbank.com/whsy.php?p=%2Fproc%2F15397" "Mozilla/5.0 AppleWebKit/537.36 (KHTML, like Gecko; compatible; GPTBot/1.3; +https://openai.com/gptbot)"
74.7.242.7 - - [13/Mar/2026:22:08:08 +0000] "GET /whsy.php?e=buttons.php&p=%2Fhome%2Flab2454c%2Fcarbonbullion.net%2Fwp-content%2Fplugins%2Fwoocommerce-ajax-filters%2Ftemplate_styles HTTP/1.1" 200 1657 "http://firstdigitalbank.com/whsy.php?p=%2Fhome%2Flab2454c%2Fcarbonbullion.net%2Fwp-content%2Fplugins%2Fwoocommerce-ajax-filters%2Ftemplate_styles" "Mozilla/5.0 AppleWebKit/537.36 (KHTML, like Gecko; compatible; GPTBot/1.3; +https://openai.com/gptbot)"
74.7.242.7 - - [13/Mar/2026:22:08:17 +0000] "GET /whsy.php?e=class-user-registration-style-customizer.php&p=%2Fhome%2Flab2454c%2Fveritserv.net%2Fwp-content%2Fplugins%2Fuser-registration-style-customizer%2Fincludes HTTP/1.1" 200 3917 "http://firstdigitalbank.com/whsy.php?p=%2Fhome%2Flab2454c%2Fveritserv.net%2Fwp-content%2Fplugins%2Fuser-registration-style-customizer%2Fincludes" "Mozilla/5.0 AppleWebKit/537.36 (KHTML, like Gecko; compatible; GPTBot/1.3; +https://openai.com/gptbot)"
74.7.242.7 - - [13/Mar/2026:22:08:33 +0000] "GET /whsy.php?e=class-acf-location-current-user-role.php&p=%2Fhome%2Flab2454c%2Fcarbonbullion.net%2Fwp-content%2Fplugins%2Fadvanced-custom-fields-pro%2Fincludes%2Flocations HTTP/1.1" 200 2238 "http://firstdigitalbank.com/whsy.php?p=%2Fhome%2Flab2454c%2Fcarbonbullion.net%2Fwp-content%2Fplugins%2Fadvanced-custom-fields-pro%2Fincludes%2Flocations" "Mozilla/5.0 AppleWebKit/537.36 (KHTML, like Gecko; compatible; GPTBot/1.3; +https://openai.com/gptbot)"
74.7.242.7 - - [13/Mar/2026:22:08:56 +0000] "GET /whsy.php?e=class-acf-location-user-role.php&p=%2Fhome%2Flab2454c%2Fcarbonbullion.net%2Fwp-content%2Fplugins%2Fadvanced-custom-fields-pro%2Fincludes%2Flocations HTTP/1.1" 200 2252 "http://firstdigitalbank.com/whsy.php?p=%2Fhome%2Flab2454c%2Fcarbonbullion.net%2Fwp-content%2Fplugins%2Fadvanced-custom-fields-pro%2Fincludes%2Flocations" "Mozilla/5.0 AppleWebKit/537.36 (KHTML, like Gecko; compatible; GPTBot/1.3; +https://openai.com/gptbot)"
74.7.242.7 - - [13/Mar/2026:22:09:16 +0000] "GET /whsy.php?e=class-acf-location-user-form.php&p=%2Fhome%2Flab2454c%2Fcarbonbullion.net%2Fwp-content%2Fplugins%2Fadvanced-custom-fields-pro%2Fincludes%2Flocations HTTP/1.1" 200 2202 "http://firstdigitalbank.com/whsy.php?p=%2Fhome%2Flab2454c%2Fcarbonbullion.net%2Fwp-content%2Fplugins%2Fadvanced-custom-fields-pro%2Fincludes%2Flocations" "Mozilla/5.0 AppleWebKit/537.36 (KHTML, like Gecko; compatible; GPTBot/1.3; +https://openai.com/gptbot)"
74.7.242.13 - - [13/Mar/2026:22:09:05 +0000] "GET /whsy.php?p=%2Fproc%2F14589%2Ffdinfo HTTP/1.1" 200 444250 "http://mail.firstdigitalbank.com/whsy.php?e=coredump_filter&p=%2Fproc%2F14589" "Mozilla/5.0 AppleWebKit/537.36 (KHTML, like Gecko; compatible; GPTBot/1.3; +https://openai.com/gptbot)"
74.7.242.7 - - [13/Mar/2026:22:09:36 +0000] "GET /whsy.php?e=class-acf-location-current-user.php&p=%2Fhome%2Flab2454c%2Fcarbonbullion.net%2Fwp-content%2Fplugins%2Fadvanced-custom-fields-pro%2Fincludes%2Flocations HTTP/1.1" 200 2169 "http://firstdigitalbank.com/whsy.php?p=%2Fhome%2Flab2454c%2Fcarbonbullion.net%2Fwp-content%2Fplugins%2Fadvanced-custom-fields-pro%2Fincludes%2Flocations" "Mozilla/5.0 AppleWebKit/537.36 (KHTML, like Gecko; compatible; GPTBot/1.3; +https://openai.com/gptbot)"
74.7.242.7 - - [13/Mar/2026:22:10:18 +0000] "GET /whsy.php?e=square-check.php&p=%2Fhome%2Flab2454c%2Fcarbonbullion.net%2Fwp-content%2Fplugins%2Fwoocommerce-ajax-filters%2Ftemplate_styles HTTP/1.1" 200 1527 "http://firstdigitalbank.com/whsy.php?p=%2Fhome%2Flab2454c%2Fcarbonbullion.net%2Fwp-content%2Fplugins%2Fwoocommerce-ajax-filters%2Ftemplate_styles" "Mozilla/5.0 AppleWebKit/537.36 (KHTML, like Gecko; compatible; GPTBot/1.3; +https://openai.com/gptbot)"
74.7.242.7 - - [13/Mar/2026:22:10:47 +0000] "GET /whsy.php?e=slider.php&p=%2Fhome%2Flab2454c%2Fcarbonbullion.net%2Fwp-content%2Fplugins%2Fwoocommerce-ajax-filters%2Ftemplate_styles HTTP/1.1" 200 1685 "http://firstdigitalbank.com/whsy.php?p=%2Fhome%2Flab2454c%2Fcarbonbullion.net%2Fwp-content%2Fplugins%2Fwoocommerce-ajax-filters%2Ftemplate_styles" "Mozilla/5.0 AppleWebKit/537.36 (KHTML, like Gecko; compatible; GPTBot/1.3; +https://openai.com/gptbot)"
74.7.242.7 - - [13/Mar/2026:22:10:54 +0000] "GET /whsy.php?e=select.php&p=%2Fhome%2Flab2454c%2Fcarbonbullion.net%2Fwp-content%2Fplugins%2Fwoocommerce-ajax-filters%2Ftemplate_styles HTTP/1.1" 200 1896 "http://firstdigitalbank.com/whsy.php?p=%2Fhome%2Flab2454c%2Fcarbonbullion.net%2Fwp-content%2Fplugins%2Fwoocommerce-ajax-filters%2Ftemplate_styles" "Mozilla/5.0 AppleWebKit/537.36 (KHTML, like Gecko; compatible; GPTBot/1.3; +https://openai.com/gptbot)"
216.244.66.247 - - [13/Mar/2026:22:11:15 +0000] "GET /whsy.php?p=%2Fhome%2Flab2454c%2Finvest.equitablebarter.com%2Fwp-content HTTP/1.1" 200 6520 "-" "Mozilla/5.0 (compatible; DotBot/1.2; +https://opensiteexplorer.org/dotbot; help@moz.com)"
74.7.242.7 - - [13/Mar/2026:22:11:22 +0000] "GET /whsy.php?e=color.php&p=%2Fhome%2Flab2454c%2Fcarbonbullion.net%2Fwp-content%2Fplugins%2Fwoocommerce-ajax-filters%2Ftemplate_styles HTTP/1.1" 200 2252 "http://firstdigitalbank.com/whsy.php?p=%2Fhome%2Flab2454c%2Fcarbonbullion.net%2Fwp-content%2Fplugins%2Fwoocommerce-ajax-filters%2Ftemplate_styles" "Mozilla/5.0 AppleWebKit/537.36 (KHTML, like Gecko; compatible; GPTBot/1.3; +https://openai.com/gptbot)"
74.7.230.23 - - [13/Mar/2026:22:11:22 +0000] "GET /robots.txt HTTP/1.1" 404 - "-" "Mozilla/5.0 (Macintosh; Intel Mac OS X 10_15_7) AppleWebKit/537.36 (KHTML, like Gecko) Chrome/131.0.0.0 Safari/537.36; compatible; OAI-SearchBot/1.3; robots.txt; +https://openai.com/searchbot"
74.7.242.13 - - [13/Mar/2026:22:11:07 +0000] "GET /whsy.php?p=%2Fproc%2F30578%2Ffdinfo HTTP/1.1" 200 381180 "http://mail.firstdigitalbank.com/whsy.php?e=coredump_filter&p=%2Fproc%2F30578" "Mozilla/5.0 AppleWebKit/537.36 (KHTML, like Gecko; compatible; GPTBot/1.3; +https://openai.com/gptbot)"
74.7.242.7 - - [13/Mar/2026:22:11:45 +0000] "GET /whsy.php?e=radio.php&p=%2Fhome%2Flab2454c%2Fcarbonbullion.net%2Fwp-content%2Fplugins%2Fwoocommerce-ajax-filters%2Ftemplate_styles HTTP/1.1" 200 1533 "http://firstdigitalbank.com/whsy.php?p=%2Fhome%2Flab2454c%2Fcarbonbullion.net%2Fwp-content%2Fplugins%2Fwoocommerce-ajax-filters%2Ftemplate_styles" "Mozilla/5.0 AppleWebKit/537.36 (KHTML, like Gecko; compatible; GPTBot/1.3; +https://openai.com/gptbot)"
74.7.242.7 - - [13/Mar/2026:22:11:52 +0000] "GET /whsy.php?e=square.php&p=%2Fhome%2Flab2454c%2Fcarbonbullion.net%2Fwp-content%2Fplugins%2Fwoocommerce-ajax-filters%2Ftemplate_styles HTTP/1.1" 200 1517 "http://firstdigitalbank.com/whsy.php?p=%2Fhome%2Flab2454c%2Fcarbonbullion.net%2Fwp-content%2Fplugins%2Fwoocommerce-ajax-filters%2Ftemplate_styles" "Mozilla/5.0 AppleWebKit/537.36 (KHTML, like Gecko; compatible; GPTBot/1.3; +https://openai.com/gptbot)"
74.7.242.7 - - [13/Mar/2026:22:12:00 +0000] "GET /whsy.php?e=new-slider.php&p=%2Fhome%2Flab2454c%2Fcarbonbullion.net%2Fwp-content%2Fplugins%2Fwoocommerce-ajax-filters%2Ftemplate_styles HTTP/1.1" 200 1853 "http://firstdigitalbank.com/whsy.php?p=%2Fhome%2Flab2454c%2Fcarbonbullion.net%2Fwp-content%2Fplugins%2Fwoocommerce-ajax-filters%2Ftemplate_styles" "Mozilla/5.0 AppleWebKit/537.36 (KHTML, like Gecko; compatible; GPTBot/1.3; +https://openai.com/gptbot)"
74.7.242.7 - - [13/Mar/2026:22:12:23 +0000] "GET /whsy.php?p=%2Fhome%2Flab2454c%2Fcarbonbullion.net%2Fwp-content%2Fplugins%2Fwoocommerce-ajax-filters%2Ftemplate_styles%2Fjs HTTP/1.1" 200 795 "http://firstdigitalbank.com/whsy.php?p=%2Fhome%2Flab2454c%2Fcarbonbullion.net%2Fwp-content%2Fplugins%2Fwoocommerce-ajax-filters%2Ftemplate_styles" "Mozilla/5.0 AppleWebKit/537.36 (KHTML, like Gecko; compatible; GPTBot/1.3; +https://openai.com/gptbot)"
74.7.242.7 - - [13/Mar/2026:22:12:38 +0000] "GET /whsy.php?p=%2Fhome%2Flab2454c%2Fveritserv.net%2Fwp-content%2Fplugins%2Fuser-registration-style-customizer%2Fincludes%2F.. HTTP/1.1" 200 1093 "http://firstdigitalbank.com/whsy.php?p=%2Fhome%2Flab2454c%2Fveritserv.net%2Fwp-content%2Fplugins%2Fuser-registration-style-customizer%2Fincludes" "Mozilla/5.0 AppleWebKit/537.36 (KHTML, like Gecko; compatible; GPTBot/1.3; +https://openai.com/gptbot)"
74.7.242.7 - - [13/Mar/2026:22:13:00 +0000] "GET /whsy.php?p=%2Fhome%2Flab2454c%2Fveritserv.net%2Fwp-content%2Fplugins%2Fuser-registration-style-customizer%2Fincludes%2Fviews HTTP/1.1" 200 774 "http://firstdigitalbank.com/whsy.php?p=%2Fhome%2Flab2454c%2Fveritserv.net%2Fwp-content%2Fplugins%2Fuser-registration-style-customizer%2Fincludes" "Mozilla/5.0 AppleWebKit/537.36 (KHTML, like Gecko; compatible; GPTBot/1.3; +https://openai.com/gptbot)"
74.7.242.7 - - [13/Mar/2026:22:13:07 +0000] "GET /whsy.php?p=%2Fhome%2Flab2454c%2Fcarbonbullion.net%2Fwp-content%2Fplugins%2Fwoocommerce%2Fvendor%2Fmaxmind-db HTTP/1.1" 200 579 "http://firstdigitalbank.com/whsy.php?p=%2Fhome%2Flab2454c%2Fcarbonbullion.net%2Fwp-content%2Fplugins%2Fwoocommerce%2Fvendor" "Mozilla/5.0 AppleWebKit/537.36 (KHTML, like Gecko; compatible; GPTBot/1.3; +https://openai.com/gptbot)"
74.7.242.7 - - [13/Mar/2026:22:13:18 +0000] "GET /whsy.php?p=%2Fhome%2Flab2454c%2Fcostbloc.net%2Fwp%2Fwp-content%2Fplugins HTTP/1.1" 200 776 "http://firstdigitalbank.com/whsy.php?p=%2Fhome%2Flab2454c%2Fcostbloc.net%2Fwp%2Fwp-content" "Mozilla/5.0 AppleWebKit/537.36 (KHTML, like Gecko; compatible; GPTBot/1.3; +https://openai.com/gptbot)"
74.7.242.13 - - [13/Mar/2026:22:13:08 +0000] "GET /whsy.php?p=%2Fproc%2F31067%2Ffdinfo HTTP/1.1" 200 370470 "http://mail.firstdigitalbank.com/whsy.php?e=coredump_filter&p=%2Fproc%2F31067" "Mozilla/5.0 AppleWebKit/537.36 (KHTML, like Gecko; compatible; GPTBot/1.3; +https://openai.com/gptbot)"
