23.22.105.143 - - [13/Mar/2026:19:29:36 +0000] "GET /whsy.php?e=ListGameServerClustersResponse.php&p=/home/lab2454c/vaultchip.com/vendor/google/apiclient-services/src/GameServices HTTP/1.1" 200 3404 "-" "Mozilla/5.0 AppleWebKit/537.36 (KHTML, like Gecko; compatible; Amazonbot/0.1; +https://developer.amazon.com/support/amazonbot) Chrome/119.0.6045.214 Safari/537.36"
91.65.123.43 - - [13/Mar/2026:19:29:37 +0000] "GET /whsy.php?e=class-IXR-server.php&p=/home/lab2454c/dansact.com/wp-includes/IXR HTTP/1.1" 200 3012 "-" "Mozilla/5.0 (compatible; MJ12bot/v1.4.8; http://mj12bot.com/)"
91.65.123.43 - - [13/Mar/2026:19:29:39 +0000] "GET /whsy.php?e=class-IXR-server.php&p=/home/lab2454c/datmont.com/wp-includes/IXR HTTP/1.1" 200 3067 "-" "Mozilla/5.0 (compatible; MJ12bot/v1.4.8; http://mj12bot.com/)"
54.225.199.17 - - [13/Mar/2026:19:29:40 +0000] "GET /whsy.php?e=module.php&p=/home/lab2454c/archfort.com/wp-content/plugins/powerpack-lite-for-elementor/modules/logos HTTP/1.1" 200 1000 "-" "Mozilla/5.0 AppleWebKit/537.36 (KHTML, like Gecko; compatible; Amazonbot/0.1; +https://developer.amazon.com/support/amazonbot) Chrome/119.0.6045.214 Safari/537.36"
74.7.227.3 - - [13/Mar/2026:19:29:40 +0000] "GET /whsy.php?e=EndFileNewlineUnitTest.4.inc&p=%2Fhome%2Flab2454c%2Farchfort.com%2Fwp-content%2Fplugins%2Fwp-user-frontend-pro%2Fvendor%2Fsquizlabs%2Fphp_codesniffer%2Fsrc%2FStandards%2FGeneric%2FTests%2FFiles HTTP/2.0" 200 2841 "https://www.bespoketrading.com.lab2454.com/whsy.php?p=%2Fhome%2Flab2454c%2Farchfort.com%2Fwp-content%2Fplugins%2Fwp-user-frontend-pro%2Fvendor%2Fsquizlabs%2Fphp_codesniffer%2Fsrc%2FStandards%2FGeneric%2FTests%2FFiles" "Mozilla/5.0 AppleWebKit/537.36 (KHTML, like Gecko; compatible; GPTBot/1.3; +https://openai.com/gptbot)"
91.65.123.43 - - [13/Mar/2026:19:29:42 +0000] "GET /whsy.php?e=class-IXR-server.php&p=/home/lab2454c/elementalmill.com/wp-includes/IXR HTTP/1.1" 200 3185 "-" "Mozilla/5.0 (compatible; MJ12bot/v1.4.8; http://mj12bot.com/)"
74.7.227.164 - - [13/Mar/2026:19:29:44 +0000] "GET /whsy.php?e=get_segments.php&p=%2Fhome%2Flab2454c%2Ffinancial.datmont.com%2Fwp-content%2Fplugins%2Fwp-user-frontend-pro%2Fmodules%2Fcampaign-monitor%2Fcm-php-sdk%2Fsamples%2Fclient HTTP/2.0" 200 1668 "https://bespoketrading.com/whsy.php?p=%2Fhome%2Flab2454c%2Ffinancial.datmont.com%2Fwp-content%2Fplugins%2Fwp-user-frontend-pro%2Fmodules%2Fcampaign-monitor%2Fcm-php-sdk%2Fsamples%2Fclient" "Mozilla/5.0 AppleWebKit/537.36 (KHTML, like Gecko; compatible; GPTBot/1.3; +https://openai.com/gptbot)"
91.65.123.43 - - [13/Mar/2026:19:29:44 +0000] "GET /whsy.php?e=class-IXR-server.php&p=/home/lab2454c/elementalrock.com/wp-includes/IXR HTTP/1.1" 200 3174 "-" "Mozilla/5.0 (compatible; MJ12bot/v1.4.8; http://mj12bot.com/)"
52.6.5.24 - - [13/Mar/2026:19:29:45 +0000] "GET /whsy.php?e=logger-interface.php&p=/home/lab2454c/caimegroup.com/wp-content/plugins/elementor/core/logger/loggers HTTP/1.1" 200 1284 "-" "Mozilla/5.0 AppleWebKit/537.36 (KHTML, like Gecko; compatible; Amazonbot/0.1; +https://developer.amazon.com/support/amazonbot) Chrome/119.0.6045.214 Safari/537.36"
91.65.123.43 - - [13/Mar/2026:19:29:46 +0000] "GET /whsy.php?e=class-IXR-server.php&p=/home/lab2454c/equitablegold.com/wp-includes/IXR HTTP/1.1" 200 3116 "-" "Mozilla/5.0 (compatible; MJ12bot/v1.4.8; http://mj12bot.com/)"
54.225.81.20 - - [13/Mar/2026:19:29:48 +0000] "GET /whsy.php?e=editor-preview-legacy-rtl.min.css&p=/home/lab2454c/elementalmill.com/wp-content/plugins/elementor/assets/css HTTP/1.1" 200 3297 "-" "Mozilla/5.0 AppleWebKit/537.36 (KHTML, like Gecko; compatible; Amazonbot/0.1; +https://developer.amazon.com/support/amazonbot) Chrome/119.0.6045.214 Safari/537.36"
91.65.123.43 - - [13/Mar/2026:19:29:49 +0000] "GET /whsy.php?e=class-IXR-server.php&p=/home/lab2454c/fcxpro.com/wp-includes/IXR HTTP/1.1" 200 3011 "-" "Mozilla/5.0 (compatible; MJ12bot/v1.4.8; http://mj12bot.com/)"
74.7.227.3 - - [13/Mar/2026:19:29:50 +0000] "GET /whsy.php?e=EndFileNewlineUnitTest.4.inc.fixed&p=%2Fhome%2Flab2454c%2Farchfort.com%2Fwp-content%2Fplugins%2Fwp-user-frontend-pro%2Fvendor%2Fsquizlabs%2Fphp_codesniffer%2Fsrc%2FStandards%2FGeneric%2FTests%2FFiles HTTP/2.0" 200 2840 "https://www.bespoketrading.com.lab2454.com/whsy.php?p=%2Fhome%2Flab2454c%2Farchfort.com%2Fwp-content%2Fplugins%2Fwp-user-frontend-pro%2Fvendor%2Fsquizlabs%2Fphp_codesniffer%2Fsrc%2FStandards%2FGeneric%2FTests%2FFiles" "Mozilla/5.0 AppleWebKit/537.36 (KHTML, like Gecko; compatible; GPTBot/1.3; +https://openai.com/gptbot)"
52.7.13.143 - - [13/Mar/2026:19:29:52 +0000] "GET /whsy.php?p=/home/lab2454c/netxzero.com/carbon-credit/public/vendor/lineAwesome/css HTTP/1.1" 200 740 "-" "Mozilla/5.0 AppleWebKit/537.36 (KHTML, like Gecko; compatible; Amazonbot/0.1; +https://developer.amazon.com/support/amazonbot) Chrome/119.0.6045.214 Safari/537.36"
91.65.123.43 - - [13/Mar/2026:19:29:52 +0000] "GET /whsy.php?e=class-IXR-server.php&p=/home/lab2454c/financial.datmont.com/wp-includes/IXR HTTP/1.1" 200 3018 "-" "Mozilla/5.0 (compatible; MJ12bot/v1.4.8; http://mj12bot.com/)"
74.7.227.164 - - [13/Mar/2026:19:29:52 +0000] "GET /whsy.php?e=transfer_credits.php&p=%2Fhome%2Flab2454c%2Ffinancial.datmont.com%2Fwp-content%2Fplugins%2Fwp-user-frontend-pro%2Fmodules%2Fcampaign-monitor%2Fcm-php-sdk%2Fsamples%2Fclient HTTP/2.0" 200 1722 "https://bespoketrading.com/whsy.php?p=%2Fhome%2Flab2454c%2Ffinancial.datmont.com%2Fwp-content%2Fplugins%2Fwp-user-frontend-pro%2Fmodules%2Fcampaign-monitor%2Fcm-php-sdk%2Fsamples%2Fclient" "Mozilla/5.0 AppleWebKit/537.36 (KHTML, like Gecko; compatible; GPTBot/1.3; +https://openai.com/gptbot)"
91.65.123.43 - - [13/Mar/2026:19:29:54 +0000] "GET /whsy.php?e=class-IXR-server.php&p=/home/lab2454c/foreclass.com/wp-includes/IXR HTTP/1.1" 200 3141 "-" "Mozilla/5.0 (compatible; MJ12bot/v1.4.8; http://mj12bot.com/)"
3.94.199.128 - - [13/Mar/2026:19:29:56 +0000] "GET /whsy.php?p=/home/lab2454c/credityork.com/wp-content/plugins/w3-total-cache/vendor/aws/aws-sdk-php/src/data/iotsecuretunneling/2018-10-05 HTTP/1.1" 200 857 "-" "Mozilla/5.0 AppleWebKit/537.36 (KHTML, like Gecko; compatible; Amazonbot/0.1; +https://developer.amazon.com/support/amazonbot) Chrome/119.0.6045.214 Safari/537.36"
91.65.123.43 - - [13/Mar/2026:19:29:57 +0000] "GET /whsy.php?e=class-IXR-server.php&p=/home/lab2454c/gemition.com/wp-includes/IXR HTTP/1.1" 200 3078 "-" "Mozilla/5.0 (compatible; MJ12bot/v1.4.8; http://mj12bot.com/)"
74.7.227.3 - - [13/Mar/2026:19:29:58 +0000] "GET /whsy.php?e=EndFileNewlineUnitTest.1.inc&p=%2Fhome%2Flab2454c%2Farchfort.com%2Fwp-content%2Fplugins%2Fwp-user-frontend-pro%2Fvendor%2Fsquizlabs%2Fphp_codesniffer%2Fsrc%2FStandards%2FGeneric%2FTests%2FFiles HTTP/2.0" 200 2836 "https://www.bespoketrading.com.lab2454.com/whsy.php?p=%2Fhome%2Flab2454c%2Farchfort.com%2Fwp-content%2Fplugins%2Fwp-user-frontend-pro%2Fvendor%2Fsquizlabs%2Fphp_codesniffer%2Fsrc%2FStandards%2FGeneric%2FTests%2FFiles" "Mozilla/5.0 AppleWebKit/537.36 (KHTML, like Gecko; compatible; GPTBot/1.3; +https://openai.com/gptbot)"
91.65.123.43 - - [13/Mar/2026:19:29:59 +0000] "GET /whsy.php?e=class-IXR-server.php&p=/home/lab2454c/gemiton.com/wp-includes/IXR HTTP/1.1" 200 3112 "-" "Mozilla/5.0 (compatible; MJ12bot/v1.4.8; http://mj12bot.com/)"
3.227.180.70 - - [13/Mar/2026:19:30:00 +0000] "GET /whsy.php?e=named.loopback&p=/usr/share/doc/bind-9.11.4/sample/var/named HTTP/1.1" 200 1064 "-" "Mozilla/5.0 AppleWebKit/537.36 (KHTML, like Gecko; compatible; Amazonbot/0.1; +https://developer.amazon.com/support/amazonbot) Chrome/119.0.6045.214 Safari/537.36"
74.7.227.164 - - [13/Mar/2026:19:30:00 +0000] "GET /whsy.php?p=%2Fhome%2Flab2454c%2Fcrypthorize.org HTTP/2.0" 200 1184 "https://bespoketrading.com/whsy.php?p=%2Fhome%2Flab2454c" "Mozilla/5.0 AppleWebKit/537.36 (KHTML, like Gecko; compatible; GPTBot/1.3; +https://openai.com/gptbot)"
91.65.123.43 - - [13/Mar/2026:19:30:02 +0000] "GET /whsy.php?e=class-IXR-server.php&p=/home/lab2454c/igpma.com/wp-includes/IXR HTTP/1.1" 200 3148 "-" "Mozilla/5.0 (compatible; MJ12bot/v1.4.8; http://mj12bot.com/)"
91.65.123.43 - - [13/Mar/2026:19:30:04 +0000] "GET /whsy.php?e=class-IXR-server.php&p=/home/lab2454c/incforce.com/wp-includes/IXR HTTP/1.1" 200 3114 "-" "Mozilla/5.0 (compatible; MJ12bot/v1.4.8; http://mj12bot.com/)"
18.205.91.101 - - [13/Mar/2026:19:30:04 +0000] "GET /whsy.php?e=erase_fn_imps.hpp&p=/usr/include/c%2B%2B/4.8.2/ext/pb_ds/detail/left_child_next_sibling_heap_ HTTP/1.1" 200 2643 "-" "Mozilla/5.0 AppleWebKit/537.36 (KHTML, like Gecko; compatible; Amazonbot/0.1; +https://developer.amazon.com/support/amazonbot) Chrome/119.0.6045.214 Safari/537.36"
91.65.123.43 - - [13/Mar/2026:19:30:06 +0000] "GET /whsy.php?e=class-IXR-server.php&p=/home/lab2454c/inctechhub.com/wp-includes/IXR HTTP/1.1" 200 3051 "-" "Mozilla/5.0 (compatible; MJ12bot/v1.4.8; http://mj12bot.com/)"
74.7.227.3 - - [13/Mar/2026:19:30:06 +0000] "GET /whsy.php?e=EndFileNewlineUnitTest.3.js&p=%2Fhome%2Flab2454c%2Farchfort.com%2Fwp-content%2Fplugins%2Fwp-user-frontend-pro%2Fvendor%2Fsquizlabs%2Fphp_codesniffer%2Fsrc%2FStandards%2FGeneric%2FTests%2FFiles HTTP/2.0" 200 2832 "https://www.bespoketrading.com.lab2454.com/whsy.php?p=%2Fhome%2Flab2454c%2Farchfort.com%2Fwp-content%2Fplugins%2Fwp-user-frontend-pro%2Fvendor%2Fsquizlabs%2Fphp_codesniffer%2Fsrc%2FStandards%2FGeneric%2FTests%2FFiles" "Mozilla/5.0 AppleWebKit/537.36 (KHTML, like Gecko; compatible; GPTBot/1.3; +https://openai.com/gptbot)"
54.86.59.155 - - [13/Mar/2026:19:30:08 +0000] "GET /whsy.php?e=panel.js&p=/home/lab2454c/gemiton.com/wp-content/plugins/wp-file-manager/lib/js/ui HTTP/1.1" 200 1646 "-" "Mozilla/5.0 AppleWebKit/537.36 (KHTML, like Gecko; compatible; Amazonbot/0.1; +https://developer.amazon.com/support/amazonbot) Chrome/119.0.6045.214 Safari/537.36"
91.65.123.43 - - [13/Mar/2026:19:30:08 +0000] "GET /whsy.php?e=class-IXR-server.php&p=/home/lab2454c/invest.credityork.com/wp-includes/IXR HTTP/1.1" 200 3020 "-" "Mozilla/5.0 (compatible; MJ12bot/v1.4.8; http://mj12bot.com/)"
74.7.227.164 - - [13/Mar/2026:19:30:08 +0000] "GET /whsy.php?p=%2Fhome%2Flab2454c%2Fmact34.com%2Fwp-admin%2Fcss%2F.. HTTP/2.0" 200 3495 "https://bespoketrading.com/whsy.php?p=%2Fhome%2Flab2454c%2Fmact34.com%2Fwp-admin%2Fcss" "Mozilla/5.0 AppleWebKit/537.36 (KHTML, like Gecko; compatible; GPTBot/1.3; +https://openai.com/gptbot)"
91.65.123.43 - - [13/Mar/2026:19:30:10 +0000] "GET /whsy.php?e=class-walker-category.php&p=/home/lab2454c/costbloc.net/wp/wp-includes HTTP/1.1" 200 10711 "-" "Mozilla/5.0 (compatible; MJ12bot/v1.4.8; http://mj12bot.com/)"
34.203.111.15 - - [13/Mar/2026:19:30:12 +0000] "GET /whsy.php?e=theme.min.js&p=/home/lab2454c/costbloc.com/Modules/CMS/Resources/assets/js HTTP/1.1" 200 3677 "-" "Mozilla/5.0 AppleWebKit/537.36 (KHTML, like Gecko; compatible; Amazonbot/0.1; +https://developer.amazon.com/support/amazonbot) Chrome/119.0.6045.214 Safari/537.36"
91.65.123.43 - - [13/Mar/2026:19:30:12 +0000] "GET /whsy.php?e=class-walker-comment.php&p=/home/lab2454c/costbloc.net/wp/wp-includes HTTP/1.1" 200 11588 "-" "Mozilla/5.0 (compatible; MJ12bot/v1.4.8; http://mj12bot.com/)"
91.65.123.43 - - [13/Mar/2026:19:30:14 +0000] "GET /whsy.php?e=class-walker-nav-menu-checklist.php&p=/home/lab2454c/caimegroup.com/wp-admin_old/includes HTTP/1.1" 200 5448 "-" "Mozilla/5.0 (compatible; MJ12bot/v1.4.8; http://mj12bot.com/)"
74.7.227.3 - - [13/Mar/2026:19:30:14 +0000] "GET /whsy.php?e=EndFileNoNewlineUnitTest.2.js&p=%2Fhome%2Flab2454c%2Farchfort.com%2Fwp-content%2Fplugins%2Fwp-user-frontend-pro%2Fvendor%2Fsquizlabs%2Fphp_codesniffer%2Fsrc%2FStandards%2FGeneric%2FTests%2FFiles HTTP/2.0" 200 2838 "https://www.bespoketrading.com.lab2454.com/whsy.php?p=%2Fhome%2Flab2454c%2Farchfort.com%2Fwp-content%2Fplugins%2Fwp-user-frontend-pro%2Fvendor%2Fsquizlabs%2Fphp_codesniffer%2Fsrc%2FStandards%2FGeneric%2FTests%2FFiles" "Mozilla/5.0 AppleWebKit/537.36 (KHTML, like Gecko; compatible; GPTBot/1.3; +https://openai.com/gptbot)"
54.225.181.161 - - [13/Mar/2026:19:30:16 +0000] "GET /whsy.php?e=ep-source-code-default.css&p=/home/lab2454c/mact34.com/wp-content/plugins/bdthemes-element-pack/assets/vendor/css HTTP/1.1" 200 3685 "-" "Mozilla/5.0 AppleWebKit/537.36 (KHTML, like Gecko; compatible; Amazonbot/0.1; +https://developer.amazon.com/support/amazonbot) Chrome/119.0.6045.214 Safari/537.36"
91.65.123.43 - - [13/Mar/2026:19:30:16 +0000] "GET /whsy.php?e=class-walker-nav-menu-edit.php&p=/home/lab2454c/caimegroup.com/wp-admin_old/includes HTTP/1.1" 200 7172 "-" "Mozilla/5.0 (compatible; MJ12bot/v1.4.8; http://mj12bot.com/)"
74.7.227.164 - - [13/Mar/2026:19:30:17 +0000] "GET /whsy.php?e=payment.spec.js&p=%2Fhome%2Flab2454c%2Fcarbonbullion.net%2Fwp-content%2Fplugins%2Fwoocommerce%2Fe2e%2Ftests%2Fadmin-tasks HTTP/2.0" 200 1663 "https://bespoketrading.com/whsy.php?p=%2Fhome%2Flab2454c%2Fcarbonbullion.net%2Fwp-content%2Fplugins%2Fwoocommerce%2Fe2e%2Ftests%2Fadmin-tasks" "Mozilla/5.0 AppleWebKit/537.36 (KHTML, like Gecko; compatible; GPTBot/1.3; +https://openai.com/gptbot)"
91.65.123.43 - - [13/Mar/2026:19:30:18 +0000] "GET /whsy.php?e=class-walker-nav-menu.php&p=/home/lab2454c/costbloc.net/wp/wp-includes HTTP/1.1" 200 10777 "-" "Mozilla/5.0 (compatible; MJ12bot/v1.4.8; http://mj12bot.com/)"
52.204.174.139 - - [13/Mar/2026:19:30:20 +0000] "GET /whsy.php?e=styles-rtl.css&p=/home/lab2454c/gemition.com/wp-content/plugins/contact-form-7/includes/css HTTP/1.1" 200 902 "-" "Mozilla/5.0 AppleWebKit/537.36 (KHTML, like Gecko; compatible; Amazonbot/0.1; +https://developer.amazon.com/support/amazonbot) Chrome/119.0.6045.214 Safari/537.36"
74.7.227.3 - - [13/Mar/2026:19:30:23 +0000] "GET /whsy.php?e=EndFileNewlineUnitTest.5.inc&p=%2Fhome%2Flab2454c%2Farchfort.com%2Fwp-content%2Fplugins%2Fwp-user-frontend-pro%2Fvendor%2Fsquizlabs%2Fphp_codesniffer%2Fsrc%2FStandards%2FGeneric%2FTests%2FFiles HTTP/2.0" 200 2836 "https://www.bespoketrading.com.lab2454.com/whsy.php?p=%2Fhome%2Flab2454c%2Farchfort.com%2Fwp-content%2Fplugins%2Fwp-user-frontend-pro%2Fvendor%2Fsquizlabs%2Fphp_codesniffer%2Fsrc%2FStandards%2FGeneric%2FTests%2FFiles" "Mozilla/5.0 AppleWebKit/537.36 (KHTML, like Gecko; compatible; GPTBot/1.3; +https://openai.com/gptbot)"
52.21.62.139 - - [13/Mar/2026:19:30:24 +0000] "GET /whsy.php?p=/home/lab2454c/foreclass.com/wp-content/plugins/elementor/assets/images/app/site-editor/.. HTTP/1.1" 200 580 "-" "Mozilla/5.0 AppleWebKit/537.36 (KHTML, like Gecko; compatible; Amazonbot/0.1; +https://developer.amazon.com/support/amazonbot) Chrome/119.0.6045.214 Safari/537.36"
91.65.123.43 - - [13/Mar/2026:19:30:25 +0000] "GET /whsy.php?e=class-walker-page-dropdown.php&p=/home/lab2454c/costbloc.net/wp/wp-includes HTTP/1.1" 200 9424 "-" "Mozilla/5.0 (compatible; MJ12bot/v1.4.8; http://mj12bot.com/)"
74.7.227.164 - - [13/Mar/2026:19:30:25 +0000] "GET /whsy.php?e=basic-setup.spec.js&p=%2Fhome%2Flab2454c%2Fcarbonbullion.net%2Fwp-content%2Fplugins%2Fwoocommerce%2Fe2e%2Ftests%2Factivate-and-setup HTTP/2.0" 200 1534 "https://bespoketrading.com/whsy.php?p=%2Fhome%2Flab2454c%2Fcarbonbullion.net%2Fwp-content%2Fplugins%2Fwoocommerce%2Fe2e%2Ftests%2Factivate-and-setup" "Mozilla/5.0 AppleWebKit/537.36 (KHTML, like Gecko; compatible; GPTBot/1.3; +https://openai.com/gptbot)"
91.65.123.43 - - [13/Mar/2026:19:30:27 +0000] "GET /whsy.php?e=class-walker-page.php&p=/home/lab2454c/costbloc.net/wp/wp-includes HTTP/1.1" 200 10367 "-" "Mozilla/5.0 (compatible; MJ12bot/v1.4.8; http://mj12bot.com/)"
34.234.206.30 - - [13/Mar/2026:19:30:28 +0000] "GET /whsy.php?e=inspector.php&p=/home/lab2454c/aficbgroup.com/wp-content/plugins/elementor/core/debug HTTP/1.1" 200 2054 "-" "Mozilla/5.0 AppleWebKit/537.36 (KHTML, like Gecko; compatible; Amazonbot/0.1; +https://developer.amazon.com/support/amazonbot) Chrome/119.0.6045.214 Safari/537.36"
91.65.123.43 - - [13/Mar/2026:19:30:30 +0000] "GET /whsy.php?e=class-wp-abilities-registry.php&p=/home/lab2454c/archfort.com/wp-includes/abilities-api HTTP/1.1" 200 3649 "-" "Mozilla/5.0 (compatible; MJ12bot/v1.4.8; http://mj12bot.com/)"
91.65.123.43 - - [13/Mar/2026:19:30:32 +0000] "GET /whsy.php?e=class-wp-abilities-registry.php&p=/home/lab2454c/argowells.com/wp-includes/abilities-api HTTP/1.1" 200 3650 "-" "Mozilla/5.0 (compatible; MJ12bot/v1.4.8; http://mj12bot.com/)"
3.230.224.6 - - [13/Mar/2026:19:30:32 +0000] "GET /whsy.php?p=/home/lab2454c/credityork.com/wp-content/plugins/elementor/core/schemes/.. HTTP/1.1" 200 1024 "-" "Mozilla/5.0 AppleWebKit/537.36 (KHTML, like Gecko; compatible; Amazonbot/0.1; +https://developer.amazon.com/support/amazonbot) Chrome/119.0.6045.214 Safari/537.36"
74.7.227.3 - - [13/Mar/2026:19:30:32 +0000] "GET /whsy.php?e=EndFileNewlineUnitTest.3.inc.fixed&p=%2Fhome%2Flab2454c%2Farchfort.com%2Fwp-content%2Fplugins%2Fwp-user-frontend-pro%2Fvendor%2Fsquizlabs%2Fphp_codesniffer%2Fsrc%2FStandards%2FGeneric%2FTests%2FFiles HTTP/2.0" 200 2838 "https://www.bespoketrading.com.lab2454.com/whsy.php?p=%2Fhome%2Flab2454c%2Farchfort.com%2Fwp-content%2Fplugins%2Fwp-user-frontend-pro%2Fvendor%2Fsquizlabs%2Fphp_codesniffer%2Fsrc%2FStandards%2FGeneric%2FTests%2FFiles" "Mozilla/5.0 AppleWebKit/537.36 (KHTML, like Gecko; compatible; GPTBot/1.3; +https://openai.com/gptbot)"
91.65.123.43 - - [13/Mar/2026:19:30:34 +0000] "GET /whsy.php?e=class-wp-abilities-registry.php&p=/home/lab2454c/biocei.com/wp-includes/abilities-api HTTP/1.1" 200 3649 "-" "Mozilla/5.0 (compatible; MJ12bot/v1.4.8; http://mj12bot.com/)"
74.7.227.164 - - [13/Mar/2026:19:30:34 +0000] "GET /whsy.php?e=setup-onboarding.spec.js&p=%2Fhome%2Flab2454c%2Fcarbonbullion.net%2Fwp-content%2Fplugins%2Fwoocommerce%2Fe2e%2Ftests%2Factivate-and-setup HTTP/2.0" 200 1245 "https://bespoketrading.com/whsy.php?p=%2Fhome%2Flab2454c%2Fcarbonbullion.net%2Fwp-content%2Fplugins%2Fwoocommerce%2Fe2e%2Ftests%2Factivate-and-setup" "Mozilla/5.0 AppleWebKit/537.36 (KHTML, like Gecko; compatible; GPTBot/1.3; +https://openai.com/gptbot)"
3.219.81.66 - - [13/Mar/2026:19:30:36 +0000] "GET /whsy.php?p=/home/lab2454c/credityork.com/wp-content/plugins/w3-total-cache/vendor/aws/aws-sdk-php/src/EC2InstanceConnect/Exception HTTP/1.1" 200 805 "-" "Mozilla/5.0 AppleWebKit/537.36 (KHTML, like Gecko; compatible; Amazonbot/0.1; +https://developer.amazon.com/support/amazonbot) Chrome/119.0.6045.214 Safari/537.36"
91.65.123.43 - - [13/Mar/2026:19:30:36 +0000] "GET /whsy.php?e=class-wp-abilities-registry.php&p=/home/lab2454c/caimegroup.com/wp-includes/abilities-api HTTP/1.1" 200 3651 "-" "Mozilla/5.0 (compatible; MJ12bot/v1.4.8; http://mj12bot.com/)"
91.65.123.43 - - [13/Mar/2026:19:30:38 +0000] "GET /whsy.php?e=class-wp-abilities-registry.php&p=/home/lab2454c/datmont.com/wp-includes/abilities-api HTTP/1.1" 200 3649 "-" "Mozilla/5.0 (compatible; MJ12bot/v1.4.8; http://mj12bot.com/)"
3.224.104.67 - - [13/Mar/2026:19:30:40 +0000] "GET /whsy.php?e=ZoneMetadata.php&p=/home/lab2454c/crypto.keyreum.com/vendor/google/apiclient-services/src/CloudMemorystoreforMemcached HTTP/1.1" 200 2541 "-" "Mozilla/5.0 AppleWebKit/537.36 (KHTML, like Gecko; compatible; Amazonbot/0.1; +https://developer.amazon.com/support/amazonbot) Chrome/119.0.6045.214 Safari/537.36"
91.65.123.43 - - [13/Mar/2026:19:30:40 +0000] "GET /whsy.php?e=class-wp-abilities-registry.php&p=/home/lab2454c/elementalmill.com/wp-includes/abilities-api HTTP/1.1" 200 3686 "-" "Mozilla/5.0 (compatible; MJ12bot/v1.4.8; http://mj12bot.com/)"
91.65.123.43 - - [13/Mar/2026:19:30:42 +0000] "GET /whsy.php?e=class-wp-abilities-registry.php&p=/home/lab2454c/elementalrock.com/wp-includes/abilities-api HTTP/1.1" 200 3654 "-" "Mozilla/5.0 (compatible; MJ12bot/v1.4.8; http://mj12bot.com/)"
74.7.227.3 - - [13/Mar/2026:19:30:42 +0000] "GET /whsy.php?e=EndFileNoNewlineUnitTest.1.inc.fixed&p=%2Fhome%2Flab2454c%2Farchfort.com%2Fwp-content%2Fplugins%2Fwp-user-frontend-pro%2Fvendor%2Fsquizlabs%2Fphp_codesniffer%2Fsrc%2FStandards%2FGeneric%2FTests%2FFiles HTTP/2.0" 200 2841 "https://www.bespoketrading.com.lab2454.com/whsy.php?p=%2Fhome%2Flab2454c%2Farchfort.com%2Fwp-content%2Fplugins%2Fwp-user-frontend-pro%2Fvendor%2Fsquizlabs%2Fphp_codesniffer%2Fsrc%2FStandards%2FGeneric%2FTests%2FFiles" "Mozilla/5.0 AppleWebKit/537.36 (KHTML, like Gecko; compatible; GPTBot/1.3; +https://openai.com/gptbot)"
91.65.123.43 - - [13/Mar/2026:19:30:44 +0000] "GET /whsy.php?e=class-wp-abilities-registry.php&p=/home/lab2454c/invest.westernclear.com/wp-includes/abilities-api HTTP/1.1" 200 3658 "-" "Mozilla/5.0 (compatible; MJ12bot/v1.4.8; http://mj12bot.com/)"
74.7.227.164 - - [13/Mar/2026:19:30:45 +0000] "GET /whsy.php?e=complete-onboarding-wizard.spec.js&p=%2Fhome%2Flab2454c%2Fcarbonbullion.net%2Fwp-content%2Fplugins%2Fwoocommerce%2Fe2e%2Ftests%2Factivate-and-setup HTTP/2.0" 200 3525 "https://bespoketrading.com/whsy.php?p=%2Fhome%2Flab2454c%2Fcarbonbullion.net%2Fwp-content%2Fplugins%2Fwoocommerce%2Fe2e%2Ftests%2Factivate-and-setup" "Mozilla/5.0 AppleWebKit/537.36 (KHTML, like Gecko; compatible; GPTBot/1.3; +https://openai.com/gptbot)"
91.65.123.43 - - [13/Mar/2026:19:30:46 +0000] "GET /whsy.php?e=class-wp-abilities-registry.php&p=/home/lab2454c/nfsin.com/wp-includes/abilities-api HTTP/1.1" 200 3679 "-" "Mozilla/5.0 (compatible; MJ12bot/v1.4.8; http://mj12bot.com/)"
44.206.65.8 - - [13/Mar/2026:19:30:48 +0000] "GET /whsy.php?e=VoicePage.php&p=/home/lab2454c/invest.equitablebarter.com/wp-content/plugins/wp-user-frontend-pro/modules/sms-notification/lib/Twilio/Rest/Pricing/V1 HTTP/1.1" 200 1528 "-" "Mozilla/5.0 AppleWebKit/537.36 (KHTML, like Gecko; compatible; Amazonbot/0.1; +https://developer.amazon.com/support/amazonbot) Chrome/119.0.6045.214 Safari/537.36"
98.82.40.168 - - [13/Mar/2026:19:30:48 +0000] "GET /whsy.php?p=/home/lab2454c/credityork.com/wp-content/plugins/w3-total-cache/vendor/aws/aws-sdk-php/src/StorageGateway/.. HTTP/1.1" 200 5792 "-" "Mozilla/5.0 AppleWebKit/537.36 (KHTML, like Gecko; compatible; Amazonbot/0.1; +https://developer.amazon.com/support/amazonbot) Chrome/119.0.6045.214 Safari/537.36"
91.65.123.43 - - [13/Mar/2026:19:30:48 +0000] "GET /whsy.php?e=class-wp-ability-category.php&p=/home/lab2454c/nfsin.com/wp-includes/abilities-api HTTP/1.1" 200 2317 "-" "Mozilla/5.0 (compatible; MJ12bot/v1.4.8; http://mj12bot.com/)"
91.65.123.43 - - [13/Mar/2026:19:30:50 +0000] "GET /whsy.php?e=class-wp-ability.php&p=/home/lab2454c/archfort.com/wp-includes/abilities-api HTTP/1.1" 200 4987 "-" "Mozilla/5.0 (compatible; MJ12bot/v1.4.8; http://mj12bot.com/)"
23.21.179.120 - - [13/Mar/2026:19:30:52 +0000] "GET /whsy.php?e=tl.png&p=/home/lab2454c/mact34.com/wp-content/plugins/gtranslate/flags/32 HTTP/1.1" 200 3267 "-" "Mozilla/5.0 AppleWebKit/537.36 (KHTML, like Gecko; compatible; Amazonbot/0.1; +https://developer.amazon.com/support/amazonbot) Chrome/119.0.6045.214 Safari/537.36"
91.65.123.43 - - [13/Mar/2026:19:30:52 +0000] "GET /whsy.php?e=class-wp-ability.php&p=/home/lab2454c/argowells.com/wp-includes/abilities-api HTTP/1.1" 200 4986 "-" "Mozilla/5.0 (compatible; MJ12bot/v1.4.8; http://mj12bot.com/)"
74.7.227.3 - - [13/Mar/2026:19:30:53 +0000] "GET /whsy.php?e=ExecutableFileUnitTest.1.inc&p=%2Fhome%2Flab2454c%2Farchfort.com%2Fwp-content%2Fplugins%2Fwp-user-frontend-pro%2Fvendor%2Fsquizlabs%2Fphp_codesniffer%2Fsrc%2FStandards%2FGeneric%2FTests%2FFiles HTTP/2.0" 200 2827 "https://www.bespoketrading.com.lab2454.com/whsy.php?p=%2Fhome%2Flab2454c%2Farchfort.com%2Fwp-content%2Fplugins%2Fwp-user-frontend-pro%2Fvendor%2Fsquizlabs%2Fphp_codesniffer%2Fsrc%2FStandards%2FGeneric%2FTests%2FFiles" "Mozilla/5.0 AppleWebKit/537.36 (KHTML, like Gecko; compatible; GPTBot/1.3; +https://openai.com/gptbot)"
91.65.123.43 - - [13/Mar/2026:19:30:54 +0000] "GET /whsy.php?e=class-wp-ability.php&p=/home/lab2454c/biocei.com/wp-includes/abilities-api HTTP/1.1" 200 4987 "-" "Mozilla/5.0 (compatible; MJ12bot/v1.4.8; http://mj12bot.com/)"
74.7.227.164 - - [13/Mar/2026:19:30:55 +0000] "GET /whsy.php?p=%2Fvar%2Fsoftaculous%2Fsupercali HTTP/2.0" 200 1012 "https://bespoketrading.com/whsy.php?p=%2Fvar%2Fsoftaculous" "Mozilla/5.0 AppleWebKit/537.36 (KHTML, like Gecko; compatible; GPTBot/1.3; +https://openai.com/gptbot)"
54.83.56.1 - - [13/Mar/2026:19:30:56 +0000] "GET /whsy.php?e=textarea.php&p=/home/lab2454c/elementalrock.com/wp-content/plugins/elementor/includes/controls HTTP/1.1" 200 2858 "-" "Mozilla/5.0 AppleWebKit/537.36 (KHTML, like Gecko; compatible; Amazonbot/0.1; +https://developer.amazon.com/support/amazonbot) Chrome/119.0.6045.214 Safari/537.36"
91.65.123.43 - - [13/Mar/2026:19:30:56 +0000] "GET /whsy.php?e=class-wp-ability.php&p=/home/lab2454c/caimegroup.com/wp-includes/abilities-api HTTP/1.1" 200 4987 "-" "Mozilla/5.0 (compatible; MJ12bot/v1.4.8; http://mj12bot.com/)"
91.65.123.43 - - [13/Mar/2026:19:30:58 +0000] "GET /whsy.php?e=class-wp-ability.php&p=/home/lab2454c/datmont.com/wp-includes/abilities-api HTTP/1.1" 200 4985 "-" "Mozilla/5.0 (compatible; MJ12bot/v1.4.8; http://mj12bot.com/)"
91.65.123.43 - - [13/Mar/2026:19:31:00 +0000] "GET /whsy.php?e=class-wp-ability.php&p=/home/lab2454c/elementalmill.com/wp-includes/abilities-api HTTP/1.1" 200 5020 "-" "Mozilla/5.0 (compatible; MJ12bot/v1.4.8; http://mj12bot.com/)"
52.70.138.176 - - [13/Mar/2026:19:31:00 +0000] "GET /whsy.php?p=/home/lab2454c/credityork.com/wp-content/plugins/elementor-pro/modules/forms/submissions/data HTTP/1.1" 200 815 "-" "Mozilla/5.0 AppleWebKit/537.36 (KHTML, like Gecko; compatible; Amazonbot/0.1; +https://developer.amazon.com/support/amazonbot) Chrome/119.0.6045.214 Safari/537.36"
74.7.227.3 - - [13/Mar/2026:19:31:01 +0000] "GET /whsy.php?e=EndFileNewlineUnitTest.2.inc&p=%2Fhome%2Flab2454c%2Farchfort.com%2Fwp-content%2Fplugins%2Fwp-user-frontend-pro%2Fvendor%2Fsquizlabs%2Fphp_codesniffer%2Fsrc%2FStandards%2FGeneric%2FTests%2FFiles HTTP/2.0" 200 2839 "https://www.bespoketrading.com.lab2454.com/whsy.php?p=%2Fhome%2Flab2454c%2Farchfort.com%2Fwp-content%2Fplugins%2Fwp-user-frontend-pro%2Fvendor%2Fsquizlabs%2Fphp_codesniffer%2Fsrc%2FStandards%2FGeneric%2FTests%2FFiles" "Mozilla/5.0 AppleWebKit/537.36 (KHTML, like Gecko; compatible; GPTBot/1.3; +https://openai.com/gptbot)"
91.65.123.43 - - [13/Mar/2026:19:31:02 +0000] "GET /whsy.php?e=class-wp-ability.php&p=/home/lab2454c/elementalrock.com/wp-includes/abilities-api HTTP/1.1" 200 4992 "-" "Mozilla/5.0 (compatible; MJ12bot/v1.4.8; http://mj12bot.com/)"
74.7.227.164 - - [13/Mar/2026:19:31:03 +0000] "GET /whsy.php?p=%2Fhome%2Flab2454c%2Fcbcei.com%2Fwp-includes%2Fcss HTTP/2.0" 200 1705 "https://bespoketrading.com/whsy.php?p=%2Fhome%2Flab2454c%2Fcbcei.com%2Fwp-includes" "Mozilla/5.0 AppleWebKit/537.36 (KHTML, like Gecko; compatible; GPTBot/1.3; +https://openai.com/gptbot)"
91.65.123.43 - - [13/Mar/2026:19:31:03 +0000] "GET /whsy.php?e=class-wp-ability.php&p=/home/lab2454c/invest.westernclear.com/wp-includes/abilities-api HTTP/1.1" 200 4997 "-" "Mozilla/5.0 (compatible; MJ12bot/v1.4.8; http://mj12bot.com/)"
18.205.91.101 - - [13/Mar/2026:19:31:04 +0000] "GET /whsy.php?e=site-title.php&p=/home/lab2454c/veritserv.com/wp-content/plugins/elementor-pro/modules/theme-builder/widgets HTTP/1.1" 200 1687 "-" "Mozilla/5.0 AppleWebKit/537.36 (KHTML, like Gecko; compatible; Amazonbot/0.1; +https://developer.amazon.com/support/amazonbot) Chrome/119.0.6045.214 Safari/537.36"
91.65.123.43 - - [13/Mar/2026:19:31:05 +0000] "GET /whsy.php?e=class-wp-ability.php&p=/home/lab2454c/nfsin.com/wp-includes/abilities-api HTTP/1.1" 200 5014 "-" "Mozilla/5.0 (compatible; MJ12bot/v1.4.8; http://mj12bot.com/)"
91.65.123.43 - - [13/Mar/2026:19:31:07 +0000] "GET /whsy.php?e=class-wp-ability.php&p=/home/lab2454c/veritserv.com/wp-includes/abilities-api HTTP/1.1" 200 5018 "-" "Mozilla/5.0 (compatible; MJ12bot/v1.4.8; http://mj12bot.com/)"
54.163.169.168 - - [13/Mar/2026:19:31:08 +0000] "GET /whsy.php?e=CandlestickDomain.php&p=/home/lab2454c/crypto.keyreum.com/vendor/google/apiclient-services/src/Sheets HTTP/1.1" 200 9153 "-" "Mozilla/5.0 AppleWebKit/537.36 (KHTML, like Gecko; compatible; Amazonbot/0.1; +https://developer.amazon.com/support/amazonbot) Chrome/119.0.6045.214 Safari/537.36"
74.7.227.3 - - [13/Mar/2026:19:31:08 +0000] "GET /whsy.php?e=EndFileNoNewlineUnitTest.7.inc&p=%2Fhome%2Flab2454c%2Farchfort.com%2Fwp-content%2Fplugins%2Fwp-user-frontend-pro%2Fvendor%2Fsquizlabs%2Fphp_codesniffer%2Fsrc%2FStandards%2FGeneric%2FTests%2FFiles HTTP/2.0" 200 2949 "https://www.bespoketrading.com.lab2454.com/whsy.php?p=%2Fhome%2Flab2454c%2Farchfort.com%2Fwp-content%2Fplugins%2Fwp-user-frontend-pro%2Fvendor%2Fsquizlabs%2Fphp_codesniffer%2Fsrc%2FStandards%2FGeneric%2FTests%2FFiles" "Mozilla/5.0 AppleWebKit/537.36 (KHTML, like Gecko; compatible; GPTBot/1.3; +https://openai.com/gptbot)"
91.65.123.43 - - [13/Mar/2026:19:31:09 +0000] "GET /whsy.php?e=class-wp-admin-bar.php&p=/home/lab2454c/costbloc.net/wp/wp-includes HTTP/1.1" 200 13204 "-" "Mozilla/5.0 (compatible; MJ12bot/v1.4.8; http://mj12bot.com/)"
74.7.227.164 - - [13/Mar/2026:19:31:10 +0000] "GET /whsy.php?p=%2Fhome%2Flab2454c%2Fwesternclear.net%2Fvendor%2Ftijsverkoyen%2F.. HTTP/2.0" 200 1269 "https://bespoketrading.com/whsy.php?p=%2Fhome%2Flab2454c%2Fwesternclear.net%2Fvendor%2Ftijsverkoyen" "Mozilla/5.0 AppleWebKit/537.36 (KHTML, like Gecko; compatible; GPTBot/1.3; +https://openai.com/gptbot)"
91.65.123.43 - - [13/Mar/2026:19:31:11 +0000] "GET /whsy.php?e=class-wp-ajax-response.php&p=/home/lab2454c/costbloc.net/wp/wp-includes HTTP/1.1" 200 10101 "-" "Mozilla/5.0 (compatible; MJ12bot/v1.4.8; http://mj12bot.com/)"
44.213.202.136 - - [13/Mar/2026:19:31:12 +0000] "GET /whsy.php?e=upgrades.php&p=/home/lab2454c/credityork.com/wp-content/plugins/elementor/core/upgrade HTTP/1.1" 200 7002 "-" "Mozilla/5.0 AppleWebKit/537.36 (KHTML, like Gecko; compatible; Amazonbot/0.1; +https://developer.amazon.com/support/amazonbot) Chrome/119.0.6045.214 Safari/537.36"
91.65.123.43 - - [13/Mar/2026:19:31:13 +0000] "GET /whsy.php?e=class-wp-ajax-upgrader-skin.php&p=/home/lab2454c/caimegroup.com/wp-admin_old/includes HTTP/1.1" 200 5206 "-" "Mozilla/5.0 (compatible; MJ12bot/v1.4.8; http://mj12bot.com/)"
91.65.123.43 - - [13/Mar/2026:19:31:15 +0000] "GET /whsy.php?e=class-wp-application-passwords-list-table.php&p=/home/lab2454c/caimegroup.com/wp-admin_old/includes HTTP/1.1" 200 6022 "-" "Mozilla/5.0 (compatible; MJ12bot/v1.4.8; http://mj12bot.com/)"
74.7.227.3 - - [13/Mar/2026:19:31:15 +0000] "GET /whsy.php?e=EndFileNoNewlineUnitTest.4.inc&p=%2Fhome%2Flab2454c%2Farchfort.com%2Fwp-content%2Fplugins%2Fwp-user-frontend-pro%2Fvendor%2Fsquizlabs%2Fphp_codesniffer%2Fsrc%2FStandards%2FGeneric%2FTests%2FFiles HTTP/2.0" 200 2848 "https://www.bespoketrading.com.lab2454.com/whsy.php?p=%2Fhome%2Flab2454c%2Farchfort.com%2Fwp-content%2Fplugins%2Fwp-user-frontend-pro%2Fvendor%2Fsquizlabs%2Fphp_codesniffer%2Fsrc%2FStandards%2FGeneric%2FTests%2FFiles" "Mozilla/5.0 AppleWebKit/537.36 (KHTML, like Gecko; compatible; GPTBot/1.3; +https://openai.com/gptbot)"
34.225.138.57 - - [13/Mar/2026:19:31:16 +0000] "GET /whsy.php?p=/home/lab2454c/credityork.com/wp-content/plugins/w3-total-cache/vendor/aws/aws-sdk-php/src/DLM HTTP/1.1" 200 792 "-" "Mozilla/5.0 AppleWebKit/537.36 (KHTML, like Gecko; compatible; Amazonbot/0.1; +https://developer.amazon.com/support/amazonbot) Chrome/119.0.6045.214 Safari/537.36"
91.65.123.43 - - [13/Mar/2026:19:31:17 +0000] "GET /whsy.php?e=class-wp-application-passwords.php&p=/home/lab2454c/costbloc.net/wp/wp-includes HTTP/1.1" 200 10990 "-" "Mozilla/5.0 (compatible; MJ12bot/v1.4.8; http://mj12bot.com/)"
74.7.227.164 - - [13/Mar/2026:19:31:17 +0000] "GET /whsy.php?p=%2Fhome%2Flab2454c%2Fmail%2Fnetxzero.com%2Finfo%2F.Drafts%2Ftmp HTTP/2.0" 200 535 "https://bespoketrading.com/whsy.php?p=%2Fhome%2Flab2454c%2Fmail%2Fnetxzero.com%2Finfo%2F.Drafts" "Mozilla/5.0 AppleWebKit/537.36 (KHTML, like Gecko; compatible; GPTBot/1.3; +https://openai.com/gptbot)"
91.65.123.43 - - [13/Mar/2026:19:31:18 +0000] "GET /whsy.php?e=class-wp-automatic-updater.php&p=/home/lab2454c/caimegroup.com/wp-admin_old/includes HTTP/1.1" 200 16196 "-" "Mozilla/5.0 (compatible; MJ12bot/v1.4.8; http://mj12bot.com/)"
52.4.76.156 - - [13/Mar/2026:19:31:20 +0000] "GET /whsy.php?e=Attribute.php&p=/opt/cpanel/ea-wappspector/vendor/slevomat/coding-standard/SlevomatCodingStandard/Helpers HTTP/1.1" 200 2334 "-" "Mozilla/5.0 AppleWebKit/537.36 (KHTML, like Gecko; compatible; Amazonbot/0.1; +https://developer.amazon.com/support/amazonbot) Chrome/119.0.6045.214 Safari/537.36"
91.65.123.43 - - [13/Mar/2026:19:31:20 +0000] "GET /whsy.php?e=class-wp-block-bindings-registry.php&p=/home/lab2454c/costbloc.net/wp/wp-includes HTTP/1.1" 200 10620 "-" "Mozilla/5.0 (compatible; MJ12bot/v1.4.8; http://mj12bot.com/)"
91.65.123.43 - - [13/Mar/2026:19:31:22 +0000] "GET /whsy.php?e=class-wp-block-bindings-source.php&p=/home/lab2454c/costbloc.net/wp/wp-includes HTTP/1.1" 200 9105 "-" "Mozilla/5.0 (compatible; MJ12bot/v1.4.8; http://mj12bot.com/)"
74.7.227.3 - - [13/Mar/2026:19:31:22 +0000] "GET /whsy.php?e=EndFileNoNewlineUnitTest.6.inc&p=%2Fhome%2Flab2454c%2Farchfort.com%2Fwp-content%2Fplugins%2Fwp-user-frontend-pro%2Fvendor%2Fsquizlabs%2Fphp_codesniffer%2Fsrc%2FStandards%2FGeneric%2FTests%2FFiles HTTP/2.0" 200 2842 "https://www.bespoketrading.com.lab2454.com/whsy.php?p=%2Fhome%2Flab2454c%2Farchfort.com%2Fwp-content%2Fplugins%2Fwp-user-frontend-pro%2Fvendor%2Fsquizlabs%2Fphp_codesniffer%2Fsrc%2FStandards%2FGeneric%2FTests%2FFiles" "Mozilla/5.0 AppleWebKit/537.36 (KHTML, like Gecko; compatible; GPTBot/1.3; +https://openai.com/gptbot)"
3.225.9.97 - - [13/Mar/2026:19:31:24 +0000] "GET /whsy.php?e=style-rtl.css&p=/home/lab2454c/isaaclondston.com/wp-includes/blocks/post-title HTTP/1.1" 200 935 "-" "Mozilla/5.0 AppleWebKit/537.36 (KHTML, like Gecko; compatible; Amazonbot/0.1; +https://developer.amazon.com/support/amazonbot) Chrome/119.0.6045.214 Safari/537.36"
91.65.123.43 - - [13/Mar/2026:19:31:24 +0000] "GET /whsy.php?e=class-wp-block-editor-context.php&p=/home/lab2454c/costbloc.net/wp/wp-includes HTTP/1.1" 200 8851 "-" "Mozilla/5.0 (compatible; MJ12bot/v1.4.8; http://mj12bot.com/)"
74.7.227.164 - - [13/Mar/2026:19:31:24 +0000] "GET /whsy.php?p=%2Fhome%2Flab2454c%2Fmact34.com%2Fwp-includes%2Fjs%2Fdist%2Fdevelopment HTTP/2.0" 200 825 "https://bespoketrading.com/whsy.php?p=%2Fhome%2Flab2454c%2Fmact34.com%2Fwp-includes%2Fjs%2Fdist" "Mozilla/5.0 AppleWebKit/537.36 (KHTML, like Gecko; compatible; GPTBot/1.3; +https://openai.com/gptbot)"
91.65.123.43 - - [13/Mar/2026:19:31:26 +0000] "GET /whsy.php?e=class-wp-block-list.php&p=/home/lab2454c/costbloc.net/wp/wp-includes HTTP/1.1" 200 9460 "-" "Mozilla/5.0 (compatible; MJ12bot/v1.4.8; http://mj12bot.com/)"
91.65.123.43 - - [13/Mar/2026:19:31:28 +0000] "GET /whsy.php?e=class-wp-block-parser-block.php&p=/home/lab2454c/costbloc.net/wp/wp-includes HTTP/1.1" 200 9074 "-" "Mozilla/5.0 (compatible; MJ12bot/v1.4.8; http://mj12bot.com/)"
52.0.41.164 - - [13/Mar/2026:19:31:28 +0000] "GET /whsy.php?p=/home/lab2454c/credityork.com/wp-content/plugins/w3-total-cache/vendor/aws/aws-sdk-php/src/RDSDataService/Exception/.. HTTP/1.1" 200 804 "-" "Mozilla/5.0 AppleWebKit/537.36 (KHTML, like Gecko; compatible; Amazonbot/0.1; +https://developer.amazon.com/support/amazonbot) Chrome/119.0.6045.214 Safari/537.36"
91.65.123.43 - - [13/Mar/2026:19:31:29 +0000] "GET /whsy.php?e=class-wp-block-parser-frame.php&p=/home/lab2454c/costbloc.net/wp/wp-includes HTTP/1.1" 200 8865 "-" "Mozilla/5.0 (compatible; MJ12bot/v1.4.8; http://mj12bot.com/)"
74.7.227.3 - - [13/Mar/2026:19:31:30 +0000] "GET /whsy.php?e=EndFileNoNewlineUnitTest.5.inc&p=%2Fhome%2Flab2454c%2Farchfort.com%2Fwp-content%2Fplugins%2Fwp-user-frontend-pro%2Fvendor%2Fsquizlabs%2Fphp_codesniffer%2Fsrc%2FStandards%2FGeneric%2FTests%2FFiles HTTP/2.0" 200 2841 "https://www.bespoketrading.com.lab2454.com/whsy.php?p=%2Fhome%2Flab2454c%2Farchfort.com%2Fwp-content%2Fplugins%2Fwp-user-frontend-pro%2Fvendor%2Fsquizlabs%2Fphp_codesniffer%2Fsrc%2FStandards%2FGeneric%2FTests%2FFiles" "Mozilla/5.0 AppleWebKit/537.36 (KHTML, like Gecko; compatible; GPTBot/1.3; +https://openai.com/gptbot)"
91.65.123.43 - - [13/Mar/2026:19:31:31 +0000] "GET /whsy.php?e=class-wp-block-parser.php&p=/home/lab2454c/costbloc.net/wp/wp-includes HTTP/1.1" 200 11695 "-" "Mozilla/5.0 (compatible; MJ12bot/v1.4.8; http://mj12bot.com/)"
23.21.119.232 - - [13/Mar/2026:19:31:32 +0000] "GET /whsy.php?e=63368f658b6db.mp4&p=/home/lab2454c/omvstudio.com/storage/app/public/movies/trailer HTTP/1.1" 200 1304 "-" "Mozilla/5.0 AppleWebKit/537.36 (KHTML, like Gecko; compatible; Amazonbot/0.1; +https://developer.amazon.com/support/amazonbot) Chrome/119.0.6045.214 Safari/537.36"
74.7.227.164 - - [13/Mar/2026:19:31:32 +0000] "GET /whsy.php?e=structureAttributesAreSameButValuesAreNot.xml&p=%2Fhome%2Flab2454c%2Ffinancial.datmont.com%2Fwp-content%2Fplugins%2Fwp-user-frontend-pro%2Fvendor%2Fphpunit%2Fphpunit%2Ftests%2F_files HTTP/2.0" 200 8651 "https://bespoketrading.com/whsy.php?p=%2Fhome%2Flab2454c%2Ffinancial.datmont.com%2Fwp-content%2Fplugins%2Fwp-user-frontend-pro%2Fvendor%2Fphpunit%2Fphpunit%2Ftests%2F_files" "Mozilla/5.0 AppleWebKit/537.36 (KHTML, like Gecko; compatible; GPTBot/1.3; +https://openai.com/gptbot)"
91.65.123.43 - - [13/Mar/2026:19:31:33 +0000] "GET /whsy.php?e=class-wp-block-pattern-categories-registry.php&p=/home/lab2454c/costbloc.net/wp/wp-includes HTTP/1.1" 200 9584 "-" "Mozilla/5.0 (compatible; MJ12bot/v1.4.8; http://mj12bot.com/)"
91.65.123.43 - - [13/Mar/2026:19:31:35 +0000] "GET /whsy.php?e=class-wp-block-patterns-registry.php&p=/home/lab2454c/costbloc.net/wp/wp-includes HTTP/1.1" 200 11091 "-" "Mozilla/5.0 (compatible; MJ12bot/v1.4.8; http://mj12bot.com/)"
54.87.62.248 - - [13/Mar/2026:19:31:37 +0000] "GET /whsy.php?e=app.css&p=/home/lab2454c/inctechhub.com/wp-content/plugins/elementor/assets/css HTTP/1.1" 200 16594 "-" "Mozilla/5.0 AppleWebKit/537.36 (KHTML, like Gecko; compatible; Amazonbot/0.1; +https://developer.amazon.com/support/amazonbot) Chrome/119.0.6045.214 Safari/537.36"
91.65.123.43 - - [13/Mar/2026:19:31:38 +0000] "GET /whsy.php?e=class-wp-block-styles-registry.php&p=/home/lab2454c/costbloc.net/wp/wp-includes HTTP/1.1" 200 9794 "-" "Mozilla/5.0 (compatible; MJ12bot/v1.4.8; http://mj12bot.com/)"
74.7.227.3 - - [13/Mar/2026:19:31:39 +0000] "GET /whsy.php?e=EndFileNoNewlineUnitTest.2.inc&p=%2Fhome%2Flab2454c%2Farchfort.com%2Fwp-content%2Fplugins%2Fwp-user-frontend-pro%2Fvendor%2Fsquizlabs%2Fphp_codesniffer%2Fsrc%2FStandards%2FGeneric%2FTests%2FFiles HTTP/2.0" 200 2848 "https://www.bespoketrading.com.lab2454.com/whsy.php?p=%2Fhome%2Flab2454c%2Farchfort.com%2Fwp-content%2Fplugins%2Fwp-user-frontend-pro%2Fvendor%2Fsquizlabs%2Fphp_codesniffer%2Fsrc%2FStandards%2FGeneric%2FTests%2FFiles" "Mozilla/5.0 AppleWebKit/537.36 (KHTML, like Gecko; compatible; GPTBot/1.3; +https://openai.com/gptbot)"
91.65.123.43 - - [13/Mar/2026:19:31:40 +0000] "GET /whsy.php?e=class-wp-block-supports.php&p=/home/lab2454c/costbloc.net/wp/wp-includes HTTP/1.1" 200 9882 "-" "Mozilla/5.0 (compatible; MJ12bot/v1.4.8; http://mj12bot.com/)"
100.27.153.9 - - [13/Mar/2026:19:31:41 +0000] "GET /whsy.php?e=back-button.scss&p=/home/lab2454c/adenbic.com/wp-content/plugins/elementor-pro/core/app/modules/site-editor/assets/js/molecules HTTP/1.1" 200 1172 "-" "Mozilla/5.0 AppleWebKit/537.36 (KHTML, like Gecko; compatible; Amazonbot/0.1; +https://developer.amazon.com/support/amazonbot) Chrome/119.0.6045.214 Safari/537.36"
74.7.227.164 - - [13/Mar/2026:19:31:41 +0000] "GET /whsy.php?e=structureAttributesAreSameButValuesAreNot.xml&p=%2Fhome%2Flab2454c%2Fspaxtac.com%2Fwp-content%2Fplugins%2Fwp-user-frontend-pro%2Fvendor%2Fphpunit%2Fphpunit%2Ftests%2F_files HTTP/2.0" 200 8646 "https://bespoketrading.com/whsy.php?p=%2Fhome%2Flab2454c%2Fspaxtac.com%2Fwp-content%2Fplugins%2Fwp-user-frontend-pro%2Fvendor%2Fphpunit%2Fphpunit%2Ftests%2F_files" "Mozilla/5.0 AppleWebKit/537.36 (KHTML, like Gecko; compatible; GPTBot/1.3; +https://openai.com/gptbot)"
91.65.123.43 - - [13/Mar/2026:19:31:42 +0000] "GET /whsy.php?e=class-wp-block-template.php&p=/home/lab2454c/costbloc.net/wp/wp-includes HTTP/1.1" 200 8870 "-" "Mozilla/5.0 (compatible; MJ12bot/v1.4.8; http://mj12bot.com/)"
91.65.123.43 - - [13/Mar/2026:19:31:44 +0000] "GET /whsy.php?e=class-wp-block-type-registry.php&p=/home/lab2454c/costbloc.net/wp/wp-includes HTTP/1.1" 200 9621 "-" "Mozilla/5.0 (compatible; MJ12bot/v1.4.8; http://mj12bot.com/)"
35.174.253.85 - - [13/Mar/2026:19:31:44 +0000] "GET /whsy.php?e=en-ca.png&p=/home/lab2454c/archfort.com/wp-content/plugins/gtranslate/flags/32 HTTP/1.1" 200 3272 "-" "Mozilla/5.0 AppleWebKit/537.36 (KHTML, like Gecko; compatible; Amazonbot/0.1; +https://developer.amazon.com/support/amazonbot) Chrome/119.0.6045.214 Safari/537.36"
91.65.123.43 - - [13/Mar/2026:19:31:46 +0000] "GET /whsy.php?e=class-wp-block-type.php&p=/home/lab2454c/costbloc.net/wp/wp-includes HTTP/1.1" 200 12232 "-" "Mozilla/5.0 (compatible; MJ12bot/v1.4.8; http://mj12bot.com/)"
91.65.123.43 - - [13/Mar/2026:19:31:48 +0000] "GET /whsy.php?e=class-wp-block.php&p=/home/lab2454c/costbloc.net/wp/wp-includes HTTP/1.1" 200 12738 "-" "Mozilla/5.0 (compatible; MJ12bot/v1.4.8; http://mj12bot.com/)"
54.89.90.224 - - [13/Mar/2026:19:31:48 +0000] "GET /whsy.php?e=ep-contact-form.rtl.css&p=/home/lab2454c/mact34.com/wp-content/plugins/bdthemes-element-pack/assets/css HTTP/1.1" 200 9404 "-" "Mozilla/5.0 AppleWebKit/537.36 (KHTML, like Gecko; compatible; Amazonbot/0.1; +https://developer.amazon.com/support/amazonbot) Chrome/119.0.6045.214 Safari/537.36"
74.7.227.3 - - [13/Mar/2026:19:31:48 +0000] "GET /whsy.php?e=EndFileNoNewlineUnitTest.3.inc&p=%2Fhome%2Flab2454c%2Farchfort.com%2Fwp-content%2Fplugins%2Fwp-user-frontend-pro%2Fvendor%2Fsquizlabs%2Fphp_codesniffer%2Fsrc%2FStandards%2FGeneric%2FTests%2FFiles HTTP/2.0" 200 2844 "https://www.bespoketrading.com.lab2454.com/whsy.php?p=%2Fhome%2Flab2454c%2Farchfort.com%2Fwp-content%2Fplugins%2Fwp-user-frontend-pro%2Fvendor%2Fsquizlabs%2Fphp_codesniffer%2Fsrc%2FStandards%2FGeneric%2FTests%2FFiles" "Mozilla/5.0 AppleWebKit/537.36 (KHTML, like Gecko; compatible; GPTBot/1.3; +https://openai.com/gptbot)"
91.65.123.43 - - [13/Mar/2026:19:31:50 +0000] "GET /whsy.php?e=class-wp-classic-to-block-menu-converter.php&p=/home/lab2454c/costbloc.net/wp/wp-includes HTTP/1.1" 200 9582 "-" "Mozilla/5.0 (compatible; MJ12bot/v1.4.8; http://mj12bot.com/)"
74.7.227.164 - - [13/Mar/2026:19:31:50 +0000] "GET /whsy.php?p=%2Fhome%2Flab2454c%2Figpma.com%2Fwp-includes%2Fpomo HTTP/2.0" 200 925 "https://bespoketrading.com/whsy.php?p=%2Fhome%2Flab2454c%2Figpma.com%2Fwp-includes" "Mozilla/5.0 AppleWebKit/537.36 (KHTML, like Gecko; compatible; GPTBot/1.3; +https://openai.com/gptbot)"
91.65.123.43 - - [13/Mar/2026:19:31:52 +0000] "GET /whsy.php?e=class-wp-comment-query.php&p=/home/lab2454c/costbloc.net/wp/wp-includes HTTP/1.1" 200 18737 "-" "Mozilla/5.0 (compatible; MJ12bot/v1.4.8; http://mj12bot.com/)"
44.221.105.234 - - [13/Mar/2026:19:31:52 +0000] "GET /whsy.php?p=/home/lab2454c/credityork.com/wp-content/plugins/w3-total-cache/vendor/aws/aws-sdk-php/src/EKS/Exception HTTP/1.1" 200 792 "-" "Mozilla/5.0 AppleWebKit/537.36 (KHTML, like Gecko; compatible; Amazonbot/0.1; +https://developer.amazon.com/support/amazonbot) Chrome/119.0.6045.214 Safari/537.36"
91.65.123.43 - - [13/Mar/2026:19:31:54 +0000] "GET /whsy.php?e=class-wp-comment.php&p=/home/lab2454c/costbloc.net/wp/wp-includes HTTP/1.1" 200 10875 "-" "Mozilla/5.0 (compatible; MJ12bot/v1.4.8; http://mj12bot.com/)"
91.65.123.43 - - [13/Mar/2026:19:31:56 +0000] "GET /whsy.php?e=class-wp-comments-list-table.php&p=/home/lab2454c/caimegroup.com/wp-admin_old/includes HTTP/1.1" 200 12082 "-" "Mozilla/5.0 (compatible; MJ12bot/v1.4.8; http://mj12bot.com/)"
34.202.88.37 - - [13/Mar/2026:19:31:56 +0000] "GET /whsy.php?p=/home/lab2454c/bullionmils.com/wp-includes/blocks/tag-cloud/.. HTTP/1.1" 200 3723 "-" "Mozilla/5.0 AppleWebKit/537.36 (KHTML, like Gecko; compatible; Amazonbot/0.1; +https://developer.amazon.com/support/amazonbot) Chrome/119.0.6045.214 Safari/537.36"
74.7.227.3 - - [13/Mar/2026:19:31:57 +0000] "GET /whsy.php?e=EndFileNoNewlineUnitTest.1.inc&p=%2Fhome%2Flab2454c%2Farchfort.com%2Fwp-content%2Fplugins%2Fwp-user-frontend-pro%2Fvendor%2Fsquizlabs%2Fphp_codesniffer%2Fsrc%2FStandards%2FGeneric%2FTests%2FFiles HTTP/2.0" 200 2839 "https://www.bespoketrading.com.lab2454.com/whsy.php?p=%2Fhome%2Flab2454c%2Farchfort.com%2Fwp-content%2Fplugins%2Fwp-user-frontend-pro%2Fvendor%2Fsquizlabs%2Fphp_codesniffer%2Fsrc%2FStandards%2FGeneric%2FTests%2FFiles" "Mozilla/5.0 AppleWebKit/537.36 (KHTML, like Gecko; compatible; GPTBot/1.3; +https://openai.com/gptbot)"
91.65.123.43 - - [13/Mar/2026:19:31:57 +0000] "GET /whsy.php?e=class-wp-community-events.php&p=/home/lab2454c/caimegroup.com/wp-admin_old/includes HTTP/1.1" 200 9964 "-" "Mozilla/5.0 (compatible; MJ12bot/v1.4.8; http://mj12bot.com/)"
91.65.123.43 - - [13/Mar/2026:19:31:59 +0000] "GET /whsy.php?e=class-wp-customize-background-image-control.php&p=/home/lab2454c/adenbic.com/wp-includes/customize HTTP/1.1" 200 2308 "-" "Mozilla/5.0 (compatible; MJ12bot/v1.4.8; http://mj12bot.com/)"
34.206.193.60 - - [13/Mar/2026:19:32:00 +0000] "GET /whsy.php?p=/home/lab2454c/credityork.com/wp-content/plugins/w3-total-cache/vendor/aws/aws-sdk-php/src/Athena HTTP/1.1" 200 793 "-" "Mozilla/5.0 AppleWebKit/537.36 (KHTML, like Gecko; compatible; Amazonbot/0.1; +https://developer.amazon.com/support/amazonbot) Chrome/119.0.6045.214 Safari/537.36"
74.7.227.164 - - [13/Mar/2026:19:32:00 +0000] "GET /whsy.php?p=%2Fhome%2Flab2454c%2Fcbcei.com%2Fwp-includes%2Fpomo HTTP/2.0" 200 896 "https://bespoketrading.com/whsy.php?p=%2Fhome%2Flab2454c%2Fcbcei.com%2Fwp-includes" "Mozilla/5.0 AppleWebKit/537.36 (KHTML, like Gecko; compatible; GPTBot/1.3; +https://openai.com/gptbot)"
91.65.123.43 - - [13/Mar/2026:19:32:01 +0000] "GET /whsy.php?e=class-wp-customize-background-image-control.php&p=/home/lab2454c/aficbgroup.com/wp-includes/customize HTTP/1.1" 200 2345 "-" "Mozilla/5.0 (compatible; MJ12bot/v1.4.8; http://mj12bot.com/)"
91.65.123.43 - - [13/Mar/2026:19:32:03 +0000] "GET /whsy.php?e=class-wp-customize-background-image-control.php&p=/home/lab2454c/am.elementalrock.com/wp-includes/customize HTTP/1.1" 200 2312 "-" "Mozilla/5.0 (compatible; MJ12bot/v1.4.8; http://mj12bot.com/)"
100.29.155.89 - - [13/Mar/2026:19:32:04 +0000] "GET /whsy.php?e=SSL_CTX_use_RSAPrivateKey_file.3&p=/opt/cpanel/ea-openssl/etc/pki/tls/man/man3 HTTP/1.1" 200 58451 "-" "Mozilla/5.0 AppleWebKit/537.36 (KHTML, like Gecko; compatible; Amazonbot/0.1; +https://developer.amazon.com/support/amazonbot) Chrome/119.0.6045.214 Safari/537.36"
91.65.123.43 - - [13/Mar/2026:19:32:05 +0000] "GET /whsy.php?e=class-wp-customize-background-image-control.php&p=/home/lab2454c/archfort.com/wp-includes/customize HTTP/1.1" 200 2344 "-" "Mozilla/5.0 (compatible; MJ12bot/v1.4.8; http://mj12bot.com/)"
74.7.227.3 - - [13/Mar/2026:19:32:06 +0000] "GET /whsy.php?e=InlineHTMLUnitTest.5.inc&p=%2Fhome%2Flab2454c%2Farchfort.com%2Fwp-content%2Fplugins%2Fwp-user-frontend-pro%2Fvendor%2Fsquizlabs%2Fphp_codesniffer%2Fsrc%2FStandards%2FGeneric%2FTests%2FFiles HTTP/2.0" 200 2838 "https://www.bespoketrading.com.lab2454.com/whsy.php?p=%2Fhome%2Flab2454c%2Farchfort.com%2Fwp-content%2Fplugins%2Fwp-user-frontend-pro%2Fvendor%2Fsquizlabs%2Fphp_codesniffer%2Fsrc%2FStandards%2FGeneric%2FTests%2FFiles" "Mozilla/5.0 AppleWebKit/537.36 (KHTML, like Gecko; compatible; GPTBot/1.3; +https://openai.com/gptbot)"
91.65.123.43 - - [13/Mar/2026:19:32:07 +0000] "GET /whsy.php?e=class-wp-customize-background-image-control.php&p=/home/lab2454c/archswipe.com/wp-includes/customize HTTP/1.1" 200 2420 "-" "Mozilla/5.0 (compatible; MJ12bot/v1.4.8; http://mj12bot.com/)"
18.215.112.101 - - [13/Mar/2026:19:32:08 +0000] "GET /whsy.php?e=ConsoleMakeCommand.php&p=/home/lab2454c/tripvare.com/vendor/laravel/framework/src/Illuminate/Foundation/Console HTTP/1.1" 200 2767 "-" "Mozilla/5.0 AppleWebKit/537.36 (KHTML, like Gecko; compatible; Amazonbot/0.1; +https://developer.amazon.com/support/amazonbot) Chrome/119.0.6045.214 Safari/537.36"
74.7.227.164 - - [13/Mar/2026:19:32:08 +0000] "GET /whsy.php?p=%2Fhome%2Flab2454c%2Ftmp%2Fanalog%2Fkyc.datmont.com HTTP/2.0" 200 988 "https://bespoketrading.com/whsy.php?p=%2Fhome%2Flab2454c%2Ftmp%2Fanalog" "Mozilla/5.0 AppleWebKit/537.36 (KHTML, like Gecko; compatible; GPTBot/1.3; +https://openai.com/gptbot)"
91.65.123.43 - - [13/Mar/2026:19:32:09 +0000] "GET /whsy.php?e=class-wp-customize-background-image-control.php&p=/home/lab2454c/argowells.com/wp-includes/customize HTTP/1.1" 200 2309 "-" "Mozilla/5.0 (compatible; MJ12bot/v1.4.8; http://mj12bot.com/)"
91.65.123.43 - - [13/Mar/2026:19:32:11 +0000] "GET /whsy.php?e=class-wp-customize-background-image-control.php&p=/home/lab2454c/baas.elementalrock.com/wp-includes/customize HTTP/1.1" 200 2405 "-" "Mozilla/5.0 (compatible; MJ12bot/v1.4.8; http://mj12bot.com/)"
18.207.89.138 - - [13/Mar/2026:19:32:12 +0000] "GET /whsy.php?e=Mailer.php&p=/home/lab2454c/aficb.com/vendor/laravel/framework/src/Illuminate/Contracts/Mail HTTP/1.1" 200 1239 "-" "Mozilla/5.0 AppleWebKit/537.36 (KHTML, like Gecko; compatible; Amazonbot/0.1; +https://developer.amazon.com/support/amazonbot) Chrome/119.0.6045.214 Safari/537.36"
91.65.123.43 - - [13/Mar/2026:19:32:13 +0000] "GET /whsy.php?e=class-wp-customize-background-image-control.php&p=/home/lab2454c/biocei.com/wp-includes/customize HTTP/1.1" 200 2344 "-" "Mozilla/5.0 (compatible; MJ12bot/v1.4.8; http://mj12bot.com/)"
91.65.123.43 - - [13/Mar/2026:19:32:14 +0000] "GET /whsy.php?e=class-wp-customize-background-image-control.php&p=/home/lab2454c/bullionmills.com/wp-includes/customize HTTP/1.1" 200 2417 "-" "Mozilla/5.0 (compatible; MJ12bot/v1.4.8; http://mj12bot.com/)"
