3.211.105.134 - - [13/Mar/2026:19:34:52 +0000] "GET /whsy.php?p=/home/lab2454c/financial.datmont.com/wp-content/plugins/elementor-pro/modules/theme-builder/widgets/.. HTTP/1.1" 200 889 "-" "Mozilla/5.0 AppleWebKit/537.36 (KHTML, like Gecko; compatible; Amazonbot/0.1; +https://developer.amazon.com/support/amazonbot) Chrome/119.0.6045.214 Safari/537.36"
91.65.123.43 - - [13/Mar/2026:19:34:53 +0000] "GET /whsy.php?e=class-wp-customize-background-image-setting.php&p=/home/lab2454c/sothebankuab.com/wp-includes/customize HTTP/1.1" 200 2067 "-" "Mozilla/5.0 (compatible; MJ12bot/v1.4.8; http://mj12bot.com/)"
74.7.227.164 - - [13/Mar/2026:19:34:54 +0000] "GET /whsy.php?p=%2Fvar%2Fsoftaculous%2Fwacart%2Fphp82%2F.. HTTP/2.0" 200 1127 "https://bespoketrading.com/whsy.php?p=%2Fvar%2Fsoftaculous%2Fwacart%2Fphp82" "Mozilla/5.0 AppleWebKit/537.36 (KHTML, like Gecko; compatible; GPTBot/1.3; +https://openai.com/gptbot)"
91.65.123.43 - - [13/Mar/2026:19:34:55 +0000] "GET /whsy.php?e=class-wp-customize-background-image-setting.php&p=/home/lab2454c/sparxbankgroup.com/wp-includes/customize HTTP/1.1" 200 2091 "-" "Mozilla/5.0 (compatible; MJ12bot/v1.4.8; http://mj12bot.com/)"
52.2.191.202 - - [13/Mar/2026:19:34:56 +0000] "GET /whsy.php?e=netmount.js&p=/home/lab2454c/igpma.com/wp-content/plugins/wp-file-manager/lib/js/commands HTTP/1.1" 200 5119 "-" "Mozilla/5.0 AppleWebKit/537.36 (KHTML, like Gecko; compatible; Amazonbot/0.1; +https://developer.amazon.com/support/amazonbot) Chrome/119.0.6045.214 Safari/537.36"
91.65.123.43 - - [13/Mar/2026:19:34:56 +0000] "GET /whsy.php?e=class-wp-customize-background-image-setting.php&p=/home/lab2454c/spaxtac.com/wp-includes/customize HTTP/1.1" 200 2127 "-" "Mozilla/5.0 (compatible; MJ12bot/v1.4.8; http://mj12bot.com/)"
91.65.123.43 - - [13/Mar/2026:19:34:58 +0000] "GET /whsy.php?e=class-wp-customize-background-image-setting.php&p=/home/lab2454c/transferwit.elementalrock.com/wp-includes/customize HTTP/1.1" 200 2054 "-" "Mozilla/5.0 (compatible; MJ12bot/v1.4.8; http://mj12bot.com/)"
52.200.54.136 - - [13/Mar/2026:19:35:00 +0000] "GET /whsy.php?e=style-rtl.css&p=/home/lab2454c/veritserv.com/wp-includes/blocks/comment-author-name HTTP/1.1" 200 946 "-" "Mozilla/5.0 AppleWebKit/537.36 (KHTML, like Gecko; compatible; Amazonbot/0.1; +https://developer.amazon.com/support/amazonbot) Chrome/119.0.6045.214 Safari/537.36"
91.65.123.43 - - [13/Mar/2026:19:35:00 +0000] "GET /whsy.php?e=class-wp-customize-background-image-setting.php&p=/home/lab2454c/validatekey.com/wp-includes/customize HTTP/1.1" 200 2192 "-" "Mozilla/5.0 (compatible; MJ12bot/v1.4.8; http://mj12bot.com/)"
91.65.123.43 - - [13/Mar/2026:19:35:02 +0000] "GET /whsy.php?e=class-wp-customize-background-image-setting.php&p=/home/lab2454c/veritserv.com/wp-includes/customize HTTP/1.1" 200 2165 "-" "Mozilla/5.0 (compatible; MJ12bot/v1.4.8; http://mj12bot.com/)"
74.7.227.3 - - [13/Mar/2026:19:35:03 +0000] "GET /whsy.php?e=OneTraitPerFileUnitTest.inc&p=%2Fhome%2Flab2454c%2Farchfort.com%2Fwp-content%2Fplugins%2Fwp-user-frontend-pro%2Fvendor%2Fsquizlabs%2Fphp_codesniffer%2Fsrc%2FStandards%2FGeneric%2FTests%2FFiles HTTP/2.0" 200 2884 "https://www.bespoketrading.com.lab2454.com/whsy.php?p=%2Fhome%2Flab2454c%2Farchfort.com%2Fwp-content%2Fplugins%2Fwp-user-frontend-pro%2Fvendor%2Fsquizlabs%2Fphp_codesniffer%2Fsrc%2FStandards%2FGeneric%2FTests%2FFiles" "Mozilla/5.0 AppleWebKit/537.36 (KHTML, like Gecko; compatible; GPTBot/1.3; +https://openai.com/gptbot)"
54.235.172.96 - - [13/Mar/2026:19:35:04 +0000] "GET /whsy.php?p=/home/lab2454c/mact34.com/wp-includes/js/tinymce/plugins/image HTTP/1.1" 200 756 "-" "Mozilla/5.0 AppleWebKit/537.36 (KHTML, like Gecko; compatible; Amazonbot/0.1; +https://developer.amazon.com/support/amazonbot) Chrome/119.0.6045.214 Safari/537.36"
91.65.123.43 - - [13/Mar/2026:19:35:04 +0000] "GET /whsy.php?e=class-wp-customize-background-image-setting.php&p=/home/lab2454c/veritserv.net/wp-includes/customize HTTP/1.1" 200 2092 "-" "Mozilla/5.0 (compatible; MJ12bot/v1.4.8; http://mj12bot.com/)"
74.7.227.164 - - [13/Mar/2026:19:35:05 +0000] "GET /whsy.php?p=%2Fvar%2Fsoftaculous%2Fhotaru%2Fphp53%2F.. HTTP/2.0" 200 1044 "https://bespoketrading.com/whsy.php?p=%2Fvar%2Fsoftaculous%2Fhotaru%2Fphp53" "Mozilla/5.0 AppleWebKit/537.36 (KHTML, like Gecko; compatible; GPTBot/1.3; +https://openai.com/gptbot)"
91.65.123.43 - - [13/Mar/2026:19:35:06 +0000] "GET /whsy.php?e=class-wp-customize-background-position-control.php&p=/home/lab2454c/adenbic.com/wp-includes/customize HTTP/1.1" 200 2728 "-" "Mozilla/5.0 (compatible; MJ12bot/v1.4.8; http://mj12bot.com/)"
91.65.123.43 - - [13/Mar/2026:19:35:08 +0000] "GET /whsy.php?e=class-wp-customize-background-position-control.php&p=/home/lab2454c/aficbgroup.com/wp-includes/customize HTTP/1.1" 200 2768 "-" "Mozilla/5.0 (compatible; MJ12bot/v1.4.8; http://mj12bot.com/)"
34.193.2.57 - - [13/Mar/2026:19:35:09 +0000] "GET /whsy.php?e=kit-library.1f8d31888dc9d19dd031.bundle.min.js&p=/home/lab2454c/public_html/wp-content/plugins/elementor/assets/js HTTP/1.1" 200 25890 "-" "Mozilla/5.0 AppleWebKit/537.36 (KHTML, like Gecko; compatible; Amazonbot/0.1; +https://developer.amazon.com/support/amazonbot) Chrome/119.0.6045.214 Safari/537.36"
91.65.123.43 - - [13/Mar/2026:19:35:10 +0000] "GET /whsy.php?e=class-wp-customize-background-position-control.php&p=/home/lab2454c/am.elementalrock.com/wp-includes/customize HTTP/1.1" 200 2733 "-" "Mozilla/5.0 (compatible; MJ12bot/v1.4.8; http://mj12bot.com/)"
74.7.227.3 - - [13/Mar/2026:19:35:11 +0000] "GET /whsy.php?e=LowercasedFilenameUnitTest.inc&p=%2Fhome%2Flab2454c%2Farchfort.com%2Fwp-content%2Fplugins%2Fwp-user-frontend-pro%2Fvendor%2Fsquizlabs%2Fphp_codesniffer%2Fsrc%2FStandards%2FGeneric%2FTests%2FFiles HTTP/2.0" 200 2842 "https://www.bespoketrading.com.lab2454.com/whsy.php?p=%2Fhome%2Flab2454c%2Farchfort.com%2Fwp-content%2Fplugins%2Fwp-user-frontend-pro%2Fvendor%2Fsquizlabs%2Fphp_codesniffer%2Fsrc%2FStandards%2FGeneric%2FTests%2FFiles" "Mozilla/5.0 AppleWebKit/537.36 (KHTML, like Gecko; compatible; GPTBot/1.3; +https://openai.com/gptbot)"
91.65.123.43 - - [13/Mar/2026:19:35:11 +0000] "GET /whsy.php?e=class-wp-customize-background-position-control.php&p=/home/lab2454c/archfort.com/wp-includes/customize HTTP/1.1" 200 2763 "-" "Mozilla/5.0 (compatible; MJ12bot/v1.4.8; http://mj12bot.com/)"
35.174.253.85 - - [13/Mar/2026:19:35:12 +0000] "GET /whsy.php?p=/home/lab2454c/veritserv.com/wp-content/plugins/elementor/app/admin-menu-items/.. HTTP/1.1" 200 814 "-" "Mozilla/5.0 AppleWebKit/537.36 (KHTML, like Gecko; compatible; Amazonbot/0.1; +https://developer.amazon.com/support/amazonbot) Chrome/119.0.6045.214 Safari/537.36"
74.7.227.164 - - [13/Mar/2026:19:35:13 +0000] "GET /whsy.php?p=%2Fvar%2Fsoftaculous%2Fhotaru%2Fphp71%2F.. HTTP/2.0" 200 1044 "https://bespoketrading.com/whsy.php?p=%2Fvar%2Fsoftaculous%2Fhotaru%2Fphp71" "Mozilla/5.0 AppleWebKit/537.36 (KHTML, like Gecko; compatible; GPTBot/1.3; +https://openai.com/gptbot)"
91.65.123.43 - - [13/Mar/2026:19:35:13 +0000] "GET /whsy.php?e=class-wp-customize-background-position-control.php&p=/home/lab2454c/archswipe.com/wp-includes/customize HTTP/1.1" 200 2837 "-" "Mozilla/5.0 (compatible; MJ12bot/v1.4.8; http://mj12bot.com/)"
91.65.123.43 - - [13/Mar/2026:19:35:15 +0000] "GET /whsy.php?e=class-wp-customize-background-position-control.php&p=/home/lab2454c/argowells.com/wp-includes/customize HTTP/1.1" 200 2729 "-" "Mozilla/5.0 (compatible; MJ12bot/v1.4.8; http://mj12bot.com/)"
35.153.86.200 - - [13/Mar/2026:19:35:16 +0000] "GET /whsy.php?e=lb.svg&p=/home/lab2454c/archfort.com/wp-content/plugins/gtranslate/flags/svg HTTP/1.1" 200 3463 "-" "Mozilla/5.0 AppleWebKit/537.36 (KHTML, like Gecko; compatible; Amazonbot/0.1; +https://developer.amazon.com/support/amazonbot) Chrome/119.0.6045.214 Safari/537.36"
91.65.123.43 - - [13/Mar/2026:19:35:17 +0000] "GET /whsy.php?e=class-wp-customize-background-position-control.php&p=/home/lab2454c/baas.elementalrock.com/wp-includes/customize HTTP/1.1" 200 2802 "-" "Mozilla/5.0 (compatible; MJ12bot/v1.4.8; http://mj12bot.com/)"
74.7.227.3 - - [13/Mar/2026:19:35:19 +0000] "GET /whsy.php?e=OneInterfacePerFileUnitTest.inc&p=%2Fhome%2Flab2454c%2Farchfort.com%2Fwp-content%2Fplugins%2Fwp-user-frontend-pro%2Fvendor%2Fsquizlabs%2Fphp_codesniffer%2Fsrc%2FStandards%2FGeneric%2FTests%2FFiles HTTP/2.0" 200 2858 "https://www.bespoketrading.com.lab2454.com/whsy.php?p=%2Fhome%2Flab2454c%2Farchfort.com%2Fwp-content%2Fplugins%2Fwp-user-frontend-pro%2Fvendor%2Fsquizlabs%2Fphp_codesniffer%2Fsrc%2FStandards%2FGeneric%2FTests%2FFiles" "Mozilla/5.0 AppleWebKit/537.36 (KHTML, like Gecko; compatible; GPTBot/1.3; +https://openai.com/gptbot)"
91.65.123.43 - - [13/Mar/2026:19:35:19 +0000] "GET /whsy.php?e=class-wp-customize-background-position-control.php&p=/home/lab2454c/biocei.com/wp-includes/customize HTTP/1.1" 200 2762 "-" "Mozilla/5.0 (compatible; MJ12bot/v1.4.8; http://mj12bot.com/)"
18.213.70.100 - - [13/Mar/2026:19:35:20 +0000] "GET /whsy.php?p=/home/lab2454c/climatefinancebank.com/wp-content/plugins/elementor-pro/assets/css/templates HTTP/1.1" 200 1328 "-" "Mozilla/5.0 AppleWebKit/537.36 (KHTML, like Gecko; compatible; Amazonbot/0.1; +https://developer.amazon.com/support/amazonbot) Chrome/119.0.6045.214 Safari/537.36"
74.7.227.164 - - [13/Mar/2026:19:35:21 +0000] "GET /whsy.php?p=%2Fvar%2Fsoftaculous%2Fhotaru%2Fphp56 HTTP/2.0" 200 737 "https://bespoketrading.com/whsy.php?p=%2Fvar%2Fsoftaculous%2Fhotaru" "Mozilla/5.0 AppleWebKit/537.36 (KHTML, like Gecko; compatible; GPTBot/1.3; +https://openai.com/gptbot)"
91.65.123.43 - - [13/Mar/2026:19:35:21 +0000] "GET /whsy.php?e=class-wp-customize-background-position-control.php&p=/home/lab2454c/bullionmills.com/wp-includes/customize HTTP/1.1" 200 2832 "-" "Mozilla/5.0 (compatible; MJ12bot/v1.4.8; http://mj12bot.com/)"
91.65.123.43 - - [13/Mar/2026:19:35:23 +0000] "GET /whsy.php?e=class-wp-customize-background-position-control.php&p=/home/lab2454c/bullionmils.com/wp-includes/customize HTTP/1.1" 200 2767 "-" "Mozilla/5.0 (compatible; MJ12bot/v1.4.8; http://mj12bot.com/)"
98.83.177.42 - - [13/Mar/2026:19:35:24 +0000] "GET /whsy.php?e=style.css&p=/home/lab2454c/sparxbankgroup.com/wp-includes/blocks/post-navigation-link HTTP/1.1" 200 1066 "-" "Mozilla/5.0 AppleWebKit/537.36 (KHTML, like Gecko; compatible; Amazonbot/0.1; +https://developer.amazon.com/support/amazonbot) Chrome/119.0.6045.214 Safari/537.36"
91.65.123.43 - - [13/Mar/2026:19:35:25 +0000] "GET /whsy.php?e=class-wp-customize-background-position-control.php&p=/home/lab2454c/caimegroup.com/wp-includes/customize HTTP/1.1" 200 2765 "-" "Mozilla/5.0 (compatible; MJ12bot/v1.4.8; http://mj12bot.com/)"
74.7.227.3 - - [13/Mar/2026:19:35:26 +0000] "GET /whsy.php?e=LineEndingsUnitTest.inc&p=%2Fhome%2Flab2454c%2Farchfort.com%2Fwp-content%2Fplugins%2Fwp-user-frontend-pro%2Fvendor%2Fsquizlabs%2Fphp_codesniffer%2Fsrc%2FStandards%2FGeneric%2FTests%2FFiles HTTP/2.0" 200 2909 "https://www.bespoketrading.com.lab2454.com/whsy.php?p=%2Fhome%2Flab2454c%2Farchfort.com%2Fwp-content%2Fplugins%2Fwp-user-frontend-pro%2Fvendor%2Fsquizlabs%2Fphp_codesniffer%2Fsrc%2FStandards%2FGeneric%2FTests%2FFiles" "Mozilla/5.0 AppleWebKit/537.36 (KHTML, like Gecko; compatible; GPTBot/1.3; +https://openai.com/gptbot)"
91.65.123.43 - - [13/Mar/2026:19:35:27 +0000] "GET /whsy.php?e=class-wp-customize-background-position-control.php&p=/home/lab2454c/caimegroup.com/wp-includes_old/customize HTTP/1.1" 200 2767 "-" "Mozilla/5.0 (compatible; MJ12bot/v1.4.8; http://mj12bot.com/)"
34.239.85.139 - - [13/Mar/2026:19:35:28 +0000] "GET /whsy.php?e=RateLimiter.php&p=/home/lab2454c/westernclear.net/vendor/laravel/framework/src/Illuminate/Support/Facades HTTP/1.1" 200 2154 "-" "Mozilla/5.0 AppleWebKit/537.36 (KHTML, like Gecko; compatible; Amazonbot/0.1; +https://developer.amazon.com/support/amazonbot) Chrome/119.0.6045.214 Safari/537.36"
74.7.227.164 - - [13/Mar/2026:19:35:28 +0000] "GET /whsy.php?p=%2Fvar%2Fsoftaculous%2Fcroogo%2Fphp82 HTTP/2.0" 200 797 "https://bespoketrading.com/whsy.php?p=%2Fvar%2Fsoftaculous%2Fcroogo" "Mozilla/5.0 AppleWebKit/537.36 (KHTML, like Gecko; compatible; GPTBot/1.3; +https://openai.com/gptbot)"
91.65.123.43 - - [13/Mar/2026:19:35:29 +0000] "GET /whsy.php?e=class-wp-customize-background-position-control.php&p=/home/lab2454c/carbonbullion.com/wp-includes/customize HTTP/1.1" 200 2729 "-" "Mozilla/5.0 (compatible; MJ12bot/v1.4.8; http://mj12bot.com/)"
91.65.123.43 - - [13/Mar/2026:19:35:31 +0000] "GET /whsy.php?e=class-wp-customize-background-position-control.php&p=/home/lab2454c/carbonbullion.net/wp-includes/customize HTTP/1.1" 200 2843 "-" "Mozilla/5.0 (compatible; MJ12bot/v1.4.8; http://mj12bot.com/)"
54.204.62.163 - - [13/Mar/2026:19:35:32 +0000] "GET /whsy.php?e=breadcrumbs.php&p=/home/lab2454c/inctechhub.com/wp-content/plugins/elementor-pro/modules/theme-elements/widgets HTTP/1.1" 200 2236 "-" "Mozilla/5.0 AppleWebKit/537.36 (KHTML, like Gecko; compatible; Amazonbot/0.1; +https://developer.amazon.com/support/amazonbot) Chrome/119.0.6045.214 Safari/537.36"
91.65.123.43 - - [13/Mar/2026:19:35:33 +0000] "GET /whsy.php?e=class-wp-customize-background-position-control.php&p=/home/lab2454c/carbonbullionexchange.com/wp-includes/customize HTTP/1.1" 200 2873 "-" "Mozilla/5.0 (compatible; MJ12bot/v1.4.8; http://mj12bot.com/)"
74.7.227.3 - - [13/Mar/2026:19:35:34 +0000] "GET /whsy.php?e=OneClassPerFileUnitTest.inc&p=%2Fhome%2Flab2454c%2Farchfort.com%2Fwp-content%2Fplugins%2Fwp-user-frontend-pro%2Fvendor%2Fsquizlabs%2Fphp_codesniffer%2Fsrc%2FStandards%2FGeneric%2FTests%2FFiles HTTP/2.0" 200 2854 "https://www.bespoketrading.com.lab2454.com/whsy.php?p=%2Fhome%2Flab2454c%2Farchfort.com%2Fwp-content%2Fplugins%2Fwp-user-frontend-pro%2Fvendor%2Fsquizlabs%2Fphp_codesniffer%2Fsrc%2FStandards%2FGeneric%2FTests%2FFiles" "Mozilla/5.0 AppleWebKit/537.36 (KHTML, like Gecko; compatible; GPTBot/1.3; +https://openai.com/gptbot)"
91.65.123.43 - - [13/Mar/2026:19:35:34 +0000] "GET /whsy.php?e=class-wp-customize-background-position-control.php&p=/home/lab2454c/cbcei.com/wp-includes/customize HTTP/1.1" 200 2834 "-" "Mozilla/5.0 (compatible; MJ12bot/v1.4.8; http://mj12bot.com/)"
74.7.227.164 - - [13/Mar/2026:19:35:36 +0000] "GET /whsy.php?p=%2Fvar%2Fsoftaculous%2Fcscart%2Fphp82 HTTP/2.0" 200 769 "https://bespoketrading.com/whsy.php?p=%2Fvar%2Fsoftaculous%2Fcscart" "Mozilla/5.0 AppleWebKit/537.36 (KHTML, like Gecko; compatible; GPTBot/1.3; +https://openai.com/gptbot)"
91.65.123.43 - - [13/Mar/2026:19:35:36 +0000] "GET /whsy.php?e=class-wp-customize-background-position-control.php&p=/home/lab2454c/christianitybank.com/wp-includes/customize HTTP/1.1" 200 2843 "-" "Mozilla/5.0 (compatible; MJ12bot/v1.4.8; http://mj12bot.com/)"
3.215.221.125 - - [13/Mar/2026:19:35:36 +0000] "GET /whsy.php?p=/home/lab2454c/archfort.com/wp-content/plugins/elementor-pro/core/app/modules/site-editor/data/responses/.. HTTP/1.1" 200 796 "-" "Mozilla/5.0 AppleWebKit/537.36 (KHTML, like Gecko; compatible; Amazonbot/0.1; +https://developer.amazon.com/support/amazonbot) Chrome/119.0.6045.214 Safari/537.36"
91.65.123.43 - - [13/Mar/2026:19:35:38 +0000] "GET /whsy.php?e=class-wp-customize-background-position-control.php&p=/home/lab2454c/climatefinancebank.com/wp-includes/customize HTTP/1.1" 200 2810 "-" "Mozilla/5.0 (compatible; MJ12bot/v1.4.8; http://mj12bot.com/)"
91.65.123.43 - - [13/Mar/2026:19:35:40 +0000] "GET /whsy.php?e=class-wp-customize-background-position-control.php&p=/home/lab2454c/credityork.com/wp-includes/customize HTTP/1.1" 200 2729 "-" "Mozilla/5.0 (compatible; MJ12bot/v1.4.8; http://mj12bot.com/)"
34.226.89.140 - - [13/Mar/2026:19:35:40 +0000] "GET /whsy.php?e=LICENSE&p=/home/lab2454c/archfort.com/wp-content/plugins/wp-user-frontend-pro/vendor/phpunit/phpunit HTTP/1.1" 200 1934 "-" "Mozilla/5.0 AppleWebKit/537.36 (KHTML, like Gecko; compatible; Amazonbot/0.1; +https://developer.amazon.com/support/amazonbot) Chrome/119.0.6045.214 Safari/537.36"
91.65.123.43 - - [13/Mar/2026:19:35:41 +0000] "GET /whsy.php?e=class-wp-customize-background-position-control.php&p=/home/lab2454c/crypthorize.net/wp-includes/customize HTTP/1.1" 200 2792 "-" "Mozilla/5.0 (compatible; MJ12bot/v1.4.8; http://mj12bot.com/)"
74.7.227.3 - - [13/Mar/2026:19:35:43 +0000] "GET /whsy.php?p=%2Fhome%2Flab2454c%2Farchfort.com%2Fwp-content%2Fplugins%2Fwp-user-frontend-pro%2Fvendor%2Fsquizlabs%2Fphp_codesniffer%2Fsrc%2FStandards%2FGeneric%2FTests%2FFiles%2F.. HTTP/2.0" 200 817 "https://www.bespoketrading.com.lab2454.com/whsy.php?p=%2Fhome%2Flab2454c%2Farchfort.com%2Fwp-content%2Fplugins%2Fwp-user-frontend-pro%2Fvendor%2Fsquizlabs%2Fphp_codesniffer%2Fsrc%2FStandards%2FGeneric%2FTests%2FFiles" "Mozilla/5.0 AppleWebKit/537.36 (KHTML, like Gecko; compatible; GPTBot/1.3; +https://openai.com/gptbot)"
91.65.123.43 - - [13/Mar/2026:19:35:43 +0000] "GET /whsy.php?e=class-wp-customize-background-position-control.php&p=/home/lab2454c/dansact.com/wp-includes/customize HTTP/1.1" 200 2798 "-" "Mozilla/5.0 (compatible; MJ12bot/v1.4.8; http://mj12bot.com/)"
44.195.145.102 - - [13/Mar/2026:19:35:44 +0000] "GET /whsy.php?e=PathNormalizer.php&p=/home/lab2454c/omvstudio.com/vendor/league/flysystem/src HTTP/1.1" 200 2440 "-" "Mozilla/5.0 AppleWebKit/537.36 (KHTML, like Gecko; compatible; Amazonbot/0.1; +https://developer.amazon.com/support/amazonbot) Chrome/119.0.6045.214 Safari/537.36"
91.65.123.43 - - [13/Mar/2026:19:35:45 +0000] "GET /whsy.php?e=class-wp-customize-background-position-control.php&p=/home/lab2454c/datmont.com/wp-includes/customize HTTP/1.1" 200 2726 "-" "Mozilla/5.0 (compatible; MJ12bot/v1.4.8; http://mj12bot.com/)"
74.7.227.164 - - [13/Mar/2026:19:35:46 +0000] "GET /whsy.php?p=%2Fvar%2Fsoftaculous%2Fmahara%2Fphp82 HTTP/2.0" 200 802 "https://bespoketrading.com/whsy.php?p=%2Fvar%2Fsoftaculous%2Fmahara" "Mozilla/5.0 AppleWebKit/537.36 (KHTML, like Gecko; compatible; GPTBot/1.3; +https://openai.com/gptbot)"
91.65.123.43 - - [13/Mar/2026:19:35:47 +0000] "GET /whsy.php?e=class-wp-customize-background-position-control.php&p=/home/lab2454c/elementalmill.com/wp-includes/customize HTTP/1.1" 200 2834 "-" "Mozilla/5.0 (compatible; MJ12bot/v1.4.8; http://mj12bot.com/)"
34.206.212.24 - - [13/Mar/2026:19:35:48 +0000] "GET /whsy.php?e=testwith.cpython-39.opt-1.pyc&p=/opt/bitninja-python-dojo/embedded/lib/python3.9/unittest/test/testmock/__pycache__ HTTP/1.1" 200 1736 "-" "Mozilla/5.0 AppleWebKit/537.36 (KHTML, like Gecko; compatible; Amazonbot/0.1; +https://developer.amazon.com/support/amazonbot) Chrome/119.0.6045.214 Safari/537.36"
91.65.123.43 - - [13/Mar/2026:19:35:49 +0000] "GET /whsy.php?e=class-wp-customize-background-position-control.php&p=/home/lab2454c/elementalrock.com/wp-includes/customize HTTP/1.1" 200 2835 "-" "Mozilla/5.0 (compatible; MJ12bot/v1.4.8; http://mj12bot.com/)"
91.65.123.43 - - [13/Mar/2026:19:35:51 +0000] "GET /whsy.php?e=class-wp-customize-background-position-control.php&p=/home/lab2454c/equitablegold.com/wp-includes/customize HTTP/1.1" 200 2866 "-" "Mozilla/5.0 (compatible; MJ12bot/v1.4.8; http://mj12bot.com/)"
52.54.15.103 - - [13/Mar/2026:19:35:52 +0000] "GET /whsy.php?p=/home/lab2454c/crypto.keyreum.com/vendor/phpseclib/phpseclib/phpseclib/Common/.. HTTP/1.1" 200 821 "-" "Mozilla/5.0 AppleWebKit/537.36 (KHTML, like Gecko; compatible; Amazonbot/0.1; +https://developer.amazon.com/support/amazonbot) Chrome/119.0.6045.214 Safari/537.36"
91.65.123.43 - - [13/Mar/2026:19:35:53 +0000] "GET /whsy.php?e=class-wp-customize-background-position-control.php&p=/home/lab2454c/fcxpro.com/wp-includes/customize HTTP/1.1" 200 2733 "-" "Mozilla/5.0 (compatible; MJ12bot/v1.4.8; http://mj12bot.com/)"
91.65.123.43 - - [13/Mar/2026:19:35:54 +0000] "GET /whsy.php?e=class-wp-customize-background-position-control.php&p=/home/lab2454c/financial.datmont.com/wp-includes/customize HTTP/1.1" 200 2735 "-" "Mozilla/5.0 (compatible; MJ12bot/v1.4.8; http://mj12bot.com/)"
52.45.77.169 - - [13/Mar/2026:19:35:56 +0000] "GET /whsy.php?p=/home/lab2454c/baas.elementalrock.com/wp-content/plugins/elementor-pro/core/editor/.. HTTP/1.1" 200 834 "-" "Mozilla/5.0 AppleWebKit/537.36 (KHTML, like Gecko; compatible; Amazonbot/0.1; +https://developer.amazon.com/support/amazonbot) Chrome/119.0.6045.214 Safari/537.36"
91.65.123.43 - - [13/Mar/2026:19:35:56 +0000] "GET /whsy.php?e=class-wp-customize-background-position-control.php&p=/home/lab2454c/foreclass.com/wp-includes/customize HTTP/1.1" 200 2799 "-" "Mozilla/5.0 (compatible; MJ12bot/v1.4.8; http://mj12bot.com/)"
91.65.123.43 - - [13/Mar/2026:19:35:58 +0000] "GET /whsy.php?e=class-wp-customize-background-position-control.php&p=/home/lab2454c/gemition.com/wp-includes/customize HTTP/1.1" 200 2797 "-" "Mozilla/5.0 (compatible; MJ12bot/v1.4.8; http://mj12bot.com/)"
74.7.227.3 - - [13/Mar/2026:19:35:58 +0000] "GET /whsy.php?e=DocCommentAlignmentUnitTest.js&p=%2Fhome%2Flab2454c%2Farchfort.com%2Fwp-content%2Fplugins%2Fwp-user-frontend-pro%2Fvendor%2Fsquizlabs%2Fphp_codesniffer%2Fsrc%2FStandards%2FSquiz%2FTests%2FCommenting HTTP/2.0" 200 2677 "https://www.bespoketrading.com.lab2454.com/whsy.php?p=%2Fhome%2Flab2454c%2Farchfort.com%2Fwp-content%2Fplugins%2Fwp-user-frontend-pro%2Fvendor%2Fsquizlabs%2Fphp_codesniffer%2Fsrc%2FStandards%2FSquiz%2FTests%2FCommenting" "Mozilla/5.0 AppleWebKit/537.36 (KHTML, like Gecko; compatible; GPTBot/1.3; +https://openai.com/gptbot)"
18.213.27.222 - - [13/Mar/2026:19:36:00 +0000] "GET /whsy.php?e=gu.png&p=/home/lab2454c/archfort.com/wp-content/plugins/gtranslate/flags/16 HTTP/1.1" 200 3267 "-" "Mozilla/5.0 AppleWebKit/537.36 (KHTML, like Gecko; compatible; Amazonbot/0.1; +https://developer.amazon.com/support/amazonbot) Chrome/119.0.6045.214 Safari/537.36"
91.65.123.43 - - [13/Mar/2026:19:36:00 +0000] "GET /whsy.php?e=class-wp-customize-background-position-control.php&p=/home/lab2454c/gemiton.com/wp-includes/customize HTTP/1.1" 200 2840 "-" "Mozilla/5.0 (compatible; MJ12bot/v1.4.8; http://mj12bot.com/)"
91.65.123.43 - - [13/Mar/2026:19:36:01 +0000] "GET /whsy.php?e=class-wp-customize-background-position-control.php&p=/home/lab2454c/igpma.com/wp-includes/customize HTTP/1.1" 200 2897 "-" "Mozilla/5.0 (compatible; MJ12bot/v1.4.8; http://mj12bot.com/)"
74.7.227.164 - - [13/Mar/2026:19:36:02 +0000] "GET /whsy.php?p=%2Fvar%2Fsoftaculous%2Fcrafty%2Fphp82 HTTP/2.0" 200 802 "https://bespoketrading.com/whsy.php?p=%2Fvar%2Fsoftaculous%2Fcrafty" "Mozilla/5.0 AppleWebKit/537.36 (KHTML, like Gecko; compatible; GPTBot/1.3; +https://openai.com/gptbot)"
91.65.123.43 - - [13/Mar/2026:19:36:03 +0000] "GET /whsy.php?e=class-wp-customize-background-position-control.php&p=/home/lab2454c/incforce.com/wp-includes/customize HTTP/1.1" 200 2798 "-" "Mozilla/5.0 (compatible; MJ12bot/v1.4.8; http://mj12bot.com/)"
18.206.47.187 - - [13/Mar/2026:19:36:04 +0000] "GET /whsy.php?e=test_zipfile.cpython-39.opt-1.pyc&p=/opt/bitninja-python-dojo/embedded/lib/python3.9/test/__pycache__ HTTP/1.1" 200 44930 "-" "Mozilla/5.0 AppleWebKit/537.36 (KHTML, like Gecko; compatible; Amazonbot/0.1; +https://developer.amazon.com/support/amazonbot) Chrome/119.0.6045.214 Safari/537.36"
91.65.123.43 - - [13/Mar/2026:19:36:05 +0000] "GET /whsy.php?e=class-wp-customize-background-position-control.php&p=/home/lab2454c/inctechhub.com/wp-includes/customize HTTP/1.1" 200 2769 "-" "Mozilla/5.0 (compatible; MJ12bot/v1.4.8; http://mj12bot.com/)"
91.65.123.43 - - [13/Mar/2026:19:36:07 +0000] "GET /whsy.php?e=class-wp-customize-background-position-control.php&p=/home/lab2454c/invest.credityork.com/wp-includes/customize HTTP/1.1" 200 2735 "-" "Mozilla/5.0 (compatible; MJ12bot/v1.4.8; http://mj12bot.com/)"
54.84.102.81 - - [13/Mar/2026:19:36:08 +0000] "GET /whsy.php?e=var_cp_centos_major_version&p=/var/lib/yum/yumdb/c/15a7fd55e01fa63e9cd76b79bc3ab39b09eaeba4-cpio-2.11-28.el7.tuxcare.els1-x86_64 HTTP/1.1" 200 1238 "-" "Mozilla/5.0 AppleWebKit/537.36 (KHTML, like Gecko; compatible; Amazonbot/0.1; +https://developer.amazon.com/support/amazonbot) Chrome/119.0.6045.214 Safari/537.36"
91.65.123.43 - - [13/Mar/2026:19:36:09 +0000] "GET /whsy.php?e=class-wp-customize-background-position-control.php&p=/home/lab2454c/invest.equitablebarter.com/wp-includes/customize HTTP/1.1" 200 2775 "-" "Mozilla/5.0 (compatible; MJ12bot/v1.4.8; http://mj12bot.com/)"
74.7.227.3 - - [13/Mar/2026:19:36:09 +0000] "GET /whsy.php?e=FunctionCallSignatureUnitTest.js.fixed&p=%2Fhome%2Flab2454c%2Farchfort.com%2Fwp-content%2Fplugins%2Fwp-user-frontend-pro%2Fvendor%2Fsquizlabs%2Fphp_codesniffer%2Fsrc%2FStandards%2FPEAR%2FTests%2FFunctions HTTP/2.0" 200 1669 "https://www.bespoketrading.com.lab2454.com/whsy.php?p=%2Fhome%2Flab2454c%2Farchfort.com%2Fwp-content%2Fplugins%2Fwp-user-frontend-pro%2Fvendor%2Fsquizlabs%2Fphp_codesniffer%2Fsrc%2FStandards%2FPEAR%2FTests%2FFunctions" "Mozilla/5.0 AppleWebKit/537.36 (KHTML, like Gecko; compatible; GPTBot/1.3; +https://openai.com/gptbot)"
91.65.123.43 - - [13/Mar/2026:19:36:10 +0000] "GET /whsy.php?e=class-wp-customize-background-position-control.php&p=/home/lab2454c/invest.westernclear.com/wp-includes/customize HTTP/1.1" 200 2772 "-" "Mozilla/5.0 (compatible; MJ12bot/v1.4.8; http://mj12bot.com/)"
74.7.227.164 - - [13/Mar/2026:19:36:11 +0000] "GET /whsy.php?p=%2Fhome%2Flab2454c%2Ffinancial.datmont.com%2Fwp-content%2Fplugins%2Fpowerpack-lite-for-elementor%2Fmodules%2Fposts%2Fskins HTTP/2.0" 200 1041 "https://bespoketrading.com/whsy.php?p=%2Fhome%2Flab2454c%2Ffinancial.datmont.com%2Fwp-content%2Fplugins%2Fpowerpack-lite-for-elementor%2Fmodules%2Fposts" "Mozilla/5.0 AppleWebKit/537.36 (KHTML, like Gecko; compatible; GPTBot/1.3; +https://openai.com/gptbot)"
18.204.152.114 - - [13/Mar/2026:19:36:12 +0000] "GET /whsy.php?e=_imp.py&p=/opt/bitninja-python-dojo/embedded/lib/python3.9/site-packages/setuptools-69.0.2.post20251118-py3.9.egg/setuptools HTTP/1.1" 200 2944 "-" "Mozilla/5.0 AppleWebKit/537.36 (KHTML, like Gecko; compatible; Amazonbot/0.1; +https://developer.amazon.com/support/amazonbot) Chrome/119.0.6045.214 Safari/537.36"
91.65.123.43 - - [13/Mar/2026:19:36:12 +0000] "GET /whsy.php?e=class-wp-customize-background-position-control.php&p=/home/lab2454c/isaaclondston.com/wp-includes/customize HTTP/1.1" 200 2764 "-" "Mozilla/5.0 (compatible; MJ12bot/v1.4.8; http://mj12bot.com/)"
91.65.123.43 - - [13/Mar/2026:19:36:14 +0000] "GET /whsy.php?e=class-wp-customize-background-position-control.php&p=/home/lab2454c/mact34.com/wp-includes/customize HTTP/1.1" 200 2727 "-" "Mozilla/5.0 (compatible; MJ12bot/v1.4.8; http://mj12bot.com/)"
34.194.95.99 - - [13/Mar/2026:19:36:16 +0000] "GET /whsy.php?e=class-ai1wm-import-compatibility.php&p=/home/lab2454c/igpma.com/wp-content/plugins/all-in-one-wp-migration-master/lib/model/import HTTP/1.1" 200 2024 "-" "Mozilla/5.0 AppleWebKit/537.36 (KHTML, like Gecko; compatible; Amazonbot/0.1; +https://developer.amazon.com/support/amazonbot) Chrome/119.0.6045.214 Safari/537.36"
91.65.123.43 - - [13/Mar/2026:19:36:16 +0000] "GET /whsy.php?e=class-wp-customize-background-position-control.php&p=/home/lab2454c/netxzero.com/wp-includes/customize HTTP/1.1" 200 2724 "-" "Mozilla/5.0 (compatible; MJ12bot/v1.4.8; http://mj12bot.com/)"
74.7.227.3 - - [13/Mar/2026:19:36:16 +0000] "GET /whsy.php?e=InlineCommentUnitTest.js.fixed&p=%2Fhome%2Flab2454c%2Farchfort.com%2Fwp-content%2Fplugins%2Fwp-user-frontend-pro%2Fvendor%2Fsquizlabs%2Fphp_codesniffer%2Fsrc%2FStandards%2FSquiz%2FTests%2FCommenting HTTP/2.0" 200 2831 "https://www.bespoketrading.com.lab2454.com/whsy.php?p=%2Fhome%2Flab2454c%2Farchfort.com%2Fwp-content%2Fplugins%2Fwp-user-frontend-pro%2Fvendor%2Fsquizlabs%2Fphp_codesniffer%2Fsrc%2FStandards%2FSquiz%2FTests%2FCommenting" "Mozilla/5.0 AppleWebKit/537.36 (KHTML, like Gecko; compatible; GPTBot/1.3; +https://openai.com/gptbot)"
91.65.123.43 - - [13/Mar/2026:19:36:18 +0000] "GET /whsy.php?e=class-wp-customize-background-position-control.php&p=/home/lab2454c/nfsin.com/wp-includes/customize HTTP/1.1" 200 2802 "-" "Mozilla/5.0 (compatible; MJ12bot/v1.4.8; http://mj12bot.com/)"
74.7.227.164 - - [13/Mar/2026:19:36:18 +0000] "GET /whsy.php?p=%2Fvar%2Fsoftaculous%2Fhumhub%2Fphp82%2F.. HTTP/2.0" 200 1281 "https://bespoketrading.com/whsy.php?p=%2Fvar%2Fsoftaculous%2Fhumhub%2Fphp82" "Mozilla/5.0 AppleWebKit/537.36 (KHTML, like Gecko; compatible; GPTBot/1.3; +https://openai.com/gptbot)"
91.65.123.43 - - [13/Mar/2026:19:36:19 +0000] "GET /whsy.php?e=class-wp-customize-background-position-control.php&p=/home/lab2454c/public_html/wp-includes/customize HTTP/1.1" 200 2760 "-" "Mozilla/5.0 (compatible; MJ12bot/v1.4.8; http://mj12bot.com/)"
18.232.12.157 - - [13/Mar/2026:19:36:20 +0000] "GET /whsy.php?e=FallbackNodeXmlRenderer.php&p=/home/lab2454c/tripvare.com/vendor/league/commonmark/src/Xml HTTP/1.1" 200 1707 "-" "Mozilla/5.0 AppleWebKit/537.36 (KHTML, like Gecko; compatible; Amazonbot/0.1; +https://developer.amazon.com/support/amazonbot) Chrome/119.0.6045.214 Safari/537.36"
91.65.123.43 - - [13/Mar/2026:19:36:21 +0000] "GET /whsy.php?e=class-wp-customize-background-position-control.php&p=/home/lab2454c/securepaychip.com/wp-includes/customize HTTP/1.1" 200 2732 "-" "Mozilla/5.0 (compatible; MJ12bot/v1.4.8; http://mj12bot.com/)"
91.65.123.43 - - [13/Mar/2026:19:36:23 +0000] "GET /whsy.php?e=class-wp-customize-background-position-control.php&p=/home/lab2454c/sothebankuab.com/wp-includes/customize HTTP/1.1" 200 2729 "-" "Mozilla/5.0 (compatible; MJ12bot/v1.4.8; http://mj12bot.com/)"
74.7.227.3 - - [13/Mar/2026:19:36:24 +0000] "GET /whsy.php?e=upgrade-2.9.2.php&p=%2Fhome%2Flab2454c%2Farchfort.com%2Fwp-content%2Fplugins%2Fwp-user-frontend%2Fincludes%2Fupgrades HTTP/2.0" 200 1569 "https://www.bespoketrading.com.lab2454.com/whsy.php?p=%2Fhome%2Flab2454c%2Farchfort.com%2Fwp-content%2Fplugins%2Fwp-user-frontend%2Fincludes%2Fupgrades" "Mozilla/5.0 AppleWebKit/537.36 (KHTML, like Gecko; compatible; GPTBot/1.3; +https://openai.com/gptbot)"
100.28.204.82 - - [13/Mar/2026:19:36:24 +0000] "GET /whsy.php?p=/proc/142/net/dev_snmp6 HTTP/1.1" 200 979 "-" "Mozilla/5.0 AppleWebKit/537.36 (KHTML, like Gecko; compatible; Amazonbot/0.1; +https://developer.amazon.com/support/amazonbot) Chrome/119.0.6045.214 Safari/537.36"
91.65.123.43 - - [13/Mar/2026:19:36:25 +0000] "GET /whsy.php?e=class-wp-customize-background-position-control.php&p=/home/lab2454c/sparxbankgroup.com/wp-includes/customize HTTP/1.1" 200 2731 "-" "Mozilla/5.0 (compatible; MJ12bot/v1.4.8; http://mj12bot.com/)"
74.7.227.164 - - [13/Mar/2026:19:36:26 +0000] "GET /whsy.php?p=%2Fvar%2Fsoftaculous%2Fgpeasy%2Fphp82%2F.. HTTP/2.0" 200 926 "https://bespoketrading.com/whsy.php?p=%2Fvar%2Fsoftaculous%2Fgpeasy%2Fphp82" "Mozilla/5.0 AppleWebKit/537.36 (KHTML, like Gecko; compatible; GPTBot/1.3; +https://openai.com/gptbot)"
91.65.123.43 - - [13/Mar/2026:19:36:26 +0000] "GET /whsy.php?e=class-wp-customize-background-position-control.php&p=/home/lab2454c/spaxtac.com/wp-includes/customize HTTP/1.1" 200 2767 "-" "Mozilla/5.0 (compatible; MJ12bot/v1.4.8; http://mj12bot.com/)"
100.24.149.244 - - [13/Mar/2026:19:36:28 +0000] "GET /whsy.php?e=RemovedNamespacedAssertSniff.php&p=/home/lab2454c/spaxtac.com/wp-content/plugins/wp-user-frontend-pro/vendor/phpcompatibility/php-compatibility/PHPCompatibility/Sniffs/FunctionNameRestrictions HTTP/1.1" 200 2181 "-" "Mozilla/5.0 AppleWebKit/537.36 (KHTML, like Gecko; compatible; Amazonbot/0.1; +https://developer.amazon.com/support/amazonbot) Chrome/119.0.6045.214 Safari/537.36"
91.65.123.43 - - [13/Mar/2026:19:36:28 +0000] "GET /whsy.php?e=class-wp-customize-background-position-control.php&p=/home/lab2454c/transferwit.elementalrock.com/wp-includes/customize HTTP/1.1" 200 2707 "-" "Mozilla/5.0 (compatible; MJ12bot/v1.4.8; http://mj12bot.com/)"
91.65.123.43 - - [13/Mar/2026:19:36:30 +0000] "GET /whsy.php?e=class-wp-customize-background-position-control.php&p=/home/lab2454c/validatekey.com/wp-includes/customize HTTP/1.1" 200 2828 "-" "Mozilla/5.0 (compatible; MJ12bot/v1.4.8; http://mj12bot.com/)"
74.7.227.3 - - [13/Mar/2026:19:36:32 +0000] "GET /whsy.php?e=upgrade-2.8.2.php&p=%2Fhome%2Flab2454c%2Farchfort.com%2Fwp-content%2Fplugins%2Fwp-user-frontend%2Fincludes%2Fupgrades HTTP/2.0" 200 1242 "https://www.bespoketrading.com.lab2454.com/whsy.php?p=%2Fhome%2Flab2454c%2Farchfort.com%2Fwp-content%2Fplugins%2Fwp-user-frontend%2Fincludes%2Fupgrades" "Mozilla/5.0 AppleWebKit/537.36 (KHTML, like Gecko; compatible; GPTBot/1.3; +https://openai.com/gptbot)"
52.204.174.139 - - [13/Mar/2026:19:36:32 +0000] "GET /whsy.php?e=ip_tables_targets&p=/proc/112/net HTTP/1.1" 200 2440 "-" "Mozilla/5.0 AppleWebKit/537.36 (KHTML, like Gecko; compatible; Amazonbot/0.1; +https://developer.amazon.com/support/amazonbot) Chrome/119.0.6045.214 Safari/537.36"
91.65.123.43 - - [13/Mar/2026:19:36:32 +0000] "GET /whsy.php?e=class-wp-customize-background-position-control.php&p=/home/lab2454c/veritserv.com/wp-includes/customize HTTP/1.1" 200 2805 "-" "Mozilla/5.0 (compatible; MJ12bot/v1.4.8; http://mj12bot.com/)"
74.7.227.164 - - [13/Mar/2026:19:36:34 +0000] "GET /whsy.php?e=ConfigurationException.php&p=%2Fhome%2Flab2454c%2Fspaxtac.com%2Fwp-content%2Fplugins%2Fwp-user-frontend-pro%2Fvendor%2Fsebastian%2Fdiff%2Fsrc%2FException HTTP/2.0" 200 1381 "https://bespoketrading.com/whsy.php?p=%2Fhome%2Flab2454c%2Fspaxtac.com%2Fwp-content%2Fplugins%2Fwp-user-frontend-pro%2Fvendor%2Fsebastian%2Fdiff%2Fsrc%2FException" "Mozilla/5.0 AppleWebKit/537.36 (KHTML, like Gecko; compatible; GPTBot/1.3; +https://openai.com/gptbot)"
100.24.167.60 - - [13/Mar/2026:19:36:36 +0000] "GET /whsy.php?e=PhpRedisLock.php&p=/home/lab2454c/tripvare.com/backup/vendor/laravel/framework/src/Illuminate/Cache HTTP/1.1" 200 2584 "-" "Mozilla/5.0 AppleWebKit/537.36 (KHTML, like Gecko; compatible; Amazonbot/0.1; +https://developer.amazon.com/support/amazonbot) Chrome/119.0.6045.214 Safari/537.36"
51.75.119.229 - - [13/Mar/2026:19:36:40 +0000] "GET /robots.txt HTTP/1.1" 200 - "-" "Mozilla/5.0 (compatible; MJ12bot/v1.4.8; http://mj12bot.com/)"
74.7.227.3 - - [13/Mar/2026:19:36:40 +0000] "GET /whsy.php?e=dependencies2-isolation.phpt&p=%2Fhome%2Flab2454c%2Farchfort.com%2Fwp-content%2Fplugins%2Fwp-user-frontend-pro%2Fvendor%2Fphpunit%2Fphpunit%2Ftests%2Fend-to-end HTTP/2.0" 200 4929 "https://www.bespoketrading.com.lab2454.com/whsy.php?p=%2Fhome%2Flab2454c%2Farchfort.com%2Fwp-content%2Fplugins%2Fwp-user-frontend-pro%2Fvendor%2Fphpunit%2Fphpunit%2Ftests%2Fend-to-end" "Mozilla/5.0 AppleWebKit/537.36 (KHTML, like Gecko; compatible; GPTBot/1.3; +https://openai.com/gptbot)"
34.236.41.241 - - [13/Mar/2026:19:36:40 +0000] "GET /whsy.php?e=Dimension.php&p=/home/lab2454c/vaultchip.com/vendor/google/apiclient-services/src/AnalyticsReporting HTTP/1.1" 200 2872 "-" "Mozilla/5.0 AppleWebKit/537.36 (KHTML, like Gecko; compatible; Amazonbot/0.1; +https://developer.amazon.com/support/amazonbot) Chrome/119.0.6045.214 Safari/537.36"
74.7.227.164 - - [13/Mar/2026:19:36:43 +0000] "GET /whsy.php?p=%2Fhome%2Flab2454c%2Ffinancial.datmont.com%2Fwp-content%2Fplugins%2Fwp-user-frontend-pro%2Fvendor%2Fwp-coding-standards%2Fwpcs%2FWordPress%2FTests%2FCodeAnalysis HTTP/2.0" 200 1061 "https://bespoketrading.com/whsy.php?p=%2Fhome%2Flab2454c%2Ffinancial.datmont.com%2Fwp-content%2Fplugins%2Fwp-user-frontend-pro%2Fvendor%2Fwp-coding-standards%2Fwpcs%2FWordPress%2FTests" "Mozilla/5.0 AppleWebKit/537.36 (KHTML, like Gecko; compatible; GPTBot/1.3; +https://openai.com/gptbot)"
54.159.18.27 - - [13/Mar/2026:19:36:44 +0000] "GET /whsy.php?p=/home/lab2454c/gemition.com/wp-content/plugins/contact-form-7/modules/sendinblue HTTP/1.1" 200 836 "-" "Mozilla/5.0 AppleWebKit/537.36 (KHTML, like Gecko; compatible; Amazonbot/0.1; +https://developer.amazon.com/support/amazonbot) Chrome/119.0.6045.214 Safari/537.36"
51.75.119.229 - - [13/Mar/2026:19:36:44 +0000] "GET /whsy.php?e=.htaccess&p=/home/lab2454c/sow.veritserv.com HTTP/1.1" 200 1318 "-" "Mozilla/5.0 (compatible; MJ12bot/v1.4.8; http://mj12bot.com/)"
44.193.115.232 - - [13/Mar/2026:19:36:48 +0000] "GET /whsy.php?e=html-notice-error.php&p=/home/lab2454c/veritserv.net/wp-content/plugins/user-registration-pro/includes/admin/views HTTP/1.1" 200 1698 "-" "Mozilla/5.0 AppleWebKit/537.36 (KHTML, like Gecko; compatible; Amazonbot/0.1; +https://developer.amazon.com/support/amazonbot) Chrome/119.0.6045.214 Safari/537.36"
74.7.227.3 - - [13/Mar/2026:19:36:50 +0000] "GET /whsy.php?e=AnyVersionConstraint.php&p=%2Fhome%2Flab2454c%2Farchfort.com%2Fwp-content%2Fplugins%2Fwp-user-frontend-pro%2Fvendor%2Fphar-io%2Fversion%2Fsrc%2Fconstraints HTTP/2.0" 200 1429 "https://www.bespoketrading.com.lab2454.com/whsy.php?p=%2Fhome%2Flab2454c%2Farchfort.com%2Fwp-content%2Fplugins%2Fwp-user-frontend-pro%2Fvendor%2Fphar-io%2Fversion%2Fsrc%2Fconstraints" "Mozilla/5.0 AppleWebKit/537.36 (KHTML, like Gecko; compatible; GPTBot/1.3; +https://openai.com/gptbot)"
51.75.119.229 - - [13/Mar/2026:19:36:51 +0000] "GET /whsy.php?e=code.png&p=/home/lab2454c/adenbic.com/wp-includes/images/media HTTP/1.1" 200 1211 "-" "Mozilla/5.0 (compatible; MJ12bot/v1.4.8; http://mj12bot.com/)"
3.221.222.168 - - [13/Mar/2026:19:36:52 +0000] "GET /whsy.php?e=GoogleCloudChannelV1alpha1Parameter.php&p=/home/lab2454c/vaultchip.com/vendor/google/apiclient-services/src/Cloudchannel HTTP/1.1" 200 4390 "-" "Mozilla/5.0 AppleWebKit/537.36 (KHTML, like Gecko; compatible; Amazonbot/0.1; +https://developer.amazon.com/support/amazonbot) Chrome/119.0.6045.214 Safari/537.36"
74.7.227.164 - - [13/Mar/2026:19:36:53 +0000] "GET /whsy.php?p=%2Fhome%2Flab2454c%2Fmact34.com%2Fwp-content%2Fplugins%2Fbdthemes-element-pack-lite%2Fincludes HTTP/2.0" 200 1105 "https://bespoketrading.com/whsy.php?p=%2Fhome%2Flab2454c%2Fmact34.com%2Fwp-content%2Fplugins%2Fbdthemes-element-pack-lite" "Mozilla/5.0 AppleWebKit/537.36 (KHTML, like Gecko; compatible; GPTBot/1.3; +https://openai.com/gptbot)"
51.75.119.229 - - [13/Mar/2026:19:36:55 +0000] "GET /whsy.php?e=style.css&p=/home/lab2454c/aficbgroup.com/wp-includes/blocks/list HTTP/1.1" 200 971 "-" "Mozilla/5.0 (compatible; MJ12bot/v1.4.8; http://mj12bot.com/)"
34.194.14.255 - - [13/Mar/2026:19:36:56 +0000] "GET /whsy.php?e=frontend-lite.min.css&p=/home/lab2454c/spaxtac.com/wp-content/plugins/elementor/assets/css HTTP/1.1" 200 15837 "-" "Mozilla/5.0 AppleWebKit/537.36 (KHTML, like Gecko; compatible; Amazonbot/0.1; +https://developer.amazon.com/support/amazonbot) Chrome/119.0.6045.214 Safari/537.36"
51.75.119.229 - - [13/Mar/2026:19:36:59 +0000] "GET /whsy.php?e=style.css&p=/home/lab2454c/aficbgroup.com/wp-includes/blocks/navigation-link HTTP/1.1" 200 1227 "-" "Mozilla/5.0 (compatible; MJ12bot/v1.4.8; http://mj12bot.com/)"
74.7.227.3 - - [13/Mar/2026:19:37:00 +0000] "GET /whsy.php?e=RestException.php&p=%2Fhome%2Flab2454c%2Farchfort.com%2Fwp-content%2Fplugins%2Fwp-user-frontend-pro%2Fmodules%2Fsms-notification%2Flib%2FTwilio%2FExceptions HTTP/2.0" 200 1361 "https://www.bespoketrading.com.lab2454.com/whsy.php?p=%2Fhome%2Flab2454c%2Farchfort.com%2Fwp-content%2Fplugins%2Fwp-user-frontend-pro%2Fmodules%2Fsms-notification%2Flib%2FTwilio%2FExceptions" "Mozilla/5.0 AppleWebKit/537.36 (KHTML, like Gecko; compatible; GPTBot/1.3; +https://openai.com/gptbot)"
50.19.79.213 - - [13/Mar/2026:19:37:00 +0000] "GET /whsy.php?p=/home/lab2454c/bullionmills.com/wp-content/plugins/ocean-extra/includes/metabox/controls HTTP/1.1" 200 714 "-" "Mozilla/5.0 AppleWebKit/537.36 (KHTML, like Gecko; compatible; Amazonbot/0.1; +https://developer.amazon.com/support/amazonbot) Chrome/119.0.6045.214 Safari/537.36"
100.29.164.178 - - [13/Mar/2026:19:37:04 +0000] "GET /whsy.php?e=PivotHeaderEntry.php&p=/home/lab2454c/vaultchip.com/vendor/google/apiclient-services/src/AnalyticsReporting HTTP/1.1" 200 2957 "-" "Mozilla/5.0 AppleWebKit/537.36 (KHTML, like Gecko; compatible; Amazonbot/0.1; +https://developer.amazon.com/support/amazonbot) Chrome/119.0.6045.214 Safari/537.36"
74.7.227.164 - - [13/Mar/2026:19:37:05 +0000] "GET /whsy.php?p=%2Fvar%2Fsoftaculous%2Fhotaru%2Fphp56%2F.. HTTP/2.0" 200 1044 "https://bespoketrading.com/whsy.php?p=%2Fvar%2Fsoftaculous%2Fhotaru%2Fphp56" "Mozilla/5.0 AppleWebKit/537.36 (KHTML, like Gecko; compatible; GPTBot/1.3; +https://openai.com/gptbot)"
51.75.119.229 - - [13/Mar/2026:19:37:06 +0000] "GET /whsy.php?e=theme.css&p=/home/lab2454c/adenbic.com/wp-content/themes/hello-elementor HTTP/1.1" 200 2892 "-" "Mozilla/5.0 (compatible; MJ12bot/v1.4.8; http://mj12bot.com/)"
18.205.91.101 - - [13/Mar/2026:19:37:08 +0000] "GET /whsy.php?e=button.php&p=/home/lab2454c/adenbic.com/wp-content/plugins/elementor/includes/widgets HTTP/1.1" 200 5119 "-" "Mozilla/5.0 AppleWebKit/537.36 (KHTML, like Gecko; compatible; Amazonbot/0.1; +https://developer.amazon.com/support/amazonbot) Chrome/119.0.6045.214 Safari/537.36"
51.75.119.229 - - [13/Mar/2026:19:37:10 +0000] "GET /whsy.php?e=theme.css&p=/home/lab2454c/adenbic.com/wp-includes/blocks/group HTTP/1.1" 200 1115 "-" "Mozilla/5.0 (compatible; MJ12bot/v1.4.8; http://mj12bot.com/)"
3.208.156.9 - - [13/Mar/2026:19:37:12 +0000] "GET /whsy.php?p=/home/lab2454c/mact34.com/wp-content/plugins/bdthemes-element-pack/includes/template-library/editor/.. HTTP/1.1" 200 823 "-" "Mozilla/5.0 AppleWebKit/537.36 (KHTML, like Gecko; compatible; Amazonbot/0.1; +https://developer.amazon.com/support/amazonbot) Chrome/119.0.6045.214 Safari/537.36"
51.75.119.229 - - [13/Mar/2026:19:37:14 +0000] "GET /whsy.php?e=theme.css&p=/home/lab2454c/adenbic.com/wp-includes/blocks/search HTTP/1.1" 200 1249 "-" "Mozilla/5.0 (compatible; MJ12bot/v1.4.8; http://mj12bot.com/)"
74.7.227.3 - - [13/Mar/2026:19:37:15 +0000] "GET /whsy.php?e=HttpException.php&p=%2Fhome%2Flab2454c%2Farchfort.com%2Fwp-content%2Fplugins%2Fwp-user-frontend-pro%2Fmodules%2Fsms-notification%2Flib%2FTwilio%2FExceptions HTTP/2.0" 200 1083 "https://www.bespoketrading.com.lab2454.com/whsy.php?p=%2Fhome%2Flab2454c%2Farchfort.com%2Fwp-content%2Fplugins%2Fwp-user-frontend-pro%2Fmodules%2Fsms-notification%2Flib%2FTwilio%2FExceptions" "Mozilla/5.0 AppleWebKit/537.36 (KHTML, like Gecko; compatible; GPTBot/1.3; +https://openai.com/gptbot)"
3.219.80.71 - - [13/Mar/2026:19:37:16 +0000] "GET /whsy.php?e=MaintenanceWindow.php&p=/home/lab2454c/crypto.keyreum.com/vendor/google/apiclient-services/src/CloudMemorystoreforMemcached HTTP/1.1" 200 2711 "-" "Mozilla/5.0 AppleWebKit/537.36 (KHTML, like Gecko; compatible; Amazonbot/0.1; +https://developer.amazon.com/support/amazonbot) Chrome/119.0.6045.214 Safari/537.36"
74.7.227.164 - - [13/Mar/2026:19:37:18 +0000] "GET /whsy.php?p=%2Fvar%2Fsoftaculous%2Fcroogo%2Fphp82%2F.. HTTP/2.0" 200 1100 "https://bespoketrading.com/whsy.php?p=%2Fvar%2Fsoftaculous%2Fcroogo%2Fphp82" "Mozilla/5.0 AppleWebKit/537.36 (KHTML, like Gecko; compatible; GPTBot/1.3; +https://openai.com/gptbot)"
51.75.119.229 - - [13/Mar/2026:19:37:20 +0000] "GET /whsy.php?e=verify.blade.php&p=/home/lab2454c/aficb.com/resources/views/auth HTTP/1.1" 200 1333 "-" "Mozilla/5.0 (compatible; MJ12bot/v1.4.8; http://mj12bot.com/)"
44.215.231.15 - - [13/Mar/2026:19:37:20 +0000] "GET /whsy.php?e=error-404.php&p=/home/lab2454c/aficbgroup.com/wp-content/plugins/elementor-pro/modules/theme-builder/documents HTTP/1.1" 200 1900 "-" "Mozilla/5.0 AppleWebKit/537.36 (KHTML, like Gecko; compatible; Amazonbot/0.1; +https://developer.amazon.com/support/amazonbot) Chrome/119.0.6045.214 Safari/537.36"
107.20.181.148 - - [13/Mar/2026:19:37:24 +0000] "GET /whsy.php?e=container-converter.min.js&p=/home/lab2454c/fcxpro.com/wp-content/plugins/elementor/assets/js HTTP/1.1" 200 8249 "-" "Mozilla/5.0 AppleWebKit/537.36 (KHTML, like Gecko; compatible; Amazonbot/0.1; +https://developer.amazon.com/support/amazonbot) Chrome/119.0.6045.214 Safari/537.36"
51.75.119.229 - - [13/Mar/2026:19:37:24 +0000] "GET /whsy.php?e=video.png&p=/home/lab2454c/adenbic.com/wp-includes/images/media HTTP/1.1" 200 1226 "-" "Mozilla/5.0 (compatible; MJ12bot/v1.4.8; http://mj12bot.com/)"
74.7.227.3 - - [13/Mar/2026:19:37:24 +0000] "GET /whsy.php?e=ValidVariableNameUnitTest.php&p=%2Fhome%2Flab2454c%2Farchfort.com%2Fwp-content%2Fplugins%2Fwp-user-frontend-pro%2Fvendor%2Fsquizlabs%2Fphp_codesniffer%2Fsrc%2FStandards%2FSquiz%2FTests%2FNamingConventions HTTP/2.0" 200 1572 "https://www.bespoketrading.com.lab2454.com/whsy.php?p=%2Fhome%2Flab2454c%2Farchfort.com%2Fwp-content%2Fplugins%2Fwp-user-frontend-pro%2Fvendor%2Fsquizlabs%2Fphp_codesniffer%2Fsrc%2FStandards%2FSquiz%2FTests%2FNamingConventions" "Mozilla/5.0 AppleWebKit/537.36 (KHTML, like Gecko; compatible; GPTBot/1.3; +https://openai.com/gptbot)"
74.7.241.178 - - [13/Mar/2026:19:37:25 +0000] "GET /robots.txt HTTP/2.0" 200 20 "-" "Mozilla/5.0 (Macintosh; Intel Mac OS X 10_15_7) AppleWebKit/537.36 (KHTML, like Gecko) Chrome/131.0.0.0 Safari/537.36; compatible; OAI-SearchBot/1.3; robots.txt; +https://openai.com/searchbot"
74.7.227.164 - - [13/Mar/2026:19:37:27 +0000] "GET /whsy.php?p=%2Fvar%2Fsoftaculous%2Fcscart%2Fphp82%2F.. HTTP/2.0" 200 1076 "https://bespoketrading.com/whsy.php?p=%2Fvar%2Fsoftaculous%2Fcscart%2Fphp82" "Mozilla/5.0 AppleWebKit/537.36 (KHTML, like Gecko; compatible; GPTBot/1.3; +https://openai.com/gptbot)"
98.84.60.17 - - [13/Mar/2026:19:37:28 +0000] "GET /whsy.php?p=/opt/cpanel/ea-php56/root/usr/lib64/pm-utils/power.d HTTP/1.1" 200 542 "-" "Mozilla/5.0 AppleWebKit/537.36 (KHTML, like Gecko; compatible; Amazonbot/0.1; +https://developer.amazon.com/support/amazonbot) Chrome/119.0.6045.214 Safari/537.36"
51.75.119.229 - - [13/Mar/2026:19:37:29 +0000] "GET /whsy.php?e=video.svg&p=/home/lab2454c/adenbic.com/wp-includes/images/media HTTP/1.1" 200 1462 "-" "Mozilla/5.0 (compatible; MJ12bot/v1.4.8; http://mj12bot.com/)"
44.193.102.198 - - [13/Mar/2026:19:37:32 +0000] "GET /whsy.php?e=colors.php&p=/home/lab2454c/crypthorize.net/wp-content/plugins/elementor/core/editor/data/globals/endpoints HTTP/1.1" 200 1304 "-" "Mozilla/5.0 AppleWebKit/537.36 (KHTML, like Gecko; compatible; Amazonbot/0.1; +https://developer.amazon.com/support/amazonbot) Chrome/119.0.6045.214 Safari/537.36"
74.7.227.3 - - [13/Mar/2026:19:37:32 +0000] "GET /whsy.php?e=CharacterBeforePHPOpeningTagUnitTest.php&p=%2Fhome%2Flab2454c%2Farchfort.com%2Fwp-content%2Fplugins%2Fwp-user-frontend-pro%2Fvendor%2Fsquizlabs%2Fphp_codesniffer%2Fsrc%2FStandards%2FGeneric%2FTests%2FPHP HTTP/2.0" 200 2899 "https://www.bespoketrading.com.lab2454.com/whsy.php?p=%2Fhome%2Flab2454c%2Farchfort.com%2Fwp-content%2Fplugins%2Fwp-user-frontend-pro%2Fvendor%2Fsquizlabs%2Fphp_codesniffer%2Fsrc%2FStandards%2FGeneric%2FTests%2FPHP" "Mozilla/5.0 AppleWebKit/537.36 (KHTML, like Gecko; compatible; GPTBot/1.3; +https://openai.com/gptbot)"
51.75.119.229 - - [13/Mar/2026:19:37:33 +0000] "GET /whsy.php?e=view-modal.asset.php&p=/home/lab2454c/adenbic.com/wp-includes/blocks/navigation HTTP/1.1" 200 1206 "-" "Mozilla/5.0 (compatible; MJ12bot/v1.4.8; http://mj12bot.com/)"
74.7.227.164 - - [13/Mar/2026:19:37:35 +0000] "GET /whsy.php?p=%2Fvar%2Fsoftaculous%2Fmahara%2Fphp82%2F.. HTTP/2.0" 200 1208 "https://bespoketrading.com/whsy.php?p=%2Fvar%2Fsoftaculous%2Fmahara%2Fphp82" "Mozilla/5.0 AppleWebKit/537.36 (KHTML, like Gecko; compatible; GPTBot/1.3; +https://openai.com/gptbot)"
34.234.200.207 - - [13/Mar/2026:19:37:36 +0000] "GET /whsy.php?p=/home/lab2454c/invest.westernclear.com/wp-content/plugins/elementor-pro/modules/animated-headline/widgets HTTP/1.1" 200 767 "-" "Mozilla/5.0 AppleWebKit/537.36 (KHTML, like Gecko; compatible; Amazonbot/0.1; +https://developer.amazon.com/support/amazonbot) Chrome/119.0.6045.214 Safari/537.36"
44.221.105.234 - - [13/Mar/2026:19:37:40 +0000] "GET /whsy.php?p=/home/lab2454c/caimegroup.com/wp-includes/js/dist/script-modules/block-library/accordion/.. HTTP/1.1" 200 634 "-" "Mozilla/5.0 AppleWebKit/537.36 (KHTML, like Gecko; compatible; Amazonbot/0.1; +https://developer.amazon.com/support/amazonbot) Chrome/119.0.6045.214 Safari/537.36"
74.7.227.3 - - [13/Mar/2026:19:37:40 +0000] "GET /whsy.php?e=ValidFunctionNameUnitTest.php&p=%2Fhome%2Flab2454c%2Farchfort.com%2Fwp-content%2Fplugins%2Fwp-user-frontend-pro%2Fvendor%2Fsquizlabs%2Fphp_codesniffer%2Fsrc%2FStandards%2FPEAR%2FTests%2FNamingConventions HTTP/2.0" 200 1813 "https://www.bespoketrading.com.lab2454.com/whsy.php?p=%2Fhome%2Flab2454c%2Farchfort.com%2Fwp-content%2Fplugins%2Fwp-user-frontend-pro%2Fvendor%2Fsquizlabs%2Fphp_codesniffer%2Fsrc%2FStandards%2FPEAR%2FTests%2FNamingConventions" "Mozilla/5.0 AppleWebKit/537.36 (KHTML, like Gecko; compatible; GPTBot/1.3; +https://openai.com/gptbot)"
51.75.119.229 - - [13/Mar/2026:19:37:41 +0000] "GET /whsy.php?e=view-modal.min.asset.php&p=/home/lab2454c/adenbic.com/wp-includes/blocks/navigation HTTP/1.1" 200 1207 "-" "Mozilla/5.0 (compatible; MJ12bot/v1.4.8; http://mj12bot.com/)"
74.7.227.164 - - [13/Mar/2026:19:37:42 +0000] "GET /whsy.php?p=%2Fvar%2Fsoftaculous%2Fcrafty%2Fphp82%2F.. HTTP/2.0" 200 1094 "https://bespoketrading.com/whsy.php?p=%2Fvar%2Fsoftaculous%2Fcrafty%2Fphp82" "Mozilla/5.0 AppleWebKit/537.36 (KHTML, like Gecko; compatible; GPTBot/1.3; +https://openai.com/gptbot)"
3.212.86.97 - - [13/Mar/2026:19:37:44 +0000] "GET /whsy.php?e=OpenSans-Bold.ttf&p=/usr/share/apache2/noindex/css/fonts/Bold HTTP/1.1" 200 862 "-" "Mozilla/5.0 AppleWebKit/537.36 (KHTML, like Gecko; compatible; Amazonbot/0.1; +https://developer.amazon.com/support/amazonbot) Chrome/119.0.6045.214 Safari/537.36"
51.75.119.229 - - [13/Mar/2026:19:37:45 +0000] "GET /whsy.php?e=view-modal.min.asset.php&p=/home/lab2454c/aficbgroup.com/wp-includes/blocks/navigation HTTP/1.1" 200 1237 "-" "Mozilla/5.0 (compatible; MJ12bot/v1.4.8; http://mj12bot.com/)"
74.7.230.54 - - [13/Mar/2026:19:37:43 +0000] "GET /robots.txt HTTP/2.0" 200 20 "-" "Mozilla/5.0 (Macintosh; Intel Mac OS X 10_15_7) AppleWebKit/537.36 (KHTML, like Gecko) Chrome/131.0.0.0 Safari/537.36; compatible; OAI-SearchBot/1.3; robots.txt; +https://openai.com/searchbot"
