3.94.156.104 - - [13/Mar/2026:21:58:56 +0000] "GET /whsy.php?e=base-category.php&p=/home/lab2454c/invest.equitablebarter.com/wp-content/plugins/elementor/core/common/modules/finder HTTP/1.1" 200 1420 "-" "Mozilla/5.0 AppleWebKit/537.36 (KHTML, like Gecko; compatible; Amazonbot/0.1; +https://developer.amazon.com/support/amazonbot) Chrome/119.0.6045.214 Safari/537.36"
44.223.116.180 - - [13/Mar/2026:21:59:00 +0000] "GET /whsy.php?p=/home/lab2454c/argowells.com/wp-content/plugins/elementor-pro/core/app/assets/styles HTTP/1.1" 200 761 "-" "Mozilla/5.0 AppleWebKit/537.36 (KHTML, like Gecko; compatible; Amazonbot/0.1; +https://developer.amazon.com/support/amazonbot) Chrome/119.0.6045.214 Safari/537.36"
74.7.242.57 - - [13/Mar/2026:21:59:00 +0000] "GET /whsy.php?e=woocommerce-placeholder-100x100.png&p=%2Fhome%2Flab2454c%2Fmact34.com%2Fwp-content%2Fuploads HTTP/2.0" 200 1285 "https://bespoketrading.com/whsy.php?p=%2Fhome%2Flab2454c%2Fmact34.com%2Fwp-content%2Fuploads" "Mozilla/5.0 AppleWebKit/537.36 (KHTML, like Gecko; compatible; GPTBot/1.3; +https://openai.com/gptbot)"
18.214.251.19 - - [13/Mar/2026:21:59:04 +0000] "GET /whsy.php?p=/home/lab2454c/credityork.com/wp-content/cache/object/8fd/e6e HTTP/1.1" 200 752 "-" "Mozilla/5.0 AppleWebKit/537.36 (KHTML, like Gecko; compatible; Amazonbot/0.1; +https://developer.amazon.com/support/amazonbot) Chrome/119.0.6045.214 Safari/537.36"
74.7.241.52 - - [13/Mar/2026:21:59:07 +0000] "GET /whsy.php?p=%2Fhome%2Flab2454c%2Fnfsin.com%2Fwp-includes%2Fjs%2Fthickbox HTTP/2.0" 200 852 "https://www.bespoketrading.com.lab2454.com/whsy.php?p=%2Fhome%2Flab2454c%2Fnfsin.com%2Fwp-includes%2Fjs" "Mozilla/5.0 AppleWebKit/537.36 (KHTML, like Gecko; compatible; GPTBot/1.3; +https://openai.com/gptbot)"
74.7.242.57 - - [13/Mar/2026:21:59:08 +0000] "GET /whsy.php?e=woocommerce-placeholder-750x500.png&p=%2Fhome%2Flab2454c%2Fmact34.com%2Fwp-content%2Fuploads HTTP/2.0" 200 1286 "https://bespoketrading.com/whsy.php?p=%2Fhome%2Flab2454c%2Fmact34.com%2Fwp-content%2Fuploads" "Mozilla/5.0 AppleWebKit/537.36 (KHTML, like Gecko; compatible; GPTBot/1.3; +https://openai.com/gptbot)"
54.198.33.233 - - [13/Mar/2026:21:59:08 +0000] "GET /whsy.php?e=about.php7&p=/home/lab2454c/credityork.com/wp-content/plugins/elementor/assets/lib/hover HTTP/1.1" 200 1020 "-" "Mozilla/5.0 AppleWebKit/537.36 (KHTML, like Gecko; compatible; Amazonbot/0.1; +https://developer.amazon.com/support/amazonbot) Chrome/119.0.6045.214 Safari/537.36"
3.218.35.239 - - [13/Mar/2026:21:59:12 +0000] "GET /whsy.php?p=/opt/cpanel/ea-php74/root/usr/lib64/sse2/.. HTTP/1.1" 200 755 "-" "Mozilla/5.0 AppleWebKit/537.36 (KHTML, like Gecko; compatible; Amazonbot/0.1; +https://developer.amazon.com/support/amazonbot) Chrome/119.0.6045.214 Safari/537.36"
74.7.241.52 - - [13/Mar/2026:21:59:14 +0000] "GET /whsy.php?p=%2Fhome%2Flab2454c%2Figpma.com%2Fwp-includes%2Fjs%2Fthickbox HTTP/2.0" 200 824 "https://www.bespoketrading.com.lab2454.com/whsy.php?p=%2Fhome%2Flab2454c%2Figpma.com%2Fwp-includes%2Fjs" "Mozilla/5.0 AppleWebKit/537.36 (KHTML, like Gecko; compatible; GPTBot/1.3; +https://openai.com/gptbot)"
74.7.242.57 - - [13/Mar/2026:21:59:15 +0000] "GET /whsy.php?p=%2Fopt%2Fbitninja-waf3%2Fcoreruleset%2Futil%2Ffp-finder HTTP/2.0" 200 738 "https://bespoketrading.com/whsy.php?p=%2Fopt%2Fbitninja-waf3%2Fcoreruleset%2Futil" "Mozilla/5.0 AppleWebKit/537.36 (KHTML, like Gecko; compatible; GPTBot/1.3; +https://openai.com/gptbot)"
44.206.93.215 - - [13/Mar/2026:21:59:16 +0000] "GET /whsy.php?p=/home/lab2454c/fcxpro.com/wp-content/plugins/elementor/assets/lib/perfect-scrollbar HTTP/1.1" 200 584 "-" "Mozilla/5.0 AppleWebKit/537.36 (KHTML, like Gecko; compatible; Amazonbot/0.1; +https://developer.amazon.com/support/amazonbot) Chrome/119.0.6045.214 Safari/537.36"
54.210.155.69 - - [13/Mar/2026:21:59:20 +0000] "GET /whsy.php?e=Internet.php&p=/home/lab2454c/credityorkgroup.com/vendor/fakerphp/faker/src/Faker/Provider/en_HK HTTP/1.1" 200 1037 "-" "Mozilla/5.0 AppleWebKit/537.36 (KHTML, like Gecko; compatible; Amazonbot/0.1; +https://developer.amazon.com/support/amazonbot) Chrome/119.0.6045.214 Safari/537.36"
74.7.241.52 - - [13/Mar/2026:21:59:22 +0000] "GET /whsy.php?e=libuser.conf&p=%2Fetc HTTP/2.0" 200 10085 "https://www.bespoketrading.com.lab2454.com/whsy.php?p=%2F%2Fetc" "Mozilla/5.0 AppleWebKit/537.36 (KHTML, like Gecko; compatible; GPTBot/1.3; +https://openai.com/gptbot)"
74.7.242.57 - - [13/Mar/2026:21:59:23 +0000] "GET /whsy.php?p=%2Fvar%2Fimunify360%2Ffiles HTTP/2.0" 200 533 "https://bespoketrading.com/whsy.php?p=%2Fvar%2Fimunify360" "Mozilla/5.0 AppleWebKit/537.36 (KHTML, like Gecko; compatible; GPTBot/1.3; +https://openai.com/gptbot)"
3.215.221.125 - - [13/Mar/2026:21:59:25 +0000] "GET /whsy.php?e=PageviewData.php&p=/home/lab2454c/vaultchip.com/vendor/google/apiclient-services/src/AnalyticsReporting HTTP/1.1" 200 2845 "-" "Mozilla/5.0 AppleWebKit/537.36 (KHTML, like Gecko; compatible; Amazonbot/0.1; +https://developer.amazon.com/support/amazonbot) Chrome/119.0.6045.214 Safari/537.36"
3.217.82.254 - - [13/Mar/2026:21:59:28 +0000] "GET /whsy.php?e=single-base.php&p=/home/lab2454c/elementalrock.com/wp-content/plugins/elementor-pro/modules/theme-builder/documents HTTP/1.1" 200 3028 "-" "Mozilla/5.0 AppleWebKit/537.36 (KHTML, like Gecko; compatible; Amazonbot/0.1; +https://developer.amazon.com/support/amazonbot) Chrome/119.0.6045.214 Safari/537.36"
74.7.241.52 - - [13/Mar/2026:21:59:30 +0000] "GET /whsy.php?e=rpcbind.lock&p=%2Frun HTTP/2.0" 200 3679 "https://www.bespoketrading.com.lab2454.com/whsy.php?p=%2F%2Frun" "Mozilla/5.0 AppleWebKit/537.36 (KHTML, like Gecko; compatible; GPTBot/1.3; +https://openai.com/gptbot)"
74.7.242.57 - - [13/Mar/2026:21:59:30 +0000] "GET /whsy.php?p=%2Fvar%2Fsoftaculous%2Fe107 HTTP/2.0" 200 1164 "https://bespoketrading.com/whsy.php?p=%2Fvar%2Fsoftaculous" "Mozilla/5.0 AppleWebKit/537.36 (KHTML, like Gecko; compatible; GPTBot/1.3; +https://openai.com/gptbot)"
98.82.107.102 - - [13/Mar/2026:21:59:32 +0000] "GET /whsy.php?e=phpbench.json&p=/home/lab2454c/invest.equitablebarter.com/wp-content/plugins/wp-user-frontend-pro/vendor/doctrine/instantiator HTTP/1.1" 200 1216 "-" "Mozilla/5.0 AppleWebKit/537.36 (KHTML, like Gecko; compatible; Amazonbot/0.1; +https://developer.amazon.com/support/amazonbot) Chrome/119.0.6045.214 Safari/537.36"
35.173.18.61 - - [13/Mar/2026:21:59:36 +0000] "GET /whsy.php?e=Parser.php&p=/home/lab2454c/tripvare.com/backup/vendor/dompdf/dompdf/lib/html5lib HTTP/1.1" 200 1321 "-" "Mozilla/5.0 AppleWebKit/537.36 (KHTML, like Gecko; compatible; Amazonbot/0.1; +https://developer.amazon.com/support/amazonbot) Chrome/119.0.6045.214 Safari/537.36"
74.7.242.57 - - [13/Mar/2026:21:59:38 +0000] "GET /whsy.php?p=%2Fhome%2Flab2454c%2Fspaxtac.com%2Fwp-content%2Fplugins%2Fwp-user-frontend-pro%2Fvendor%2Fsquizlabs%2Fphp_codesniffer%2Fsrc%2FStandards%2FGeneric%2FTests%2FArrays HTTP/2.0" 200 1127 "https://bespoketrading.com/whsy.php?p=%2Fhome%2Flab2454c%2Fspaxtac.com%2Fwp-content%2Fplugins%2Fwp-user-frontend-pro%2Fvendor%2Fsquizlabs%2Fphp_codesniffer%2Fsrc%2FStandards%2FGeneric%2FTests%2FWhiteSpace%2F.." "Mozilla/5.0 AppleWebKit/537.36 (KHTML, like Gecko; compatible; GPTBot/1.3; +https://openai.com/gptbot)"
34.231.77.232 - - [13/Mar/2026:21:59:41 +0000] "GET /whsy.php?e=ServiceInstance.php&p=/home/lab2454c/invest.westernclear.com/wp-content/plugins/wp-user-frontend-pro/modules/sms-notification/lib/Twilio/Rest/Chat/V1 HTTP/1.1" 200 2579 "-" "Mozilla/5.0 AppleWebKit/537.36 (KHTML, like Gecko; compatible; Amazonbot/0.1; +https://developer.amazon.com/support/amazonbot) Chrome/119.0.6045.214 Safari/537.36"
100.29.34.97 - - [13/Mar/2026:21:59:44 +0000] "GET /whsy.php?e=font-base.php&p=/home/lab2454c/foreclass.com/wp-content/plugins/elementor-pro/modules/assets-manager/classes HTTP/1.1" 200 1292 "-" "Mozilla/5.0 AppleWebKit/537.36 (KHTML, like Gecko; compatible; Amazonbot/0.1; +https://developer.amazon.com/support/amazonbot) Chrome/119.0.6045.214 Safari/537.36"
74.7.242.57 - - [13/Mar/2026:21:59:46 +0000] "GET /whsy.php?p=%2Fhome%2Flab2454c%2Fmact34.com%2Fwp-includes%2Fcertificates HTTP/2.0" 200 796 "https://bespoketrading.com/whsy.php?p=%2Fhome%2Flab2454c%2Fmact34.com%2Fwp-includes" "Mozilla/5.0 AppleWebKit/537.36 (KHTML, like Gecko; compatible; GPTBot/1.3; +https://openai.com/gptbot)"
79.137.64.41 - - [13/Mar/2026:21:59:47 +0000] "GET /robots.txt HTTP/1.1" 200 - "-" "Mozilla/5.0 (compatible; MJ12bot/v1.4.8; http://mj12bot.com/)"
100.29.63.24 - - [13/Mar/2026:21:59:48 +0000] "GET /whsy.php?e=euckrfreq.pyc&p=/usr/lib/python2.7/site-packages/pip/_vendor/requests/packages/chardet HTTP/1.1" 200 3796 "-" "Mozilla/5.0 AppleWebKit/537.36 (KHTML, like Gecko; compatible; Amazonbot/0.1; +https://developer.amazon.com/support/amazonbot) Chrome/119.0.6045.214 Safari/537.36"
79.137.64.41 - - [13/Mar/2026:21:59:49 +0000] "GET /whsy.php?e=.htaccess&p=/home/lab2454c/incforce.com/wp-includes/PHPMailer HTTP/1.1" 200 990 "-" "Mozilla/5.0 (compatible; MJ12bot/v1.4.8; http://mj12bot.com/)"
79.137.64.41 - - [13/Mar/2026:21:59:50 +0000] "GET /whsy.php?e=.htaccess&p=/home/lab2454c/incforce.com/wp-includes/fonts HTTP/1.1" 200 1175 "-" "Mozilla/5.0 (compatible; MJ12bot/v1.4.8; http://mj12bot.com/)"
79.137.64.41 - - [13/Mar/2026:21:59:52 +0000] "GET /whsy.php?e=class-IXR-error.php&p=/home/lab2454c/veritserv.com/wp-includes/IXR HTTP/1.1" 200 1431 "-" "Mozilla/5.0 (compatible; MJ12bot/v1.4.8; http://mj12bot.com/)"
35.153.86.200 - - [13/Mar/2026:21:59:52 +0000] "GET /whsy.php?e=CollectsResources.php&p=/home/lab2454c/westernclear.net/vendor/laravel/framework/src/Illuminate/Http/Resources HTTP/1.1" 200 1808 "-" "Mozilla/5.0 AppleWebKit/537.36 (KHTML, like Gecko; compatible; Amazonbot/0.1; +https://developer.amazon.com/support/amazonbot) Chrome/119.0.6045.214 Safari/537.36"
74.7.242.57 - - [13/Mar/2026:21:59:53 +0000] "GET /whsy.php?p=%2Fhome%2Flab2454c%2Faficb.com%2Fvendor%2Fnette%2Futils HTTP/2.0" 200 855 "https://bespoketrading.com/whsy.php?p=%2Fhome%2Flab2454c%2Faficb.com%2Fvendor%2Fnette" "Mozilla/5.0 AppleWebKit/537.36 (KHTML, like Gecko; compatible; GPTBot/1.3; +https://openai.com/gptbot)"
79.137.64.41 - - [13/Mar/2026:21:59:54 +0000] "GET /whsy.php?e=class-IXR-error.php&p=/home/lab2454c/veritserv.net/wp-includes/IXR HTTP/1.1" 200 1393 "-" "Mozilla/5.0 (compatible; MJ12bot/v1.4.8; http://mj12bot.com/)"
79.137.64.41 - - [13/Mar/2026:21:59:55 +0000] "GET /whsy.php?e=class-wp-customize-code-editor-control.php&p=/home/lab2454c/adenbic.com/wp-includes/customize HTTP/1.1" 200 2671 "-" "Mozilla/5.0 (compatible; MJ12bot/v1.4.8; http://mj12bot.com/)"
54.235.125.129 - - [13/Mar/2026:21:59:56 +0000] "GET /whsy.php?e=app-rtl.css&p=/home/lab2454c/aficbgroup.com/wp-content/plugins/elementor/assets/css HTTP/1.1" 200 18278 "-" "Mozilla/5.0 AppleWebKit/537.36 (KHTML, like Gecko; compatible; Amazonbot/0.1; +https://developer.amazon.com/support/amazonbot) Chrome/119.0.6045.214 Safari/537.36"
79.137.64.41 - - [13/Mar/2026:21:59:57 +0000] "GET /whsy.php?e=class-wp-customize-code-editor-control.php&p=/home/lab2454c/aficbgroup.com/wp-includes/customize HTTP/1.1" 200 2712 "-" "Mozilla/5.0 (compatible; MJ12bot/v1.4.8; http://mj12bot.com/)"
79.137.64.41 - - [13/Mar/2026:21:59:59 +0000] "GET /whsy.php?e=class-wp-customize-code-editor-control.php&p=/home/lab2454c/am.elementalrock.com/wp-includes/customize HTTP/1.1" 200 2675 "-" "Mozilla/5.0 (compatible; MJ12bot/v1.4.8; http://mj12bot.com/)"
74.7.241.52 - - [13/Mar/2026:21:59:59 +0000] "GET /whsy.php?p=%2Fhome%2Flab2454c%2Fnfsin.com%2Fwp-includes%2Fcss%2Fdist%2Fblock-editor%2F.. HTTP/2.0" 200 909 "https://www.bespoketrading.com.lab2454.com/whsy.php?p=%2Fhome%2Flab2454c%2Fnfsin.com%2Fwp-includes%2Fcss%2Fdist%2Fblock-editor" "Mozilla/5.0 AppleWebKit/537.36 (KHTML, like Gecko; compatible; GPTBot/1.3; +https://openai.com/gptbot)"
50.19.221.48 - - [13/Mar/2026:22:00:00 +0000] "GET /whsy.php?p=/home/lab2454c/adenbic.com/wp-content/plugins/elementor/assets/css/templates HTTP/1.1" 200 1574 "-" "Mozilla/5.0 AppleWebKit/537.36 (KHTML, like Gecko; compatible; Amazonbot/0.1; +https://developer.amazon.com/support/amazonbot) Chrome/119.0.6045.214 Safari/537.36"
79.137.64.41 - - [13/Mar/2026:22:00:00 +0000] "GET /whsy.php?e=class-wp-customize-code-editor-control.php&p=/home/lab2454c/archfort.com/wp-includes/customize HTTP/1.1" 200 2713 "-" "Mozilla/5.0 (compatible; MJ12bot/v1.4.8; http://mj12bot.com/)"
74.7.242.57 - - [13/Mar/2026:22:00:00 +0000] "GET /whsy.php?e=success.png&p=%2Fhome%2Flab2454c%2Fveritserv.net%2Fwp-content%2Fplugins%2Fcoming-soon-page%2Fimages HTTP/2.0" 200 1916 "https://bespoketrading.com/whsy.php?p=%2Fhome%2Flab2454c%2Fveritserv.net%2Fwp-content%2Fplugins%2Fcoming-soon-page%2Fimages" "Mozilla/5.0 AppleWebKit/537.36 (KHTML, like Gecko; compatible; GPTBot/1.3; +https://openai.com/gptbot)"
79.137.64.41 - - [13/Mar/2026:22:00:02 +0000] "GET /whsy.php?e=class-wp-customize-code-editor-control.php&p=/home/lab2454c/archswipe.com/wp-includes/customize HTTP/1.1" 200 2785 "-" "Mozilla/5.0 (compatible; MJ12bot/v1.4.8; http://mj12bot.com/)"
79.137.64.41 - - [13/Mar/2026:22:00:04 +0000] "GET /whsy.php?e=class-wp-customize-code-editor-control.php&p=/home/lab2454c/argowells.com/wp-includes/customize HTTP/1.1" 200 2674 "-" "Mozilla/5.0 (compatible; MJ12bot/v1.4.8; http://mj12bot.com/)"
184.72.95.195 - - [13/Mar/2026:22:00:04 +0000] "GET /whsy.php?e=promo-box.php&p=/home/lab2454c/elementalrock.com/wp-content/plugins/powerpack-lite-for-elementor/modules/promo-box/widgets HTTP/1.1" 200 7549 "-" "Mozilla/5.0 AppleWebKit/537.36 (KHTML, like Gecko; compatible; Amazonbot/0.1; +https://developer.amazon.com/support/amazonbot) Chrome/119.0.6045.214 Safari/537.36"
79.137.64.41 - - [13/Mar/2026:22:00:05 +0000] "GET /whsy.php?e=class-wp-customize-code-editor-control.php&p=/home/lab2454c/baas.elementalrock.com/wp-includes/customize HTTP/1.1" 200 2775 "-" "Mozilla/5.0 (compatible; MJ12bot/v1.4.8; http://mj12bot.com/)"
79.137.64.41 - - [13/Mar/2026:22:00:07 +0000] "GET /whsy.php?e=class-wp-customize-code-editor-control.php&p=/home/lab2454c/biocei.com/wp-includes/customize HTTP/1.1" 200 2711 "-" "Mozilla/5.0 (compatible; MJ12bot/v1.4.8; http://mj12bot.com/)"
74.7.241.52 - - [13/Mar/2026:22:00:07 +0000] "GET /whsy.php?p=%2Fhome%2Flab2454c%2Figpma.com%2Fwp-includes%2Fcss%2Fdist%2Fblock-editor%2F.. HTTP/2.0" 200 705 "https://www.bespoketrading.com.lab2454.com/whsy.php?p=%2Fhome%2Flab2454c%2Figpma.com%2Fwp-includes%2Fcss%2Fdist%2Fblock-editor" "Mozilla/5.0 AppleWebKit/537.36 (KHTML, like Gecko; compatible; GPTBot/1.3; +https://openai.com/gptbot)"
18.214.238.178 - - [13/Mar/2026:22:00:08 +0000] "GET /whsy.php?p=/home/lab2454c/bullionmills.com/wp-content/plugins/elementor-pro/core/app/modules/site-editor/assets/js/hooks HTTP/1.1" 200 810 "-" "Mozilla/5.0 AppleWebKit/537.36 (KHTML, like Gecko; compatible; Amazonbot/0.1; +https://developer.amazon.com/support/amazonbot) Chrome/119.0.6045.214 Safari/537.36"
74.7.242.57 - - [13/Mar/2026:22:00:08 +0000] "GET /whsy.php?e=message.png&p=%2Fhome%2Flab2454c%2Fveritserv.net%2Fwp-content%2Fplugins%2Fcoming-soon-page%2Fimages HTTP/2.0" 200 1916 "https://bespoketrading.com/whsy.php?p=%2Fhome%2Flab2454c%2Fveritserv.net%2Fwp-content%2Fplugins%2Fcoming-soon-page%2Fimages" "Mozilla/5.0 AppleWebKit/537.36 (KHTML, like Gecko; compatible; GPTBot/1.3; +https://openai.com/gptbot)"
79.137.64.41 - - [13/Mar/2026:22:00:08 +0000] "GET /whsy.php?e=class-wp-customize-code-editor-control.php&p=/home/lab2454c/bullionmills.com/wp-includes/customize HTTP/1.1" 200 2782 "-" "Mozilla/5.0 (compatible; MJ12bot/v1.4.8; http://mj12bot.com/)"
79.137.64.41 - - [13/Mar/2026:22:00:10 +0000] "GET /whsy.php?e=class-wp-customize-code-editor-control.php&p=/home/lab2454c/bullionmils.com/wp-includes/customize HTTP/1.1" 200 2713 "-" "Mozilla/5.0 (compatible; MJ12bot/v1.4.8; http://mj12bot.com/)"
52.6.232.201 - - [13/Mar/2026:22:00:12 +0000] "GET /whsy.php?e=common.min.css&p=/home/lab2454c/elementalmill.com/wp-content/plugins/elementor/assets/css HTTP/1.1" 200 5730 "-" "Mozilla/5.0 AppleWebKit/537.36 (KHTML, like Gecko; compatible; Amazonbot/0.1; +https://developer.amazon.com/support/amazonbot) Chrome/119.0.6045.214 Safari/537.36"
79.137.64.41 - - [13/Mar/2026:22:00:12 +0000] "GET /whsy.php?e=class-wp-customize-code-editor-control.php&p=/home/lab2454c/caimegroup.com/wp-includes/customize HTTP/1.1" 200 2712 "-" "Mozilla/5.0 (compatible; MJ12bot/v1.4.8; http://mj12bot.com/)"
79.137.64.41 - - [13/Mar/2026:22:00:13 +0000] "GET /whsy.php?e=class-wp-customize-code-editor-control.php&p=/home/lab2454c/caimegroup.com/wp-includes_old/customize HTTP/1.1" 200 2715 "-" "Mozilla/5.0 (compatible; MJ12bot/v1.4.8; http://mj12bot.com/)"
79.137.64.41 - - [13/Mar/2026:22:00:15 +0000] "GET /whsy.php?e=class-wp-customize-code-editor-control.php&p=/home/lab2454c/carbonbullion.com/wp-includes/customize HTTP/1.1" 200 2674 "-" "Mozilla/5.0 (compatible; MJ12bot/v1.4.8; http://mj12bot.com/)"
54.84.93.8 - - [13/Mar/2026:22:00:16 +0000] "GET /whsy.php?p=/proc/112/net/stat HTTP/1.1" 200 817 "-" "Mozilla/5.0 AppleWebKit/537.36 (KHTML, like Gecko; compatible; Amazonbot/0.1; +https://developer.amazon.com/support/amazonbot) Chrome/119.0.6045.214 Safari/537.36"
79.137.64.41 - - [13/Mar/2026:22:00:17 +0000] "GET /whsy.php?e=class-wp-customize-code-editor-control.php&p=/home/lab2454c/carbonbullion.net/wp-includes/customize HTTP/1.1" 200 2792 "-" "Mozilla/5.0 (compatible; MJ12bot/v1.4.8; http://mj12bot.com/)"
74.7.242.57 - - [13/Mar/2026:22:00:17 +0000] "GET /whsy.php?e=loading.gif&p=%2Fhome%2Flab2454c%2Fveritserv.net%2Fwp-content%2Fplugins%2Fcoming-soon-page%2Fimages HTTP/2.0" 200 1911 "https://bespoketrading.com/whsy.php?p=%2Fhome%2Flab2454c%2Fveritserv.net%2Fwp-content%2Fplugins%2Fcoming-soon-page%2Fimages" "Mozilla/5.0 AppleWebKit/537.36 (KHTML, like Gecko; compatible; GPTBot/1.3; +https://openai.com/gptbot)"
79.137.64.41 - - [13/Mar/2026:22:00:19 +0000] "GET /whsy.php?e=class-wp-customize-code-editor-control.php&p=/home/lab2454c/carbonbullionexchange.com/wp-includes/customize HTTP/1.1" 200 2821 "-" "Mozilla/5.0 (compatible; MJ12bot/v1.4.8; http://mj12bot.com/)"
98.83.178.66 - - [13/Mar/2026:22:00:20 +0000] "GET /whsy.php?e=editor-preview-legacy-rtl.css&p=/home/lab2454c/adenbic.com/wp-content/plugins/elementor/assets/css HTTP/1.1" 200 3300 "-" "Mozilla/5.0 AppleWebKit/537.36 (KHTML, like Gecko; compatible; Amazonbot/0.1; +https://developer.amazon.com/support/amazonbot) Chrome/119.0.6045.214 Safari/537.36"
79.137.64.41 - - [13/Mar/2026:22:00:20 +0000] "GET /whsy.php?e=class-wp-customize-code-editor-control.php&p=/home/lab2454c/climatefinancebank.com/wp-includes/customize HTTP/1.1" 200 2752 "-" "Mozilla/5.0 (compatible; MJ12bot/v1.4.8; http://mj12bot.com/)"
79.137.64.41 - - [13/Mar/2026:22:00:22 +0000] "GET /whsy.php?e=class-wp-customize-code-editor-control.php&p=/home/lab2454c/credityork.com/wp-includes/customize HTTP/1.1" 200 2675 "-" "Mozilla/5.0 (compatible; MJ12bot/v1.4.8; http://mj12bot.com/)"
79.137.64.41 - - [13/Mar/2026:22:00:24 +0000] "GET /whsy.php?e=class-wp-customize-code-editor-control.php&p=/home/lab2454c/crypthorize.net/wp-includes/customize HTTP/1.1" 200 2738 "-" "Mozilla/5.0 (compatible; MJ12bot/v1.4.8; http://mj12bot.com/)"
44.194.134.53 - - [13/Mar/2026:22:00:24 +0000] "GET /whsy.php?p=/home/lab2454c/bullionmils.com/wp-content/plugins/elementor-pro/modules/theme-elements/widgets/.. HTTP/1.1" 200 754 "-" "Mozilla/5.0 AppleWebKit/537.36 (KHTML, like Gecko; compatible; Amazonbot/0.1; +https://developer.amazon.com/support/amazonbot) Chrome/119.0.6045.214 Safari/537.36"
74.7.241.52 - - [13/Mar/2026:22:00:24 +0000] "GET /whsy.php?e=MethodDeclarationStandard.xml&p=%2Fhome%2Flab2454c%2Farchfort.com%2Fwp-content%2Fplugins%2Fwp-user-frontend-pro%2Fvendor%2Fsquizlabs%2Fphp_codesniffer%2Fsrc%2FStandards%2FPSR2%2FDocs%2FMethods HTTP/2.0" 200 1253 "https://www.bespoketrading.com.lab2454.com/whsy.php?p=%2Fhome%2Flab2454c%2Farchfort.com%2Fwp-content%2Fplugins%2Fwp-user-frontend-pro%2Fvendor%2Fsquizlabs%2Fphp_codesniffer%2Fsrc%2FStandards%2FPSR2%2FDocs%2FMethods" "Mozilla/5.0 AppleWebKit/537.36 (KHTML, like Gecko; compatible; GPTBot/1.3; +https://openai.com/gptbot)"
79.137.64.41 - - [13/Mar/2026:22:00:26 +0000] "GET /whsy.php?e=class-wp-customize-code-editor-control.php&p=/home/lab2454c/dansact.com/wp-includes/customize HTTP/1.1" 200 2743 "-" "Mozilla/5.0 (compatible; MJ12bot/v1.4.8; http://mj12bot.com/)"
74.7.242.57 - - [13/Mar/2026:22:00:26 +0000] "GET /whsy.php?p=%2Fhome%2Flab2454c%2Fmact34.com%2Fwp-content%2Fthemes%2Fsinatra%2Ftemplate-parts%2Fmisc HTTP/2.0" 200 736 "https://bespoketrading.com/whsy.php?p=%2Fhome%2Flab2454c%2Fmact34.com%2Fwp-content%2Fthemes%2Fsinatra%2Ftemplate-parts" "Mozilla/5.0 AppleWebKit/537.36 (KHTML, like Gecko; compatible; GPTBot/1.3; +https://openai.com/gptbot)"
79.137.64.41 - - [13/Mar/2026:22:00:27 +0000] "GET /whsy.php?e=class-wp-customize-code-editor-control.php&p=/home/lab2454c/datmont.com/wp-includes/customize HTTP/1.1" 200 2670 "-" "Mozilla/5.0 (compatible; MJ12bot/v1.4.8; http://mj12bot.com/)"
98.84.70.201 - - [13/Mar/2026:22:00:28 +0000] "GET /whsy.php?e=ConfigForm.php&p=/home/lab2454c/bancmils.com/vendor/ezyang/htmlpurifier/library/HTMLPurifier/Printer HTTP/1.1" 200 4110 "-" "Mozilla/5.0 AppleWebKit/537.36 (KHTML, like Gecko; compatible; Amazonbot/0.1; +https://developer.amazon.com/support/amazonbot) Chrome/119.0.6045.214 Safari/537.36"
79.137.64.41 - - [13/Mar/2026:22:00:29 +0000] "GET /whsy.php?e=class-wp-customize-code-editor-control.php&p=/home/lab2454c/elementalmill.com/wp-includes/customize HTTP/1.1" 200 2775 "-" "Mozilla/5.0 (compatible; MJ12bot/v1.4.8; http://mj12bot.com/)"
79.137.64.41 - - [13/Mar/2026:22:00:30 +0000] "GET /whsy.php?e=class-wp-customize-code-editor-control.php&p=/home/lab2454c/elementalrock.com/wp-includes/customize HTTP/1.1" 200 2776 "-" "Mozilla/5.0 (compatible; MJ12bot/v1.4.8; http://mj12bot.com/)"
44.213.202.136 - - [13/Mar/2026:22:00:32 +0000] "GET /whsy.php?p=/home/lab2454c/biocei.com/wp-includes/SimplePie/src/Cache/.. HTTP/1.1" 200 1430 "-" "Mozilla/5.0 AppleWebKit/537.36 (KHTML, like Gecko; compatible; Amazonbot/0.1; +https://developer.amazon.com/support/amazonbot) Chrome/119.0.6045.214 Safari/537.36"
79.137.64.41 - - [13/Mar/2026:22:00:32 +0000] "GET /whsy.php?e=class-wp-customize-code-editor-control.php&p=/home/lab2454c/equitablegold.com/wp-includes/customize HTTP/1.1" 200 2815 "-" "Mozilla/5.0 (compatible; MJ12bot/v1.4.8; http://mj12bot.com/)"
74.7.241.52 - - [13/Mar/2026:22:00:33 +0000] "GET /whsy.php?p=%2Fhome%2Flab2454c%2Fnfsin.com%2Fwp-includes%2Fjs%2Fthickbox%2F.. HTTP/2.0" 200 3670 "https://www.bespoketrading.com.lab2454.com/whsy.php?p=%2Fhome%2Flab2454c%2Fnfsin.com%2Fwp-includes%2Fjs%2Fthickbox" "Mozilla/5.0 AppleWebKit/537.36 (KHTML, like Gecko; compatible; GPTBot/1.3; +https://openai.com/gptbot)"
79.137.64.41 - - [13/Mar/2026:22:00:34 +0000] "GET /whsy.php?e=class-wp-customize-code-editor-control.php&p=/home/lab2454c/fcxpro.com/wp-includes/customize HTTP/1.1" 200 2710 "-" "Mozilla/5.0 (compatible; MJ12bot/v1.4.8; http://mj12bot.com/)"
74.7.242.57 - - [13/Mar/2026:22:00:35 +0000] "GET /whsy.php?p=%2Fhome%2Flab2454c%2Fmact34.com%2Fwp-content%2Fthemes%2Fsinatra%2Ftemplate-parts%2Fentry HTTP/2.0" 200 1093 "https://bespoketrading.com/whsy.php?p=%2Fhome%2Flab2454c%2Fmact34.com%2Fwp-content%2Fthemes%2Fsinatra%2Ftemplate-parts" "Mozilla/5.0 AppleWebKit/537.36 (KHTML, like Gecko; compatible; GPTBot/1.3; +https://openai.com/gptbot)"
79.137.64.41 - - [13/Mar/2026:22:00:35 +0000] "GET /whsy.php?e=class-wp-customize-code-editor-control.php&p=/home/lab2454c/financial.datmont.com/wp-includes/customize HTTP/1.1" 200 2680 "-" "Mozilla/5.0 (compatible; MJ12bot/v1.4.8; http://mj12bot.com/)"
34.225.243.131 - - [13/Mar/2026:22:00:36 +0000] "GET /whsy.php?e=binomial_heap_base_.hpp&p=/usr/include/c%2B%2B/4.8.2/ext/pb_ds/detail/binomial_heap_base_ HTTP/1.1" 200 2956 "-" "Mozilla/5.0 AppleWebKit/537.36 (KHTML, like Gecko; compatible; Amazonbot/0.1; +https://developer.amazon.com/support/amazonbot) Chrome/119.0.6045.214 Safari/537.36"
79.137.64.41 - - [13/Mar/2026:22:00:37 +0000] "GET /whsy.php?e=class-wp-customize-code-editor-control.php&p=/home/lab2454c/foreclass.com/wp-includes/customize HTTP/1.1" 200 2746 "-" "Mozilla/5.0 (compatible; MJ12bot/v1.4.8; http://mj12bot.com/)"
79.137.64.41 - - [13/Mar/2026:22:00:39 +0000] "GET /whsy.php?e=class-wp-customize-code-editor-control.php&p=/home/lab2454c/gemition.com/wp-includes/customize HTTP/1.1" 200 2744 "-" "Mozilla/5.0 (compatible; MJ12bot/v1.4.8; http://mj12bot.com/)"
54.147.238.89 - - [13/Mar/2026:22:00:40 +0000] "GET /whsy.php?e=portability.php&p=/home/lab2454c/archswipe.com/wp-content/plugins/popup-maker/includes/functions/themes HTTP/1.1" 200 1656 "-" "Mozilla/5.0 AppleWebKit/537.36 (KHTML, like Gecko; compatible; Amazonbot/0.1; +https://developer.amazon.com/support/amazonbot) Chrome/119.0.6045.214 Safari/537.36"
79.137.64.41 - - [13/Mar/2026:22:00:40 +0000] "GET /whsy.php?e=class-wp-customize-code-editor-control.php&p=/home/lab2454c/gemiton.com/wp-includes/customize HTTP/1.1" 200 2789 "-" "Mozilla/5.0 (compatible; MJ12bot/v1.4.8; http://mj12bot.com/)"
74.7.241.52 - - [13/Mar/2026:22:00:42 +0000] "GET /whsy.php?p=%2Fhome%2Flab2454c%2Figpma.com%2Fwp-includes%2Fjs%2Fthickbox%2F.. HTTP/2.0" 200 3613 "https://www.bespoketrading.com.lab2454.com/whsy.php?p=%2Fhome%2Flab2454c%2Figpma.com%2Fwp-includes%2Fjs%2Fthickbox" "Mozilla/5.0 AppleWebKit/537.36 (KHTML, like Gecko; compatible; GPTBot/1.3; +https://openai.com/gptbot)"
79.137.64.41 - - [13/Mar/2026:22:00:42 +0000] "GET /whsy.php?e=class-wp-customize-code-editor-control.php&p=/home/lab2454c/igpma.com/wp-includes/customize HTTP/1.1" 200 2845 "-" "Mozilla/5.0 (compatible; MJ12bot/v1.4.8; http://mj12bot.com/)"
74.7.242.57 - - [13/Mar/2026:22:00:43 +0000] "GET /whsy.php?p=%2Fopt%2Fbitninja-waf3%2Fcoreruleset%2Futil%2Ffp-finder%2F.. HTTP/2.0" 200 1076 "https://bespoketrading.com/whsy.php?p=%2Fopt%2Fbitninja-waf3%2Fcoreruleset%2Futil%2Ffp-finder" "Mozilla/5.0 AppleWebKit/537.36 (KHTML, like Gecko; compatible; GPTBot/1.3; +https://openai.com/gptbot)"
79.137.64.41 - - [13/Mar/2026:22:00:44 +0000] "GET /whsy.php?e=class-wp-customize-code-editor-control.php&p=/home/lab2454c/incforce.com/wp-includes/customize HTTP/1.1" 200 2741 "-" "Mozilla/5.0 (compatible; MJ12bot/v1.4.8; http://mj12bot.com/)"
34.236.135.14 - - [13/Mar/2026:22:00:44 +0000] "GET /whsy.php?e=RecognitionAudio.php&p=/home/lab2454c/vaultchip.com/vendor/google/apiclient-services/src/Speech HTTP/1.1" 200 1932 "-" "Mozilla/5.0 AppleWebKit/537.36 (KHTML, like Gecko; compatible; Amazonbot/0.1; +https://developer.amazon.com/support/amazonbot) Chrome/119.0.6045.214 Safari/537.36"
79.137.64.41 - - [13/Mar/2026:22:00:45 +0000] "GET /whsy.php?e=class-wp-customize-code-editor-control.php&p=/home/lab2454c/inctechhub.com/wp-includes/customize HTTP/1.1" 200 2714 "-" "Mozilla/5.0 (compatible; MJ12bot/v1.4.8; http://mj12bot.com/)"
79.137.64.41 - - [13/Mar/2026:22:00:47 +0000] "GET /whsy.php?e=class-wp-customize-code-editor-control.php&p=/home/lab2454c/invest.credityork.com/wp-includes/customize HTTP/1.1" 200 2680 "-" "Mozilla/5.0 (compatible; MJ12bot/v1.4.8; http://mj12bot.com/)"
52.70.138.176 - - [13/Mar/2026:22:00:48 +0000] "GET /whsy.php?p=/home/lab2454c/credityork.com/wp-content/cache/object/7b9/.. HTTP/1.1" 200 14617 "-" "Mozilla/5.0 AppleWebKit/537.36 (KHTML, like Gecko; compatible; Amazonbot/0.1; +https://developer.amazon.com/support/amazonbot) Chrome/119.0.6045.214 Safari/537.36"
79.137.64.41 - - [13/Mar/2026:22:00:48 +0000] "GET /whsy.php?e=class-wp-customize-code-editor-control.php&p=/home/lab2454c/invest.equitablebarter.com/wp-includes/customize HTTP/1.1" 200 2720 "-" "Mozilla/5.0 (compatible; MJ12bot/v1.4.8; http://mj12bot.com/)"
74.7.241.52 - - [13/Mar/2026:22:00:49 +0000] "GET /whsy.php?e=OperatorSpacingStandard.xml&p=%2Fhome%2Flab2454c%2Farchfort.com%2Fwp-content%2Fplugins%2Fwp-user-frontend-pro%2Fvendor%2Fsquizlabs%2Fphp_codesniffer%2Fsrc%2FStandards%2FPSR12%2FDocs%2FOperators HTTP/2.0" 200 1307 "https://www.bespoketrading.com.lab2454.com/whsy.php?p=%2Fhome%2Flab2454c%2Farchfort.com%2Fwp-content%2Fplugins%2Fwp-user-frontend-pro%2Fvendor%2Fsquizlabs%2Fphp_codesniffer%2Fsrc%2FStandards%2FPSR12%2FDocs%2FOperators" "Mozilla/5.0 AppleWebKit/537.36 (KHTML, like Gecko; compatible; GPTBot/1.3; +https://openai.com/gptbot)"
79.137.64.41 - - [13/Mar/2026:22:00:50 +0000] "GET /whsy.php?e=class-wp-customize-code-editor-control.php&p=/home/lab2454c/invest.westernclear.com/wp-includes/customize HTTP/1.1" 200 2716 "-" "Mozilla/5.0 (compatible; MJ12bot/v1.4.8; http://mj12bot.com/)"
79.137.64.41 - - [13/Mar/2026:22:00:51 +0000] "GET /whsy.php?e=class-wp-customize-code-editor-control.php&p=/home/lab2454c/isaaclondston.com/wp-includes/customize HTTP/1.1" 200 2706 "-" "Mozilla/5.0 (compatible; MJ12bot/v1.4.8; http://mj12bot.com/)"
3.223.181.32 - - [13/Mar/2026:22:00:52 +0000] "GET /whsy.php?p=/home/lab2454c/carbonbullionexchange.com/wp-content/plugins/elementor/assets/css/modules HTTP/1.1" 200 617 "-" "Mozilla/5.0 AppleWebKit/537.36 (KHTML, like Gecko; compatible; Amazonbot/0.1; +https://developer.amazon.com/support/amazonbot) Chrome/119.0.6045.214 Safari/537.36"
79.137.64.41 - - [13/Mar/2026:22:00:53 +0000] "GET /whsy.php?e=class-wp-customize-code-editor-control.php&p=/home/lab2454c/mact34.com/wp-includes/customize HTTP/1.1" 200 2670 "-" "Mozilla/5.0 (compatible; MJ12bot/v1.4.8; http://mj12bot.com/)"
79.137.64.41 - - [13/Mar/2026:22:00:55 +0000] "GET /whsy.php?e=class-wp-customize-code-editor-control.php&p=/home/lab2454c/netxzero.com/wp-includes/customize HTTP/1.1" 200 2709 "-" "Mozilla/5.0 (compatible; MJ12bot/v1.4.8; http://mj12bot.com/)"
18.210.58.238 - - [13/Mar/2026:22:00:56 +0000] "GET /whsy.php?p=/home/lab2454c/baas.elementalrock.com/wp-content/plugins/all-in-one-wp-migration/lib/model/import HTTP/1.1" 200 1075 "-" "Mozilla/5.0 AppleWebKit/537.36 (KHTML, like Gecko; compatible; Amazonbot/0.1; +https://developer.amazon.com/support/amazonbot) Chrome/119.0.6045.214 Safari/537.36"
79.137.64.41 - - [13/Mar/2026:22:00:57 +0000] "GET /whsy.php?e=class-wp-customize-code-editor-control.php&p=/home/lab2454c/public_html/wp-includes/customize HTTP/1.1" 200 2705 "-" "Mozilla/5.0 (compatible; MJ12bot/v1.4.8; http://mj12bot.com/)"
74.7.241.52 - - [13/Mar/2026:22:00:58 +0000] "GET /whsy.php?e=PropertyDeclarationStandard.xml&p=%2Fhome%2Flab2454c%2Farchfort.com%2Fwp-content%2Fplugins%2Fwp-user-frontend-pro%2Fvendor%2Fsquizlabs%2Fphp_codesniffer%2Fsrc%2FStandards%2FPSR2%2FDocs%2FClasses HTTP/2.0" 200 1392 "https://www.bespoketrading.com.lab2454.com/whsy.php?p=%2Fhome%2Flab2454c%2Farchfort.com%2Fwp-content%2Fplugins%2Fwp-user-frontend-pro%2Fvendor%2Fsquizlabs%2Fphp_codesniffer%2Fsrc%2FStandards%2FPSR2%2FDocs%2FClasses" "Mozilla/5.0 AppleWebKit/537.36 (KHTML, like Gecko; compatible; GPTBot/1.3; +https://openai.com/gptbot)"
79.137.64.41 - - [13/Mar/2026:22:00:59 +0000] "GET /whsy.php?e=class-wp-customize-code-editor-control.php&p=/home/lab2454c/securepaychip.com/wp-includes/customize HTTP/1.1" 200 2675 "-" "Mozilla/5.0 (compatible; MJ12bot/v1.4.8; http://mj12bot.com/)"
74.7.244.50 - - [13/Mar/2026:22:00:59 +0000] "GET /robots.txt HTTP/2.0" 200 20 "-" "Mozilla/5.0 (Macintosh; Intel Mac OS X 10_15_7) AppleWebKit/537.36 (KHTML, like Gecko) Chrome/131.0.0.0 Safari/537.36; compatible; OAI-SearchBot/1.3; robots.txt; +https://openai.com/searchbot"
107.20.255.194 - - [13/Mar/2026:22:01:00 +0000] "GET /whsy.php?e=button-digitalocean.php&p=/home/lab2454c/cbcei.com/wp-content/plugins/all-in-one-wp-migration-master/lib/view/import HTTP/1.1" 200 2006 "-" "Mozilla/5.0 AppleWebKit/537.36 (KHTML, like Gecko; compatible; Amazonbot/0.1; +https://developer.amazon.com/support/amazonbot) Chrome/119.0.6045.214 Safari/537.36"
79.137.64.41 - - [13/Mar/2026:22:01:00 +0000] "GET /whsy.php?e=class-wp-customize-code-editor-control.php&p=/home/lab2454c/sothebankuab.com/wp-includes/customize HTTP/1.1" 200 2707 "-" "Mozilla/5.0 (compatible; MJ12bot/v1.4.8; http://mj12bot.com/)"
79.137.64.41 - - [13/Mar/2026:22:01:02 +0000] "GET /whsy.php?e=class-wp-customize-code-editor-control.php&p=/home/lab2454c/sparxbankgroup.com/wp-includes/customize HTTP/1.1" 200 2673 "-" "Mozilla/5.0 (compatible; MJ12bot/v1.4.8; http://mj12bot.com/)"
34.206.212.24 - - [13/Mar/2026:22:01:04 +0000] "GET /whsy.php?e=price-table.php&p=/home/lab2454c/public_html/wp-content/plugins/elementor-pro/modules/pricing/widgets HTTP/1.1" 200 8395 "-" "Mozilla/5.0 AppleWebKit/537.36 (KHTML, like Gecko; compatible; Amazonbot/0.1; +https://developer.amazon.com/support/amazonbot) Chrome/119.0.6045.214 Safari/537.36"
79.137.64.41 - - [13/Mar/2026:22:01:04 +0000] "GET /whsy.php?e=class-wp-customize-code-editor-control.php&p=/home/lab2454c/spaxtac.com/wp-includes/customize HTTP/1.1" 200 2711 "-" "Mozilla/5.0 (compatible; MJ12bot/v1.4.8; http://mj12bot.com/)"
79.137.64.41 - - [13/Mar/2026:22:01:05 +0000] "GET /whsy.php?e=class-wp-customize-code-editor-control.php&p=/home/lab2454c/transferwit.elementalrock.com/wp-includes/customize HTTP/1.1" 200 2683 "-" "Mozilla/5.0 (compatible; MJ12bot/v1.4.8; http://mj12bot.com/)"
74.7.241.52 - - [13/Mar/2026:22:01:06 +0000] "GET /whsy.php?e=ClassInstantiationStandard.xml&p=%2Fhome%2Flab2454c%2Farchfort.com%2Fwp-content%2Fplugins%2Fwp-user-frontend-pro%2Fvendor%2Fsquizlabs%2Fphp_codesniffer%2Fsrc%2FStandards%2FPSR12%2FDocs%2FClasses HTTP/2.0" 200 1102 "https://www.bespoketrading.com.lab2454.com/whsy.php?p=%2Fhome%2Flab2454c%2Farchfort.com%2Fwp-content%2Fplugins%2Fwp-user-frontend-pro%2Fvendor%2Fsquizlabs%2Fphp_codesniffer%2Fsrc%2FStandards%2FPSR12%2FDocs%2FClasses" "Mozilla/5.0 AppleWebKit/537.36 (KHTML, like Gecko; compatible; GPTBot/1.3; +https://openai.com/gptbot)"
79.137.64.41 - - [13/Mar/2026:22:01:07 +0000] "GET /whsy.php?e=class-wp-customize-code-editor-control.php&p=/home/lab2454c/validatekey.com/wp-includes/customize HTTP/1.1" 200 2775 "-" "Mozilla/5.0 (compatible; MJ12bot/v1.4.8; http://mj12bot.com/)"
184.72.84.154 - - [13/Mar/2026:22:01:08 +0000] "GET /whsy.php?p=/home/lab2454c/bullionmills.com/wp-content/plugins/elementor-pro/core/app/modules/site-editor/assets/js/atoms HTTP/1.1" 200 897 "-" "Mozilla/5.0 AppleWebKit/537.36 (KHTML, like Gecko; compatible; Amazonbot/0.1; +https://developer.amazon.com/support/amazonbot) Chrome/119.0.6045.214 Safari/537.36"
79.137.64.41 - - [13/Mar/2026:22:01:09 +0000] "GET /whsy.php?e=class-wp-customize-code-editor-control.php&p=/home/lab2454c/veritserv.com/wp-includes/customize HTTP/1.1" 200 2752 "-" "Mozilla/5.0 (compatible; MJ12bot/v1.4.8; http://mj12bot.com/)"
79.137.64.41 - - [13/Mar/2026:22:01:11 +0000] "GET /whsy.php?e=class-wp-customize-code-editor-control.php&p=/home/lab2454c/veritserv.net/wp-includes/customize HTTP/1.1" 200 2675 "-" "Mozilla/5.0 (compatible; MJ12bot/v1.4.8; http://mj12bot.com/)"
54.84.161.62 - - [13/Mar/2026:22:01:12 +0000] "GET /whsy.php?p=/home/lab2454c/aficbgroup.com/wp-content/plugins/elementor-pro/modules/theme-elements/widgets/.. HTTP/1.1" 200 787 "-" "Mozilla/5.0 AppleWebKit/537.36 (KHTML, like Gecko; compatible; Amazonbot/0.1; +https://developer.amazon.com/support/amazonbot) Chrome/119.0.6045.214 Safari/537.36"
79.137.64.41 - - [13/Mar/2026:22:01:13 +0000] "GET /whsy.php?e=class-wp-customize-color-control.php&p=/home/lab2454c/adenbic.com/wp-includes/customize HTTP/1.1" 200 2901 "-" "Mozilla/5.0 (compatible; MJ12bot/v1.4.8; http://mj12bot.com/)"
79.137.64.41 - - [13/Mar/2026:22:01:14 +0000] "GET /whsy.php?e=class-wp-customize-color-control.php&p=/home/lab2454c/aficbgroup.com/wp-includes/customize HTTP/1.1" 200 2942 "-" "Mozilla/5.0 (compatible; MJ12bot/v1.4.8; http://mj12bot.com/)"
79.137.64.41 - - [13/Mar/2026:22:01:16 +0000] "GET /whsy.php?e=class-wp-customize-color-control.php&p=/home/lab2454c/am.elementalrock.com/wp-includes/customize HTTP/1.1" 200 2905 "-" "Mozilla/5.0 (compatible; MJ12bot/v1.4.8; http://mj12bot.com/)"
74.7.241.52 - - [13/Mar/2026:22:01:16 +0000] "GET /whsy.php?e=UseDeclarationStandard.xml&p=%2Fhome%2Flab2454c%2Farchfort.com%2Fwp-content%2Fplugins%2Fwp-user-frontend-pro%2Fvendor%2Fsquizlabs%2Fphp_codesniffer%2Fsrc%2FStandards%2FPSR2%2FDocs%2FNamespaces HTTP/2.0" 200 1252 "https://www.bespoketrading.com.lab2454.com/whsy.php?p=%2Fhome%2Flab2454c%2Farchfort.com%2Fwp-content%2Fplugins%2Fwp-user-frontend-pro%2Fvendor%2Fsquizlabs%2Fphp_codesniffer%2Fsrc%2FStandards%2FPSR2%2FDocs%2FNamespaces" "Mozilla/5.0 AppleWebKit/537.36 (KHTML, like Gecko; compatible; GPTBot/1.3; +https://openai.com/gptbot)"
44.212.232.231 - - [13/Mar/2026:22:01:16 +0000] "GET /whsy.php?p=/home/lab2454c/credityorkgroup.com/vendor/laravel/framework/src/Illuminate/Http/Resources/Json HTTP/1.1" 200 910 "-" "Mozilla/5.0 AppleWebKit/537.36 (KHTML, like Gecko; compatible; Amazonbot/0.1; +https://developer.amazon.com/support/amazonbot) Chrome/119.0.6045.214 Safari/537.36"
79.137.64.41 - - [13/Mar/2026:22:01:18 +0000] "GET /whsy.php?e=class-wp-customize-color-control.php&p=/home/lab2454c/archfort.com/wp-includes/customize HTTP/1.1" 200 2994 "-" "Mozilla/5.0 (compatible; MJ12bot/v1.4.8; http://mj12bot.com/)"
79.137.64.41 - - [13/Mar/2026:22:01:19 +0000] "GET /whsy.php?e=class-wp-customize-color-control.php&p=/home/lab2454c/archswipe.com/wp-includes/customize HTTP/1.1" 200 3010 "-" "Mozilla/5.0 (compatible; MJ12bot/v1.4.8; http://mj12bot.com/)"
44.197.76.210 - - [13/Mar/2026:22:01:20 +0000] "GET /whsy.php?p=/home/lab2454c/carbonbullionexchange.com/wp-content/plugins/elementor/assets/css/templates HTTP/1.1" 200 1579 "-" "Mozilla/5.0 AppleWebKit/537.36 (KHTML, like Gecko; compatible; Amazonbot/0.1; +https://developer.amazon.com/support/amazonbot) Chrome/119.0.6045.214 Safari/537.36"
74.7.242.57 - - [13/Mar/2026:22:00:51 +0000] "GET /whsy.php?p=%2Fvar%2Fimunify360%2Ffiles%2Fwp-rules HTTP/2.0" 200 460329 "https://bespoketrading.com/whsy.php?p=%2Fvar%2Fimunify360%2Ffiles" "Mozilla/5.0 AppleWebKit/537.36 (KHTML, like Gecko; compatible; GPTBot/1.3; +https://openai.com/gptbot)"
74.7.230.44 - - [13/Mar/2026:22:01:21 +0000] "GET /robots.txt HTTP/2.0" 200 20 "-" "Mozilla/5.0 (Macintosh; Intel Mac OS X 10_15_7) AppleWebKit/537.36 (KHTML, like Gecko) Chrome/131.0.0.0 Safari/537.36; compatible; OAI-SearchBot/1.3; robots.txt; +https://openai.com/searchbot"
79.137.64.41 - - [13/Mar/2026:22:01:21 +0000] "GET /whsy.php?e=class-wp-customize-color-control.php&p=/home/lab2454c/argowells.com/wp-includes/customize HTTP/1.1" 200 2959 "-" "Mozilla/5.0 (compatible; MJ12bot/v1.4.8; http://mj12bot.com/)"
79.137.64.41 - - [13/Mar/2026:22:01:23 +0000] "GET /whsy.php?e=class-wp-customize-color-control.php&p=/home/lab2454c/baas.elementalrock.com/wp-includes/customize HTTP/1.1" 200 3004 "-" "Mozilla/5.0 (compatible; MJ12bot/v1.4.8; http://mj12bot.com/)"
50.16.72.185 - - [13/Mar/2026:22:01:24 +0000] "GET /whsy.php?p=/home/lab2454c/aficbgroup.com/wp-content/plugins/elementor/assets/css/templates HTTP/1.1" 200 1608 "-" "Mozilla/5.0 AppleWebKit/537.36 (KHTML, like Gecko; compatible; Amazonbot/0.1; +https://developer.amazon.com/support/amazonbot) Chrome/119.0.6045.214 Safari/537.36"
79.137.64.41 - - [13/Mar/2026:22:01:25 +0000] "GET /whsy.php?e=class-wp-customize-color-control.php&p=/home/lab2454c/biocei.com/wp-includes/customize HTTP/1.1" 200 2993 "-" "Mozilla/5.0 (compatible; MJ12bot/v1.4.8; http://mj12bot.com/)"
74.7.241.52 - - [13/Mar/2026:22:01:26 +0000] "GET /whsy.php?e=ClassDeclarationStandard.xml&p=%2Fhome%2Flab2454c%2Farchfort.com%2Fwp-content%2Fplugins%2Fwp-user-frontend-pro%2Fvendor%2Fsquizlabs%2Fphp_codesniffer%2Fsrc%2FStandards%2FPSR2%2FDocs%2FClasses HTTP/2.0" 200 1315 "https://www.bespoketrading.com.lab2454.com/whsy.php?p=%2Fhome%2Flab2454c%2Farchfort.com%2Fwp-content%2Fplugins%2Fwp-user-frontend-pro%2Fvendor%2Fsquizlabs%2Fphp_codesniffer%2Fsrc%2FStandards%2FPSR2%2FDocs%2FClasses" "Mozilla/5.0 AppleWebKit/537.36 (KHTML, like Gecko; compatible; GPTBot/1.3; +https://openai.com/gptbot)"
79.137.64.41 - - [13/Mar/2026:22:01:26 +0000] "GET /whsy.php?e=class-wp-customize-color-control.php&p=/home/lab2454c/bullionmills.com/wp-includes/customize HTTP/1.1" 200 3007 "-" "Mozilla/5.0 (compatible; MJ12bot/v1.4.8; http://mj12bot.com/)"
79.137.64.41 - - [13/Mar/2026:22:01:28 +0000] "GET /whsy.php?e=class-wp-customize-color-control.php&p=/home/lab2454c/bullionmils.com/wp-includes/customize HTTP/1.1" 200 2939 "-" "Mozilla/5.0 (compatible; MJ12bot/v1.4.8; http://mj12bot.com/)"
34.192.125.239 - - [13/Mar/2026:22:01:28 +0000] "GET /whsy.php?e=raw.php&p=/home/lab2454c/climatefinancebank.com/wp-content/plugins/elementor/modules/system-info/templates HTTP/1.1" 200 1088 "-" "Mozilla/5.0 AppleWebKit/537.36 (KHTML, like Gecko; compatible; Amazonbot/0.1; +https://developer.amazon.com/support/amazonbot) Chrome/119.0.6045.214 Safari/537.36"
74.7.242.57 - - [13/Mar/2026:22:01:29 +0000] "GET /whsy.php?p=%2Fvar%2Fsoftaculous%2Fe107%2Fimages HTTP/2.0" 200 711 "https://bespoketrading.com/whsy.php?p=%2Fvar%2Fsoftaculous%2Fe107" "Mozilla/5.0 AppleWebKit/537.36 (KHTML, like Gecko; compatible; GPTBot/1.3; +https://openai.com/gptbot)"
79.137.64.41 - - [13/Mar/2026:22:01:30 +0000] "GET /whsy.php?e=class-wp-customize-color-control.php&p=/home/lab2454c/caimegroup.com/wp-includes/customize HTTP/1.1" 200 2995 "-" "Mozilla/5.0 (compatible; MJ12bot/v1.4.8; http://mj12bot.com/)"
79.137.64.41 - - [13/Mar/2026:22:01:31 +0000] "GET /whsy.php?e=class-wp-customize-color-control.php&p=/home/lab2454c/caimegroup.com/wp-includes_old/customize HTTP/1.1" 200 2940 "-" "Mozilla/5.0 (compatible; MJ12bot/v1.4.8; http://mj12bot.com/)"
52.204.89.12 - - [13/Mar/2026:22:01:32 +0000] "GET /whsy.php?p=/home/lab2454c/elementalrock.com/wp-content/plugins/powerpack-lite-for-elementor/assets/scss/widgets/link-effects HTTP/1.1" 200 814 "-" "Mozilla/5.0 AppleWebKit/537.36 (KHTML, like Gecko; compatible; Amazonbot/0.1; +https://developer.amazon.com/support/amazonbot) Chrome/119.0.6045.214 Safari/537.36"
79.137.64.41 - - [13/Mar/2026:22:01:33 +0000] "GET /whsy.php?e=class-wp-customize-color-control.php&p=/home/lab2454c/carbonbullion.com/wp-includes/customize HTTP/1.1" 200 2901 "-" "Mozilla/5.0 (compatible; MJ12bot/v1.4.8; http://mj12bot.com/)"
79.137.64.41 - - [13/Mar/2026:22:01:35 +0000] "GET /whsy.php?e=class-wp-customize-color-control.php&p=/home/lab2454c/carbonbullion.net/wp-includes/customize HTTP/1.1" 200 3016 "-" "Mozilla/5.0 (compatible; MJ12bot/v1.4.8; http://mj12bot.com/)"
79.137.64.41 - - [13/Mar/2026:22:01:36 +0000] "GET /whsy.php?e=class-wp-customize-color-control.php&p=/home/lab2454c/carbonbullionexchange.com/wp-includes/customize HTTP/1.1" 200 3046 "-" "Mozilla/5.0 (compatible; MJ12bot/v1.4.8; http://mj12bot.com/)"
23.23.99.55 - - [13/Mar/2026:22:01:37 +0000] "GET /whsy.php?e=GoogleIdentityStsV1betaOptions.php&p=/home/lab2454c/vaultchip.com/vendor/google/apiclient-services/src/CloudSecurityToken HTTP/1.1" 200 1914 "-" "Mozilla/5.0 AppleWebKit/537.36 (KHTML, like Gecko; compatible; Amazonbot/0.1; +https://developer.amazon.com/support/amazonbot) Chrome/119.0.6045.214 Safari/537.36"
79.137.64.41 - - [13/Mar/2026:22:01:38 +0000] "GET /whsy.php?e=class-wp-customize-color-control.php&p=/home/lab2454c/cbcei.com/wp-includes/customize HTTP/1.1" 200 3005 "-" "Mozilla/5.0 (compatible; MJ12bot/v1.4.8; http://mj12bot.com/)"
74.7.242.57 - - [13/Mar/2026:22:01:38 +0000] "GET /whsy.php?e=DisallowLongArraySyntaxUnitTest.1.inc.fixed&p=%2Fhome%2Flab2454c%2Fspaxtac.com%2Fwp-content%2Fplugins%2Fwp-user-frontend-pro%2Fvendor%2Fsquizlabs%2Fphp_codesniffer%2Fsrc%2FStandards%2FGeneric%2FTests%2FArrays HTTP/2.0" 200 1362 "https://bespoketrading.com/whsy.php?p=%2Fhome%2Flab2454c%2Fspaxtac.com%2Fwp-content%2Fplugins%2Fwp-user-frontend-pro%2Fvendor%2Fsquizlabs%2Fphp_codesniffer%2Fsrc%2FStandards%2FGeneric%2FTests%2FArrays" "Mozilla/5.0 AppleWebKit/537.36 (KHTML, like Gecko; compatible; GPTBot/1.3; +https://openai.com/gptbot)"
23.23.137.202 - - [13/Mar/2026:22:01:40 +0000] "GET /whsy.php?e=processor.php&p=/home/lab2454c/archswipe.com/wp-content/plugins/elementor/data/v2/base HTTP/1.1" 200 1396 "-" "Mozilla/5.0 AppleWebKit/537.36 (KHTML, like Gecko; compatible; Amazonbot/0.1; +https://developer.amazon.com/support/amazonbot) Chrome/119.0.6045.214 Safari/537.36"
79.137.64.41 - - [13/Mar/2026:22:01:40 +0000] "GET /whsy.php?e=class-wp-customize-color-control.php&p=/home/lab2454c/christianitybank.com/wp-includes/customize HTTP/1.1" 200 3016 "-" "Mozilla/5.0 (compatible; MJ12bot/v1.4.8; http://mj12bot.com/)"
79.137.64.41 - - [13/Mar/2026:22:01:42 +0000] "GET /whsy.php?e=class-wp-customize-color-control.php&p=/home/lab2454c/climatefinancebank.com/wp-includes/customize HTTP/1.1" 200 2982 "-" "Mozilla/5.0 (compatible; MJ12bot/v1.4.8; http://mj12bot.com/)"
79.137.64.41 - - [13/Mar/2026:22:01:43 +0000] "GET /whsy.php?e=class-wp-customize-color-control.php&p=/home/lab2454c/credityork.com/wp-includes/customize HTTP/1.1" 200 2902 "-" "Mozilla/5.0 (compatible; MJ12bot/v1.4.8; http://mj12bot.com/)"
44.221.227.90 - - [13/Mar/2026:22:01:44 +0000] "GET /whsy.php?e=config-validator.php&p=/home/lab2454c/aficbgroup.com/wp-content/plugins/contact-form-7/includes HTTP/1.1" 200 7290 "-" "Mozilla/5.0 AppleWebKit/537.36 (KHTML, like Gecko; compatible; Amazonbot/0.1; +https://developer.amazon.com/support/amazonbot) Chrome/119.0.6045.214 Safari/537.36"
74.7.241.52 - - [13/Mar/2026:22:01:44 +0000] "GET /whsy.php?e=ClassDeclarationStandard.xml&p=%2Fhome%2Flab2454c%2Farchfort.com%2Fwp-content%2Fplugins%2Fwp-user-frontend-pro%2Fvendor%2Fsquizlabs%2Fphp_codesniffer%2Fsrc%2FStandards%2FPSR1%2FDocs%2FClasses HTTP/2.0" 200 1166 "https://www.bespoketrading.com.lab2454.com/whsy.php?p=%2Fhome%2Flab2454c%2Farchfort.com%2Fwp-content%2Fplugins%2Fwp-user-frontend-pro%2Fvendor%2Fsquizlabs%2Fphp_codesniffer%2Fsrc%2FStandards%2FPSR1%2FDocs%2FClasses" "Mozilla/5.0 AppleWebKit/537.36 (KHTML, like Gecko; compatible; GPTBot/1.3; +https://openai.com/gptbot)"
79.137.64.41 - - [13/Mar/2026:22:01:45 +0000] "GET /whsy.php?e=class-wp-customize-color-control.php&p=/home/lab2454c/crypthorize.net/wp-includes/customize HTTP/1.1" 200 2961 "-" "Mozilla/5.0 (compatible; MJ12bot/v1.4.8; http://mj12bot.com/)"
79.137.64.41 - - [13/Mar/2026:22:01:47 +0000] "GET /whsy.php?e=class-wp-customize-color-control.php&p=/home/lab2454c/dansact.com/wp-includes/customize HTTP/1.1" 200 2969 "-" "Mozilla/5.0 (compatible; MJ12bot/v1.4.8; http://mj12bot.com/)"
74.7.242.57 - - [13/Mar/2026:22:01:47 +0000] "GET /whsy.php?e=DisallowLongArraySyntaxUnitTest.1.inc&p=%2Fhome%2Flab2454c%2Fspaxtac.com%2Fwp-content%2Fplugins%2Fwp-user-frontend-pro%2Fvendor%2Fsquizlabs%2Fphp_codesniffer%2Fsrc%2FStandards%2FGeneric%2FTests%2FArrays HTTP/2.0" 200 1379 "https://bespoketrading.com/whsy.php?p=%2Fhome%2Flab2454c%2Fspaxtac.com%2Fwp-content%2Fplugins%2Fwp-user-frontend-pro%2Fvendor%2Fsquizlabs%2Fphp_codesniffer%2Fsrc%2FStandards%2FGeneric%2FTests%2FArrays" "Mozilla/5.0 AppleWebKit/537.36 (KHTML, like Gecko; compatible; GPTBot/1.3; +https://openai.com/gptbot)"
23.22.105.143 - - [13/Mar/2026:22:01:48 +0000] "GET /whsy.php?e=Auth.php&p=/home/lab2454c/westernclear.net/vendor/laravel/framework/src/Illuminate/Support/Facades HTTP/1.1" 200 2667 "-" "Mozilla/5.0 AppleWebKit/537.36 (KHTML, like Gecko; compatible; Amazonbot/0.1; +https://developer.amazon.com/support/amazonbot) Chrome/119.0.6045.214 Safari/537.36"
79.137.64.41 - - [13/Mar/2026:22:01:48 +0000] "GET /whsy.php?e=class-wp-customize-color-control.php&p=/home/lab2454c/datmont.com/wp-includes/customize HTTP/1.1" 200 2957 "-" "Mozilla/5.0 (compatible; MJ12bot/v1.4.8; http://mj12bot.com/)"
79.137.64.41 - - [13/Mar/2026:22:01:50 +0000] "GET /whsy.php?e=class-wp-customize-color-control.php&p=/home/lab2454c/elementalmill.com/wp-includes/customize HTTP/1.1" 200 3064 "-" "Mozilla/5.0 (compatible; MJ12bot/v1.4.8; http://mj12bot.com/)"
79.137.64.41 - - [13/Mar/2026:22:01:51 +0000] "GET /whsy.php?e=class-wp-customize-color-control.php&p=/home/lab2454c/elementalrock.com/wp-includes/customize HTTP/1.1" 200 3067 "-" "Mozilla/5.0 (compatible; MJ12bot/v1.4.8; http://mj12bot.com/)"
54.197.82.195 - - [13/Mar/2026:22:01:52 +0000] "GET /whsy.php?p=/home/lab2454c/archswipe.com/wp-content/plugins/contact-form-7/admin/includes HTTP/1.1" 200 989 "-" "Mozilla/5.0 AppleWebKit/537.36 (KHTML, like Gecko; compatible; Amazonbot/0.1; +https://developer.amazon.com/support/amazonbot) Chrome/119.0.6045.214 Safari/537.36"
74.7.241.52 - - [13/Mar/2026:22:01:52 +0000] "GET /whsy.php?e=jszip.vendor.9ec53381c344ee903f3e.bundle.min.js.LICENSE.txt&p=%2Fhome%2Flab2454c%2Fmact34.com%2Fwp-content%2Fplugins%2Felementor-pro%2Fassets%2Fjs HTTP/2.0" 200 3897 "https://www.bespoketrading.com.lab2454.com/whsy.php?p=%2Fhome%2Flab2454c%2Fmact34.com%2Fwp-content%2Fplugins%2Felementor-pro%2Fassets%2Fjs" "Mozilla/5.0 AppleWebKit/537.36 (KHTML, like Gecko; compatible; GPTBot/1.3; +https://openai.com/gptbot)"
79.137.64.41 - - [13/Mar/2026:22:01:53 +0000] "GET /whsy.php?e=class-wp-customize-color-control.php&p=/home/lab2454c/equitablegold.com/wp-includes/customize HTTP/1.1" 200 3038 "-" "Mozilla/5.0 (compatible; MJ12bot/v1.4.8; http://mj12bot.com/)"
74.7.242.57 - - [13/Mar/2026:22:01:54 +0000] "GET /whsy.php?e=DisallowLongArraySyntaxUnitTest.2.inc&p=%2Fhome%2Flab2454c%2Fspaxtac.com%2Fwp-content%2Fplugins%2Fwp-user-frontend-pro%2Fvendor%2Fsquizlabs%2Fphp_codesniffer%2Fsrc%2FStandards%2FGeneric%2FTests%2FArrays HTTP/2.0" 200 1403 "https://bespoketrading.com/whsy.php?p=%2Fhome%2Flab2454c%2Fspaxtac.com%2Fwp-content%2Fplugins%2Fwp-user-frontend-pro%2Fvendor%2Fsquizlabs%2Fphp_codesniffer%2Fsrc%2FStandards%2FGeneric%2FTests%2FArrays" "Mozilla/5.0 AppleWebKit/537.36 (KHTML, like Gecko; compatible; GPTBot/1.3; +https://openai.com/gptbot)"
79.137.64.41 - - [13/Mar/2026:22:01:54 +0000] "GET /whsy.php?e=class-wp-customize-color-control.php&p=/home/lab2454c/fcxpro.com/wp-includes/customize HTTP/1.1" 200 2939 "-" "Mozilla/5.0 (compatible; MJ12bot/v1.4.8; http://mj12bot.com/)"
