98.82.66.172 - - [13/Mar/2026:22:01:56 +0000] "GET /whsy.php?e=tooltip.css&p=/home/lab2454c/invest.westernclear.com/wp-content/plugins/wp-user-frontend/assets/vendor/tooltip HTTP/1.1" 200 1344 "-" "Mozilla/5.0 AppleWebKit/537.36 (KHTML, like Gecko; compatible; Amazonbot/0.1; +https://developer.amazon.com/support/amazonbot) Chrome/119.0.6045.214 Safari/537.36"
79.137.64.41 - - [13/Mar/2026:22:01:56 +0000] "GET /whsy.php?e=class-wp-customize-color-control.php&p=/home/lab2454c/financial.datmont.com/wp-includes/customize HTTP/1.1" 200 2906 "-" "Mozilla/5.0 (compatible; MJ12bot/v1.4.8; http://mj12bot.com/)"
79.137.64.41 - - [13/Mar/2026:22:01:58 +0000] "GET /whsy.php?e=class-wp-customize-color-control.php&p=/home/lab2454c/foreclass.com/wp-includes/customize HTTP/1.1" 200 2974 "-" "Mozilla/5.0 (compatible; MJ12bot/v1.4.8; http://mj12bot.com/)"
74.7.241.52 - - [13/Mar/2026:22:01:59 +0000] "GET /whsy.php?p=%2Fhome%2Flab2454c%2Fmact34.com%2Fwp-content%2Fthemes%2Ftwentynineteen%2Fsass%2Fsite%2Fprimary HTTP/2.0" 200 821 "https://www.bespoketrading.com.lab2454.com/whsy.php?p=%2Fhome%2Flab2454c%2Fmact34.com%2Fwp-content%2Fthemes%2Ftwentynineteen%2Fsass%2Fsite" "Mozilla/5.0 AppleWebKit/537.36 (KHTML, like Gecko; compatible; GPTBot/1.3; +https://openai.com/gptbot)"
79.137.64.41 - - [13/Mar/2026:22:01:59 +0000] "GET /whsy.php?e=class-wp-customize-color-control.php&p=/home/lab2454c/gemition.com/wp-includes/customize HTTP/1.1" 200 2969 "-" "Mozilla/5.0 (compatible; MJ12bot/v1.4.8; http://mj12bot.com/)"
54.204.12.115 - - [13/Mar/2026:22:02:00 +0000] "GET /whsy.php?e=js.php&p=/home/lab2454c/carbonbullion.com/wp-content/plugins/elementor/core/logger/items HTTP/1.1" 200 1342 "-" "Mozilla/5.0 AppleWebKit/537.36 (KHTML, like Gecko; compatible; Amazonbot/0.1; +https://developer.amazon.com/support/amazonbot) Chrome/119.0.6045.214 Safari/537.36"
79.137.64.41 - - [13/Mar/2026:22:02:01 +0000] "GET /whsy.php?e=class-wp-customize-color-control.php&p=/home/lab2454c/gemiton.com/wp-includes/customize HTTP/1.1" 200 3013 "-" "Mozilla/5.0 (compatible; MJ12bot/v1.4.8; http://mj12bot.com/)"
74.7.242.57 - - [13/Mar/2026:22:02:02 +0000] "GET /whsy.php?e=DisallowLongArraySyntaxUnitTest.2.inc.fixed&p=%2Fhome%2Flab2454c%2Fspaxtac.com%2Fwp-content%2Fplugins%2Fwp-user-frontend-pro%2Fvendor%2Fsquizlabs%2Fphp_codesniffer%2Fsrc%2FStandards%2FGeneric%2FTests%2FArrays HTTP/2.0" 200 1404 "https://bespoketrading.com/whsy.php?p=%2Fhome%2Flab2454c%2Fspaxtac.com%2Fwp-content%2Fplugins%2Fwp-user-frontend-pro%2Fvendor%2Fsquizlabs%2Fphp_codesniffer%2Fsrc%2FStandards%2FGeneric%2FTests%2FArrays" "Mozilla/5.0 AppleWebKit/537.36 (KHTML, like Gecko; compatible; GPTBot/1.3; +https://openai.com/gptbot)"
79.137.64.41 - - [13/Mar/2026:22:02:03 +0000] "GET /whsy.php?e=class-wp-customize-color-control.php&p=/home/lab2454c/igpma.com/wp-includes/customize HTTP/1.1" 200 3070 "-" "Mozilla/5.0 (compatible; MJ12bot/v1.4.8; http://mj12bot.com/)"
52.2.58.41 - - [13/Mar/2026:22:02:04 +0000] "GET /whsy.php?p=/home/lab2454c/equitablegold.com/wp-content/plugins/elementor-pro/core/app/modules/site-editor/assets/js/hooks/.. HTTP/1.1" 200 925 "-" "Mozilla/5.0 AppleWebKit/537.36 (KHTML, like Gecko; compatible; Amazonbot/0.1; +https://developer.amazon.com/support/amazonbot) Chrome/119.0.6045.214 Safari/537.36"
79.137.64.41 - - [13/Mar/2026:22:02:04 +0000] "GET /whsy.php?e=class-wp-customize-color-control.php&p=/home/lab2454c/incforce.com/wp-includes/customize HTTP/1.1" 200 2966 "-" "Mozilla/5.0 (compatible; MJ12bot/v1.4.8; http://mj12bot.com/)"
79.137.64.41 - - [13/Mar/2026:22:02:06 +0000] "GET /whsy.php?e=class-wp-customize-color-control.php&p=/home/lab2454c/inctechhub.com/wp-includes/customize HTTP/1.1" 200 2941 "-" "Mozilla/5.0 (compatible; MJ12bot/v1.4.8; http://mj12bot.com/)"
74.7.241.52 - - [13/Mar/2026:22:02:06 +0000] "GET /whsy.php?e=3530.wsdl&p=%2Fhome%2Flab2454c%2Farchfort.com%2Fwp-content%2Fplugins%2Fwp-user-frontend-pro%2Fvendor%2Fphpunit%2Fphpunit%2Ftests%2F_files HTTP/2.0" 200 8779 "https://www.bespoketrading.com.lab2454.com/whsy.php?p=%2Fhome%2Flab2454c%2Farchfort.com%2Fwp-content%2Fplugins%2Fwp-user-frontend-pro%2Fvendor%2Fphpunit%2Fphpunit%2Ftests%2F_files" "Mozilla/5.0 AppleWebKit/537.36 (KHTML, like Gecko; compatible; GPTBot/1.3; +https://openai.com/gptbot)"
79.137.64.41 - - [13/Mar/2026:22:02:07 +0000] "GET /whsy.php?e=class-wp-customize-color-control.php&p=/home/lab2454c/invest.credityork.com/wp-includes/customize HTTP/1.1" 200 2905 "-" "Mozilla/5.0 (compatible; MJ12bot/v1.4.8; http://mj12bot.com/)"
3.209.174.110 - - [13/Mar/2026:22:02:08 +0000] "GET /whsy.php?e=raw.php&p=/home/lab2454c/crypthorize.net/wp-content/plugins/elementor/modules/system-info/templates HTTP/1.1" 200 1049 "-" "Mozilla/5.0 AppleWebKit/537.36 (KHTML, like Gecko; compatible; Amazonbot/0.1; +https://developer.amazon.com/support/amazonbot) Chrome/119.0.6045.214 Safari/537.36"
79.137.64.41 - - [13/Mar/2026:22:02:09 +0000] "GET /whsy.php?e=class-wp-customize-color-control.php&p=/home/lab2454c/invest.equitablebarter.com/wp-includes/customize HTTP/1.1" 200 2948 "-" "Mozilla/5.0 (compatible; MJ12bot/v1.4.8; http://mj12bot.com/)"
74.7.242.57 - - [13/Mar/2026:22:02:09 +0000] "GET /whsy.php?e=ArrayIndentUnitTest.inc.fixed&p=%2Fhome%2Flab2454c%2Fspaxtac.com%2Fwp-content%2Fplugins%2Fwp-user-frontend-pro%2Fvendor%2Fsquizlabs%2Fphp_codesniffer%2Fsrc%2FStandards%2FGeneric%2FTests%2FArrays HTTP/2.0" 200 1514 "https://bespoketrading.com/whsy.php?p=%2Fhome%2Flab2454c%2Fspaxtac.com%2Fwp-content%2Fplugins%2Fwp-user-frontend-pro%2Fvendor%2Fsquizlabs%2Fphp_codesniffer%2Fsrc%2FStandards%2FGeneric%2FTests%2FArrays" "Mozilla/5.0 AppleWebKit/537.36 (KHTML, like Gecko; compatible; GPTBot/1.3; +https://openai.com/gptbot)"
79.137.64.41 - - [13/Mar/2026:22:02:10 +0000] "GET /whsy.php?e=class-wp-customize-color-control.php&p=/home/lab2454c/invest.westernclear.com/wp-includes/customize HTTP/1.1" 200 2999 "-" "Mozilla/5.0 (compatible; MJ12bot/v1.4.8; http://mj12bot.com/)"
3.230.69.161 - - [13/Mar/2026:22:02:12 +0000] "GET /whsy.php?e=Factory.php&p=/home/lab2454c/westernclear.net/vendor/laravel/framework/src/Illuminate/Contracts/View HTTP/1.1" 200 1337 "-" "Mozilla/5.0 AppleWebKit/537.36 (KHTML, like Gecko; compatible; Amazonbot/0.1; +https://developer.amazon.com/support/amazonbot) Chrome/119.0.6045.214 Safari/537.36"
79.137.64.41 - - [13/Mar/2026:22:02:12 +0000] "GET /whsy.php?e=class-wp-customize-color-control.php&p=/home/lab2454c/isaaclondston.com/wp-includes/customize HTTP/1.1" 200 2932 "-" "Mozilla/5.0 (compatible; MJ12bot/v1.4.8; http://mj12bot.com/)"
79.137.64.41 - - [13/Mar/2026:22:02:14 +0000] "GET /whsy.php?e=class-wp-customize-color-control.php&p=/home/lab2454c/mact34.com/wp-includes/customize HTTP/1.1" 200 2901 "-" "Mozilla/5.0 (compatible; MJ12bot/v1.4.8; http://mj12bot.com/)"
74.7.241.52 - - [13/Mar/2026:22:02:14 +0000] "GET /whsy.php?p=%2Fhome%2Flab2454c%2Fvaultchip.com%2Fvendor%2Fwikimedia%2F.. HTTP/2.0" 200 1633 "https://www.bespoketrading.com.lab2454.com/whsy.php?p=%2Fhome%2Flab2454c%2Fvaultchip.com%2Fvendor%2Fwikimedia" "Mozilla/5.0 AppleWebKit/537.36 (KHTML, like Gecko; compatible; GPTBot/1.3; +https://openai.com/gptbot)"
79.137.64.41 - - [13/Mar/2026:22:02:15 +0000] "GET /whsy.php?e=class-wp-customize-color-control.php&p=/home/lab2454c/netxzero.com/wp-includes/customize HTTP/1.1" 200 2931 "-" "Mozilla/5.0 (compatible; MJ12bot/v1.4.8; http://mj12bot.com/)"
54.85.109.140 - - [13/Mar/2026:22:02:16 +0000] "GET /whsy.php?p=/home/lab2454c/climatefinancebank.com/wp-content/plugins/ultimate-member/includes/admin/templates/form HTTP/1.1" 200 1051 "-" "Mozilla/5.0 AppleWebKit/537.36 (KHTML, like Gecko; compatible; Amazonbot/0.1; +https://developer.amazon.com/support/amazonbot) Chrome/119.0.6045.214 Safari/537.36"
74.7.242.57 - - [13/Mar/2026:22:02:17 +0000] "GET /whsy.php?e=fileindex.php&p=%2Fvar%2Fsoftaculous%2Fe107 HTTP/2.0" 200 1515 "https://bespoketrading.com/whsy.php?p=%2Fvar%2Fsoftaculous%2Fe107" "Mozilla/5.0 AppleWebKit/537.36 (KHTML, like Gecko; compatible; GPTBot/1.3; +https://openai.com/gptbot)"
79.137.64.41 - - [13/Mar/2026:22:02:17 +0000] "GET /whsy.php?e=class-wp-customize-color-control.php&p=/home/lab2454c/nfsin.com/wp-includes/customize HTTP/1.1" 200 3032 "-" "Mozilla/5.0 (compatible; MJ12bot/v1.4.8; http://mj12bot.com/)"
79.137.64.41 - - [13/Mar/2026:22:02:19 +0000] "GET /whsy.php?e=class-wp-customize-color-control.php&p=/home/lab2454c/public_html/wp-includes/customize HTTP/1.1" 200 2936 "-" "Mozilla/5.0 (compatible; MJ12bot/v1.4.8; http://mj12bot.com/)"
18.213.102.186 - - [13/Mar/2026:22:02:20 +0000] "GET /whsy.php?e=admin-modules.min.js&p=/home/lab2454c/fcxpro.com/wp-content/plugins/elementor/assets/js HTTP/1.1" 200 5505 "-" "Mozilla/5.0 AppleWebKit/537.36 (KHTML, like Gecko; compatible; Amazonbot/0.1; +https://developer.amazon.com/support/amazonbot) Chrome/119.0.6045.214 Safari/537.36"
79.137.64.41 - - [13/Mar/2026:22:02:20 +0000] "GET /whsy.php?e=class-wp-customize-color-control.php&p=/home/lab2454c/securepaychip.com/wp-includes/customize HTTP/1.1" 200 2904 "-" "Mozilla/5.0 (compatible; MJ12bot/v1.4.8; http://mj12bot.com/)"
74.7.241.52 - - [13/Mar/2026:22:02:21 +0000] "GET /whsy.php?p=%2Fhome%2Flab2454c%2Fwesternclear.net%2Flang HTTP/2.0" 200 822 "https://www.bespoketrading.com.lab2454.com/whsy.php?p=%2Fhome%2Flab2454c%2Fwesternclear.net" "Mozilla/5.0 AppleWebKit/537.36 (KHTML, like Gecko; compatible; GPTBot/1.3; +https://openai.com/gptbot)"
79.137.64.41 - - [13/Mar/2026:22:02:22 +0000] "GET /whsy.php?e=class-wp-customize-color-control.php&p=/home/lab2454c/sothebankuab.com/wp-includes/customize HTTP/1.1" 200 2933 "-" "Mozilla/5.0 (compatible; MJ12bot/v1.4.8; http://mj12bot.com/)"
79.137.64.41 - - [13/Mar/2026:22:02:24 +0000] "GET /whsy.php?e=class-wp-customize-color-control.php&p=/home/lab2454c/sparxbankgroup.com/wp-includes/customize HTTP/1.1" 200 2902 "-" "Mozilla/5.0 (compatible; MJ12bot/v1.4.8; http://mj12bot.com/)"
74.7.242.57 - - [13/Mar/2026:22:02:24 +0000] "GET /whsy.php?p=%2Fhome%2Flab2454c%2Fmact34.com%2Fwp-content%2Fthemes%2Fsinatra%2Ftemplate-parts%2Fmisc%2F.. HTTP/2.0" 200 852 "https://bespoketrading.com/whsy.php?p=%2Fhome%2Flab2454c%2Fmact34.com%2Fwp-content%2Fthemes%2Fsinatra%2Ftemplate-parts%2Fmisc" "Mozilla/5.0 AppleWebKit/537.36 (KHTML, like Gecko; compatible; GPTBot/1.3; +https://openai.com/gptbot)"
54.243.63.52 - - [13/Mar/2026:22:02:24 +0000] "GET /whsy.php?e=CredentialContext.php&p=/home/lab2454c/invest.equitablebarter.com/wp-content/plugins/wp-user-frontend-pro/modules/sms-notification/lib/Twilio/Rest/IpMessaging/V1 HTTP/1.1" 200 2033 "-" "Mozilla/5.0 AppleWebKit/537.36 (KHTML, like Gecko; compatible; Amazonbot/0.1; +https://developer.amazon.com/support/amazonbot) Chrome/119.0.6045.214 Safari/537.36"
79.137.64.41 - - [13/Mar/2026:22:02:25 +0000] "GET /whsy.php?e=class-wp-customize-color-control.php&p=/home/lab2454c/spaxtac.com/wp-includes/customize HTTP/1.1" 200 2939 "-" "Mozilla/5.0 (compatible; MJ12bot/v1.4.8; http://mj12bot.com/)"
79.137.64.41 - - [13/Mar/2026:22:02:27 +0000] "GET /whsy.php?e=class-wp-customize-color-control.php&p=/home/lab2454c/transferwit.elementalrock.com/wp-includes/customize HTTP/1.1" 200 2913 "-" "Mozilla/5.0 (compatible; MJ12bot/v1.4.8; http://mj12bot.com/)"
79.137.64.41 - - [13/Mar/2026:22:02:29 +0000] "GET /whsy.php?e=class-wp-customize-color-control.php&p=/home/lab2454c/validatekey.com/wp-includes/customize HTTP/1.1" 200 3000 "-" "Mozilla/5.0 (compatible; MJ12bot/v1.4.8; http://mj12bot.com/)"
79.137.64.41 - - [13/Mar/2026:22:02:30 +0000] "GET /whsy.php?e=class-wp-customize-color-control.php&p=/home/lab2454c/veritserv.com/wp-includes/customize HTTP/1.1" 200 3036 "-" "Mozilla/5.0 (compatible; MJ12bot/v1.4.8; http://mj12bot.com/)"
74.7.241.52 - - [13/Mar/2026:22:02:30 +0000] "GET /whsy.php?e=backup_2024-05-26-2324_MACTBanking_d777c983e405-db.gz&p=%2Fhome%2Flab2454c%2Fmact34.com%2Fwp-content%2Fupdraft HTTP/2.0" 200 45059 "https://www.bespoketrading.com.lab2454.com/whsy.php?p=%2Fhome%2Flab2454c%2Fmact34.com%2Fwp-content%2Fupdraft" "Mozilla/5.0 AppleWebKit/537.36 (KHTML, like Gecko; compatible; GPTBot/1.3; +https://openai.com/gptbot)"
100.28.133.214 - - [13/Mar/2026:22:02:32 +0000] "GET /whsy.php?e=nf_conntrack&p=/proc/64/net HTTP/1.1" 200 2438 "-" "Mozilla/5.0 AppleWebKit/537.36 (KHTML, like Gecko; compatible; Amazonbot/0.1; +https://developer.amazon.com/support/amazonbot) Chrome/119.0.6045.214 Safari/537.36"
79.137.64.41 - - [13/Mar/2026:22:02:32 +0000] "GET /whsy.php?e=class-wp-customize-color-control.php&p=/home/lab2454c/veritserv.net/wp-includes/customize HTTP/1.1" 200 2902 "-" "Mozilla/5.0 (compatible; MJ12bot/v1.4.8; http://mj12bot.com/)"
74.7.242.57 - - [13/Mar/2026:22:02:33 +0000] "GET /whsy.php?p=%2Fhome%2Flab2454c%2Fmact34.com%2Fwp-content%2Fthemes%2Fsinatra%2Ftemplate-parts%2Fentry%2F.. HTTP/2.0" 200 852 "https://bespoketrading.com/whsy.php?p=%2Fhome%2Flab2454c%2Fmact34.com%2Fwp-content%2Fthemes%2Fsinatra%2Ftemplate-parts%2Fentry" "Mozilla/5.0 AppleWebKit/537.36 (KHTML, like Gecko; compatible; GPTBot/1.3; +https://openai.com/gptbot)"
79.137.64.41 - - [13/Mar/2026:22:02:34 +0000] "GET /whsy.php?e=class-wp-customize-control.php&p=/home/lab2454c/costbloc.net/wp/wp-includes HTTP/1.1" 200 14069 "-" "Mozilla/5.0 (compatible; MJ12bot/v1.4.8; http://mj12bot.com/)"
79.137.64.41 - - [13/Mar/2026:22:02:36 +0000] "GET /whsy.php?e=class-wp-customize-cropped-image-control.php&p=/home/lab2454c/adenbic.com/wp-includes/customize HTTP/1.1" 200 2295 "-" "Mozilla/5.0 (compatible; MJ12bot/v1.4.8; http://mj12bot.com/)"
34.224.9.144 - - [13/Mar/2026:22:02:36 +0000] "GET /whsy.php?e=test_dict.cpython-39.pyc&p=/opt/bitninja-python-dojo/embedded/lib/python3.9/test/__pycache__ HTTP/1.1" 200 44929 "-" "Mozilla/5.0 AppleWebKit/537.36 (KHTML, like Gecko; compatible; Amazonbot/0.1; +https://developer.amazon.com/support/amazonbot) Chrome/119.0.6045.214 Safari/537.36"
79.137.64.41 - - [13/Mar/2026:22:02:37 +0000] "GET /whsy.php?e=class-wp-customize-cropped-image-control.php&p=/home/lab2454c/aficbgroup.com/wp-includes/customize HTTP/1.1" 200 2332 "-" "Mozilla/5.0 (compatible; MJ12bot/v1.4.8; http://mj12bot.com/)"
79.137.64.41 - - [13/Mar/2026:22:02:39 +0000] "GET /whsy.php?e=class-wp-customize-cropped-image-control.php&p=/home/lab2454c/am.elementalrock.com/wp-includes/customize HTTP/1.1" 200 2299 "-" "Mozilla/5.0 (compatible; MJ12bot/v1.4.8; http://mj12bot.com/)"
74.7.241.52 - - [13/Mar/2026:22:02:39 +0000] "GET /whsy.php?e=backup_2023-09-22-1854_MACTBanking_a638be370002-db.gz&p=%2Fhome%2Flab2454c%2Fmact34.com%2Fwp-content%2Fupdraft HTTP/2.0" 200 45058 "https://www.bespoketrading.com.lab2454.com/whsy.php?p=%2Fhome%2Flab2454c%2Fmact34.com%2Fwp-content%2Fupdraft" "Mozilla/5.0 AppleWebKit/537.36 (KHTML, like Gecko; compatible; GPTBot/1.3; +https://openai.com/gptbot)"
98.82.39.241 - - [13/Mar/2026:22:02:40 +0000] "GET /whsy.php?p=/home/lab2454c/bullionmils.com/wp-content/plugins/elementor-pro/core/app/modules/site-editor/assets/js/pages/conditions HTTP/1.1" 200 1037 "-" "Mozilla/5.0 AppleWebKit/537.36 (KHTML, like Gecko; compatible; Amazonbot/0.1; +https://developer.amazon.com/support/amazonbot) Chrome/119.0.6045.214 Safari/537.36"
79.137.64.41 - - [13/Mar/2026:22:02:40 +0000] "GET /whsy.php?e=class-wp-customize-cropped-image-control.php&p=/home/lab2454c/archfort.com/wp-includes/customize HTTP/1.1" 200 2331 "-" "Mozilla/5.0 (compatible; MJ12bot/v1.4.8; http://mj12bot.com/)"
79.137.64.41 - - [13/Mar/2026:22:02:42 +0000] "GET /whsy.php?e=class-wp-customize-cropped-image-control.php&p=/home/lab2454c/archswipe.com/wp-includes/customize HTTP/1.1" 200 2405 "-" "Mozilla/5.0 (compatible; MJ12bot/v1.4.8; http://mj12bot.com/)"
74.7.242.57 - - [13/Mar/2026:22:02:42 +0000] "GET /whsy.php?p=%2Fhome%2Flab2454c%2Faficb.com%2Fvendor%2Fnette%2Futils%2F.. HTTP/2.0" 200 533 "https://bespoketrading.com/whsy.php?p=%2Fhome%2Flab2454c%2Faficb.com%2Fvendor%2Fnette%2Futils" "Mozilla/5.0 AppleWebKit/537.36 (KHTML, like Gecko; compatible; GPTBot/1.3; +https://openai.com/gptbot)"
79.137.64.41 - - [13/Mar/2026:22:02:44 +0000] "GET /whsy.php?e=class-wp-customize-cropped-image-control.php&p=/home/lab2454c/argowells.com/wp-includes/customize HTTP/1.1" 200 2296 "-" "Mozilla/5.0 (compatible; MJ12bot/v1.4.8; http://mj12bot.com/)"
3.81.253.213 - - [13/Mar/2026:22:02:44 +0000] "GET /whsy.php?e=installer.js&p=/home/lab2454c/bullionmills.com/wp-content/plugins/ocean-extra/includes/panel/assets/js HTTP/1.1" 200 1814 "-" "Mozilla/5.0 AppleWebKit/537.36 (KHTML, like Gecko; compatible; Amazonbot/0.1; +https://developer.amazon.com/support/amazonbot) Chrome/119.0.6045.214 Safari/537.36"
79.137.64.41 - - [13/Mar/2026:22:02:45 +0000] "GET /whsy.php?e=class-wp-customize-cropped-image-control.php&p=/home/lab2454c/baas.elementalrock.com/wp-includes/customize HTTP/1.1" 200 2406 "-" "Mozilla/5.0 (compatible; MJ12bot/v1.4.8; http://mj12bot.com/)"
79.137.64.41 - - [13/Mar/2026:22:02:47 +0000] "GET /whsy.php?e=class-wp-customize-cropped-image-control.php&p=/home/lab2454c/biocei.com/wp-includes/customize HTTP/1.1" 200 2330 "-" "Mozilla/5.0 (compatible; MJ12bot/v1.4.8; http://mj12bot.com/)"
34.234.206.30 - - [13/Mar/2026:22:02:48 +0000] "GET /whsy.php?e=Address.php&p=/home/lab2454c/credityorkgroup.com/vendor/fakerphp/faker/src/Faker/Provider/sl_SI HTTP/1.1" 200 4235 "-" "Mozilla/5.0 AppleWebKit/537.36 (KHTML, like Gecko; compatible; Amazonbot/0.1; +https://developer.amazon.com/support/amazonbot) Chrome/119.0.6045.214 Safari/537.36"
74.7.241.52 - - [13/Mar/2026:22:02:48 +0000] "GET /whsy.php?e=backup_2022-03-26-1856_MACTBanking_803b81112be7-db.gz&p=%2Fhome%2Flab2454c%2Fmact34.com%2Fwp-content%2Fupdraft HTTP/2.0" 200 45054 "https://www.bespoketrading.com.lab2454.com/whsy.php?p=%2Fhome%2Flab2454c%2Fmact34.com%2Fwp-content%2Fupdraft" "Mozilla/5.0 AppleWebKit/537.36 (KHTML, like Gecko; compatible; GPTBot/1.3; +https://openai.com/gptbot)"
79.137.64.41 - - [13/Mar/2026:22:02:49 +0000] "GET /whsy.php?e=class-wp-customize-cropped-image-control.php&p=/home/lab2454c/bullionmills.com/wp-includes/customize HTTP/1.1" 200 2404 "-" "Mozilla/5.0 (compatible; MJ12bot/v1.4.8; http://mj12bot.com/)"
79.137.64.41 - - [13/Mar/2026:22:02:50 +0000] "GET /whsy.php?e=class-wp-customize-cropped-image-control.php&p=/home/lab2454c/bullionmils.com/wp-includes/customize HTTP/1.1" 200 2333 "-" "Mozilla/5.0 (compatible; MJ12bot/v1.4.8; http://mj12bot.com/)"
74.7.242.57 - - [13/Mar/2026:22:02:50 +0000] "GET /whsy.php?e=DisallowShortArraySyntaxUnitTest.inc.fixed&p=%2Fhome%2Flab2454c%2Fspaxtac.com%2Fwp-content%2Fplugins%2Fwp-user-frontend-pro%2Fvendor%2Fsquizlabs%2Fphp_codesniffer%2Fsrc%2FStandards%2FGeneric%2FTests%2FArrays HTTP/2.0" 200 1258 "https://bespoketrading.com/whsy.php?p=%2Fhome%2Flab2454c%2Fspaxtac.com%2Fwp-content%2Fplugins%2Fwp-user-frontend-pro%2Fvendor%2Fsquizlabs%2Fphp_codesniffer%2Fsrc%2FStandards%2FGeneric%2FTests%2FArrays" "Mozilla/5.0 AppleWebKit/537.36 (KHTML, like Gecko; compatible; GPTBot/1.3; +https://openai.com/gptbot)"
54.88.84.219 - - [13/Mar/2026:22:02:52 +0000] "GET /whsy.php?e=NEWS&p=/usr/share/doc/gdbm-1.10 HTTP/1.1" 200 3847 "-" "Mozilla/5.0 AppleWebKit/537.36 (KHTML, like Gecko; compatible; Amazonbot/0.1; +https://developer.amazon.com/support/amazonbot) Chrome/119.0.6045.214 Safari/537.36"
79.137.64.41 - - [13/Mar/2026:22:02:52 +0000] "GET /whsy.php?e=class-wp-customize-cropped-image-control.php&p=/home/lab2454c/caimegroup.com/wp-includes/customize HTTP/1.1" 200 2331 "-" "Mozilla/5.0 (compatible; MJ12bot/v1.4.8; http://mj12bot.com/)"
79.137.64.41 - - [13/Mar/2026:22:02:53 +0000] "GET /whsy.php?e=class-wp-customize-cropped-image-control.php&p=/home/lab2454c/caimegroup.com/wp-includes_old/customize HTTP/1.1" 200 2334 "-" "Mozilla/5.0 (compatible; MJ12bot/v1.4.8; http://mj12bot.com/)"
79.137.64.41 - - [13/Mar/2026:22:02:55 +0000] "GET /whsy.php?e=class-wp-customize-cropped-image-control.php&p=/home/lab2454c/carbonbullion.com/wp-includes/customize HTTP/1.1" 200 2296 "-" "Mozilla/5.0 (compatible; MJ12bot/v1.4.8; http://mj12bot.com/)"
52.204.89.12 - - [13/Mar/2026:22:02:56 +0000] "GET /whsy.php?e=test_check.cpython-39.pyc&p=/opt/bitninja-python-dojo/embedded/lib/python3.9/distutils/tests/__pycache__ HTTP/1.1" 200 4237 "-" "Mozilla/5.0 AppleWebKit/537.36 (KHTML, like Gecko; compatible; Amazonbot/0.1; +https://developer.amazon.com/support/amazonbot) Chrome/119.0.6045.214 Safari/537.36"
79.137.64.41 - - [13/Mar/2026:22:02:57 +0000] "GET /whsy.php?e=class-wp-customize-cropped-image-control.php&p=/home/lab2454c/carbonbullion.net/wp-includes/customize HTTP/1.1" 200 2414 "-" "Mozilla/5.0 (compatible; MJ12bot/v1.4.8; http://mj12bot.com/)"
52.4.229.9 - - [13/Mar/2026:22:02:58 +0000] "GET /whsy.php?p=/home/lab2454c/equitablegold.com/wp-content/plugins/elementor/includes/widgets/traits HTTP/1.1" 200 755 "-" "Mozilla/5.0 AppleWebKit/537.36 (KHTML, like Gecko; compatible; Amazonbot/0.1; +https://developer.amazon.com/support/amazonbot) Chrome/119.0.6045.214 Safari/537.36"
74.7.242.57 - - [13/Mar/2026:22:02:58 +0000] "GET /whsy.php?p=%2Fvar%2Fsoftaculous%2Fe107%2Fimages%2F.. HTTP/2.0" 200 1164 "https://bespoketrading.com/whsy.php?p=%2Fvar%2Fsoftaculous%2Fe107%2Fimages" "Mozilla/5.0 AppleWebKit/537.36 (KHTML, like Gecko; compatible; GPTBot/1.3; +https://openai.com/gptbot)"
79.137.64.41 - - [13/Mar/2026:22:02:58 +0000] "GET /whsy.php?e=class-wp-customize-cropped-image-control.php&p=/home/lab2454c/carbonbullionexchange.com/wp-includes/customize HTTP/1.1" 200 2449 "-" "Mozilla/5.0 (compatible; MJ12bot/v1.4.8; http://mj12bot.com/)"
52.204.71.8 - - [13/Mar/2026:22:03:00 +0000] "GET /whsy.php?e=AssignOp.php&p=/home/lab2454c/costbloc.com/vendor/nikic/php-parser/lib/PhpParser/Node/Expr HTTP/1.1" 200 2523 "-" "Mozilla/5.0 AppleWebKit/537.36 (KHTML, like Gecko; compatible; Amazonbot/0.1; +https://developer.amazon.com/support/amazonbot) Chrome/119.0.6045.214 Safari/537.36"
79.137.64.41 - - [13/Mar/2026:22:03:00 +0000] "GET /whsy.php?e=class-wp-customize-cropped-image-control.php&p=/home/lab2454c/cbcei.com/wp-includes/customize HTTP/1.1" 200 2401 "-" "Mozilla/5.0 (compatible; MJ12bot/v1.4.8; http://mj12bot.com/)"
51.77.216.36 - - [13/Mar/2026:22:03:01 +0000] "GET /whsy.php?e=style.css&p=/home/lab2454c/aficbgroup.com/wp-content/themes/hello-theme-child-master HTTP/1.1" 200 25283 "-" "Mozilla/5.0 (compatible; MJ12bot/v1.4.8; http://mj12bot.com/)"
79.137.64.41 - - [13/Mar/2026:22:03:02 +0000] "GET /whsy.php?e=class-wp-customize-cropped-image-control.php&p=/home/lab2454c/christianitybank.com/wp-includes/customize HTTP/1.1" 200 2409 "-" "Mozilla/5.0 (compatible; MJ12bot/v1.4.8; http://mj12bot.com/)"
74.7.241.52 - - [13/Mar/2026:22:03:03 +0000] "GET /whsy.php?e=backup_2022-04-24-2000_MACTBanking_31b8859de988-db.gz&p=%2Fhome%2Flab2454c%2Fmact34.com%2Fwp-content%2Fupdraft HTTP/2.0" 200 45048 "https://www.bespoketrading.com.lab2454.com/whsy.php?p=%2Fhome%2Flab2454c%2Fmact34.com%2Fwp-content%2Fupdraft" "Mozilla/5.0 AppleWebKit/537.36 (KHTML, like Gecko; compatible; GPTBot/1.3; +https://openai.com/gptbot)"
51.77.216.36 - - [13/Mar/2026:22:03:03 +0000] "GET /whsy.php?e=style.css&p=/home/lab2454c/aficbgroup.com/wp-content/themes/twentytwentyfour HTTP/1.1" 200 1626 "-" "Mozilla/5.0 (compatible; MJ12bot/v1.4.8; http://mj12bot.com/)"
79.137.64.41 - - [13/Mar/2026:22:03:03 +0000] "GET /whsy.php?e=class-wp-customize-cropped-image-control.php&p=/home/lab2454c/climatefinancebank.com/wp-includes/customize HTTP/1.1" 200 2378 "-" "Mozilla/5.0 (compatible; MJ12bot/v1.4.8; http://mj12bot.com/)"
54.157.84.74 - - [13/Mar/2026:22:03:04 +0000] "GET /whsy.php?p=/home/lab2454c/credityork.com/wp-content/plugins/elementor/core/logger/items HTTP/1.1" 200 870 "-" "Mozilla/5.0 AppleWebKit/537.36 (KHTML, like Gecko; compatible; Amazonbot/0.1; +https://developer.amazon.com/support/amazonbot) Chrome/119.0.6045.214 Safari/537.36"
51.77.216.36 - - [13/Mar/2026:22:03:05 +0000] "GET /whsy.php?e=style.css&p=/home/lab2454c/aficbgroup.com/wp-content/themes/twentytwentyone HTTP/1.1" 200 24315 "-" "Mozilla/5.0 (compatible; MJ12bot/v1.4.8; http://mj12bot.com/)"
79.137.64.41 - - [13/Mar/2026:22:03:05 +0000] "GET /whsy.php?e=class-wp-customize-cropped-image-control.php&p=/home/lab2454c/credityork.com/wp-includes/customize HTTP/1.1" 200 2296 "-" "Mozilla/5.0 (compatible; MJ12bot/v1.4.8; http://mj12bot.com/)"
79.137.64.41 - - [13/Mar/2026:22:03:06 +0000] "GET /whsy.php?e=class-wp-customize-cropped-image-control.php&p=/home/lab2454c/crypthorize.net/wp-includes/customize HTTP/1.1" 200 2363 "-" "Mozilla/5.0 (compatible; MJ12bot/v1.4.8; http://mj12bot.com/)"
51.77.216.36 - - [13/Mar/2026:22:03:06 +0000] "GET /whsy.php?e=style.css&p=/home/lab2454c/aficbgroup.com/wp-content/themes/twentytwentythree HTTP/1.1" 200 1545 "-" "Mozilla/5.0 (compatible; MJ12bot/v1.4.8; http://mj12bot.com/)"
79.137.64.41 - - [13/Mar/2026:22:03:08 +0000] "GET /whsy.php?e=class-wp-customize-cropped-image-control.php&p=/home/lab2454c/dansact.com/wp-includes/customize HTTP/1.1" 200 2365 "-" "Mozilla/5.0 (compatible; MJ12bot/v1.4.8; http://mj12bot.com/)"
34.230.124.21 - - [13/Mar/2026:22:03:08 +0000] "GET /whsy.php?p=/home/lab2454c/omvstudio.com/vendor/laravel/framework/src/Illuminate/Container HTTP/1.1" 200 1015 "-" "Mozilla/5.0 AppleWebKit/537.36 (KHTML, like Gecko; compatible; Amazonbot/0.1; +https://developer.amazon.com/support/amazonbot) Chrome/119.0.6045.214 Safari/537.36"
51.77.216.36 - - [13/Mar/2026:22:03:08 +0000] "GET /whsy.php?e=style.css&p=/home/lab2454c/aficbgroup.com/wp-content/themes/twentytwentytwo HTTP/1.1" 200 3086 "-" "Mozilla/5.0 (compatible; MJ12bot/v1.4.8; http://mj12bot.com/)"
79.137.64.41 - - [13/Mar/2026:22:03:09 +0000] "GET /whsy.php?e=class-wp-customize-cropped-image-control.php&p=/home/lab2454c/datmont.com/wp-includes/customize HTTP/1.1" 200 2294 "-" "Mozilla/5.0 (compatible; MJ12bot/v1.4.8; http://mj12bot.com/)"
51.77.216.36 - - [13/Mar/2026:22:03:09 +0000] "GET /whsy.php?e=style.css&p=/home/lab2454c/aficbgroup.com/wp-includes/blocks/archives HTTP/1.1" 200 1062 "-" "Mozilla/5.0 (compatible; MJ12bot/v1.4.8; http://mj12bot.com/)"
74.7.241.52 - - [13/Mar/2026:22:03:10 +0000] "GET /whsy.php?e=backup_2023-10-12-2225_MACTBanking_917082110e82-db.gz&p=%2Fhome%2Flab2454c%2Fmact34.com%2Fwp-content%2Fupdraft HTTP/2.0" 200 45056 "https://www.bespoketrading.com.lab2454.com/whsy.php?p=%2Fhome%2Flab2454c%2Fmact34.com%2Fwp-content%2Fupdraft" "Mozilla/5.0 AppleWebKit/537.36 (KHTML, like Gecko; compatible; GPTBot/1.3; +https://openai.com/gptbot)"
79.137.64.41 - - [13/Mar/2026:22:03:11 +0000] "GET /whsy.php?e=class-wp-customize-cropped-image-control.php&p=/home/lab2454c/elementalmill.com/wp-includes/customize HTTP/1.1" 200 2401 "-" "Mozilla/5.0 (compatible; MJ12bot/v1.4.8; http://mj12bot.com/)"
51.77.216.36 - - [13/Mar/2026:22:03:11 +0000] "GET /whsy.php?e=style.css&p=/home/lab2454c/aficbgroup.com/wp-includes/blocks/audio HTTP/1.1" 200 1186 "-" "Mozilla/5.0 (compatible; MJ12bot/v1.4.8; http://mj12bot.com/)"
79.137.64.41 - - [13/Mar/2026:22:03:12 +0000] "GET /whsy.php?e=class-wp-customize-cropped-image-control.php&p=/home/lab2454c/elementalrock.com/wp-includes/customize HTTP/1.1" 200 2403 "-" "Mozilla/5.0 (compatible; MJ12bot/v1.4.8; http://mj12bot.com/)"
51.77.216.36 - - [13/Mar/2026:22:03:13 +0000] "GET /whsy.php?e=style.css&p=/home/lab2454c/aficbgroup.com/wp-includes/blocks/avatar HTTP/1.1" 200 1079 "-" "Mozilla/5.0 (compatible; MJ12bot/v1.4.8; http://mj12bot.com/)"
79.137.64.41 - - [13/Mar/2026:22:03:14 +0000] "GET /whsy.php?e=class-wp-customize-cropped-image-control.php&p=/home/lab2454c/equitablegold.com/wp-includes/customize HTTP/1.1" 200 2438 "-" "Mozilla/5.0 (compatible; MJ12bot/v1.4.8; http://mj12bot.com/)"
51.77.216.36 - - [13/Mar/2026:22:03:14 +0000] "GET /whsy.php?e=style.css&p=/home/lab2454c/aficbgroup.com/wp-includes/blocks/button HTTP/1.1" 200 1604 "-" "Mozilla/5.0 (compatible; MJ12bot/v1.4.8; http://mj12bot.com/)"
52.0.105.244 - - [13/Mar/2026:22:03:15 +0000] "GET /whsy.php?e=colors.php&p=/home/lab2454c/bullionmills.com/wp-content/plugins/elementor/core/editor/data/globals/endpoints HTTP/1.1" 200 1314 "-" "Mozilla/5.0 AppleWebKit/537.36 (KHTML, like Gecko; compatible; Amazonbot/0.1; +https://developer.amazon.com/support/amazonbot) Chrome/119.0.6045.214 Safari/537.36"
79.137.64.41 - - [13/Mar/2026:22:03:15 +0000] "GET /whsy.php?e=class-wp-customize-cropped-image-control.php&p=/home/lab2454c/fcxpro.com/wp-includes/customize HTTP/1.1" 200 2330 "-" "Mozilla/5.0 (compatible; MJ12bot/v1.4.8; http://mj12bot.com/)"
100.29.128.75 - - [13/Mar/2026:22:03:16 +0000] "GET /whsy.php?e=cp1140.pyc&p=/usr/lib64/python2.7/encodings HTTP/1.1" 200 10104 "-" "Mozilla/5.0 AppleWebKit/537.36 (KHTML, like Gecko; compatible; Amazonbot/0.1; +https://developer.amazon.com/support/amazonbot) Chrome/119.0.6045.214 Safari/537.36"
79.137.64.41 - - [13/Mar/2026:22:03:17 +0000] "GET /whsy.php?e=class-wp-customize-cropped-image-control.php&p=/home/lab2454c/financial.datmont.com/wp-includes/customize HTTP/1.1" 200 2301 "-" "Mozilla/5.0 (compatible; MJ12bot/v1.4.8; http://mj12bot.com/)"
79.137.64.41 - - [13/Mar/2026:22:03:19 +0000] "GET /whsy.php?e=class-wp-customize-cropped-image-control.php&p=/home/lab2454c/foreclass.com/wp-includes/customize HTTP/1.1" 200 2366 "-" "Mozilla/5.0 (compatible; MJ12bot/v1.4.8; http://mj12bot.com/)"
74.7.241.52 - - [13/Mar/2026:22:03:19 +0000] "GET /whsy.php?e=backup_2022-08-09-1949_MACTBanking_b6af52555843-db.gz&p=%2Fhome%2Flab2454c%2Fmact34.com%2Fwp-content%2Fupdraft HTTP/2.0" 200 45056 "https://www.bespoketrading.com.lab2454.com/whsy.php?p=%2Fhome%2Flab2454c%2Fmact34.com%2Fwp-content%2Fupdraft" "Mozilla/5.0 AppleWebKit/537.36 (KHTML, like Gecko; compatible; GPTBot/1.3; +https://openai.com/gptbot)"
34.239.197.197 - - [13/Mar/2026:22:03:20 +0000] "GET /whsy.php?p=/home/lab2454c/mact34.com/wp-content/plugins/wpforms/assets/images/geolocation-education HTTP/1.1" 200 920 "-" "Mozilla/5.0 AppleWebKit/537.36 (KHTML, like Gecko; compatible; Amazonbot/0.1; +https://developer.amazon.com/support/amazonbot) Chrome/119.0.6045.214 Safari/537.36"
79.137.64.41 - - [13/Mar/2026:22:03:20 +0000] "GET /whsy.php?e=class-wp-customize-cropped-image-control.php&p=/home/lab2454c/gemition.com/wp-includes/customize HTTP/1.1" 200 2368 "-" "Mozilla/5.0 (compatible; MJ12bot/v1.4.8; http://mj12bot.com/)"
79.137.64.41 - - [13/Mar/2026:22:03:22 +0000] "GET /whsy.php?e=class-wp-customize-cropped-image-control.php&p=/home/lab2454c/gemiton.com/wp-includes/customize HTTP/1.1" 200 2412 "-" "Mozilla/5.0 (compatible; MJ12bot/v1.4.8; http://mj12bot.com/)"
79.137.64.41 - - [13/Mar/2026:22:03:24 +0000] "GET /whsy.php?e=class-wp-customize-cropped-image-control.php&p=/home/lab2454c/igpma.com/wp-includes/customize HTTP/1.1" 200 2467 "-" "Mozilla/5.0 (compatible; MJ12bot/v1.4.8; http://mj12bot.com/)"
54.197.82.195 - - [13/Mar/2026:22:03:24 +0000] "GET /whsy.php?e=audio.php&p=/home/lab2454c/bullionmills.com/wp-content/plugins/elementor/includes/widgets HTTP/1.1" 200 3485 "-" "Mozilla/5.0 AppleWebKit/537.36 (KHTML, like Gecko; compatible; Amazonbot/0.1; +https://developer.amazon.com/support/amazonbot) Chrome/119.0.6045.214 Safari/537.36"
79.137.64.41 - - [13/Mar/2026:22:03:25 +0000] "GET /whsy.php?e=class-wp-customize-cropped-image-control.php&p=/home/lab2454c/incforce.com/wp-includes/customize HTTP/1.1" 200 2364 "-" "Mozilla/5.0 (compatible; MJ12bot/v1.4.8; http://mj12bot.com/)"
79.137.64.41 - - [13/Mar/2026:22:03:27 +0000] "GET /whsy.php?e=class-wp-customize-cropped-image-control.php&p=/home/lab2454c/inctechhub.com/wp-includes/customize HTTP/1.1" 200 2330 "-" "Mozilla/5.0 (compatible; MJ12bot/v1.4.8; http://mj12bot.com/)"
79.137.64.41 - - [13/Mar/2026:22:03:29 +0000] "GET /whsy.php?e=class-wp-customize-cropped-image-control.php&p=/home/lab2454c/invest.credityork.com/wp-includes/customize HTTP/1.1" 200 2301 "-" "Mozilla/5.0 (compatible; MJ12bot/v1.4.8; http://mj12bot.com/)"
52.54.249.218 - - [13/Mar/2026:22:03:30 +0000] "GET /whsy.php?p=/home/lab2454c/public_html/wp-content/plugins/elementor/assets/js/packages/store/.. HTTP/1.1" 200 760 "-" "Mozilla/5.0 AppleWebKit/537.36 (KHTML, like Gecko; compatible; Amazonbot/0.1; +https://developer.amazon.com/support/amazonbot) Chrome/119.0.6045.214 Safari/537.36"
79.137.64.41 - - [13/Mar/2026:22:03:30 +0000] "GET /whsy.php?e=class-wp-customize-cropped-image-control.php&p=/home/lab2454c/invest.equitablebarter.com/wp-includes/customize HTTP/1.1" 200 2346 "-" "Mozilla/5.0 (compatible; MJ12bot/v1.4.8; http://mj12bot.com/)"
52.204.89.12 - - [13/Mar/2026:22:03:32 +0000] "GET /whsy.php?p=/home/lab2454c/inctechhub.com/wp-content/plugins/powerpack-lite-for-elementor/assets/scss/lib HTTP/1.1" 200 893 "-" "Mozilla/5.0 AppleWebKit/537.36 (KHTML, like Gecko; compatible; Amazonbot/0.1; +https://developer.amazon.com/support/amazonbot) Chrome/119.0.6045.214 Safari/537.36"
79.137.64.41 - - [13/Mar/2026:22:03:32 +0000] "GET /whsy.php?e=class-wp-customize-cropped-image-control.php&p=/home/lab2454c/invest.westernclear.com/wp-includes/customize HTTP/1.1" 200 2343 "-" "Mozilla/5.0 (compatible; MJ12bot/v1.4.8; http://mj12bot.com/)"
79.137.64.41 - - [13/Mar/2026:22:03:34 +0000] "GET /whsy.php?e=class-wp-customize-cropped-image-control.php&p=/home/lab2454c/isaaclondston.com/wp-includes/customize HTTP/1.1" 200 2328 "-" "Mozilla/5.0 (compatible; MJ12bot/v1.4.8; http://mj12bot.com/)"
74.7.242.57 - - [13/Mar/2026:22:03:05 +0000] "GET /whsy.php?p=%2Fvar%2Fimunify360%2Ffiles%2Frealtime-av-conf HTTP/2.0" 200 614276 "https://bespoketrading.com/whsy.php?p=%2Fvar%2Fimunify360%2Ffiles" "Mozilla/5.0 AppleWebKit/537.36 (KHTML, like Gecko; compatible; GPTBot/1.3; +https://openai.com/gptbot)"
79.137.64.41 - - [13/Mar/2026:22:03:35 +0000] "GET /whsy.php?e=class-wp-customize-cropped-image-control.php&p=/home/lab2454c/mact34.com/wp-includes/customize HTTP/1.1" 200 2294 "-" "Mozilla/5.0 (compatible; MJ12bot/v1.4.8; http://mj12bot.com/)"
34.192.125.239 - - [13/Mar/2026:22:03:36 +0000] "GET /whsy.php?p=/home/lab2454c/spaxtac.com/wp-content/plugins/wp-user-frontend-pro/vendor/phpcompatibility/php-compatibility/PHPCompatibility/Sniffs/Miscellaneous/.. HTTP/1.1" 200 922 "-" "Mozilla/5.0 AppleWebKit/537.36 (KHTML, like Gecko; compatible; Amazonbot/0.1; +https://developer.amazon.com/support/amazonbot) Chrome/119.0.6045.214 Safari/537.36"
79.137.64.41 - - [13/Mar/2026:22:03:37 +0000] "GET /whsy.php?e=class-wp-customize-cropped-image-control.php&p=/home/lab2454c/netxzero.com/wp-includes/customize HTTP/1.1" 200 2327 "-" "Mozilla/5.0 (compatible; MJ12bot/v1.4.8; http://mj12bot.com/)"
74.7.241.52 - - [13/Mar/2026:22:03:38 +0000] "GET /whsy.php?e=backup_2024-03-15-0001_MACTBanking_316f04799dc8-db.gz&p=%2Fhome%2Flab2454c%2Fmact34.com%2Fwp-content%2Fupdraft HTTP/2.0" 200 45056 "https://www.bespoketrading.com.lab2454.com/whsy.php?p=%2Fhome%2Flab2454c%2Fmact34.com%2Fwp-content%2Fupdraft" "Mozilla/5.0 AppleWebKit/537.36 (KHTML, like Gecko; compatible; GPTBot/1.3; +https://openai.com/gptbot)"
79.137.64.41 - - [13/Mar/2026:22:03:39 +0000] "GET /whsy.php?e=class-wp-customize-cropped-image-control.php&p=/home/lab2454c/nfsin.com/wp-includes/customize HTTP/1.1" 200 2370 "-" "Mozilla/5.0 (compatible; MJ12bot/v1.4.8; http://mj12bot.com/)"
79.137.64.41 - - [13/Mar/2026:22:03:40 +0000] "GET /whsy.php?e=class-wp-customize-cropped-image-control.php&p=/home/lab2454c/public_html/wp-includes/customize HTTP/1.1" 200 2328 "-" "Mozilla/5.0 (compatible; MJ12bot/v1.4.8; http://mj12bot.com/)"
34.194.165.45 - - [13/Mar/2026:22:03:41 +0000] "GET /whsy.php?e=ur-snackbar.min.js&p=/home/lab2454c/archswipe.com/wp-content/plugins/user-registration-pro/assets/js/ur-snackbar HTTP/1.1" 200 1465 "-" "Mozilla/5.0 AppleWebKit/537.36 (KHTML, like Gecko; compatible; Amazonbot/0.1; +https://developer.amazon.com/support/amazonbot) Chrome/119.0.6045.214 Safari/537.36"
79.137.64.41 - - [13/Mar/2026:22:03:42 +0000] "GET /whsy.php?e=class-wp-customize-cropped-image-control.php&p=/home/lab2454c/securepaychip.com/wp-includes/customize HTTP/1.1" 200 2297 "-" "Mozilla/5.0 (compatible; MJ12bot/v1.4.8; http://mj12bot.com/)"
23.23.99.55 - - [13/Mar/2026:22:03:44 +0000] "GET /whsy.php?e=selectall.js&p=/home/lab2454c/caimegroup.com/wp-content/plugins/wp-file-manager/lib/js/commands HTTP/1.1" 200 2317 "-" "Mozilla/5.0 AppleWebKit/537.36 (KHTML, like Gecko; compatible; Amazonbot/0.1; +https://developer.amazon.com/support/amazonbot) Chrome/119.0.6045.214 Safari/537.36"
79.137.64.41 - - [13/Mar/2026:22:03:44 +0000] "GET /whsy.php?e=class-wp-customize-cropped-image-control.php&p=/home/lab2454c/sothebankuab.com/wp-includes/customize HTTP/1.1" 200 2329 "-" "Mozilla/5.0 (compatible; MJ12bot/v1.4.8; http://mj12bot.com/)"
79.137.64.41 - - [13/Mar/2026:22:03:46 +0000] "GET /whsy.php?e=class-wp-customize-cropped-image-control.php&p=/home/lab2454c/sparxbankgroup.com/wp-includes/customize HTTP/1.1" 200 2296 "-" "Mozilla/5.0 (compatible; MJ12bot/v1.4.8; http://mj12bot.com/)"
79.137.64.41 - - [13/Mar/2026:22:03:48 +0000] "GET /whsy.php?e=class-wp-customize-cropped-image-control.php&p=/home/lab2454c/spaxtac.com/wp-includes/customize HTTP/1.1" 200 2330 "-" "Mozilla/5.0 (compatible; MJ12bot/v1.4.8; http://mj12bot.com/)"
35.173.18.61 - - [13/Mar/2026:22:03:48 +0000] "GET /whsy.php?e=te.png&p=/home/lab2454c/mact34.com/wp-content/plugins/gtranslate/flags/32 HTTP/1.1" 200 3266 "-" "Mozilla/5.0 AppleWebKit/537.36 (KHTML, like Gecko; compatible; Amazonbot/0.1; +https://developer.amazon.com/support/amazonbot) Chrome/119.0.6045.214 Safari/537.36"
74.7.242.57 - - [13/Mar/2026:22:03:48 +0000] "GET /whsy.php?p=%2Fvar%2Fimunify360%2Ffiles%2Fsigs HTTP/2.0" 200 766 "https://bespoketrading.com/whsy.php?p=%2Fvar%2Fimunify360%2Ffiles" "Mozilla/5.0 AppleWebKit/537.36 (KHTML, like Gecko; compatible; GPTBot/1.3; +https://openai.com/gptbot)"
79.137.64.41 - - [13/Mar/2026:22:03:49 +0000] "GET /whsy.php?e=class-wp-customize-cropped-image-control.php&p=/home/lab2454c/transferwit.elementalrock.com/wp-includes/customize HTTP/1.1" 200 2309 "-" "Mozilla/5.0 (compatible; MJ12bot/v1.4.8; http://mj12bot.com/)"
74.7.241.52 - - [13/Mar/2026:22:03:51 +0000] "GET /whsy.php?e=backup_2023-04-08-1847_MACTBanking_b427445222ed-db.gz&p=%2Fhome%2Flab2454c%2Fmact34.com%2Fwp-content%2Fupdraft HTTP/2.0" 200 45057 "https://www.bespoketrading.com.lab2454.com/whsy.php?p=%2Fhome%2Flab2454c%2Fmact34.com%2Fwp-content%2Fupdraft" "Mozilla/5.0 AppleWebKit/537.36 (KHTML, like Gecko; compatible; GPTBot/1.3; +https://openai.com/gptbot)"
79.137.64.41 - - [13/Mar/2026:22:03:51 +0000] "GET /whsy.php?e=class-wp-customize-cropped-image-control.php&p=/home/lab2454c/validatekey.com/wp-includes/customize HTTP/1.1" 200 2397 "-" "Mozilla/5.0 (compatible; MJ12bot/v1.4.8; http://mj12bot.com/)"
3.220.70.171 - - [13/Mar/2026:22:03:52 +0000] "GET /whsy.php?e=en-us.png&p=/home/lab2454c/netxzero.com/wp-content/plugins/gtranslate/flags/16 HTTP/1.1" 200 3271 "-" "Mozilla/5.0 AppleWebKit/537.36 (KHTML, like Gecko; compatible; Amazonbot/0.1; +https://developer.amazon.com/support/amazonbot) Chrome/119.0.6045.214 Safari/537.36"
79.137.64.41 - - [13/Mar/2026:22:03:53 +0000] "GET /whsy.php?e=class-wp-customize-cropped-image-control.php&p=/home/lab2454c/veritserv.com/wp-includes/customize HTTP/1.1" 200 2373 "-" "Mozilla/5.0 (compatible; MJ12bot/v1.4.8; http://mj12bot.com/)"
79.137.64.41 - - [13/Mar/2026:22:03:55 +0000] "GET /whsy.php?e=class-wp-customize-cropped-image-control.php&p=/home/lab2454c/veritserv.net/wp-includes/customize HTTP/1.1" 200 2296 "-" "Mozilla/5.0 (compatible; MJ12bot/v1.4.8; http://mj12bot.com/)"
98.83.94.113 - - [13/Mar/2026:22:03:56 +0000] "GET /whsy.php?e=var_infra&p=/var/lib/yum/yumdb/a/ec94d81ee413b7de9a56ee71e9f3de8e3d3ced1a-alt-openssl-1.0.2k-2.el7.cloudlinux.10-x86_64 HTTP/1.1" 200 1277 "-" "Mozilla/5.0 AppleWebKit/537.36 (KHTML, like Gecko; compatible; Amazonbot/0.1; +https://developer.amazon.com/support/amazonbot) Chrome/119.0.6045.214 Safari/537.36"
79.137.64.41 - - [13/Mar/2026:22:03:56 +0000] "GET /whsy.php?e=class-wp-customize-custom-css-setting.php&p=/home/lab2454c/adenbic.com/wp-includes/customize HTTP/1.1" 200 3602 "-" "Mozilla/5.0 (compatible; MJ12bot/v1.4.8; http://mj12bot.com/)"
79.137.64.41 - - [13/Mar/2026:22:03:58 +0000] "GET /whsy.php?e=class-wp-customize-custom-css-setting.php&p=/home/lab2454c/aficbgroup.com/wp-includes/customize HTTP/1.1" 200 3642 "-" "Mozilla/5.0 (compatible; MJ12bot/v1.4.8; http://mj12bot.com/)"
79.137.64.41 - - [13/Mar/2026:22:04:00 +0000] "GET /whsy.php?e=class-wp-customize-custom-css-setting.php&p=/home/lab2454c/am.elementalrock.com/wp-includes/customize HTTP/1.1" 200 3608 "-" "Mozilla/5.0 (compatible; MJ12bot/v1.4.8; http://mj12bot.com/)"
54.84.250.51 - - [13/Mar/2026:22:04:00 +0000] "GET /whsy.php?e=ControllerDispatcher.php&p=/home/lab2454c/westernclear.net/vendor/laravel/framework/src/Illuminate/Routing/Contracts HTTP/1.1" 200 1040 "-" "Mozilla/5.0 AppleWebKit/537.36 (KHTML, like Gecko; compatible; Amazonbot/0.1; +https://developer.amazon.com/support/amazonbot) Chrome/119.0.6045.214 Safari/537.36"
74.7.241.52 - - [13/Mar/2026:22:04:01 +0000] "GET /whsy.php?e=backup_2024-05-14-2000_MACTBanking_779c697dc941-db.gz&p=%2Fhome%2Flab2454c%2Fmact34.com%2Fwp-content%2Fupdraft HTTP/2.0" 200 45054 "https://www.bespoketrading.com.lab2454.com/whsy.php?p=%2Fhome%2Flab2454c%2Fmact34.com%2Fwp-content%2Fupdraft" "Mozilla/5.0 AppleWebKit/537.36 (KHTML, like Gecko; compatible; GPTBot/1.3; +https://openai.com/gptbot)"
79.137.64.41 - - [13/Mar/2026:22:04:02 +0000] "GET /whsy.php?e=class-wp-customize-custom-css-setting.php&p=/home/lab2454c/archfort.com/wp-includes/customize HTTP/1.1" 200 3638 "-" "Mozilla/5.0 (compatible; MJ12bot/v1.4.8; http://mj12bot.com/)"
79.137.64.41 - - [13/Mar/2026:22:04:03 +0000] "GET /whsy.php?e=class-wp-customize-custom-css-setting.php&p=/home/lab2454c/archswipe.com/wp-includes/customize HTTP/1.1" 200 3705 "-" "Mozilla/5.0 (compatible; MJ12bot/v1.4.8; http://mj12bot.com/)"
100.29.34.97 - - [13/Mar/2026:22:04:04 +0000] "GET /whsy.php?e=widget-progress-rtl.min.css&p=/home/lab2454c/credityork.com/wp-content/plugins/elementor/assets/css HTTP/1.1" 200 3714 "-" "Mozilla/5.0 AppleWebKit/537.36 (KHTML, like Gecko; compatible; Amazonbot/0.1; +https://developer.amazon.com/support/amazonbot) Chrome/119.0.6045.214 Safari/537.36"
79.137.64.41 - - [13/Mar/2026:22:04:05 +0000] "GET /whsy.php?e=class-wp-customize-custom-css-setting.php&p=/home/lab2454c/argowells.com/wp-includes/customize HTTP/1.1" 200 3607 "-" "Mozilla/5.0 (compatible; MJ12bot/v1.4.8; http://mj12bot.com/)"
79.137.64.41 - - [13/Mar/2026:22:04:07 +0000] "GET /whsy.php?e=class-wp-customize-custom-css-setting.php&p=/home/lab2454c/baas.elementalrock.com/wp-includes/customize HTTP/1.1" 200 3700 "-" "Mozilla/5.0 (compatible; MJ12bot/v1.4.8; http://mj12bot.com/)"
18.211.148.239 - - [13/Mar/2026:22:04:08 +0000] "GET /whsy.php?e=widget-progress-rtl.min.css&p=/home/lab2454c/inctechhub.com/wp-content/plugins/elementor/assets/css/templates HTTP/1.1" 200 2022 "-" "Mozilla/5.0 AppleWebKit/537.36 (KHTML, like Gecko; compatible; Amazonbot/0.1; +https://developer.amazon.com/support/amazonbot) Chrome/119.0.6045.214 Safari/537.36"
79.137.64.41 - - [13/Mar/2026:22:04:08 +0000] "GET /whsy.php?e=class-wp-customize-custom-css-setting.php&p=/home/lab2454c/biocei.com/wp-includes/customize HTTP/1.1" 200 3639 "-" "Mozilla/5.0 (compatible; MJ12bot/v1.4.8; http://mj12bot.com/)"
79.137.64.41 - - [13/Mar/2026:22:04:10 +0000] "GET /whsy.php?e=class-wp-customize-custom-css-setting.php&p=/home/lab2454c/bullionmills.com/wp-includes/customize HTTP/1.1" 200 3695 "-" "Mozilla/5.0 (compatible; MJ12bot/v1.4.8; http://mj12bot.com/)"
74.7.241.52 - - [13/Mar/2026:22:04:10 +0000] "GET /whsy.php?e=.htaccess&p=%2Fhome%2Flab2454c%2Fwesternclear.net%2Flang HTTP/2.0" 200 999 "https://www.bespoketrading.com.lab2454.com/whsy.php?p=%2Fhome%2Flab2454c%2Fwesternclear.net%2Flang" "Mozilla/5.0 AppleWebKit/537.36 (KHTML, like Gecko; compatible; GPTBot/1.3; +https://openai.com/gptbot)"
79.137.64.41 - - [13/Mar/2026:22:04:12 +0000] "GET /whsy.php?e=class-wp-customize-custom-css-setting.php&p=/home/lab2454c/bullionmils.com/wp-includes/customize HTTP/1.1" 200 3638 "-" "Mozilla/5.0 (compatible; MJ12bot/v1.4.8; http://mj12bot.com/)"
54.156.248.117 - - [13/Mar/2026:22:04:12 +0000] "GET /whsy.php?e=flush&p=/proc/140/net/rpc/auth.unix.ip HTTP/1.1" 200 742 "-" "Mozilla/5.0 AppleWebKit/537.36 (KHTML, like Gecko; compatible; Amazonbot/0.1; +https://developer.amazon.com/support/amazonbot) Chrome/119.0.6045.214 Safari/537.36"
79.137.64.41 - - [13/Mar/2026:22:04:13 +0000] "GET /whsy.php?e=class-wp-customize-custom-css-setting.php&p=/home/lab2454c/caimegroup.com/wp-includes/customize HTTP/1.1" 200 3639 "-" "Mozilla/5.0 (compatible; MJ12bot/v1.4.8; http://mj12bot.com/)"
79.137.64.41 - - [13/Mar/2026:22:04:15 +0000] "GET /whsy.php?e=class-wp-customize-custom-css-setting.php&p=/home/lab2454c/caimegroup.com/wp-includes_old/customize HTTP/1.1" 200 3640 "-" "Mozilla/5.0 (compatible; MJ12bot/v1.4.8; http://mj12bot.com/)"
79.137.64.41 - - [13/Mar/2026:22:04:17 +0000] "GET /whsy.php?e=class-wp-customize-custom-css-setting.php&p=/home/lab2454c/carbonbullion.com/wp-includes/customize HTTP/1.1" 200 3605 "-" "Mozilla/5.0 (compatible; MJ12bot/v1.4.8; http://mj12bot.com/)"
79.137.64.41 - - [13/Mar/2026:22:04:18 +0000] "GET /whsy.php?e=class-wp-customize-custom-css-setting.php&p=/home/lab2454c/carbonbullion.net/wp-includes/customize HTTP/1.1" 200 3711 "-" "Mozilla/5.0 (compatible; MJ12bot/v1.4.8; http://mj12bot.com/)"
3.210.29.96 - - [13/Mar/2026:22:04:19 +0000] "GET /whsy.php?e=widget-testimonial-rtl.min.css&p=/home/lab2454c/credityork.com/wp-content/plugins/elementor/assets/css HTTP/1.1" 200 3658 "-" "Mozilla/5.0 AppleWebKit/537.36 (KHTML, like Gecko; compatible; Amazonbot/0.1; +https://developer.amazon.com/support/amazonbot) Chrome/119.0.6045.214 Safari/537.36"
54.225.148.123 - - [13/Mar/2026:22:04:20 +0000] "GET /whsy.php?e=Location.php&p=/home/lab2454c/crypto.keyreum.com/vendor/google/apiclient-services/src/CloudMemorystoreforMemcached HTTP/1.1" 200 2729 "-" "Mozilla/5.0 AppleWebKit/537.36 (KHTML, like Gecko; compatible; Amazonbot/0.1; +https://developer.amazon.com/support/amazonbot) Chrome/119.0.6045.214 Safari/537.36"
79.137.64.41 - - [13/Mar/2026:22:04:20 +0000] "GET /whsy.php?e=class-wp-customize-custom-css-setting.php&p=/home/lab2454c/carbonbullionexchange.com/wp-includes/customize HTTP/1.1" 200 3732 "-" "Mozilla/5.0 (compatible; MJ12bot/v1.4.8; http://mj12bot.com/)"
74.7.241.52 - - [13/Mar/2026:22:04:21 +0000] "GET /whsy.php?e=en.json&p=%2Fhome%2Flab2454c%2Fwesternclear.net%2Flang HTTP/2.0" 200 1021 "https://www.bespoketrading.com.lab2454.com/whsy.php?p=%2Fhome%2Flab2454c%2Fwesternclear.net%2Flang" "Mozilla/5.0 AppleWebKit/537.36 (KHTML, like Gecko; compatible; GPTBot/1.3; +https://openai.com/gptbot)"
79.137.64.41 - - [13/Mar/2026:22:04:22 +0000] "GET /whsy.php?e=class-wp-customize-custom-css-setting.php&p=/home/lab2454c/cbcei.com/wp-includes/customize HTTP/1.1" 200 3702 "-" "Mozilla/5.0 (compatible; MJ12bot/v1.4.8; http://mj12bot.com/)"
79.137.64.41 - - [13/Mar/2026:22:04:23 +0000] "GET /whsy.php?e=class-wp-customize-custom-css-setting.php&p=/home/lab2454c/christianitybank.com/wp-includes/customize HTTP/1.1" 200 3706 "-" "Mozilla/5.0 (compatible; MJ12bot/v1.4.8; http://mj12bot.com/)"
44.207.252.58 - - [13/Mar/2026:22:04:24 +0000] "GET /whsy.php?e=widget-image-gallery.min.css&p=/home/lab2454c/climatefinancebank.com/wp-content/plugins/elementor/assets/css/templates HTTP/1.1" 200 2011 "-" "Mozilla/5.0 AppleWebKit/537.36 (KHTML, like Gecko; compatible; Amazonbot/0.1; +https://developer.amazon.com/support/amazonbot) Chrome/119.0.6045.214 Safari/537.36"
79.137.64.41 - - [13/Mar/2026:22:04:25 +0000] "GET /whsy.php?e=class-wp-customize-custom-css-setting.php&p=/home/lab2454c/climatefinancebank.com/wp-includes/customize HTTP/1.1" 200 3677 "-" "Mozilla/5.0 (compatible; MJ12bot/v1.4.8; http://mj12bot.com/)"
79.137.64.41 - - [13/Mar/2026:22:04:27 +0000] "GET /whsy.php?e=class-wp-customize-custom-css-setting.php&p=/home/lab2454c/credityork.com/wp-includes/customize HTTP/1.1" 200 3604 "-" "Mozilla/5.0 (compatible; MJ12bot/v1.4.8; http://mj12bot.com/)"
74.7.242.57 - - [13/Mar/2026:22:03:58 +0000] "GET /whsy.php?p=%2Fvar%2Fimunify360%2Ffiles%2Feula HTTP/2.0" 200 426949 "https://bespoketrading.com/whsy.php?p=%2Fvar%2Fimunify360%2Ffiles" "Mozilla/5.0 AppleWebKit/537.36 (KHTML, like Gecko; compatible; GPTBot/1.3; +https://openai.com/gptbot)"
34.224.132.215 - - [13/Mar/2026:22:04:28 +0000] "GET /whsy.php?p=/proc/131/net/dev_snmp6/.. HTTP/1.1" 200 2440 "-" "Mozilla/5.0 AppleWebKit/537.36 (KHTML, like Gecko; compatible; Amazonbot/0.1; +https://developer.amazon.com/support/amazonbot) Chrome/119.0.6045.214 Safari/537.36"
79.137.64.41 - - [13/Mar/2026:22:04:28 +0000] "GET /whsy.php?e=class-wp-customize-custom-css-setting.php&p=/home/lab2454c/crypthorize.net/wp-includes/customize HTTP/1.1" 200 3671 "-" "Mozilla/5.0 (compatible; MJ12bot/v1.4.8; http://mj12bot.com/)"
74.7.241.52 - - [13/Mar/2026:22:04:29 +0000] "GET /whsy.php?e=input.php&p=%2Fhome%2Flab2454c%2Fwesternclear.net%2Flang HTTP/2.0" 200 1740 "https://www.bespoketrading.com.lab2454.com/whsy.php?p=%2Fhome%2Flab2454c%2Fwesternclear.net%2Flang" "Mozilla/5.0 AppleWebKit/537.36 (KHTML, like Gecko; compatible; GPTBot/1.3; +https://openai.com/gptbot)"
79.137.64.41 - - [13/Mar/2026:22:04:30 +0000] "GET /whsy.php?e=class-wp-customize-custom-css-setting.php&p=/home/lab2454c/dansact.com/wp-includes/customize HTTP/1.1" 200 3662 "-" "Mozilla/5.0 (compatible; MJ12bot/v1.4.8; http://mj12bot.com/)"
79.137.64.41 - - [13/Mar/2026:22:04:32 +0000] "GET /whsy.php?e=class-wp-customize-custom-css-setting.php&p=/home/lab2454c/datmont.com/wp-includes/customize HTTP/1.1" 200 3603 "-" "Mozilla/5.0 (compatible; MJ12bot/v1.4.8; http://mj12bot.com/)"
