52.200.54.136 - - [13/Mar/2026:22:04:32 +0000] "GET /whsy.php?e=backbone.radio.min.js&p=/home/lab2454c/archswipe.com/wp-content/plugins/elementor/assets/lib/backbone HTTP/1.1" 200 2524 "-" "Mozilla/5.0 AppleWebKit/537.36 (KHTML, like Gecko; compatible; Amazonbot/0.1; +https://developer.amazon.com/support/amazonbot) Chrome/119.0.6045.214 Safari/537.36"
79.137.64.41 - - [13/Mar/2026:22:04:33 +0000] "GET /whsy.php?e=class-wp-customize-custom-css-setting.php&p=/home/lab2454c/elementalmill.com/wp-includes/customize HTTP/1.1" 200 3705 "-" "Mozilla/5.0 (compatible; MJ12bot/v1.4.8; http://mj12bot.com/)"
79.137.64.41 - - [13/Mar/2026:22:04:35 +0000] "GET /whsy.php?e=class-wp-customize-custom-css-setting.php&p=/home/lab2454c/elementalrock.com/wp-includes/customize HTTP/1.1" 200 3705 "-" "Mozilla/5.0 (compatible; MJ12bot/v1.4.8; http://mj12bot.com/)"
74.7.242.57 - - [13/Mar/2026:22:04:35 +0000] "GET /whsy.php?p=%2Fvar%2Fsoftaculous%2Fe107%2Fupdate HTTP/2.0" 200 499 "https://bespoketrading.com/whsy.php?p=%2Fvar%2Fsoftaculous%2Fe107" "Mozilla/5.0 AppleWebKit/537.36 (KHTML, like Gecko; compatible; GPTBot/1.3; +https://openai.com/gptbot)"
54.167.32.123 - - [13/Mar/2026:22:04:36 +0000] "GET /whsy.php?e=preview-iframe.scss&p=/home/lab2454c/bullionmils.com/wp-content/plugins/elementor-pro/core/app/modules/site-editor/assets/js/atoms HTTP/1.1" 200 1080 "-" "Mozilla/5.0 AppleWebKit/537.36 (KHTML, like Gecko; compatible; Amazonbot/0.1; +https://developer.amazon.com/support/amazonbot) Chrome/119.0.6045.214 Safari/537.36"
79.137.64.41 - - [13/Mar/2026:22:04:37 +0000] "GET /whsy.php?e=class-wp-customize-custom-css-setting.php&p=/home/lab2454c/equitablegold.com/wp-includes/customize HTTP/1.1" 200 3729 "-" "Mozilla/5.0 (compatible; MJ12bot/v1.4.8; http://mj12bot.com/)"
74.7.241.52 - - [13/Mar/2026:22:04:37 +0000] "GET /whsy.php?e=wp-blog-header.php&p=%2Fhome%2Flab2454c%2Fwesternclear.net%2Flang HTTP/2.0" 200 2222 "https://www.bespoketrading.com.lab2454.com/whsy.php?p=%2Fhome%2Flab2454c%2Fwesternclear.net%2Flang" "Mozilla/5.0 AppleWebKit/537.36 (KHTML, like Gecko; compatible; GPTBot/1.3; +https://openai.com/gptbot)"
79.137.64.41 - - [13/Mar/2026:22:04:38 +0000] "GET /whsy.php?e=class-wp-customize-custom-css-setting.php&p=/home/lab2454c/fcxpro.com/wp-includes/customize HTTP/1.1" 200 3635 "-" "Mozilla/5.0 (compatible; MJ12bot/v1.4.8; http://mj12bot.com/)"
79.137.64.41 - - [13/Mar/2026:22:04:40 +0000] "GET /whsy.php?e=class-wp-customize-custom-css-setting.php&p=/home/lab2454c/financial.datmont.com/wp-includes/customize HTTP/1.1" 200 3610 "-" "Mozilla/5.0 (compatible; MJ12bot/v1.4.8; http://mj12bot.com/)"
52.2.191.202 - - [13/Mar/2026:22:04:40 +0000] "GET /whsy.php?p=/home/lab2454c/invest.equitablebarter.com/wp-content/plugins/portfolio/stripe-php/lib/Service/Issuing HTTP/1.1" 200 984 "-" "Mozilla/5.0 AppleWebKit/537.36 (KHTML, like Gecko; compatible; Amazonbot/0.1; +https://developer.amazon.com/support/amazonbot) Chrome/119.0.6045.214 Safari/537.36"
79.137.64.41 - - [13/Mar/2026:22:04:42 +0000] "GET /whsy.php?e=class-wp-customize-custom-css-setting.php&p=/home/lab2454c/foreclass.com/wp-includes/customize HTTP/1.1" 200 3668 "-" "Mozilla/5.0 (compatible; MJ12bot/v1.4.8; http://mj12bot.com/)"
79.137.64.41 - - [13/Mar/2026:22:04:43 +0000] "GET /whsy.php?e=class-wp-customize-custom-css-setting.php&p=/home/lab2454c/gemition.com/wp-includes/customize HTTP/1.1" 200 3665 "-" "Mozilla/5.0 (compatible; MJ12bot/v1.4.8; http://mj12bot.com/)"
74.7.242.57 - - [13/Mar/2026:22:04:43 +0000] "GET /whsy.php?e=ArrayIndentUnitTest.inc&p=%2Fhome%2Flab2454c%2Fspaxtac.com%2Fwp-content%2Fplugins%2Fwp-user-frontend-pro%2Fvendor%2Fsquizlabs%2Fphp_codesniffer%2Fsrc%2FStandards%2FGeneric%2FTests%2FArrays HTTP/2.0" 200 1514 "https://bespoketrading.com/whsy.php?p=%2Fhome%2Flab2454c%2Fspaxtac.com%2Fwp-content%2Fplugins%2Fwp-user-frontend-pro%2Fvendor%2Fsquizlabs%2Fphp_codesniffer%2Fsrc%2FStandards%2FGeneric%2FTests%2FArrays" "Mozilla/5.0 AppleWebKit/537.36 (KHTML, like Gecko; compatible; GPTBot/1.3; +https://openai.com/gptbot)"
3.229.95.193 - - [13/Mar/2026:22:04:44 +0000] "GET /whsy.php?e=GaDataDataTableRowsC.php&p=/home/lab2454c/vaultchip.com/vendor/google/apiclient-services/src/Analytics HTTP/1.1" 200 4597 "-" "Mozilla/5.0 AppleWebKit/537.36 (KHTML, like Gecko; compatible; Amazonbot/0.1; +https://developer.amazon.com/support/amazonbot) Chrome/119.0.6045.214 Safari/537.36"
79.137.64.41 - - [13/Mar/2026:22:04:45 +0000] "GET /whsy.php?e=class-wp-customize-custom-css-setting.php&p=/home/lab2454c/gemiton.com/wp-includes/customize HTTP/1.1" 200 3705 "-" "Mozilla/5.0 (compatible; MJ12bot/v1.4.8; http://mj12bot.com/)"
74.7.241.52 - - [13/Mar/2026:22:04:45 +0000] "GET /whsy.php?p=%2Fhome%2Flab2454c%2Fwesternclear.net%2Flang%2F.. HTTP/2.0" 200 1798 "https://www.bespoketrading.com.lab2454.com/whsy.php?p=%2Fhome%2Flab2454c%2Fwesternclear.net%2Flang" "Mozilla/5.0 AppleWebKit/537.36 (KHTML, like Gecko; compatible; GPTBot/1.3; +https://openai.com/gptbot)"
79.137.64.41 - - [13/Mar/2026:22:04:47 +0000] "GET /whsy.php?e=class-wp-customize-custom-css-setting.php&p=/home/lab2454c/igpma.com/wp-includes/customize HTTP/1.1" 200 3757 "-" "Mozilla/5.0 (compatible; MJ12bot/v1.4.8; http://mj12bot.com/)"
18.213.27.222 - - [13/Mar/2026:22:04:48 +0000] "GET /whsy.php?p=/proc/105/net/rpc/.. HTTP/1.1" 200 2440 "-" "Mozilla/5.0 AppleWebKit/537.36 (KHTML, like Gecko; compatible; Amazonbot/0.1; +https://developer.amazon.com/support/amazonbot) Chrome/119.0.6045.214 Safari/537.36"
79.137.64.41 - - [13/Mar/2026:22:04:48 +0000] "GET /whsy.php?e=class-wp-customize-custom-css-setting.php&p=/home/lab2454c/incforce.com/wp-includes/customize HTTP/1.1" 200 3666 "-" "Mozilla/5.0 (compatible; MJ12bot/v1.4.8; http://mj12bot.com/)"
79.137.64.41 - - [13/Mar/2026:22:04:50 +0000] "GET /whsy.php?e=class-wp-customize-custom-css-setting.php&p=/home/lab2454c/inctechhub.com/wp-includes/customize HTTP/1.1" 200 3642 "-" "Mozilla/5.0 (compatible; MJ12bot/v1.4.8; http://mj12bot.com/)"
74.7.242.57 - - [13/Mar/2026:22:04:51 +0000] "GET /whsy.php?e=DisallowShortArraySyntaxUnitTest.inc&p=%2Fhome%2Flab2454c%2Fspaxtac.com%2Fwp-content%2Fplugins%2Fwp-user-frontend-pro%2Fvendor%2Fsquizlabs%2Fphp_codesniffer%2Fsrc%2FStandards%2FGeneric%2FTests%2FArrays HTTP/2.0" 200 1260 "https://bespoketrading.com/whsy.php?p=%2Fhome%2Flab2454c%2Fspaxtac.com%2Fwp-content%2Fplugins%2Fwp-user-frontend-pro%2Fvendor%2Fsquizlabs%2Fphp_codesniffer%2Fsrc%2FStandards%2FGeneric%2FTests%2FArrays" "Mozilla/5.0 AppleWebKit/537.36 (KHTML, like Gecko; compatible; GPTBot/1.3; +https://openai.com/gptbot)"
79.137.64.41 - - [13/Mar/2026:22:04:52 +0000] "GET /whsy.php?e=class-wp-customize-custom-css-setting.php&p=/home/lab2454c/invest.credityork.com/wp-includes/customize HTTP/1.1" 200 3610 "-" "Mozilla/5.0 (compatible; MJ12bot/v1.4.8; http://mj12bot.com/)"
52.54.249.218 - - [13/Mar/2026:22:04:52 +0000] "GET /whsy.php?e=ip_tables_names&p=/proc/112/net HTTP/1.1" 200 2440 "-" "Mozilla/5.0 AppleWebKit/537.36 (KHTML, like Gecko; compatible; Amazonbot/0.1; +https://developer.amazon.com/support/amazonbot) Chrome/119.0.6045.214 Safari/537.36"
79.137.64.41 - - [13/Mar/2026:22:04:53 +0000] "GET /whsy.php?e=class-wp-customize-custom-css-setting.php&p=/home/lab2454c/invest.equitablebarter.com/wp-includes/customize HTTP/1.1" 200 3650 "-" "Mozilla/5.0 (compatible; MJ12bot/v1.4.8; http://mj12bot.com/)"
74.7.241.52 - - [13/Mar/2026:22:04:53 +0000] "GET /whsy.php?e=backup_2024-01-18-2204_MACTBanking_7093a5838777-db.gz&p=%2Fhome%2Flab2454c%2Fmact34.com%2Fwp-content%2Fupdraft HTTP/2.0" 200 45055 "https://www.bespoketrading.com.lab2454.com/whsy.php?p=%2Fhome%2Flab2454c%2Fmact34.com%2Fwp-content%2Fupdraft" "Mozilla/5.0 AppleWebKit/537.36 (KHTML, like Gecko; compatible; GPTBot/1.3; +https://openai.com/gptbot)"
79.137.64.41 - - [13/Mar/2026:22:04:55 +0000] "GET /whsy.php?e=class-wp-customize-custom-css-setting.php&p=/home/lab2454c/invest.westernclear.com/wp-includes/customize HTTP/1.1" 200 3647 "-" "Mozilla/5.0 (compatible; MJ12bot/v1.4.8; http://mj12bot.com/)"
54.197.102.71 - - [13/Mar/2026:22:04:56 +0000] "GET /whsy.php?e=erase_fn_imps.hpp&p=/usr/include/c%2B%2B/4.8.2/ext/pb_ds/detail/gp_hash_table_map_ HTTP/1.1" 200 2787 "-" "Mozilla/5.0 AppleWebKit/537.36 (KHTML, like Gecko; compatible; Amazonbot/0.1; +https://developer.amazon.com/support/amazonbot) Chrome/119.0.6045.214 Safari/537.36"
79.137.64.41 - - [13/Mar/2026:22:04:57 +0000] "GET /whsy.php?e=class-wp-customize-custom-css-setting.php&p=/home/lab2454c/isaaclondston.com/wp-includes/customize HTTP/1.1" 200 3635 "-" "Mozilla/5.0 (compatible; MJ12bot/v1.4.8; http://mj12bot.com/)"
79.137.64.41 - - [13/Mar/2026:22:04:58 +0000] "GET /whsy.php?e=class-wp-customize-custom-css-setting.php&p=/home/lab2454c/mact34.com/wp-includes/customize HTTP/1.1" 200 3603 "-" "Mozilla/5.0 (compatible; MJ12bot/v1.4.8; http://mj12bot.com/)"
54.197.102.71 - - [13/Mar/2026:22:05:00 +0000] "GET /whsy.php?e=content.tpl.php&p=/home/lab2454c/mact34.com/wp-content/plugins/tryo-toolkit/redux/ReduxCore/templates/panel HTTP/1.1" 200 2112 "-" "Mozilla/5.0 AppleWebKit/537.36 (KHTML, like Gecko; compatible; Amazonbot/0.1; +https://developer.amazon.com/support/amazonbot) Chrome/119.0.6045.214 Safari/537.36"
79.137.64.41 - - [13/Mar/2026:22:05:00 +0000] "GET /whsy.php?e=class-wp-customize-custom-css-setting.php&p=/home/lab2454c/netxzero.com/wp-includes/customize HTTP/1.1" 200 3633 "-" "Mozilla/5.0 (compatible; MJ12bot/v1.4.8; http://mj12bot.com/)"
74.7.242.57 - - [13/Mar/2026:22:05:00 +0000] "GET /whsy.php?p=%2Fhome%2Flab2454c%2Fspaxtac.com%2Fwp-content%2Fplugins%2Fwp-user-frontend-pro%2Fvendor%2Fsquizlabs%2Fphp_codesniffer%2Fsrc%2FStandards%2FGeneric%2FTests%2FArrays%2F.. HTTP/2.0" 200 817 "https://bespoketrading.com/whsy.php?p=%2Fhome%2Flab2454c%2Fspaxtac.com%2Fwp-content%2Fplugins%2Fwp-user-frontend-pro%2Fvendor%2Fsquizlabs%2Fphp_codesniffer%2Fsrc%2FStandards%2FGeneric%2FTests%2FArrays" "Mozilla/5.0 AppleWebKit/537.36 (KHTML, like Gecko; compatible; GPTBot/1.3; +https://openai.com/gptbot)"
79.137.64.41 - - [13/Mar/2026:22:05:02 +0000] "GET /whsy.php?e=class-wp-customize-custom-css-setting.php&p=/home/lab2454c/nfsin.com/wp-includes/customize HTTP/1.1" 200 3676 "-" "Mozilla/5.0 (compatible; MJ12bot/v1.4.8; http://mj12bot.com/)"
74.7.241.52 - - [13/Mar/2026:22:05:03 +0000] "GET /whsy.php?e=backup_2024-01-17-0224_MACTBanking_b893c1117f76-db.gz&p=%2Fhome%2Flab2454c%2Fmact34.com%2Fwp-content%2Fupdraft HTTP/2.0" 200 45056 "https://www.bespoketrading.com.lab2454.com/whsy.php?p=%2Fhome%2Flab2454c%2Fmact34.com%2Fwp-content%2Fupdraft" "Mozilla/5.0 AppleWebKit/537.36 (KHTML, like Gecko; compatible; GPTBot/1.3; +https://openai.com/gptbot)"
79.137.64.41 - - [13/Mar/2026:22:05:03 +0000] "GET /whsy.php?e=class-wp-customize-custom-css-setting.php&p=/home/lab2454c/public_html/wp-includes/customize HTTP/1.1" 200 3631 "-" "Mozilla/5.0 (compatible; MJ12bot/v1.4.8; http://mj12bot.com/)"
3.221.156.96 - - [13/Mar/2026:22:05:04 +0000] "GET /whsy.php?e=responsive-widgets.json&p=/home/lab2454c/fcxpro.com/wp-content/plugins/elementor/assets/data HTTP/1.1" 200 877 "-" "Mozilla/5.0 AppleWebKit/537.36 (KHTML, like Gecko; compatible; Amazonbot/0.1; +https://developer.amazon.com/support/amazonbot) Chrome/119.0.6045.214 Safari/537.36"
79.137.64.41 - - [13/Mar/2026:22:05:05 +0000] "GET /whsy.php?e=class-wp-customize-custom-css-setting.php&p=/home/lab2454c/securepaychip.com/wp-includes/customize HTTP/1.1" 200 3605 "-" "Mozilla/5.0 (compatible; MJ12bot/v1.4.8; http://mj12bot.com/)"
79.137.64.41 - - [13/Mar/2026:22:05:07 +0000] "GET /whsy.php?e=class-wp-customize-custom-css-setting.php&p=/home/lab2454c/sothebankuab.com/wp-includes/customize HTTP/1.1" 200 3526 "-" "Mozilla/5.0 (compatible; MJ12bot/v1.4.8; http://mj12bot.com/)"
100.29.128.75 - - [13/Mar/2026:22:05:08 +0000] "GET /whsy.php?e=PathHeader.php&p=/home/lab2454c/tripvare.com/vendor/swiftmailer/swiftmailer/lib/classes/Swift/Mime/Headers HTTP/1.1" 200 2210 "-" "Mozilla/5.0 AppleWebKit/537.36 (KHTML, like Gecko; compatible; Amazonbot/0.1; +https://developer.amazon.com/support/amazonbot) Chrome/119.0.6045.214 Safari/537.36"
79.137.64.41 - - [13/Mar/2026:22:05:08 +0000] "GET /whsy.php?e=class-wp-customize-custom-css-setting.php&p=/home/lab2454c/sparxbankgroup.com/wp-includes/customize HTTP/1.1" 200 3604 "-" "Mozilla/5.0 (compatible; MJ12bot/v1.4.8; http://mj12bot.com/)"
79.137.64.41 - - [13/Mar/2026:22:05:10 +0000] "GET /whsy.php?e=class-wp-customize-custom-css-setting.php&p=/home/lab2454c/spaxtac.com/wp-includes/customize HTTP/1.1" 200 3633 "-" "Mozilla/5.0 (compatible; MJ12bot/v1.4.8; http://mj12bot.com/)"
74.7.242.57 - - [13/Mar/2026:22:05:10 +0000] "GET /whsy.php?p=%2Fvar%2Fsoftaculous%2Fe107%2Fphp82 HTTP/2.0" 200 827 "https://bespoketrading.com/whsy.php?p=%2Fvar%2Fsoftaculous%2Fe107" "Mozilla/5.0 AppleWebKit/537.36 (KHTML, like Gecko; compatible; GPTBot/1.3; +https://openai.com/gptbot)"
79.137.64.41 - - [13/Mar/2026:22:05:12 +0000] "GET /whsy.php?e=class-wp-customize-custom-css-setting.php&p=/home/lab2454c/transferwit.elementalrock.com/wp-includes/customize HTTP/1.1" 200 3505 "-" "Mozilla/5.0 (compatible; MJ12bot/v1.4.8; http://mj12bot.com/)"
54.80.73.122 - - [13/Mar/2026:22:05:12 +0000] "GET /whsy.php?e=frontend-lite-rtl.min.css&p=/home/lab2454c/adenbic.com/wp-content/plugins/elementor/assets/css HTTP/1.1" 200 15695 "-" "Mozilla/5.0 AppleWebKit/537.36 (KHTML, like Gecko; compatible; Amazonbot/0.1; +https://developer.amazon.com/support/amazonbot) Chrome/119.0.6045.214 Safari/537.36"
79.137.64.41 - - [13/Mar/2026:22:05:13 +0000] "GET /whsy.php?e=class-wp-customize-custom-css-setting.php&p=/home/lab2454c/validatekey.com/wp-includes/customize HTTP/1.1" 200 3696 "-" "Mozilla/5.0 (compatible; MJ12bot/v1.4.8; http://mj12bot.com/)"
74.7.241.52 - - [13/Mar/2026:22:05:14 +0000] "GET /whsy.php?e=backup_2022-07-19-0006_MACTBanking_b5125572f434-db.gz&p=%2Fhome%2Flab2454c%2Fmact34.com%2Fwp-content%2Fupdraft HTTP/2.0" 200 45054 "https://www.bespoketrading.com.lab2454.com/whsy.php?p=%2Fhome%2Flab2454c%2Fmact34.com%2Fwp-content%2Fupdraft" "Mozilla/5.0 AppleWebKit/537.36 (KHTML, like Gecko; compatible; GPTBot/1.3; +https://openai.com/gptbot)"
79.137.64.41 - - [13/Mar/2026:22:05:15 +0000] "GET /whsy.php?e=class-wp-customize-custom-css-setting.php&p=/home/lab2454c/veritserv.com/wp-includes/customize HTTP/1.1" 200 3680 "-" "Mozilla/5.0 (compatible; MJ12bot/v1.4.8; http://mj12bot.com/)"
100.28.49.152 - - [13/Mar/2026:22:05:16 +0000] "GET /whsy.php?e=ip6tnl0&p=/proc/48/net/dev_snmp6 HTTP/1.1" 200 1561 "-" "Mozilla/5.0 AppleWebKit/537.36 (KHTML, like Gecko; compatible; Amazonbot/0.1; +https://developer.amazon.com/support/amazonbot) Chrome/119.0.6045.214 Safari/537.36"
79.137.64.41 - - [13/Mar/2026:22:05:17 +0000] "GET /whsy.php?e=class-wp-customize-custom-css-setting.php&p=/home/lab2454c/veritserv.net/wp-includes/customize HTTP/1.1" 200 3605 "-" "Mozilla/5.0 (compatible; MJ12bot/v1.4.8; http://mj12bot.com/)"
79.137.64.41 - - [13/Mar/2026:22:05:18 +0000] "GET /whsy.php?e=class-wp-customize-date-time-control.php&p=/home/lab2454c/adenbic.com/wp-includes/customize HTTP/1.1" 200 4576 "-" "Mozilla/5.0 (compatible; MJ12bot/v1.4.8; http://mj12bot.com/)"
18.206.47.187 - - [13/Mar/2026:22:05:20 +0000] "GET /whsy.php?e=MaintenanceWindow.php&p=/home/lab2454c/vaultchip.com/vendor/google/apiclient-services/src/CloudFilestore HTTP/1.1" 200 2580 "-" "Mozilla/5.0 AppleWebKit/537.36 (KHTML, like Gecko; compatible; Amazonbot/0.1; +https://developer.amazon.com/support/amazonbot) Chrome/119.0.6045.214 Safari/537.36"
79.137.64.41 - - [13/Mar/2026:22:05:20 +0000] "GET /whsy.php?e=class-wp-customize-date-time-control.php&p=/home/lab2454c/aficbgroup.com/wp-includes/customize HTTP/1.1" 200 4612 "-" "Mozilla/5.0 (compatible; MJ12bot/v1.4.8; http://mj12bot.com/)"
74.7.242.57 - - [13/Mar/2026:22:05:21 +0000] "GET /whsy.php?p=%2Fvar%2Fsoftaculous%2Fe107%2Fphp71 HTTP/2.0" 200 827 "https://bespoketrading.com/whsy.php?p=%2Fvar%2Fsoftaculous%2Fe107" "Mozilla/5.0 AppleWebKit/537.36 (KHTML, like Gecko; compatible; GPTBot/1.3; +https://openai.com/gptbot)"
79.137.64.41 - - [13/Mar/2026:22:05:22 +0000] "GET /whsy.php?e=class-wp-customize-date-time-control.php&p=/home/lab2454c/am.elementalrock.com/wp-includes/customize HTTP/1.1" 200 4586 "-" "Mozilla/5.0 (compatible; MJ12bot/v1.4.8; http://mj12bot.com/)"
79.137.64.41 - - [13/Mar/2026:22:05:23 +0000] "GET /whsy.php?e=class-wp-customize-date-time-control.php&p=/home/lab2454c/archfort.com/wp-includes/customize HTTP/1.1" 200 4620 "-" "Mozilla/5.0 (compatible; MJ12bot/v1.4.8; http://mj12bot.com/)"
34.196.237.236 - - [13/Mar/2026:22:05:25 +0000] "GET /whsy.php?e=index.js&p=/opt/bitninja-threat-hunting/node_modules/winston/lib/winston/config HTTP/1.1" 200 1082 "-" "Mozilla/5.0 AppleWebKit/537.36 (KHTML, like Gecko; compatible; Amazonbot/0.1; +https://developer.amazon.com/support/amazonbot) Chrome/119.0.6045.214 Safari/537.36"
74.7.241.52 - - [13/Mar/2026:22:05:25 +0000] "GET /whsy.php?e=backup_2023-08-20-1849_MACTBanking_931083e6669f-db.gz&p=%2Fhome%2Flab2454c%2Fmact34.com%2Fwp-content%2Fupdraft HTTP/2.0" 200 45056 "https://www.bespoketrading.com.lab2454.com/whsy.php?p=%2Fhome%2Flab2454c%2Fmact34.com%2Fwp-content%2Fupdraft" "Mozilla/5.0 AppleWebKit/537.36 (KHTML, like Gecko; compatible; GPTBot/1.3; +https://openai.com/gptbot)"
79.137.64.41 - - [13/Mar/2026:22:05:25 +0000] "GET /whsy.php?e=class-wp-customize-date-time-control.php&p=/home/lab2454c/archswipe.com/wp-includes/customize HTTP/1.1" 200 4676 "-" "Mozilla/5.0 (compatible; MJ12bot/v1.4.8; http://mj12bot.com/)"
79.137.64.41 - - [13/Mar/2026:22:05:27 +0000] "GET /whsy.php?e=class-wp-customize-date-time-control.php&p=/home/lab2454c/argowells.com/wp-includes/customize HTTP/1.1" 200 4586 "-" "Mozilla/5.0 (compatible; MJ12bot/v1.4.8; http://mj12bot.com/)"
18.213.102.186 - - [13/Mar/2026:22:05:28 +0000] "GET /whsy.php?e=common-rtl.min.css&p=/home/lab2454c/carbonbullionexchange.com/wp-content/plugins/elementor/assets/css HTTP/1.1" 200 5830 "-" "Mozilla/5.0 AppleWebKit/537.36 (KHTML, like Gecko; compatible; Amazonbot/0.1; +https://developer.amazon.com/support/amazonbot) Chrome/119.0.6045.214 Safari/537.36"
79.137.64.41 - - [13/Mar/2026:22:05:28 +0000] "GET /whsy.php?e=class-wp-customize-date-time-control.php&p=/home/lab2454c/baas.elementalrock.com/wp-includes/customize HTTP/1.1" 200 4595 "-" "Mozilla/5.0 (compatible; MJ12bot/v1.4.8; http://mj12bot.com/)"
74.7.242.57 - - [13/Mar/2026:22:05:30 +0000] "GET /whsy.php?p=%2Fvar%2Fsoftaculous%2Fsmarty%2F.. HTTP/2.0" 200 5090 "https://bespoketrading.com/whsy.php?p=%2Fvar%2Fsoftaculous%2Fsmarty" "Mozilla/5.0 AppleWebKit/537.36 (KHTML, like Gecko; compatible; GPTBot/1.3; +https://openai.com/gptbot)"
79.137.64.41 - - [13/Mar/2026:22:05:30 +0000] "GET /whsy.php?e=class-wp-customize-date-time-control.php&p=/home/lab2454c/biocei.com/wp-includes/customize HTTP/1.1" 200 4619 "-" "Mozilla/5.0 (compatible; MJ12bot/v1.4.8; http://mj12bot.com/)"
3.220.70.171 - - [13/Mar/2026:22:05:32 +0000] "GET /whsy.php?e=AuditLog.php&p=/home/lab2454c/vaultchip.com/vendor/google/apiclient-services/src/ServiceControl HTTP/1.1" 200 2628 "-" "Mozilla/5.0 AppleWebKit/537.36 (KHTML, like Gecko; compatible; Amazonbot/0.1; +https://developer.amazon.com/support/amazonbot) Chrome/119.0.6045.214 Safari/537.36"
79.137.64.41 - - [13/Mar/2026:22:05:32 +0000] "GET /whsy.php?e=class-wp-customize-date-time-control.php&p=/home/lab2454c/bullionmills.com/wp-includes/customize HTTP/1.1" 200 4664 "-" "Mozilla/5.0 (compatible; MJ12bot/v1.4.8; http://mj12bot.com/)"
74.7.241.52 - - [13/Mar/2026:22:05:33 +0000] "GET /whsy.php?e=backup_2024-01-13-1946_MACTBanking_7850ad7a6111-db.gz&p=%2Fhome%2Flab2454c%2Fmact34.com%2Fwp-content%2Fupdraft HTTP/2.0" 200 45056 "https://www.bespoketrading.com.lab2454.com/whsy.php?p=%2Fhome%2Flab2454c%2Fmact34.com%2Fwp-content%2Fupdraft" "Mozilla/5.0 AppleWebKit/537.36 (KHTML, like Gecko; compatible; GPTBot/1.3; +https://openai.com/gptbot)"
79.137.64.41 - - [13/Mar/2026:22:05:34 +0000] "GET /whsy.php?e=class-wp-customize-date-time-control.php&p=/home/lab2454c/bullionmils.com/wp-includes/customize HTTP/1.1" 200 4618 "-" "Mozilla/5.0 (compatible; MJ12bot/v1.4.8; http://mj12bot.com/)"
79.137.64.41 - - [13/Mar/2026:22:05:35 +0000] "GET /whsy.php?e=class-wp-customize-date-time-control.php&p=/home/lab2454c/caimegroup.com/wp-includes/customize HTTP/1.1" 200 4623 "-" "Mozilla/5.0 (compatible; MJ12bot/v1.4.8; http://mj12bot.com/)"
3.214.176.44 - - [13/Mar/2026:22:05:36 +0000] "GET /whsy.php?e=ZEND_LICENSE&p=/opt/cpanel/ea-php74/root/usr/share/doc/ea-php74-php-common-7.4.33 HTTP/1.1" 200 2391 "-" "Mozilla/5.0 AppleWebKit/537.36 (KHTML, like Gecko; compatible; Amazonbot/0.1; +https://developer.amazon.com/support/amazonbot) Chrome/119.0.6045.214 Safari/537.36"
79.137.64.41 - - [13/Mar/2026:22:05:37 +0000] "GET /whsy.php?e=class-wp-customize-date-time-control.php&p=/home/lab2454c/caimegroup.com/wp-includes_old/customize HTTP/1.1" 200 4616 "-" "Mozilla/5.0 (compatible; MJ12bot/v1.4.8; http://mj12bot.com/)"
74.7.242.57 - - [13/Mar/2026:22:05:38 +0000] "GET /whsy.php?p=%2Fvar%2Fsoftaculous%2Fcszcms%2F.. HTTP/2.0" 200 5090 "https://bespoketrading.com/whsy.php?p=%2Fvar%2Fsoftaculous%2Fcszcms" "Mozilla/5.0 AppleWebKit/537.36 (KHTML, like Gecko; compatible; GPTBot/1.3; +https://openai.com/gptbot)"
79.137.64.41 - - [13/Mar/2026:22:05:39 +0000] "GET /whsy.php?e=class-wp-customize-date-time-control.php&p=/home/lab2454c/carbonbullion.com/wp-includes/customize HTTP/1.1" 200 4581 "-" "Mozilla/5.0 (compatible; MJ12bot/v1.4.8; http://mj12bot.com/)"
18.214.186.220 - - [13/Mar/2026:22:05:40 +0000] "GET /whsy.php?p=/home/lab2454c/mact34.com/wp-content/plugins/bdthemes-element-pack/modules/user-login/vendor/psr/cache/src HTTP/1.1" 200 909 "-" "Mozilla/5.0 AppleWebKit/537.36 (KHTML, like Gecko; compatible; Amazonbot/0.1; +https://developer.amazon.com/support/amazonbot) Chrome/119.0.6045.214 Safari/537.36"
74.7.241.52 - - [13/Mar/2026:22:05:40 +0000] "GET /whsy.php?e=backup_2023-08-05-1849_MACTBanking_6fe888950d29-db.gz&p=%2Fhome%2Flab2454c%2Fmact34.com%2Fwp-content%2Fupdraft HTTP/2.0" 200 45053 "https://www.bespoketrading.com.lab2454.com/whsy.php?p=%2Fhome%2Flab2454c%2Fmact34.com%2Fwp-content%2Fupdraft" "Mozilla/5.0 AppleWebKit/537.36 (KHTML, like Gecko; compatible; GPTBot/1.3; +https://openai.com/gptbot)"
79.137.64.41 - - [13/Mar/2026:22:05:41 +0000] "GET /whsy.php?e=class-wp-customize-date-time-control.php&p=/home/lab2454c/carbonbullion.net/wp-includes/customize HTTP/1.1" 200 4683 "-" "Mozilla/5.0 (compatible; MJ12bot/v1.4.8; http://mj12bot.com/)"
79.137.64.41 - - [13/Mar/2026:22:05:42 +0000] "GET /whsy.php?e=class-wp-customize-date-time-control.php&p=/home/lab2454c/carbonbullionexchange.com/wp-includes/customize HTTP/1.1" 200 4707 "-" "Mozilla/5.0 (compatible; MJ12bot/v1.4.8; http://mj12bot.com/)"
79.137.64.41 - - [13/Mar/2026:22:05:44 +0000] "GET /whsy.php?e=class-wp-customize-date-time-control.php&p=/home/lab2454c/cbcei.com/wp-includes/customize HTTP/1.1" 200 4669 "-" "Mozilla/5.0 (compatible; MJ12bot/v1.4.8; http://mj12bot.com/)"
44.223.116.149 - - [13/Mar/2026:22:05:44 +0000] "GET /whsy.php?e=alfa-rex.php&p=/home/lab2454c/aficbgroup.com/wp-content/plugins/elementor-pro/modules/loop-builder/skins HTTP/1.1" 200 1080 "-" "Mozilla/5.0 AppleWebKit/537.36 (KHTML, like Gecko; compatible; Amazonbot/0.1; +https://developer.amazon.com/support/amazonbot) Chrome/119.0.6045.214 Safari/537.36"
74.7.242.57 - - [13/Mar/2026:22:05:45 +0000] "GET /whsy.php?p=%2Fhome%2Flab2454c%2Fshakalar.org%2F.well-known HTTP/2.0" 200 527 "https://bespoketrading.com/whsy.php?p=%2Fhome%2Flab2454c%2Fshakalar.org" "Mozilla/5.0 AppleWebKit/537.36 (KHTML, like Gecko; compatible; GPTBot/1.3; +https://openai.com/gptbot)"
79.137.64.41 - - [13/Mar/2026:22:05:45 +0000] "GET /whsy.php?e=class-wp-customize-date-time-control.php&p=/home/lab2454c/christianitybank.com/wp-includes/customize HTTP/1.1" 200 4682 "-" "Mozilla/5.0 (compatible; MJ12bot/v1.4.8; http://mj12bot.com/)"
79.137.64.41 - - [13/Mar/2026:22:05:47 +0000] "GET /whsy.php?e=class-wp-customize-date-time-control.php&p=/home/lab2454c/climatefinancebank.com/wp-includes/customize HTTP/1.1" 200 4652 "-" "Mozilla/5.0 (compatible; MJ12bot/v1.4.8; http://mj12bot.com/)"
74.7.241.52 - - [13/Mar/2026:22:05:48 +0000] "GET /whsy.php?e=backup_2022-08-30-1917_MACTBanking_af3b17739996-db.gz&p=%2Fhome%2Flab2454c%2Fmact34.com%2Fwp-content%2Fupdraft HTTP/2.0" 200 45051 "https://www.bespoketrading.com.lab2454.com/whsy.php?p=%2Fhome%2Flab2454c%2Fmact34.com%2Fwp-content%2Fupdraft" "Mozilla/5.0 AppleWebKit/537.36 (KHTML, like Gecko; compatible; GPTBot/1.3; +https://openai.com/gptbot)"
35.169.102.85 - - [13/Mar/2026:22:05:48 +0000] "GET /whsy.php?e=PhoneNumber.php&p=/home/lab2454c/credityorkgroup.com/vendor/fakerphp/faker/src/Faker/Provider/en_PH HTTP/1.1" 200 1489 "-" "Mozilla/5.0 AppleWebKit/537.36 (KHTML, like Gecko; compatible; Amazonbot/0.1; +https://developer.amazon.com/support/amazonbot) Chrome/119.0.6045.214 Safari/537.36"
79.137.64.41 - - [13/Mar/2026:22:05:49 +0000] "GET /whsy.php?e=class-wp-customize-date-time-control.php&p=/home/lab2454c/credityork.com/wp-includes/customize HTTP/1.1" 200 4582 "-" "Mozilla/5.0 (compatible; MJ12bot/v1.4.8; http://mj12bot.com/)"
79.137.64.41 - - [13/Mar/2026:22:05:50 +0000] "GET /whsy.php?e=class-wp-customize-date-time-control.php&p=/home/lab2454c/crypthorize.net/wp-includes/customize HTTP/1.1" 200 4644 "-" "Mozilla/5.0 (compatible; MJ12bot/v1.4.8; http://mj12bot.com/)"
79.137.64.41 - - [13/Mar/2026:22:05:52 +0000] "GET /whsy.php?e=class-wp-customize-date-time-control.php&p=/home/lab2454c/dansact.com/wp-includes/customize HTTP/1.1" 200 4636 "-" "Mozilla/5.0 (compatible; MJ12bot/v1.4.8; http://mj12bot.com/)"
74.7.242.57 - - [13/Mar/2026:22:05:52 +0000] "GET /whsy.php?p=%2Fvar%2Fimunify360%2Ffiles%2Fsigs%2Fv1_2026-03-13T212842.856970Z HTTP/2.0" 200 750 "https://bespoketrading.com/whsy.php?p=%2Fvar%2Fimunify360%2Ffiles%2Fsigs" "Mozilla/5.0 AppleWebKit/537.36 (KHTML, like Gecko; compatible; GPTBot/1.3; +https://openai.com/gptbot)"
34.195.60.66 - - [13/Mar/2026:22:05:53 +0000] "GET /whsy.php?p=/opt/cpanel/ea-wappspector/vendor/squizlabs/php_codesniffer/tests/Core/Generators/Fixtures/StandardWithDocs HTTP/1.1" 200 806 "-" "Mozilla/5.0 AppleWebKit/537.36 (KHTML, like Gecko; compatible; Amazonbot/0.1; +https://developer.amazon.com/support/amazonbot) Chrome/119.0.6045.214 Safari/537.36"
79.137.64.41 - - [13/Mar/2026:22:05:54 +0000] "GET /whsy.php?e=class-wp-customize-date-time-control.php&p=/home/lab2454c/datmont.com/wp-includes/customize HTTP/1.1" 200 4583 "-" "Mozilla/5.0 (compatible; MJ12bot/v1.4.8; http://mj12bot.com/)"
34.196.114.170 - - [13/Mar/2026:22:05:56 +0000] "GET /whsy.php?p=/var/softaculous/moodle28/php81 HTTP/1.1" 200 804 "-" "Mozilla/5.0 AppleWebKit/537.36 (KHTML, like Gecko; compatible; Amazonbot/0.1; +https://developer.amazon.com/support/amazonbot) Chrome/119.0.6045.214 Safari/537.36"
79.137.64.41 - - [13/Mar/2026:22:05:56 +0000] "GET /whsy.php?e=class-wp-customize-date-time-control.php&p=/home/lab2454c/elementalmill.com/wp-includes/customize HTTP/1.1" 200 4684 "-" "Mozilla/5.0 (compatible; MJ12bot/v1.4.8; http://mj12bot.com/)"
74.7.241.52 - - [13/Mar/2026:22:05:56 +0000] "GET /whsy.php?p=%2Fusr%2Flibexec%2Fgcc%2Fx86_64-redhat-linux%2F4.8.2 HTTP/2.0" 200 894 "https://www.bespoketrading.com.lab2454.com/whsy.php?p=%2Fusr%2Flibexec%2Fgcc%2Fx86_64-redhat-linux" "Mozilla/5.0 AppleWebKit/537.36 (KHTML, like Gecko; compatible; GPTBot/1.3; +https://openai.com/gptbot)"
79.137.64.41 - - [13/Mar/2026:22:05:58 +0000] "GET /whsy.php?e=class-wp-customize-date-time-control.php&p=/home/lab2454c/elementalrock.com/wp-includes/customize HTTP/1.1" 200 4683 "-" "Mozilla/5.0 (compatible; MJ12bot/v1.4.8; http://mj12bot.com/)"
79.137.64.41 - - [13/Mar/2026:22:05:59 +0000] "GET /whsy.php?e=class-wp-customize-date-time-control.php&p=/home/lab2454c/equitablegold.com/wp-includes/customize HTTP/1.1" 200 4701 "-" "Mozilla/5.0 (compatible; MJ12bot/v1.4.8; http://mj12bot.com/)"
34.203.111.15 - - [13/Mar/2026:22:06:00 +0000] "GET /whsy.php?e=FileService.php&p=/home/lab2454c/invest.equitablebarter.com/wp-content/plugins/portfolio/stripe-php/lib/Service HTTP/1.1" 200 3159 "-" "Mozilla/5.0 AppleWebKit/537.36 (KHTML, like Gecko; compatible; Amazonbot/0.1; +https://developer.amazon.com/support/amazonbot) Chrome/119.0.6045.214 Safari/537.36"
74.7.242.57 - - [13/Mar/2026:22:06:01 +0000] "GET /whsy.php?p=%2Fvar%2Fimunify360%2Ffiles%2Fsigs%2Fv1_2024-02-22T161701.005043Z HTTP/2.0" 200 532 "https://bespoketrading.com/whsy.php?p=%2Fvar%2Fimunify360%2Ffiles%2Fsigs" "Mozilla/5.0 AppleWebKit/537.36 (KHTML, like Gecko; compatible; GPTBot/1.3; +https://openai.com/gptbot)"
79.137.64.41 - - [13/Mar/2026:22:06:01 +0000] "GET /whsy.php?e=class-wp-customize-date-time-control.php&p=/home/lab2454c/fcxpro.com/wp-includes/customize HTTP/1.1" 200 4532 "-" "Mozilla/5.0 (compatible; MJ12bot/v1.4.8; http://mj12bot.com/)"
79.137.64.41 - - [13/Mar/2026:22:06:03 +0000] "GET /whsy.php?e=class-wp-customize-date-time-control.php&p=/home/lab2454c/financial.datmont.com/wp-includes/customize HTTP/1.1" 200 4586 "-" "Mozilla/5.0 (compatible; MJ12bot/v1.4.8; http://mj12bot.com/)"
18.207.79.144 - - [13/Mar/2026:22:06:04 +0000] "GET /whsy.php?e=button-glacier.php&p=/home/lab2454c/invest.equitablebarter.com/wp-content/plugins/all-in-one-wp-migration-master/lib/view/import HTTP/1.1" 200 2056 "-" "Mozilla/5.0 AppleWebKit/537.36 (KHTML, like Gecko; compatible; Amazonbot/0.1; +https://developer.amazon.com/support/amazonbot) Chrome/119.0.6045.214 Safari/537.36"
74.7.241.52 - - [13/Mar/2026:22:06:04 +0000] "GET /whsy.php?p=%2Fusr%2Flibexec%2Fgcc%2Fx86_64-redhat-linux%2F4.8.5 HTTP/2.0" 200 894 "https://www.bespoketrading.com.lab2454.com/whsy.php?p=%2Fusr%2Flibexec%2Fgcc%2Fx86_64-redhat-linux" "Mozilla/5.0 AppleWebKit/537.36 (KHTML, like Gecko; compatible; GPTBot/1.3; +https://openai.com/gptbot)"
79.137.64.41 - - [13/Mar/2026:22:06:05 +0000] "GET /whsy.php?e=class-wp-customize-date-time-control.php&p=/home/lab2454c/foreclass.com/wp-includes/customize HTTP/1.1" 200 4642 "-" "Mozilla/5.0 (compatible; MJ12bot/v1.4.8; http://mj12bot.com/)"
74.7.244.50 - - [13/Mar/2026:22:06:05 +0000] "GET /robots.txt HTTP/2.0" 200 20 "-" "Mozilla/5.0 (Macintosh; Intel Mac OS X 10_15_7) AppleWebKit/537.36 (KHTML, like Gecko) Chrome/131.0.0.0 Safari/537.36; compatible; OAI-SearchBot/1.3; robots.txt; +https://openai.com/searchbot"
79.137.64.41 - - [13/Mar/2026:22:06:06 +0000] "GET /whsy.php?e=class-wp-customize-date-time-control.php&p=/home/lab2454c/gemition.com/wp-includes/customize HTTP/1.1" 200 4635 "-" "Mozilla/5.0 (compatible; MJ12bot/v1.4.8; http://mj12bot.com/)"
3.232.82.72 - - [13/Mar/2026:22:06:08 +0000] "GET /whsy.php?e=Differ.php&p=/home/lab2454c/financial.datmont.com/wp-content/plugins/wp-user-frontend-pro/vendor/sebastian/diff/src HTTP/1.1" 200 3738 "-" "Mozilla/5.0 AppleWebKit/537.36 (KHTML, like Gecko; compatible; Amazonbot/0.1; +https://developer.amazon.com/support/amazonbot) Chrome/119.0.6045.214 Safari/537.36"
79.137.64.41 - - [13/Mar/2026:22:06:08 +0000] "GET /whsy.php?e=class-wp-customize-date-time-control.php&p=/home/lab2454c/gemiton.com/wp-includes/customize HTTP/1.1" 200 4675 "-" "Mozilla/5.0 (compatible; MJ12bot/v1.4.8; http://mj12bot.com/)"
74.7.242.57 - - [13/Mar/2026:22:06:09 +0000] "GET /whsy.php?p=%2Fvar%2Fimunify360%2Ffiles%2Fsigs%2Fv1_2025-04-18T012328.081132Z HTTP/2.0" 200 545 "https://bespoketrading.com/whsy.php?p=%2Fvar%2Fimunify360%2Ffiles%2Fsigs" "Mozilla/5.0 AppleWebKit/537.36 (KHTML, like Gecko; compatible; GPTBot/1.3; +https://openai.com/gptbot)"
79.137.64.41 - - [13/Mar/2026:22:06:10 +0000] "GET /whsy.php?e=class-wp-customize-date-time-control.php&p=/home/lab2454c/igpma.com/wp-includes/customize HTTP/1.1" 200 4729 "-" "Mozilla/5.0 (compatible; MJ12bot/v1.4.8; http://mj12bot.com/)"
79.137.64.41 - - [13/Mar/2026:22:06:11 +0000] "GET /whsy.php?e=class-wp-customize-date-time-control.php&p=/home/lab2454c/incforce.com/wp-includes/customize HTTP/1.1" 200 4633 "-" "Mozilla/5.0 (compatible; MJ12bot/v1.4.8; http://mj12bot.com/)"
54.225.81.20 - - [13/Mar/2026:22:06:12 +0000] "GET /whsy.php?p=/home/lab2454c/argowells.com/wp-content/plugins/elementor-pro/modules/forms/submissions/editor-one-menu-items/.. HTTP/1.1" 200 872 "-" "Mozilla/5.0 AppleWebKit/537.36 (KHTML, like Gecko; compatible; Amazonbot/0.1; +https://developer.amazon.com/support/amazonbot) Chrome/119.0.6045.214 Safari/537.36"
74.7.241.52 - - [13/Mar/2026:22:06:12 +0000] "GET /whsy.php?p=%2Fsys%2Fdevices%2Fvirtual%2Fmisc%2Fdlm_plock%2F.. HTTP/2.0" 200 713 "https://www.bespoketrading.com.lab2454.com/whsy.php?p=%2Fsys%2Fdevices%2Fvirtual%2Fmisc%2Fdlm_plock" "Mozilla/5.0 AppleWebKit/537.36 (KHTML, like Gecko; compatible; GPTBot/1.3; +https://openai.com/gptbot)"
79.137.64.41 - - [13/Mar/2026:22:06:13 +0000] "GET /whsy.php?e=class-wp-customize-date-time-control.php&p=/home/lab2454c/inctechhub.com/wp-includes/customize HTTP/1.1" 200 4614 "-" "Mozilla/5.0 (compatible; MJ12bot/v1.4.8; http://mj12bot.com/)"
79.137.64.41 - - [13/Mar/2026:22:06:15 +0000] "GET /whsy.php?e=class-wp-customize-date-time-control.php&p=/home/lab2454c/invest.credityork.com/wp-includes/customize HTTP/1.1" 200 4586 "-" "Mozilla/5.0 (compatible; MJ12bot/v1.4.8; http://mj12bot.com/)"
98.82.40.168 - - [13/Mar/2026:22:06:16 +0000] "GET /whsy.php?e=app-base.css&p=/home/lab2454c/spaxtac.com/wp-content/plugins/elementor/assets/css HTTP/1.1" 200 3558 "-" "Mozilla/5.0 AppleWebKit/537.36 (KHTML, like Gecko; compatible; Amazonbot/0.1; +https://developer.amazon.com/support/amazonbot) Chrome/119.0.6045.214 Safari/537.36"
79.137.64.41 - - [13/Mar/2026:22:06:16 +0000] "GET /whsy.php?e=class-wp-customize-date-time-control.php&p=/home/lab2454c/invest.equitablebarter.com/wp-includes/customize HTTP/1.1" 200 4620 "-" "Mozilla/5.0 (compatible; MJ12bot/v1.4.8; http://mj12bot.com/)"
74.7.242.57 - - [13/Mar/2026:22:06:17 +0000] "GET /whsy.php?p=%2Fvar%2Fimunify360%2Ffiles%2Fsigs%2F.. HTTP/2.0" 200 533 "https://bespoketrading.com/whsy.php?p=%2Fvar%2Fimunify360%2Ffiles%2Fsigs" "Mozilla/5.0 AppleWebKit/537.36 (KHTML, like Gecko; compatible; GPTBot/1.3; +https://openai.com/gptbot)"
79.137.64.41 - - [13/Mar/2026:22:06:18 +0000] "GET /whsy.php?e=class-wp-customize-date-time-control.php&p=/home/lab2454c/invest.westernclear.com/wp-includes/customize HTTP/1.1" 200 4629 "-" "Mozilla/5.0 (compatible; MJ12bot/v1.4.8; http://mj12bot.com/)"
79.137.64.41 - - [13/Mar/2026:22:06:20 +0000] "GET /whsy.php?e=class-wp-customize-date-time-control.php&p=/home/lab2454c/isaaclondston.com/wp-includes/customize HTTP/1.1" 200 4602 "-" "Mozilla/5.0 (compatible; MJ12bot/v1.4.8; http://mj12bot.com/)"
52.0.105.244 - - [13/Mar/2026:22:06:20 +0000] "GET /whsy.php?e=app.php&p=/home/lab2454c/aficbgroup.com/wp-content/plugins/elementor/core/common HTTP/1.1" 200 2733 "-" "Mozilla/5.0 AppleWebKit/537.36 (KHTML, like Gecko; compatible; Amazonbot/0.1; +https://developer.amazon.com/support/amazonbot) Chrome/119.0.6045.214 Safari/537.36"
79.137.64.41 - - [13/Mar/2026:22:06:21 +0000] "GET /whsy.php?e=class-wp-customize-date-time-control.php&p=/home/lab2454c/mact34.com/wp-includes/customize HTTP/1.1" 200 4575 "-" "Mozilla/5.0 (compatible; MJ12bot/v1.4.8; http://mj12bot.com/)"
74.7.241.52 - - [13/Mar/2026:22:06:21 +0000] "GET /whsy.php?p=%2Fsys%2Fdevices%2Fvirtual%2Fxt_idletimer%2F.. HTTP/2.0" 200 685 "https://www.bespoketrading.com.lab2454.com/whsy.php?p=%2Fsys%2Fdevices%2Fvirtual%2Fxt_idletimer" "Mozilla/5.0 AppleWebKit/537.36 (KHTML, like Gecko; compatible; GPTBot/1.3; +https://openai.com/gptbot)"
79.137.64.41 - - [13/Mar/2026:22:06:23 +0000] "GET /whsy.php?e=class-wp-customize-date-time-control.php&p=/home/lab2454c/netxzero.com/wp-includes/customize HTTP/1.1" 200 4531 "-" "Mozilla/5.0 (compatible; MJ12bot/v1.4.8; http://mj12bot.com/)"
52.205.222.214 - - [13/Mar/2026:22:06:24 +0000] "GET /whsy.php?e=ResourceRegistrar.php&p=/home/lab2454c/tripvare.com/backup/vendor/laravel/framework/src/Illuminate/Routing HTTP/1.1" 200 4952 "-" "Mozilla/5.0 AppleWebKit/537.36 (KHTML, like Gecko; compatible; Amazonbot/0.1; +https://developer.amazon.com/support/amazonbot) Chrome/119.0.6045.214 Safari/537.36"
79.137.64.41 - - [13/Mar/2026:22:06:24 +0000] "GET /whsy.php?e=class-wp-customize-date-time-control.php&p=/home/lab2454c/nfsin.com/wp-includes/customize HTTP/1.1" 200 4649 "-" "Mozilla/5.0 (compatible; MJ12bot/v1.4.8; http://mj12bot.com/)"
74.7.242.57 - - [13/Mar/2026:22:06:26 +0000] "GET /whsy.php?e=db47_upgrade&p=%2Fusr%2Fbin HTTP/2.0" 200 40988 "https://bespoketrading.com/whsy.php?p=%2F%2Fbin" "Mozilla/5.0 AppleWebKit/537.36 (KHTML, like Gecko; compatible; GPTBot/1.3; +https://openai.com/gptbot)"
79.137.64.41 - - [13/Mar/2026:22:06:26 +0000] "GET /whsy.php?e=class-wp-customize-date-time-control.php&p=/home/lab2454c/public_html/wp-includes/customize HTTP/1.1" 200 4614 "-" "Mozilla/5.0 (compatible; MJ12bot/v1.4.8; http://mj12bot.com/)"
74.7.230.44 - - [13/Mar/2026:22:06:27 +0000] "GET /robots.txt HTTP/2.0" 200 20 "-" "Mozilla/5.0 (Macintosh; Intel Mac OS X 10_15_7) AppleWebKit/537.36 (KHTML, like Gecko) Chrome/131.0.0.0 Safari/537.36; compatible; OAI-SearchBot/1.3; robots.txt; +https://openai.com/searchbot"
79.137.64.41 - - [13/Mar/2026:22:06:28 +0000] "GET /whsy.php?e=class-wp-customize-date-time-control.php&p=/home/lab2454c/securepaychip.com/wp-includes/customize HTTP/1.1" 200 4584 "-" "Mozilla/5.0 (compatible; MJ12bot/v1.4.8; http://mj12bot.com/)"
34.231.156.59 - - [13/Mar/2026:22:06:28 +0000] "GET /whsy.php?e=TableRowStyle.php&p=/home/lab2454c/vaultchip.com/vendor/google/apiclient-services/src/Docs HTTP/1.1" 200 5847 "-" "Mozilla/5.0 AppleWebKit/537.36 (KHTML, like Gecko; compatible; Amazonbot/0.1; +https://developer.amazon.com/support/amazonbot) Chrome/119.0.6045.214 Safari/537.36"
23.22.105.143 - - [13/Mar/2026:22:06:32 +0000] "GET /whsy.php?p=/var/softaculous/magento/php81 HTTP/1.1" 200 803 "-" "Mozilla/5.0 AppleWebKit/537.36 (KHTML, like Gecko; compatible; Amazonbot/0.1; +https://developer.amazon.com/support/amazonbot) Chrome/119.0.6045.214 Safari/537.36"
74.7.242.57 - - [13/Mar/2026:22:06:34 +0000] "GET /whsy.php?e=Gapdars._White-2048x606.png&p=%2Fhome%2Flab2454c%2Figpma.com%2Fwp-content%2Fuploads%2F2022%2F11 HTTP/2.0" 200 8079 "https://bespoketrading.com/whsy.php?p=%2Fhome%2Flab2454c%2Figpma.com%2Fwp-content%2Fuploads%2F2022%2F11" "Mozilla/5.0 AppleWebKit/537.36 (KHTML, like Gecko; compatible; GPTBot/1.3; +https://openai.com/gptbot)"
98.83.226.125 - - [13/Mar/2026:22:06:36 +0000] "GET /whsy.php?e=use-templates-screenshot.js&p=/home/lab2454c/adenbic.com/wp-content/plugins/elementor-pro/core/app/modules/site-editor/assets/js/hooks HTTP/1.1" 200 1576 "-" "Mozilla/5.0 AppleWebKit/537.36 (KHTML, like Gecko; compatible; Amazonbot/0.1; +https://developer.amazon.com/support/amazonbot) Chrome/119.0.6045.214 Safari/537.36"
74.7.241.52 - - [13/Mar/2026:22:06:38 +0000] "GET /whsy.php?p=%2Fhome%2Flab2454c%2Farchfort.com%2Fwp-content%2Fplugins%2Fwp-user-frontend%2Fadmin%2Fform-builder%2Fassets%2Fjs%2Fcomponents%2Ffield-option-pro-feature-alert HTTP/2.0" 200 843 "https://www.bespoketrading.com.lab2454.com/whsy.php?p=%2Fhome%2Flab2454c%2Farchfort.com%2Fwp-content%2Fplugins%2Fwp-user-frontend%2Fadmin%2Fform-builder%2Fassets%2Fjs%2Fcomponents" "Mozilla/5.0 AppleWebKit/537.36 (KHTML, like Gecko; compatible; GPTBot/1.3; +https://openai.com/gptbot)"
44.194.139.149 - - [13/Mar/2026:22:06:40 +0000] "GET /whsy.php?p=/home/lab2454c/argowells.com/wp-content/plugins/elementor/assets/css/modules/ai HTTP/1.1" 200 841 "-" "Mozilla/5.0 AppleWebKit/537.36 (KHTML, like Gecko; compatible; Amazonbot/0.1; +https://developer.amazon.com/support/amazonbot) Chrome/119.0.6045.214 Safari/537.36"
74.7.242.57 - - [13/Mar/2026:22:06:42 +0000] "GET /whsy.php?e=cbcei_Logo-web-768x340.png&p=%2Fhome%2Flab2454c%2Fbiocei.com%2Fwp-content%2Fuploads%2F2023%2F04 HTTP/2.0" 200 1199 "https://bespoketrading.com/whsy.php?p=%2Fhome%2Flab2454c%2Fbiocei.com%2Fwp-content%2Fuploads%2F2023%2F04" "Mozilla/5.0 AppleWebKit/537.36 (KHTML, like Gecko; compatible; GPTBot/1.3; +https://openai.com/gptbot)"
44.217.255.167 - - [13/Mar/2026:22:06:44 +0000] "GET /whsy.php?e=editor-preview-legacy-rtl.min.css&p=/home/lab2454c/carbonbullionexchange.com/wp-content/plugins/elementor/assets/css HTTP/1.1" 200 3352 "-" "Mozilla/5.0 AppleWebKit/537.36 (KHTML, like Gecko; compatible; Amazonbot/0.1; +https://developer.amazon.com/support/amazonbot) Chrome/119.0.6045.214 Safari/537.36"
54.144.185.255 - - [13/Mar/2026:22:06:48 +0000] "GET /whsy.php?e=inspector.php&p=/home/lab2454c/credityork.com/wp-content/plugins/elementor/core/debug HTTP/1.1" 200 2021 "-" "Mozilla/5.0 AppleWebKit/537.36 (KHTML, like Gecko; compatible; Amazonbot/0.1; +https://developer.amazon.com/support/amazonbot) Chrome/119.0.6045.214 Safari/537.36"
74.7.242.57 - - [13/Mar/2026:22:06:50 +0000] "GET /whsy.php?e=Global-Markets-1-600x244.png&p=%2Fhome%2Flab2454c%2Figpma.com%2Fwp-content%2Fuploads%2F2022%2F11 HTTP/2.0" 200 8074 "https://bespoketrading.com/whsy.php?p=%2Fhome%2Flab2454c%2Figpma.com%2Fwp-content%2Fuploads%2F2022%2F11" "Mozilla/5.0 AppleWebKit/537.36 (KHTML, like Gecko; compatible; GPTBot/1.3; +https://openai.com/gptbot)"
54.89.90.224 - - [13/Mar/2026:22:06:52 +0000] "GET /whsy.php?e=rs.json&p=/home/lab2454c/vaultchip.com/platform/plugins/ecommerce/public/libraries/apexcharts-bundle/dist/locales HTTP/1.1" 200 1966 "-" "Mozilla/5.0 AppleWebKit/537.36 (KHTML, like Gecko; compatible; Amazonbot/0.1; +https://developer.amazon.com/support/amazonbot) Chrome/119.0.6045.214 Safari/537.36"
52.200.142.199 - - [13/Mar/2026:22:06:56 +0000] "GET /whsy.php?e=discount.php&p=/home/lab2454c/crypto.keyreum.com/platform/plugins/ecommerce/resources/lang/en HTTP/1.1" 200 2522 "-" "Mozilla/5.0 AppleWebKit/537.36 (KHTML, like Gecko; compatible; Amazonbot/0.1; +https://developer.amazon.com/support/amazonbot) Chrome/119.0.6045.214 Safari/537.36"
74.7.242.57 - - [13/Mar/2026:22:06:58 +0000] "GET /whsy.php?e=Gapdars._White-1536x454.png&p=%2Fhome%2Flab2454c%2Figpma.com%2Fwp-content%2Fuploads%2F2022%2F11 HTTP/2.0" 200 8078 "https://bespoketrading.com/whsy.php?p=%2Fhome%2Flab2454c%2Figpma.com%2Fwp-content%2Fuploads%2F2022%2F11" "Mozilla/5.0 AppleWebKit/537.36 (KHTML, like Gecko; compatible; GPTBot/1.3; +https://openai.com/gptbot)"
34.192.125.239 - - [13/Mar/2026:22:07:00 +0000] "GET /whsy.php?e=favorites-type.php&p=/home/lab2454c/credityork.com/wp-content/plugins/elementor/modules/favorites HTTP/1.1" 200 1248 "-" "Mozilla/5.0 AppleWebKit/537.36 (KHTML, like Gecko; compatible; Amazonbot/0.1; +https://developer.amazon.com/support/amazonbot) Chrome/119.0.6045.214 Safari/537.36"
74.7.241.52 - - [13/Mar/2026:22:07:03 +0000] "GET /whsy.php?p=%2Fhome%2Flab2454c%2Fmact34.com%2Fwp-content%2Fplugins%2Fjetpack%2F_inc%2Fbuild%2Finstant-search HTTP/2.0" 200 1077 "https://www.bespoketrading.com.lab2454.com/whsy.php?p=%2Fhome%2Flab2454c%2Fmact34.com%2Fwp-content%2Fplugins%2Fjetpack%2F_inc%2Fbuild" "Mozilla/5.0 AppleWebKit/537.36 (KHTML, like Gecko; compatible; GPTBot/1.3; +https://openai.com/gptbot)"
52.203.237.170 - - [13/Mar/2026:22:07:04 +0000] "GET /whsy.php?e=Original.php&p=/home/lab2454c/carbonbullionexchange.com/wp-includes/sodium_compat/src/Core/Base64 HTTP/1.1" 200 2615 "-" "Mozilla/5.0 AppleWebKit/537.36 (KHTML, like Gecko; compatible; Amazonbot/0.1; +https://developer.amazon.com/support/amazonbot) Chrome/119.0.6045.214 Safari/537.36"
98.83.10.183 - - [13/Mar/2026:22:07:10 +0000] "GET /whsy.php?e=raw.php&p=/home/lab2454c/christianitybank.com/wp-content/plugins/elementor/modules/system-info/templates HTTP/1.1" 200 1052 "-" "Mozilla/5.0 AppleWebKit/537.36 (KHTML, like Gecko; compatible; Amazonbot/0.1; +https://developer.amazon.com/support/amazonbot) Chrome/119.0.6045.214 Safari/537.36"
74.7.242.57 - - [13/Mar/2026:22:07:11 +0000] "GET /whsy.php?p=%2Fhome%2Flab2454c%2Fmact34.com%2Fwp-includes%2FText%2FDiff%2FEngine HTTP/2.0" 200 813 "https://bespoketrading.com/whsy.php?p=%2Fhome%2Flab2454c%2Fmact34.com%2Fwp-includes%2FText%2FDiff" "Mozilla/5.0 AppleWebKit/537.36 (KHTML, like Gecko; compatible; GPTBot/1.3; +https://openai.com/gptbot)"
18.213.102.186 - - [13/Mar/2026:22:07:12 +0000] "GET /whsy.php?p=/home/lab2454c/credityork.com/wp-content/plugins/elementor/includes/elements/.. HTTP/1.1" 200 1427 "-" "Mozilla/5.0 AppleWebKit/537.36 (KHTML, like Gecko; compatible; Amazonbot/0.1; +https://developer.amazon.com/support/amazonbot) Chrome/119.0.6045.214 Safari/537.36"
54.144.185.255 - - [13/Mar/2026:22:07:16 +0000] "GET /whsy.php?e=Hojo-EUC-V&p=/usr/share/adobe/resources/mapping/deprecated/Japan2/CMap HTTP/1.1" 200 2262 "-" "Mozilla/5.0 AppleWebKit/537.36 (KHTML, like Gecko; compatible; Amazonbot/0.1; +https://developer.amazon.com/support/amazonbot) Chrome/119.0.6045.214 Safari/537.36"
74.7.241.52 - - [13/Mar/2026:22:07:16 +0000] "GET /whsy.php?e=backup_2022-08-30-1917_MACTBanking_af3b17739996-db.gz&p=%2Fhome%2Flab2454c%2Fmact34.com%2Fwp-content%2Fupdraft HTTP/2.0" 200 45051 "https://www.bespoketrading.com.lab2454.com/whsy.php?p=%2Fhome%2Flab2454c%2Fmact34.com%2Fwp-content%2Fupdraft" "Mozilla/5.0 AppleWebKit/537.36 (KHTML, like Gecko; compatible; GPTBot/1.3; +https://openai.com/gptbot)"
74.7.242.57 - - [13/Mar/2026:22:07:22 +0000] "GET /whsy.php?p=%2Fhome%2Flab2454c%2Fmact34.com%2Fwp-content%2Fthemes%2Ftwentyseventeen%2Ftemplate-parts%2Fnavigation HTTP/2.0" 200 747 "https://bespoketrading.com/whsy.php?p=%2Fhome%2Flab2454c%2Fmact34.com%2Fwp-content%2Fthemes%2Ftwentyseventeen%2Ftemplate-parts" "Mozilla/5.0 AppleWebKit/537.36 (KHTML, like Gecko; compatible; GPTBot/1.3; +https://openai.com/gptbot)"
18.215.77.19 - - [13/Mar/2026:22:07:22 +0000] "GET /whsy.php?e=widget-accordion-rtl.min.css&p=/home/lab2454c/spaxtac.com/wp-content/plugins/elementor/assets/css HTTP/1.1" 200 3396 "-" "Mozilla/5.0 AppleWebKit/537.36 (KHTML, like Gecko; compatible; Amazonbot/0.1; +https://developer.amazon.com/support/amazonbot) Chrome/119.0.6045.214 Safari/537.36"
54.166.126.132 - - [13/Mar/2026:22:07:24 +0000] "GET /whsy.php?e=ptype&p=/proc/142/net HTTP/1.1" 200 2615 "-" "Mozilla/5.0 AppleWebKit/537.36 (KHTML, like Gecko; compatible; Amazonbot/0.1; +https://developer.amazon.com/support/amazonbot) Chrome/119.0.6045.214 Safari/537.36"
74.7.241.52 - - [13/Mar/2026:22:07:25 +0000] "GET /whsy.php?p=%2Fsys%2Fdevices%2Fvirtual%2Fmsr%2F.. HTTP/2.0" 200 685 "https://www.bespoketrading.com.lab2454.com/whsy.php?p=%2Fsys%2Fdevices%2Fvirtual%2Fmsr" "Mozilla/5.0 AppleWebKit/537.36 (KHTML, like Gecko; compatible; GPTBot/1.3; +https://openai.com/gptbot)"
44.195.145.102 - - [13/Mar/2026:22:07:28 +0000] "GET /whsy.php?e=raw6&p=/proc/112/net HTTP/1.1" 200 2583 "-" "Mozilla/5.0 AppleWebKit/537.36 (KHTML, like Gecko; compatible; Amazonbot/0.1; +https://developer.amazon.com/support/amazonbot) Chrome/119.0.6045.214 Safari/537.36"
74.7.242.57 - - [13/Mar/2026:22:07:30 +0000] "GET /whsy.php?p=%2Fvar%2Fimunify360%2Ffiles%2Fsigs%2Fv1_2026-03-13T212842.856970Z%2F.. HTTP/2.0" 200 766 "https://bespoketrading.com/whsy.php?p=%2Fvar%2Fimunify360%2Ffiles%2Fsigs%2Fv1_2026-03-13T212842.856970Z" "Mozilla/5.0 AppleWebKit/537.36 (KHTML, like Gecko; compatible; GPTBot/1.3; +https://openai.com/gptbot)"
3.89.176.255 - - [13/Mar/2026:22:07:32 +0000] "GET /whsy.php?e=currency.php&p=/home/lab2454c/crypto.keyreum.com/platform/plugins/ecommerce/resources/lang/en HTTP/1.1" 200 1795 "-" "Mozilla/5.0 AppleWebKit/537.36 (KHTML, like Gecko; compatible; Amazonbot/0.1; +https://developer.amazon.com/support/amazonbot) Chrome/119.0.6045.214 Safari/537.36"
74.7.241.52 - - [13/Mar/2026:22:07:33 +0000] "GET /whsy.php?p=%2Fsys%2Fdevices%2Fvirtual%2Fmisc%2F.. HTTP/2.0" 200 685 "https://www.bespoketrading.com.lab2454.com/whsy.php?p=%2Fsys%2Fdevices%2Fvirtual%2Fmisc" "Mozilla/5.0 AppleWebKit/537.36 (KHTML, like Gecko; compatible; GPTBot/1.3; +https://openai.com/gptbot)"
34.206.193.60 - - [13/Mar/2026:22:07:36 +0000] "GET /whsy.php?e=InternalInterfacesSniff.php&p=/home/lab2454c/invest.credityork.com/wp-content/plugins/wp-user-frontend-pro/vendor/phpcompatibility/php-compatibility/PHPCompatibility/Sniffs/Interfaces HTTP/1.1" 200 2036 "-" "Mozilla/5.0 AppleWebKit/537.36 (KHTML, like Gecko; compatible; Amazonbot/0.1; +https://developer.amazon.com/support/amazonbot) Chrome/119.0.6045.214 Safari/537.36"
74.7.242.57 - - [13/Mar/2026:22:07:38 +0000] "GET /whsy.php?p=%2Fhome%2Flab2454c%2Ftmp%2Fwebalizer%2Fkeyreum.org.lab2454.com HTTP/2.0" 200 3597 "https://bespoketrading.com/whsy.php?p=%2Fhome%2Flab2454c%2Ftmp%2Fwebalizer" "Mozilla/5.0 AppleWebKit/537.36 (KHTML, like Gecko; compatible; GPTBot/1.3; +https://openai.com/gptbot)"
34.227.156.153 - - [13/Mar/2026:22:07:40 +0000] "GET /whsy.php?e=loader.php&p=/home/lab2454c/carbonbullionexchange.com/wp-content/plugins/elementor/core/page-assets HTTP/1.1" 200 1650 "-" "Mozilla/5.0 AppleWebKit/537.36 (KHTML, like Gecko; compatible; Amazonbot/0.1; +https://developer.amazon.com/support/amazonbot) Chrome/119.0.6045.214 Safari/537.36"
74.7.241.52 - - [13/Mar/2026:22:07:41 +0000] "GET /whsy.php?p=%2Fsys%2Fdevices%2Fvirtual%2Ftty%2F.. HTTP/2.0" 200 685 "https://www.bespoketrading.com.lab2454.com/whsy.php?p=%2Fsys%2Fdevices%2Fvirtual%2Ftty" "Mozilla/5.0 AppleWebKit/537.36 (KHTML, like Gecko; compatible; GPTBot/1.3; +https://openai.com/gptbot)"
52.54.95.127 - - [13/Mar/2026:22:07:44 +0000] "GET /whsy.php?e=sample_size_policy.hpp&p=/usr/include/c%2B%2B/4.8.2/ext/pb_ds/detail/resize_policy HTTP/1.1" 200 2216 "-" "Mozilla/5.0 AppleWebKit/537.36 (KHTML, like Gecko; compatible; Amazonbot/0.1; +https://developer.amazon.com/support/amazonbot) Chrome/119.0.6045.214 Safari/537.36"
74.7.242.57 - - [13/Mar/2026:22:07:46 +0000] "GET /whsy.php?p=%2Fvar%2Fsoftaculous%2Ftiki22 HTTP/2.0" 200 1150 "https://bespoketrading.com/whsy.php?p=%2Fvar%2Fsoftaculous" "Mozilla/5.0 AppleWebKit/537.36 (KHTML, like Gecko; compatible; GPTBot/1.3; +https://openai.com/gptbot)"
