74.7.227.3 - - [13/Mar/2026:19:32:15 +0000] "GET /whsy.php?e=InlineHTMLUnitTest.2.inc&p=%2Fhome%2Flab2454c%2Farchfort.com%2Fwp-content%2Fplugins%2Fwp-user-frontend-pro%2Fvendor%2Fsquizlabs%2Fphp_codesniffer%2Fsrc%2FStandards%2FGeneric%2FTests%2FFiles HTTP/2.0" 200 2845 "https://www.bespoketrading.com.lab2454.com/whsy.php?p=%2Fhome%2Flab2454c%2Farchfort.com%2Fwp-content%2Fplugins%2Fwp-user-frontend-pro%2Fvendor%2Fsquizlabs%2Fphp_codesniffer%2Fsrc%2FStandards%2FGeneric%2FTests%2FFiles" "Mozilla/5.0 AppleWebKit/537.36 (KHTML, like Gecko; compatible; GPTBot/1.3; +https://openai.com/gptbot)"
52.205.222.214 - - [13/Mar/2026:19:32:16 +0000] "GET /whsy.php?e=env.js&p=/home/lab2454c/mact34.com/wp-content/plugins/elementor/assets/js/packages/env HTTP/1.1" 200 1589 "-" "Mozilla/5.0 AppleWebKit/537.36 (KHTML, like Gecko; compatible; Amazonbot/0.1; +https://developer.amazon.com/support/amazonbot) Chrome/119.0.6045.214 Safari/537.36"
91.65.123.43 - - [13/Mar/2026:19:32:16 +0000] "GET /whsy.php?e=class-wp-customize-background-image-control.php&p=/home/lab2454c/bullionmils.com/wp-includes/customize HTTP/1.1" 200 2345 "-" "Mozilla/5.0 (compatible; MJ12bot/v1.4.8; http://mj12bot.com/)"
74.7.227.164 - - [13/Mar/2026:19:32:17 +0000] "GET /whsy.php?p=%2Fhome%2Flab2454c%2Fbiocei.com%2Fwp-includes%2Fcss HTTP/2.0" 200 1831 "https://bespoketrading.com/whsy.php?p=%2Fhome%2Flab2454c%2Fbiocei.com%2Fwp-includes" "Mozilla/5.0 AppleWebKit/537.36 (KHTML, like Gecko; compatible; GPTBot/1.3; +https://openai.com/gptbot)"
91.65.123.43 - - [13/Mar/2026:19:32:18 +0000] "GET /whsy.php?e=class-wp-customize-background-image-control.php&p=/home/lab2454c/caimegroup.com/wp-includes/customize HTTP/1.1" 200 2344 "-" "Mozilla/5.0 (compatible; MJ12bot/v1.4.8; http://mj12bot.com/)"
34.205.163.103 - - [13/Mar/2026:19:32:20 +0000] "GET /whsy.php?e=unix&p=/proc/109/net HTTP/1.1" 200 4959 "-" "Mozilla/5.0 AppleWebKit/537.36 (KHTML, like Gecko; compatible; Amazonbot/0.1; +https://developer.amazon.com/support/amazonbot) Chrome/119.0.6045.214 Safari/537.36"
91.65.123.43 - - [13/Mar/2026:19:32:20 +0000] "GET /whsy.php?e=class-wp-customize-background-image-control.php&p=/home/lab2454c/caimegroup.com/wp-includes_old/customize HTTP/1.1" 200 2347 "-" "Mozilla/5.0 (compatible; MJ12bot/v1.4.8; http://mj12bot.com/)"
91.65.123.43 - - [13/Mar/2026:19:32:22 +0000] "GET /whsy.php?e=class-wp-customize-background-image-control.php&p=/home/lab2454c/carbonbullion.com/wp-includes/customize HTTP/1.1" 200 2308 "-" "Mozilla/5.0 (compatible; MJ12bot/v1.4.8; http://mj12bot.com/)"
74.7.227.3 - - [13/Mar/2026:19:32:23 +0000] "GET /whsy.php?e=InlineHTMLUnitTest.3.inc&p=%2Fhome%2Flab2454c%2Farchfort.com%2Fwp-content%2Fplugins%2Fwp-user-frontend-pro%2Fvendor%2Fsquizlabs%2Fphp_codesniffer%2Fsrc%2FStandards%2FGeneric%2FTests%2FFiles HTTP/2.0" 200 2856 "https://www.bespoketrading.com.lab2454.com/whsy.php?p=%2Fhome%2Flab2454c%2Farchfort.com%2Fwp-content%2Fplugins%2Fwp-user-frontend-pro%2Fvendor%2Fsquizlabs%2Fphp_codesniffer%2Fsrc%2FStandards%2FGeneric%2FTests%2FFiles" "Mozilla/5.0 AppleWebKit/537.36 (KHTML, like Gecko; compatible; GPTBot/1.3; +https://openai.com/gptbot)"
91.65.123.43 - - [13/Mar/2026:19:32:24 +0000] "GET /whsy.php?e=class-wp-customize-background-image-control.php&p=/home/lab2454c/carbonbullion.net/wp-includes/customize HTTP/1.1" 200 2427 "-" "Mozilla/5.0 (compatible; MJ12bot/v1.4.8; http://mj12bot.com/)"
54.147.238.89 - - [13/Mar/2026:19:32:24 +0000] "GET /whsy.php?p=/home/lab2454c/public_html/wp-content/plugins/elementor/modules/atomic-widgets/base HTTP/1.1" 200 789 "-" "Mozilla/5.0 AppleWebKit/537.36 (KHTML, like Gecko; compatible; Amazonbot/0.1; +https://developer.amazon.com/support/amazonbot) Chrome/119.0.6045.214 Safari/537.36"
74.7.227.164 - - [13/Mar/2026:19:32:25 +0000] "GET /whsy.php?p=%2Fhome%2Flab2454c%2Fmail%2Fsecurepaychip.com HTTP/2.0" 200 770 "https://bespoketrading.com/whsy.php?p=%2Fhome%2Flab2454c%2Fmail" "Mozilla/5.0 AppleWebKit/537.36 (KHTML, like Gecko; compatible; GPTBot/1.3; +https://openai.com/gptbot)"
91.65.123.43 - - [13/Mar/2026:19:32:26 +0000] "GET /whsy.php?e=class-wp-customize-background-image-control.php&p=/home/lab2454c/carbonbullionexchange.com/wp-includes/customize HTTP/1.1" 200 2461 "-" "Mozilla/5.0 (compatible; MJ12bot/v1.4.8; http://mj12bot.com/)"
3.222.190.107 - - [13/Mar/2026:19:32:28 +0000] "GET /whsy.php?e=vimtutor.1.gz&p=/usr/share/man/man1 HTTP/1.1" 200 48190 "-" "Mozilla/5.0 AppleWebKit/537.36 (KHTML, like Gecko; compatible; Amazonbot/0.1; +https://developer.amazon.com/support/amazonbot) Chrome/119.0.6045.214 Safari/537.36"
91.65.123.43 - - [13/Mar/2026:19:32:28 +0000] "GET /whsy.php?e=class-wp-customize-background-image-control.php&p=/home/lab2454c/cbcei.com/wp-includes/customize HTTP/1.1" 200 2414 "-" "Mozilla/5.0 (compatible; MJ12bot/v1.4.8; http://mj12bot.com/)"
91.65.123.43 - - [13/Mar/2026:19:32:30 +0000] "GET /whsy.php?e=class-wp-customize-background-image-control.php&p=/home/lab2454c/christianitybank.com/wp-includes/customize HTTP/1.1" 200 2424 "-" "Mozilla/5.0 (compatible; MJ12bot/v1.4.8; http://mj12bot.com/)"
74.7.227.3 - - [13/Mar/2026:19:32:32 +0000] "GET /whsy.php?e=LineLengthUnitTest.4.inc&p=%2Fhome%2Flab2454c%2Farchfort.com%2Fwp-content%2Fplugins%2Fwp-user-frontend-pro%2Fvendor%2Fsquizlabs%2Fphp_codesniffer%2Fsrc%2FStandards%2FGeneric%2FTests%2FFiles HTTP/2.0" 200 3086 "https://www.bespoketrading.com.lab2454.com/whsy.php?p=%2Fhome%2Flab2454c%2Farchfort.com%2Fwp-content%2Fplugins%2Fwp-user-frontend-pro%2Fvendor%2Fsquizlabs%2Fphp_codesniffer%2Fsrc%2FStandards%2FGeneric%2FTests%2FFiles" "Mozilla/5.0 AppleWebKit/537.36 (KHTML, like Gecko; compatible; GPTBot/1.3; +https://openai.com/gptbot)"
34.234.206.30 - - [13/Mar/2026:19:32:32 +0000] "GET /whsy.php?e=630dc81001143.jpg&p=/home/lab2454c/omvstudio.com/storage/app/public/categories HTTP/1.1" 200 1282 "-" "Mozilla/5.0 AppleWebKit/537.36 (KHTML, like Gecko; compatible; Amazonbot/0.1; +https://developer.amazon.com/support/amazonbot) Chrome/119.0.6045.214 Safari/537.36"
91.65.123.43 - - [13/Mar/2026:19:32:32 +0000] "GET /whsy.php?e=class-wp-customize-background-image-control.php&p=/home/lab2454c/climatefinancebank.com/wp-includes/customize HTTP/1.1" 200 2390 "-" "Mozilla/5.0 (compatible; MJ12bot/v1.4.8; http://mj12bot.com/)"
91.65.123.43 - - [13/Mar/2026:19:32:34 +0000] "GET /whsy.php?e=class-wp-customize-background-image-control.php&p=/home/lab2454c/credityork.com/wp-includes/customize HTTP/1.1" 200 2308 "-" "Mozilla/5.0 (compatible; MJ12bot/v1.4.8; http://mj12bot.com/)"
74.7.227.164 - - [13/Mar/2026:19:32:35 +0000] "GET /whsy.php?p=%2Fhome%2Flab2454c%2Fcbcei.com%2Fwp-includes%2Fcss%2F.. HTTP/2.0" 200 8542 "https://bespoketrading.com/whsy.php?p=%2Fhome%2Flab2454c%2Fcbcei.com%2Fwp-includes%2Fcss" "Mozilla/5.0 AppleWebKit/537.36 (KHTML, like Gecko; compatible; GPTBot/1.3; +https://openai.com/gptbot)"
74.7.230.54 - - [13/Mar/2026:19:32:35 +0000] "GET /robots.txt HTTP/2.0" 200 20 "-" "Mozilla/5.0 (Macintosh; Intel Mac OS X 10_15_7) AppleWebKit/537.36 (KHTML, like Gecko) Chrome/131.0.0.0 Safari/537.36; compatible; OAI-SearchBot/1.3; robots.txt; +https://openai.com/searchbot"
34.206.212.24 - - [13/Mar/2026:19:32:36 +0000] "GET /whsy.php?p=/home/lab2454c/credityork.com/wp-content/cache/db/remaining/80a/db7/.. HTTP/1.1" 200 563 "-" "Mozilla/5.0 AppleWebKit/537.36 (KHTML, like Gecko; compatible; Amazonbot/0.1; +https://developer.amazon.com/support/amazonbot) Chrome/119.0.6045.214 Safari/537.36"
91.65.123.43 - - [13/Mar/2026:19:32:36 +0000] "GET /whsy.php?e=class-wp-customize-background-image-control.php&p=/home/lab2454c/crypthorize.net/wp-includes/customize HTTP/1.1" 200 2377 "-" "Mozilla/5.0 (compatible; MJ12bot/v1.4.8; http://mj12bot.com/)"
91.65.123.43 - - [13/Mar/2026:19:32:38 +0000] "GET /whsy.php?e=class-wp-customize-background-image-control.php&p=/home/lab2454c/dansact.com/wp-includes/customize HTTP/1.1" 200 2379 "-" "Mozilla/5.0 (compatible; MJ12bot/v1.4.8; http://mj12bot.com/)"
91.65.123.43 - - [13/Mar/2026:19:32:40 +0000] "GET /whsy.php?e=class-wp-customize-background-image-control.php&p=/home/lab2454c/datmont.com/wp-includes/customize HTTP/1.1" 200 2307 "-" "Mozilla/5.0 (compatible; MJ12bot/v1.4.8; http://mj12bot.com/)"
35.171.117.160 - - [13/Mar/2026:19:32:40 +0000] "GET /whsy.php?e=zh-CN.png&p=/home/lab2454c/veritserv.net/wp-content/plugins/gtranslate/flags/48 HTTP/1.1" 200 3271 "-" "Mozilla/5.0 AppleWebKit/537.36 (KHTML, like Gecko; compatible; Amazonbot/0.1; +https://developer.amazon.com/support/amazonbot) Chrome/119.0.6045.214 Safari/537.36"
91.65.123.43 - - [13/Mar/2026:19:32:41 +0000] "GET /whsy.php?e=class-wp-customize-background-image-control.php&p=/home/lab2454c/elementalmill.com/wp-includes/customize HTTP/1.1" 200 2414 "-" "Mozilla/5.0 (compatible; MJ12bot/v1.4.8; http://mj12bot.com/)"
74.7.227.3 - - [13/Mar/2026:19:32:43 +0000] "GET /whsy.php?e=LineLengthUnitTest.3.inc&p=%2Fhome%2Flab2454c%2Farchfort.com%2Fwp-content%2Fplugins%2Fwp-user-frontend-pro%2Fvendor%2Fsquizlabs%2Fphp_codesniffer%2Fsrc%2FStandards%2FGeneric%2FTests%2FFiles HTTP/2.0" 200 3014 "https://www.bespoketrading.com.lab2454.com/whsy.php?p=%2Fhome%2Flab2454c%2Farchfort.com%2Fwp-content%2Fplugins%2Fwp-user-frontend-pro%2Fvendor%2Fsquizlabs%2Fphp_codesniffer%2Fsrc%2FStandards%2FGeneric%2FTests%2FFiles" "Mozilla/5.0 AppleWebKit/537.36 (KHTML, like Gecko; compatible; GPTBot/1.3; +https://openai.com/gptbot)"
91.65.123.43 - - [13/Mar/2026:19:32:43 +0000] "GET /whsy.php?e=class-wp-customize-background-image-control.php&p=/home/lab2454c/elementalrock.com/wp-includes/customize HTTP/1.1" 200 2419 "-" "Mozilla/5.0 (compatible; MJ12bot/v1.4.8; http://mj12bot.com/)"
35.168.238.50 - - [13/Mar/2026:19:32:44 +0000] "GET /whsy.php?e=GoogleSearchIdeahubV1betaIdea.php&p=/home/lab2454c/crypto.keyreum.com/vendor/google/apiclient-services/src/Ideahub HTTP/1.1" 200 1945 "-" "Mozilla/5.0 AppleWebKit/537.36 (KHTML, like Gecko; compatible; Amazonbot/0.1; +https://developer.amazon.com/support/amazonbot) Chrome/119.0.6045.214 Safari/537.36"
91.65.123.43 - - [13/Mar/2026:19:32:45 +0000] "GET /whsy.php?e=class-wp-customize-background-image-control.php&p=/home/lab2454c/equitablegold.com/wp-includes/customize HTTP/1.1" 200 2452 "-" "Mozilla/5.0 (compatible; MJ12bot/v1.4.8; http://mj12bot.com/)"
74.7.227.164 - - [13/Mar/2026:19:32:46 +0000] "GET /whsy.php?p=%2Fvar%2Fsoftaculous%2Fhotaru%2Fphp81 HTTP/2.0" 200 737 "https://bespoketrading.com/whsy.php?p=%2Fvar%2Fsoftaculous%2Fhotaru" "Mozilla/5.0 AppleWebKit/537.36 (KHTML, like Gecko; compatible; GPTBot/1.3; +https://openai.com/gptbot)"
91.65.123.43 - - [13/Mar/2026:19:32:47 +0000] "GET /whsy.php?e=class-wp-customize-background-image-control.php&p=/home/lab2454c/fcxpro.com/wp-includes/customize HTTP/1.1" 200 2327 "-" "Mozilla/5.0 (compatible; MJ12bot/v1.4.8; http://mj12bot.com/)"
54.197.178.107 - - [13/Mar/2026:19:32:48 +0000] "GET /whsy.php?p=/home/lab2454c/public_html/wp-content/plugins/wp-file-manager/lib/codemirror/mode/powershell/.. HTTP/1.1" 200 1902 "-" "Mozilla/5.0 AppleWebKit/537.36 (KHTML, like Gecko; compatible; Amazonbot/0.1; +https://developer.amazon.com/support/amazonbot) Chrome/119.0.6045.214 Safari/537.36"
91.65.123.43 - - [13/Mar/2026:19:32:49 +0000] "GET /whsy.php?e=class-wp-customize-background-image-control.php&p=/home/lab2454c/financial.datmont.com/wp-includes/customize HTTP/1.1" 200 2314 "-" "Mozilla/5.0 (compatible; MJ12bot/v1.4.8; http://mj12bot.com/)"
91.65.123.43 - - [13/Mar/2026:19:32:51 +0000] "GET /whsy.php?e=class-wp-customize-background-image-control.php&p=/home/lab2454c/foreclass.com/wp-includes/customize HTTP/1.1" 200 2380 "-" "Mozilla/5.0 (compatible; MJ12bot/v1.4.8; http://mj12bot.com/)"
3.223.181.32 - - [13/Mar/2026:19:32:52 +0000] "GET /whsy.php?p=/home/lab2454c/carbonbullion.com/wp-content/plugins/elementor-pro/core/app/assets/.. HTTP/1.1" 200 757 "-" "Mozilla/5.0 AppleWebKit/537.36 (KHTML, like Gecko; compatible; Amazonbot/0.1; +https://developer.amazon.com/support/amazonbot) Chrome/119.0.6045.214 Safari/537.36"
91.65.123.43 - - [13/Mar/2026:19:32:52 +0000] "GET /whsy.php?e=class-wp-customize-background-image-control.php&p=/home/lab2454c/gemition.com/wp-includes/customize HTTP/1.1" 200 2381 "-" "Mozilla/5.0 (compatible; MJ12bot/v1.4.8; http://mj12bot.com/)"
91.65.123.43 - - [13/Mar/2026:19:32:54 +0000] "GET /whsy.php?e=class-wp-customize-background-image-control.php&p=/home/lab2454c/gemiton.com/wp-includes/customize HTTP/1.1" 200 2425 "-" "Mozilla/5.0 (compatible; MJ12bot/v1.4.8; http://mj12bot.com/)"
74.7.227.3 - - [13/Mar/2026:19:32:55 +0000] "GET /whsy.php?e=LineLengthUnitTest.1.inc&p=%2Fhome%2Flab2454c%2Farchfort.com%2Fwp-content%2Fplugins%2Fwp-user-frontend-pro%2Fvendor%2Fsquizlabs%2Fphp_codesniffer%2Fsrc%2FStandards%2FGeneric%2FTests%2FFiles HTTP/2.0" 200 3677 "https://www.bespoketrading.com.lab2454.com/whsy.php?p=%2Fhome%2Flab2454c%2Farchfort.com%2Fwp-content%2Fplugins%2Fwp-user-frontend-pro%2Fvendor%2Fsquizlabs%2Fphp_codesniffer%2Fsrc%2FStandards%2FGeneric%2FTests%2FFiles" "Mozilla/5.0 AppleWebKit/537.36 (KHTML, like Gecko; compatible; GPTBot/1.3; +https://openai.com/gptbot)"
52.45.194.165 - - [13/Mar/2026:19:32:56 +0000] "GET /whsy.php?p=/home/lab2454c/mact34.com/wp-content/plugins/wpforms-lite/includes/admin/importers/.. HTTP/1.1" 200 1143 "-" "Mozilla/5.0 AppleWebKit/537.36 (KHTML, like Gecko; compatible; Amazonbot/0.1; +https://developer.amazon.com/support/amazonbot) Chrome/119.0.6045.214 Safari/537.36"
91.65.123.43 - - [13/Mar/2026:19:32:56 +0000] "GET /whsy.php?e=class-wp-customize-background-image-control.php&p=/home/lab2454c/igpma.com/wp-includes/customize HTTP/1.1" 200 2482 "-" "Mozilla/5.0 (compatible; MJ12bot/v1.4.8; http://mj12bot.com/)"
74.7.227.164 - - [13/Mar/2026:19:32:57 +0000] "GET /whsy.php?p=%2Fhome%2Flab2454c%2Fmail%2Fnetxzero.com%2Finfo%2F.Drafts%2Ftmp%2F.. HTTP/2.0" 200 770 "https://bespoketrading.com/whsy.php?p=%2Fhome%2Flab2454c%2Fmail%2Fnetxzero.com%2Finfo%2F.Drafts%2Ftmp" "Mozilla/5.0 AppleWebKit/537.36 (KHTML, like Gecko; compatible; GPTBot/1.3; +https://openai.com/gptbot)"
91.65.123.43 - - [13/Mar/2026:19:32:58 +0000] "GET /whsy.php?e=class-wp-customize-background-image-control.php&p=/home/lab2454c/incforce.com/wp-includes/customize HTTP/1.1" 200 2380 "-" "Mozilla/5.0 (compatible; MJ12bot/v1.4.8; http://mj12bot.com/)"
91.65.123.43 - - [13/Mar/2026:19:33:00 +0000] "GET /whsy.php?e=class-wp-customize-background-image-control.php&p=/home/lab2454c/inctechhub.com/wp-includes/customize HTTP/1.1" 200 2343 "-" "Mozilla/5.0 (compatible; MJ12bot/v1.4.8; http://mj12bot.com/)"
91.65.123.43 - - [13/Mar/2026:19:33:02 +0000] "GET /whsy.php?e=class-wp-customize-background-image-control.php&p=/home/lab2454c/invest.credityork.com/wp-includes/customize HTTP/1.1" 200 2313 "-" "Mozilla/5.0 (compatible; MJ12bot/v1.4.8; http://mj12bot.com/)"
91.65.123.43 - - [13/Mar/2026:19:33:04 +0000] "GET /whsy.php?e=class-wp-customize-background-image-control.php&p=/home/lab2454c/invest.equitablebarter.com/wp-includes/customize HTTP/1.1" 200 2354 "-" "Mozilla/5.0 (compatible; MJ12bot/v1.4.8; http://mj12bot.com/)"
74.7.227.3 - - [13/Mar/2026:19:33:04 +0000] "GET /whsy.php?e=InlineHTMLUnitTest.4.inc&p=%2Fhome%2Flab2454c%2Farchfort.com%2Fwp-content%2Fplugins%2Fwp-user-frontend-pro%2Fvendor%2Fsquizlabs%2Fphp_codesniffer%2Fsrc%2FStandards%2FGeneric%2FTests%2FFiles HTTP/2.0" 200 2860 "https://www.bespoketrading.com.lab2454.com/whsy.php?p=%2Fhome%2Flab2454c%2Farchfort.com%2Fwp-content%2Fplugins%2Fwp-user-frontend-pro%2Fvendor%2Fsquizlabs%2Fphp_codesniffer%2Fsrc%2FStandards%2FGeneric%2FTests%2FFiles" "Mozilla/5.0 AppleWebKit/537.36 (KHTML, like Gecko; compatible; GPTBot/1.3; +https://openai.com/gptbot)"
34.204.150.196 - - [13/Mar/2026:19:33:04 +0000] "GET /whsy.php?e=lo.svg&p=/home/lab2454c/spaxtac.com/wp-content/plugins/gtranslate/flags/svg HTTP/1.1" 200 3570 "-" "Mozilla/5.0 AppleWebKit/537.36 (KHTML, like Gecko; compatible; Amazonbot/0.1; +https://developer.amazon.com/support/amazonbot) Chrome/119.0.6045.214 Safari/537.36"
34.234.197.175 - - [13/Mar/2026:19:33:04 +0000] "GET /whsy.php?e=base-plugin.php&p=/home/lab2454c/fcxpro.com/wp-content/plugins/elementor/modules/system-info/reporters HTTP/1.1" 200 1798 "-" "Mozilla/5.0 AppleWebKit/537.36 (KHTML, like Gecko; compatible; Amazonbot/0.1; +https://developer.amazon.com/support/amazonbot) Chrome/119.0.6045.214 Safari/537.36"
91.65.123.43 - - [13/Mar/2026:19:33:06 +0000] "GET /whsy.php?e=class-wp-customize-background-image-control.php&p=/home/lab2454c/invest.westernclear.com/wp-includes/customize HTTP/1.1" 200 2351 "-" "Mozilla/5.0 (compatible; MJ12bot/v1.4.8; http://mj12bot.com/)"
74.7.227.164 - - [13/Mar/2026:19:33:06 +0000] "GET /whsy.php?p=%2Fhome%2Flab2454c%2Fmact34.com%2Fwp-includes%2Fjs%2Fdist%2Fdevelopment%2F.. HTTP/2.0" 200 4163 "https://bespoketrading.com/whsy.php?p=%2Fhome%2Flab2454c%2Fmact34.com%2Fwp-includes%2Fjs%2Fdist%2Fdevelopment" "Mozilla/5.0 AppleWebKit/537.36 (KHTML, like Gecko; compatible; GPTBot/1.3; +https://openai.com/gptbot)"
91.65.123.43 - - [13/Mar/2026:19:33:07 +0000] "GET /whsy.php?e=class-wp-customize-background-image-control.php&p=/home/lab2454c/isaaclondston.com/wp-includes/customize HTTP/1.1" 200 2342 "-" "Mozilla/5.0 (compatible; MJ12bot/v1.4.8; http://mj12bot.com/)"
23.21.148.226 - - [13/Mar/2026:19:33:08 +0000] "GET /whsy.php?e=Company.php&p=/home/lab2454c/healthvalidate.com/vendor/fakerphp/faker/src/Faker/Provider/it_CH HTTP/1.1" 200 1135 "-" "Mozilla/5.0 AppleWebKit/537.36 (KHTML, like Gecko; compatible; Amazonbot/0.1; +https://developer.amazon.com/support/amazonbot) Chrome/119.0.6045.214 Safari/537.36"
91.65.123.43 - - [13/Mar/2026:19:33:10 +0000] "GET /whsy.php?e=class-wp-customize-background-image-control.php&p=/home/lab2454c/mact34.com/wp-includes/customize HTTP/1.1" 200 2308 "-" "Mozilla/5.0 (compatible; MJ12bot/v1.4.8; http://mj12bot.com/)"
91.65.123.43 - - [13/Mar/2026:19:33:11 +0000] "GET /whsy.php?e=class-wp-customize-background-image-control.php&p=/home/lab2454c/netxzero.com/wp-includes/customize HTTP/1.1" 200 2323 "-" "Mozilla/5.0 (compatible; MJ12bot/v1.4.8; http://mj12bot.com/)"
52.205.141.124 - - [13/Mar/2026:19:33:12 +0000] "GET /whsy.php?p=/opt/alt/python38/lib/python3.8/site-packages/pkg_resources/tests HTTP/1.1" 200 556 "-" "Mozilla/5.0 AppleWebKit/537.36 (KHTML, like Gecko; compatible; Amazonbot/0.1; +https://developer.amazon.com/support/amazonbot) Chrome/119.0.6045.214 Safari/537.36"
74.7.227.3 - - [13/Mar/2026:19:33:12 +0000] "GET /whsy.php?e=InlineHTMLUnitTest.6.inc&p=%2Fhome%2Flab2454c%2Farchfort.com%2Fwp-content%2Fplugins%2Fwp-user-frontend-pro%2Fvendor%2Fsquizlabs%2Fphp_codesniffer%2Fsrc%2FStandards%2FGeneric%2FTests%2FFiles HTTP/2.0" 200 2842 "https://www.bespoketrading.com.lab2454.com/whsy.php?p=%2Fhome%2Flab2454c%2Farchfort.com%2Fwp-content%2Fplugins%2Fwp-user-frontend-pro%2Fvendor%2Fsquizlabs%2Fphp_codesniffer%2Fsrc%2FStandards%2FGeneric%2FTests%2FFiles" "Mozilla/5.0 AppleWebKit/537.36 (KHTML, like Gecko; compatible; GPTBot/1.3; +https://openai.com/gptbot)"
91.65.123.43 - - [13/Mar/2026:19:33:13 +0000] "GET /whsy.php?e=class-wp-customize-background-image-control.php&p=/home/lab2454c/nfsin.com/wp-includes/customize HTTP/1.1" 200 2383 "-" "Mozilla/5.0 (compatible; MJ12bot/v1.4.8; http://mj12bot.com/)"
74.7.227.164 - - [13/Mar/2026:19:33:14 +0000] "GET /whsy.php?p=%2Fvar%2Fsoftaculous%2Fwacart%2Fphp82 HTTP/2.0" 200 797 "https://bespoketrading.com/whsy.php?p=%2Fvar%2Fsoftaculous%2Fwacart" "Mozilla/5.0 AppleWebKit/537.36 (KHTML, like Gecko; compatible; GPTBot/1.3; +https://openai.com/gptbot)"
91.65.123.43 - - [13/Mar/2026:19:33:15 +0000] "GET /whsy.php?e=class-wp-customize-background-image-control.php&p=/home/lab2454c/public_html/wp-includes/customize HTTP/1.1" 200 2342 "-" "Mozilla/5.0 (compatible; MJ12bot/v1.4.8; http://mj12bot.com/)"
35.174.141.243 - - [13/Mar/2026:19:33:16 +0000] "GET /whsy.php?e=ArgumentOutOfRangeError.js&p=/usr/local/lib/node_modules/ghost-cli/node_modules/rxjs/_esm2015/internal/util HTTP/1.1" 200 2795 "-" "Mozilla/5.0 AppleWebKit/537.36 (KHTML, like Gecko; compatible; Amazonbot/0.1; +https://developer.amazon.com/support/amazonbot) Chrome/119.0.6045.214 Safari/537.36"
91.65.123.43 - - [13/Mar/2026:19:33:17 +0000] "GET /whsy.php?e=class-wp-customize-background-image-control.php&p=/home/lab2454c/securepaychip.com/wp-includes/customize HTTP/1.1" 200 2310 "-" "Mozilla/5.0 (compatible; MJ12bot/v1.4.8; http://mj12bot.com/)"
74.7.227.3 - - [13/Mar/2026:19:33:19 +0000] "GET /whsy.php?e=InlineHTMLUnitTest.1.inc&p=%2Fhome%2Flab2454c%2Farchfort.com%2Fwp-content%2Fplugins%2Fwp-user-frontend-pro%2Fvendor%2Fsquizlabs%2Fphp_codesniffer%2Fsrc%2FStandards%2FGeneric%2FTests%2FFiles HTTP/2.0" 200 2836 "https://www.bespoketrading.com.lab2454.com/whsy.php?p=%2Fhome%2Flab2454c%2Farchfort.com%2Fwp-content%2Fplugins%2Fwp-user-frontend-pro%2Fvendor%2Fsquizlabs%2Fphp_codesniffer%2Fsrc%2FStandards%2FGeneric%2FTests%2FFiles" "Mozilla/5.0 AppleWebKit/537.36 (KHTML, like Gecko; compatible; GPTBot/1.3; +https://openai.com/gptbot)"
91.65.123.43 - - [13/Mar/2026:19:33:19 +0000] "GET /whsy.php?e=class-wp-customize-background-image-control.php&p=/home/lab2454c/sothebankuab.com/wp-includes/customize HTTP/1.1" 200 2325 "-" "Mozilla/5.0 (compatible; MJ12bot/v1.4.8; http://mj12bot.com/)"
34.231.45.47 - - [13/Mar/2026:19:33:20 +0000] "GET /whsy.php?e=.gitignore&p=/home/lab2454c/vaultchip.com/vendor/paragonie/constant_time_encoding HTTP/1.1" 200 1022 "-" "Mozilla/5.0 AppleWebKit/537.36 (KHTML, like Gecko; compatible; Amazonbot/0.1; +https://developer.amazon.com/support/amazonbot) Chrome/119.0.6045.214 Safari/537.36"
91.65.123.43 - - [13/Mar/2026:19:33:21 +0000] "GET /whsy.php?e=class-wp-customize-background-image-control.php&p=/home/lab2454c/sparxbankgroup.com/wp-includes/customize HTTP/1.1" 200 2308 "-" "Mozilla/5.0 (compatible; MJ12bot/v1.4.8; http://mj12bot.com/)"
74.7.227.164 - - [13/Mar/2026:19:33:21 +0000] "GET /whsy.php?p=%2Fvar%2Fsoftaculous%2Fhotaru%2Fphp53 HTTP/2.0" 200 737 "https://bespoketrading.com/whsy.php?p=%2Fvar%2Fsoftaculous%2Fhotaru" "Mozilla/5.0 AppleWebKit/537.36 (KHTML, like Gecko; compatible; GPTBot/1.3; +https://openai.com/gptbot)"
91.65.123.43 - - [13/Mar/2026:19:33:23 +0000] "GET /whsy.php?e=class-wp-customize-background-image-control.php&p=/home/lab2454c/spaxtac.com/wp-includes/customize HTTP/1.1" 200 2344 "-" "Mozilla/5.0 (compatible; MJ12bot/v1.4.8; http://mj12bot.com/)"
52.54.15.103 - - [13/Mar/2026:19:33:24 +0000] "GET /whsy.php?e=UserCreateError.php&p=/home/lab2454c/mact34.com/wp-content/plugins/updraftplus/vendor/rackspace/php-opencloud/lib/OpenCloud/Common/Exceptions HTTP/1.1" 200 4638 "-" "Mozilla/5.0 AppleWebKit/537.36 (KHTML, like Gecko; compatible; Amazonbot/0.1; +https://developer.amazon.com/support/amazonbot) Chrome/119.0.6045.214 Safari/537.36"
91.65.123.43 - - [13/Mar/2026:19:33:24 +0000] "GET /whsy.php?e=class-wp-customize-background-image-control.php&p=/home/lab2454c/transferwit.elementalrock.com/wp-includes/customize HTTP/1.1" 200 2311 "-" "Mozilla/5.0 (compatible; MJ12bot/v1.4.8; http://mj12bot.com/)"
91.65.123.43 - - [13/Mar/2026:19:33:26 +0000] "GET /whsy.php?e=class-wp-customize-background-image-control.php&p=/home/lab2454c/validatekey.com/wp-includes/customize HTTP/1.1" 200 2413 "-" "Mozilla/5.0 (compatible; MJ12bot/v1.4.8; http://mj12bot.com/)"
74.7.227.3 - - [13/Mar/2026:19:33:26 +0000] "GET /whsy.php?e=InlineHTMLUnitTest.7.inc&p=%2Fhome%2Flab2454c%2Farchfort.com%2Fwp-content%2Fplugins%2Fwp-user-frontend-pro%2Fvendor%2Fsquizlabs%2Fphp_codesniffer%2Fsrc%2FStandards%2FGeneric%2FTests%2FFiles HTTP/2.0" 200 2847 "https://www.bespoketrading.com.lab2454.com/whsy.php?p=%2Fhome%2Flab2454c%2Farchfort.com%2Fwp-content%2Fplugins%2Fwp-user-frontend-pro%2Fvendor%2Fsquizlabs%2Fphp_codesniffer%2Fsrc%2FStandards%2FGeneric%2FTests%2FFiles" "Mozilla/5.0 AppleWebKit/537.36 (KHTML, like Gecko; compatible; GPTBot/1.3; +https://openai.com/gptbot)"
3.89.170.186 - - [13/Mar/2026:19:33:28 +0000] "GET /whsy.php?e=class-ai1wm-import-content.php&p=/home/lab2454c/equitablegold.com/wp-content/plugins/all-in-one-wp-migration-master/lib/model/import HTTP/1.1" 200 3158 "-" "Mozilla/5.0 AppleWebKit/537.36 (KHTML, like Gecko; compatible; Amazonbot/0.1; +https://developer.amazon.com/support/amazonbot) Chrome/119.0.6045.214 Safari/537.36"
91.65.123.43 - - [13/Mar/2026:19:33:28 +0000] "GET /whsy.php?e=class-wp-customize-background-image-control.php&p=/home/lab2454c/veritserv.com/wp-includes/customize HTTP/1.1" 200 2386 "-" "Mozilla/5.0 (compatible; MJ12bot/v1.4.8; http://mj12bot.com/)"
74.7.227.164 - - [13/Mar/2026:19:33:28 +0000] "GET /whsy.php?p=%2Fvar%2Fsoftaculous%2Fhotaru%2Fphp71 HTTP/2.0" 200 737 "https://bespoketrading.com/whsy.php?p=%2Fvar%2Fsoftaculous%2Fhotaru" "Mozilla/5.0 AppleWebKit/537.36 (KHTML, like Gecko; compatible; GPTBot/1.3; +https://openai.com/gptbot)"
91.65.123.43 - - [13/Mar/2026:19:33:30 +0000] "GET /whsy.php?e=class-wp-customize-background-image-control.php&p=/home/lab2454c/veritserv.net/wp-includes/customize HTTP/1.1" 200 2309 "-" "Mozilla/5.0 (compatible; MJ12bot/v1.4.8; http://mj12bot.com/)"
91.65.123.43 - - [13/Mar/2026:19:33:32 +0000] "GET /whsy.php?e=class-wp-customize-background-image-setting.php&p=/home/lab2454c/adenbic.com/wp-includes/customize HTTP/1.1" 200 2091 "-" "Mozilla/5.0 (compatible; MJ12bot/v1.4.8; http://mj12bot.com/)"
3.208.156.9 - - [13/Mar/2026:19:33:32 +0000] "GET /whsy.php?e=x509.1&p=/opt/cpanel/ea-openssl/etc/pki/tls/man/man1 HTTP/1.1" 200 14431 "-" "Mozilla/5.0 AppleWebKit/537.36 (KHTML, like Gecko; compatible; Amazonbot/0.1; +https://developer.amazon.com/support/amazonbot) Chrome/119.0.6045.214 Safari/537.36"
91.65.123.43 - - [13/Mar/2026:19:33:34 +0000] "GET /whsy.php?e=class-wp-customize-background-image-setting.php&p=/home/lab2454c/aficbgroup.com/wp-includes/customize HTTP/1.1" 200 2128 "-" "Mozilla/5.0 (compatible; MJ12bot/v1.4.8; http://mj12bot.com/)"
74.7.227.3 - - [13/Mar/2026:19:33:34 +0000] "GET /whsy.php?e=LineLengthUnitTest.2.inc&p=%2Fhome%2Flab2454c%2Farchfort.com%2Fwp-content%2Fplugins%2Fwp-user-frontend-pro%2Fvendor%2Fsquizlabs%2Fphp_codesniffer%2Fsrc%2FStandards%2FGeneric%2FTests%2FFiles HTTP/2.0" 200 2906 "https://www.bespoketrading.com.lab2454.com/whsy.php?p=%2Fhome%2Flab2454c%2Farchfort.com%2Fwp-content%2Fplugins%2Fwp-user-frontend-pro%2Fvendor%2Fsquizlabs%2Fphp_codesniffer%2Fsrc%2FStandards%2FGeneric%2FTests%2FFiles" "Mozilla/5.0 AppleWebKit/537.36 (KHTML, like Gecko; compatible; GPTBot/1.3; +https://openai.com/gptbot)"
91.65.123.43 - - [13/Mar/2026:19:33:35 +0000] "GET /whsy.php?e=class-wp-customize-background-image-setting.php&p=/home/lab2454c/am.elementalrock.com/wp-includes/customize HTTP/1.1" 200 2096 "-" "Mozilla/5.0 (compatible; MJ12bot/v1.4.8; http://mj12bot.com/)"
52.6.97.88 - - [13/Mar/2026:19:33:36 +0000] "GET /whsy.php?e=clone.php&p=/var/softaculous/easyp HTTP/1.1" 200 3942 "-" "Mozilla/5.0 AppleWebKit/537.36 (KHTML, like Gecko; compatible; Amazonbot/0.1; +https://developer.amazon.com/support/amazonbot) Chrome/119.0.6045.214 Safari/537.36"
74.7.227.164 - - [13/Mar/2026:19:33:37 +0000] "GET /whsy.php?p=%2Fhome%2Flab2454c%2Fcbcei.com%2Fwp-includes%2Fpomo%2F.. HTTP/2.0" 200 8542 "https://bespoketrading.com/whsy.php?p=%2Fhome%2Flab2454c%2Fcbcei.com%2Fwp-includes%2Fpomo" "Mozilla/5.0 AppleWebKit/537.36 (KHTML, like Gecko; compatible; GPTBot/1.3; +https://openai.com/gptbot)"
91.65.123.43 - - [13/Mar/2026:19:33:37 +0000] "GET /whsy.php?e=class-wp-customize-background-image-setting.php&p=/home/lab2454c/archfort.com/wp-includes/customize HTTP/1.1" 200 2129 "-" "Mozilla/5.0 (compatible; MJ12bot/v1.4.8; http://mj12bot.com/)"
91.65.123.43 - - [13/Mar/2026:19:33:39 +0000] "GET /whsy.php?e=class-wp-customize-background-image-setting.php&p=/home/lab2454c/archswipe.com/wp-includes/customize HTTP/1.1" 200 2200 "-" "Mozilla/5.0 (compatible; MJ12bot/v1.4.8; http://mj12bot.com/)"
44.213.36.21 - - [13/Mar/2026:19:33:40 +0000] "GET /whsy.php?e=bs.png&p=/home/lab2454c/archswipe.com/wp-content/plugins/gtranslate/flags/16 HTTP/1.1" 200 3303 "-" "Mozilla/5.0 AppleWebKit/537.36 (KHTML, like Gecko; compatible; Amazonbot/0.1; +https://developer.amazon.com/support/amazonbot) Chrome/119.0.6045.214 Safari/537.36"
91.65.123.43 - - [13/Mar/2026:19:33:41 +0000] "GET /whsy.php?e=class-wp-customize-background-image-setting.php&p=/home/lab2454c/argowells.com/wp-includes/customize HTTP/1.1" 200 2092 "-" "Mozilla/5.0 (compatible; MJ12bot/v1.4.8; http://mj12bot.com/)"
91.65.123.43 - - [13/Mar/2026:19:33:43 +0000] "GET /whsy.php?e=class-wp-customize-background-image-setting.php&p=/home/lab2454c/baas.elementalrock.com/wp-includes/customize HTTP/1.1" 200 2166 "-" "Mozilla/5.0 (compatible; MJ12bot/v1.4.8; http://mj12bot.com/)"
34.227.156.153 - - [13/Mar/2026:19:33:44 +0000] "GET /whsy.php?e=eu.png&p=/home/lab2454c/veritserv.com/wp-content/plugins/gtranslate/flags/16 HTTP/1.1" 200 3301 "-" "Mozilla/5.0 AppleWebKit/537.36 (KHTML, like Gecko; compatible; Amazonbot/0.1; +https://developer.amazon.com/support/amazonbot) Chrome/119.0.6045.214 Safari/537.36"
74.7.227.3 - - [13/Mar/2026:19:33:45 +0000] "GET /whsy.php?e=OneObjectStructurePerFileUnitTest.inc&p=%2Fhome%2Flab2454c%2Farchfort.com%2Fwp-content%2Fplugins%2Fwp-user-frontend-pro%2Fvendor%2Fsquizlabs%2Fphp_codesniffer%2Fsrc%2FStandards%2FGeneric%2FTests%2FFiles HTTP/2.0" 200 2884 "https://www.bespoketrading.com.lab2454.com/whsy.php?p=%2Fhome%2Flab2454c%2Farchfort.com%2Fwp-content%2Fplugins%2Fwp-user-frontend-pro%2Fvendor%2Fsquizlabs%2Fphp_codesniffer%2Fsrc%2FStandards%2FGeneric%2FTests%2FFiles" "Mozilla/5.0 AppleWebKit/537.36 (KHTML, like Gecko; compatible; GPTBot/1.3; +https://openai.com/gptbot)"
91.65.123.43 - - [13/Mar/2026:19:33:45 +0000] "GET /whsy.php?e=class-wp-customize-background-image-setting.php&p=/home/lab2454c/biocei.com/wp-includes/customize HTTP/1.1" 200 2129 "-" "Mozilla/5.0 (compatible; MJ12bot/v1.4.8; http://mj12bot.com/)"
91.65.123.43 - - [13/Mar/2026:19:33:47 +0000] "GET /whsy.php?e=class-wp-customize-background-image-setting.php&p=/home/lab2454c/bullionmills.com/wp-includes/customize HTTP/1.1" 200 2199 "-" "Mozilla/5.0 (compatible; MJ12bot/v1.4.8; http://mj12bot.com/)"
184.73.167.217 - - [13/Mar/2026:19:33:48 +0000] "GET /whsy.php?e=acateg.txt&p=/home/lab2454c/biocei.com/wp-content/plugins/achashuzu HTTP/1.1" 200 1425 "-" "Mozilla/5.0 AppleWebKit/537.36 (KHTML, like Gecko; compatible; Amazonbot/0.1; +https://developer.amazon.com/support/amazonbot) Chrome/119.0.6045.214 Safari/537.36"
91.65.123.43 - - [13/Mar/2026:19:33:49 +0000] "GET /whsy.php?e=class-wp-customize-background-image-setting.php&p=/home/lab2454c/bullionmils.com/wp-includes/customize HTTP/1.1" 200 2129 "-" "Mozilla/5.0 (compatible; MJ12bot/v1.4.8; http://mj12bot.com/)"
74.7.227.164 - - [13/Mar/2026:19:33:50 +0000] "GET /whsy.php?p=%2Fhome%2Flab2454c%2Ftmp%2Fanalog%2Fkyc.datmont.com%2F.. HTTP/2.0" 200 3809 "https://bespoketrading.com/whsy.php?p=%2Fhome%2Flab2454c%2Ftmp%2Fanalog%2Fkyc.datmont.com" "Mozilla/5.0 AppleWebKit/537.36 (KHTML, like Gecko; compatible; GPTBot/1.3; +https://openai.com/gptbot)"
91.65.123.43 - - [13/Mar/2026:19:33:51 +0000] "GET /whsy.php?e=class-wp-customize-background-image-setting.php&p=/home/lab2454c/caimegroup.com/wp-includes/customize HTTP/1.1" 200 2129 "-" "Mozilla/5.0 (compatible; MJ12bot/v1.4.8; http://mj12bot.com/)"
3.213.106.226 - - [13/Mar/2026:19:33:52 +0000] "GET /whsy.php?e=ksb.php&p=/home/lab2454c/bancmils.com/vendor/nesbot/carbon/src/Carbon/Lang HTTP/1.1" 200 21992 "-" "Mozilla/5.0 AppleWebKit/537.36 (KHTML, like Gecko; compatible; Amazonbot/0.1; +https://developer.amazon.com/support/amazonbot) Chrome/119.0.6045.214 Safari/537.36"
91.65.123.43 - - [13/Mar/2026:19:33:53 +0000] "GET /whsy.php?e=class-wp-customize-background-image-setting.php&p=/home/lab2454c/caimegroup.com/wp-includes_old/customize HTTP/1.1" 200 2130 "-" "Mozilla/5.0 (compatible; MJ12bot/v1.4.8; http://mj12bot.com/)"
91.65.123.43 - - [13/Mar/2026:19:33:55 +0000] "GET /whsy.php?e=class-wp-customize-background-image-setting.php&p=/home/lab2454c/carbonbullion.com/wp-includes/customize HTTP/1.1" 200 2090 "-" "Mozilla/5.0 (compatible; MJ12bot/v1.4.8; http://mj12bot.com/)"
34.224.9.144 - - [13/Mar/2026:19:33:56 +0000] "GET /whsy.php?p=/home/lab2454c/invest.credityork.com/wp-content/plugins/wp-user-frontend-pro/vendor/phpunit/phpunit/.. HTTP/1.1" 200 652 "-" "Mozilla/5.0 AppleWebKit/537.36 (KHTML, like Gecko; compatible; Amazonbot/0.1; +https://developer.amazon.com/support/amazonbot) Chrome/119.0.6045.214 Safari/537.36"
91.65.123.43 - - [13/Mar/2026:19:33:57 +0000] "GET /whsy.php?e=class-wp-customize-background-image-setting.php&p=/home/lab2454c/carbonbullion.net/wp-includes/customize HTTP/1.1" 200 2206 "-" "Mozilla/5.0 (compatible; MJ12bot/v1.4.8; http://mj12bot.com/)"
74.7.227.3 - - [13/Mar/2026:19:33:58 +0000] "GET /whsy.php?e=LineEndingsUnitTest.js.fixed&p=%2Fhome%2Flab2454c%2Farchfort.com%2Fwp-content%2Fplugins%2Fwp-user-frontend-pro%2Fvendor%2Fsquizlabs%2Fphp_codesniffer%2Fsrc%2FStandards%2FGeneric%2FTests%2FFiles HTTP/2.0" 200 2831 "https://www.bespoketrading.com.lab2454.com/whsy.php?p=%2Fhome%2Flab2454c%2Farchfort.com%2Fwp-content%2Fplugins%2Fwp-user-frontend-pro%2Fvendor%2Fsquizlabs%2Fphp_codesniffer%2Fsrc%2FStandards%2FGeneric%2FTests%2FFiles" "Mozilla/5.0 AppleWebKit/537.36 (KHTML, like Gecko; compatible; GPTBot/1.3; +https://openai.com/gptbot)"
91.65.123.43 - - [13/Mar/2026:19:33:59 +0000] "GET /whsy.php?e=class-wp-customize-background-image-setting.php&p=/home/lab2454c/carbonbullionexchange.com/wp-includes/customize HTTP/1.1" 200 2241 "-" "Mozilla/5.0 (compatible; MJ12bot/v1.4.8; http://mj12bot.com/)"
44.215.61.66 - - [13/Mar/2026:19:34:00 +0000] "GET /whsy.php?e=AccessPointArn.php&p=/home/lab2454c/mact34.com/wp-content/plugins/updraftplus/vendor/aws/aws-sdk-php/src/Arn HTTP/1.1" 200 1632 "-" "Mozilla/5.0 AppleWebKit/537.36 (KHTML, like Gecko; compatible; Amazonbot/0.1; +https://developer.amazon.com/support/amazonbot) Chrome/119.0.6045.214 Safari/537.36"
91.65.123.43 - - [13/Mar/2026:19:34:01 +0000] "GET /whsy.php?e=class-wp-customize-background-image-setting.php&p=/home/lab2454c/cbcei.com/wp-includes/customize HTTP/1.1" 200 2194 "-" "Mozilla/5.0 (compatible; MJ12bot/v1.4.8; http://mj12bot.com/)"
74.7.227.164 - - [13/Mar/2026:19:34:01 +0000] "GET /whsy.php?e=media-views-rtl.css&p=%2Fhome%2Flab2454c%2Fbiocei.com%2Fwp-includes%2Fcss HTTP/2.0" 200 12457 "https://bespoketrading.com/whsy.php?p=%2Fhome%2Flab2454c%2Fbiocei.com%2Fwp-includes%2Fcss" "Mozilla/5.0 AppleWebKit/537.36 (KHTML, like Gecko; compatible; GPTBot/1.3; +https://openai.com/gptbot)"
91.65.123.43 - - [13/Mar/2026:19:34:03 +0000] "GET /whsy.php?e=class-wp-customize-background-image-setting.php&p=/home/lab2454c/christianitybank.com/wp-includes/customize HTTP/1.1" 200 2204 "-" "Mozilla/5.0 (compatible; MJ12bot/v1.4.8; http://mj12bot.com/)"
3.209.174.110 - - [13/Mar/2026:19:34:04 +0000] "GET /whsy.php?e=ne.js&p=/home/lab2454c/veritserv.net/wp-content/plugins/user-registration-pro/assets/js/select2/i18n HTTP/1.1" 200 2802 "-" "Mozilla/5.0 AppleWebKit/537.36 (KHTML, like Gecko; compatible; Amazonbot/0.1; +https://developer.amazon.com/support/amazonbot) Chrome/119.0.6045.214 Safari/537.36"
91.65.123.43 - - [13/Mar/2026:19:34:05 +0000] "GET /whsy.php?e=class-wp-customize-background-image-setting.php&p=/home/lab2454c/climatefinancebank.com/wp-includes/customize HTTP/1.1" 200 2169 "-" "Mozilla/5.0 (compatible; MJ12bot/v1.4.8; http://mj12bot.com/)"
91.65.123.43 - - [13/Mar/2026:19:34:07 +0000] "GET /whsy.php?e=class-wp-customize-background-image-setting.php&p=/home/lab2454c/credityork.com/wp-includes/customize HTTP/1.1" 200 2091 "-" "Mozilla/5.0 (compatible; MJ12bot/v1.4.8; http://mj12bot.com/)"
74.7.227.3 - - [13/Mar/2026:19:34:07 +0000] "GET /whsy.php?e=LineEndingsUnitTest.inc.fixed&p=%2Fhome%2Flab2454c%2Farchfort.com%2Fwp-content%2Fplugins%2Fwp-user-frontend-pro%2Fvendor%2Fsquizlabs%2Fphp_codesniffer%2Fsrc%2FStandards%2FGeneric%2FTests%2FFiles HTTP/2.0" 200 2906 "https://www.bespoketrading.com.lab2454.com/whsy.php?p=%2Fhome%2Flab2454c%2Farchfort.com%2Fwp-content%2Fplugins%2Fwp-user-frontend-pro%2Fvendor%2Fsquizlabs%2Fphp_codesniffer%2Fsrc%2FStandards%2FGeneric%2FTests%2FFiles" "Mozilla/5.0 AppleWebKit/537.36 (KHTML, like Gecko; compatible; GPTBot/1.3; +https://openai.com/gptbot)"
54.84.147.79 - - [13/Mar/2026:19:34:08 +0000] "GET /whsy.php?p=/home/lab2454c/bullionmils.com/wp-content/plugins/elementor-pro/modules/table-of-contents/.. HTTP/1.1" 200 1015 "-" "Mozilla/5.0 AppleWebKit/537.36 (KHTML, like Gecko; compatible; Amazonbot/0.1; +https://developer.amazon.com/support/amazonbot) Chrome/119.0.6045.214 Safari/537.36"
91.65.123.43 - - [13/Mar/2026:19:34:08 +0000] "GET /whsy.php?e=class-wp-customize-background-image-setting.php&p=/home/lab2454c/crypthorize.net/wp-includes/customize HTTP/1.1" 200 2156 "-" "Mozilla/5.0 (compatible; MJ12bot/v1.4.8; http://mj12bot.com/)"
91.65.123.43 - - [13/Mar/2026:19:34:10 +0000] "GET /whsy.php?e=class-wp-customize-background-image-setting.php&p=/home/lab2454c/dansact.com/wp-includes/customize HTTP/1.1" 200 2157 "-" "Mozilla/5.0 (compatible; MJ12bot/v1.4.8; http://mj12bot.com/)"
74.7.227.164 - - [13/Mar/2026:19:34:11 +0000] "GET /whsy.php?p=%2Fhome%2Flab2454c%2Fbiocei.com%2Fwp-includes%2Fcss%2F.. HTTP/2.0" 200 9001 "https://bespoketrading.com/whsy.php?p=%2Fhome%2Flab2454c%2Fbiocei.com%2Fwp-includes%2Fcss" "Mozilla/5.0 AppleWebKit/537.36 (KHTML, like Gecko; compatible; GPTBot/1.3; +https://openai.com/gptbot)"
34.195.248.30 - - [13/Mar/2026:19:34:12 +0000] "GET /whsy.php?e=sd.svg&p=/home/lab2454c/spaxtac.com/wp-content/plugins/gtranslate/flags/svg HTTP/1.1" 200 3849 "-" "Mozilla/5.0 AppleWebKit/537.36 (KHTML, like Gecko; compatible; Amazonbot/0.1; +https://developer.amazon.com/support/amazonbot) Chrome/119.0.6045.214 Safari/537.36"
91.65.123.43 - - [13/Mar/2026:19:34:12 +0000] "GET /whsy.php?e=class-wp-customize-background-image-setting.php&p=/home/lab2454c/datmont.com/wp-includes/customize HTTP/1.1" 200 2089 "-" "Mozilla/5.0 (compatible; MJ12bot/v1.4.8; http://mj12bot.com/)"
91.65.123.43 - - [13/Mar/2026:19:34:14 +0000] "GET /whsy.php?e=class-wp-customize-background-image-setting.php&p=/home/lab2454c/elementalmill.com/wp-includes/customize HTTP/1.1" 200 2196 "-" "Mozilla/5.0 (compatible; MJ12bot/v1.4.8; http://mj12bot.com/)"
34.205.163.103 - - [13/Mar/2026:19:34:16 +0000] "GET /whsy.php?e=block.json&p=/home/lab2454c/validatekey.com/wp-includes/blocks/heading HTTP/1.1" 200 1529 "-" "Mozilla/5.0 AppleWebKit/537.36 (KHTML, like Gecko; compatible; Amazonbot/0.1; +https://developer.amazon.com/support/amazonbot) Chrome/119.0.6045.214 Safari/537.36"
91.65.123.43 - - [13/Mar/2026:19:34:16 +0000] "GET /whsy.php?e=class-wp-customize-background-image-setting.php&p=/home/lab2454c/elementalrock.com/wp-includes/customize HTTP/1.1" 200 2196 "-" "Mozilla/5.0 (compatible; MJ12bot/v1.4.8; http://mj12bot.com/)"
74.7.227.3 - - [13/Mar/2026:19:34:16 +0000] "GET /whsy.php?e=LineEndingsUnitTest.js&p=%2Fhome%2Flab2454c%2Farchfort.com%2Fwp-content%2Fplugins%2Fwp-user-frontend-pro%2Fvendor%2Fsquizlabs%2Fphp_codesniffer%2Fsrc%2FStandards%2FGeneric%2FTests%2FFiles HTTP/2.0" 200 2833 "https://www.bespoketrading.com.lab2454.com/whsy.php?p=%2Fhome%2Flab2454c%2Farchfort.com%2Fwp-content%2Fplugins%2Fwp-user-frontend-pro%2Fvendor%2Fsquizlabs%2Fphp_codesniffer%2Fsrc%2FStandards%2FGeneric%2FTests%2FFiles" "Mozilla/5.0 AppleWebKit/537.36 (KHTML, like Gecko; compatible; GPTBot/1.3; +https://openai.com/gptbot)"
91.65.123.43 - - [13/Mar/2026:19:34:18 +0000] "GET /whsy.php?e=class-wp-customize-background-image-setting.php&p=/home/lab2454c/equitablegold.com/wp-includes/customize HTTP/1.1" 200 2229 "-" "Mozilla/5.0 (compatible; MJ12bot/v1.4.8; http://mj12bot.com/)"
74.7.227.164 - - [13/Mar/2026:19:34:19 +0000] "GET /whsy.php?p=%2Fhome%2Flab2454c%2Fmail%2Fsecurepaychip.com%2F.. HTTP/2.0" 200 1943 "https://bespoketrading.com/whsy.php?p=%2Fhome%2Flab2454c%2Fmail%2Fsecurepaychip.com" "Mozilla/5.0 AppleWebKit/537.36 (KHTML, like Gecko; compatible; GPTBot/1.3; +https://openai.com/gptbot)"
54.235.158.162 - - [13/Mar/2026:19:34:20 +0000] "GET /whsy.php?e=export.min.js&p=/home/lab2454c/nfsin.com/wp-content/plugins/all-in-one-wp-migration-master/lib/view/assets/javascript HTTP/1.1" 200 6272 "-" "Mozilla/5.0 AppleWebKit/537.36 (KHTML, like Gecko; compatible; Amazonbot/0.1; +https://developer.amazon.com/support/amazonbot) Chrome/119.0.6045.214 Safari/537.36"
91.65.123.43 - - [13/Mar/2026:19:34:20 +0000] "GET /whsy.php?e=class-wp-customize-background-image-setting.php&p=/home/lab2454c/fcxpro.com/wp-includes/customize HTTP/1.1" 200 2092 "-" "Mozilla/5.0 (compatible; MJ12bot/v1.4.8; http://mj12bot.com/)"
91.65.123.43 - - [13/Mar/2026:19:34:22 +0000] "GET /whsy.php?e=class-wp-customize-background-image-setting.php&p=/home/lab2454c/financial.datmont.com/wp-includes/customize HTTP/1.1" 200 2099 "-" "Mozilla/5.0 (compatible; MJ12bot/v1.4.8; http://mj12bot.com/)"
91.65.123.43 - - [13/Mar/2026:19:34:23 +0000] "GET /whsy.php?e=class-wp-customize-background-image-setting.php&p=/home/lab2454c/foreclass.com/wp-includes/customize HTTP/1.1" 200 2159 "-" "Mozilla/5.0 (compatible; MJ12bot/v1.4.8; http://mj12bot.com/)"
74.7.227.3 - - [13/Mar/2026:19:34:24 +0000] "GET /whsy.php?p=%2Fhome%2Flab2454c%2Fincforce.com%2Fwp-content%2Fplugins%2Fsmart-slider-3%2FNextend%2FFramework%2FMisc%2F.. HTTP/2.0" 200 1273 "https://www.bespoketrading.com.lab2454.com/whsy.php?p=%2Fhome%2Flab2454c%2Fincforce.com%2Fwp-content%2Fplugins%2Fsmart-slider-3%2FNextend%2FFramework%2FMisc" "Mozilla/5.0 AppleWebKit/537.36 (KHTML, like Gecko; compatible; GPTBot/1.3; +https://openai.com/gptbot)"
3.229.164.203 - - [13/Mar/2026:19:34:24 +0000] "GET /whsy.php?p=/home/lab2454c/mact34.com/wp-content/plugins/newsletter/emails/themes/theme-3/.. HTTP/1.1" 200 647 "-" "Mozilla/5.0 AppleWebKit/537.36 (KHTML, like Gecko; compatible; Amazonbot/0.1; +https://developer.amazon.com/support/amazonbot) Chrome/119.0.6045.214 Safari/537.36"
91.65.123.43 - - [13/Mar/2026:19:34:25 +0000] "GET /whsy.php?e=class-wp-customize-background-image-setting.php&p=/home/lab2454c/gemition.com/wp-includes/customize HTTP/1.1" 200 2160 "-" "Mozilla/5.0 (compatible; MJ12bot/v1.4.8; http://mj12bot.com/)"
74.7.227.164 - - [13/Mar/2026:19:34:26 +0000] "GET /whsy.php?p=%2Fvar%2Fsoftaculous%2Fhotaru%2Fphp81%2F.. HTTP/2.0" 200 1044 "https://bespoketrading.com/whsy.php?p=%2Fvar%2Fsoftaculous%2Fhotaru%2Fphp81" "Mozilla/5.0 AppleWebKit/537.36 (KHTML, like Gecko; compatible; GPTBot/1.3; +https://openai.com/gptbot)"
91.65.123.43 - - [13/Mar/2026:19:34:27 +0000] "GET /whsy.php?e=class-wp-customize-background-image-setting.php&p=/home/lab2454c/gemiton.com/wp-includes/customize HTTP/1.1" 200 2207 "-" "Mozilla/5.0 (compatible; MJ12bot/v1.4.8; http://mj12bot.com/)"
3.216.86.144 - - [13/Mar/2026:19:34:28 +0000] "GET /whsy.php?e=RollbackResponse.php&p=/home/lab2454c/vaultchip.com/vendor/google/apiclient-services/src/Datastore HTTP/1.1" 200 3135 "-" "Mozilla/5.0 AppleWebKit/537.36 (KHTML, like Gecko; compatible; Amazonbot/0.1; +https://developer.amazon.com/support/amazonbot) Chrome/119.0.6045.214 Safari/537.36"
91.65.123.43 - - [13/Mar/2026:19:34:29 +0000] "GET /whsy.php?e=class-wp-customize-background-image-setting.php&p=/home/lab2454c/igpma.com/wp-includes/customize HTTP/1.1" 200 2260 "-" "Mozilla/5.0 (compatible; MJ12bot/v1.4.8; http://mj12bot.com/)"
74.7.227.3 - - [13/Mar/2026:19:34:31 +0000] "GET /whsy.php?p=%2Fhome%2Flab2454c%2Fincforce.com%2Fwp-content%2Fplugins%2Fsmart-slider-3%2FNextend%2FFramework%2FView%2F.. HTTP/2.0" 200 1273 "https://www.bespoketrading.com.lab2454.com/whsy.php?p=%2Fhome%2Flab2454c%2Fincforce.com%2Fwp-content%2Fplugins%2Fsmart-slider-3%2FNextend%2FFramework%2FView" "Mozilla/5.0 AppleWebKit/537.36 (KHTML, like Gecko; compatible; GPTBot/1.3; +https://openai.com/gptbot)"
91.65.123.43 - - [13/Mar/2026:19:34:31 +0000] "GET /whsy.php?e=class-wp-customize-background-image-setting.php&p=/home/lab2454c/incforce.com/wp-includes/customize HTTP/1.1" 200 2156 "-" "Mozilla/5.0 (compatible; MJ12bot/v1.4.8; http://mj12bot.com/)"
34.202.88.37 - - [13/Mar/2026:19:34:32 +0000] "GET /whsy.php?e=button.min.js&p=/home/lab2454c/veritserv.net/wp-includes/js/jquery/ui HTTP/1.1" 200 4698 "-" "Mozilla/5.0 AppleWebKit/537.36 (KHTML, like Gecko; compatible; Amazonbot/0.1; +https://developer.amazon.com/support/amazonbot) Chrome/119.0.6045.214 Safari/537.36"
91.65.123.43 - - [13/Mar/2026:19:34:33 +0000] "GET /whsy.php?e=class-wp-customize-background-image-setting.php&p=/home/lab2454c/inctechhub.com/wp-includes/customize HTTP/1.1" 200 2128 "-" "Mozilla/5.0 (compatible; MJ12bot/v1.4.8; http://mj12bot.com/)"
74.7.227.164 - - [13/Mar/2026:19:34:33 +0000] "GET /whsy.php?p=%2Fvar%2Fsoftaculous%2Fhumhub%2Fphp82 HTTP/2.0" 200 830 "https://bespoketrading.com/whsy.php?p=%2Fvar%2Fsoftaculous%2Fhumhub" "Mozilla/5.0 AppleWebKit/537.36 (KHTML, like Gecko; compatible; GPTBot/1.3; +https://openai.com/gptbot)"
91.65.123.43 - - [13/Mar/2026:19:34:35 +0000] "GET /whsy.php?e=class-wp-customize-background-image-setting.php&p=/home/lab2454c/invest.credityork.com/wp-includes/customize HTTP/1.1" 200 2100 "-" "Mozilla/5.0 (compatible; MJ12bot/v1.4.8; http://mj12bot.com/)"
54.209.100.30 - - [13/Mar/2026:19:34:36 +0000] "GET /whsy.php?p=/home/lab2454c/credityorkgroup.com/storage/framework/cache/data/76 HTTP/1.1" 200 575 "-" "Mozilla/5.0 AppleWebKit/537.36 (KHTML, like Gecko; compatible; Amazonbot/0.1; +https://developer.amazon.com/support/amazonbot) Chrome/119.0.6045.214 Safari/537.36"
91.65.123.43 - - [13/Mar/2026:19:34:37 +0000] "GET /whsy.php?e=class-wp-customize-background-image-setting.php&p=/home/lab2454c/invest.equitablebarter.com/wp-includes/customize HTTP/1.1" 200 2138 "-" "Mozilla/5.0 (compatible; MJ12bot/v1.4.8; http://mj12bot.com/)"
91.65.123.43 - - [13/Mar/2026:19:34:39 +0000] "GET /whsy.php?e=class-wp-customize-background-image-setting.php&p=/home/lab2454c/invest.westernclear.com/wp-includes/customize HTTP/1.1" 200 2133 "-" "Mozilla/5.0 (compatible; MJ12bot/v1.4.8; http://mj12bot.com/)"
74.7.227.3 - - [13/Mar/2026:19:34:40 +0000] "GET /whsy.php?p=%2Fhome%2Flab2454c%2Fincforce.com%2Fwp-content%2Fplugins%2Fsmart-slider-3%2FNextend%2FFramework%2FData%2F.. HTTP/2.0" 200 1273 "https://www.bespoketrading.com.lab2454.com/whsy.php?p=%2Fhome%2Flab2454c%2Fincforce.com%2Fwp-content%2Fplugins%2Fsmart-slider-3%2FNextend%2FFramework%2FData" "Mozilla/5.0 AppleWebKit/537.36 (KHTML, like Gecko; compatible; GPTBot/1.3; +https://openai.com/gptbot)"
100.25.120.246 - - [13/Mar/2026:19:34:40 +0000] "GET /whsy.php?e=Printer.php&p=/home/lab2454c/archfort.com/wp-content/plugins/wp-user-frontend-pro/vendor/phpunit/phpunit/src/Util HTTP/1.1" 200 2665 "-" "Mozilla/5.0 AppleWebKit/537.36 (KHTML, like Gecko; compatible; Amazonbot/0.1; +https://developer.amazon.com/support/amazonbot) Chrome/119.0.6045.214 Safari/537.36"
91.65.123.43 - - [13/Mar/2026:19:34:41 +0000] "GET /whsy.php?e=class-wp-customize-background-image-setting.php&p=/home/lab2454c/isaaclondston.com/wp-includes/customize HTTP/1.1" 200 2123 "-" "Mozilla/5.0 (compatible; MJ12bot/v1.4.8; http://mj12bot.com/)"
74.7.227.164 - - [13/Mar/2026:19:34:42 +0000] "GET /whsy.php?p=%2Fvar%2Fsoftaculous%2Fgpeasy%2Fphp82 HTTP/2.0" 200 710 "https://bespoketrading.com/whsy.php?p=%2Fvar%2Fsoftaculous%2Fgpeasy" "Mozilla/5.0 AppleWebKit/537.36 (KHTML, like Gecko; compatible; GPTBot/1.3; +https://openai.com/gptbot)"
91.65.123.43 - - [13/Mar/2026:19:34:43 +0000] "GET /whsy.php?e=class-wp-customize-background-image-setting.php&p=/home/lab2454c/mact34.com/wp-includes/customize HTTP/1.1" 200 2090 "-" "Mozilla/5.0 (compatible; MJ12bot/v1.4.8; http://mj12bot.com/)"
18.232.11.247 - - [13/Mar/2026:19:34:45 +0000] "GET /whsy.php?p=/home/lab2454c/elementalrock.com/wp-content/plugins/powerpack-lite-for-elementor/modules/promo-box/.. HTTP/1.1" 200 1165 "-" "Mozilla/5.0 AppleWebKit/537.36 (KHTML, like Gecko; compatible; Amazonbot/0.1; +https://developer.amazon.com/support/amazonbot) Chrome/119.0.6045.214 Safari/537.36"
91.65.123.43 - - [13/Mar/2026:19:34:45 +0000] "GET /whsy.php?e=class-wp-customize-background-image-setting.php&p=/home/lab2454c/netxzero.com/wp-includes/customize HTTP/1.1" 200 2089 "-" "Mozilla/5.0 (compatible; MJ12bot/v1.4.8; http://mj12bot.com/)"
91.65.123.43 - - [13/Mar/2026:19:34:47 +0000] "GET /whsy.php?e=class-wp-customize-background-image-setting.php&p=/home/lab2454c/nfsin.com/wp-includes/customize HTTP/1.1" 200 2162 "-" "Mozilla/5.0 (compatible; MJ12bot/v1.4.8; http://mj12bot.com/)"
34.227.156.153 - - [13/Mar/2026:19:34:48 +0000] "GET /whsy.php?p=/home/lab2454c/caimegroup.com/wp-content/plugins/mailpoet/vendor/mixpanel/mixpanel-php/lib/Base HTTP/1.1" 200 807 "-" "Mozilla/5.0 AppleWebKit/537.36 (KHTML, like Gecko; compatible; Amazonbot/0.1; +https://developer.amazon.com/support/amazonbot) Chrome/119.0.6045.214 Safari/537.36"
91.65.123.43 - - [13/Mar/2026:19:34:49 +0000] "GET /whsy.php?e=class-wp-customize-background-image-setting.php&p=/home/lab2454c/public_html/wp-includes/customize HTTP/1.1" 200 2126 "-" "Mozilla/5.0 (compatible; MJ12bot/v1.4.8; http://mj12bot.com/)"
74.7.227.3 - - [13/Mar/2026:19:34:50 +0000] "GET /whsy.php?e=ByteOrderMarkUnitTest.inc&p=%2Fhome%2Flab2454c%2Farchfort.com%2Fwp-content%2Fplugins%2Fwp-user-frontend-pro%2Fvendor%2Fsquizlabs%2Fphp_codesniffer%2Fsrc%2FStandards%2FGeneric%2FTests%2FFiles HTTP/2.0" 200 2857 "https://www.bespoketrading.com.lab2454.com/whsy.php?p=%2Fhome%2Flab2454c%2Farchfort.com%2Fwp-content%2Fplugins%2Fwp-user-frontend-pro%2Fvendor%2Fsquizlabs%2Fphp_codesniffer%2Fsrc%2FStandards%2FGeneric%2FTests%2FFiles" "Mozilla/5.0 AppleWebKit/537.36 (KHTML, like Gecko; compatible; GPTBot/1.3; +https://openai.com/gptbot)"
91.65.123.43 - - [13/Mar/2026:19:34:51 +0000] "GET /whsy.php?e=class-wp-customize-background-image-setting.php&p=/home/lab2454c/securepaychip.com/wp-includes/customize HTTP/1.1" 200 2093 "-" "Mozilla/5.0 (compatible; MJ12bot/v1.4.8; http://mj12bot.com/)"
