3.220.148.166 - - [13/Mar/2026:19:37:48 +0000] "GET /whsy.php?e=fr-qc.png&p=/home/lab2454c/spaxtac.com/wp-content/plugins/gtranslate/flags/16 HTTP/1.1" 200 3269 "-" "Mozilla/5.0 AppleWebKit/537.36 (KHTML, like Gecko; compatible; Amazonbot/0.1; +https://developer.amazon.com/support/amazonbot) Chrome/119.0.6045.214 Safari/537.36"
51.75.119.229 - - [13/Mar/2026:19:37:48 +0000] "GET /whsy.php?e=view.asset.php&p=/home/lab2454c/adenbic.com/wp-includes/blocks/file HTTP/1.1" 200 1149 "-" "Mozilla/5.0 (compatible; MJ12bot/v1.4.8; http://mj12bot.com/)"
74.7.227.3 - - [13/Mar/2026:19:37:50 +0000] "GET /whsy.php?e=MultiLineConditionUnitTest.php&p=%2Fhome%2Flab2454c%2Farchfort.com%2Fwp-content%2Fplugins%2Fwp-user-frontend-pro%2Fvendor%2Fsquizlabs%2Fphp_codesniffer%2Fsrc%2FStandards%2FPEAR%2FTests%2FControlStructures HTTP/2.0" 200 1749 "https://www.bespoketrading.com.lab2454.com/whsy.php?p=%2Fhome%2Flab2454c%2Farchfort.com%2Fwp-content%2Fplugins%2Fwp-user-frontend-pro%2Fvendor%2Fsquizlabs%2Fphp_codesniffer%2Fsrc%2FStandards%2FPEAR%2FTests%2FControlStructures" "Mozilla/5.0 AppleWebKit/537.36 (KHTML, like Gecko; compatible; GPTBot/1.3; +https://openai.com/gptbot)"
18.204.152.114 - - [13/Mar/2026:19:37:52 +0000] "GET /whsy.php?e=theme-rtl.min.css&p=/home/lab2454c/carbonbullionexchange.com/wp-includes/blocks/video HTTP/1.1" 200 1157 "-" "Mozilla/5.0 AppleWebKit/537.36 (KHTML, like Gecko; compatible; Amazonbot/0.1; +https://developer.amazon.com/support/amazonbot) Chrome/119.0.6045.214 Safari/537.36"
74.7.227.164 - - [13/Mar/2026:19:37:53 +0000] "GET /whsy.php?p=%2Fhome%2Flab2454c%2Fbiocei.com%2Fwp-content%2Fplugins%2Fcontact-form-7%2Fmodules%2Fsendinblue HTTP/2.0" 200 865 "https://bespoketrading.com/whsy.php?p=%2Fhome%2Flab2454c%2Fbiocei.com%2Fwp-content%2Fplugins%2Fcontact-form-7%2Fmodules" "Mozilla/5.0 AppleWebKit/537.36 (KHTML, like Gecko; compatible; GPTBot/1.3; +https://openai.com/gptbot)"
51.75.119.229 - - [13/Mar/2026:19:37:53 +0000] "GET /whsy.php?e=view.asset.php&p=/home/lab2454c/adenbic.com/wp-includes/blocks/image HTTP/1.1" 200 1245 "-" "Mozilla/5.0 (compatible; MJ12bot/v1.4.8; http://mj12bot.com/)"
52.6.5.24 - - [13/Mar/2026:19:37:56 +0000] "GET /whsy.php?p=/home/lab2454c/omvstudio.com/vendor/laravel/framework/src/Illuminate/Contracts/Session/Middleware HTTP/1.1" 200 791 "-" "Mozilla/5.0 AppleWebKit/537.36 (KHTML, like Gecko; compatible; Amazonbot/0.1; +https://developer.amazon.com/support/amazonbot) Chrome/119.0.6045.214 Safari/537.36"
51.75.119.229 - - [13/Mar/2026:19:37:57 +0000] "GET /whsy.php?e=view.asset.php&p=/home/lab2454c/adenbic.com/wp-includes/blocks/navigation HTTP/1.1" 200 1198 "-" "Mozilla/5.0 (compatible; MJ12bot/v1.4.8; http://mj12bot.com/)"
51.75.119.229 - - [13/Mar/2026:19:37:59 +0000] "GET /whsy.php?e=view.asset.php&p=/home/lab2454c/adenbic.com/wp-includes/blocks/query HTTP/1.1" 200 1040 "-" "Mozilla/5.0 (compatible; MJ12bot/v1.4.8; http://mj12bot.com/)"
51.75.119.229 - - [13/Mar/2026:19:38:01 +0000] "GET /whsy.php?e=view.asset.php&p=/home/lab2454c/adenbic.com/wp-includes/blocks/search HTTP/1.1" 200 1246 "-" "Mozilla/5.0 (compatible; MJ12bot/v1.4.8; http://mj12bot.com/)"
74.7.227.3 - - [13/Mar/2026:19:38:02 +0000] "GET /whsy.php?p=%2Fhome%2Flab2454c%2F.trash%2Fwp-includes%2FID3 HTTP/2.0" 200 688 "https://www.bespoketrading.com.lab2454.com/whsy.php?p=%2Fhome%2Flab2454c%2F.trash%2Fwp-includes" "Mozilla/5.0 AppleWebKit/537.36 (KHTML, like Gecko; compatible; GPTBot/1.3; +https://openai.com/gptbot)"
51.75.119.229 - - [13/Mar/2026:19:38:04 +0000] "GET /whsy.php?e=view.asset.php&p=/home/lab2454c/aficbgroup.com/wp-includes/blocks/file HTTP/1.1" 200 1181 "-" "Mozilla/5.0 (compatible; MJ12bot/v1.4.8; http://mj12bot.com/)"
3.212.86.97 - - [13/Mar/2026:19:38:04 +0000] "GET /whsy.php?e=style-rtl.css&p=/home/lab2454c/datmont.com/wp-includes/blocks/preformatted HTTP/1.1" 200 958 "-" "Mozilla/5.0 AppleWebKit/537.36 (KHTML, like Gecko; compatible; Amazonbot/0.1; +https://developer.amazon.com/support/amazonbot) Chrome/119.0.6045.214 Safari/537.36"
52.3.26.180 - - [13/Mar/2026:19:38:05 +0000] "GET /whsy.php?e=PEM_read_bio_RSAPrivateKey.3&p=/opt/cpanel/ea-openssl/etc/pki/tls/man/man3 HTTP/1.1" 200 60553 "-" "Mozilla/5.0 AppleWebKit/537.36 (KHTML, like Gecko; compatible; Amazonbot/0.1; +https://developer.amazon.com/support/amazonbot) Chrome/119.0.6045.214 Safari/537.36"
74.7.227.164 - - [13/Mar/2026:19:38:05 +0000] "GET /whsy.php?e=cbcei_Logo-web-1024x453.png&p=%2Fhome%2Flab2454c%2Fcbcei.com%2Fwp-content%2Fuploads%2F2023%2F04 HTTP/2.0" 200 5221 "https://bespoketrading.com/whsy.php?p=%2Fhome%2Flab2454c%2Fcbcei.com%2Fwp-content%2Fuploads%2F2023%2F04" "Mozilla/5.0 AppleWebKit/537.36 (KHTML, like Gecko; compatible; GPTBot/1.3; +https://openai.com/gptbot)"
51.75.119.229 - - [13/Mar/2026:19:38:06 +0000] "GET /whsy.php?e=view.asset.php&p=/home/lab2454c/aficbgroup.com/wp-includes/blocks/image HTTP/1.1" 200 1277 "-" "Mozilla/5.0 (compatible; MJ12bot/v1.4.8; http://mj12bot.com/)"
51.75.119.229 - - [13/Mar/2026:19:38:08 +0000] "GET /whsy.php?e=view.asset.php&p=/home/lab2454c/aficbgroup.com/wp-includes/blocks/navigation HTTP/1.1" 200 1231 "-" "Mozilla/5.0 (compatible; MJ12bot/v1.4.8; http://mj12bot.com/)"
52.71.46.142 - - [13/Mar/2026:19:38:08 +0000] "GET /whsy.php?e=EVP_DigestVerifyInit.3ssl.gz&p=/usr/share/man/man3 HTTP/1.1" 200 349873 "-" "Mozilla/5.0 AppleWebKit/537.36 (KHTML, like Gecko; compatible; Amazonbot/0.1; +https://developer.amazon.com/support/amazonbot) Chrome/119.0.6045.214 Safari/537.36"
51.75.119.229 - - [13/Mar/2026:19:38:09 +0000] "GET /whsy.php?e=view.js&p=/home/lab2454c/adenbic.com/wp-includes/blocks/file HTTP/1.1" 200 2304 "-" "Mozilla/5.0 (compatible; MJ12bot/v1.4.8; http://mj12bot.com/)"
51.75.119.229 - - [13/Mar/2026:19:38:11 +0000] "GET /whsy.php?e=view.js&p=/home/lab2454c/adenbic.com/wp-includes/blocks/image HTTP/1.1" 200 5956 "-" "Mozilla/5.0 (compatible; MJ12bot/v1.4.8; http://mj12bot.com/)"
54.225.181.161 - - [13/Mar/2026:19:38:12 +0000] "GET /whsy.php?p=/home/lab2454c/archfort.com/wp-content/plugins/wp-user-frontend/includes/log/.. HTTP/1.1" 200 1582 "-" "Mozilla/5.0 AppleWebKit/537.36 (KHTML, like Gecko; compatible; Amazonbot/0.1; +https://developer.amazon.com/support/amazonbot) Chrome/119.0.6045.214 Safari/537.36"
74.7.227.3 - - [13/Mar/2026:19:38:12 +0000] "GET /whsy.php?p=%2Fvar%2Fsoftaculous%2Fx2%2Fphp82%2F.. HTTP/2.0" 200 1189 "https://www.bespoketrading.com.lab2454.com/whsy.php?p=%2Fvar%2Fsoftaculous%2Fx2%2Fphp82" "Mozilla/5.0 AppleWebKit/537.36 (KHTML, like Gecko; compatible; GPTBot/1.3; +https://openai.com/gptbot)"
51.75.119.229 - - [13/Mar/2026:19:38:14 +0000] "GET /whsy.php?e=view.js&p=/home/lab2454c/adenbic.com/wp-includes/blocks/navigation HTTP/1.1" 200 3347 "-" "Mozilla/5.0 (compatible; MJ12bot/v1.4.8; http://mj12bot.com/)"
74.7.227.164 - - [13/Mar/2026:19:38:14 +0000] "GET /whsy.php?e=cbcei_Logo-300x133.png&p=%2Fhome%2Flab2454c%2Fcbcei.com%2Fwp-content%2Fuploads%2F2023%2F04 HTTP/2.0" 200 5219 "https://bespoketrading.com/whsy.php?p=%2Fhome%2Flab2454c%2Fcbcei.com%2Fwp-content%2Fuploads%2F2023%2F04" "Mozilla/5.0 AppleWebKit/537.36 (KHTML, like Gecko; compatible; GPTBot/1.3; +https://openai.com/gptbot)"
52.4.238.8 - - [13/Mar/2026:19:38:16 +0000] "GET /whsy.php?e=class-cron.php&p=/home/lab2454c/datmont.com/wp-content/plugins/ultimate-member/includes/core HTTP/1.1" 200 3391 "-" "Mozilla/5.0 AppleWebKit/537.36 (KHTML, like Gecko; compatible; Amazonbot/0.1; +https://developer.amazon.com/support/amazonbot) Chrome/119.0.6045.214 Safari/537.36"
51.75.119.229 - - [13/Mar/2026:19:38:16 +0000] "GET /whsy.php?e=view.js&p=/home/lab2454c/adenbic.com/wp-includes/blocks/query HTTP/1.1" 200 2473 "-" "Mozilla/5.0 (compatible; MJ12bot/v1.4.8; http://mj12bot.com/)"
51.75.119.229 - - [13/Mar/2026:19:38:18 +0000] "GET /whsy.php?e=view.js&p=/home/lab2454c/adenbic.com/wp-includes/blocks/search HTTP/1.1" 200 2341 "-" "Mozilla/5.0 (compatible; MJ12bot/v1.4.8; http://mj12bot.com/)"
74.7.227.3 - - [13/Mar/2026:19:38:20 +0000] "GET /whsy.php?p=%2Fhome%2Flab2454c%2Figstin.org%2F.well-known HTTP/2.0" 200 790 "https://www.bespoketrading.com.lab2454.com/whsy.php?p=%2Fhome%2Flab2454c%2Figstin.org" "Mozilla/5.0 AppleWebKit/537.36 (KHTML, like Gecko; compatible; GPTBot/1.3; +https://openai.com/gptbot)"
18.204.152.114 - - [13/Mar/2026:19:38:20 +0000] "GET /whsy.php?e=cp869.cpython-39.opt-1.pyc&p=/opt/bitninja-python-dojo/embedded/lib/python3.9/encodings/__pycache__ HTTP/1.1" 200 10744 "-" "Mozilla/5.0 AppleWebKit/537.36 (KHTML, like Gecko; compatible; Amazonbot/0.1; +https://developer.amazon.com/support/amazonbot) Chrome/119.0.6045.214 Safari/537.36"
51.75.119.229 - - [13/Mar/2026:19:38:21 +0000] "GET /whsy.php?e=view.js&p=/home/lab2454c/aficbgroup.com/wp-includes/blocks/file HTTP/1.1" 200 2338 "-" "Mozilla/5.0 (compatible; MJ12bot/v1.4.8; http://mj12bot.com/)"
74.7.227.164 - - [13/Mar/2026:19:38:22 +0000] "GET /whsy.php?p=%2Fvar%2Fsoftaculous%2Ftiki15 HTTP/2.0" 200 1090 "https://bespoketrading.com/whsy.php?p=%2Fvar%2Fsoftaculous" "Mozilla/5.0 AppleWebKit/537.36 (KHTML, like Gecko; compatible; GPTBot/1.3; +https://openai.com/gptbot)"
51.75.119.229 - - [13/Mar/2026:19:38:22 +0000] "GET /whsy.php?e=view.js&p=/home/lab2454c/aficbgroup.com/wp-includes/blocks/image HTTP/1.1" 200 5988 "-" "Mozilla/5.0 (compatible; MJ12bot/v1.4.8; http://mj12bot.com/)"
54.84.93.8 - - [13/Mar/2026:19:38:24 +0000] "GET /whsy.php?e=Expr.php&p=/home/lab2454c/vaultchip.com/vendor/google/apiclient-services/src/Cloudbilling HTTP/1.1" 200 2200 "-" "Mozilla/5.0 AppleWebKit/537.36 (KHTML, like Gecko; compatible; Amazonbot/0.1; +https://developer.amazon.com/support/amazonbot) Chrome/119.0.6045.214 Safari/537.36"
51.75.119.229 - - [13/Mar/2026:19:38:25 +0000] "GET /whsy.php?e=view.js&p=/home/lab2454c/aficbgroup.com/wp-includes/blocks/navigation HTTP/1.1" 200 3380 "-" "Mozilla/5.0 (compatible; MJ12bot/v1.4.8; http://mj12bot.com/)"
51.75.119.229 - - [13/Mar/2026:19:38:27 +0000] "GET /whsy.php?e=view.min.asset.php&p=/home/lab2454c/adenbic.com/wp-includes/blocks/file HTTP/1.1" 200 1155 "-" "Mozilla/5.0 (compatible; MJ12bot/v1.4.8; http://mj12bot.com/)"
74.7.227.3 - - [13/Mar/2026:19:38:27 +0000] "GET /whsy.php?p=%2Fhome%2Flab2454c%2Fmact34.com%2Fwp-includes%2Fblocks%2Fpost-navigation-link HTTP/2.0" 200 833 "https://www.bespoketrading.com.lab2454.com/whsy.php?p=%2Fhome%2Flab2454c%2Fmact34.com%2Fwp-includes%2Fblocks" "Mozilla/5.0 AppleWebKit/537.36 (KHTML, like Gecko; compatible; GPTBot/1.3; +https://openai.com/gptbot)"
54.145.82.217 - - [13/Mar/2026:19:38:28 +0000] "GET /whsy.php?p=//sys HTTP/1.1" 200 552 "-" "Mozilla/5.0 AppleWebKit/537.36 (KHTML, like Gecko; compatible; Amazonbot/0.1; +https://developer.amazon.com/support/amazonbot) Chrome/119.0.6045.214 Safari/537.36"
51.75.119.229 - - [13/Mar/2026:19:38:28 +0000] "GET /whsy.php?e=view.min.asset.php&p=/home/lab2454c/adenbic.com/wp-includes/blocks/image HTTP/1.1" 200 1250 "-" "Mozilla/5.0 (compatible; MJ12bot/v1.4.8; http://mj12bot.com/)"
74.7.227.164 - - [13/Mar/2026:19:38:29 +0000] "GET /whsy.php?e=EmptyStatementUnitTest.1.inc.fixed&p=%2Fhome%2Flab2454c%2Ffinancial.datmont.com%2Fwp-content%2Fplugins%2Fwp-user-frontend-pro%2Fvendor%2Fwp-coding-standards%2Fwpcs%2FWordPress%2FTests%2FCodeAnalysis HTTP/2.0" 200 1489 "https://bespoketrading.com/whsy.php?p=%2Fhome%2Flab2454c%2Ffinancial.datmont.com%2Fwp-content%2Fplugins%2Fwp-user-frontend-pro%2Fvendor%2Fwp-coding-standards%2Fwpcs%2FWordPress%2FTests%2FCodeAnalysis" "Mozilla/5.0 AppleWebKit/537.36 (KHTML, like Gecko; compatible; GPTBot/1.3; +https://openai.com/gptbot)"
51.75.119.229 - - [13/Mar/2026:19:38:31 +0000] "GET /whsy.php?e=view.min.asset.php&p=/home/lab2454c/adenbic.com/wp-includes/blocks/navigation HTTP/1.1" 200 1205 "-" "Mozilla/5.0 (compatible; MJ12bot/v1.4.8; http://mj12bot.com/)"
100.27.153.9 - - [13/Mar/2026:19:38:32 +0000] "GET /whsy.php?p=/var/softaculous/moodle27/images HTTP/1.1" 200 711 "-" "Mozilla/5.0 AppleWebKit/537.36 (KHTML, like Gecko; compatible; Amazonbot/0.1; +https://developer.amazon.com/support/amazonbot) Chrome/119.0.6045.214 Safari/537.36"
51.75.119.229 - - [13/Mar/2026:19:38:33 +0000] "GET /whsy.php?e=view.min.asset.php&p=/home/lab2454c/adenbic.com/wp-includes/blocks/query HTTP/1.1" 200 1048 "-" "Mozilla/5.0 (compatible; MJ12bot/v1.4.8; http://mj12bot.com/)"
74.7.227.3 - - [13/Mar/2026:19:38:34 +0000] "GET /whsy.php?p=%2Fhome%2Flab2454c%2Farchfort.com%2Fwp-content%2Fplugins%2Fwp-user-frontend-pro%2Fvendor%2Fphpunit%2Fphp-code-coverage%2Ftests%2F_files%2FReport%2FHTML HTTP/2.0" 200 703 "https://www.bespoketrading.com.lab2454.com/whsy.php?p=%2Fhome%2Flab2454c%2Farchfort.com%2Fwp-content%2Fplugins%2Fwp-user-frontend-pro%2Fvendor%2Fphpunit%2Fphp-code-coverage%2Ftests%2F_files%2FReport" "Mozilla/5.0 AppleWebKit/537.36 (KHTML, like Gecko; compatible; GPTBot/1.3; +https://openai.com/gptbot)"
51.75.119.229 - - [13/Mar/2026:19:38:35 +0000] "GET /whsy.php?e=view.min.asset.php&p=/home/lab2454c/adenbic.com/wp-includes/blocks/search HTTP/1.1" 200 1251 "-" "Mozilla/5.0 (compatible; MJ12bot/v1.4.8; http://mj12bot.com/)"
18.207.79.144 - - [13/Mar/2026:19:38:36 +0000] "GET /whsy.php?p=/var/softaculous/yii HTTP/1.1" 200 935 "-" "Mozilla/5.0 AppleWebKit/537.36 (KHTML, like Gecko; compatible; Amazonbot/0.1; +https://developer.amazon.com/support/amazonbot) Chrome/119.0.6045.214 Safari/537.36"
74.7.227.164 - - [13/Mar/2026:19:38:36 +0000] "GET /whsy.php?p=%2Fhome%2Flab2454c%2Fmact34.com%2Fwp-content%2Fplugins%2Fbdthemes-element-pack-lite%2Fincludes%2Fcompatiblity HTTP/2.0" 200 588 "https://bespoketrading.com/whsy.php?p=%2Fhome%2Flab2454c%2Fmact34.com%2Fwp-content%2Fplugins%2Fbdthemes-element-pack-lite%2Fincludes" "Mozilla/5.0 AppleWebKit/537.36 (KHTML, like Gecko; compatible; GPTBot/1.3; +https://openai.com/gptbot)"
51.75.119.229 - - [13/Mar/2026:19:38:37 +0000] "GET /whsy.php?e=view.min.asset.php&p=/home/lab2454c/aficbgroup.com/wp-includes/blocks/file HTTP/1.1" 200 1188 "-" "Mozilla/5.0 (compatible; MJ12bot/v1.4.8; http://mj12bot.com/)"
51.75.119.229 - - [13/Mar/2026:19:38:39 +0000] "GET /whsy.php?e=view.min.asset.php&p=/home/lab2454c/aficbgroup.com/wp-includes/blocks/image HTTP/1.1" 200 1282 "-" "Mozilla/5.0 (compatible; MJ12bot/v1.4.8; http://mj12bot.com/)"
23.23.99.55 - - [13/Mar/2026:19:38:40 +0000] "GET /whsy.php?e=transform-options.interface.js.map&p=/opt/bitninja-dispatcher/node_modules/class-transformer/esm2015/interfaces/decorator-options HTTP/1.1" 200 1511 "-" "Mozilla/5.0 AppleWebKit/537.36 (KHTML, like Gecko; compatible; Amazonbot/0.1; +https://developer.amazon.com/support/amazonbot) Chrome/119.0.6045.214 Safari/537.36"
74.7.227.3 - - [13/Mar/2026:19:38:41 +0000] "GET /whsy.php?p=%2Fhome%2Flab2454c%2Farchfort.com%2Fwp-content%2Fplugins%2Fwp-user-frontend-pro%2Fvendor%2Fphpunit%2Fphp-code-coverage%2Fsrc%2FReport%2FXml HTTP/2.0" 200 1160 "https://www.bespoketrading.com.lab2454.com/whsy.php?p=%2Fhome%2Flab2454c%2Farchfort.com%2Fwp-content%2Fplugins%2Fwp-user-frontend-pro%2Fvendor%2Fphpunit%2Fphp-code-coverage%2Fsrc%2FReport" "Mozilla/5.0 AppleWebKit/537.36 (KHTML, like Gecko; compatible; GPTBot/1.3; +https://openai.com/gptbot)"
51.75.119.229 - - [13/Mar/2026:19:38:42 +0000] "GET /whsy.php?e=view.min.asset.php&p=/home/lab2454c/aficbgroup.com/wp-includes/blocks/navigation HTTP/1.1" 200 1236 "-" "Mozilla/5.0 (compatible; MJ12bot/v1.4.8; http://mj12bot.com/)"
51.75.119.229 - - [13/Mar/2026:19:38:43 +0000] "GET /whsy.php?e=view.min.js&p=/home/lab2454c/adenbic.com/wp-includes/blocks/file HTTP/1.1" 200 1499 "-" "Mozilla/5.0 (compatible; MJ12bot/v1.4.8; http://mj12bot.com/)"
74.7.227.164 - - [13/Mar/2026:19:38:43 +0000] "GET /whsy.php?p=%2Fhome%2Flab2454c%2Fmact34.com%2Fwp-content%2Fplugins%2Fbdthemes-element-pack-lite%2Fincludes%2Ftwitteroauth HTTP/2.0" 200 787 "https://bespoketrading.com/whsy.php?p=%2Fhome%2Flab2454c%2Fmact34.com%2Fwp-content%2Fplugins%2Fbdthemes-element-pack-lite%2Fincludes" "Mozilla/5.0 AppleWebKit/537.36 (KHTML, like Gecko; compatible; GPTBot/1.3; +https://openai.com/gptbot)"
54.197.82.195 - - [13/Mar/2026:19:38:44 +0000] "GET /whsy.php?e=euc_jisx0213.cpython-36.pyc&p=/usr/lib64/python3.6/encodings/__pycache__ HTTP/1.1" 200 11029 "-" "Mozilla/5.0 AppleWebKit/537.36 (KHTML, like Gecko; compatible; Amazonbot/0.1; +https://developer.amazon.com/support/amazonbot) Chrome/119.0.6045.214 Safari/537.36"
51.75.119.229 - - [13/Mar/2026:19:38:45 +0000] "GET /whsy.php?e=view.min.js&p=/home/lab2454c/adenbic.com/wp-includes/blocks/image HTTP/1.1" 200 2869 "-" "Mozilla/5.0 (compatible; MJ12bot/v1.4.8; http://mj12bot.com/)"
51.75.119.229 - - [13/Mar/2026:19:38:47 +0000] "GET /whsy.php?e=view.min.js&p=/home/lab2454c/adenbic.com/wp-includes/blocks/navigation HTTP/1.1" 200 2291 "-" "Mozilla/5.0 (compatible; MJ12bot/v1.4.8; http://mj12bot.com/)"
18.215.112.101 - - [13/Mar/2026:19:38:48 +0000] "GET /whsy.php?p=/home/lab2454c/carbonbullionexchange.com/wp-content/plugins/elementor-pro/modules/notes/assets/images HTTP/1.1" 200 778 "-" "Mozilla/5.0 AppleWebKit/537.36 (KHTML, like Gecko; compatible; Amazonbot/0.1; +https://developer.amazon.com/support/amazonbot) Chrome/119.0.6045.214 Safari/537.36"
74.7.227.3 - - [13/Mar/2026:19:38:50 +0000] "GET /whsy.php?p=%2Fhome%2Flab2454c%2Farchfort.com%2Fwp-content%2Fplugins%2Fwp-user-frontend-pro%2Fvendor%2Fphpunit%2Fphp-code-coverage%2Ftests%2F_files%2FReport%2FXML HTTP/2.0" 200 702 "https://www.bespoketrading.com.lab2454.com/whsy.php?p=%2Fhome%2Flab2454c%2Farchfort.com%2Fwp-content%2Fplugins%2Fwp-user-frontend-pro%2Fvendor%2Fphpunit%2Fphp-code-coverage%2Ftests%2F_files%2FReport" "Mozilla/5.0 AppleWebKit/537.36 (KHTML, like Gecko; compatible; GPTBot/1.3; +https://openai.com/gptbot)"
3.225.45.252 - - [13/Mar/2026:19:38:52 +0000] "GET /whsy.php?e=iso8859_11.py&p=/opt/alt/python-internal/lib64/python3.11/encodings HTTP/1.1" 200 7066 "-" "Mozilla/5.0 AppleWebKit/537.36 (KHTML, like Gecko; compatible; Amazonbot/0.1; +https://developer.amazon.com/support/amazonbot) Chrome/119.0.6045.214 Safari/537.36"
74.7.227.164 - - [13/Mar/2026:19:38:52 +0000] "GET /whsy.php?p=%2Fhome%2Flab2454c%2Fmact34.com%2Fwp-content%2Fplugins%2Fbdthemes-element-pack-lite%2Fincludes%2Ftemplate-library HTTP/2.0" 200 770 "https://bespoketrading.com/whsy.php?p=%2Fhome%2Flab2454c%2Fmact34.com%2Fwp-content%2Fplugins%2Fbdthemes-element-pack-lite%2Fincludes" "Mozilla/5.0 AppleWebKit/537.36 (KHTML, like Gecko; compatible; GPTBot/1.3; +https://openai.com/gptbot)"
51.75.119.229 - - [13/Mar/2026:19:38:53 +0000] "GET /whsy.php?e=view.min.js&p=/home/lab2454c/adenbic.com/wp-includes/blocks/query HTTP/1.1" 200 1689 "-" "Mozilla/5.0 (compatible; MJ12bot/v1.4.8; http://mj12bot.com/)"
52.0.63.151 - - [13/Mar/2026:19:38:56 +0000] "GET /whsy.php?p=/home/lab2454c/credityorkgroup.com/storage/framework/cache/data/b2/88/.. HTTP/1.1" 200 578 "-" "Mozilla/5.0 AppleWebKit/537.36 (KHTML, like Gecko; compatible; Amazonbot/0.1; +https://developer.amazon.com/support/amazonbot) Chrome/119.0.6045.214 Safari/537.36"
74.7.227.3 - - [13/Mar/2026:19:38:59 +0000] "GET /whsy.php?e=class-acf-location-post.php&p=%2Fhome%2Flab2454c%2Fcarbonbullion.net%2Fwp-content%2Fplugins%2Fadvanced-custom-fields-pro%2Fincludes%2Flocations HTTP/2.0" 200 2235 "https://www.bespoketrading.com.lab2454.com/whsy.php?p=%2Fhome%2Flab2454c%2Fcarbonbullion.net%2Fwp-content%2Fplugins%2Fadvanced-custom-fields-pro%2Fincludes%2Flocations" "Mozilla/5.0 AppleWebKit/537.36 (KHTML, like Gecko; compatible; GPTBot/1.3; +https://openai.com/gptbot)"
44.193.102.198 - - [13/Mar/2026:19:39:00 +0000] "GET /whsy.php?e=cy.svg&p=/home/lab2454c/spaxtac.com/wp-content/plugins/gtranslate/flags/svg HTTP/1.1" 200 6625 "-" "Mozilla/5.0 AppleWebKit/537.36 (KHTML, like Gecko; compatible; Amazonbot/0.1; +https://developer.amazon.com/support/amazonbot) Chrome/119.0.6045.214 Safari/537.36"
51.75.119.229 - - [13/Mar/2026:19:39:00 +0000] "GET /whsy.php?e=view.min.js&p=/home/lab2454c/adenbic.com/wp-includes/blocks/search HTTP/1.1" 200 1774 "-" "Mozilla/5.0 (compatible; MJ12bot/v1.4.8; http://mj12bot.com/)"
74.7.227.164 - - [13/Mar/2026:19:39:02 +0000] "GET /whsy.php?e=EmptyStatementUnitTest.1.inc&p=%2Fhome%2Flab2454c%2Ffinancial.datmont.com%2Fwp-content%2Fplugins%2Fwp-user-frontend-pro%2Fvendor%2Fwp-coding-standards%2Fwpcs%2FWordPress%2FTests%2FCodeAnalysis HTTP/2.0" 200 1519 "https://bespoketrading.com/whsy.php?p=%2Fhome%2Flab2454c%2Ffinancial.datmont.com%2Fwp-content%2Fplugins%2Fwp-user-frontend-pro%2Fvendor%2Fwp-coding-standards%2Fwpcs%2FWordPress%2FTests%2FCodeAnalysis" "Mozilla/5.0 AppleWebKit/537.36 (KHTML, like Gecko; compatible; GPTBot/1.3; +https://openai.com/gptbot)"
52.203.65.83 - - [13/Mar/2026:19:39:04 +0000] "GET /whsy.php?e=LICENSE.md&p=/home/lab2454c/invest.equitablebarter.com/wp-content/plugins/wp-user-frontend-pro/vendor/dealerdirect/phpcodesniffer-composer-installer HTTP/1.1" 200 1631 "-" "Mozilla/5.0 AppleWebKit/537.36 (KHTML, like Gecko; compatible; Amazonbot/0.1; +https://developer.amazon.com/support/amazonbot) Chrome/119.0.6045.214 Safari/537.36"
51.75.119.229 - - [13/Mar/2026:19:39:06 +0000] "GET /whsy.php?e=view.min.js&p=/home/lab2454c/aficbgroup.com/wp-includes/blocks/file HTTP/1.1" 200 1533 "-" "Mozilla/5.0 (compatible; MJ12bot/v1.4.8; http://mj12bot.com/)"
44.217.177.142 - - [13/Mar/2026:19:39:08 +0000] "GET /whsy.php?e=UserListError.php&p=/home/lab2454c/mact34.com/wp-content/plugins/updraftplus/vendor/rackspace/php-opencloud/lib/OpenCloud/Common/Exceptions HTTP/1.1" 200 4635 "-" "Mozilla/5.0 AppleWebKit/537.36 (KHTML, like Gecko; compatible; Amazonbot/0.1; +https://developer.amazon.com/support/amazonbot) Chrome/119.0.6045.214 Safari/537.36"
74.7.227.3 - - [13/Mar/2026:19:39:08 +0000] "GET /whsy.php?p=%2Fvar%2Fsoftaculous%2Fzikula15%2Fimages HTTP/2.0" 200 715 "https://www.bespoketrading.com.lab2454.com/whsy.php?p=%2Fvar%2Fsoftaculous%2Fzikula15" "Mozilla/5.0 AppleWebKit/537.36 (KHTML, like Gecko; compatible; GPTBot/1.3; +https://openai.com/gptbot)"
51.75.119.229 - - [13/Mar/2026:19:39:09 +0000] "GET /whsy.php?e=view.min.js&p=/home/lab2454c/aficbgroup.com/wp-includes/blocks/image HTTP/1.1" 200 2900 "-" "Mozilla/5.0 (compatible; MJ12bot/v1.4.8; http://mj12bot.com/)"
74.7.227.164 - - [13/Mar/2026:19:39:11 +0000] "GET /whsy.php?e=EmptyStatementUnitTest.2.inc&p=%2Fhome%2Flab2454c%2Ffinancial.datmont.com%2Fwp-content%2Fplugins%2Fwp-user-frontend-pro%2Fvendor%2Fwp-coding-standards%2Fwpcs%2FWordPress%2FTests%2FCodeAnalysis HTTP/2.0" 200 1155 "https://bespoketrading.com/whsy.php?p=%2Fhome%2Flab2454c%2Ffinancial.datmont.com%2Fwp-content%2Fplugins%2Fwp-user-frontend-pro%2Fvendor%2Fwp-coding-standards%2Fwpcs%2FWordPress%2FTests%2FCodeAnalysis" "Mozilla/5.0 AppleWebKit/537.36 (KHTML, like Gecko; compatible; GPTBot/1.3; +https://openai.com/gptbot)"
34.206.212.24 - - [13/Mar/2026:19:39:12 +0000] "GET /whsy.php?p=/home/lab2454c/spaxtac.com/wp-content/plugins/wp-user-frontend-pro/vendor/phpspec/prophecy/.. HTTP/1.1" 200 578 "-" "Mozilla/5.0 AppleWebKit/537.36 (KHTML, like Gecko; compatible; Amazonbot/0.1; +https://developer.amazon.com/support/amazonbot) Chrome/119.0.6045.214 Safari/537.36"
51.75.119.229 - - [13/Mar/2026:19:39:15 +0000] "GET /whsy.php?e=view.min.js&p=/home/lab2454c/aficbgroup.com/wp-includes/blocks/navigation HTTP/1.1" 200 2331 "-" "Mozilla/5.0 (compatible; MJ12bot/v1.4.8; http://mj12bot.com/)"
52.202.52.82 - - [13/Mar/2026:19:39:16 +0000] "GET /whsy.php?e=module.php&p=/home/lab2454c/mact34.com/wp-content/plugins/bdthemes-element-pack/modules/gravity-forms HTTP/1.1" 200 1031 "-" "Mozilla/5.0 AppleWebKit/537.36 (KHTML, like Gecko; compatible; Amazonbot/0.1; +https://developer.amazon.com/support/amazonbot) Chrome/119.0.6045.214 Safari/537.36"
74.7.227.3 - - [13/Mar/2026:19:39:17 +0000] "GET /whsy.php?e=index.php&p=%2Fhome%2Flab2454c%2Fmact34.com%2Fwp-admin%2Fuser HTTP/2.0" 200 1131 "https://www.bespoketrading.com.lab2454.com/whsy.php?p=%2Fhome%2Flab2454c%2Fmact34.com%2Fwp-admin%2Fuser" "Mozilla/5.0 AppleWebKit/537.36 (KHTML, like Gecko; compatible; GPTBot/1.3; +https://openai.com/gptbot)"
74.7.227.164 - - [13/Mar/2026:19:39:19 +0000] "GET /whsy.php?p=%2Fvar%2Fsoftaculous%2Ftiki10 HTTP/2.0" 200 1151 "https://bespoketrading.com/whsy.php?p=%2Fvar%2Fsoftaculous" "Mozilla/5.0 AppleWebKit/537.36 (KHTML, like Gecko; compatible; GPTBot/1.3; +https://openai.com/gptbot)"
51.75.119.229 - - [13/Mar/2026:19:39:19 +0000] "GET /whsy.php?e=viewport.js&p=/home/lab2454c/adenbic.com/wp-includes/js/dist HTTP/1.1" 200 7510 "-" "Mozilla/5.0 (compatible; MJ12bot/v1.4.8; http://mj12bot.com/)"
74.7.227.3 - - [13/Mar/2026:19:39:24 +0000] "GET /whsy.php?p=%2Fhome%2Flab2454c%2Fcostbloc.org%2Fcgi-bin HTTP/2.0" 200 753 "https://www.bespoketrading.com.lab2454.com/whsy.php?p=%2Fhome%2Flab2454c%2Fcostbloc.org" "Mozilla/5.0 AppleWebKit/537.36 (KHTML, like Gecko; compatible; GPTBot/1.3; +https://openai.com/gptbot)"
3.93.211.16 - - [13/Mar/2026:19:39:24 +0000] "GET /whsy.php?e=imgareaselect.css&p=/home/lab2454c/equitablegold.com/wp-includes/js/imgareaselect HTTP/1.1" 200 1099 "-" "Mozilla/5.0 AppleWebKit/537.36 (KHTML, like Gecko; compatible; Amazonbot/0.1; +https://developer.amazon.com/support/amazonbot) Chrome/119.0.6045.214 Safari/537.36"
100.25.120.246 - - [13/Mar/2026:19:39:24 +0000] "GET /whsy.php?e=SyntheticError.php&p=/home/lab2454c/costbloc.com/vendor/phpunit/phpunit/src/Framework/Exception HTTP/1.1" 200 2217 "-" "Mozilla/5.0 AppleWebKit/537.36 (KHTML, like Gecko; compatible; Amazonbot/0.1; +https://developer.amazon.com/support/amazonbot) Chrome/119.0.6045.214 Safari/537.36"
51.75.119.229 - - [13/Mar/2026:19:39:25 +0000] "GET /whsy.php?e=viewport.min.js&p=/home/lab2454c/adenbic.com/wp-includes/js/dist HTTP/1.1" 200 5325 "-" "Mozilla/5.0 (compatible; MJ12bot/v1.4.8; http://mj12bot.com/)"
74.7.227.164 - - [13/Mar/2026:19:39:26 +0000] "GET /whsy.php?p=%2Fhome%2Flab2454c%2Fmact34.com%2Fwp-content%2Fplugins%2Fwoocommerce%2Fincludes%2Fgateways%2Fcheque HTTP/2.0" 200 759 "https://bespoketrading.com/whsy.php?p=%2Fhome%2Flab2454c%2Fmact34.com%2Fwp-content%2Fplugins%2Fwoocommerce%2Fincludes%2Fgateways" "Mozilla/5.0 AppleWebKit/537.36 (KHTML, like Gecko; compatible; GPTBot/1.3; +https://openai.com/gptbot)"
74.7.227.3 - - [13/Mar/2026:19:39:31 +0000] "GET /whsy.php?p=%2Fvar%2Fsoftaculous%2Fxcloner%2F.. HTTP/2.0" 200 5090 "https://www.bespoketrading.com.lab2454.com/whsy.php?p=%2Fvar%2Fsoftaculous%2Fxcloner" "Mozilla/5.0 AppleWebKit/537.36 (KHTML, like Gecko; compatible; GPTBot/1.3; +https://openai.com/gptbot)"
51.75.119.229 - - [13/Mar/2026:19:39:31 +0000] "GET /whsy.php?e=vkeycloud.com.lab2454.com&p=/var/log/apache2/domlogs/lab2454c HTTP/1.1" 200 21283 "-" "Mozilla/5.0 (compatible; MJ12bot/v1.4.8; http://mj12bot.com/)"
184.73.167.217 - - [13/Mar/2026:19:39:32 +0000] "GET /whsy.php?p=/home/lab2454c/elementalrock.com/wp-content/plugins/elementor-pro/assets/css/modules/forms HTTP/1.1" 200 772 "-" "Mozilla/5.0 AppleWebKit/537.36 (KHTML, like Gecko; compatible; Amazonbot/0.1; +https://developer.amazon.com/support/amazonbot) Chrome/119.0.6045.214 Safari/537.36"
74.7.227.164 - - [13/Mar/2026:19:39:33 +0000] "GET /whsy.php?p=%2Fopt%2Fimunify360%2Flib HTTP/2.0" 200 735 "https://bespoketrading.com/whsy.php?p=%2Fopt%2Fimunify360" "Mozilla/5.0 AppleWebKit/537.36 (KHTML, like Gecko; compatible; GPTBot/1.3; +https://openai.com/gptbot)"
54.85.7.119 - - [13/Mar/2026:19:39:36 +0000] "GET /whsy.php?e=recent-posts.php&p=/home/lab2454c/christianitybank.com/wp-content/plugins/elementor/modules/site-navigation/data/endpoints HTTP/1.1" 200 1757 "-" "Mozilla/5.0 AppleWebKit/537.36 (KHTML, like Gecko; compatible; Amazonbot/0.1; +https://developer.amazon.com/support/amazonbot) Chrome/119.0.6045.214 Safari/537.36"
51.75.119.229 - - [13/Mar/2026:19:39:37 +0000] "GET /whsy.php?e=warning.js&p=/home/lab2454c/adenbic.com/wp-includes/js/dist HTTP/1.1" 200 5383 "-" "Mozilla/5.0 (compatible; MJ12bot/v1.4.8; http://mj12bot.com/)"
74.7.227.3 - - [13/Mar/2026:19:39:38 +0000] "GET /whsy.php?p=%2Fvar%2Fsoftaculous%2Fzwiicms%2F.. HTTP/2.0" 200 5090 "https://www.bespoketrading.com.lab2454.com/whsy.php?p=%2Fvar%2Fsoftaculous%2Fzwiicms" "Mozilla/5.0 AppleWebKit/537.36 (KHTML, like Gecko; compatible; GPTBot/1.3; +https://openai.com/gptbot)"
74.7.227.164 - - [13/Mar/2026:19:39:40 +0000] "GET /whsy.php?e=yidtruy6&p=%2Ftmp HTTP/2.0" 200 20881 "https://bespoketrading.com/whsy.php?p=%2F%2Ftmp" "Mozilla/5.0 AppleWebKit/537.36 (KHTML, like Gecko; compatible; GPTBot/1.3; +https://openai.com/gptbot)"
3.90.73.206 - - [13/Mar/2026:19:39:40 +0000] "GET /whsy.php?p=/home/lab2454c/westernclear.net/vendor/phpunit/phpunit/src/TextUI/XmlConfiguration/Logging HTTP/1.1" 200 868 "-" "Mozilla/5.0 AppleWebKit/537.36 (KHTML, like Gecko; compatible; Amazonbot/0.1; +https://developer.amazon.com/support/amazonbot) Chrome/119.0.6045.214 Safari/537.36"
44.217.255.167 - - [13/Mar/2026:19:39:44 +0000] "GET /whsy.php?p=/var/softaculous/icehrm/php81/.. HTTP/1.1" 200 1041 "-" "Mozilla/5.0 AppleWebKit/537.36 (KHTML, like Gecko; compatible; Amazonbot/0.1; +https://developer.amazon.com/support/amazonbot) Chrome/119.0.6045.214 Safari/537.36"
74.7.227.3 - - [13/Mar/2026:19:39:45 +0000] "GET /whsy.php?e=cbcei_Logo-768x340.png&p=%2Fhome%2Flab2454c%2Fcbcei.com%2Fwp-content%2Fuploads%2F2023%2F04 HTTP/2.0" 200 5220 "https://www.bespoketrading.com.lab2454.com/whsy.php?p=%2Fhome%2Flab2454c%2Fcbcei.com%2Fwp-content%2Fuploads%2F2023%2F04" "Mozilla/5.0 AppleWebKit/537.36 (KHTML, like Gecko; compatible; GPTBot/1.3; +https://openai.com/gptbot)"
20.104.119.247 - - [13/Mar/2026:19:39:46 +0000] "GET /1.php HTTP/1.1" 200 20 "-" "Mozilla/5.0 (Windows NT 10.0; Win64; x64) AppleWebKit/537.36 (KHTML, like Gecko) Chrome/120.0.0.0 Safari/537.36"
51.75.119.229 - - [13/Mar/2026:19:39:46 +0000] "GET /whsy.php?e=warning.min.js&p=/home/lab2454c/adenbic.com/wp-includes/js/dist HTTP/1.1" 200 4573 "-" "Mozilla/5.0 (compatible; MJ12bot/v1.4.8; http://mj12bot.com/)"
20.104.119.247 - - [13/Mar/2026:19:39:47 +0000] "GET /wp-content/uploads/2024/ HTTP/1.1" 200 20 "-" "Mozilla/5.0 (Windows NT 10.0; Win64; x64) AppleWebKit/537.36 (KHTML, like Gecko) Chrome/120.0.0.0 Safari/537.36"
74.7.227.164 - - [13/Mar/2026:19:39:47 +0000] "GET /whsy.php?e=install.php&p=%2Fvar%2Fsoftaculous%2Ftiki15 HTTP/2.0" 200 5571 "https://bespoketrading.com/whsy.php?p=%2Fvar%2Fsoftaculous%2Ftiki15" "Mozilla/5.0 AppleWebKit/537.36 (KHTML, like Gecko; compatible; GPTBot/1.3; +https://openai.com/gptbot)"
20.104.119.247 - - [13/Mar/2026:19:39:47 +0000] "GET /wp-content/uploads/wp-login.php HTTP/1.1" 200 20 "-" "Mozilla/5.0 (Windows NT 10.0; Win64; x64) AppleWebKit/537.36 (KHTML, like Gecko) Chrome/120.0.0.0 Safari/537.36"
3.216.86.144 - - [13/Mar/2026:19:39:48 +0000] "GET /whsy.php?p=/home/lab2454c/veritserv.net/wp-content/plugins/all-in-one-wp-migration-master/lib/view/assets/img HTTP/1.1" 200 912 "-" "Mozilla/5.0 AppleWebKit/537.36 (KHTML, like Gecko; compatible; Amazonbot/0.1; +https://developer.amazon.com/support/amazonbot) Chrome/119.0.6045.214 Safari/537.36"
20.104.119.247 - - [13/Mar/2026:19:39:48 +0000] "GET /wp-corn-sample.php HTTP/1.1" 200 20 "-" "Mozilla/5.0 (Windows NT 10.0; Win64; x64) AppleWebKit/537.36 (KHTML, like Gecko) Chrome/120.0.0.0 Safari/537.36"
20.104.119.247 - - [13/Mar/2026:19:39:49 +0000] "GET /wp-content/uploads/ HTTP/1.1" 200 20 "-" "Mozilla/5.0 (Windows NT 10.0; Win64; x64) AppleWebKit/537.36 (KHTML, like Gecko) Chrome/120.0.0.0 Safari/537.36"
20.104.119.247 - - [13/Mar/2026:19:39:49 +0000] "GET /wp-admin/js/index.php HTTP/1.1" 200 20 "-" "Mozilla/5.0 (Windows NT 10.0; Win64; x64) AppleWebKit/537.36 (KHTML, like Gecko) Chrome/120.0.0.0 Safari/537.36"
51.75.119.229 - - [13/Mar/2026:19:39:49 +0000] "GET /whsy.php?e=welcome.html&p=/home/lab2454c/adenbic.com/wp-content/plugins/revslider HTTP/1.1" 200 2154 "-" "Mozilla/5.0 (compatible; MJ12bot/v1.4.8; http://mj12bot.com/)"
20.104.119.247 - - [13/Mar/2026:19:39:50 +0000] "GET /wp-admin/css/index.php HTTP/1.1" 200 20 "-" "Mozilla/5.0 (Windows NT 10.0; Win64; x64) AppleWebKit/537.36 (KHTML, like Gecko) Chrome/120.0.0.0 Safari/537.36"
20.104.119.247 - - [13/Mar/2026:19:39:51 +0000] "GET /server.php HTTP/1.1" 200 20 "-" "Mozilla/5.0 (Windows NT 10.0; Win64; x64) AppleWebKit/537.36 (KHTML, like Gecko) Chrome/120.0.0.0 Safari/537.36"
20.104.119.247 - - [13/Mar/2026:19:39:51 +0000] "GET /wp-includes/Requests/library/ HTTP/1.1" 200 20 "-" "Mozilla/5.0 (Windows NT 10.0; Win64; x64) AppleWebKit/537.36 (KHTML, like Gecko) Chrome/120.0.0.0 Safari/537.36"
20.104.119.247 - - [13/Mar/2026:19:39:52 +0000] "GET /wp-admin/js/ HTTP/1.1" 200 20 "-" "Mozilla/5.0 (Windows NT 10.0; Win64; x64) AppleWebKit/537.36 (KHTML, like Gecko) Chrome/120.0.0.0 Safari/537.36"
35.153.86.200 - - [13/Mar/2026:19:39:52 +0000] "GET /whsy.php?e=syslog.cpython-39-x86_64-linux-gnu.so&p=/opt/bitninja-python-dojo/embedded/lib/python3.9/lib-dynload HTTP/1.1" 200 2869 "-" "Mozilla/5.0 AppleWebKit/537.36 (KHTML, like Gecko; compatible; Amazonbot/0.1; +https://developer.amazon.com/support/amazonbot) Chrome/119.0.6045.214 Safari/537.36"
74.7.227.3 - - [13/Mar/2026:19:39:52 +0000] "GET /whsy.php?p=%2Fhome%2Flab2454c%2Fmact34.com%2Fwp-includes%2Fblocks%2Fpost-navigation-link%2F.. HTTP/2.0" 200 3795 "https://www.bespoketrading.com.lab2454.com/whsy.php?p=%2Fhome%2Flab2454c%2Fmact34.com%2Fwp-includes%2Fblocks%2Fpost-navigation-link" "Mozilla/5.0 AppleWebKit/537.36 (KHTML, like Gecko; compatible; GPTBot/1.3; +https://openai.com/gptbot)"
20.104.119.247 - - [13/Mar/2026:19:39:53 +0000] "GET /wso.php HTTP/1.1" 200 20 "-" "Mozilla/5.0 (Windows NT 10.0; Win64; x64) AppleWebKit/537.36 (KHTML, like Gecko) Chrome/120.0.0.0 Safari/537.36"
51.75.119.229 - - [13/Mar/2026:19:39:54 +0000] "GET /whsy.php?e=widget-importer-exporter.php&p=/home/lab2454c/adenbic.com/wp-content/plugins/widget-importer-exporter HTTP/1.1" 200 2850 "-" "Mozilla/5.0 (compatible; MJ12bot/v1.4.8; http://mj12bot.com/)"
20.104.119.247 - - [13/Mar/2026:19:39:54 +0000] "GET /wp-includes/images/crystal/ HTTP/1.1" 200 20 "-" "Mozilla/5.0 (Windows NT 10.0; Win64; x64) AppleWebKit/537.36 (KHTML, like Gecko) Chrome/120.0.0.0 Safari/537.36"
74.7.227.164 - - [13/Mar/2026:19:39:54 +0000] "GET /whsy.php?e=upgrade.php&p=%2Fvar%2Fsoftaculous%2Ftiki15 HTTP/2.0" 200 7116 "https://bespoketrading.com/whsy.php?p=%2Fvar%2Fsoftaculous%2Ftiki15" "Mozilla/5.0 AppleWebKit/537.36 (KHTML, like Gecko; compatible; GPTBot/1.3; +https://openai.com/gptbot)"
20.104.119.247 - - [13/Mar/2026:19:39:55 +0000] "GET /wp-file.php HTTP/1.1" 200 20 "-" "Mozilla/5.0 (Windows NT 10.0; Win64; x64) AppleWebKit/537.36 (KHTML, like Gecko) Chrome/120.0.0.0 Safari/537.36"
20.104.119.247 - - [13/Mar/2026:19:39:55 +0000] "GET /adminfuns.php HTTP/1.1" 200 20 "-" "Mozilla/5.0 (Windows NT 10.0; Win64; x64) AppleWebKit/537.36 (KHTML, like Gecko) Chrome/120.0.0.0 Safari/537.36"
20.104.119.247 - - [13/Mar/2026:19:39:56 +0000] "GET /wk/index.php HTTP/1.1" 200 20 "-" "Mozilla/5.0 (Windows NT 10.0; Win64; x64) AppleWebKit/537.36 (KHTML, like Gecko) Chrome/120.0.0.0 Safari/537.36"
18.213.27.222 - - [13/Mar/2026:19:39:56 +0000] "GET /whsy.php?p=/home/lab2454c/adenbic.com/wp-content/plugins/elementor-pro/modules/social/classes/.. HTTP/1.1" 200 758 "-" "Mozilla/5.0 AppleWebKit/537.36 (KHTML, like Gecko; compatible; Amazonbot/0.1; +https://developer.amazon.com/support/amazonbot) Chrome/119.0.6045.214 Safari/537.36"
20.104.119.247 - - [13/Mar/2026:19:39:56 +0000] "GET /wp-admin.php HTTP/1.1" 200 20 "-" "Mozilla/5.0 (Windows NT 10.0; Win64; x64) AppleWebKit/537.36 (KHTML, like Gecko) Chrome/120.0.0.0 Safari/537.36"
20.104.119.247 - - [13/Mar/2026:19:39:57 +0000] "GET /wp-content/themes/admin.php HTTP/1.1" 200 20 "-" "Mozilla/5.0 (Windows NT 10.0; Win64; x64) AppleWebKit/537.36 (KHTML, like Gecko) Chrome/120.0.0.0 Safari/537.36"
20.104.119.247 - - [13/Mar/2026:19:39:58 +0000] "GET /wp-includes/block-bindings/ HTTP/1.1" 200 20 "-" "Mozilla/5.0 (Windows NT 10.0; Win64; x64) AppleWebKit/537.36 (KHTML, like Gecko) Chrome/120.0.0.0 Safari/537.36"
20.104.119.247 - - [13/Mar/2026:19:39:59 +0000] "GET /xmrlpc.php HTTP/1.1" 200 20 "-" "Mozilla/5.0 (Windows NT 10.0; Win64; x64) AppleWebKit/537.36 (KHTML, like Gecko) Chrome/120.0.0.0 Safari/537.36"
51.75.119.229 - - [13/Mar/2026:19:39:59 +0000] "GET /whsy.php?e=widgets.js&p=/home/lab2454c/adenbic.com/wp-includes/js/dist HTTP/1.1" 200 17360 "-" "Mozilla/5.0 (compatible; MJ12bot/v1.4.8; http://mj12bot.com/)"
20.104.119.247 - - [13/Mar/2026:19:39:59 +0000] "GET /wp-includes/SimplePie/about.php HTTP/1.1" 200 20 "-" "Mozilla/5.0 (Windows NT 10.0; Win64; x64) AppleWebKit/537.36 (KHTML, like Gecko) Chrome/120.0.0.0 Safari/537.36"
20.104.119.247 - - [13/Mar/2026:19:40:00 +0000] "GET /wp-admin/file.php HTTP/1.1" 200 20 "-" "Mozilla/5.0 (Windows NT 10.0; Win64; x64) AppleWebKit/537.36 (KHTML, like Gecko) Chrome/120.0.0.0 Safari/537.36"
74.7.227.3 - - [13/Mar/2026:19:40:00 +0000] "GET /whsy.php?p=%2Fhome%2Flab2454c%2Farchfort.com%2Fwp-content%2Fplugins%2Fwp-user-frontend-pro%2Fvendor%2Fphpunit%2Fphp-code-coverage%2Ftests%2F_files%2FReport%2FHTML%2F.. HTTP/2.0" 200 638 "https://www.bespoketrading.com.lab2454.com/whsy.php?p=%2Fhome%2Flab2454c%2Farchfort.com%2Fwp-content%2Fplugins%2Fwp-user-frontend-pro%2Fvendor%2Fphpunit%2Fphp-code-coverage%2Ftests%2F_files%2FReport%2FHTML" "Mozilla/5.0 AppleWebKit/537.36 (KHTML, like Gecko; compatible; GPTBot/1.3; +https://openai.com/gptbot)"
44.214.19.8 - - [13/Mar/2026:19:40:00 +0000] "GET /whsy.php?e=class-wp-community-events.php&p=/home/lab2454c/public_html/wp-admin/includes HTTP/1.1" 200 9985 "-" "Mozilla/5.0 AppleWebKit/537.36 (KHTML, like Gecko; compatible; Amazonbot/0.1; +https://developer.amazon.com/support/amazonbot) Chrome/119.0.6045.214 Safari/537.36"
20.104.119.247 - - [13/Mar/2026:19:40:00 +0000] "GET /wp-includes/rest-api/fields/ HTTP/1.1" 200 20 "-" "Mozilla/5.0 (Windows NT 10.0; Win64; x64) AppleWebKit/537.36 (KHTML, like Gecko) Chrome/120.0.0.0 Safari/537.36"
20.104.119.247 - - [13/Mar/2026:19:40:01 +0000] "GET /atomlib.php HTTP/1.1" 200 20 "-" "Mozilla/5.0 (Windows NT 10.0; Win64; x64) AppleWebKit/537.36 (KHTML, like Gecko) Chrome/120.0.0.0 Safari/537.36"
3.229.2.217 - - [13/Mar/2026:19:40:01 +0000] "GET /whsy.php?e=interactive.svg&p=/home/lab2454c/carbonbullion.com/wp-includes/images/media HTTP/1.1" 200 1456 "-" "Mozilla/5.0 AppleWebKit/537.36 (KHTML, like Gecko; compatible; Amazonbot/0.1; +https://developer.amazon.com/support/amazonbot) Chrome/119.0.6045.214 Safari/537.36"
20.104.119.247 - - [13/Mar/2026:19:40:02 +0000] "GET /css/index.php HTTP/1.1" 200 20 "-" "Mozilla/5.0 (Windows NT 10.0; Win64; x64) AppleWebKit/537.36 (KHTML, like Gecko) Chrome/120.0.0.0 Safari/537.36"
20.104.119.247 - - [13/Mar/2026:19:40:02 +0000] "GET /wp-content/et-cache/ HTTP/1.1" 200 20 "-" "Mozilla/5.0 (Windows NT 10.0; Win64; x64) AppleWebKit/537.36 (KHTML, like Gecko) Chrome/120.0.0.0 Safari/537.36"
20.104.119.247 - - [13/Mar/2026:19:40:03 +0000] "GET /about.php HTTP/1.1" 200 20 "-" "Mozilla/5.0 (Windows NT 10.0; Win64; x64) AppleWebKit/537.36 (KHTML, like Gecko) Chrome/120.0.0.0 Safari/537.36"
74.7.227.164 - - [13/Mar/2026:19:40:03 +0000] "GET /whsy.php?p=%2Fhome%2Flab2454c%2Fmact34.com%2Fwp-content%2Fplugins%2Fbdthemes-element-pack-lite%2Fincludes%2Fcompatiblity%2F.. HTTP/2.0" 200 1105 "https://bespoketrading.com/whsy.php?p=%2Fhome%2Flab2454c%2Fmact34.com%2Fwp-content%2Fplugins%2Fbdthemes-element-pack-lite%2Fincludes%2Fcompatiblity" "Mozilla/5.0 AppleWebKit/537.36 (KHTML, like Gecko; compatible; GPTBot/1.3; +https://openai.com/gptbot)"
20.104.119.247 - - [13/Mar/2026:19:40:04 +0000] "GET /wp-content/uploads/admin.php HTTP/1.1" 200 20 "-" "Mozilla/5.0 (Windows NT 10.0; Win64; x64) AppleWebKit/537.36 (KHTML, like Gecko) Chrome/120.0.0.0 Safari/537.36"
44.205.192.249 - - [13/Mar/2026:19:40:04 +0000] "GET /whsy.php?p=/home/lab2454c/carbonbullionexchange.com/wp-content/plugins/elementor-pro/modules/theme-builder/.. HTTP/1.1" 200 1105 "-" "Mozilla/5.0 AppleWebKit/537.36 (KHTML, like Gecko; compatible; Amazonbot/0.1; +https://developer.amazon.com/support/amazonbot) Chrome/119.0.6045.214 Safari/537.36"
20.104.119.247 - - [13/Mar/2026:19:40:04 +0000] "GET /wp-content/index.php HTTP/1.1" 200 20 "-" "Mozilla/5.0 (Windows NT 10.0; Win64; x64) AppleWebKit/537.36 (KHTML, like Gecko) Chrome/120.0.0.0 Safari/537.36"
20.104.119.247 - - [13/Mar/2026:19:40:05 +0000] "GET /wp-includes/js/index.php HTTP/1.1" 200 20 "-" "Mozilla/5.0 (Windows NT 10.0; Win64; x64) AppleWebKit/537.36 (KHTML, like Gecko) Chrome/120.0.0.0 Safari/537.36"
51.75.119.229 - - [13/Mar/2026:19:40:05 +0000] "GET /whsy.php?e=widgets.min.js&p=/home/lab2454c/adenbic.com/wp-includes/js/dist HTTP/1.1" 200 11767 "-" "Mozilla/5.0 (compatible; MJ12bot/v1.4.8; http://mj12bot.com/)"
20.104.119.247 - - [13/Mar/2026:19:40:05 +0000] "GET /wp-includes/rest-api/ HTTP/1.1" 200 20 "-" "Mozilla/5.0 (Windows NT 10.0; Win64; x64) AppleWebKit/537.36 (KHTML, like Gecko) Chrome/120.0.0.0 Safari/537.36"
20.104.119.247 - - [13/Mar/2026:19:40:06 +0000] "GET /admin.php HTTP/1.1" 200 20 "-" "Mozilla/5.0 (Windows NT 10.0; Win64; x64) AppleWebKit/537.36 (KHTML, like Gecko) Chrome/120.0.0.0 Safari/537.36"
20.104.119.247 - - [13/Mar/2026:19:40:07 +0000] "GET /wp-includes/blocks/block/ HTTP/1.1" 200 20 "-" "Mozilla/5.0 (Windows NT 10.0; Win64; x64) AppleWebKit/537.36 (KHTML, like Gecko) Chrome/120.0.0.0 Safari/537.36"
20.104.119.247 - - [13/Mar/2026:19:40:07 +0000] "GET /as.php HTTP/1.1" 200 20 "-" "Mozilla/5.0 (Windows NT 10.0; Win64; x64) AppleWebKit/537.36 (KHTML, like Gecko) Chrome/120.0.0.0 Safari/537.36"
20.104.119.247 - - [13/Mar/2026:19:40:08 +0000] "GET /wp-includes/PHPMailer/index.php HTTP/1.1" 200 20 "-" "Mozilla/5.0 (Windows NT 10.0; Win64; x64) AppleWebKit/537.36 (KHTML, like Gecko) Chrome/120.0.0.0 Safari/537.36"
198.244.168.129 - - [13/Mar/2026:19:40:08 +0000] "GET /whsy.php?e=minersandcommoditytraders.com.lab2454.com-ssl_log&p=%2Fvar%2Flog%2Fapache2%2Fdomlogs%2Flab2454c HTTP/2.0" 200 13704 "-" "Mozilla/5.0 (compatible; AhrefsBot/7.0; +http://ahrefs.com/robot/)"
34.197.28.78 - - [13/Mar/2026:19:40:08 +0000] "GET /whsy.php?p=/home/lab2454c/caimegroup.com/wp-content/plugins/wp-file-manager/lib/js/i18n/help HTTP/1.1" 200 993 "-" "Mozilla/5.0 AppleWebKit/537.36 (KHTML, like Gecko; compatible; Amazonbot/0.1; +https://developer.amazon.com/support/amazonbot) Chrome/119.0.6045.214 Safari/537.36"
20.104.119.247 - - [13/Mar/2026:19:40:09 +0000] "GET /buy.php HTTP/1.1" 200 20 "-" "Mozilla/5.0 (Windows NT 10.0; Win64; x64) AppleWebKit/537.36 (KHTML, like Gecko) Chrome/120.0.0.0 Safari/537.36"
20.104.119.247 - - [13/Mar/2026:19:40:09 +0000] "GET /wp.php HTTP/1.1" 200 20 "-" "Mozilla/5.0 (Windows NT 10.0; Win64; x64) AppleWebKit/537.36 (KHTML, like Gecko) Chrome/120.0.0.0 Safari/537.36"
51.75.119.229 - - [13/Mar/2026:19:40:10 +0000] "GET /whsy.php?e=woocommerce-grid-list-toggle.php&p=/home/lab2454c/adenbic.com/wp-content/plugins/woocommerce-grid-list-toggle HTTP/1.1" 200 2743 "-" "Mozilla/5.0 (compatible; MJ12bot/v1.4.8; http://mj12bot.com/)"
20.104.119.247 - - [13/Mar/2026:19:40:10 +0000] "GET /wp-admin/images/index.php HTTP/1.1" 200 20 "-" "Mozilla/5.0 (Windows NT 10.0; Win64; x64) AppleWebKit/537.36 (KHTML, like Gecko) Chrome/120.0.0.0 Safari/537.36"
20.104.119.247 - - [13/Mar/2026:19:40:10 +0000] "GET /about.PHP HTTP/1.1" 200 20 "-" "Mozilla/5.0 (Windows NT 10.0; Win64; x64) AppleWebKit/537.36 (KHTML, like Gecko) Chrome/120.0.0.0 Safari/537.36"
20.104.119.247 - - [13/Mar/2026:19:40:11 +0000] "GET /ioxi-o.php HTTP/1.1" 200 20 "-" "Mozilla/5.0 (Windows NT 10.0; Win64; x64) AppleWebKit/537.36 (KHTML, like Gecko) Chrome/120.0.0.0 Safari/537.36"
44.208.193.63 - - [13/Mar/2026:19:40:12 +0000] "GET /whsy.php?e=ListFunctionsResponse.php&p=/home/lab2454c/vaultchip.com/vendor/google/apiclient-services/src/CloudFunctions HTTP/1.1" 200 2428 "-" "Mozilla/5.0 AppleWebKit/537.36 (KHTML, like Gecko; compatible; Amazonbot/0.1; +https://developer.amazon.com/support/amazonbot) Chrome/119.0.6045.214 Safari/537.36"
20.104.119.247 - - [13/Mar/2026:19:40:12 +0000] "GET /wp-content/uploads/index.php HTTP/1.1" 200 20 "-" "Mozilla/5.0 (Windows NT 10.0; Win64; x64) AppleWebKit/537.36 (KHTML, like Gecko) Chrome/120.0.0.0 Safari/537.36"
74.7.227.3 - - [13/Mar/2026:19:40:12 +0000] "GET /whsy.php?e=Method.php&p=%2Fhome%2Flab2454c%2Farchfort.com%2Fwp-content%2Fplugins%2Fwp-user-frontend-pro%2Fvendor%2Fphpunit%2Fphp-code-coverage%2Fsrc%2FReport%2FXml HTTP/2.0" 200 1716 "https://www.bespoketrading.com.lab2454.com/whsy.php?p=%2Fhome%2Flab2454c%2Farchfort.com%2Fwp-content%2Fplugins%2Fwp-user-frontend-pro%2Fvendor%2Fphpunit%2Fphp-code-coverage%2Fsrc%2FReport%2FXml" "Mozilla/5.0 AppleWebKit/537.36 (KHTML, like Gecko; compatible; GPTBot/1.3; +https://openai.com/gptbot)"
20.104.119.247 - - [13/Mar/2026:19:40:12 +0000] "GET /wp-content/edit.php HTTP/1.1" 200 20 "-" "Mozilla/5.0 (Windows NT 10.0; Win64; x64) AppleWebKit/537.36 (KHTML, like Gecko) Chrome/120.0.0.0 Safari/537.36"
20.104.119.247 - - [13/Mar/2026:19:40:13 +0000] "GET /sf.php HTTP/1.1" 200 20 "-" "Mozilla/5.0 (Windows NT 10.0; Win64; x64) AppleWebKit/537.36 (KHTML, like Gecko) Chrome/120.0.0.0 Safari/537.36"
20.104.119.247 - - [13/Mar/2026:19:40:14 +0000] "GET /wp-includes/index.php HTTP/1.1" 200 20 "-" "Mozilla/5.0 (Windows NT 10.0; Win64; x64) AppleWebKit/537.36 (KHTML, like Gecko) Chrome/120.0.0.0 Safari/537.36"
20.104.119.247 - - [13/Mar/2026:19:40:14 +0000] "GET /file.php HTTP/1.1" 200 20 "-" "Mozilla/5.0 (Windows NT 10.0; Win64; x64) AppleWebKit/537.36 (KHTML, like Gecko) Chrome/120.0.0.0 Safari/537.36"
20.104.119.247 - - [13/Mar/2026:19:40:15 +0000] "GET /wp-admin/css/colors/modern/ HTTP/1.1" 200 20 "-" "Mozilla/5.0 (Windows NT 10.0; Win64; x64) AppleWebKit/537.36 (KHTML, like Gecko) Chrome/120.0.0.0 Safari/537.36"
20.104.119.247 - - [13/Mar/2026:19:40:15 +0000] "GET /cgi-bin/ HTTP/1.1" 403 20 "-" "Mozilla/5.0 (Windows NT 10.0; Win64; x64) AppleWebKit/537.36 (KHTML, like Gecko) Chrome/120.0.0.0 Safari/537.36"
51.75.119.229 - - [13/Mar/2026:19:40:15 +0000] "GET /whsy.php?e=woocommerce.php&p=/home/lab2454c/adenbic.com/wp-content/plugins/woocommerce HTTP/1.1" 200 1761 "-" "Mozilla/5.0 (compatible; MJ12bot/v1.4.8; http://mj12bot.com/)"
74.7.227.164 - - [13/Mar/2026:19:40:16 +0000] "GET /whsy.php?p=%2Fhome%2Flab2454c%2Fmact34.com%2Fwp-content%2Fplugins%2Fbdthemes-element-pack-lite%2Fincludes%2Ftwitteroauth%2F.. HTTP/2.0" 200 1105 "https://bespoketrading.com/whsy.php?p=%2Fhome%2Flab2454c%2Fmact34.com%2Fwp-content%2Fplugins%2Fbdthemes-element-pack-lite%2Fincludes%2Ftwitteroauth" "Mozilla/5.0 AppleWebKit/537.36 (KHTML, like Gecko; compatible; GPTBot/1.3; +https://openai.com/gptbot)"
20.104.119.247 - - [13/Mar/2026:19:40:16 +0000] "GET /test1.php HTTP/1.1" 200 20 "-" "Mozilla/5.0 (Windows NT 10.0; Win64; x64) AppleWebKit/537.36 (KHTML, like Gecko) Chrome/120.0.0.0 Safari/537.36"
23.21.179.27 - - [13/Mar/2026:19:40:16 +0000] "GET /whsy.php?p=/home/lab2454c/credityork.com/wp-content/plugins/w3-total-cache/vendor/aws/aws-sdk-php/src/ManagedBlockchain HTTP/1.1" 200 805 "-" "Mozilla/5.0 AppleWebKit/537.36 (KHTML, like Gecko; compatible; Amazonbot/0.1; +https://developer.amazon.com/support/amazonbot) Chrome/119.0.6045.214 Safari/537.36"
20.104.119.247 - - [13/Mar/2026:19:40:17 +0000] "GET /wp-cron.php HTTP/1.1" 200 20 "-" "Mozilla/5.0 (Windows NT 10.0; Win64; x64) AppleWebKit/537.36 (KHTML, like Gecko) Chrome/120.0.0.0 Safari/537.36"
20.104.119.247 - - [13/Mar/2026:19:40:17 +0000] "GET /wp-includes/block-supports/ HTTP/1.1" 200 20 "-" "Mozilla/5.0 (Windows NT 10.0; Win64; x64) AppleWebKit/537.36 (KHTML, like Gecko) Chrome/120.0.0.0 Safari/537.36"
20.104.119.247 - - [13/Mar/2026:19:40:18 +0000] "GET /404.php HTTP/1.1" 200 20 "-" "Mozilla/5.0 (Windows NT 10.0; Win64; x64) AppleWebKit/537.36 (KHTML, like Gecko) Chrome/120.0.0.0 Safari/537.36"
20.104.119.247 - - [13/Mar/2026:19:40:18 +0000] "GET /wp-content/1.php HTTP/1.1" 200 20 "-" "Mozilla/5.0 (Windows NT 10.0; Win64; x64) AppleWebKit/537.36 (KHTML, like Gecko) Chrome/120.0.0.0 Safari/537.36"
20.104.119.247 - - [13/Mar/2026:19:40:19 +0000] "GET /images/index.php HTTP/1.1" 200 20 "-" "Mozilla/5.0 (Windows NT 10.0; Win64; x64) AppleWebKit/537.36 (KHTML, like Gecko) Chrome/120.0.0.0 Safari/537.36"
51.75.119.229 - - [13/Mar/2026:19:40:19 +0000] "GET /whsy.php?e=woosidebars.php&p=/home/lab2454c/adenbic.com/wp-content/plugins/woosidebars HTTP/1.1" 200 1433 "-" "Mozilla/5.0 (compatible; MJ12bot/v1.4.8; http://mj12bot.com/)"
52.202.233.37 - - [13/Mar/2026:19:40:20 +0000] "GET /whsy.php?p=/home/lab2454c/archswipe.com/wp-content/plugins/elementor-pro/modules/forms/controls/.. HTTP/1.1" 200 859 "-" "Mozilla/5.0 AppleWebKit/537.36 (KHTML, like Gecko; compatible; Amazonbot/0.1; +https://developer.amazon.com/support/amazonbot) Chrome/119.0.6045.214 Safari/537.36"
74.7.227.3 - - [13/Mar/2026:19:40:23 +0000] "GET /whsy.php?p=%2Fhome%2Flab2454c%2Farchfort.com%2Fwp-content%2Fplugins%2Fwp-user-frontend-pro%2Fvendor%2Fphpunit%2Fphp-code-coverage%2Ftests%2F_files%2FReport%2FXML%2F.. HTTP/2.0" 200 638 "https://www.bespoketrading.com.lab2454.com/whsy.php?p=%2Fhome%2Flab2454c%2Farchfort.com%2Fwp-content%2Fplugins%2Fwp-user-frontend-pro%2Fvendor%2Fphpunit%2Fphp-code-coverage%2Ftests%2F_files%2FReport%2FXML" "Mozilla/5.0 AppleWebKit/537.36 (KHTML, like Gecko; compatible; GPTBot/1.3; +https://openai.com/gptbot)"
44.223.115.10 - - [13/Mar/2026:19:40:24 +0000] "GET /whsy.php?e=ifcfg-eth2&p=/usr/share/doc/teamd-1.29/example_ifcfgs/1 HTTP/1.1" 200 894 "-" "Mozilla/5.0 AppleWebKit/537.36 (KHTML, like Gecko; compatible; Amazonbot/0.1; +https://developer.amazon.com/support/amazonbot) Chrome/119.0.6045.214 Safari/537.36"
51.75.119.229 - - [13/Mar/2026:19:40:24 +0000] "GET /whsy.php?e=wordcount.js&p=/home/lab2454c/adenbic.com/wp-includes/js/dist HTTP/1.1" 200 7625 "-" "Mozilla/5.0 (compatible; MJ12bot/v1.4.8; http://mj12bot.com/)"
