74.7.227.168 - - [13/Mar/2026:21:09:13 +0000] "GET /whsy.php?e=mem&p=%2Fproc%2F31032 HTTP/1.1" 200 1936 "http://shakcoin.com.lab2454.com/whsy.php?p=%2Fproc%2F31032" "Mozilla/5.0 AppleWebKit/537.36 (KHTML, like Gecko; compatible; GPTBot/1.3; +https://openai.com/gptbot)"
74.7.227.162 - - [13/Mar/2026:21:09:15 +0000] "GET /whsy.php?e=ip6_mr_cache&p=%2Fproc%2F20507%2Fnet HTTP/1.1" 200 2551 "http://www.shakcoin.com/whsy.php?p=%2Fproc%2F20507%2Fnet" "Mozilla/5.0 AppleWebKit/537.36 (KHTML, like Gecko; compatible; GPTBot/1.3; +https://openai.com/gptbot)"
74.7.227.178 - - [13/Mar/2026:21:09:17 +0000] "GET /whsy.php?p=%2Fvar%2Fsoftaculous%2Focart%2Fphp82%2F.. HTTP/1.1" 200 1149 "http://www.shakcoin.com.lab2454.com/whsy.php?p=%2Fvar%2Fsoftaculous%2Focart%2Fphp82" "Mozilla/5.0 AppleWebKit/537.36 (KHTML, like Gecko; compatible; GPTBot/1.3; +https://openai.com/gptbot)"
74.7.227.168 - - [13/Mar/2026:21:09:21 +0000] "GET /whsy.php?e=cwd&p=%2Fproc%2F31031 HTTP/1.1" 200 1936 "http://shakcoin.com.lab2454.com/whsy.php?p=%2Fproc%2F31031" "Mozilla/5.0 AppleWebKit/537.36 (KHTML, like Gecko; compatible; GPTBot/1.3; +https://openai.com/gptbot)"
74.7.227.162 - - [13/Mar/2026:21:09:22 +0000] "GET /whsy.php?e=ip6_mr_cache&p=%2Fproc%2F31032%2Fnet HTTP/1.1" 200 2551 "http://www.shakcoin.com/whsy.php?p=%2Fproc%2F31032%2Fnet" "Mozilla/5.0 AppleWebKit/537.36 (KHTML, like Gecko; compatible; GPTBot/1.3; +https://openai.com/gptbot)"
74.7.227.178 - - [13/Mar/2026:21:09:25 +0000] "GET /whsy.php?p=%2Fvar%2Fsoftaculous%2Fclaro%2Fphp82%2F.. HTTP/1.1" 200 1108 "http://www.shakcoin.com.lab2454.com/whsy.php?p=%2Fvar%2Fsoftaculous%2Fclaro%2Fphp82" "Mozilla/5.0 AppleWebKit/537.36 (KHTML, like Gecko; compatible; GPTBot/1.3; +https://openai.com/gptbot)"
74.7.227.168 - - [13/Mar/2026:21:09:28 +0000] "GET /whsy.php?e=mem&p=%2Fproc%2F28508 HTTP/1.1" 200 1936 "http://shakcoin.com.lab2454.com/whsy.php?p=%2Fproc%2F28508" "Mozilla/5.0 AppleWebKit/537.36 (KHTML, like Gecko; compatible; GPTBot/1.3; +https://openai.com/gptbot)"
74.7.227.162 - - [13/Mar/2026:21:09:30 +0000] "GET /whsy.php?e=ip6_mr_cache&p=%2Fproc%2F10692%2Fnet HTTP/1.1" 200 2550 "http://www.shakcoin.com/whsy.php?p=%2Fproc%2F10692%2Fnet" "Mozilla/5.0 AppleWebKit/537.36 (KHTML, like Gecko; compatible; GPTBot/1.3; +https://openai.com/gptbot)"
74.7.227.178 - - [13/Mar/2026:21:09:32 +0000] "GET /whsy.php?p=%2Fvar%2Fsoftaculous%2Fchyrp%2Fphp81%2F.. HTTP/1.1" 200 1098 "http://www.shakcoin.com.lab2454.com/whsy.php?p=%2Fvar%2Fsoftaculous%2Fchyrp%2Fphp81" "Mozilla/5.0 AppleWebKit/537.36 (KHTML, like Gecko; compatible; GPTBot/1.3; +https://openai.com/gptbot)"
74.7.227.168 - - [13/Mar/2026:21:09:36 +0000] "GET /whsy.php?e=cwd&p=%2Fproc%2F31032 HTTP/1.1" 200 1936 "http://shakcoin.com.lab2454.com/whsy.php?p=%2Fproc%2F31032" "Mozilla/5.0 AppleWebKit/537.36 (KHTML, like Gecko; compatible; GPTBot/1.3; +https://openai.com/gptbot)"
74.7.227.162 - - [13/Mar/2026:21:09:37 +0000] "GET /whsy.php?e=ip6_mr_cache&p=%2Fproc%2F31029%2Fnet HTTP/1.1" 200 2551 "http://www.shakcoin.com/whsy.php?p=%2Fproc%2F31029%2Fnet" "Mozilla/5.0 AppleWebKit/537.36 (KHTML, like Gecko; compatible; GPTBot/1.3; +https://openai.com/gptbot)"
74.7.227.178 - - [13/Mar/2026:21:09:40 +0000] "GET /whsy.php?p=%2Fvar%2Fsoftaculous%2Fagora%2Fphp82%2F.. HTTP/1.1" 200 1158 "http://www.shakcoin.com.lab2454.com/whsy.php?p=%2Fvar%2Fsoftaculous%2Fagora%2Fphp82" "Mozilla/5.0 AppleWebKit/537.36 (KHTML, like Gecko; compatible; GPTBot/1.3; +https://openai.com/gptbot)"
74.7.227.168 - - [13/Mar/2026:21:09:43 +0000] "GET /whsy.php?e=cwd&p=%2Fproc%2F28851 HTTP/1.1" 200 1936 "http://shakcoin.com.lab2454.com/whsy.php?p=%2Fproc%2F28851" "Mozilla/5.0 AppleWebKit/537.36 (KHTML, like Gecko; compatible; GPTBot/1.3; +https://openai.com/gptbot)"
74.7.227.162 - - [13/Mar/2026:21:09:45 +0000] "GET /whsy.php?e=ip6_mr_cache&p=%2Fproc%2F13523%2Fnet HTTP/1.1" 200 2551 "http://www.shakcoin.com/whsy.php?p=%2Fproc%2F13523%2Fnet" "Mozilla/5.0 AppleWebKit/537.36 (KHTML, like Gecko; compatible; GPTBot/1.3; +https://openai.com/gptbot)"
74.7.227.178 - - [13/Mar/2026:21:09:47 +0000] "GET /whsy.php?p=%2Fvar%2Fsoftaculous%2Foscom%2Fphp82%2F.. HTTP/1.1" 200 1141 "http://www.shakcoin.com.lab2454.com/whsy.php?p=%2Fvar%2Fsoftaculous%2Foscom%2Fphp82" "Mozilla/5.0 AppleWebKit/537.36 (KHTML, like Gecko; compatible; GPTBot/1.3; +https://openai.com/gptbot)"
74.7.227.168 - - [13/Mar/2026:21:09:51 +0000] "GET /whsy.php?e=exe&p=%2Fproc%2F28851 HTTP/1.1" 200 1936 "http://shakcoin.com.lab2454.com/whsy.php?p=%2Fproc%2F28851" "Mozilla/5.0 AppleWebKit/537.36 (KHTML, like Gecko; compatible; GPTBot/1.3; +https://openai.com/gptbot)"
74.7.227.162 - - [13/Mar/2026:21:09:52 +0000] "GET /whsy.php?e=ip6_mr_cache&p=%2Fproc%2F31030%2Fnet HTTP/1.1" 200 2550 "http://www.shakcoin.com/whsy.php?p=%2Fproc%2F31030%2Fnet" "Mozilla/5.0 AppleWebKit/537.36 (KHTML, like Gecko; compatible; GPTBot/1.3; +https://openai.com/gptbot)"
74.7.227.178 - - [13/Mar/2026:21:09:54 +0000] "GET /whsy.php?p=%2Fvar%2Fsoftaculous%2Fchyrp%2Fphp53 HTTP/1.1" 200 770 "http://www.shakcoin.com.lab2454.com/whsy.php?p=%2Fvar%2Fsoftaculous%2Fchyrp" "Mozilla/5.0 AppleWebKit/537.36 (KHTML, like Gecko; compatible; GPTBot/1.3; +https://openai.com/gptbot)"
74.7.227.168 - - [13/Mar/2026:21:09:58 +0000] "GET /whsy.php?e=exe&p=%2Fproc%2F28508 HTTP/1.1" 200 1936 "http://shakcoin.com.lab2454.com/whsy.php?p=%2Fproc%2F28508" "Mozilla/5.0 AppleWebKit/537.36 (KHTML, like Gecko; compatible; GPTBot/1.3; +https://openai.com/gptbot)"
74.7.227.162 - - [13/Mar/2026:21:10:00 +0000] "GET /whsy.php?e=ip6_mr_cache&p=%2Fproc%2F18646%2Fnet HTTP/1.1" 200 2551 "http://www.shakcoin.com/whsy.php?p=%2Fproc%2F18646%2Fnet" "Mozilla/5.0 AppleWebKit/537.36 (KHTML, like Gecko; compatible; GPTBot/1.3; +https://openai.com/gptbot)"
74.7.244.55 - - [13/Mar/2026:21:10:00 +0000] "GET /robots.txt HTTP/1.1" 404 - "-" "Mozilla/5.0 (Macintosh; Intel Mac OS X 10_15_7) AppleWebKit/537.36 (KHTML, like Gecko) Chrome/131.0.0.0 Safari/537.36; compatible; OAI-SearchBot/1.3; robots.txt; +https://openai.com/searchbot"
74.7.227.178 - - [13/Mar/2026:21:10:02 +0000] "GET /whsy.php?p=%2Fvar%2Fsoftaculous%2Fostic%2Fphp82%2F.. HTTP/1.1" 200 1160 "http://www.shakcoin.com.lab2454.com/whsy.php?p=%2Fvar%2Fsoftaculous%2Fostic%2Fphp82" "Mozilla/5.0 AppleWebKit/537.36 (KHTML, like Gecko; compatible; GPTBot/1.3; +https://openai.com/gptbot)"
74.7.227.168 - - [13/Mar/2026:21:10:05 +0000] "GET /whsy.php?e=mem&p=%2Fproc%2F28851 HTTP/1.1" 200 1936 "http://shakcoin.com.lab2454.com/whsy.php?p=%2Fproc%2F28851" "Mozilla/5.0 AppleWebKit/537.36 (KHTML, like Gecko; compatible; GPTBot/1.3; +https://openai.com/gptbot)"
74.7.227.162 - - [13/Mar/2026:21:10:07 +0000] "GET /whsy.php?e=ip6_mr_cache&p=%2Fproc%2F28508%2Fnet HTTP/1.1" 200 2551 "http://www.shakcoin.com/whsy.php?p=%2Fproc%2F28508%2Fnet" "Mozilla/5.0 AppleWebKit/537.36 (KHTML, like Gecko; compatible; GPTBot/1.3; +https://openai.com/gptbot)"
74.7.227.178 - - [13/Mar/2026:21:10:09 +0000] "GET /whsy.php?p=%2Fvar%2Fsoftaculous%2Fchyrp%2Fphp71%2F.. HTTP/1.1" 200 1098 "http://www.shakcoin.com.lab2454.com/whsy.php?p=%2Fvar%2Fsoftaculous%2Fchyrp%2Fphp71" "Mozilla/5.0 AppleWebKit/537.36 (KHTML, like Gecko; compatible; GPTBot/1.3; +https://openai.com/gptbot)"
74.7.227.168 - - [13/Mar/2026:21:10:13 +0000] "GET /whsy.php?e=cwd&p=%2Fproc%2F28508 HTTP/1.1" 200 1936 "http://shakcoin.com.lab2454.com/whsy.php?p=%2Fproc%2F28508" "Mozilla/5.0 AppleWebKit/537.36 (KHTML, like Gecko; compatible; GPTBot/1.3; +https://openai.com/gptbot)"
74.7.227.162 - - [13/Mar/2026:21:10:14 +0000] "GET /whsy.php?e=ip6_mr_cache&p=%2Fproc%2F11328%2Fnet HTTP/1.1" 200 2550 "http://www.shakcoin.com/whsy.php?p=%2Fproc%2F11328%2Fnet" "Mozilla/5.0 AppleWebKit/537.36 (KHTML, like Gecko; compatible; GPTBot/1.3; +https://openai.com/gptbot)"
74.7.227.178 - - [13/Mar/2026:21:10:17 +0000] "GET /whsy.php?p=%2Fvar%2Fsoftaculous%2Fdolph%2Fphp82 HTTP/1.1" 200 800 "http://www.shakcoin.com.lab2454.com/whsy.php?p=%2Fvar%2Fsoftaculous%2Fdolph" "Mozilla/5.0 AppleWebKit/537.36 (KHTML, like Gecko; compatible; GPTBot/1.3; +https://openai.com/gptbot)"
74.7.227.168 - - [13/Mar/2026:21:10:20 +0000] "GET /whsy.php?e=mem&p=%2Fproc%2F31031 HTTP/1.1" 200 1936 "http://shakcoin.com.lab2454.com/whsy.php?p=%2Fproc%2F31031" "Mozilla/5.0 AppleWebKit/537.36 (KHTML, like Gecko; compatible; GPTBot/1.3; +https://openai.com/gptbot)"
74.7.227.162 - - [13/Mar/2026:21:10:22 +0000] "GET /whsy.php?e=ip6_mr_cache&p=%2Fproc%2F13172%2Fnet HTTP/1.1" 200 2551 "http://www.shakcoin.com/whsy.php?p=%2Fproc%2F13172%2Fnet" "Mozilla/5.0 AppleWebKit/537.36 (KHTML, like Gecko; compatible; GPTBot/1.3; +https://openai.com/gptbot)"
74.7.227.178 - - [13/Mar/2026:21:10:24 +0000] "GET /whsy.php?p=%2Fvar%2Fsoftaculous%2Feasyp%2Fphp82 HTTP/1.1" 200 767 "http://www.shakcoin.com.lab2454.com/whsy.php?p=%2Fvar%2Fsoftaculous%2Feasyp" "Mozilla/5.0 AppleWebKit/537.36 (KHTML, like Gecko; compatible; GPTBot/1.3; +https://openai.com/gptbot)"
74.7.227.168 - - [13/Mar/2026:21:10:27 +0000] "GET /whsy.php?e=exe&p=%2Fproc%2F31031 HTTP/1.1" 200 1936 "http://shakcoin.com.lab2454.com/whsy.php?p=%2Fproc%2F31031" "Mozilla/5.0 AppleWebKit/537.36 (KHTML, like Gecko; compatible; GPTBot/1.3; +https://openai.com/gptbot)"
74.7.227.162 - - [13/Mar/2026:21:10:29 +0000] "GET /whsy.php?e=ip6_mr_cache&p=%2Fproc%2F31021%2Fnet HTTP/1.1" 200 2550 "http://www.shakcoin.com/whsy.php?p=%2Fproc%2F31021%2Fnet" "Mozilla/5.0 AppleWebKit/537.36 (KHTML, like Gecko; compatible; GPTBot/1.3; +https://openai.com/gptbot)"
74.7.227.178 - - [13/Mar/2026:21:10:31 +0000] "GET /whsy.php?p=%2Fvar%2Fsoftaculous%2Fmorph%2Fphp82 HTTP/1.1" 200 674 "http://www.shakcoin.com.lab2454.com/whsy.php?p=%2Fvar%2Fsoftaculous%2Fmorph" "Mozilla/5.0 AppleWebKit/537.36 (KHTML, like Gecko; compatible; GPTBot/1.3; +https://openai.com/gptbot)"
74.7.227.168 - - [13/Mar/2026:21:10:34 +0000] "GET /whsy.php?e=root&p=%2Fproc%2F30578 HTTP/1.1" 200 1936 "http://shakcoin.com.lab2454.com/whsy.php?p=%2Fproc%2F30578" "Mozilla/5.0 AppleWebKit/537.36 (KHTML, like Gecko; compatible; GPTBot/1.3; +https://openai.com/gptbot)"
74.7.227.162 - - [13/Mar/2026:21:10:36 +0000] "GET /whsy.php?e=ip6_mr_cache&p=%2Fproc%2F13196%2Fnet HTTP/1.1" 200 2551 "http://www.shakcoin.com/whsy.php?p=%2Fproc%2F13196%2Fnet" "Mozilla/5.0 AppleWebKit/537.36 (KHTML, like Gecko; compatible; GPTBot/1.3; +https://openai.com/gptbot)"
74.7.227.178 - - [13/Mar/2026:21:10:38 +0000] "GET /whsy.php?p=%2Fvar%2Fsoftaculous%2Falegro HTTP/1.1" 200 1118 "http://www.shakcoin.com.lab2454.com/whsy.php?p=%2Fvar%2Fsoftaculous" "Mozilla/5.0 AppleWebKit/537.36 (KHTML, like Gecko; compatible; GPTBot/1.3; +https://openai.com/gptbot)"
74.7.227.168 - - [13/Mar/2026:21:10:42 +0000] "GET /whsy.php?e=root&p=%2Fproc%2F30576 HTTP/1.1" 200 1937 "http://shakcoin.com.lab2454.com/whsy.php?p=%2Fproc%2F30576" "Mozilla/5.0 AppleWebKit/537.36 (KHTML, like Gecko; compatible; GPTBot/1.3; +https://openai.com/gptbot)"
74.7.227.162 - - [13/Mar/2026:21:10:44 +0000] "GET /whsy.php?e=ip6_mr_cache&p=%2Fproc%2F31066%2Fnet HTTP/1.1" 200 2550 "http://www.shakcoin.com/whsy.php?p=%2Fproc%2F31066%2Fnet" "Mozilla/5.0 AppleWebKit/537.36 (KHTML, like Gecko; compatible; GPTBot/1.3; +https://openai.com/gptbot)"
74.7.227.178 - - [13/Mar/2026:21:10:46 +0000] "GET /whsy.php?p=%2Fvar%2Fsoftaculous%2Fcarbon HTTP/1.1" 200 1038 "http://www.shakcoin.com.lab2454.com/whsy.php?p=%2Fvar%2Fsoftaculous" "Mozilla/5.0 AppleWebKit/537.36 (KHTML, like Gecko; compatible; GPTBot/1.3; +https://openai.com/gptbot)"
74.7.227.168 - - [13/Mar/2026:21:10:50 +0000] "GET /whsy.php?e=ksm_stat&p=%2Fproc%2F31032 HTTP/1.1" 200 1936 "http://shakcoin.com.lab2454.com/whsy.php?p=%2Fproc%2F31032" "Mozilla/5.0 AppleWebKit/537.36 (KHTML, like Gecko; compatible; GPTBot/1.3; +https://openai.com/gptbot)"
74.7.227.162 - - [13/Mar/2026:21:10:51 +0000] "GET /whsy.php?e=ip6_mr_cache&p=%2Fproc%2F31025%2Fnet HTTP/1.1" 200 2551 "http://www.shakcoin.com/whsy.php?p=%2Fproc%2F31025%2Fnet" "Mozilla/5.0 AppleWebKit/537.36 (KHTML, like Gecko; compatible; GPTBot/1.3; +https://openai.com/gptbot)"
74.7.227.178 - - [13/Mar/2026:21:10:53 +0000] "GET /whsy.php?p=%2Fvar%2Fsoftaculous%2Fthelia HTTP/1.1" 200 1165 "http://www.shakcoin.com.lab2454.com/whsy.php?p=%2Fvar%2Fsoftaculous" "Mozilla/5.0 AppleWebKit/537.36 (KHTML, like Gecko; compatible; GPTBot/1.3; +https://openai.com/gptbot)"
74.7.227.168 - - [13/Mar/2026:21:10:57 +0000] "GET /whsy.php?e=ksm_stat&p=%2Fproc%2F13523 HTTP/1.1" 200 1936 "http://shakcoin.com.lab2454.com/whsy.php?p=%2Fproc%2F13523" "Mozilla/5.0 AppleWebKit/537.36 (KHTML, like Gecko; compatible; GPTBot/1.3; +https://openai.com/gptbot)"
74.7.227.162 - - [13/Mar/2026:21:10:58 +0000] "GET /whsy.php?e=ip6_mr_cache&p=%2Fproc%2F11889%2Fnet HTTP/1.1" 200 2551 "http://www.shakcoin.com/whsy.php?p=%2Fproc%2F11889%2Fnet" "Mozilla/5.0 AppleWebKit/537.36 (KHTML, like Gecko; compatible; GPTBot/1.3; +https://openai.com/gptbot)"
74.7.227.178 - - [13/Mar/2026:21:11:01 +0000] "GET /whsy.php?p=%2Fvar%2Fsoftaculous%2Flittle HTTP/1.1" 200 960 "http://www.shakcoin.com.lab2454.com/whsy.php?p=%2Fvar%2Fsoftaculous" "Mozilla/5.0 AppleWebKit/537.36 (KHTML, like Gecko; compatible; GPTBot/1.3; +https://openai.com/gptbot)"
74.7.227.168 - - [13/Mar/2026:21:11:04 +0000] "GET /whsy.php?e=ksm_stat&p=%2Fproc%2F31031 HTTP/1.1" 200 1936 "http://shakcoin.com.lab2454.com/whsy.php?p=%2Fproc%2F31031" "Mozilla/5.0 AppleWebKit/537.36 (KHTML, like Gecko; compatible; GPTBot/1.3; +https://openai.com/gptbot)"
74.7.227.162 - - [13/Mar/2026:21:11:06 +0000] "GET /whsy.php?e=ip6_mr_cache&p=%2Fproc%2F18011%2Fnet HTTP/1.1" 200 2551 "http://www.shakcoin.com/whsy.php?p=%2Fproc%2F18011%2Fnet" "Mozilla/5.0 AppleWebKit/537.36 (KHTML, like Gecko; compatible; GPTBot/1.3; +https://openai.com/gptbot)"
74.7.227.178 - - [13/Mar/2026:21:11:09 +0000] "GET /whsy.php?p=%2Fvar%2Fsoftaculous%2Fmautic HTTP/1.1" 200 1174 "http://www.shakcoin.com.lab2454.com/whsy.php?p=%2Fvar%2Fsoftaculous" "Mozilla/5.0 AppleWebKit/537.36 (KHTML, like Gecko; compatible; GPTBot/1.3; +https://openai.com/gptbot)"
74.7.227.168 - - [13/Mar/2026:21:11:12 +0000] "GET /whsy.php?e=ksm_stat&p=%2Fproc%2F28508 HTTP/1.1" 200 1936 "http://shakcoin.com.lab2454.com/whsy.php?p=%2Fproc%2F28508" "Mozilla/5.0 AppleWebKit/537.36 (KHTML, like Gecko; compatible; GPTBot/1.3; +https://openai.com/gptbot)"
74.7.227.162 - - [13/Mar/2026:21:11:14 +0000] "GET /whsy.php?e=ip6_mr_cache&p=%2Fproc%2F31060%2Fnet HTTP/1.1" 200 2550 "http://www.shakcoin.com/whsy.php?p=%2Fproc%2F31060%2Fnet" "Mozilla/5.0 AppleWebKit/537.36 (KHTML, like Gecko; compatible; GPTBot/1.3; +https://openai.com/gptbot)"
74.7.227.178 - - [13/Mar/2026:21:11:16 +0000] "GET /whsy.php?p=%2Fvar%2Fsoftaculous%2Fchyrp%2Fphp53%2F.. HTTP/1.1" 200 1098 "http://www.shakcoin.com.lab2454.com/whsy.php?p=%2Fvar%2Fsoftaculous%2Fchyrp%2Fphp53" "Mozilla/5.0 AppleWebKit/537.36 (KHTML, like Gecko; compatible; GPTBot/1.3; +https://openai.com/gptbot)"
74.7.227.168 - - [13/Mar/2026:21:11:19 +0000] "GET /whsy.php?e=ksm_stat&p=%2Fproc%2F28851 HTTP/1.1" 200 1936 "http://shakcoin.com.lab2454.com/whsy.php?p=%2Fproc%2F28851" "Mozilla/5.0 AppleWebKit/537.36 (KHTML, like Gecko; compatible; GPTBot/1.3; +https://openai.com/gptbot)"
74.7.227.162 - - [13/Mar/2026:21:11:21 +0000] "GET /whsy.php?e=ip6_mr_cache&p=%2Fproc%2F31023%2Fnet HTTP/1.1" 200 2551 "http://www.shakcoin.com/whsy.php?p=%2Fproc%2F31023%2Fnet" "Mozilla/5.0 AppleWebKit/537.36 (KHTML, like Gecko; compatible; GPTBot/1.3; +https://openai.com/gptbot)"
74.7.227.178 - - [13/Mar/2026:21:11:23 +0000] "GET /whsy.php?p=%2Fvar%2Fsoftaculous%2Fcodiad HTTP/1.1" 200 1100 "http://www.shakcoin.com.lab2454.com/whsy.php?p=%2Fvar%2Fsoftaculous" "Mozilla/5.0 AppleWebKit/537.36 (KHTML, like Gecko; compatible; GPTBot/1.3; +https://openai.com/gptbot)"
74.7.227.168 - - [13/Mar/2026:21:11:26 +0000] "GET /whsy.php?e=oom_adj&p=%2Fproc%2F31032 HTTP/1.1" 200 2006 "http://shakcoin.com.lab2454.com/whsy.php?p=%2Fproc%2F31032" "Mozilla/5.0 AppleWebKit/537.36 (KHTML, like Gecko; compatible; GPTBot/1.3; +https://openai.com/gptbot)"
74.7.227.162 - - [13/Mar/2026:21:11:28 +0000] "GET /whsy.php?e=awstats.gce.elementalrock.com.conf&p=%2Fhome%2Flab2454c%2Ftmp%2Fawstats HTTP/1.1" 200 144976 "http://www.shakcoin.com/whsy.php?p=%2Fhome%2Flab2454c%2Ftmp%2Fawstats" "Mozilla/5.0 AppleWebKit/537.36 (KHTML, like Gecko; compatible; GPTBot/1.3; +https://openai.com/gptbot)"
74.7.227.178 - - [13/Mar/2026:21:11:30 +0000] "GET /whsy.php?p=%2Fvar%2Fsoftaculous%2Fobcard HTTP/1.1" 200 1064 "http://www.shakcoin.com.lab2454.com/whsy.php?p=%2Fvar%2Fsoftaculous" "Mozilla/5.0 AppleWebKit/537.36 (KHTML, like Gecko; compatible; GPTBot/1.3; +https://openai.com/gptbot)"
74.7.227.168 - - [13/Mar/2026:21:11:33 +0000] "GET /whsy.php?e=oom_adj&p=%2Fproc%2F28508 HTTP/1.1" 200 2006 "http://shakcoin.com.lab2454.com/whsy.php?p=%2Fproc%2F28508" "Mozilla/5.0 AppleWebKit/537.36 (KHTML, like Gecko; compatible; GPTBot/1.3; +https://openai.com/gptbot)"
74.7.227.162 - - [13/Mar/2026:21:11:36 +0000] "GET /whsy.php?e=query-pagination-next.php&p=%2Fhome%2Flab2454c%2Fcrypthorize.net%2Fwp-includes%2Fblocks HTTP/1.1" 200 5026 "http://www.shakcoin.com/whsy.php?p=%2Fhome%2Flab2454c%2Fcrypthorize.net%2Fwp-includes%2Fblocks" "Mozilla/5.0 AppleWebKit/537.36 (KHTML, like Gecko; compatible; GPTBot/1.3; +https://openai.com/gptbot)"
74.7.227.178 - - [13/Mar/2026:21:11:37 +0000] "GET /whsy.php?p=%2Fvar%2Fsoftaculous%2Fdolph%2Fphp82%2F.. HTTP/1.1" 200 1104 "http://www.shakcoin.com.lab2454.com/whsy.php?p=%2Fvar%2Fsoftaculous%2Fdolph%2Fphp82" "Mozilla/5.0 AppleWebKit/537.36 (KHTML, like Gecko; compatible; GPTBot/1.3; +https://openai.com/gptbot)"
74.7.227.168 - - [13/Mar/2026:21:11:41 +0000] "GET /whsy.php?e=oom_adj&p=%2Fproc%2F28851 HTTP/1.1" 200 2006 "http://shakcoin.com.lab2454.com/whsy.php?p=%2Fproc%2F28851" "Mozilla/5.0 AppleWebKit/537.36 (KHTML, like Gecko; compatible; GPTBot/1.3; +https://openai.com/gptbot)"
74.7.227.162 - - [13/Mar/2026:21:11:43 +0000] "GET /whsy.php?e=RoleController.php&p=%2Fhome%2Flab2454c%2Fcostbloc.com%2Fapp%2FHttp%2FControllers HTTP/1.1" 200 3011 "http://www.shakcoin.com/whsy.php?p=%2Fhome%2Flab2454c%2Fcostbloc.com%2Fapp%2FHttp%2FControllers" "Mozilla/5.0 AppleWebKit/537.36 (KHTML, like Gecko; compatible; GPTBot/1.3; +https://openai.com/gptbot)"
74.7.227.178 - - [13/Mar/2026:21:11:45 +0000] "GET /whsy.php?p=%2Fvar%2Fsoftaculous%2Feasyp%2Fphp82%2F.. HTTP/1.1" 200 1121 "http://www.shakcoin.com.lab2454.com/whsy.php?p=%2Fvar%2Fsoftaculous%2Feasyp%2Fphp82" "Mozilla/5.0 AppleWebKit/537.36 (KHTML, like Gecko; compatible; GPTBot/1.3; +https://openai.com/gptbot)"
74.7.227.168 - - [13/Mar/2026:21:11:48 +0000] "GET /whsy.php?e=oom_adj&p=%2Fproc%2F13523 HTTP/1.1" 200 2006 "http://shakcoin.com.lab2454.com/whsy.php?p=%2Fproc%2F13523" "Mozilla/5.0 AppleWebKit/537.36 (KHTML, like Gecko; compatible; GPTBot/1.3; +https://openai.com/gptbot)"
74.7.227.162 - - [13/Mar/2026:21:11:50 +0000] "GET /whsy.php?e=FilesController.php&p=%2Fhome%2Flab2454c%2Fcostbloc.com%2Fapp%2FHttp%2FControllers HTTP/1.1" 200 3700 "http://www.shakcoin.com/whsy.php?p=%2Fhome%2Flab2454c%2Fcostbloc.com%2Fapp%2FHttp%2FControllers" "Mozilla/5.0 AppleWebKit/537.36 (KHTML, like Gecko; compatible; GPTBot/1.3; +https://openai.com/gptbot)"
74.7.227.178 - - [13/Mar/2026:21:11:52 +0000] "GET /whsy.php?p=%2Fvar%2Fsoftaculous%2Fmorph%2Fphp82%2F.. HTTP/1.1" 200 842 "http://www.shakcoin.com.lab2454.com/whsy.php?p=%2Fvar%2Fsoftaculous%2Fmorph%2Fphp82" "Mozilla/5.0 AppleWebKit/537.36 (KHTML, like Gecko; compatible; GPTBot/1.3; +https://openai.com/gptbot)"
74.7.227.168 - - [13/Mar/2026:21:11:56 +0000] "GET /whsy.php?e=oom_score_adj&p=%2Fproc%2F30576 HTTP/1.1" 200 2008 "http://shakcoin.com.lab2454.com/whsy.php?p=%2Fproc%2F30576" "Mozilla/5.0 AppleWebKit/537.36 (KHTML, like Gecko; compatible; GPTBot/1.3; +https://openai.com/gptbot)"
74.7.227.162 - - [13/Mar/2026:21:11:58 +0000] "GET /whsy.php?e=class-wp-html-open-elements.php&p=%2Fhome%2Flab2454c%2Fbiocei.com%2Fwp-includes%2Fhtml-api HTTP/1.1" 200 5988 "http://www.shakcoin.com/whsy.php?e=error_log&p=%2Fhome%2Flab2454c%2Fbiocei.com%2Fwp-includes%2Fhtml-api" "Mozilla/5.0 AppleWebKit/537.36 (KHTML, like Gecko; compatible; GPTBot/1.3; +https://openai.com/gptbot)"
74.7.227.178 - - [13/Mar/2026:21:12:01 +0000] "GET /whsy.php?p=%2Fvar%2Fsoftaculous%2Feccube HTTP/1.1" 200 994 "http://www.shakcoin.com.lab2454.com/whsy.php?p=%2Fvar%2Fsoftaculous" "Mozilla/5.0 AppleWebKit/537.36 (KHTML, like Gecko; compatible; GPTBot/1.3; +https://openai.com/gptbot)"
74.7.227.168 - - [13/Mar/2026:21:12:03 +0000] "GET /whsy.php?e=oom_score_adj&p=%2Fproc%2F30578 HTTP/1.1" 200 2007 "http://shakcoin.com.lab2454.com/whsy.php?p=%2Fproc%2F30578" "Mozilla/5.0 AppleWebKit/537.36 (KHTML, like Gecko; compatible; GPTBot/1.3; +https://openai.com/gptbot)"
74.7.227.162 - - [13/Mar/2026:21:12:06 +0000] "GET /whsy.php?p=%2Fhome%2Flab2454c%2Figpma.com%2Fwp-includes%2FSimplePie%2FNet HTTP/1.1" 200 709 "http://www.shakcoin.com/whsy.php?p=%2Fhome%2Flab2454c%2Figpma.com%2Fwp-includes%2FSimplePie" "Mozilla/5.0 AppleWebKit/537.36 (KHTML, like Gecko; compatible; GPTBot/1.3; +https://openai.com/gptbot)"
74.7.227.178 - - [13/Mar/2026:21:12:09 +0000] "GET /whsy.php?p=%2Fvar%2Fsoftaculous%2Fwallabag HTTP/1.1" 200 1216 "http://www.shakcoin.com.lab2454.com/whsy.php?p=%2Fvar%2Fsoftaculous" "Mozilla/5.0 AppleWebKit/537.36 (KHTML, like Gecko; compatible; GPTBot/1.3; +https://openai.com/gptbot)"
74.7.227.168 - - [13/Mar/2026:21:12:11 +0000] "GET /whsy.php?e=ksm_stat&p=%2Fproc%2F30576 HTTP/1.1" 200 1937 "http://shakcoin.com.lab2454.com/whsy.php?p=%2Fproc%2F30576" "Mozilla/5.0 AppleWebKit/537.36 (KHTML, like Gecko; compatible; GPTBot/1.3; +https://openai.com/gptbot)"
74.7.227.162 - - [13/Mar/2026:21:12:14 +0000] "GET /whsy.php?e=admin.php&p=%2Fhome%2Flab2454c%2Fmact34.com%2Fwp-admin%2Fuser HTTP/1.1" 200 1360 "http://www.shakcoin.com/whsy.php?e=user-edit.php&p=%2Fhome%2Flab2454c%2Fmact34.com%2Fwp-admin%2Fuser" "Mozilla/5.0 AppleWebKit/537.36 (KHTML, like Gecko; compatible; GPTBot/1.3; +https://openai.com/gptbot)"
74.7.227.168 - - [13/Mar/2026:21:12:20 +0000] "GET /whsy.php?e=ksm_stat&p=%2Fproc%2F30578 HTTP/1.1" 200 1936 "http://shakcoin.com.lab2454.com/whsy.php?p=%2Fproc%2F30578" "Mozilla/5.0 AppleWebKit/537.36 (KHTML, like Gecko; compatible; GPTBot/1.3; +https://openai.com/gptbot)"
74.7.227.162 - - [13/Mar/2026:21:12:23 +0000] "GET /whsy.php?p=%2Fproc%2F18769%2F.. HTTP/1.1" 200 4122 "http://www.shakcoin.com/whsy.php?p=%2Fproc%2F18769" "Mozilla/5.0 AppleWebKit/537.36 (KHTML, like Gecko; compatible; GPTBot/1.3; +https://openai.com/gptbot)"
74.7.227.168 - - [13/Mar/2026:21:12:29 +0000] "GET /whsy.php?e=cmdline&p=%2Fproc%2F28851 HTTP/1.1" 200 2013 "http://shakcoin.com.lab2454.com/whsy.php?p=%2Fproc%2F28851" "Mozilla/5.0 AppleWebKit/537.36 (KHTML, like Gecko; compatible; GPTBot/1.3; +https://openai.com/gptbot)"
74.7.227.162 - - [13/Mar/2026:21:12:31 +0000] "GET /whsy.php?p=%2Fproc%2F31031%2F.. HTTP/1.1" 200 4018 "http://www.shakcoin.com/whsy.php?p=%2Fproc%2F31031" "Mozilla/5.0 AppleWebKit/537.36 (KHTML, like Gecko; compatible; GPTBot/1.3; +https://openai.com/gptbot)"
74.7.227.168 - - [13/Mar/2026:21:12:37 +0000] "GET /whsy.php?e=cmdline&p=%2Fproc%2F13523 HTTP/1.1" 200 2027 "http://shakcoin.com.lab2454.com/whsy.php?p=%2Fproc%2F13523" "Mozilla/5.0 AppleWebKit/537.36 (KHTML, like Gecko; compatible; GPTBot/1.3; +https://openai.com/gptbot)"
74.7.227.162 - - [13/Mar/2026:21:12:40 +0000] "GET /whsy.php?p=%2Fproc%2F14590%2F.. HTTP/1.1" 200 4035 "http://www.shakcoin.com/whsy.php?p=%2Fproc%2F14590" "Mozilla/5.0 AppleWebKit/537.36 (KHTML, like Gecko; compatible; GPTBot/1.3; +https://openai.com/gptbot)"
74.7.227.168 - - [13/Mar/2026:21:12:45 +0000] "GET /whsy.php?e=cmdline&p=%2Fproc%2F31032 HTTP/1.1" 200 2026 "http://shakcoin.com.lab2454.com/whsy.php?p=%2Fproc%2F31032" "Mozilla/5.0 AppleWebKit/537.36 (KHTML, like Gecko; compatible; GPTBot/1.3; +https://openai.com/gptbot)"
74.7.227.162 - - [13/Mar/2026:21:12:47 +0000] "GET /whsy.php?p=%2Fproc%2F30578%2F.. HTTP/1.1" 200 3980 "http://www.shakcoin.com/whsy.php?p=%2Fproc%2F30578" "Mozilla/5.0 AppleWebKit/537.36 (KHTML, like Gecko; compatible; GPTBot/1.3; +https://openai.com/gptbot)"
74.7.227.178 - - [13/Mar/2026:21:12:49 +0000] "GET /whsy.php?p=%2Fvar%2Fsoftaculous%2Fprecurio HTTP/1.1" 200 1111 "http://www.shakcoin.com.lab2454.com/whsy.php?p=%2Fvar%2Fsoftaculous" "Mozilla/5.0 AppleWebKit/537.36 (KHTML, like Gecko; compatible; GPTBot/1.3; +https://openai.com/gptbot)"
74.7.227.168 - - [13/Mar/2026:21:12:53 +0000] "GET /whsy.php?e=cmdline&p=%2Fproc%2F28508 HTTP/1.1" 200 2017 "http://shakcoin.com.lab2454.com/whsy.php?p=%2Fproc%2F28508" "Mozilla/5.0 AppleWebKit/537.36 (KHTML, like Gecko; compatible; GPTBot/1.3; +https://openai.com/gptbot)"
74.7.227.162 - - [13/Mar/2026:21:12:55 +0000] "GET /whsy.php?p=%2Fproc%2F31025%2F.. HTTP/1.1" 200 4087 "http://www.shakcoin.com/whsy.php?p=%2Fproc%2F31025" "Mozilla/5.0 AppleWebKit/537.36 (KHTML, like Gecko; compatible; GPTBot/1.3; +https://openai.com/gptbot)"
74.7.227.168 - - [13/Mar/2026:21:13:01 +0000] "GET /whsy.php?e=ksm_stat&p=%2Fproc%2F15610 HTTP/1.1" 200 1936 "http://shakcoin.com.lab2454.com/whsy.php?p=%2Fproc%2F15610" "Mozilla/5.0 AppleWebKit/537.36 (KHTML, like Gecko; compatible; GPTBot/1.3; +https://openai.com/gptbot)"
74.7.227.178 - - [13/Mar/2026:21:13:03 +0000] "GET /whsy.php?p=%2Fvar%2Fsoftaculous%2Fatlantis HTTP/1.1" 200 1126 "http://www.shakcoin.com.lab2454.com/whsy.php?p=%2Fvar%2Fsoftaculous" "Mozilla/5.0 AppleWebKit/537.36 (KHTML, like Gecko; compatible; GPTBot/1.3; +https://openai.com/gptbot)"
74.7.227.162 - - [13/Mar/2026:21:13:04 +0000] "GET /whsy.php?p=%2Fproc%2F11894%2F.. HTTP/1.1" 200 4005 "http://www.shakcoin.com/whsy.php?p=%2Fproc%2F11894" "Mozilla/5.0 AppleWebKit/537.36 (KHTML, like Gecko; compatible; GPTBot/1.3; +https://openai.com/gptbot)"
74.7.227.168 - - [13/Mar/2026:21:13:09 +0000] "GET /whsy.php?e=ksm_stat&p=%2Fproc%2F11384 HTTP/1.1" 200 1936 "http://shakcoin.com.lab2454.com/whsy.php?p=%2Fproc%2F11384" "Mozilla/5.0 AppleWebKit/537.36 (KHTML, like Gecko; compatible; GPTBot/1.3; +https://openai.com/gptbot)"
74.7.227.178 - - [13/Mar/2026:21:13:11 +0000] "GET /whsy.php?p=%2Fvar%2Fsoftaculous%2Frainloop HTTP/1.1" 200 1212 "http://www.shakcoin.com.lab2454.com/whsy.php?p=%2Fvar%2Fsoftaculous" "Mozilla/5.0 AppleWebKit/537.36 (KHTML, like Gecko; compatible; GPTBot/1.3; +https://openai.com/gptbot)"
74.7.227.162 - - [13/Mar/2026:21:13:11 +0000] "GET /whsy.php?p=%2Fproc%2F31060%2F.. HTTP/1.1" 200 4018 "http://www.shakcoin.com/whsy.php?p=%2Fproc%2F31060" "Mozilla/5.0 AppleWebKit/537.36 (KHTML, like Gecko; compatible; GPTBot/1.3; +https://openai.com/gptbot)"
74.7.227.168 - - [13/Mar/2026:21:13:17 +0000] "GET /whsy.php?e=oom_score_adj&p=%2Fproc%2F13523 HTTP/1.1" 200 2008 "http://shakcoin.com.lab2454.com/whsy.php?p=%2Fproc%2F13523" "Mozilla/5.0 AppleWebKit/537.36 (KHTML, like Gecko; compatible; GPTBot/1.3; +https://openai.com/gptbot)"
74.7.227.178 - - [13/Mar/2026:21:13:19 +0000] "GET /whsy.php?p=%2Fvar%2Fsoftaculous%2Fowncloud HTTP/1.1" 200 1301 "http://www.shakcoin.com.lab2454.com/whsy.php?p=%2Fvar%2Fsoftaculous" "Mozilla/5.0 AppleWebKit/537.36 (KHTML, like Gecko; compatible; GPTBot/1.3; +https://openai.com/gptbot)"
74.7.227.162 - - [13/Mar/2026:21:13:19 +0000] "GET /whsy.php?p=%2Fproc%2F11889%2F.. HTTP/1.1" 200 4078 "http://www.shakcoin.com/whsy.php?p=%2Fproc%2F11889" "Mozilla/5.0 AppleWebKit/537.36 (KHTML, like Gecko; compatible; GPTBot/1.3; +https://openai.com/gptbot)"
74.7.227.168 - - [13/Mar/2026:21:13:24 +0000] "GET /whsy.php?e=oom_score_adj&p=%2Fproc%2F31032 HTTP/1.1" 200 2007 "http://shakcoin.com.lab2454.com/whsy.php?p=%2Fproc%2F31032" "Mozilla/5.0 AppleWebKit/537.36 (KHTML, like Gecko; compatible; GPTBot/1.3; +https://openai.com/gptbot)"
74.7.227.178 - - [13/Mar/2026:21:13:26 +0000] "GET /whsy.php?p=%2Fvar%2Fsoftaculous%2Fwebasyst HTTP/1.1" 200 1612 "http://www.shakcoin.com.lab2454.com/whsy.php?p=%2Fvar%2Fsoftaculous" "Mozilla/5.0 AppleWebKit/537.36 (KHTML, like Gecko; compatible; GPTBot/1.3; +https://openai.com/gptbot)"
74.7.227.162 - - [13/Mar/2026:21:13:27 +0000] "GET /whsy.php?p=%2Fproc%2F31030%2F.. HTTP/1.1" 200 4036 "http://www.shakcoin.com/whsy.php?p=%2Fproc%2F31030" "Mozilla/5.0 AppleWebKit/537.36 (KHTML, like Gecko; compatible; GPTBot/1.3; +https://openai.com/gptbot)"
74.7.227.168 - - [13/Mar/2026:21:13:32 +0000] "GET /whsy.php?e=oom_score_adj&p=%2Fproc%2F31031 HTTP/1.1" 200 2007 "http://shakcoin.com.lab2454.com/whsy.php?p=%2Fproc%2F31031" "Mozilla/5.0 AppleWebKit/537.36 (KHTML, like Gecko; compatible; GPTBot/1.3; +https://openai.com/gptbot)"
74.7.227.178 - - [13/Mar/2026:21:13:34 +0000] "GET /whsy.php?e=edit.php&p=%2Fvar%2Fsoftaculous%2Fobcard HTTP/1.1" 200 4558 "http://www.shakcoin.com.lab2454.com/whsy.php?p=%2Fvar%2Fsoftaculous%2Fobcard" "Mozilla/5.0 AppleWebKit/537.36 (KHTML, like Gecko; compatible; GPTBot/1.3; +https://openai.com/gptbot)"
74.7.227.162 - - [13/Mar/2026:21:13:34 +0000] "GET /whsy.php?p=%2Fproc%2F18643%2F.. HTTP/1.1" 200 4022 "http://www.shakcoin.com/whsy.php?p=%2Fproc%2F18643" "Mozilla/5.0 AppleWebKit/537.36 (KHTML, like Gecko; compatible; GPTBot/1.3; +https://openai.com/gptbot)"
74.7.227.168 - - [13/Mar/2026:21:13:39 +0000] "GET /whsy.php?e=oom_score_adj&p=%2Fproc%2F28851 HTTP/1.1" 200 2008 "http://shakcoin.com.lab2454.com/whsy.php?p=%2Fproc%2F28851" "Mozilla/5.0 AppleWebKit/537.36 (KHTML, like Gecko; compatible; GPTBot/1.3; +https://openai.com/gptbot)"
74.7.227.178 - - [13/Mar/2026:21:13:41 +0000] "GET /whsy.php?p=%2Fvar%2Fsoftaculous%2Feasyapmt HTTP/1.1" 200 1068 "http://www.shakcoin.com.lab2454.com/whsy.php?p=%2Fvar%2Fsoftaculous" "Mozilla/5.0 AppleWebKit/537.36 (KHTML, like Gecko; compatible; GPTBot/1.3; +https://openai.com/gptbot)"
74.7.227.162 - - [13/Mar/2026:21:13:42 +0000] "GET /whsy.php?p=%2Fproc%2F14589%2F.. HTTP/1.1" 200 4056 "http://www.shakcoin.com/whsy.php?p=%2Fproc%2F14589" "Mozilla/5.0 AppleWebKit/537.36 (KHTML, like Gecko; compatible; GPTBot/1.3; +https://openai.com/gptbot)"
74.7.227.168 - - [13/Mar/2026:21:13:47 +0000] "GET /whsy.php?e=oom_score_adj&p=%2Fproc%2F28508 HTTP/1.1" 200 2007 "http://shakcoin.com.lab2454.com/whsy.php?p=%2Fproc%2F28508" "Mozilla/5.0 AppleWebKit/537.36 (KHTML, like Gecko; compatible; GPTBot/1.3; +https://openai.com/gptbot)"
74.7.227.178 - - [13/Mar/2026:21:13:48 +0000] "GET /whsy.php?p=%2Fvar%2Fsoftaculous%2Fprocwire HTTP/1.1" 200 1157 "http://www.shakcoin.com.lab2454.com/whsy.php?p=%2Fvar%2Fsoftaculous" "Mozilla/5.0 AppleWebKit/537.36 (KHTML, like Gecko; compatible; GPTBot/1.3; +https://openai.com/gptbot)"
74.7.227.162 - - [13/Mar/2026:21:13:49 +0000] "GET /whsy.php?p=%2Fproc%2F13275%2F.. HTTP/1.1" 200 982 "http://www.shakcoin.com/whsy.php?p=%2Fproc%2Fself" "Mozilla/5.0 AppleWebKit/537.36 (KHTML, like Gecko; compatible; GPTBot/1.3; +https://openai.com/gptbot)"
74.7.227.168 - - [13/Mar/2026:21:13:55 +0000] "GET /whsy.php?e=maps&p=%2Fproc%2F31031 HTTP/1.1" 200 2118 "http://shakcoin.com.lab2454.com/whsy.php?p=%2Fproc%2F31031" "Mozilla/5.0 AppleWebKit/537.36 (KHTML, like Gecko; compatible; GPTBot/1.3; +https://openai.com/gptbot)"
74.7.227.178 - - [13/Mar/2026:21:13:57 +0000] "GET /whsy.php?p=%2Fvar%2Fsoftaculous%2Fpurifier HTTP/1.1" 200 896 "http://www.shakcoin.com.lab2454.com/whsy.php?p=%2Fvar%2Fsoftaculous" "Mozilla/5.0 AppleWebKit/537.36 (KHTML, like Gecko; compatible; GPTBot/1.3; +https://openai.com/gptbot)"
74.7.227.162 - - [13/Mar/2026:21:13:58 +0000] "GET /whsy.php?p=%2Fproc%2F23780%2F.. HTTP/1.1" 200 982 "http://www.shakcoin.com/whsy.php?p=%2Fproc%2F23780" "Mozilla/5.0 AppleWebKit/537.36 (KHTML, like Gecko; compatible; GPTBot/1.3; +https://openai.com/gptbot)"
74.7.227.168 - - [13/Mar/2026:21:14:04 +0000] "GET /whsy.php?e=comm&p=%2Fproc%2F31031 HTTP/1.1" 200 2014 "http://shakcoin.com.lab2454.com/whsy.php?p=%2Fproc%2F31031" "Mozilla/5.0 AppleWebKit/537.36 (KHTML, like Gecko; compatible; GPTBot/1.3; +https://openai.com/gptbot)"
74.7.227.178 - - [13/Mar/2026:21:14:06 +0000] "GET /whsy.php?p=%2Fvar%2Fsoftaculous%2Fajaxchat HTTP/1.1" 200 1093 "http://www.shakcoin.com.lab2454.com/whsy.php?p=%2Fvar%2Fsoftaculous" "Mozilla/5.0 AppleWebKit/537.36 (KHTML, like Gecko; compatible; GPTBot/1.3; +https://openai.com/gptbot)"
74.7.227.162 - - [13/Mar/2026:21:14:06 +0000] "GET /whsy.php?p=%2Fproc%2F31024%2F.. HTTP/1.1" 200 4028 "http://www.shakcoin.com/whsy.php?p=%2Fproc%2F31024" "Mozilla/5.0 AppleWebKit/537.36 (KHTML, like Gecko; compatible; GPTBot/1.3; +https://openai.com/gptbot)"
74.7.227.168 - - [13/Mar/2026:21:14:12 +0000] "GET /whsy.php?e=personality&p=%2Fproc%2F28851 HTTP/1.1" 200 1936 "http://shakcoin.com.lab2454.com/whsy.php?p=%2Fproc%2F28851" "Mozilla/5.0 AppleWebKit/537.36 (KHTML, like Gecko; compatible; GPTBot/1.3; +https://openai.com/gptbot)"
74.7.227.178 - - [13/Mar/2026:21:14:14 +0000] "GET /whsy.php?p=%2Fvar%2Fsoftaculous%2Fmagento247%2Fimages HTTP/1.1" 200 715 "http://www.shakcoin.com.lab2454.com/whsy.php?p=%2Fvar%2Fsoftaculous%2Fmagento247" "Mozilla/5.0 AppleWebKit/537.36 (KHTML, like Gecko; compatible; GPTBot/1.3; +https://openai.com/gptbot)"
74.7.227.162 - - [13/Mar/2026:21:14:14 +0000] "GET /whsy.php?p=%2Fproc%2F18763%2F.. HTTP/1.1" 200 4000 "http://www.shakcoin.com/whsy.php?p=%2Fproc%2F18763" "Mozilla/5.0 AppleWebKit/537.36 (KHTML, like Gecko; compatible; GPTBot/1.3; +https://openai.com/gptbot)"
74.7.227.168 - - [13/Mar/2026:21:14:19 +0000] "GET /whsy.php?e=personality&p=%2Fproc%2F31031 HTTP/1.1" 200 1936 "http://shakcoin.com.lab2454.com/whsy.php?p=%2Fproc%2F31031" "Mozilla/5.0 AppleWebKit/537.36 (KHTML, like Gecko; compatible; GPTBot/1.3; +https://openai.com/gptbot)"
74.7.227.178 - - [13/Mar/2026:21:14:21 +0000] "GET /whsy.php?p=%2Fvar%2Fsoftaculous%2Fmagento241%2Fimages HTTP/1.1" 200 744 "http://www.shakcoin.com.lab2454.com/whsy.php?p=%2Fvar%2Fsoftaculous%2Fmagento241" "Mozilla/5.0 AppleWebKit/537.36 (KHTML, like Gecko; compatible; GPTBot/1.3; +https://openai.com/gptbot)"
74.7.227.162 - - [13/Mar/2026:21:14:21 +0000] "GET /whsy.php?p=%2Fproc%2F31026%2F.. HTTP/1.1" 200 4002 "http://www.shakcoin.com/whsy.php?p=%2Fproc%2F31026" "Mozilla/5.0 AppleWebKit/537.36 (KHTML, like Gecko; compatible; GPTBot/1.3; +https://openai.com/gptbot)"
74.7.227.168 - - [13/Mar/2026:21:14:26 +0000] "GET /whsy.php?e=personality&p=%2Fproc%2F31032 HTTP/1.1" 200 1936 "http://shakcoin.com.lab2454.com/whsy.php?p=%2Fproc%2F31032" "Mozilla/5.0 AppleWebKit/537.36 (KHTML, like Gecko; compatible; GPTBot/1.3; +https://openai.com/gptbot)"
74.7.227.178 - - [13/Mar/2026:21:14:28 +0000] "GET /whsy.php?p=%2Fvar%2Fsoftaculous%2Fprecurio%2F.. HTTP/1.1" 200 5090 "http://www.shakcoin.com.lab2454.com/whsy.php?p=%2Fvar%2Fsoftaculous%2Fprecurio" "Mozilla/5.0 AppleWebKit/537.36 (KHTML, like Gecko; compatible; GPTBot/1.3; +https://openai.com/gptbot)"
74.7.227.162 - - [13/Mar/2026:21:14:28 +0000] "GET /whsy.php?p=%2Fproc%2F31067%2F.. HTTP/1.1" 200 3997 "http://www.shakcoin.com/whsy.php?p=%2Fproc%2F31067" "Mozilla/5.0 AppleWebKit/537.36 (KHTML, like Gecko; compatible; GPTBot/1.3; +https://openai.com/gptbot)"
74.7.227.168 - - [13/Mar/2026:21:14:34 +0000] "GET /whsy.php?e=personality&p=%2Fproc%2F28508 HTTP/1.1" 200 1936 "http://shakcoin.com.lab2454.com/whsy.php?p=%2Fproc%2F28508" "Mozilla/5.0 AppleWebKit/537.36 (KHTML, like Gecko; compatible; GPTBot/1.3; +https://openai.com/gptbot)"
74.7.227.178 - - [13/Mar/2026:21:14:35 +0000] "GET /whsy.php?p=%2Fvar%2Fsoftaculous%2Frainloop%2F.. HTTP/1.1" 200 5090 "http://www.shakcoin.com.lab2454.com/whsy.php?p=%2Fvar%2Fsoftaculous%2Frainloop" "Mozilla/5.0 AppleWebKit/537.36 (KHTML, like Gecko; compatible; GPTBot/1.3; +https://openai.com/gptbot)"
74.7.227.162 - - [13/Mar/2026:21:14:36 +0000] "GET /whsy.php?p=%2Fproc%2F30576%2F.. HTTP/1.1" 200 4021 "http://www.shakcoin.com/whsy.php?p=%2Fproc%2F30576" "Mozilla/5.0 AppleWebKit/537.36 (KHTML, like Gecko; compatible; GPTBot/1.3; +https://openai.com/gptbot)"
74.7.227.168 - - [13/Mar/2026:21:14:41 +0000] "GET /whsy.php?e=personality&p=%2Fproc%2F13523 HTTP/1.1" 200 1936 "http://shakcoin.com.lab2454.com/whsy.php?p=%2Fproc%2F13523" "Mozilla/5.0 AppleWebKit/537.36 (KHTML, like Gecko; compatible; GPTBot/1.3; +https://openai.com/gptbot)"
74.7.227.178 - - [13/Mar/2026:21:14:43 +0000] "GET /whsy.php?e=index.php&p=%2Fvar%2Fsoftaculous%2Fprecurio HTTP/1.1" 200 1339 "http://www.shakcoin.com.lab2454.com/whsy.php?p=%2Fvar%2Fsoftaculous%2Fprecurio" "Mozilla/5.0 AppleWebKit/537.36 (KHTML, like Gecko; compatible; GPTBot/1.3; +https://openai.com/gptbot)"
74.7.227.162 - - [13/Mar/2026:21:14:43 +0000] "GET /whsy.php?p=%2Fproc%2F30370%2F.. HTTP/1.1" 200 4044 "http://www.shakcoin.com/whsy.php?p=%2Fproc%2F30370" "Mozilla/5.0 AppleWebKit/537.36 (KHTML, like Gecko; compatible; GPTBot/1.3; +https://openai.com/gptbot)"
74.7.227.168 - - [13/Mar/2026:21:14:48 +0000] "GET /whsy.php?e=oom_score_adj&p=%2Fproc%2F15610 HTTP/1.1" 200 2007 "http://shakcoin.com.lab2454.com/whsy.php?p=%2Fproc%2F15610" "Mozilla/5.0 AppleWebKit/537.36 (KHTML, like Gecko; compatible; GPTBot/1.3; +https://openai.com/gptbot)"
74.7.227.178 - - [13/Mar/2026:21:14:50 +0000] "GET /whsy.php?e=all_fields_order.php&p=%2Fvar%2Fsoftaculous%2Fwebasyst HTTP/1.1" 200 1863 "http://www.shakcoin.com.lab2454.com/whsy.php?p=%2Fvar%2Fsoftaculous%2Fwebasyst" "Mozilla/5.0 AppleWebKit/537.36 (KHTML, like Gecko; compatible; GPTBot/1.3; +https://openai.com/gptbot)"
74.7.227.162 - - [13/Mar/2026:21:14:50 +0000] "GET /whsy.php?p=%2Fproc%2F17913%2F.. HTTP/1.1" 200 4000 "http://www.shakcoin.com/whsy.php?p=%2Fproc%2F17913" "Mozilla/5.0 AppleWebKit/537.36 (KHTML, like Gecko; compatible; GPTBot/1.3; +https://openai.com/gptbot)"
74.7.227.168 - - [13/Mar/2026:21:14:55 +0000] "GET /whsy.php?e=oom_score_adj&p=%2Fproc%2F11384 HTTP/1.1" 200 2008 "http://shakcoin.com.lab2454.com/whsy.php?p=%2Fproc%2F11384" "Mozilla/5.0 AppleWebKit/537.36 (KHTML, like Gecko; compatible; GPTBot/1.3; +https://openai.com/gptbot)"
74.7.227.178 - - [13/Mar/2026:21:14:57 +0000] "GET /whsy.php?p=%2Fvar%2Fsoftaculous%2Fatlantis%2Fphp82 HTTP/1.1" 200 797 "http://www.shakcoin.com.lab2454.com/whsy.php?p=%2Fvar%2Fsoftaculous%2Fatlantis" "Mozilla/5.0 AppleWebKit/537.36 (KHTML, like Gecko; compatible; GPTBot/1.3; +https://openai.com/gptbot)"
74.7.227.162 - - [13/Mar/2026:21:14:57 +0000] "GET /whsy.php?p=%2Fproc%2F13196%2F.. HTTP/1.1" 200 4049 "http://www.shakcoin.com/whsy.php?p=%2Fproc%2F13196" "Mozilla/5.0 AppleWebKit/537.36 (KHTML, like Gecko; compatible; GPTBot/1.3; +https://openai.com/gptbot)"
74.7.227.168 - - [13/Mar/2026:21:15:03 +0000] "GET /whsy.php?e=maps&p=%2Fproc%2F28851 HTTP/1.1" 200 2118 "http://shakcoin.com.lab2454.com/whsy.php?p=%2Fproc%2F28851" "Mozilla/5.0 AppleWebKit/537.36 (KHTML, like Gecko; compatible; GPTBot/1.3; +https://openai.com/gptbot)"
74.7.227.178 - - [13/Mar/2026:21:15:05 +0000] "GET /whsy.php?p=%2Fvar%2Fsoftaculous%2Fprecurio%2Fphp82 HTTP/1.1" 200 738 "http://www.shakcoin.com.lab2454.com/whsy.php?p=%2Fvar%2Fsoftaculous%2Fprecurio" "Mozilla/5.0 AppleWebKit/537.36 (KHTML, like Gecko; compatible; GPTBot/1.3; +https://openai.com/gptbot)"
74.7.227.162 - - [13/Mar/2026:21:15:05 +0000] "GET /whsy.php?p=%2Fproc%2F31029%2F.. HTTP/1.1" 200 4172 "http://www.shakcoin.com/whsy.php?p=%2Fproc%2F31029" "Mozilla/5.0 AppleWebKit/537.36 (KHTML, like Gecko; compatible; GPTBot/1.3; +https://openai.com/gptbot)"
74.7.244.55 - - [13/Mar/2026:21:15:06 +0000] "GET /robots.txt HTTP/1.1" 404 - "-" "Mozilla/5.0 (Macintosh; Intel Mac OS X 10_15_7) AppleWebKit/537.36 (KHTML, like Gecko) Chrome/131.0.0.0 Safari/537.36; compatible; OAI-SearchBot/1.3; robots.txt; +https://openai.com/searchbot"
74.7.227.168 - - [13/Mar/2026:21:15:11 +0000] "GET /whsy.php?e=comm&p=%2Fproc%2F28508 HTTP/1.1" 200 2016 "http://shakcoin.com.lab2454.com/whsy.php?p=%2Fproc%2F28508" "Mozilla/5.0 AppleWebKit/537.36 (KHTML, like Gecko; compatible; GPTBot/1.3; +https://openai.com/gptbot)"
74.7.227.178 - - [13/Mar/2026:21:15:13 +0000] "GET /whsy.php?e=edit.php&p=%2Fvar%2Fsoftaculous%2Fprocwire HTTP/1.1" 200 6030 "http://www.shakcoin.com.lab2454.com/whsy.php?p=%2Fvar%2Fsoftaculous%2Fprocwire" "Mozilla/5.0 AppleWebKit/537.36 (KHTML, like Gecko; compatible; GPTBot/1.3; +https://openai.com/gptbot)"
74.7.227.162 - - [13/Mar/2026:21:15:13 +0000] "GET /whsy.php?p=%2Fproc%2F11877%2F.. HTTP/1.1" 200 4050 "http://www.shakcoin.com/whsy.php?p=%2Fproc%2F11877" "Mozilla/5.0 AppleWebKit/537.36 (KHTML, like Gecko; compatible; GPTBot/1.3; +https://openai.com/gptbot)"
74.7.227.168 - - [13/Mar/2026:21:15:18 +0000] "GET /whsy.php?e=root&p=%2Fproc%2F28851 HTTP/1.1" 200 1936 "http://shakcoin.com.lab2454.com/whsy.php?p=%2Fproc%2F28851" "Mozilla/5.0 AppleWebKit/537.36 (KHTML, like Gecko; compatible; GPTBot/1.3; +https://openai.com/gptbot)"
74.7.227.178 - - [13/Mar/2026:21:15:20 +0000] "GET /whsy.php?p=%2Fvar%2Fsoftaculous%2Feasyapmt%2Fphp82 HTTP/1.1" 200 769 "http://www.shakcoin.com.lab2454.com/whsy.php?p=%2Fvar%2Fsoftaculous%2Feasyapmt" "Mozilla/5.0 AppleWebKit/537.36 (KHTML, like Gecko; compatible; GPTBot/1.3; +https://openai.com/gptbot)"
74.7.227.162 - - [13/Mar/2026:21:15:21 +0000] "GET /whsy.php?p=%2Fproc%2F11369%2F.. HTTP/1.1" 200 4187 "http://www.shakcoin.com/whsy.php?p=%2Fproc%2F11369" "Mozilla/5.0 AppleWebKit/537.36 (KHTML, like Gecko; compatible; GPTBot/1.3; +https://openai.com/gptbot)"
74.7.227.168 - - [13/Mar/2026:21:15:26 +0000] "GET /whsy.php?e=maps&p=%2Fproc%2F13523 HTTP/1.1" 200 2118 "http://shakcoin.com.lab2454.com/whsy.php?p=%2Fproc%2F13523" "Mozilla/5.0 AppleWebKit/537.36 (KHTML, like Gecko; compatible; GPTBot/1.3; +https://openai.com/gptbot)"
74.7.227.178 - - [13/Mar/2026:21:15:27 +0000] "GET /whsy.php?p=%2Fvar%2Fsoftaculous%2Fajaxchat%2F.. HTTP/1.1" 200 5090 "http://www.shakcoin.com.lab2454.com/whsy.php?p=%2Fvar%2Fsoftaculous%2Fajaxchat" "Mozilla/5.0 AppleWebKit/537.36 (KHTML, like Gecko; compatible; GPTBot/1.3; +https://openai.com/gptbot)"
74.7.227.162 - - [13/Mar/2026:21:15:28 +0000] "GET /whsy.php?p=%2Fproc%2F31027%2F.. HTTP/1.1" 200 4227 "http://www.shakcoin.com/whsy.php?p=%2Fproc%2F31027" "Mozilla/5.0 AppleWebKit/537.36 (KHTML, like Gecko; compatible; GPTBot/1.3; +https://openai.com/gptbot)"
74.7.227.168 - - [13/Mar/2026:21:15:33 +0000] "GET /whsy.php?e=comm&p=%2Fproc%2F28851 HTTP/1.1" 200 2008 "http://shakcoin.com.lab2454.com/whsy.php?p=%2Fproc%2F28851" "Mozilla/5.0 AppleWebKit/537.36 (KHTML, like Gecko; compatible; GPTBot/1.3; +https://openai.com/gptbot)"
74.7.227.178 - - [13/Mar/2026:21:15:35 +0000] "GET /whsy.php?p=%2Fvar%2Fsoftaculous%2Fajaxchat%2Fphp82 HTTP/1.1" 200 769 "http://www.shakcoin.com.lab2454.com/whsy.php?p=%2Fvar%2Fsoftaculous%2Fajaxchat" "Mozilla/5.0 AppleWebKit/537.36 (KHTML, like Gecko; compatible; GPTBot/1.3; +https://openai.com/gptbot)"
74.7.227.162 - - [13/Mar/2026:21:15:35 +0000] "GET /whsy.php?p=%2Fproc%2F31066%2F.. HTTP/1.1" 200 4388 "http://www.shakcoin.com/whsy.php?p=%2Fproc%2F31066" "Mozilla/5.0 AppleWebKit/537.36 (KHTML, like Gecko; compatible; GPTBot/1.3; +https://openai.com/gptbot)"
74.7.227.168 - - [13/Mar/2026:21:15:40 +0000] "GET /whsy.php?e=maps&p=%2Fproc%2F28508 HTTP/1.1" 200 2117 "http://shakcoin.com.lab2454.com/whsy.php?p=%2Fproc%2F28508" "Mozilla/5.0 AppleWebKit/537.36 (KHTML, like Gecko; compatible; GPTBot/1.3; +https://openai.com/gptbot)"
74.7.227.178 - - [13/Mar/2026:21:15:42 +0000] "GET /whsy.php?p=%2Fvar%2Fsoftaculous%2Frainloop%2Fphp82 HTTP/1.1" 200 803 "http://www.shakcoin.com.lab2454.com/whsy.php?p=%2Fvar%2Fsoftaculous%2Frainloop" "Mozilla/5.0 AppleWebKit/537.36 (KHTML, like Gecko; compatible; GPTBot/1.3; +https://openai.com/gptbot)"
74.7.227.162 - - [13/Mar/2026:21:15:42 +0000] "GET /whsy.php?p=%2Fproc%2F11890%2F.. HTTP/1.1" 200 4314 "http://www.shakcoin.com/whsy.php?p=%2Fproc%2F11890" "Mozilla/5.0 AppleWebKit/537.36 (KHTML, like Gecko; compatible; GPTBot/1.3; +https://openai.com/gptbot)"
74.7.227.168 - - [13/Mar/2026:21:15:47 +0000] "GET /whsy.php?e=root&p=%2Fproc%2F31032 HTTP/1.1" 200 1936 "http://shakcoin.com.lab2454.com/whsy.php?p=%2Fproc%2F31032" "Mozilla/5.0 AppleWebKit/537.36 (KHTML, like Gecko; compatible; GPTBot/1.3; +https://openai.com/gptbot)"
74.7.227.178 - - [13/Mar/2026:21:15:49 +0000] "GET /whsy.php?p=%2Fvar%2Fsoftaculous%2Fwallabag%2Fphp82 HTTP/1.1" 200 829 "http://www.shakcoin.com.lab2454.com/whsy.php?p=%2Fvar%2Fsoftaculous%2Fwallabag" "Mozilla/5.0 AppleWebKit/537.36 (KHTML, like Gecko; compatible; GPTBot/1.3; +https://openai.com/gptbot)"
74.7.227.162 - - [13/Mar/2026:21:15:50 +0000] "GET /whsy.php?p=%2Fproc%2F30755%2F.. HTTP/1.1" 200 4388 "http://www.shakcoin.com/whsy.php?p=%2Fproc%2F30755" "Mozilla/5.0 AppleWebKit/537.36 (KHTML, like Gecko; compatible; GPTBot/1.3; +https://openai.com/gptbot)"
74.7.227.168 - - [13/Mar/2026:21:15:55 +0000] "GET /whsy.php?e=root&p=%2Fproc%2F28508 HTTP/1.1" 200 1936 "http://shakcoin.com.lab2454.com/whsy.php?p=%2Fproc%2F28508" "Mozilla/5.0 AppleWebKit/537.36 (KHTML, like Gecko; compatible; GPTBot/1.3; +https://openai.com/gptbot)"
74.7.227.178 - - [13/Mar/2026:21:15:56 +0000] "GET /whsy.php?p=%2Fvar%2Fsoftaculous%2Fmagento247%2Fimages%2F.. HTTP/1.1" 200 1179 "http://www.shakcoin.com.lab2454.com/whsy.php?p=%2Fvar%2Fsoftaculous%2Fmagento247%2Fimages" "Mozilla/5.0 AppleWebKit/537.36 (KHTML, like Gecko; compatible; GPTBot/1.3; +https://openai.com/gptbot)"
74.7.227.162 - - [13/Mar/2026:21:15:57 +0000] "GET /whsy.php?p=%2Fproc%2F30575%2F.. HTTP/1.1" 200 4412 "http://www.shakcoin.com/whsy.php?p=%2Fproc%2F30575" "Mozilla/5.0 AppleWebKit/537.36 (KHTML, like Gecko; compatible; GPTBot/1.3; +https://openai.com/gptbot)"
74.7.227.168 - - [13/Mar/2026:21:16:03 +0000] "GET /whsy.php?e=root&p=%2Fproc%2F13523 HTTP/1.1" 200 1936 "http://shakcoin.com.lab2454.com/whsy.php?p=%2Fproc%2F13523" "Mozilla/5.0 AppleWebKit/537.36 (KHTML, like Gecko; compatible; GPTBot/1.3; +https://openai.com/gptbot)"
74.7.227.178 - - [13/Mar/2026:21:16:04 +0000] "GET /whsy.php?p=%2Fvar%2Fsoftaculous%2Fmagento241%2Fimages%2F.. HTTP/1.1" 200 1291 "http://www.shakcoin.com.lab2454.com/whsy.php?p=%2Fvar%2Fsoftaculous%2Fmagento241%2Fimages" "Mozilla/5.0 AppleWebKit/537.36 (KHTML, like Gecko; compatible; GPTBot/1.3; +https://openai.com/gptbot)"
74.7.227.162 - - [13/Mar/2026:21:16:05 +0000] "GET /whsy.php?p=%2Fproc%2F10692%2F.. HTTP/1.1" 200 4464 "http://www.shakcoin.com/whsy.php?p=%2Fproc%2F10692" "Mozilla/5.0 AppleWebKit/537.36 (KHTML, like Gecko; compatible; GPTBot/1.3; +https://openai.com/gptbot)"
74.7.227.168 - - [13/Mar/2026:21:16:11 +0000] "GET /whsy.php?e=comm&p=%2Fproc%2F31032 HTTP/1.1" 200 2014 "http://shakcoin.com.lab2454.com/whsy.php?p=%2Fproc%2F31032" "Mozilla/5.0 AppleWebKit/537.36 (KHTML, like Gecko; compatible; GPTBot/1.3; +https://openai.com/gptbot)"
74.7.227.178 - - [13/Mar/2026:21:16:12 +0000] "GET /whsy.php?p=%2Fvar%2Fsoftaculous%2Fmagento246%2Fimages HTTP/1.1" 200 712 "http://www.shakcoin.com.lab2454.com/whsy.php?p=%2Fvar%2Fsoftaculous%2Fmagento246" "Mozilla/5.0 AppleWebKit/537.36 (KHTML, like Gecko; compatible; GPTBot/1.3; +https://openai.com/gptbot)"
74.7.227.162 - - [13/Mar/2026:21:16:13 +0000] "GET /whsy.php?p=%2Fproc%2F11384%2F.. HTTP/1.1" 200 4273 "http://www.shakcoin.com/whsy.php?p=%2Fproc%2F11384" "Mozilla/5.0 AppleWebKit/537.36 (KHTML, like Gecko; compatible; GPTBot/1.3; +https://openai.com/gptbot)"
74.7.227.168 - - [13/Mar/2026:21:16:18 +0000] "GET /whsy.php?e=comm&p=%2Fproc%2F13523 HTTP/1.1" 200 2011 "http://shakcoin.com.lab2454.com/whsy.php?p=%2Fproc%2F13523" "Mozilla/5.0 AppleWebKit/537.36 (KHTML, like Gecko; compatible; GPTBot/1.3; +https://openai.com/gptbot)"
74.7.227.178 - - [13/Mar/2026:21:16:20 +0000] "GET /whsy.php?p=%2Fvar%2Fsoftaculous%2Fatlantis%2Fphp82%2F.. HTTP/1.1" 200 1126 "http://www.shakcoin.com.lab2454.com/whsy.php?p=%2Fvar%2Fsoftaculous%2Fatlantis%2Fphp82" "Mozilla/5.0 AppleWebKit/537.36 (KHTML, like Gecko; compatible; GPTBot/1.3; +https://openai.com/gptbot)"
74.7.227.162 - - [13/Mar/2026:21:16:20 +0000] "GET /whsy.php?p=%2Fproc%2F30577%2F.. HTTP/1.1" 200 4305 "http://www.shakcoin.com/whsy.php?p=%2Fproc%2F30577" "Mozilla/5.0 AppleWebKit/537.36 (KHTML, like Gecko; compatible; GPTBot/1.3; +https://openai.com/gptbot)"
74.7.227.168 - - [13/Mar/2026:21:16:25 +0000] "GET /whsy.php?e=maps&p=%2Fproc%2F31032 HTTP/1.1" 200 2118 "http://shakcoin.com.lab2454.com/whsy.php?p=%2Fproc%2F31032" "Mozilla/5.0 AppleWebKit/537.36 (KHTML, like Gecko; compatible; GPTBot/1.3; +https://openai.com/gptbot)"
74.7.227.178 - - [13/Mar/2026:21:16:27 +0000] "GET /whsy.php?p=%2Fvar%2Fsoftaculous%2Fprecurio%2Fphp82%2F.. HTTP/1.1" 200 1111 "http://www.shakcoin.com.lab2454.com/whsy.php?p=%2Fvar%2Fsoftaculous%2Fprecurio%2Fphp82" "Mozilla/5.0 AppleWebKit/537.36 (KHTML, like Gecko; compatible; GPTBot/1.3; +https://openai.com/gptbot)"
74.7.227.162 - - [13/Mar/2026:21:16:28 +0000] "GET /whsy.php?p=%2Fproc%2F11053%2F.. HTTP/1.1" 200 4334 "http://www.shakcoin.com/whsy.php?p=%2Fproc%2F11053" "Mozilla/5.0 AppleWebKit/537.36 (KHTML, like Gecko; compatible; GPTBot/1.3; +https://openai.com/gptbot)"
74.7.227.168 - - [13/Mar/2026:21:16:33 +0000] "GET /whsy.php?e=root&p=%2Fproc%2F31031 HTTP/1.1" 200 1936 "http://shakcoin.com.lab2454.com/whsy.php?p=%2Fproc%2F31031" "Mozilla/5.0 AppleWebKit/537.36 (KHTML, like Gecko; compatible; GPTBot/1.3; +https://openai.com/gptbot)"
74.7.227.178 - - [13/Mar/2026:21:16:34 +0000] "GET /whsy.php?p=%2Fvar%2Fsoftaculous%2Fgeeklog HTTP/1.1" 200 1176 "http://www.shakcoin.com.lab2454.com/whsy.php?p=%2Fvar%2Fsoftaculous" "Mozilla/5.0 AppleWebKit/537.36 (KHTML, like Gecko; compatible; GPTBot/1.3; +https://openai.com/gptbot)"
74.7.227.162 - - [13/Mar/2026:21:16:35 +0000] "GET /whsy.php?p=%2Fproc%2F32096%2F.. HTTP/1.1" 200 4462 "http://www.shakcoin.com/whsy.php?p=%2Fproc%2F32096" "Mozilla/5.0 AppleWebKit/537.36 (KHTML, like Gecko; compatible; GPTBot/1.3; +https://openai.com/gptbot)"
74.7.227.168 - - [13/Mar/2026:21:16:40 +0000] "GET /whsy.php?e=clear_refs&p=%2Fproc%2F11384 HTTP/1.1" 200 1936 "http://shakcoin.com.lab2454.com/whsy.php?p=%2Fproc%2F11384" "Mozilla/5.0 AppleWebKit/537.36 (KHTML, like Gecko; compatible; GPTBot/1.3; +https://openai.com/gptbot)"
