74.7.227.31 - - [13/Mar/2026:23:33:21 +0000] "GET /whsy.php?p=%2Fproc%2F11369 HTTP/1.1" 200 1935 "http://shakcoin.com.lab2454.com/whsy.php?p=%2F%2Fproc" "Mozilla/5.0 AppleWebKit/537.36 (KHTML, like Gecko; compatible; GPTBot/1.3; +https://openai.com/gptbot)"
74.7.241.26 - - [13/Mar/2026:23:33:21 +0000] "GET /whsy.php?e=navigation-submenu.php&p=%2Fhome%2Flab2454c%2Fchristianitybank.com%2Fwp-includes%2Fblocks HTTP/1.1" 200 6722 "http://www.shakcoin.com/whsy.php?p=%2Fhome%2Flab2454c%2Fchristianitybank.com%2Fwp-includes%2Fblocks" "Mozilla/5.0 AppleWebKit/537.36 (KHTML, like Gecko; compatible; GPTBot/1.3; +https://openai.com/gptbot)"
74.7.227.31 - - [13/Mar/2026:23:33:28 +0000] "GET /whsy.php?p=%2Fproc%2F13636 HTTP/1.1" 200 982 "http://shakcoin.com.lab2454.com/whsy.php?p=%2F%2Fproc" "Mozilla/5.0 AppleWebKit/537.36 (KHTML, like Gecko; compatible; GPTBot/1.3; +https://openai.com/gptbot)"
74.7.241.26 - - [13/Mar/2026:23:33:28 +0000] "GET /whsy.php?e=grub2-get-kernel-settings&p=%2Fusr%2Fsbin HTTP/1.1" 200 16684 "http://www.shakcoin.com/whsy.php?p=%2F%2Fsbin" "Mozilla/5.0 AppleWebKit/537.36 (KHTML, like Gecko; compatible; GPTBot/1.3; +https://openai.com/gptbot)"
74.7.227.43 - - [13/Mar/2026:23:33:32 +0000] "GET /whsy.php?e=Volkswagen_logo_2019.svg.png&p=%2Fhome%2Flab2454c%2Figpma.com%2Fwp-content%2Fuploads%2F2022%2F09 HTTP/1.1" 200 3327 "http://www.shakcoin.com.lab2454.com/whsy.php?p=%2Fhome%2Flab2454c%2Figpma.com%2Fwp-content%2Fuploads%2F2022%2F09" "Mozilla/5.0 AppleWebKit/537.36 (KHTML, like Gecko; compatible; GPTBot/1.3; +https://openai.com/gptbot)"
74.7.227.31 - - [13/Mar/2026:23:33:35 +0000] "GET /whsy.php?p=%2Fproc%2F10972 HTTP/1.1" 200 982 "http://shakcoin.com.lab2454.com/whsy.php?e=fb&p=%2Fproc" "Mozilla/5.0 AppleWebKit/537.36 (KHTML, like Gecko; compatible; GPTBot/1.3; +https://openai.com/gptbot)"
74.7.241.26 - - [13/Mar/2026:23:33:36 +0000] "GET /whsy.php?p=%2Fhome%2Flab2454c%2F.spamassassin%2F.. HTTP/1.1" 200 3804 "http://www.shakcoin.com/whsy.php?e=index.php&p=%2Fhome%2Flab2454c%2F.spamassassin" "Mozilla/5.0 AppleWebKit/537.36 (KHTML, like Gecko; compatible; GPTBot/1.3; +https://openai.com/gptbot)"
74.7.227.31 - - [13/Mar/2026:23:33:42 +0000] "GET /whsy.php?p=%2Fproc%2F11302 HTTP/1.1" 200 1936 "http://shakcoin.com.lab2454.com/whsy.php?p=%2F%2Fproc" "Mozilla/5.0 AppleWebKit/537.36 (KHTML, like Gecko; compatible; GPTBot/1.3; +https://openai.com/gptbot)"
74.7.241.26 - - [13/Mar/2026:23:33:43 +0000] "GET /whsy.php?e=info.xml&p=%2Fvar%2Fsoftaculous%2Feengine HTTP/1.1" 200 3156 "http://www.shakcoin.com/whsy.php?e=update_pass.php&p=%2Fvar%2Fsoftaculous%2Feengine" "Mozilla/5.0 AppleWebKit/537.36 (KHTML, like Gecko; compatible; GPTBot/1.3; +https://openai.com/gptbot)"
74.7.227.31 - - [13/Mar/2026:23:33:50 +0000] "GET /whsy.php?p=%2Fproc%2F28989 HTTP/1.1" 200 982 "http://shakcoin.com.lab2454.com/whsy.php?p=%2F%2Fproc" "Mozilla/5.0 AppleWebKit/537.36 (KHTML, like Gecko; compatible; GPTBot/1.3; +https://openai.com/gptbot)"
74.7.241.26 - - [13/Mar/2026:23:33:50 +0000] "GET /whsy.php?p=%2Fvar%2Fsoftaculous%2Fbugs%2Fphp71 HTTP/1.1" 200 766 "http://www.shakcoin.com/whsy.php?p=%2Fvar%2Fsoftaculous%2Fbugs" "Mozilla/5.0 AppleWebKit/537.36 (KHTML, like Gecko; compatible; GPTBot/1.3; +https://openai.com/gptbot)"
74.7.227.31 - - [13/Mar/2026:23:33:57 +0000] "GET /whsy.php?p=%2Fproc%2F14589 HTTP/1.1" 200 1936 "http://shakcoin.com.lab2454.com/whsy.php?p=%2F%2Fproc" "Mozilla/5.0 AppleWebKit/537.36 (KHTML, like Gecko; compatible; GPTBot/1.3; +https://openai.com/gptbot)"
74.7.241.26 - - [13/Mar/2026:23:33:57 +0000] "GET /whsy.php?p=%2Fvar%2Fsoftaculous%2Faxis%2Fphp53 HTTP/1.1" 200 799 "http://www.shakcoin.com/whsy.php?p=%2Fvar%2Fsoftaculous%2Faxis" "Mozilla/5.0 AppleWebKit/537.36 (KHTML, like Gecko; compatible; GPTBot/1.3; +https://openai.com/gptbot)"
74.7.227.31 - - [13/Mar/2026:23:34:05 +0000] "GET /whsy.php?p=%2Fproc%2F25247 HTTP/1.1" 200 982 "http://shakcoin.com.lab2454.com/whsy.php?p=%2F%2Fproc" "Mozilla/5.0 AppleWebKit/537.36 (KHTML, like Gecko; compatible; GPTBot/1.3; +https://openai.com/gptbot)"
74.7.241.26 - - [13/Mar/2026:23:34:05 +0000] "GET /whsy.php?p=%2Fvar%2Fsoftaculous%2Faxis%2Fphp71 HTTP/1.1" 200 799 "http://www.shakcoin.com/whsy.php?p=%2Fvar%2Fsoftaculous%2Faxis" "Mozilla/5.0 AppleWebKit/537.36 (KHTML, like Gecko; compatible; GPTBot/1.3; +https://openai.com/gptbot)"
74.7.227.31 - - [13/Mar/2026:23:34:13 +0000] "GET /whsy.php?p=%2Fproc%2F10944 HTTP/1.1" 200 982 "http://shakcoin.com.lab2454.com/whsy.php?e=fb&p=%2Fproc" "Mozilla/5.0 AppleWebKit/537.36 (KHTML, like Gecko; compatible; GPTBot/1.3; +https://openai.com/gptbot)"
74.7.241.26 - - [13/Mar/2026:23:34:13 +0000] "GET /whsy.php?p=%2Fvar%2Fsoftaculous%2Fpier%2Fphp53 HTTP/1.1" 200 765 "http://www.shakcoin.com/whsy.php?p=%2Fvar%2Fsoftaculous%2Fpier" "Mozilla/5.0 AppleWebKit/537.36 (KHTML, like Gecko; compatible; GPTBot/1.3; +https://openai.com/gptbot)"
74.7.227.43 - - [13/Mar/2026:23:34:17 +0000] "GET /whsy.php?e=Volkswagen_logo_2019.svg-600x600.png&p=%2Fhome%2Flab2454c%2Figpma.com%2Fwp-content%2Fuploads%2F2022%2F09 HTTP/1.1" 200 3327 "http://www.shakcoin.com.lab2454.com/whsy.php?p=%2Fhome%2Flab2454c%2Figpma.com%2Fwp-content%2Fuploads%2F2022%2F09" "Mozilla/5.0 AppleWebKit/537.36 (KHTML, like Gecko; compatible; GPTBot/1.3; +https://openai.com/gptbot)"
74.7.227.31 - - [13/Mar/2026:23:34:20 +0000] "GET /whsy.php?p=%2Fproc%2F32516 HTTP/1.1" 200 982 "http://shakcoin.com.lab2454.com/whsy.php?p=%2F%2Fproc" "Mozilla/5.0 AppleWebKit/537.36 (KHTML, like Gecko; compatible; GPTBot/1.3; +https://openai.com/gptbot)"
74.7.241.26 - - [13/Mar/2026:23:34:20 +0000] "GET /whsy.php?p=%2Fvar%2Fsoftaculous%2Fbugs%2Fphp56 HTTP/1.1" 200 766 "http://www.shakcoin.com/whsy.php?p=%2Fvar%2Fsoftaculous%2Fbugs" "Mozilla/5.0 AppleWebKit/537.36 (KHTML, like Gecko; compatible; GPTBot/1.3; +https://openai.com/gptbot)"
74.7.227.43 - - [13/Mar/2026:23:34:24 +0000] "GET /whsy.php?e=Volkswagen_logo_2019.svg-100x100.png&p=%2Fhome%2Flab2454c%2Figpma.com%2Fwp-content%2Fuploads%2F2022%2F09 HTTP/1.1" 200 3323 "http://www.shakcoin.com.lab2454.com/whsy.php?p=%2Fhome%2Flab2454c%2Figpma.com%2Fwp-content%2Fuploads%2F2022%2F09" "Mozilla/5.0 AppleWebKit/537.36 (KHTML, like Gecko; compatible; GPTBot/1.3; +https://openai.com/gptbot)"
74.7.227.31 - - [13/Mar/2026:23:34:27 +0000] "GET /whsy.php?p=%2Fproc%2F14587 HTTP/1.1" 200 1936 "http://shakcoin.com.lab2454.com/whsy.php?p=%2F%2Fproc" "Mozilla/5.0 AppleWebKit/537.36 (KHTML, like Gecko; compatible; GPTBot/1.3; +https://openai.com/gptbot)"
74.7.241.26 - - [13/Mar/2026:23:34:27 +0000] "GET /whsy.php?p=%2Fvar%2Fsoftaculous%2Fpier%2Fphp71 HTTP/1.1" 200 765 "http://www.shakcoin.com/whsy.php?p=%2Fvar%2Fsoftaculous%2Fpier" "Mozilla/5.0 AppleWebKit/537.36 (KHTML, like Gecko; compatible; GPTBot/1.3; +https://openai.com/gptbot)"
74.7.227.43 - - [13/Mar/2026:23:34:31 +0000] "GET /whsy.php?e=Volkswagen_logo_2019.svg-150x150.png&p=%2Fhome%2Flab2454c%2Figpma.com%2Fwp-content%2Fuploads%2F2022%2F09 HTTP/1.1" 200 3325 "http://www.shakcoin.com.lab2454.com/whsy.php?p=%2Fhome%2Flab2454c%2Figpma.com%2Fwp-content%2Fuploads%2F2022%2F09" "Mozilla/5.0 AppleWebKit/537.36 (KHTML, like Gecko; compatible; GPTBot/1.3; +https://openai.com/gptbot)"
74.7.227.31 - - [13/Mar/2026:23:34:34 +0000] "GET /whsy.php?e=root&p=%2Fproc%2F13245 HTTP/1.1" 200 1936 "http://shakcoin.com.lab2454.com/whsy.php?p=%2Fproc%2F13245" "Mozilla/5.0 AppleWebKit/537.36 (KHTML, like Gecko; compatible; GPTBot/1.3; +https://openai.com/gptbot)"
74.7.241.26 - - [13/Mar/2026:23:34:34 +0000] "GET /whsy.php?p=%2Fvar%2Fsoftaculous%2Fbugs%2Fphp53 HTTP/1.1" 200 766 "http://www.shakcoin.com/whsy.php?p=%2Fvar%2Fsoftaculous%2Fbugs" "Mozilla/5.0 AppleWebKit/537.36 (KHTML, like Gecko; compatible; GPTBot/1.3; +https://openai.com/gptbot)"
74.7.227.43 - - [13/Mar/2026:23:34:39 +0000] "GET /whsy.php?e=Volkswagen_logo_2019.svg-300x300.png&p=%2Fhome%2Flab2454c%2Figpma.com%2Fwp-content%2Fuploads%2F2022%2F09 HTTP/1.1" 200 3324 "http://www.shakcoin.com.lab2454.com/whsy.php?p=%2Fhome%2Flab2454c%2Figpma.com%2Fwp-content%2Fuploads%2F2022%2F09" "Mozilla/5.0 AppleWebKit/537.36 (KHTML, like Gecko; compatible; GPTBot/1.3; +https://openai.com/gptbot)"
74.7.227.31 - - [13/Mar/2026:23:34:41 +0000] "GET /whsy.php?e=mountinfo&p=%2Fproc%2F13245 HTTP/1.1" 200 2951 "http://shakcoin.com.lab2454.com/whsy.php?p=%2Fproc%2F13245" "Mozilla/5.0 AppleWebKit/537.36 (KHTML, like Gecko; compatible; GPTBot/1.3; +https://openai.com/gptbot)"
74.7.241.26 - - [13/Mar/2026:23:34:42 +0000] "GET /whsy.php?p=%2Fvar%2Fsoftaculous%2Faxis%2Fphp56 HTTP/1.1" 200 799 "http://www.shakcoin.com/whsy.php?p=%2Fvar%2Fsoftaculous%2Faxis" "Mozilla/5.0 AppleWebKit/537.36 (KHTML, like Gecko; compatible; GPTBot/1.3; +https://openai.com/gptbot)"
74.7.227.43 - - [13/Mar/2026:23:34:46 +0000] "GET /whsy.php?e=Volkswagen_logo_2019.svg-1024x1024.png&p=%2Fhome%2Flab2454c%2Figpma.com%2Fwp-content%2Fuploads%2F2022%2F09 HTTP/1.1" 200 3326 "http://www.shakcoin.com.lab2454.com/whsy.php?p=%2Fhome%2Flab2454c%2Figpma.com%2Fwp-content%2Fuploads%2F2022%2F09" "Mozilla/5.0 AppleWebKit/537.36 (KHTML, like Gecko; compatible; GPTBot/1.3; +https://openai.com/gptbot)"
74.7.227.31 - - [13/Mar/2026:23:34:49 +0000] "GET /whsy.php?e=mountinfo&p=%2Fproc%2F11369 HTTP/1.1" 200 2950 "http://shakcoin.com.lab2454.com/whsy.php?p=%2Fproc%2F11369" "Mozilla/5.0 AppleWebKit/537.36 (KHTML, like Gecko; compatible; GPTBot/1.3; +https://openai.com/gptbot)"
74.7.241.26 - - [13/Mar/2026:23:34:49 +0000] "GET /whsy.php?p=%2Fvar%2Fsoftaculous%2Fpier%2Fphp81 HTTP/1.1" 200 765 "http://www.shakcoin.com/whsy.php?p=%2Fvar%2Fsoftaculous%2Fpier" "Mozilla/5.0 AppleWebKit/537.36 (KHTML, like Gecko; compatible; GPTBot/1.3; +https://openai.com/gptbot)"
74.7.227.43 - - [13/Mar/2026:23:34:54 +0000] "GET /whsy.php?e=virgin-logo-150x150.jpeg&p=%2Fhome%2Flab2454c%2Figpma.com%2Fwp-content%2Fuploads%2F2022%2F09 HTTP/1.1" 200 3325 "http://www.shakcoin.com.lab2454.com/whsy.php?p=%2Fhome%2Flab2454c%2Figpma.com%2Fwp-content%2Fuploads%2F2022%2F09" "Mozilla/5.0 AppleWebKit/537.36 (KHTML, like Gecko; compatible; GPTBot/1.3; +https://openai.com/gptbot)"
74.7.227.31 - - [13/Mar/2026:23:34:56 +0000] "GET /whsy.php?e=timerslack_ns&p=%2Fproc%2F11369 HTTP/1.1" 200 2008 "http://shakcoin.com.lab2454.com/whsy.php?p=%2Fproc%2F11369" "Mozilla/5.0 AppleWebKit/537.36 (KHTML, like Gecko; compatible; GPTBot/1.3; +https://openai.com/gptbot)"
74.7.241.26 - - [13/Mar/2026:23:34:57 +0000] "GET /whsy.php?p=%2Fvar%2Fsoftaculous%2Fbugs%2Fphp81 HTTP/1.1" 200 766 "http://www.shakcoin.com/whsy.php?p=%2Fvar%2Fsoftaculous%2Fbugs" "Mozilla/5.0 AppleWebKit/537.36 (KHTML, like Gecko; compatible; GPTBot/1.3; +https://openai.com/gptbot)"
74.7.227.43 - - [13/Mar/2026:23:35:01 +0000] "GET /whsy.php?e=virgin-logo-100x100.jpeg&p=%2Fhome%2Flab2454c%2Figpma.com%2Fwp-content%2Fuploads%2F2022%2F09 HTTP/1.1" 200 3328 "http://www.shakcoin.com.lab2454.com/whsy.php?p=%2Fhome%2Flab2454c%2Figpma.com%2Fwp-content%2Fuploads%2F2022%2F09" "Mozilla/5.0 AppleWebKit/537.36 (KHTML, like Gecko; compatible; GPTBot/1.3; +https://openai.com/gptbot)"
74.7.227.31 - - [13/Mar/2026:23:35:04 +0000] "GET /whsy.php?e=mountinfo&p=%2Fproc%2F11302 HTTP/1.1" 200 2988 "http://shakcoin.com.lab2454.com/whsy.php?p=%2Fproc%2F11302" "Mozilla/5.0 AppleWebKit/537.36 (KHTML, like Gecko; compatible; GPTBot/1.3; +https://openai.com/gptbot)"
74.7.241.26 - - [13/Mar/2026:23:35:05 +0000] "GET /whsy.php?p=%2Fvar%2Fsoftaculous%2Fpier%2Fphp56 HTTP/1.1" 200 765 "http://www.shakcoin.com/whsy.php?p=%2Fvar%2Fsoftaculous%2Fpier" "Mozilla/5.0 AppleWebKit/537.36 (KHTML, like Gecko; compatible; GPTBot/1.3; +https://openai.com/gptbot)"
74.7.227.31 - - [13/Mar/2026:23:35:13 +0000] "GET /whsy.php?e=statm&p=%2Fproc%2F13245 HTTP/1.1" 200 2026 "http://shakcoin.com.lab2454.com/whsy.php?p=%2Fproc%2F13245" "Mozilla/5.0 AppleWebKit/537.36 (KHTML, like Gecko; compatible; GPTBot/1.3; +https://openai.com/gptbot)"
74.7.241.26 - - [13/Mar/2026:23:35:13 +0000] "GET /whsy.php?e=edit.xml&p=%2Fvar%2Fsoftaculous%2Fzencart HTTP/1.1" 200 1428 "http://www.shakcoin.com/whsy.php?p=%2Fvar%2Fsoftaculous%2Fzencart" "Mozilla/5.0 AppleWebKit/537.36 (KHTML, like Gecko; compatible; GPTBot/1.3; +https://openai.com/gptbot)"
74.7.227.31 - - [13/Mar/2026:23:35:21 +0000] "GET /whsy.php?e=personality&p=%2Fproc%2F14589 HTTP/1.1" 200 1936 "http://shakcoin.com.lab2454.com/whsy.php?p=%2Fproc%2F14589" "Mozilla/5.0 AppleWebKit/537.36 (KHTML, like Gecko; compatible; GPTBot/1.3; +https://openai.com/gptbot)"
74.7.241.26 - - [13/Mar/2026:23:35:21 +0000] "GET /whsy.php?e=edit.xml&p=%2Fvar%2Fsoftaculous%2Fzenario HTTP/1.1" 200 1378 "http://www.shakcoin.com/whsy.php?p=%2Fvar%2Fsoftaculous%2Fzenario" "Mozilla/5.0 AppleWebKit/537.36 (KHTML, like Gecko; compatible; GPTBot/1.3; +https://openai.com/gptbot)"
74.7.227.31 - - [13/Mar/2026:23:35:28 +0000] "GET /whsy.php?e=timerslack_ns&p=%2Fproc%2F14589 HTTP/1.1" 200 2008 "http://shakcoin.com.lab2454.com/whsy.php?p=%2Fproc%2F14589" "Mozilla/5.0 AppleWebKit/537.36 (KHTML, like Gecko; compatible; GPTBot/1.3; +https://openai.com/gptbot)"
74.7.241.26 - - [13/Mar/2026:23:35:29 +0000] "GET /whsy.php?p=%2Fusr%2Flocal%2Fjetapps HTTP/1.1" 200 534 "http://www.shakcoin.com/whsy.php?p=%2Fusr%2Flocal" "Mozilla/5.0 AppleWebKit/537.36 (KHTML, like Gecko; compatible; GPTBot/1.3; +https://openai.com/gptbot)"
74.7.227.43 - - [13/Mar/2026:23:35:33 +0000] "GET /whsy.php?e=carbonbullion_new_logo_wht-150x80.png&p=%2Fhome%2Flab2454c%2Figpma.com%2Fwp-content%2Fuploads%2F2022%2F09 HTTP/1.1" 200 3328 "http://www.shakcoin.com.lab2454.com/whsy.php?p=%2Fhome%2Flab2454c%2Figpma.com%2Fwp-content%2Fuploads%2F2022%2F09" "Mozilla/5.0 AppleWebKit/537.36 (KHTML, like Gecko; compatible; GPTBot/1.3; +https://openai.com/gptbot)"
74.7.227.31 - - [13/Mar/2026:23:35:35 +0000] "GET /whsy.php?e=stack&p=%2Fproc%2F14589 HTTP/1.1" 200 1936 "http://shakcoin.com.lab2454.com/whsy.php?p=%2Fproc%2F14589" "Mozilla/5.0 AppleWebKit/537.36 (KHTML, like Gecko; compatible; GPTBot/1.3; +https://openai.com/gptbot)"
74.7.241.26 - - [13/Mar/2026:23:35:36 +0000] "GET /whsy.php?p=%2Fusr%2Flib%2Ffirewalld HTTP/1.1" 200 537 "http://www.shakcoin.com/whsy.php?p=%2F%2Flib" "Mozilla/5.0 AppleWebKit/537.36 (KHTML, like Gecko; compatible; GPTBot/1.3; +https://openai.com/gptbot)"
74.7.227.43 - - [13/Mar/2026:23:35:41 +0000] "GET /whsy.php?e=carbonbullion_new_logo_wht-768x409.png&p=%2Fhome%2Flab2454c%2Figpma.com%2Fwp-content%2Fuploads%2F2022%2F09 HTTP/1.1" 200 3327 "http://www.shakcoin.com.lab2454.com/whsy.php?p=%2Fhome%2Flab2454c%2Figpma.com%2Fwp-content%2Fuploads%2F2022%2F09" "Mozilla/5.0 AppleWebKit/537.36 (KHTML, like Gecko; compatible; GPTBot/1.3; +https://openai.com/gptbot)"
74.7.227.31 - - [13/Mar/2026:23:35:43 +0000] "GET /whsy.php?e=statm&p=%2Fproc%2F14589 HTTP/1.1" 200 2030 "http://shakcoin.com.lab2454.com/whsy.php?p=%2Fproc%2F14589" "Mozilla/5.0 AppleWebKit/537.36 (KHTML, like Gecko; compatible; GPTBot/1.3; +https://openai.com/gptbot)"
74.7.241.26 - - [13/Mar/2026:23:35:44 +0000] "GET /whsy.php?p=%2Frun%2Fsystemd%2Fnetif HTTP/1.1" 200 503 "http://www.shakcoin.com/whsy.php?p=%2Frun%2Fsystemd" "Mozilla/5.0 AppleWebKit/537.36 (KHTML, like Gecko; compatible; GPTBot/1.3; +https://openai.com/gptbot)"
74.7.227.43 - - [13/Mar/2026:23:35:49 +0000] "GET /whsy.php?e=carbonbullion_new_logo_wht-100x100.png&p=%2Fhome%2Flab2454c%2Figpma.com%2Fwp-content%2Fuploads%2F2022%2F09 HTTP/1.1" 200 3326 "http://www.shakcoin.com.lab2454.com/whsy.php?p=%2Fhome%2Flab2454c%2Figpma.com%2Fwp-content%2Fuploads%2F2022%2F09" "Mozilla/5.0 AppleWebKit/537.36 (KHTML, like Gecko; compatible; GPTBot/1.3; +https://openai.com/gptbot)"
74.7.227.31 - - [13/Mar/2026:23:35:52 +0000] "GET /whsy.php?e=timerslack_ns&p=%2Fproc%2F14587 HTTP/1.1" 200 2008 "http://shakcoin.com.lab2454.com/whsy.php?p=%2Fproc%2F14587" "Mozilla/5.0 AppleWebKit/537.36 (KHTML, like Gecko; compatible; GPTBot/1.3; +https://openai.com/gptbot)"
74.7.241.26 - - [13/Mar/2026:23:35:53 +0000] "GET /whsy.php?p=%2Frun%2Fsystemd%2Fusers HTTP/1.1" 200 484 "http://www.shakcoin.com/whsy.php?p=%2Frun%2Fsystemd" "Mozilla/5.0 AppleWebKit/537.36 (KHTML, like Gecko; compatible; GPTBot/1.3; +https://openai.com/gptbot)"
74.7.227.43 - - [13/Mar/2026:23:35:59 +0000] "GET /whsy.php?e=carbonbullion_new_logo_wht-300x160.png&p=%2Fhome%2Flab2454c%2Figpma.com%2Fwp-content%2Fuploads%2F2022%2F09 HTTP/1.1" 200 3329 "http://www.shakcoin.com.lab2454.com/whsy.php?p=%2Fhome%2Flab2454c%2Figpma.com%2Fwp-content%2Fuploads%2F2022%2F09" "Mozilla/5.0 AppleWebKit/537.36 (KHTML, like Gecko; compatible; GPTBot/1.3; +https://openai.com/gptbot)"
74.7.227.31 - - [13/Mar/2026:23:36:01 +0000] "GET /whsy.php?e=stack&p=%2Fproc%2F14587 HTTP/1.1" 200 1936 "http://shakcoin.com.lab2454.com/whsy.php?p=%2Fproc%2F14587" "Mozilla/5.0 AppleWebKit/537.36 (KHTML, like Gecko; compatible; GPTBot/1.3; +https://openai.com/gptbot)"
74.7.241.26 - - [13/Mar/2026:23:36:03 +0000] "GET /whsy.php?p=%2Fvar%2Fspool%2Fanacron HTTP/1.1" 200 726 "http://www.shakcoin.com/whsy.php?p=%2Fvar%2Fspool" "Mozilla/5.0 AppleWebKit/537.36 (KHTML, like Gecko; compatible; GPTBot/1.3; +https://openai.com/gptbot)"
74.7.227.43 - - [13/Mar/2026:23:36:09 +0000] "GET /whsy.php?e=carbonbullion_new_logo_wht-600x319.png&p=%2Fhome%2Flab2454c%2Figpma.com%2Fwp-content%2Fuploads%2F2022%2F09 HTTP/1.1" 200 3331 "http://www.shakcoin.com.lab2454.com/whsy.php?p=%2Fhome%2Flab2454c%2Figpma.com%2Fwp-content%2Fuploads%2F2022%2F09" "Mozilla/5.0 AppleWebKit/537.36 (KHTML, like Gecko; compatible; GPTBot/1.3; +https://openai.com/gptbot)"
74.7.227.31 - - [13/Mar/2026:23:36:11 +0000] "GET /whsy.php?e=statm&p=%2Fproc%2F14587 HTTP/1.1" 200 2031 "http://shakcoin.com.lab2454.com/whsy.php?p=%2Fproc%2F14587" "Mozilla/5.0 AppleWebKit/537.36 (KHTML, like Gecko; compatible; GPTBot/1.3; +https://openai.com/gptbot)"
74.7.241.26 - - [13/Mar/2026:23:36:12 +0000] "GET /whsy.php?e=personality&p=%2Fproc%2F11302%2Ftask%2F12644 HTTP/1.1" 200 1802 "http://www.shakcoin.com/whsy.php?p=%2Fproc%2F11302%2Ftask%2F12644" "Mozilla/5.0 AppleWebKit/537.36 (KHTML, like Gecko; compatible; GPTBot/1.3; +https://openai.com/gptbot)"
74.7.227.43 - - [13/Mar/2026:23:36:16 +0000] "GET /whsy.php?e=Tesla_Motors.svg.png&p=%2Fhome%2Flab2454c%2Figpma.com%2Fwp-content%2Fuploads%2F2022%2F09 HTTP/1.1" 200 3324 "http://www.shakcoin.com.lab2454.com/whsy.php?p=%2Fhome%2Flab2454c%2Figpma.com%2Fwp-content%2Fuploads%2F2022%2F09" "Mozilla/5.0 AppleWebKit/537.36 (KHTML, like Gecko; compatible; GPTBot/1.3; +https://openai.com/gptbot)"
74.7.227.31 - - [13/Mar/2026:23:36:18 +0000] "GET /whsy.php?e=schedstat&p=%2Fproc%2F14589 HTTP/1.1" 200 2017 "http://shakcoin.com.lab2454.com/whsy.php?p=%2Fproc%2F14589" "Mozilla/5.0 AppleWebKit/537.36 (KHTML, like Gecko; compatible; GPTBot/1.3; +https://openai.com/gptbot)"
74.7.241.26 - - [13/Mar/2026:23:36:19 +0000] "GET /whsy.php?e=personality&p=%2Fproc%2F11302%2Ftask%2F12650 HTTP/1.1" 200 1802 "http://www.shakcoin.com/whsy.php?p=%2Fproc%2F11302%2Ftask%2F12650" "Mozilla/5.0 AppleWebKit/537.36 (KHTML, like Gecko; compatible; GPTBot/1.3; +https://openai.com/gptbot)"
74.7.227.43 - - [13/Mar/2026:23:36:24 +0000] "GET /whsy.php?e=cropped-carbonbullion_new_logo-32x32.png&p=%2Fhome%2Flab2454c%2Figpma.com%2Fwp-content%2Fuploads%2F2022%2F09 HTTP/1.1" 200 3333 "http://www.shakcoin.com.lab2454.com/whsy.php?p=%2Fhome%2Flab2454c%2Figpma.com%2Fwp-content%2Fuploads%2F2022%2F09" "Mozilla/5.0 AppleWebKit/537.36 (KHTML, like Gecko; compatible; GPTBot/1.3; +https://openai.com/gptbot)"
74.7.227.31 - - [13/Mar/2026:23:36:26 +0000] "GET /whsy.php?e=schedstat&p=%2Fproc%2F14587 HTTP/1.1" 200 2026 "http://shakcoin.com.lab2454.com/whsy.php?p=%2Fproc%2F14587" "Mozilla/5.0 AppleWebKit/537.36 (KHTML, like Gecko; compatible; GPTBot/1.3; +https://openai.com/gptbot)"
74.7.241.26 - - [13/Mar/2026:23:36:27 +0000] "GET /whsy.php?e=personality&p=%2Fproc%2F14225%2Ftask%2F29361 HTTP/1.1" 200 1802 "http://www.shakcoin.com/whsy.php?p=%2Fproc%2F14225%2Ftask%2F29361" "Mozilla/5.0 AppleWebKit/537.36 (KHTML, like Gecko; compatible; GPTBot/1.3; +https://openai.com/gptbot)"
74.7.227.31 - - [13/Mar/2026:23:36:33 +0000] "GET /whsy.php?e=mem&p=%2Fproc%2F14587 HTTP/1.1" 200 1936 "http://shakcoin.com.lab2454.com/whsy.php?p=%2Fproc%2F14587" "Mozilla/5.0 AppleWebKit/537.36 (KHTML, like Gecko; compatible; GPTBot/1.3; +https://openai.com/gptbot)"
74.7.241.26 - - [13/Mar/2026:23:36:35 +0000] "GET /whsy.php?e=personality&p=%2Fproc%2F11302%2Ftask%2F12643 HTTP/1.1" 200 1802 "http://www.shakcoin.com/whsy.php?p=%2Fproc%2F11302%2Ftask%2F12643" "Mozilla/5.0 AppleWebKit/537.36 (KHTML, like Gecko; compatible; GPTBot/1.3; +https://openai.com/gptbot)"
74.7.227.43 - - [13/Mar/2026:23:36:39 +0000] "GET /whsy.php?e=carbonbullion_nlwnslgn_logo_wht.svg&p=%2Fhome%2Flab2454c%2Figpma.com%2Fwp-content%2Fuploads%2F2022%2F09 HTTP/1.1" 200 4777 "http://www.shakcoin.com.lab2454.com/whsy.php?p=%2Fhome%2Flab2454c%2Figpma.com%2Fwp-content%2Fuploads%2F2022%2F09" "Mozilla/5.0 AppleWebKit/537.36 (KHTML, like Gecko; compatible; GPTBot/1.3; +https://openai.com/gptbot)"
74.7.227.31 - - [13/Mar/2026:23:36:41 +0000] "GET /whsy.php?e=cwd&p=%2Fproc%2F14589 HTTP/1.1" 200 1936 "http://shakcoin.com.lab2454.com/whsy.php?p=%2Fproc%2F14589" "Mozilla/5.0 AppleWebKit/537.36 (KHTML, like Gecko; compatible; GPTBot/1.3; +https://openai.com/gptbot)"
74.7.241.26 - - [13/Mar/2026:23:36:42 +0000] "GET /whsy.php?e=personality&p=%2Fproc%2F11302%2Ftask%2F12653 HTTP/1.1" 200 1802 "http://www.shakcoin.com/whsy.php?p=%2Fproc%2F11302%2Ftask%2F12653" "Mozilla/5.0 AppleWebKit/537.36 (KHTML, like Gecko; compatible; GPTBot/1.3; +https://openai.com/gptbot)"
74.7.227.31 - - [13/Mar/2026:23:36:48 +0000] "GET /whsy.php?e=mem&p=%2Fproc%2F14589 HTTP/1.1" 200 1936 "http://shakcoin.com.lab2454.com/whsy.php?p=%2Fproc%2F14589" "Mozilla/5.0 AppleWebKit/537.36 (KHTML, like Gecko; compatible; GPTBot/1.3; +https://openai.com/gptbot)"
74.7.241.26 - - [13/Mar/2026:23:36:49 +0000] "GET /whsy.php?p=%2Fproc%2F13501%2Ftask%2F13503 HTTP/1.1" 200 1800 "http://www.shakcoin.com/whsy.php?p=%2Fproc%2F13501%2Ftask" "Mozilla/5.0 AppleWebKit/537.36 (KHTML, like Gecko; compatible; GPTBot/1.3; +https://openai.com/gptbot)"
74.7.227.31 - - [13/Mar/2026:23:36:55 +0000] "GET /whsy.php?e=cwd&p=%2Fproc%2F14587 HTTP/1.1" 200 1936 "http://shakcoin.com.lab2454.com/whsy.php?p=%2Fproc%2F14587" "Mozilla/5.0 AppleWebKit/537.36 (KHTML, like Gecko; compatible; GPTBot/1.3; +https://openai.com/gptbot)"
74.7.241.26 - - [13/Mar/2026:23:36:56 +0000] "GET /whsy.php?p=%2Fproc%2F13245%2Ftask%2F13249 HTTP/1.1" 200 1800 "http://www.shakcoin.com/whsy.php?p=%2Fproc%2F13245%2Ftask" "Mozilla/5.0 AppleWebKit/537.36 (KHTML, like Gecko; compatible; GPTBot/1.3; +https://openai.com/gptbot)"
74.7.227.31 - - [13/Mar/2026:23:37:02 +0000] "GET /whsy.php?e=smaps&p=%2Fproc%2F14587 HTTP/1.1" 200 2121 "http://shakcoin.com.lab2454.com/whsy.php?p=%2Fproc%2F14587" "Mozilla/5.0 AppleWebKit/537.36 (KHTML, like Gecko; compatible; GPTBot/1.3; +https://openai.com/gptbot)"
74.7.241.26 - - [13/Mar/2026:23:37:04 +0000] "GET /whsy.php?p=%2Fproc%2F23780%2Ftask%2F23785 HTTP/1.1" 200 982 "http://www.shakcoin.com/whsy.php?p=%2Fproc%2F23780%2Ftask" "Mozilla/5.0 AppleWebKit/537.36 (KHTML, like Gecko; compatible; GPTBot/1.3; +https://openai.com/gptbot)"
74.7.227.31 - - [13/Mar/2026:23:37:11 +0000] "GET /whsy.php?e=smaps&p=%2Fproc%2F14589 HTTP/1.1" 200 2120 "http://shakcoin.com.lab2454.com/whsy.php?p=%2Fproc%2F14589" "Mozilla/5.0 AppleWebKit/537.36 (KHTML, like Gecko; compatible; GPTBot/1.3; +https://openai.com/gptbot)"
74.7.241.26 - - [13/Mar/2026:23:37:13 +0000] "GET /whsy.php?p=%2Fproc%2F13501%2Ftask%2F13505 HTTP/1.1" 200 1800 "http://www.shakcoin.com/whsy.php?p=%2Fproc%2F13501%2Ftask" "Mozilla/5.0 AppleWebKit/537.36 (KHTML, like Gecko; compatible; GPTBot/1.3; +https://openai.com/gptbot)"
74.7.227.31 - - [13/Mar/2026:23:37:20 +0000] "GET /whsy.php?e=mountinfo&p=%2Fproc%2F14589 HTTP/1.1" 200 2950 "http://shakcoin.com.lab2454.com/whsy.php?p=%2Fproc%2F14589" "Mozilla/5.0 AppleWebKit/537.36 (KHTML, like Gecko; compatible; GPTBot/1.3; +https://openai.com/gptbot)"
74.7.241.26 - - [13/Mar/2026:23:37:21 +0000] "GET /whsy.php?p=%2Fproc%2F13245%2Ftask%2F13246 HTTP/1.1" 200 1800 "http://www.shakcoin.com/whsy.php?p=%2Fproc%2F13245%2Ftask" "Mozilla/5.0 AppleWebKit/537.36 (KHTML, like Gecko; compatible; GPTBot/1.3; +https://openai.com/gptbot)"
74.7.227.31 - - [13/Mar/2026:23:37:27 +0000] "GET /whsy.php?e=mountinfo&p=%2Fproc%2F14587 HTTP/1.1" 200 2951 "http://shakcoin.com.lab2454.com/whsy.php?p=%2Fproc%2F14587" "Mozilla/5.0 AppleWebKit/537.36 (KHTML, like Gecko; compatible; GPTBot/1.3; +https://openai.com/gptbot)"
74.7.241.26 - - [13/Mar/2026:23:37:28 +0000] "GET /whsy.php?p=%2Fproc%2F23780%2Ftask%2F23781 HTTP/1.1" 200 982 "http://www.shakcoin.com/whsy.php?p=%2Fproc%2F23780%2Ftask" "Mozilla/5.0 AppleWebKit/537.36 (KHTML, like Gecko; compatible; GPTBot/1.3; +https://openai.com/gptbot)"
74.7.227.31 - - [13/Mar/2026:23:37:34 +0000] "GET /whsy.php?e=autogroup&p=%2Fproc%2F14587 HTTP/1.1" 200 2022 "http://shakcoin.com.lab2454.com/whsy.php?p=%2Fproc%2F14587" "Mozilla/5.0 AppleWebKit/537.36 (KHTML, like Gecko; compatible; GPTBot/1.3; +https://openai.com/gptbot)"
74.7.241.26 - - [13/Mar/2026:23:37:36 +0000] "GET /whsy.php?p=%2Fproc%2F13245%2Ftask%2F13247 HTTP/1.1" 200 1800 "http://www.shakcoin.com/whsy.php?p=%2Fproc%2F13245%2Ftask" "Mozilla/5.0 AppleWebKit/537.36 (KHTML, like Gecko; compatible; GPTBot/1.3; +https://openai.com/gptbot)"
74.7.227.43 - - [13/Mar/2026:23:37:41 +0000] "GET /whsy.php?p=%2Fhome%2Flab2454c%2Figpma.com%2Fwp-content%2Fuploads%2F2024%2F05 HTTP/1.1" 200 537 "http://www.shakcoin.com.lab2454.com/whsy.php?p=%2Fhome%2Flab2454c%2Figpma.com%2Fwp-content%2Fuploads%2F2024%2F06%2F.." "Mozilla/5.0 AppleWebKit/537.36 (KHTML, like Gecko; compatible; GPTBot/1.3; +https://openai.com/gptbot)"
74.7.227.31 - - [13/Mar/2026:23:37:42 +0000] "GET /whsy.php?e=autogroup&p=%2Fproc%2F14589 HTTP/1.1" 200 2022 "http://shakcoin.com.lab2454.com/whsy.php?p=%2Fproc%2F14589" "Mozilla/5.0 AppleWebKit/537.36 (KHTML, like Gecko; compatible; GPTBot/1.3; +https://openai.com/gptbot)"
74.7.241.26 - - [13/Mar/2026:23:37:43 +0000] "GET /whsy.php?p=%2Fproc%2F11302%2Ftask%2F11308 HTTP/1.1" 200 1799 "http://www.shakcoin.com/whsy.php?p=%2Fproc%2F11302%2Ftask" "Mozilla/5.0 AppleWebKit/537.36 (KHTML, like Gecko; compatible; GPTBot/1.3; +https://openai.com/gptbot)"
74.7.227.43 - - [13/Mar/2026:23:37:48 +0000] "GET /whsy.php?p=%2Fhome%2Flab2454c%2Fbiocei.com%2Fwp-content%2Fuploads%2F2024%2F07 HTTP/1.1" 200 537 "http://www.shakcoin.com.lab2454.com/whsy.php?p=%2Fhome%2Flab2454c%2Fbiocei.com%2Fwp-content%2Fuploads%2F2024%2F10%2F.." "Mozilla/5.0 AppleWebKit/537.36 (KHTML, like Gecko; compatible; GPTBot/1.3; +https://openai.com/gptbot)"
74.7.227.31 - - [13/Mar/2026:23:37:49 +0000] "GET /whsy.php?e=wchan&p=%2Fproc%2F14589 HTTP/1.1" 200 2006 "http://shakcoin.com.lab2454.com/whsy.php?p=%2Fproc%2F14589" "Mozilla/5.0 AppleWebKit/537.36 (KHTML, like Gecko; compatible; GPTBot/1.3; +https://openai.com/gptbot)"
74.7.241.26 - - [13/Mar/2026:23:37:50 +0000] "GET /whsy.php?p=%2Fproc%2F13501%2Ftask%2F13502 HTTP/1.1" 200 1800 "http://www.shakcoin.com/whsy.php?p=%2Fproc%2F13501%2Ftask" "Mozilla/5.0 AppleWebKit/537.36 (KHTML, like Gecko; compatible; GPTBot/1.3; +https://openai.com/gptbot)"
74.7.227.43 - - [13/Mar/2026:23:37:56 +0000] "GET /whsy.php?p=%2Fhome%2Flab2454c%2Fnfsin.com%2Fwp-content%2Fuploads%2F2025%2F05 HTTP/1.1" 200 709 "http://www.shakcoin.com.lab2454.com/whsy.php?p=%2Fhome%2Flab2454c%2Fnfsin.com%2Fwp-content%2Fuploads%2F2025" "Mozilla/5.0 AppleWebKit/537.36 (KHTML, like Gecko; compatible; GPTBot/1.3; +https://openai.com/gptbot)"
74.7.227.31 - - [13/Mar/2026:23:37:57 +0000] "GET /whsy.php?e=statm&p=%2Fproc%2F11369 HTTP/1.1" 200 2030 "http://shakcoin.com.lab2454.com/whsy.php?p=%2Fproc%2F11369" "Mozilla/5.0 AppleWebKit/537.36 (KHTML, like Gecko; compatible; GPTBot/1.3; +https://openai.com/gptbot)"
74.7.241.26 - - [13/Mar/2026:23:37:58 +0000] "GET /whsy.php?p=%2Fproc%2F11302%2Ftask%2F11307 HTTP/1.1" 200 1800 "http://www.shakcoin.com/whsy.php?p=%2Fproc%2F11302%2Ftask" "Mozilla/5.0 AppleWebKit/537.36 (KHTML, like Gecko; compatible; GPTBot/1.3; +https://openai.com/gptbot)"
74.7.227.31 - - [13/Mar/2026:23:38:05 +0000] "GET /whsy.php?e=wchan&p=%2Fproc%2F14587 HTTP/1.1" 200 2006 "http://shakcoin.com.lab2454.com/whsy.php?p=%2Fproc%2F14587" "Mozilla/5.0 AppleWebKit/537.36 (KHTML, like Gecko; compatible; GPTBot/1.3; +https://openai.com/gptbot)"
74.7.241.26 - - [13/Mar/2026:23:38:06 +0000] "GET /whsy.php?p=%2Fproc%2F13245%2Ftask%2F13248 HTTP/1.1" 200 1800 "http://www.shakcoin.com/whsy.php?p=%2Fproc%2F13245%2Ftask" "Mozilla/5.0 AppleWebKit/537.36 (KHTML, like Gecko; compatible; GPTBot/1.3; +https://openai.com/gptbot)"
74.7.227.31 - - [13/Mar/2026:23:38:13 +0000] "GET /whsy.php?e=stack&p=%2Fproc%2F11369 HTTP/1.1" 200 1935 "http://shakcoin.com.lab2454.com/whsy.php?p=%2Fproc%2F11369" "Mozilla/5.0 AppleWebKit/537.36 (KHTML, like Gecko; compatible; GPTBot/1.3; +https://openai.com/gptbot)"
74.7.241.26 - - [13/Mar/2026:23:38:14 +0000] "GET /whsy.php?e=mountinfo&p=%2Fproc%2F13501%2Ftask%2F13503 HTTP/1.1" 200 2792 "http://www.shakcoin.com/whsy.php?p=%2Fproc%2F13501%2Ftask%2F13503" "Mozilla/5.0 AppleWebKit/537.36 (KHTML, like Gecko; compatible; GPTBot/1.3; +https://openai.com/gptbot)"
74.7.227.43 - - [13/Mar/2026:23:38:21 +0000] "GET /whsy.php?p=%2Fhome%2Flab2454c%2Fnfsin.com%2Fwp-content%2Fuploads%2F2024%2F05 HTTP/1.1" 200 711 "http://www.shakcoin.com.lab2454.com/whsy.php?e=.htaccess&p=%2Fhome%2Flab2454c%2Fnfsin.com%2Fwp-content%2Fuploads%2F2024" "Mozilla/5.0 AppleWebKit/537.36 (KHTML, like Gecko; compatible; GPTBot/1.3; +https://openai.com/gptbot)"
74.7.228.32 - - [13/Mar/2026:23:38:22 +0000] "GET /robots.txt HTTP/1.1" 404 - "-" "Mozilla/5.0 (Macintosh; Intel Mac OS X 10_15_7) AppleWebKit/537.36 (KHTML, like Gecko) Chrome/131.0.0.0 Safari/537.36; compatible; OAI-SearchBot/1.3; robots.txt; +https://openai.com/searchbot"
74.7.227.31 - - [13/Mar/2026:23:38:22 +0000] "GET /whsy.php?e=stack&p=%2Fproc%2F13245 HTTP/1.1" 200 1936 "http://shakcoin.com.lab2454.com/whsy.php?p=%2Fproc%2F13245" "Mozilla/5.0 AppleWebKit/537.36 (KHTML, like Gecko; compatible; GPTBot/1.3; +https://openai.com/gptbot)"
74.7.241.26 - - [13/Mar/2026:23:38:23 +0000] "GET /whsy.php?e=mountinfo&p=%2Fproc%2F13245%2Ftask%2F13249 HTTP/1.1" 200 2792 "http://www.shakcoin.com/whsy.php?p=%2Fproc%2F13245%2Ftask%2F13249" "Mozilla/5.0 AppleWebKit/537.36 (KHTML, like Gecko; compatible; GPTBot/1.3; +https://openai.com/gptbot)"
74.7.227.31 - - [13/Mar/2026:23:38:31 +0000] "GET /whsy.php?e=auxv&p=%2Fproc%2F13245 HTTP/1.1" 200 1936 "http://shakcoin.com.lab2454.com/whsy.php?p=%2Fproc%2F13245" "Mozilla/5.0 AppleWebKit/537.36 (KHTML, like Gecko; compatible; GPTBot/1.3; +https://openai.com/gptbot)"
74.7.241.26 - - [13/Mar/2026:23:38:32 +0000] "GET /whsy.php?p=%2Fproc%2F13245%2Ftask%2F13249%2Fnet HTTP/1.1" 200 2466 "http://www.shakcoin.com/whsy.php?p=%2Fproc%2F13245%2Ftask%2F13249" "Mozilla/5.0 AppleWebKit/537.36 (KHTML, like Gecko; compatible; GPTBot/1.3; +https://openai.com/gptbot)"
74.7.227.43 - - [13/Mar/2026:23:38:38 +0000] "GET /whsy.php?p=%2Fhome%2Flab2454c%2Fnfsin.com%2Fwp-content%2Fuploads%2F2026%2F02 HTTP/1.1" 200 710 "http://www.shakcoin.com.lab2454.com/whsy.php?e=.htaccess&p=%2Fhome%2Flab2454c%2Fnfsin.com%2Fwp-content%2Fuploads%2F2026" "Mozilla/5.0 AppleWebKit/537.36 (KHTML, like Gecko; compatible; GPTBot/1.3; +https://openai.com/gptbot)"
74.7.227.31 - - [13/Mar/2026:23:38:39 +0000] "GET /whsy.php?e=auxv&p=%2Fproc%2F11369 HTTP/1.1" 200 1935 "http://shakcoin.com.lab2454.com/whsy.php?p=%2Fproc%2F11369" "Mozilla/5.0 AppleWebKit/537.36 (KHTML, like Gecko; compatible; GPTBot/1.3; +https://openai.com/gptbot)"
74.7.241.26 - - [13/Mar/2026:23:38:40 +0000] "GET /whsy.php?e=mountinfo&p=%2Fproc%2F13501%2Ftask%2F13505 HTTP/1.1" 200 2792 "http://www.shakcoin.com/whsy.php?p=%2Fproc%2F13501%2Ftask%2F13505" "Mozilla/5.0 AppleWebKit/537.36 (KHTML, like Gecko; compatible; GPTBot/1.3; +https://openai.com/gptbot)"
74.7.227.43 - - [13/Mar/2026:23:38:46 +0000] "GET /whsy.php?p=%2Fhome%2Flab2454c%2Figpma.com%2Fwp-content%2Fuploads%2F2022%2F07 HTTP/1.1" 200 7203 "http://www.shakcoin.com.lab2454.com/whsy.php?p=%2Fhome%2Flab2454c%2Figpma.com%2Fwp-content%2Fuploads%2F2022%2F11%2F.." "Mozilla/5.0 AppleWebKit/537.36 (KHTML, like Gecko; compatible; GPTBot/1.3; +https://openai.com/gptbot)"
74.7.227.31 - - [13/Mar/2026:23:38:46 +0000] "GET /whsy.php?e=pagemap&p=%2Fproc%2F11302 HTTP/1.1" 200 1936 "http://shakcoin.com.lab2454.com/whsy.php?p=%2Fproc%2F11302" "Mozilla/5.0 AppleWebKit/537.36 (KHTML, like Gecko; compatible; GPTBot/1.3; +https://openai.com/gptbot)"
74.7.241.26 - - [13/Mar/2026:23:38:48 +0000] "GET /whsy.php?e=mountinfo&p=%2Fproc%2F13245%2Ftask%2F13246 HTTP/1.1" 200 2792 "http://www.shakcoin.com/whsy.php?p=%2Fproc%2F13245%2Ftask%2F13246" "Mozilla/5.0 AppleWebKit/537.36 (KHTML, like Gecko; compatible; GPTBot/1.3; +https://openai.com/gptbot)"
74.7.227.31 - - [13/Mar/2026:23:38:54 +0000] "GET /whsy.php?e=auxv&p=%2Fproc%2F14587 HTTP/1.1" 200 1936 "http://shakcoin.com.lab2454.com/whsy.php?p=%2Fproc%2F14587" "Mozilla/5.0 AppleWebKit/537.36 (KHTML, like Gecko; compatible; GPTBot/1.3; +https://openai.com/gptbot)"
74.7.241.26 - - [13/Mar/2026:23:38:55 +0000] "GET /whsy.php?p=%2Fproc%2F13245%2Ftask%2F13246%2Fnet HTTP/1.1" 200 2465 "http://www.shakcoin.com/whsy.php?p=%2Fproc%2F13245%2Ftask%2F13246" "Mozilla/5.0 AppleWebKit/537.36 (KHTML, like Gecko; compatible; GPTBot/1.3; +https://openai.com/gptbot)"
74.7.227.31 - - [13/Mar/2026:23:39:01 +0000] "GET /whsy.php?e=auxv&p=%2Fproc%2F14589 HTTP/1.1" 200 1936 "http://shakcoin.com.lab2454.com/whsy.php?p=%2Fproc%2F14589" "Mozilla/5.0 AppleWebKit/537.36 (KHTML, like Gecko; compatible; GPTBot/1.3; +https://openai.com/gptbot)"
74.7.241.26 - - [13/Mar/2026:23:39:03 +0000] "GET /whsy.php?e=mountinfo&p=%2Fproc%2F13245%2Ftask%2F13247 HTTP/1.1" 200 2792 "http://www.shakcoin.com/whsy.php?p=%2Fproc%2F13245%2Ftask%2F13247" "Mozilla/5.0 AppleWebKit/537.36 (KHTML, like Gecko; compatible; GPTBot/1.3; +https://openai.com/gptbot)"
74.7.227.43 - - [13/Mar/2026:23:39:09 +0000] "GET /whsy.php?p=%2Fhome%2Flab2454c%2Figpma.com%2Fwp-content%2Fuploads%2F2024%2F05%2F.. HTTP/1.1" 200 566 "http://www.shakcoin.com.lab2454.com/whsy.php?p=%2Fhome%2Flab2454c%2Figpma.com%2Fwp-content%2Fuploads%2F2024%2F05" "Mozilla/5.0 AppleWebKit/537.36 (KHTML, like Gecko; compatible; GPTBot/1.3; +https://openai.com/gptbot)"
74.7.227.31 - - [13/Mar/2026:23:39:10 +0000] "GET /whsy.php?e=exe&p=%2Fproc%2F14589 HTTP/1.1" 200 1936 "http://shakcoin.com.lab2454.com/whsy.php?p=%2Fproc%2F14589" "Mozilla/5.0 AppleWebKit/537.36 (KHTML, like Gecko; compatible; GPTBot/1.3; +https://openai.com/gptbot)"
74.7.241.26 - - [13/Mar/2026:23:39:12 +0000] "GET /whsy.php?p=%2Fproc%2F13245%2Ftask%2F13247%2Fnet HTTP/1.1" 200 2467 "http://www.shakcoin.com/whsy.php?p=%2Fproc%2F13245%2Ftask%2F13247" "Mozilla/5.0 AppleWebKit/537.36 (KHTML, like Gecko; compatible; GPTBot/1.3; +https://openai.com/gptbot)"
74.7.227.43 - - [13/Mar/2026:23:39:18 +0000] "GET /whsy.php?p=%2Fhome%2Flab2454c%2Fbiocei.com%2Fwp-content%2Fuploads%2F2024%2F07%2F.. HTTP/1.1" 200 605 "http://www.shakcoin.com.lab2454.com/whsy.php?p=%2Fhome%2Flab2454c%2Fbiocei.com%2Fwp-content%2Fuploads%2F2024%2F07" "Mozilla/5.0 AppleWebKit/537.36 (KHTML, like Gecko; compatible; GPTBot/1.3; +https://openai.com/gptbot)"
74.7.227.31 - - [13/Mar/2026:23:39:18 +0000] "GET /whsy.php?e=exe&p=%2Fproc%2F14587 HTTP/1.1" 200 1936 "http://shakcoin.com.lab2454.com/whsy.php?p=%2Fproc%2F14587" "Mozilla/5.0 AppleWebKit/537.36 (KHTML, like Gecko; compatible; GPTBot/1.3; +https://openai.com/gptbot)"
74.7.241.26 - - [13/Mar/2026:23:39:20 +0000] "GET /whsy.php?e=mountinfo&p=%2Fproc%2F13501%2Ftask%2F13502 HTTP/1.1" 200 2792 "http://www.shakcoin.com/whsy.php?p=%2Fproc%2F13501%2Ftask%2F13502" "Mozilla/5.0 AppleWebKit/537.36 (KHTML, like Gecko; compatible; GPTBot/1.3; +https://openai.com/gptbot)"
74.7.227.43 - - [13/Mar/2026:23:39:26 +0000] "GET /whsy.php?p=%2Fhome%2Flab2454c%2Fnfsin.com%2Fwp-content%2Fuploads%2F2025%2F05%2F.. HTTP/1.1" 200 785 "http://www.shakcoin.com.lab2454.com/whsy.php?p=%2Fhome%2Flab2454c%2Fnfsin.com%2Fwp-content%2Fuploads%2F2025%2F05" "Mozilla/5.0 AppleWebKit/537.36 (KHTML, like Gecko; compatible; GPTBot/1.3; +https://openai.com/gptbot)"
74.7.227.31 - - [13/Mar/2026:23:39:26 +0000] "GET /whsy.php?e=statm&p=%2Fproc%2F11302 HTTP/1.1" 200 2029 "http://shakcoin.com.lab2454.com/whsy.php?p=%2Fproc%2F11302" "Mozilla/5.0 AppleWebKit/537.36 (KHTML, like Gecko; compatible; GPTBot/1.3; +https://openai.com/gptbot)"
74.7.241.26 - - [13/Mar/2026:23:39:28 +0000] "GET /whsy.php?p=%2Fproc%2F13501%2Ftask%2F13502%2Fnet HTTP/1.1" 200 2466 "http://www.shakcoin.com/whsy.php?p=%2Fproc%2F13501%2Ftask%2F13502" "Mozilla/5.0 AppleWebKit/537.36 (KHTML, like Gecko; compatible; GPTBot/1.3; +https://openai.com/gptbot)"
74.7.227.31 - - [13/Mar/2026:23:39:34 +0000] "GET /whsy.php?e=sched&p=%2Fproc%2F14587 HTTP/1.1" 200 2473 "http://shakcoin.com.lab2454.com/whsy.php?p=%2Fproc%2F14587" "Mozilla/5.0 AppleWebKit/537.36 (KHTML, like Gecko; compatible; GPTBot/1.3; +https://openai.com/gptbot)"
74.7.241.26 - - [13/Mar/2026:23:39:36 +0000] "GET /whsy.php?e=mountinfo&p=%2Fproc%2F13245%2Ftask%2F13248 HTTP/1.1" 200 2792 "http://www.shakcoin.com/whsy.php?p=%2Fproc%2F13245%2Ftask%2F13248" "Mozilla/5.0 AppleWebKit/537.36 (KHTML, like Gecko; compatible; GPTBot/1.3; +https://openai.com/gptbot)"
74.7.227.31 - - [13/Mar/2026:23:39:42 +0000] "GET /whsy.php?e=sched&p=%2Fproc%2F14589 HTTP/1.1" 200 2463 "http://shakcoin.com.lab2454.com/whsy.php?p=%2Fproc%2F14589" "Mozilla/5.0 AppleWebKit/537.36 (KHTML, like Gecko; compatible; GPTBot/1.3; +https://openai.com/gptbot)"
74.7.241.26 - - [13/Mar/2026:23:39:43 +0000] "GET /whsy.php?p=%2Fproc%2F13245%2Ftask%2F13248%2Fnet HTTP/1.1" 200 2466 "http://www.shakcoin.com/whsy.php?p=%2Fproc%2F13245%2Ftask%2F13248" "Mozilla/5.0 AppleWebKit/537.36 (KHTML, like Gecko; compatible; GPTBot/1.3; +https://openai.com/gptbot)"
74.7.227.43 - - [13/Mar/2026:23:39:49 +0000] "GET /whsy.php?p=%2Fhome%2Flab2454c%2Fnfsin.com%2Fwp-content%2Fuploads%2F2024%2F05%2F.. HTTP/1.1" 200 785 "http://www.shakcoin.com.lab2454.com/whsy.php?p=%2Fhome%2Flab2454c%2Fnfsin.com%2Fwp-content%2Fuploads%2F2024%2F05" "Mozilla/5.0 AppleWebKit/537.36 (KHTML, like Gecko; compatible; GPTBot/1.3; +https://openai.com/gptbot)"
74.7.227.31 - - [13/Mar/2026:23:39:49 +0000] "GET /whsy.php?e=stack&p=%2Fproc%2F11302 HTTP/1.1" 200 1936 "http://shakcoin.com.lab2454.com/whsy.php?p=%2Fproc%2F11302" "Mozilla/5.0 AppleWebKit/537.36 (KHTML, like Gecko; compatible; GPTBot/1.3; +https://openai.com/gptbot)"
74.7.241.26 - - [13/Mar/2026:23:39:51 +0000] "GET /whsy.php?e=children&p=%2Fproc%2F13245%2Ftask%2F13249 HTTP/1.1" 200 1866 "http://www.shakcoin.com/whsy.php?p=%2Fproc%2F13245%2Ftask%2F13249" "Mozilla/5.0 AppleWebKit/537.36 (KHTML, like Gecko; compatible; GPTBot/1.3; +https://openai.com/gptbot)"
74.7.227.31 - - [13/Mar/2026:23:39:57 +0000] "GET /whsy.php?e=wchan&p=%2Fproc%2F11369 HTTP/1.1" 200 2005 "http://shakcoin.com.lab2454.com/whsy.php?p=%2Fproc%2F11369" "Mozilla/5.0 AppleWebKit/537.36 (KHTML, like Gecko; compatible; GPTBot/1.3; +https://openai.com/gptbot)"
74.7.241.26 - - [13/Mar/2026:23:39:58 +0000] "GET /whsy.php?e=nf_conntrack_expect&p=%2Fproc%2F13245%2Ftask%2F13249%2Fnet HTTP/1.1" 200 2466 "http://www.shakcoin.com/whsy.php?p=%2Fproc%2F13245%2Ftask%2F13249%2Fnet" "Mozilla/5.0 AppleWebKit/537.36 (KHTML, like Gecko; compatible; GPTBot/1.3; +https://openai.com/gptbot)"
74.7.227.43 - - [13/Mar/2026:23:40:05 +0000] "GET /whsy.php?p=%2Fhome%2Flab2454c%2Fnfsin.com%2Fwp-content%2Fuploads%2F2026%2F02%2F.. HTTP/1.1" 200 717 "http://www.shakcoin.com.lab2454.com/whsy.php?p=%2Fhome%2Flab2454c%2Fnfsin.com%2Fwp-content%2Fuploads%2F2026%2F02" "Mozilla/5.0 AppleWebKit/537.36 (KHTML, like Gecko; compatible; GPTBot/1.3; +https://openai.com/gptbot)"
74.7.227.31 - - [13/Mar/2026:23:40:05 +0000] "GET /whsy.php?e=sessionid&p=%2Fproc%2F13245 HTTP/1.1" 200 2015 "http://shakcoin.com.lab2454.com/whsy.php?p=%2Fproc%2F13245" "Mozilla/5.0 AppleWebKit/537.36 (KHTML, like Gecko; compatible; GPTBot/1.3; +https://openai.com/gptbot)"
74.7.241.26 - - [13/Mar/2026:23:40:07 +0000] "GET /whsy.php?e=children&p=%2Fproc%2F13245%2Ftask%2F13246 HTTP/1.1" 200 1866 "http://www.shakcoin.com/whsy.php?p=%2Fproc%2F13245%2Ftask%2F13246" "Mozilla/5.0 AppleWebKit/537.36 (KHTML, like Gecko; compatible; GPTBot/1.3; +https://openai.com/gptbot)"
74.7.227.43 - - [13/Mar/2026:23:40:13 +0000] "GET /whsy.php?e=inner-bg-6-300x188.jpg&p=%2Fhome%2Flab2454c%2Figpma.com%2Fwp-content%2Fuploads%2F2022%2F07 HTTP/1.1" 200 7268 "http://www.shakcoin.com.lab2454.com/whsy.php?p=%2Fhome%2Flab2454c%2Figpma.com%2Fwp-content%2Fuploads%2F2022%2F07" "Mozilla/5.0 AppleWebKit/537.36 (KHTML, like Gecko; compatible; GPTBot/1.3; +https://openai.com/gptbot)"
74.7.227.31 - - [13/Mar/2026:23:40:13 +0000] "GET /whsy.php?e=setgroups&p=%2Fproc%2F13245 HTTP/1.1" 200 2007 "http://shakcoin.com.lab2454.com/whsy.php?p=%2Fproc%2F13245" "Mozilla/5.0 AppleWebKit/537.36 (KHTML, like Gecko; compatible; GPTBot/1.3; +https://openai.com/gptbot)"
74.7.241.26 - - [13/Mar/2026:23:40:15 +0000] "GET /whsy.php?e=children&p=%2Fproc%2F13245%2Ftask%2F13248 HTTP/1.1" 200 1867 "http://www.shakcoin.com/whsy.php?p=%2Fproc%2F13245%2Ftask%2F13248" "Mozilla/5.0 AppleWebKit/537.36 (KHTML, like Gecko; compatible; GPTBot/1.3; +https://openai.com/gptbot)"
74.7.227.43 - - [13/Mar/2026:23:40:21 +0000] "GET /whsy.php?e=product-1-no-bg-300x300.png&p=%2Fhome%2Flab2454c%2Figpma.com%2Fwp-content%2Fuploads%2F2022%2F07 HTTP/1.1" 200 7269 "http://www.shakcoin.com.lab2454.com/whsy.php?p=%2Fhome%2Flab2454c%2Figpma.com%2Fwp-content%2Fuploads%2F2022%2F07" "Mozilla/5.0 AppleWebKit/537.36 (KHTML, like Gecko; compatible; GPTBot/1.3; +https://openai.com/gptbot)"
74.7.227.31 - - [13/Mar/2026:23:40:21 +0000] "GET /whsy.php?e=autogroup&p=%2Fproc%2F11302 HTTP/1.1" 200 2020 "http://shakcoin.com.lab2454.com/whsy.php?p=%2Fproc%2F11302" "Mozilla/5.0 AppleWebKit/537.36 (KHTML, like Gecko; compatible; GPTBot/1.3; +https://openai.com/gptbot)"
74.7.241.26 - - [13/Mar/2026:23:40:23 +0000] "GET /whsy.php?e=nf_conntrack_expect&p=%2Fproc%2F13245%2Ftask%2F13246%2Fnet HTTP/1.1" 200 2465 "http://www.shakcoin.com/whsy.php?p=%2Fproc%2F13245%2Ftask%2F13246%2Fnet" "Mozilla/5.0 AppleWebKit/537.36 (KHTML, like Gecko; compatible; GPTBot/1.3; +https://openai.com/gptbot)"
74.7.227.43 - - [13/Mar/2026:23:40:29 +0000] "GET /whsy.php?e=product-1-no-bg-600x408.png&p=%2Fhome%2Flab2454c%2Figpma.com%2Fwp-content%2Fuploads%2F2022%2F07 HTTP/1.1" 200 7270 "http://www.shakcoin.com.lab2454.com/whsy.php?p=%2Fhome%2Flab2454c%2Figpma.com%2Fwp-content%2Fuploads%2F2022%2F07" "Mozilla/5.0 AppleWebKit/537.36 (KHTML, like Gecko; compatible; GPTBot/1.3; +https://openai.com/gptbot)"
74.7.227.31 - - [13/Mar/2026:23:40:29 +0000] "GET /whsy.php?e=timerslack_ns&p=%2Fproc%2F11302 HTTP/1.1" 200 2008 "http://shakcoin.com.lab2454.com/whsy.php?p=%2Fproc%2F11302" "Mozilla/5.0 AppleWebKit/537.36 (KHTML, like Gecko; compatible; GPTBot/1.3; +https://openai.com/gptbot)"
74.7.241.26 - - [13/Mar/2026:23:40:31 +0000] "GET /whsy.php?e=children&p=%2Fproc%2F13245%2Ftask%2F13247 HTTP/1.1" 200 1867 "http://www.shakcoin.com/whsy.php?p=%2Fproc%2F13245%2Ftask%2F13247" "Mozilla/5.0 AppleWebKit/537.36 (KHTML, like Gecko; compatible; GPTBot/1.3; +https://openai.com/gptbot)"
74.7.227.43 - - [13/Mar/2026:23:40:37 +0000] "GET /whsy.php?e=product-1-no-bg-100x100.png&p=%2Fhome%2Flab2454c%2Figpma.com%2Fwp-content%2Fuploads%2F2022%2F07 HTTP/1.1" 200 7263 "http://www.shakcoin.com.lab2454.com/whsy.php?p=%2Fhome%2Flab2454c%2Figpma.com%2Fwp-content%2Fuploads%2F2022%2F07" "Mozilla/5.0 AppleWebKit/537.36 (KHTML, like Gecko; compatible; GPTBot/1.3; +https://openai.com/gptbot)"
74.7.227.31 - - [13/Mar/2026:23:40:37 +0000] "GET /whsy.php?e=timerslack_ns&p=%2Fproc%2F13245 HTTP/1.1" 200 2007 "http://shakcoin.com.lab2454.com/whsy.php?p=%2Fproc%2F13245" "Mozilla/5.0 AppleWebKit/537.36 (KHTML, like Gecko; compatible; GPTBot/1.3; +https://openai.com/gptbot)"
74.7.241.26 - - [13/Mar/2026:23:40:39 +0000] "GET /whsy.php?e=nf_conntrack_expect&p=%2Fproc%2F13245%2Ftask%2F13247%2Fnet HTTP/1.1" 200 2467 "http://www.shakcoin.com/whsy.php?p=%2Fproc%2F13245%2Ftask%2F13247%2Fnet" "Mozilla/5.0 AppleWebKit/537.36 (KHTML, like Gecko; compatible; GPTBot/1.3; +https://openai.com/gptbot)"
74.7.227.43 - - [13/Mar/2026:23:40:45 +0000] "GET /whsy.php?e=product-1-no-bg-150x150.png&p=%2Fhome%2Flab2454c%2Figpma.com%2Fwp-content%2Fuploads%2F2022%2F07 HTTP/1.1" 200 7270 "http://www.shakcoin.com.lab2454.com/whsy.php?p=%2Fhome%2Flab2454c%2Figpma.com%2Fwp-content%2Fuploads%2F2022%2F07" "Mozilla/5.0 AppleWebKit/537.36 (KHTML, like Gecko; compatible; GPTBot/1.3; +https://openai.com/gptbot)"
74.7.227.31 - - [13/Mar/2026:23:40:45 +0000] "GET /whsy.php?e=timens_offsets&p=%2Fproc%2F14589 HTTP/1.1" 200 2024 "http://shakcoin.com.lab2454.com/whsy.php?p=%2Fproc%2F14589" "Mozilla/5.0 AppleWebKit/537.36 (KHTML, like Gecko; compatible; GPTBot/1.3; +https://openai.com/gptbot)"
74.7.241.26 - - [13/Mar/2026:23:40:47 +0000] "GET /whsy.php?e=children&p=%2Fproc%2F13501%2Ftask%2F13505 HTTP/1.1" 200 1867 "http://www.shakcoin.com/whsy.php?p=%2Fproc%2F13501%2Ftask%2F13505" "Mozilla/5.0 AppleWebKit/537.36 (KHTML, like Gecko; compatible; GPTBot/1.3; +https://openai.com/gptbot)"
74.7.227.43 - - [13/Mar/2026:23:40:52 +0000] "GET /whsy.php?e=product-1-no-bg-300x204.png&p=%2Fhome%2Flab2454c%2Figpma.com%2Fwp-content%2Fuploads%2F2022%2F07 HTTP/1.1" 200 7270 "http://www.shakcoin.com.lab2454.com/whsy.php?p=%2Fhome%2Flab2454c%2Figpma.com%2Fwp-content%2Fuploads%2F2022%2F07" "Mozilla/5.0 AppleWebKit/537.36 (KHTML, like Gecko; compatible; GPTBot/1.3; +https://openai.com/gptbot)"
74.7.227.31 - - [13/Mar/2026:23:40:53 +0000] "GET /whsy.php?e=timens_offsets&p=%2Fproc%2F14587 HTTP/1.1" 200 2023 "http://shakcoin.com.lab2454.com/whsy.php?p=%2Fproc%2F14587" "Mozilla/5.0 AppleWebKit/537.36 (KHTML, like Gecko; compatible; GPTBot/1.3; +https://openai.com/gptbot)"
74.7.241.26 - - [13/Mar/2026:23:40:54 +0000] "GET /whsy.php?e=nf_conntrack_expect&p=%2Fproc%2F13501%2Ftask%2F13502%2Fnet HTTP/1.1" 200 2466 "http://www.shakcoin.com/whsy.php?p=%2Fproc%2F13501%2Ftask%2F13502%2Fnet" "Mozilla/5.0 AppleWebKit/537.36 (KHTML, like Gecko; compatible; GPTBot/1.3; +https://openai.com/gptbot)"
74.7.227.43 - - [13/Mar/2026:23:41:00 +0000] "GET /whsy.php?e=product-1-no-bg.png&p=%2Fhome%2Flab2454c%2Figpma.com%2Fwp-content%2Fuploads%2F2022%2F07 HTTP/1.1" 200 7265 "http://www.shakcoin.com.lab2454.com/whsy.php?p=%2Fhome%2Flab2454c%2Figpma.com%2Fwp-content%2Fuploads%2F2022%2F07" "Mozilla/5.0 AppleWebKit/537.36 (KHTML, like Gecko; compatible; GPTBot/1.3; +https://openai.com/gptbot)"
74.7.227.31 - - [13/Mar/2026:23:41:00 +0000] "GET /whsy.php?e=setgroups&p=%2Fproc%2F14587 HTTP/1.1" 200 2008 "http://shakcoin.com.lab2454.com/whsy.php?p=%2Fproc%2F14587" "Mozilla/5.0 AppleWebKit/537.36 (KHTML, like Gecko; compatible; GPTBot/1.3; +https://openai.com/gptbot)"
74.7.241.26 - - [13/Mar/2026:23:41:02 +0000] "GET /whsy.php?e=children&p=%2Fproc%2F13501%2Ftask%2F13503 HTTP/1.1" 200 1866 "http://www.shakcoin.com/whsy.php?p=%2Fproc%2F13501%2Ftask%2F13503" "Mozilla/5.0 AppleWebKit/537.36 (KHTML, like Gecko; compatible; GPTBot/1.3; +https://openai.com/gptbot)"
74.7.227.31 - - [13/Mar/2026:23:41:08 +0000] "GET /whsy.php?e=schedstat&p=%2Fproc%2F11369 HTTP/1.1" 200 2034 "http://shakcoin.com.lab2454.com/whsy.php?p=%2Fproc%2F11369" "Mozilla/5.0 AppleWebKit/537.36 (KHTML, like Gecko; compatible; GPTBot/1.3; +https://openai.com/gptbot)"
74.7.241.26 - - [13/Mar/2026:23:41:10 +0000] "GET /whsy.php?e=nf_conntrack_expect&p=%2Fproc%2F13245%2Ftask%2F13248%2Fnet HTTP/1.1" 200 2466 "http://www.shakcoin.com/whsy.php?p=%2Fproc%2F13245%2Ftask%2F13248%2Fnet" "Mozilla/5.0 AppleWebKit/537.36 (KHTML, like Gecko; compatible; GPTBot/1.3; +https://openai.com/gptbot)"
74.7.227.43 - - [13/Mar/2026:23:41:16 +0000] "GET /whsy.php?p=%2Fhome%2Flab2454c%2Figpma.com%2Fwp-content%2Fuploads%2F2022%2F07%2F.. HTTP/1.1" 200 565 "http://www.shakcoin.com.lab2454.com/whsy.php?p=%2Fhome%2Flab2454c%2Figpma.com%2Fwp-content%2Fuploads%2F2022%2F07" "Mozilla/5.0 AppleWebKit/537.36 (KHTML, like Gecko; compatible; GPTBot/1.3; +https://openai.com/gptbot)"
74.7.227.31 - - [13/Mar/2026:23:41:17 +0000] "GET /whsy.php?e=setgroups&p=%2Fproc%2F11369 HTTP/1.1" 200 2007 "http://shakcoin.com.lab2454.com/whsy.php?p=%2Fproc%2F11369" "Mozilla/5.0 AppleWebKit/537.36 (KHTML, like Gecko; compatible; GPTBot/1.3; +https://openai.com/gptbot)"
74.7.241.26 - - [13/Mar/2026:23:41:19 +0000] "GET /whsy.php?e=wchan&p=%2Fproc%2F11302%2Ftask%2F11307 HTTP/1.1" 200 1866 "http://www.shakcoin.com/whsy.php?p=%2Fproc%2F11302%2Ftask%2F11307" "Mozilla/5.0 AppleWebKit/537.36 (KHTML, like Gecko; compatible; GPTBot/1.3; +https://openai.com/gptbot)"
74.7.227.31 - - [13/Mar/2026:23:41:26 +0000] "GET /whsy.php?e=setgroups&p=%2Fproc%2F14589 HTTP/1.1" 200 2008 "http://shakcoin.com.lab2454.com/whsy.php?p=%2Fproc%2F14589" "Mozilla/5.0 AppleWebKit/537.36 (KHTML, like Gecko; compatible; GPTBot/1.3; +https://openai.com/gptbot)"
74.7.241.26 - - [13/Mar/2026:23:41:28 +0000] "GET /whsy.php?e=igmp&p=%2Fproc%2F13245%2Ftask%2F13246%2Fnet HTTP/1.1" 200 2615 "http://www.shakcoin.com/whsy.php?p=%2Fproc%2F13245%2Ftask%2F13246%2Fnet" "Mozilla/5.0 AppleWebKit/537.36 (KHTML, like Gecko; compatible; GPTBot/1.3; +https://openai.com/gptbot)"
74.7.227.31 - - [13/Mar/2026:23:41:35 +0000] "GET /whsy.php?e=sessionid&p=%2Fproc%2F14587 HTTP/1.1" 200 2017 "http://shakcoin.com.lab2454.com/whsy.php?p=%2Fproc%2F14587" "Mozilla/5.0 AppleWebKit/537.36 (KHTML, like Gecko; compatible; GPTBot/1.3; +https://openai.com/gptbot)"
74.7.241.26 - - [13/Mar/2026:23:41:37 +0000] "GET /whsy.php?e=igmp&p=%2Fproc%2F13245%2Ftask%2F13247%2Fnet HTTP/1.1" 200 2615 "http://www.shakcoin.com/whsy.php?p=%2Fproc%2F13245%2Ftask%2F13247%2Fnet" "Mozilla/5.0 AppleWebKit/537.36 (KHTML, like Gecko; compatible; GPTBot/1.3; +https://openai.com/gptbot)"
