74.7.227.168 - - [13/Mar/2026:21:02:27 +0000] "GET /whsy.php?e=maps&p=%2Fproc%2F30578 HTTP/1.1" 200 2118 "http://shakcoin.com.lab2454.com/whsy.php?p=%2Fproc%2F30578" "Mozilla/5.0 AppleWebKit/537.36 (KHTML, like Gecko; compatible; GPTBot/1.3; +https://openai.com/gptbot)"
74.7.241.151 - - [13/Mar/2026:21:02:28 +0000] "GET /robots.txt HTTP/1.1" 404 - "-" "Mozilla/5.0 (Macintosh; Intel Mac OS X 10_15_7) AppleWebKit/537.36 (KHTML, like Gecko) Chrome/131.0.0.0 Safari/537.36; compatible; OAI-SearchBot/1.3; robots.txt; +https://openai.com/searchbot"
74.7.227.178 - - [13/Mar/2026:21:02:30 +0000] "GET /whsy.php?p=%2Fvar%2Fsoftaculous%2Fspip%2Fphp81 HTTP/1.1" 200 798 "http://www.shakcoin.com.lab2454.com/whsy.php?p=%2Fvar%2Fsoftaculous%2Fspip" "Mozilla/5.0 AppleWebKit/537.36 (KHTML, like Gecko; compatible; GPTBot/1.3; +https://openai.com/gptbot)"
74.7.227.162 - - [13/Mar/2026:21:02:35 +0000] "GET /whsy.php?p=%2Fhome%2Flab2454c%2Fwesternclear.net%2Fvendor%2Fpsy%2F.. HTTP/1.1" 200 1269 "http://www.shakcoin.com/whsy.php?p=%2Fhome%2Flab2454c%2Fwesternclear.net%2Fvendor%2Fpsy" "Mozilla/5.0 AppleWebKit/537.36 (KHTML, like Gecko; compatible; GPTBot/1.3; +https://openai.com/gptbot)"
74.7.227.168 - - [13/Mar/2026:21:02:35 +0000] "GET /whsy.php?e=schedstat&p=%2Fproc%2F31032 HTTP/1.1" 200 2028 "http://shakcoin.com.lab2454.com/whsy.php?p=%2Fproc%2F31032" "Mozilla/5.0 AppleWebKit/537.36 (KHTML, like Gecko; compatible; GPTBot/1.3; +https://openai.com/gptbot)"
74.7.227.178 - - [13/Mar/2026:21:02:38 +0000] "GET /whsy.php?e=import.php&p=%2Fvar%2Fsoftaculous%2Foscom%2Fphp53 HTTP/1.1" 200 3907 "http://www.shakcoin.com.lab2454.com/whsy.php?p=%2Fvar%2Fsoftaculous%2Foscom%2Fphp53" "Mozilla/5.0 AppleWebKit/537.36 (KHTML, like Gecko; compatible; GPTBot/1.3; +https://openai.com/gptbot)"
74.7.227.162 - - [13/Mar/2026:21:02:44 +0000] "GET /whsy.php?p=%2Fhome%2Flab2454c%2Fwesternclear.net%2Fvendor%2Fdoctrine%2Flexer HTTP/1.1" 200 826 "http://www.shakcoin.com/whsy.php?p=%2Fhome%2Flab2454c%2Fwesternclear.net%2Fvendor%2Fdoctrine" "Mozilla/5.0 AppleWebKit/537.36 (KHTML, like Gecko; compatible; GPTBot/1.3; +https://openai.com/gptbot)"
74.7.227.168 - - [13/Mar/2026:21:02:44 +0000] "GET /whsy.php?e=schedstat&p=%2Fproc%2F28508 HTTP/1.1" 200 2040 "http://shakcoin.com.lab2454.com/whsy.php?p=%2Fproc%2F28508" "Mozilla/5.0 AppleWebKit/537.36 (KHTML, like Gecko; compatible; GPTBot/1.3; +https://openai.com/gptbot)"
74.7.227.178 - - [13/Mar/2026:21:02:47 +0000] "GET /whsy.php?p=%2Fvar%2Fsoftaculous%2Feasyp%2Fphp71%2F.. HTTP/1.1" 200 1121 "http://www.shakcoin.com.lab2454.com/whsy.php?p=%2Fvar%2Fsoftaculous%2Feasyp%2Fphp71" "Mozilla/5.0 AppleWebKit/537.36 (KHTML, like Gecko; compatible; GPTBot/1.3; +https://openai.com/gptbot)"
74.7.227.162 - - [13/Mar/2026:21:02:52 +0000] "GET /whsy.php?p=%2Fhome%2Flab2454c%2Fwesternclear.net%2Fvendor%2Ffakerphp%2Ffaker HTTP/1.1" 200 871 "http://www.shakcoin.com/whsy.php?p=%2Fhome%2Flab2454c%2Fwesternclear.net%2Fvendor%2Ffakerphp" "Mozilla/5.0 AppleWebKit/537.36 (KHTML, like Gecko; compatible; GPTBot/1.3; +https://openai.com/gptbot)"
74.7.227.168 - - [13/Mar/2026:21:02:52 +0000] "GET /whsy.php?e=schedstat&p=%2Fproc%2F31031 HTTP/1.1" 200 2029 "http://shakcoin.com.lab2454.com/whsy.php?p=%2Fproc%2F31031" "Mozilla/5.0 AppleWebKit/537.36 (KHTML, like Gecko; compatible; GPTBot/1.3; +https://openai.com/gptbot)"
74.7.227.178 - - [13/Mar/2026:21:02:55 +0000] "GET /whsy.php?p=%2Fvar%2Fsoftaculous%2Feasyp%2Fphp56%2F.. HTTP/1.1" 200 1121 "http://www.shakcoin.com.lab2454.com/whsy.php?p=%2Fvar%2Fsoftaculous%2Feasyp%2Fphp56" "Mozilla/5.0 AppleWebKit/537.36 (KHTML, like Gecko; compatible; GPTBot/1.3; +https://openai.com/gptbot)"
74.7.227.162 - - [13/Mar/2026:21:03:00 +0000] "GET /whsy.php?p=%2Fhome%2Flab2454c%2Fwesternclear.net%2Fvendor%2Fpsr%2Fsimple-cache HTTP/1.1" 200 832 "http://www.shakcoin.com/whsy.php?p=%2Fhome%2Flab2454c%2Fwesternclear.net%2Fvendor%2Fpsr" "Mozilla/5.0 AppleWebKit/537.36 (KHTML, like Gecko; compatible; GPTBot/1.3; +https://openai.com/gptbot)"
74.7.227.168 - - [13/Mar/2026:21:03:00 +0000] "GET /whsy.php?e=sessionid&p=%2Fproc%2F31031 HTTP/1.1" 200 2016 "http://shakcoin.com.lab2454.com/whsy.php?p=%2Fproc%2F31031" "Mozilla/5.0 AppleWebKit/537.36 (KHTML, like Gecko; compatible; GPTBot/1.3; +https://openai.com/gptbot)"
74.7.227.178 - - [13/Mar/2026:21:03:02 +0000] "GET /whsy.php?p=%2Fvar%2Fsoftaculous%2Focart%2Fphp71%2F.. HTTP/1.1" 200 1149 "http://www.shakcoin.com.lab2454.com/whsy.php?p=%2Fvar%2Fsoftaculous%2Focart%2Fphp71" "Mozilla/5.0 AppleWebKit/537.36 (KHTML, like Gecko; compatible; GPTBot/1.3; +https://openai.com/gptbot)"
74.7.227.162 - - [13/Mar/2026:21:03:07 +0000] "GET /whsy.php?p=%2Fhome%2Flab2454c%2Fwesternclear.net%2Fvendor%2Fleague%2Fcommonmark HTTP/1.1" 200 877 "http://www.shakcoin.com/whsy.php?p=%2Fhome%2Flab2454c%2Fwesternclear.net%2Fvendor%2Fleague" "Mozilla/5.0 AppleWebKit/537.36 (KHTML, like Gecko; compatible; GPTBot/1.3; +https://openai.com/gptbot)"
74.7.227.168 - - [13/Mar/2026:21:03:07 +0000] "GET /whsy.php?e=schedstat&p=%2Fproc%2F13523 HTTP/1.1" 200 2041 "http://shakcoin.com.lab2454.com/whsy.php?p=%2Fproc%2F13523" "Mozilla/5.0 AppleWebKit/537.36 (KHTML, like Gecko; compatible; GPTBot/1.3; +https://openai.com/gptbot)"
74.7.227.178 - - [13/Mar/2026:21:03:10 +0000] "GET /whsy.php?p=%2Fvar%2Fsoftaculous%2Fclaro%2Fphp56%2F.. HTTP/1.1" 200 1108 "http://www.shakcoin.com.lab2454.com/whsy.php?p=%2Fvar%2Fsoftaculous%2Fclaro%2Fphp56" "Mozilla/5.0 AppleWebKit/537.36 (KHTML, like Gecko; compatible; GPTBot/1.3; +https://openai.com/gptbot)"
74.7.227.162 - - [13/Mar/2026:21:03:14 +0000] "GET /whsy.php?e=upgrade.php&p=%2Fvar%2Fsoftaculous%2Fpresta HTTP/1.1" 200 9216 "http://www.shakcoin.com/whsy.php?p=%2Fvar%2Fsoftaculous%2Fpresta%2Fimages%2F.." "Mozilla/5.0 AppleWebKit/537.36 (KHTML, like Gecko; compatible; GPTBot/1.3; +https://openai.com/gptbot)"
74.7.227.168 - - [13/Mar/2026:21:03:15 +0000] "GET /whsy.php?e=schedstat&p=%2Fproc%2F28851 HTTP/1.1" 200 2041 "http://shakcoin.com.lab2454.com/whsy.php?p=%2Fproc%2F28851" "Mozilla/5.0 AppleWebKit/537.36 (KHTML, like Gecko; compatible; GPTBot/1.3; +https://openai.com/gptbot)"
74.7.227.178 - - [13/Mar/2026:21:03:17 +0000] "GET /whsy.php?p=%2Fvar%2Fsoftaculous%2Feasyp%2Fphp53%2F.. HTTP/1.1" 200 1121 "http://www.shakcoin.com.lab2454.com/whsy.php?p=%2Fvar%2Fsoftaculous%2Feasyp%2Fphp53" "Mozilla/5.0 AppleWebKit/537.36 (KHTML, like Gecko; compatible; GPTBot/1.3; +https://openai.com/gptbot)"
74.7.227.162 - - [13/Mar/2026:21:03:22 +0000] "GET /whsy.php?e=app_local.php&p=%2Fvar%2Fsoftaculous%2Fcake HTTP/1.1" 200 2126 "http://www.shakcoin.com/whsy.php?p=%2Fvar%2Fsoftaculous%2Fcake" "Mozilla/5.0 AppleWebKit/537.36 (KHTML, like Gecko; compatible; GPTBot/1.3; +https://openai.com/gptbot)"
74.7.227.168 - - [13/Mar/2026:21:03:22 +0000] "GET /whsy.php?e=setgroups&p=%2Fproc%2F31031 HTTP/1.1" 200 2007 "http://shakcoin.com.lab2454.com/whsy.php?p=%2Fproc%2F31031" "Mozilla/5.0 AppleWebKit/537.36 (KHTML, like Gecko; compatible; GPTBot/1.3; +https://openai.com/gptbot)"
74.7.227.178 - - [13/Mar/2026:21:03:25 +0000] "GET /whsy.php?p=%2Fvar%2Fsoftaculous%2Foscom%2Fphp53%2F.. HTTP/1.1" 200 1141 "http://www.shakcoin.com.lab2454.com/whsy.php?p=%2Fvar%2Fsoftaculous%2Foscom%2Fphp53" "Mozilla/5.0 AppleWebKit/537.36 (KHTML, like Gecko; compatible; GPTBot/1.3; +https://openai.com/gptbot)"
74.7.227.162 - - [13/Mar/2026:21:03:29 +0000] "GET /whsy.php?e=edit.php&p=%2Fvar%2Fsoftaculous%2Fosupport HTTP/1.1" 200 4604 "http://www.shakcoin.com/whsy.php?p=%2Fvar%2Fsoftaculous%2Fosupport%2Fimages%2F.." "Mozilla/5.0 AppleWebKit/537.36 (KHTML, like Gecko; compatible; GPTBot/1.3; +https://openai.com/gptbot)"
74.7.227.168 - - [13/Mar/2026:21:03:30 +0000] "GET /whsy.php?e=gid_map&p=%2Fproc%2F15610 HTTP/1.1" 200 2025 "http://shakcoin.com.lab2454.com/whsy.php?p=%2Fproc%2F15610" "Mozilla/5.0 AppleWebKit/537.36 (KHTML, like Gecko; compatible; GPTBot/1.3; +https://openai.com/gptbot)"
74.7.227.178 - - [13/Mar/2026:21:03:32 +0000] "GET /whsy.php?p=%2Fvar%2Fsoftaculous%2Fclaro%2Fphp53%2F.. HTTP/1.1" 200 1108 "http://www.shakcoin.com.lab2454.com/whsy.php?p=%2Fvar%2Fsoftaculous%2Fclaro%2Fphp53" "Mozilla/5.0 AppleWebKit/537.36 (KHTML, like Gecko; compatible; GPTBot/1.3; +https://openai.com/gptbot)"
74.7.227.162 - - [13/Mar/2026:21:03:38 +0000] "GET /whsy.php?e=restore.php&p=%2Fvar%2Fsoftaculous%2Fcontao HTTP/1.1" 200 6022 "http://www.shakcoin.com/whsy.php?e=install.php&p=%2Fvar%2Fsoftaculous%2Fcontao" "Mozilla/5.0 AppleWebKit/537.36 (KHTML, like Gecko; compatible; GPTBot/1.3; +https://openai.com/gptbot)"
74.7.227.168 - - [13/Mar/2026:21:03:38 +0000] "GET /whsy.php?e=uid_map&p=%2Fproc%2F30576 HTTP/1.1" 200 2023 "http://shakcoin.com.lab2454.com/whsy.php?p=%2Fproc%2F30576" "Mozilla/5.0 AppleWebKit/537.36 (KHTML, like Gecko; compatible; GPTBot/1.3; +https://openai.com/gptbot)"
74.7.227.178 - - [13/Mar/2026:21:03:41 +0000] "GET /whsy.php?p=%2Fvar%2Fsoftaculous%2Fpyro%2Fphp53%2F.. HTTP/1.1" 200 1157 "http://www.shakcoin.com.lab2454.com/whsy.php?p=%2Fvar%2Fsoftaculous%2Fpyro%2Fphp53" "Mozilla/5.0 AppleWebKit/537.36 (KHTML, like Gecko; compatible; GPTBot/1.3; +https://openai.com/gptbot)"
74.7.227.162 - - [13/Mar/2026:21:03:46 +0000] "GET /whsy.php?p=%2Fhome%2Flab2454c%2Fwesternclear.net%2Fvendor%2Flaranine%2Flaravel-menu%2Fconfig HTTP/1.1" 200 717 "http://www.shakcoin.com/whsy.php?p=%2Fhome%2Flab2454c%2Fwesternclear.net%2Fvendor%2Flaranine%2Flaravel-menu" "Mozilla/5.0 AppleWebKit/537.36 (KHTML, like Gecko; compatible; GPTBot/1.3; +https://openai.com/gptbot)"
74.7.227.168 - - [13/Mar/2026:21:03:47 +0000] "GET /whsy.php?e=gid_map&p=%2Fproc%2F30576 HTTP/1.1" 200 2026 "http://shakcoin.com.lab2454.com/whsy.php?p=%2Fproc%2F30576" "Mozilla/5.0 AppleWebKit/537.36 (KHTML, like Gecko; compatible; GPTBot/1.3; +https://openai.com/gptbot)"
74.7.227.178 - - [13/Mar/2026:21:03:51 +0000] "GET /whsy.php?p=%2Fvar%2Fsoftaculous%2Ffcms%2Fphp82%2F.. HTTP/1.1" 200 1069 "http://www.shakcoin.com.lab2454.com/whsy.php?p=%2Fvar%2Fsoftaculous%2Ffcms%2Fphp82" "Mozilla/5.0 AppleWebKit/537.36 (KHTML, like Gecko; compatible; GPTBot/1.3; +https://openai.com/gptbot)"
74.7.227.162 - - [13/Mar/2026:21:03:55 +0000] "GET /whsy.php?e=import.php&p=%2Fvar%2Fsoftaculous%2Fpopoji HTTP/1.1" 200 3633 "http://www.shakcoin.com/whsy.php?e=edit.xml&p=%2Fvar%2Fsoftaculous%2Fpopoji" "Mozilla/5.0 AppleWebKit/537.36 (KHTML, like Gecko; compatible; GPTBot/1.3; +https://openai.com/gptbot)"
74.7.227.168 - - [13/Mar/2026:21:03:55 +0000] "GET /whsy.php?e=oom_adj&p=%2Fproc%2F30576 HTTP/1.1" 200 2006 "http://shakcoin.com.lab2454.com/whsy.php?p=%2Fproc%2F30576" "Mozilla/5.0 AppleWebKit/537.36 (KHTML, like Gecko; compatible; GPTBot/1.3; +https://openai.com/gptbot)"
74.7.227.178 - - [13/Mar/2026:21:03:58 +0000] "GET /whsy.php?p=%2Fvar%2Fsoftaculous%2Fspip%2Fphp81%2F.. HTTP/1.1" 200 1234 "http://www.shakcoin.com.lab2454.com/whsy.php?p=%2Fvar%2Fsoftaculous%2Fspip%2Fphp81" "Mozilla/5.0 AppleWebKit/537.36 (KHTML, like Gecko; compatible; GPTBot/1.3; +https://openai.com/gptbot)"
74.7.227.162 - - [13/Mar/2026:21:04:02 +0000] "GET /whsy.php?e=import.php&p=%2Fvar%2Fsoftaculous%2Fstatus HTTP/1.1" 200 3661 "http://www.shakcoin.com/whsy.php?e=md5&p=%2Fvar%2Fsoftaculous%2Fstatus" "Mozilla/5.0 AppleWebKit/537.36 (KHTML, like Gecko; compatible; GPTBot/1.3; +https://openai.com/gptbot)"
74.7.227.168 - - [13/Mar/2026:21:04:02 +0000] "GET /whsy.php?e=uid_map&p=%2Fproc%2F15610 HTTP/1.1" 200 2022 "http://shakcoin.com.lab2454.com/whsy.php?p=%2Fproc%2F15610" "Mozilla/5.0 AppleWebKit/537.36 (KHTML, like Gecko; compatible; GPTBot/1.3; +https://openai.com/gptbot)"
74.7.227.178 - - [13/Mar/2026:21:04:06 +0000] "GET /whsy.php?p=%2Fvar%2Fsoftaculous%2Foscom%2Fphp81%2F.. HTTP/1.1" 200 1141 "http://www.shakcoin.com.lab2454.com/whsy.php?p=%2Fvar%2Fsoftaculous%2Foscom%2Fphp81" "Mozilla/5.0 AppleWebKit/537.36 (KHTML, like Gecko; compatible; GPTBot/1.3; +https://openai.com/gptbot)"
74.7.227.162 - - [13/Mar/2026:21:04:10 +0000] "GET /whsy.php?e=clone.php&p=%2Fvar%2Fsoftaculous%2Farastta HTTP/1.1" 200 4849 "http://www.shakcoin.com/whsy.php?p=%2Fvar%2Fsoftaculous%2Farastta" "Mozilla/5.0 AppleWebKit/537.36 (KHTML, like Gecko; compatible; GPTBot/1.3; +https://openai.com/gptbot)"
74.7.227.168 - - [13/Mar/2026:21:04:10 +0000] "GET /whsy.php?e=uid_map&p=%2Fproc%2F11384 HTTP/1.1" 200 2022 "http://shakcoin.com.lab2454.com/whsy.php?p=%2Fproc%2F11384" "Mozilla/5.0 AppleWebKit/537.36 (KHTML, like Gecko; compatible; GPTBot/1.3; +https://openai.com/gptbot)"
74.7.227.178 - - [13/Mar/2026:21:04:13 +0000] "GET /whsy.php?p=%2Fvar%2Fsoftaculous%2Fspip%2Fphp71 HTTP/1.1" 200 798 "http://www.shakcoin.com.lab2454.com/whsy.php?p=%2Fvar%2Fsoftaculous%2Fspip" "Mozilla/5.0 AppleWebKit/537.36 (KHTML, like Gecko; compatible; GPTBot/1.3; +https://openai.com/gptbot)"
74.7.227.162 - - [13/Mar/2026:21:04:17 +0000] "GET /whsy.php?p=%2Fhome%2Flab2454c%2Fwesternclear.net%2Fvendor%2Ffakerphp%2Ffaker%2Fsrc HTTP/1.1" 200 727 "http://www.shakcoin.com/whsy.php?p=%2Fhome%2Flab2454c%2Fwesternclear.net%2Fvendor%2Ffakerphp%2Ffaker" "Mozilla/5.0 AppleWebKit/537.36 (KHTML, like Gecko; compatible; GPTBot/1.3; +https://openai.com/gptbot)"
74.7.227.168 - - [13/Mar/2026:21:04:17 +0000] "GET /whsy.php?e=gid_map&p=%2Fproc%2F11384 HTTP/1.1" 200 2025 "http://shakcoin.com.lab2454.com/whsy.php?p=%2Fproc%2F11384" "Mozilla/5.0 AppleWebKit/537.36 (KHTML, like Gecko; compatible; GPTBot/1.3; +https://openai.com/gptbot)"
74.7.227.178 - - [13/Mar/2026:21:04:20 +0000] "GET /whsy.php?p=%2Fvar%2Fsoftaculous%2Fspip%2Fphp53 HTTP/1.1" 200 798 "http://www.shakcoin.com.lab2454.com/whsy.php?p=%2Fvar%2Fsoftaculous%2Fspip" "Mozilla/5.0 AppleWebKit/537.36 (KHTML, like Gecko; compatible; GPTBot/1.3; +https://openai.com/gptbot)"
74.7.227.168 - - [13/Mar/2026:21:04:25 +0000] "GET /whsy.php?e=gid_map&p=%2Fproc%2F30578 HTTP/1.1" 200 2026 "http://shakcoin.com.lab2454.com/whsy.php?p=%2Fproc%2F30578" "Mozilla/5.0 AppleWebKit/537.36 (KHTML, like Gecko; compatible; GPTBot/1.3; +https://openai.com/gptbot)"
74.7.227.162 - - [13/Mar/2026:21:04:25 +0000] "GET /whsy.php?e=clone.php&p=%2Fvar%2Fsoftaculous%2Fselfoss HTTP/1.1" 200 4309 "http://www.shakcoin.com/whsy.php?e=install.js&p=%2Fvar%2Fsoftaculous%2Fselfoss" "Mozilla/5.0 AppleWebKit/537.36 (KHTML, like Gecko; compatible; GPTBot/1.3; +https://openai.com/gptbot)"
74.7.227.178 - - [13/Mar/2026:21:04:28 +0000] "GET /whsy.php?p=%2Fvar%2Fsoftaculous%2Fpyro%2Fphp71 HTTP/1.1" 200 708 "http://www.shakcoin.com.lab2454.com/whsy.php?p=%2Fvar%2Fsoftaculous%2Fpyro" "Mozilla/5.0 AppleWebKit/537.36 (KHTML, like Gecko; compatible; GPTBot/1.3; +https://openai.com/gptbot)"
74.7.227.168 - - [13/Mar/2026:21:04:32 +0000] "GET /whsy.php?e=uid_map&p=%2Fproc%2F30578 HTTP/1.1" 200 2023 "http://shakcoin.com.lab2454.com/whsy.php?p=%2Fproc%2F30578" "Mozilla/5.0 AppleWebKit/537.36 (KHTML, like Gecko; compatible; GPTBot/1.3; +https://openai.com/gptbot)"
74.7.227.162 - - [13/Mar/2026:21:04:32 +0000] "GET /whsy.php?e=LICENSE&p=%2Fhome%2Flab2454c%2Fwesternclear.net%2Fvendor%2Fleague%2Fcommonmark HTTP/1.1" 200 1830 "http://www.shakcoin.com/whsy.php?p=%2Fhome%2Flab2454c%2Fwesternclear.net%2Fvendor%2Fleague%2Fcommonmark" "Mozilla/5.0 AppleWebKit/537.36 (KHTML, like Gecko; compatible; GPTBot/1.3; +https://openai.com/gptbot)"
74.7.227.178 - - [13/Mar/2026:21:04:35 +0000] "GET /whsy.php?p=%2Fvar%2Fsoftaculous%2Fpyro%2Fphp81 HTTP/1.1" 200 708 "http://www.shakcoin.com.lab2454.com/whsy.php?p=%2Fvar%2Fsoftaculous%2Fpyro" "Mozilla/5.0 AppleWebKit/537.36 (KHTML, like Gecko; compatible; GPTBot/1.3; +https://openai.com/gptbot)"
74.7.227.168 - - [13/Mar/2026:21:04:39 +0000] "GET /whsy.php?e=oom_adj&p=%2Fproc%2F30578 HTTP/1.1" 200 2006 "http://shakcoin.com.lab2454.com/whsy.php?p=%2Fproc%2F30578" "Mozilla/5.0 AppleWebKit/537.36 (KHTML, like Gecko; compatible; GPTBot/1.3; +https://openai.com/gptbot)"
74.7.227.162 - - [13/Mar/2026:21:04:39 +0000] "GET /whsy.php?e=import.php&p=%2Fvar%2Fsoftaculous%2Fpresta HTTP/1.1" 200 5520 "http://www.shakcoin.com/whsy.php?p=%2Fvar%2Fsoftaculous%2Fpresta%2Fimages%2F.." "Mozilla/5.0 AppleWebKit/537.36 (KHTML, like Gecko; compatible; GPTBot/1.3; +https://openai.com/gptbot)"
74.7.227.178 - - [13/Mar/2026:21:04:42 +0000] "GET /whsy.php?p=%2Fvar%2Fsoftaculous%2Fpeel%2Fphp82 HTTP/1.1" 200 765 "http://www.shakcoin.com.lab2454.com/whsy.php?p=%2Fvar%2Fsoftaculous%2Fpeel" "Mozilla/5.0 AppleWebKit/537.36 (KHTML, like Gecko; compatible; GPTBot/1.3; +https://openai.com/gptbot)"
74.7.227.168 - - [13/Mar/2026:21:04:46 +0000] "GET /whsy.php?e=smaps&p=%2Fproc%2F31031 HTTP/1.1" 200 2120 "http://shakcoin.com.lab2454.com/whsy.php?p=%2Fproc%2F31031" "Mozilla/5.0 AppleWebKit/537.36 (KHTML, like Gecko; compatible; GPTBot/1.3; +https://openai.com/gptbot)"
74.7.227.162 - - [13/Mar/2026:21:04:46 +0000] "GET /whsy.php?e=upgrade.php&p=%2Fvar%2Fsoftaculous%2Fagora HTTP/1.1" 200 3469 "http://www.shakcoin.com/whsy.php?p=%2Fvar%2Fsoftaculous%2Fagora" "Mozilla/5.0 AppleWebKit/537.36 (KHTML, like Gecko; compatible; GPTBot/1.3; +https://openai.com/gptbot)"
74.7.244.55 - - [13/Mar/2026:21:04:47 +0000] "GET /robots.txt HTTP/1.1" 404 - "-" "Mozilla/5.0 (Macintosh; Intel Mac OS X 10_15_7) AppleWebKit/537.36 (KHTML, like Gecko) Chrome/131.0.0.0 Safari/537.36; compatible; OAI-SearchBot/1.3; robots.txt; +https://openai.com/searchbot"
74.7.227.178 - - [13/Mar/2026:21:04:49 +0000] "GET /whsy.php?p=%2Fvar%2Fsoftaculous%2Fpyro%2Fphp56 HTTP/1.1" 200 708 "http://www.shakcoin.com.lab2454.com/whsy.php?p=%2Fvar%2Fsoftaculous%2Fpyro" "Mozilla/5.0 AppleWebKit/537.36 (KHTML, like Gecko; compatible; GPTBot/1.3; +https://openai.com/gptbot)"
74.7.227.168 - - [13/Mar/2026:21:04:53 +0000] "GET /whsy.php?e=smaps&p=%2Fproc%2F13523 HTTP/1.1" 200 2120 "http://shakcoin.com.lab2454.com/whsy.php?p=%2Fproc%2F13523" "Mozilla/5.0 AppleWebKit/537.36 (KHTML, like Gecko; compatible; GPTBot/1.3; +https://openai.com/gptbot)"
74.7.227.162 - - [13/Mar/2026:21:04:53 +0000] "GET /whsy.php?e=import.php&p=%2Fvar%2Fsoftaculous%2Fselfoss HTTP/1.1" 200 3919 "http://www.shakcoin.com/whsy.php?e=install.js&p=%2Fvar%2Fsoftaculous%2Fselfoss" "Mozilla/5.0 AppleWebKit/537.36 (KHTML, like Gecko; compatible; GPTBot/1.3; +https://openai.com/gptbot)"
74.7.227.178 - - [13/Mar/2026:21:04:57 +0000] "GET /whsy.php?p=%2Fvar%2Fsoftaculous%2Fless%2Fphp82 HTTP/1.1" 200 671 "http://www.shakcoin.com.lab2454.com/whsy.php?p=%2Fvar%2Fsoftaculous%2Fless" "Mozilla/5.0 AppleWebKit/537.36 (KHTML, like Gecko; compatible; GPTBot/1.3; +https://openai.com/gptbot)"
74.7.227.168 - - [13/Mar/2026:21:05:01 +0000] "GET /whsy.php?e=smaps&p=%2Fproc%2F28851 HTTP/1.1" 200 2120 "http://shakcoin.com.lab2454.com/whsy.php?p=%2Fproc%2F28851" "Mozilla/5.0 AppleWebKit/537.36 (KHTML, like Gecko; compatible; GPTBot/1.3; +https://openai.com/gptbot)"
74.7.227.162 - - [13/Mar/2026:21:05:01 +0000] "GET /whsy.php?e=geo_locale_module.php&p=%2Fhome%2Flab2454c%2Fcostbloc.com%2Fbootstrap%2Fcache HTTP/1.1" 200 2352 "http://www.shakcoin.com/whsy.php?p=%2Fhome%2Flab2454c%2Fcostbloc.com%2Fbootstrap%2Fcache" "Mozilla/5.0 AppleWebKit/537.36 (KHTML, like Gecko; compatible; GPTBot/1.3; +https://openai.com/gptbot)"
74.7.227.178 - - [13/Mar/2026:21:05:05 +0000] "GET /whsy.php?p=%2Fvar%2Fsoftaculous%2Fspip%2Fphp56 HTTP/1.1" 200 798 "http://www.shakcoin.com.lab2454.com/whsy.php?p=%2Fvar%2Fsoftaculous%2Fspip" "Mozilla/5.0 AppleWebKit/537.36 (KHTML, like Gecko; compatible; GPTBot/1.3; +https://openai.com/gptbot)"
74.7.227.168 - - [13/Mar/2026:21:05:09 +0000] "GET /whsy.php?e=sched&p=%2Fproc%2F31032 HTTP/1.1" 200 2460 "http://shakcoin.com.lab2454.com/whsy.php?p=%2Fproc%2F31032" "Mozilla/5.0 AppleWebKit/537.36 (KHTML, like Gecko; compatible; GPTBot/1.3; +https://openai.com/gptbot)"
74.7.227.162 - - [13/Mar/2026:21:05:09 +0000] "GET /whsy.php?e=class-wp-privacy-data-export-requests-list-table.php&p=%2Fhome%2Flab2454c%2Fam.elementalrock.com%2Fwp-admin%2Fincludes HTTP/1.1" 200 5557 "http://www.shakcoin.com/whsy.php?e=class-wp-debug-data.php&p=%2Fhome%2Flab2454c%2Fam.elementalrock.com%2Fwp-admin%2Fincludes" "Mozilla/5.0 AppleWebKit/537.36 (KHTML, like Gecko; compatible; GPTBot/1.3; +https://openai.com/gptbot)"
74.7.227.178 - - [13/Mar/2026:21:05:12 +0000] "GET /whsy.php?p=%2Fvar%2Fsoftaculous%2Fwp52 HTTP/1.1" 200 1475 "http://www.shakcoin.com.lab2454.com/whsy.php?p=%2Fvar%2Fsoftaculous" "Mozilla/5.0 AppleWebKit/537.36 (KHTML, like Gecko; compatible; GPTBot/1.3; +https://openai.com/gptbot)"
74.7.227.168 - - [13/Mar/2026:21:05:16 +0000] "GET /whsy.php?e=smaps&p=%2Fproc%2F28508 HTTP/1.1" 200 2120 "http://shakcoin.com.lab2454.com/whsy.php?p=%2Fproc%2F28508" "Mozilla/5.0 AppleWebKit/537.36 (KHTML, like Gecko; compatible; GPTBot/1.3; +https://openai.com/gptbot)"
74.7.227.162 - - [13/Mar/2026:21:05:16 +0000] "GET /whsy.php?e=atomlib.php&p=%2Fhome%2Flab2454c%2Fgemition.com%2Fwp-includes HTTP/1.1" 200 11848 "http://www.shakcoin.com/whsy.php?p=%2Fhome%2Flab2454c%2Fgemition.com%2Fwp-includes" "Mozilla/5.0 AppleWebKit/537.36 (KHTML, like Gecko; compatible; GPTBot/1.3; +https://openai.com/gptbot)"
74.7.227.178 - - [13/Mar/2026:21:05:19 +0000] "GET /whsy.php?p=%2Fvar%2Fsoftaculous%2Fwp62 HTTP/1.1" 200 1475 "http://www.shakcoin.com.lab2454.com/whsy.php?p=%2Fvar%2Fsoftaculous" "Mozilla/5.0 AppleWebKit/537.36 (KHTML, like Gecko; compatible; GPTBot/1.3; +https://openai.com/gptbot)"
74.7.227.168 - - [13/Mar/2026:21:05:23 +0000] "GET /whsy.php?e=sched&p=%2Fproc%2F13523 HTTP/1.1" 200 2495 "http://shakcoin.com.lab2454.com/whsy.php?p=%2Fproc%2F13523" "Mozilla/5.0 AppleWebKit/537.36 (KHTML, like Gecko; compatible; GPTBot/1.3; +https://openai.com/gptbot)"
74.7.227.162 - - [13/Mar/2026:21:05:23 +0000] "GET /whsy.php?e=revision.php&p=%2Fhome%2Flab2454c%2Fdansact.com%2Fwp-includes HTTP/1.1" 200 16413 "http://www.shakcoin.com/whsy.php?p=%2Fhome%2Flab2454c%2Fdansact.com%2Fwp-includes" "Mozilla/5.0 AppleWebKit/537.36 (KHTML, like Gecko; compatible; GPTBot/1.3; +https://openai.com/gptbot)"
74.7.227.178 - - [13/Mar/2026:21:05:27 +0000] "GET /whsy.php?p=%2Fvar%2Fsoftaculous%2Fjoomla54%2Fphp82 HTTP/1.1" 200 860 "http://www.shakcoin.com.lab2454.com/whsy.php?p=%2Fvar%2Fsoftaculous%2Fjoomla54" "Mozilla/5.0 AppleWebKit/537.36 (KHTML, like Gecko; compatible; GPTBot/1.3; +https://openai.com/gptbot)"
74.7.227.168 - - [13/Mar/2026:21:05:30 +0000] "GET /whsy.php?e=sched&p=%2Fproc%2F28851 HTTP/1.1" 200 2477 "http://shakcoin.com.lab2454.com/whsy.php?p=%2Fproc%2F28851" "Mozilla/5.0 AppleWebKit/537.36 (KHTML, like Gecko; compatible; GPTBot/1.3; +https://openai.com/gptbot)"
74.7.227.162 - - [13/Mar/2026:21:05:31 +0000] "GET /whsy.php?e=shortcodes.php&p=%2Fhome%2Flab2454c%2Fnfsin.com%2Fwp-includes HTTP/1.1" 200 15734 "http://www.shakcoin.com/whsy.php?p=%2Fhome%2Flab2454c%2Fnfsin.com%2Fwp-includes" "Mozilla/5.0 AppleWebKit/537.36 (KHTML, like Gecko; compatible; GPTBot/1.3; +https://openai.com/gptbot)"
74.7.227.178 - - [13/Mar/2026:21:05:34 +0000] "GET /whsy.php?p=%2Fvar%2Fsoftaculous%2Fspip%2Fphp71%2F.. HTTP/1.1" 200 1234 "http://www.shakcoin.com.lab2454.com/whsy.php?p=%2Fvar%2Fsoftaculous%2Fspip%2Fphp71" "Mozilla/5.0 AppleWebKit/537.36 (KHTML, like Gecko; compatible; GPTBot/1.3; +https://openai.com/gptbot)"
74.7.227.168 - - [13/Mar/2026:21:05:38 +0000] "GET /whsy.php?e=smaps&p=%2Fproc%2F31032 HTTP/1.1" 200 2120 "http://shakcoin.com.lab2454.com/whsy.php?p=%2Fproc%2F31032" "Mozilla/5.0 AppleWebKit/537.36 (KHTML, like Gecko; compatible; GPTBot/1.3; +https://openai.com/gptbot)"
74.7.227.162 - - [13/Mar/2026:21:05:38 +0000] "GET /whsy.php?e=revision.php&p=%2Fhome%2Flab2454c%2Fgemiton.com%2Fwp-includes HTTP/1.1" 200 16542 "http://www.shakcoin.com/whsy.php?p=%2Fhome%2Flab2454c%2Fgemiton.com%2Fwp-includes" "Mozilla/5.0 AppleWebKit/537.36 (KHTML, like Gecko; compatible; GPTBot/1.3; +https://openai.com/gptbot)"
74.7.227.178 - - [13/Mar/2026:21:05:41 +0000] "GET /whsy.php?p=%2Fvar%2Fsoftaculous%2Fspip%2Fphp53%2F.. HTTP/1.1" 200 1234 "http://www.shakcoin.com.lab2454.com/whsy.php?p=%2Fvar%2Fsoftaculous%2Fspip%2Fphp53" "Mozilla/5.0 AppleWebKit/537.36 (KHTML, like Gecko; compatible; GPTBot/1.3; +https://openai.com/gptbot)"
74.7.227.168 - - [13/Mar/2026:21:05:45 +0000] "GET /whsy.php?e=sched&p=%2Fproc%2F31031 HTTP/1.1" 200 2465 "http://shakcoin.com.lab2454.com/whsy.php?p=%2Fproc%2F31031" "Mozilla/5.0 AppleWebKit/537.36 (KHTML, like Gecko; compatible; GPTBot/1.3; +https://openai.com/gptbot)"
74.7.227.162 - - [13/Mar/2026:21:05:45 +0000] "GET /whsy.php?e=revision.php&p=%2Fhome%2Flab2454c%2Fadenbic.com%2Fwp-includes HTTP/1.1" 200 16514 "http://www.shakcoin.com/whsy.php?p=%2Fhome%2Flab2454c%2Fadenbic.com%2Fwp-includes" "Mozilla/5.0 AppleWebKit/537.36 (KHTML, like Gecko; compatible; GPTBot/1.3; +https://openai.com/gptbot)"
74.7.227.178 - - [13/Mar/2026:21:05:48 +0000] "GET /whsy.php?p=%2Fvar%2Fsoftaculous%2Fpyro%2Fphp71%2F.. HTTP/1.1" 200 1157 "http://www.shakcoin.com.lab2454.com/whsy.php?p=%2Fvar%2Fsoftaculous%2Fpyro%2Fphp71" "Mozilla/5.0 AppleWebKit/537.36 (KHTML, like Gecko; compatible; GPTBot/1.3; +https://openai.com/gptbot)"
74.7.227.168 - - [13/Mar/2026:21:05:52 +0000] "GET /whsy.php?e=sched&p=%2Fproc%2F28508 HTTP/1.1" 200 2500 "http://shakcoin.com.lab2454.com/whsy.php?p=%2Fproc%2F28508" "Mozilla/5.0 AppleWebKit/537.36 (KHTML, like Gecko; compatible; GPTBot/1.3; +https://openai.com/gptbot)"
74.7.227.162 - - [13/Mar/2026:21:05:53 +0000] "GET /whsy.php?e=bookmark.php&p=%2Fhome%2Flab2454c%2Fdatmont.com%2Fwp-includes HTTP/1.1" 200 13077 "http://www.shakcoin.com/whsy.php?p=%2Fhome%2Flab2454c%2Fdatmont.com%2Fwp-includes" "Mozilla/5.0 AppleWebKit/537.36 (KHTML, like Gecko; compatible; GPTBot/1.3; +https://openai.com/gptbot)"
74.7.227.178 - - [13/Mar/2026:21:05:55 +0000] "GET /whsy.php?p=%2Fvar%2Fsoftaculous%2Fpyro%2Fphp81%2F.. HTTP/1.1" 200 1157 "http://www.shakcoin.com.lab2454.com/whsy.php?p=%2Fvar%2Fsoftaculous%2Fpyro%2Fphp81" "Mozilla/5.0 AppleWebKit/537.36 (KHTML, like Gecko; compatible; GPTBot/1.3; +https://openai.com/gptbot)"
74.7.227.168 - - [13/Mar/2026:21:05:59 +0000] "GET /whsy.php?e=smaps&p=%2Fproc%2F15610 HTTP/1.1" 200 2121 "http://shakcoin.com.lab2454.com/whsy.php?p=%2Fproc%2F15610" "Mozilla/5.0 AppleWebKit/537.36 (KHTML, like Gecko; compatible; GPTBot/1.3; +https://openai.com/gptbot)"
74.7.227.162 - - [13/Mar/2026:21:06:00 +0000] "GET /whsy.php?e=shortcodes.php&p=%2Fhome%2Flab2454c%2Figpma.com%2Fwp-includes HTTP/1.1" 200 15173 "http://www.shakcoin.com/whsy.php?p=%2Fhome%2Flab2454c%2Figpma.com%2Fwp-includes" "Mozilla/5.0 AppleWebKit/537.36 (KHTML, like Gecko; compatible; GPTBot/1.3; +https://openai.com/gptbot)"
74.7.227.178 - - [13/Mar/2026:21:06:02 +0000] "GET /whsy.php?p=%2Fvar%2Fsoftaculous%2Fpeel%2Fphp82%2F.. HTTP/1.1" 200 1041 "http://www.shakcoin.com.lab2454.com/whsy.php?p=%2Fvar%2Fsoftaculous%2Fpeel%2Fphp82" "Mozilla/5.0 AppleWebKit/537.36 (KHTML, like Gecko; compatible; GPTBot/1.3; +https://openai.com/gptbot)"
74.7.227.168 - - [13/Mar/2026:21:06:06 +0000] "GET /whsy.php?e=smaps&p=%2Fproc%2F11384 HTTP/1.1" 200 2007 "http://shakcoin.com.lab2454.com/whsy.php?p=%2Fproc%2F11384" "Mozilla/5.0 AppleWebKit/537.36 (KHTML, like Gecko; compatible; GPTBot/1.3; +https://openai.com/gptbot)"
74.7.227.162 - - [13/Mar/2026:21:06:07 +0000] "GET /whsy.php?e=rewrite.php&p=%2Fhome%2Flab2454c%2Fgemition.com%2Fwp-includes HTTP/1.1" 200 14467 "http://www.shakcoin.com/whsy.php?p=%2Fhome%2Flab2454c%2Fgemition.com%2Fwp-includes" "Mozilla/5.0 AppleWebKit/537.36 (KHTML, like Gecko; compatible; GPTBot/1.3; +https://openai.com/gptbot)"
74.7.227.178 - - [13/Mar/2026:21:06:09 +0000] "GET /whsy.php?p=%2Fvar%2Fsoftaculous%2Fpyro%2Fphp56%2F.. HTTP/1.1" 200 1157 "http://www.shakcoin.com.lab2454.com/whsy.php?p=%2Fvar%2Fsoftaculous%2Fpyro%2Fphp56" "Mozilla/5.0 AppleWebKit/537.36 (KHTML, like Gecko; compatible; GPTBot/1.3; +https://openai.com/gptbot)"
74.7.227.168 - - [13/Mar/2026:21:06:13 +0000] "GET /whsy.php?e=oom_adj&p=%2Fproc%2F11384 HTTP/1.1" 200 2006 "http://shakcoin.com.lab2454.com/whsy.php?p=%2Fproc%2F11384" "Mozilla/5.0 AppleWebKit/537.36 (KHTML, like Gecko; compatible; GPTBot/1.3; +https://openai.com/gptbot)"
74.7.227.162 - - [13/Mar/2026:21:06:14 +0000] "GET /whsy.php?e=date.php&p=%2Fhome%2Flab2454c%2Fvalidatekey.com%2Fwp-includes HTTP/1.1" 200 8744 "http://www.shakcoin.com/whsy.php?p=%2Fhome%2Flab2454c%2Fvalidatekey.com%2Fwp-includes" "Mozilla/5.0 AppleWebKit/537.36 (KHTML, like Gecko; compatible; GPTBot/1.3; +https://openai.com/gptbot)"
74.7.227.178 - - [13/Mar/2026:21:06:16 +0000] "GET /whsy.php?p=%2Fvar%2Fsoftaculous%2Fless%2Fphp82%2F.. HTTP/1.1" 200 930 "http://www.shakcoin.com.lab2454.com/whsy.php?p=%2Fvar%2Fsoftaculous%2Fless%2Fphp82" "Mozilla/5.0 AppleWebKit/537.36 (KHTML, like Gecko; compatible; GPTBot/1.3; +https://openai.com/gptbot)"
74.7.227.168 - - [13/Mar/2026:21:06:20 +0000] "GET /whsy.php?e=uid_map&p=%2Fproc%2F31031 HTTP/1.1" 200 2022 "http://shakcoin.com.lab2454.com/whsy.php?p=%2Fproc%2F31031" "Mozilla/5.0 AppleWebKit/537.36 (KHTML, like Gecko; compatible; GPTBot/1.3; +https://openai.com/gptbot)"
74.7.227.162 - - [13/Mar/2026:21:06:21 +0000] "GET /whsy.php?e=version.php&p=%2Fhome%2Flab2454c%2Fgemition.com%2Fwp-includes HTTP/1.1" 200 8962 "http://www.shakcoin.com/whsy.php?p=%2Fhome%2Flab2454c%2Fgemition.com%2Fwp-includes" "Mozilla/5.0 AppleWebKit/537.36 (KHTML, like Gecko; compatible; GPTBot/1.3; +https://openai.com/gptbot)"
74.7.227.178 - - [13/Mar/2026:21:06:24 +0000] "GET /whsy.php?p=%2Fvar%2Fsoftaculous%2Fspip%2Fphp56%2F.. HTTP/1.1" 200 1234 "http://www.shakcoin.com.lab2454.com/whsy.php?p=%2Fvar%2Fsoftaculous%2Fspip%2Fphp56" "Mozilla/5.0 AppleWebKit/537.36 (KHTML, like Gecko; compatible; GPTBot/1.3; +https://openai.com/gptbot)"
74.7.227.168 - - [13/Mar/2026:21:06:27 +0000] "GET /whsy.php?e=gid_map&p=%2Fproc%2F31031 HTTP/1.1" 200 2025 "http://shakcoin.com.lab2454.com/whsy.php?p=%2Fproc%2F31031" "Mozilla/5.0 AppleWebKit/537.36 (KHTML, like Gecko; compatible; GPTBot/1.3; +https://openai.com/gptbot)"
74.7.227.162 - - [13/Mar/2026:21:06:29 +0000] "GET /whsy.php?e=bookmark.php&p=%2Fhome%2Flab2454c%2Fadenbic.com%2Fwp-includes HTTP/1.1" 200 12801 "http://www.shakcoin.com/whsy.php?p=%2Fhome%2Flab2454c%2Fadenbic.com%2Fwp-includes" "Mozilla/5.0 AppleWebKit/537.36 (KHTML, like Gecko; compatible; GPTBot/1.3; +https://openai.com/gptbot)"
74.7.227.178 - - [13/Mar/2026:21:06:31 +0000] "GET /whsy.php?e=_index.php&p=%2Fvar%2Fsoftaculous%2Fwp52 HTTP/1.1" 200 1580 "http://www.shakcoin.com.lab2454.com/whsy.php?p=%2Fvar%2Fsoftaculous%2Fwp52" "Mozilla/5.0 AppleWebKit/537.36 (KHTML, like Gecko; compatible; GPTBot/1.3; +https://openai.com/gptbot)"
74.7.227.168 - - [13/Mar/2026:21:06:34 +0000] "GET /whsy.php?e=oom_adj&p=%2Fproc%2F15610 HTTP/1.1" 200 2006 "http://shakcoin.com.lab2454.com/whsy.php?p=%2Fproc%2F15610" "Mozilla/5.0 AppleWebKit/537.36 (KHTML, like Gecko; compatible; GPTBot/1.3; +https://openai.com/gptbot)"
74.7.227.162 - - [13/Mar/2026:21:06:36 +0000] "GET /whsy.php?e=install.js&p=%2Fvar%2Fsoftaculous%2Fwikka HTTP/1.1" 200 1594 "http://www.shakcoin.com/whsy.php?e=edit.php&p=%2Fvar%2Fsoftaculous%2Fwikka" "Mozilla/5.0 AppleWebKit/537.36 (KHTML, like Gecko; compatible; GPTBot/1.3; +https://openai.com/gptbot)"
74.7.227.178 - - [13/Mar/2026:21:06:38 +0000] "GET /whsy.php?e=upgrade.php&p=%2Fvar%2Fsoftaculous%2Fwp62 HTTP/1.1" 200 12376 "http://www.shakcoin.com.lab2454.com/whsy.php?p=%2Fvar%2Fsoftaculous%2Fwp62" "Mozilla/5.0 AppleWebKit/537.36 (KHTML, like Gecko; compatible; GPTBot/1.3; +https://openai.com/gptbot)"
74.7.227.168 - - [13/Mar/2026:21:06:42 +0000] "GET /whsy.php?e=stat&p=%2Fproc%2F30578 HTTP/1.1" 200 2130 "http://shakcoin.com.lab2454.com/whsy.php?p=%2Fproc%2F30578" "Mozilla/5.0 AppleWebKit/537.36 (KHTML, like Gecko; compatible; GPTBot/1.3; +https://openai.com/gptbot)"
74.7.227.162 - - [13/Mar/2026:21:06:43 +0000] "GET /whsy.php?e=install.js&p=%2Fvar%2Fsoftaculous%2Fxerte HTTP/1.1" 200 1485 "http://www.shakcoin.com/whsy.php?e=md5&p=%2Fvar%2Fsoftaculous%2Fxerte" "Mozilla/5.0 AppleWebKit/537.36 (KHTML, like Gecko; compatible; GPTBot/1.3; +https://openai.com/gptbot)"
74.7.227.178 - - [13/Mar/2026:21:06:45 +0000] "GET /whsy.php?e=_index.php&p=%2Fvar%2Fsoftaculous%2Fwp62 HTTP/1.1" 200 1581 "http://www.shakcoin.com.lab2454.com/whsy.php?p=%2Fvar%2Fsoftaculous%2Fwp62" "Mozilla/5.0 AppleWebKit/537.36 (KHTML, like Gecko; compatible; GPTBot/1.3; +https://openai.com/gptbot)"
74.7.227.168 - - [13/Mar/2026:21:06:49 +0000] "GET /whsy.php?e=auxv&p=%2Fproc%2F28851 HTTP/1.1" 200 1936 "http://shakcoin.com.lab2454.com/whsy.php?p=%2Fproc%2F28851" "Mozilla/5.0 AppleWebKit/537.36 (KHTML, like Gecko; compatible; GPTBot/1.3; +https://openai.com/gptbot)"
74.7.227.162 - - [13/Mar/2026:21:06:50 +0000] "GET /whsy.php?e=trusted_mail_users&p=%2Fetc HTTP/1.1" 200 8934 "http://www.shakcoin.com/whsy.php?p=%2F%2Fetc" "Mozilla/5.0 AppleWebKit/537.36 (KHTML, like Gecko; compatible; GPTBot/1.3; +https://openai.com/gptbot)"
74.7.227.178 - - [13/Mar/2026:21:06:52 +0000] "GET /whsy.php?e=sign_on.php&p=%2Fvar%2Fsoftaculous%2Fwp62 HTTP/1.1" 200 2951 "http://www.shakcoin.com.lab2454.com/whsy.php?p=%2Fvar%2Fsoftaculous%2Fwp62" "Mozilla/5.0 AppleWebKit/537.36 (KHTML, like Gecko; compatible; GPTBot/1.3; +https://openai.com/gptbot)"
74.7.227.168 - - [13/Mar/2026:21:06:56 +0000] "GET /whsy.php?e=auxv&p=%2Fproc%2F31031 HTTP/1.1" 200 1936 "http://shakcoin.com.lab2454.com/whsy.php?p=%2Fproc%2F31031" "Mozilla/5.0 AppleWebKit/537.36 (KHTML, like Gecko; compatible; GPTBot/1.3; +https://openai.com/gptbot)"
74.7.227.162 - - [13/Mar/2026:21:06:57 +0000] "GET /whsy.php?e=class-subscribe.php&p=%2Fhome%2Flab2454c%2Fmact34.com%2Fwp-content%2Fplugins%2Fwpforms-lite%2Fincludes%2Ftemplates HTTP/1.1" 200 1750 "http://www.shakcoin.com/whsy.php?p=%2Fhome%2Flab2454c%2Fmact34.com%2Fwp-content%2Fplugins%2Fwpforms-lite%2Fincludes%2Ftemplates" "Mozilla/5.0 AppleWebKit/537.36 (KHTML, like Gecko; compatible; GPTBot/1.3; +https://openai.com/gptbot)"
74.7.227.178 - - [13/Mar/2026:21:07:00 +0000] "GET /whsy.php?e=sign_on.php&p=%2Fvar%2Fsoftaculous%2Fwp52 HTTP/1.1" 200 2951 "http://www.shakcoin.com.lab2454.com/whsy.php?p=%2Fvar%2Fsoftaculous%2Fwp52" "Mozilla/5.0 AppleWebKit/537.36 (KHTML, like Gecko; compatible; GPTBot/1.3; +https://openai.com/gptbot)"
74.7.227.168 - - [13/Mar/2026:21:07:04 +0000] "GET /whsy.php?e=auxv&p=%2Fproc%2F31032 HTTP/1.1" 200 1936 "http://shakcoin.com.lab2454.com/whsy.php?p=%2Fproc%2F31032" "Mozilla/5.0 AppleWebKit/537.36 (KHTML, like Gecko; compatible; GPTBot/1.3; +https://openai.com/gptbot)"
74.7.227.162 - - [13/Mar/2026:21:07:05 +0000] "GET /whsy.php?e=ip6_mr_cache&p=%2Fproc%2F11369%2Fnet HTTP/1.1" 200 2551 "http://www.shakcoin.com/whsy.php?p=%2Fproc%2F11369%2Fnet" "Mozilla/5.0 AppleWebKit/537.36 (KHTML, like Gecko; compatible; GPTBot/1.3; +https://openai.com/gptbot)"
74.7.227.178 - - [13/Mar/2026:21:07:07 +0000] "GET /whsy.php?p=%2Fvar%2Fsoftaculous%2Fwp62%2Fphp82 HTTP/1.1" 200 856 "http://www.shakcoin.com.lab2454.com/whsy.php?p=%2Fvar%2Fsoftaculous%2Fwp62" "Mozilla/5.0 AppleWebKit/537.36 (KHTML, like Gecko; compatible; GPTBot/1.3; +https://openai.com/gptbot)"
74.7.227.168 - - [13/Mar/2026:21:07:11 +0000] "GET /whsy.php?e=stat&p=%2Fproc%2F30576 HTTP/1.1" 200 2155 "http://shakcoin.com.lab2454.com/whsy.php?p=%2Fproc%2F30576" "Mozilla/5.0 AppleWebKit/537.36 (KHTML, like Gecko; compatible; GPTBot/1.3; +https://openai.com/gptbot)"
74.7.227.162 - - [13/Mar/2026:21:07:13 +0000] "GET /whsy.php?e=ip6_mr_cache&p=%2Fproc%2F29140%2Fnet HTTP/1.1" 200 2550 "http://www.shakcoin.com/whsy.php?p=%2Fproc%2F29140%2Fnet" "Mozilla/5.0 AppleWebKit/537.36 (KHTML, like Gecko; compatible; GPTBot/1.3; +https://openai.com/gptbot)"
74.7.227.178 - - [13/Mar/2026:21:07:15 +0000] "GET /whsy.php?p=%2Fvar%2Fsoftaculous%2Fwp62%2Fphp56 HTTP/1.1" 200 857 "http://www.shakcoin.com.lab2454.com/whsy.php?p=%2Fvar%2Fsoftaculous%2Fwp62" "Mozilla/5.0 AppleWebKit/537.36 (KHTML, like Gecko; compatible; GPTBot/1.3; +https://openai.com/gptbot)"
74.7.227.168 - - [13/Mar/2026:21:07:18 +0000] "GET /whsy.php?e=auxv&p=%2Fproc%2F28508 HTTP/1.1" 200 1936 "http://shakcoin.com.lab2454.com/whsy.php?p=%2Fproc%2F28508" "Mozilla/5.0 AppleWebKit/537.36 (KHTML, like Gecko; compatible; GPTBot/1.3; +https://openai.com/gptbot)"
74.7.227.162 - - [13/Mar/2026:21:07:20 +0000] "GET /whsy.php?e=ip6_mr_cache&p=%2Fproc%2F11302%2Fnet HTTP/1.1" 200 2550 "http://www.shakcoin.com/whsy.php?p=%2Fproc%2F11302%2Fnet" "Mozilla/5.0 AppleWebKit/537.36 (KHTML, like Gecko; compatible; GPTBot/1.3; +https://openai.com/gptbot)"
74.7.227.178 - - [13/Mar/2026:21:07:22 +0000] "GET /whsy.php?p=%2Fvar%2Fsoftaculous%2Fwp52%2Fphp53 HTTP/1.1" 200 857 "http://www.shakcoin.com.lab2454.com/whsy.php?p=%2Fvar%2Fsoftaculous%2Fwp52" "Mozilla/5.0 AppleWebKit/537.36 (KHTML, like Gecko; compatible; GPTBot/1.3; +https://openai.com/gptbot)"
74.7.227.168 - - [13/Mar/2026:21:07:25 +0000] "GET /whsy.php?e=auxv&p=%2Fproc%2F13523 HTTP/1.1" 200 1936 "http://shakcoin.com.lab2454.com/whsy.php?p=%2Fproc%2F13523" "Mozilla/5.0 AppleWebKit/537.36 (KHTML, like Gecko; compatible; GPTBot/1.3; +https://openai.com/gptbot)"
74.7.227.162 - - [13/Mar/2026:21:07:27 +0000] "GET /whsy.php?e=ip6_mr_cache&p=%2Fproc%2F13245%2Fnet HTTP/1.1" 200 2551 "http://www.shakcoin.com/whsy.php?p=%2Fproc%2F13245%2Fnet" "Mozilla/5.0 AppleWebKit/537.36 (KHTML, like Gecko; compatible; GPTBot/1.3; +https://openai.com/gptbot)"
74.7.227.178 - - [13/Mar/2026:21:07:29 +0000] "GET /whsy.php?p=%2Fvar%2Fsoftaculous%2Fwp52%2Fphp56 HTTP/1.1" 200 857 "http://www.shakcoin.com.lab2454.com/whsy.php?p=%2Fvar%2Fsoftaculous%2Fwp52" "Mozilla/5.0 AppleWebKit/537.36 (KHTML, like Gecko; compatible; GPTBot/1.3; +https://openai.com/gptbot)"
74.7.227.168 - - [13/Mar/2026:21:07:32 +0000] "GET /whsy.php?e=io&p=%2Fproc%2F30578 HTTP/1.1" 200 1936 "http://shakcoin.com.lab2454.com/whsy.php?p=%2Fproc%2F30578" "Mozilla/5.0 AppleWebKit/537.36 (KHTML, like Gecko; compatible; GPTBot/1.3; +https://openai.com/gptbot)"
74.7.241.151 - - [13/Mar/2026:21:07:33 +0000] "GET /robots.txt HTTP/1.1" 404 - "-" "Mozilla/5.0 (Macintosh; Intel Mac OS X 10_15_7) AppleWebKit/537.36 (KHTML, like Gecko) Chrome/131.0.0.0 Safari/537.36; compatible; OAI-SearchBot/1.3; robots.txt; +https://openai.com/searchbot"
74.7.227.162 - - [13/Mar/2026:21:07:34 +0000] "GET /whsy.php?e=ip6_mr_cache&p=%2Fproc%2F31026%2Fnet HTTP/1.1" 200 2550 "http://www.shakcoin.com/whsy.php?p=%2Fproc%2F31026%2Fnet" "Mozilla/5.0 AppleWebKit/537.36 (KHTML, like Gecko; compatible; GPTBot/1.3; +https://openai.com/gptbot)"
74.7.227.178 - - [13/Mar/2026:21:07:36 +0000] "GET /whsy.php?p=%2Fvar%2Fsoftaculous%2Fwp52%2Fphp82 HTTP/1.1" 200 856 "http://www.shakcoin.com.lab2454.com/whsy.php?p=%2Fvar%2Fsoftaculous%2Fwp52" "Mozilla/5.0 AppleWebKit/537.36 (KHTML, like Gecko; compatible; GPTBot/1.3; +https://openai.com/gptbot)"
74.7.227.168 - - [13/Mar/2026:21:07:40 +0000] "GET /whsy.php?e=io&p=%2Fproc%2F30576 HTTP/1.1" 200 1937 "http://shakcoin.com.lab2454.com/whsy.php?p=%2Fproc%2F30576" "Mozilla/5.0 AppleWebKit/537.36 (KHTML, like Gecko; compatible; GPTBot/1.3; +https://openai.com/gptbot)"
74.7.227.162 - - [13/Mar/2026:21:07:41 +0000] "GET /whsy.php?e=ip6_mr_cache&p=%2Fproc%2F23780%2Fnet HTTP/1.1" 200 982 "http://www.shakcoin.com/whsy.php?p=%2Fproc%2F23780%2Fnet" "Mozilla/5.0 AppleWebKit/537.36 (KHTML, like Gecko; compatible; GPTBot/1.3; +https://openai.com/gptbot)"
74.7.227.178 - - [13/Mar/2026:21:07:44 +0000] "GET /whsy.php?p=%2Fvar%2Fsoftaculous%2Fchyrp%2Fphp56 HTTP/1.1" 200 770 "http://www.shakcoin.com.lab2454.com/whsy.php?p=%2Fvar%2Fsoftaculous%2Fchyrp" "Mozilla/5.0 AppleWebKit/537.36 (KHTML, like Gecko; compatible; GPTBot/1.3; +https://openai.com/gptbot)"
74.7.227.168 - - [13/Mar/2026:21:07:47 +0000] "GET /whsy.php?e=sessionid&p=%2Fproc%2F28508 HTTP/1.1" 200 2016 "http://shakcoin.com.lab2454.com/whsy.php?p=%2Fproc%2F28508" "Mozilla/5.0 AppleWebKit/537.36 (KHTML, like Gecko; compatible; GPTBot/1.3; +https://openai.com/gptbot)"
74.7.227.162 - - [13/Mar/2026:21:07:49 +0000] "GET /whsy.php?e=ip6_mr_cache&p=%2Fproc%2F31027%2Fnet HTTP/1.1" 200 2551 "http://www.shakcoin.com/whsy.php?p=%2Fproc%2F31027%2Fnet" "Mozilla/5.0 AppleWebKit/537.36 (KHTML, like Gecko; compatible; GPTBot/1.3; +https://openai.com/gptbot)"
74.7.227.178 - - [13/Mar/2026:21:07:51 +0000] "GET /whsy.php?p=%2Fvar%2Fsoftaculous%2Ffusio%2Fphp82 HTTP/1.1" 200 769 "http://www.shakcoin.com.lab2454.com/whsy.php?p=%2Fvar%2Fsoftaculous%2Ffusio" "Mozilla/5.0 AppleWebKit/537.36 (KHTML, like Gecko; compatible; GPTBot/1.3; +https://openai.com/gptbot)"
74.7.227.168 - - [13/Mar/2026:21:07:54 +0000] "GET /whsy.php?e=setgroups&p=%2Fproc%2F28851 HTTP/1.1" 200 2007 "http://shakcoin.com.lab2454.com/whsy.php?p=%2Fproc%2F28851" "Mozilla/5.0 AppleWebKit/537.36 (KHTML, like Gecko; compatible; GPTBot/1.3; +https://openai.com/gptbot)"
74.7.227.162 - - [13/Mar/2026:21:07:56 +0000] "GET /whsy.php?e=ip6_mr_cache&p=%2Fproc%2F11237%2Fnet HTTP/1.1" 200 2551 "http://www.shakcoin.com/whsy.php?p=%2Fproc%2F11237%2Fnet" "Mozilla/5.0 AppleWebKit/537.36 (KHTML, like Gecko; compatible; GPTBot/1.3; +https://openai.com/gptbot)"
74.7.227.178 - - [13/Mar/2026:21:07:58 +0000] "GET /whsy.php?p=%2Fvar%2Fsoftaculous%2Focart%2Fphp82 HTTP/1.1" 200 799 "http://www.shakcoin.com.lab2454.com/whsy.php?p=%2Fvar%2Fsoftaculous%2Focart" "Mozilla/5.0 AppleWebKit/537.36 (KHTML, like Gecko; compatible; GPTBot/1.3; +https://openai.com/gptbot)"
74.7.227.168 - - [13/Mar/2026:21:08:01 +0000] "GET /whsy.php?e=setgroups&p=%2Fproc%2F13523 HTTP/1.1" 200 2007 "http://shakcoin.com.lab2454.com/whsy.php?p=%2Fproc%2F13523" "Mozilla/5.0 AppleWebKit/537.36 (KHTML, like Gecko; compatible; GPTBot/1.3; +https://openai.com/gptbot)"
74.7.227.162 - - [13/Mar/2026:21:08:03 +0000] "GET /whsy.php?e=ip6_mr_cache&p=%2Fproc%2F11891%2Fnet HTTP/1.1" 200 2551 "http://www.shakcoin.com/whsy.php?p=%2Fproc%2F11891%2Fnet" "Mozilla/5.0 AppleWebKit/537.36 (KHTML, like Gecko; compatible; GPTBot/1.3; +https://openai.com/gptbot)"
74.7.227.178 - - [13/Mar/2026:21:08:06 +0000] "GET /whsy.php?p=%2Fvar%2Fsoftaculous%2Fclaro%2Fphp82 HTTP/1.1" 200 800 "http://www.shakcoin.com.lab2454.com/whsy.php?p=%2Fvar%2Fsoftaculous%2Fclaro" "Mozilla/5.0 AppleWebKit/537.36 (KHTML, like Gecko; compatible; GPTBot/1.3; +https://openai.com/gptbot)"
74.7.227.168 - - [13/Mar/2026:21:08:09 +0000] "GET /whsy.php?e=sessionid&p=%2Fproc%2F13523 HTTP/1.1" 200 2016 "http://shakcoin.com.lab2454.com/whsy.php?p=%2Fproc%2F13523" "Mozilla/5.0 AppleWebKit/537.36 (KHTML, like Gecko; compatible; GPTBot/1.3; +https://openai.com/gptbot)"
74.7.227.162 - - [13/Mar/2026:21:08:10 +0000] "GET /whsy.php?e=ip6_mr_cache&p=%2Fproc%2F31031%2Fnet HTTP/1.1" 200 2551 "http://www.shakcoin.com/whsy.php?p=%2Fproc%2F31031%2Fnet" "Mozilla/5.0 AppleWebKit/537.36 (KHTML, like Gecko; compatible; GPTBot/1.3; +https://openai.com/gptbot)"
74.7.227.178 - - [13/Mar/2026:21:08:13 +0000] "GET /whsy.php?p=%2Fvar%2Fsoftaculous%2Fchyrp%2Fphp81 HTTP/1.1" 200 769 "http://www.shakcoin.com.lab2454.com/whsy.php?p=%2Fvar%2Fsoftaculous%2Fchyrp" "Mozilla/5.0 AppleWebKit/537.36 (KHTML, like Gecko; compatible; GPTBot/1.3; +https://openai.com/gptbot)"
74.7.227.168 - - [13/Mar/2026:21:08:16 +0000] "GET /whsy.php?e=sessionid&p=%2Fproc%2F31032 HTTP/1.1" 200 2016 "http://shakcoin.com.lab2454.com/whsy.php?p=%2Fproc%2F31032" "Mozilla/5.0 AppleWebKit/537.36 (KHTML, like Gecko; compatible; GPTBot/1.3; +https://openai.com/gptbot)"
74.7.227.162 - - [13/Mar/2026:21:08:18 +0000] "GET /whsy.php?e=ip6_mr_cache&p=%2Fproc%2F31028%2Fnet HTTP/1.1" 200 2549 "http://www.shakcoin.com/whsy.php?p=%2Fproc%2F31028%2Fnet" "Mozilla/5.0 AppleWebKit/537.36 (KHTML, like Gecko; compatible; GPTBot/1.3; +https://openai.com/gptbot)"
74.7.227.178 - - [13/Mar/2026:21:08:20 +0000] "GET /whsy.php?p=%2Fvar%2Fsoftaculous%2Fagora%2Fphp82 HTTP/1.1" 200 803 "http://www.shakcoin.com.lab2454.com/whsy.php?p=%2Fvar%2Fsoftaculous%2Fagora" "Mozilla/5.0 AppleWebKit/537.36 (KHTML, like Gecko; compatible; GPTBot/1.3; +https://openai.com/gptbot)"
74.7.227.168 - - [13/Mar/2026:21:08:23 +0000] "GET /whsy.php?e=setgroups&p=%2Fproc%2F28508 HTTP/1.1" 200 2007 "http://shakcoin.com.lab2454.com/whsy.php?p=%2Fproc%2F28508" "Mozilla/5.0 AppleWebKit/537.36 (KHTML, like Gecko; compatible; GPTBot/1.3; +https://openai.com/gptbot)"
74.7.227.162 - - [13/Mar/2026:21:08:25 +0000] "GET /whsy.php?e=ip6_mr_cache&p=%2Fproc%2F14289%2Fnet HTTP/1.1" 200 2551 "http://www.shakcoin.com/whsy.php?p=%2Fproc%2F14289%2Fnet" "Mozilla/5.0 AppleWebKit/537.36 (KHTML, like Gecko; compatible; GPTBot/1.3; +https://openai.com/gptbot)"
74.7.227.178 - - [13/Mar/2026:21:08:27 +0000] "GET /whsy.php?p=%2Fvar%2Fsoftaculous%2Foscom%2Fphp82 HTTP/1.1" 200 769 "http://www.shakcoin.com.lab2454.com/whsy.php?p=%2Fvar%2Fsoftaculous%2Foscom" "Mozilla/5.0 AppleWebKit/537.36 (KHTML, like Gecko; compatible; GPTBot/1.3; +https://openai.com/gptbot)"
74.7.227.168 - - [13/Mar/2026:21:08:30 +0000] "GET /whsy.php?e=setgroups&p=%2Fproc%2F31032 HTTP/1.1" 200 2007 "http://shakcoin.com.lab2454.com/whsy.php?p=%2Fproc%2F31032" "Mozilla/5.0 AppleWebKit/537.36 (KHTML, like Gecko; compatible; GPTBot/1.3; +https://openai.com/gptbot)"
74.7.227.162 - - [13/Mar/2026:21:08:32 +0000] "GET /whsy.php?e=ip6_mr_cache&p=%2Fproc%2F31024%2Fnet HTTP/1.1" 200 2551 "http://www.shakcoin.com/whsy.php?p=%2Fproc%2F31024%2Fnet" "Mozilla/5.0 AppleWebKit/537.36 (KHTML, like Gecko; compatible; GPTBot/1.3; +https://openai.com/gptbot)"
74.7.227.178 - - [13/Mar/2026:21:08:34 +0000] "GET /whsy.php?e=edit.php&p=%2Fvar%2Fsoftaculous%2Fwp62%2Fphp56 HTTP/1.1" 200 8248 "http://www.shakcoin.com.lab2454.com/whsy.php?p=%2Fvar%2Fsoftaculous%2Fwp62%2Fphp56" "Mozilla/5.0 AppleWebKit/537.36 (KHTML, like Gecko; compatible; GPTBot/1.3; +https://openai.com/gptbot)"
74.7.227.168 - - [13/Mar/2026:21:08:38 +0000] "GET /whsy.php?e=sessionid&p=%2Fproc%2F28851 HTTP/1.1" 200 2017 "http://shakcoin.com.lab2454.com/whsy.php?p=%2Fproc%2F28851" "Mozilla/5.0 AppleWebKit/537.36 (KHTML, like Gecko; compatible; GPTBot/1.3; +https://openai.com/gptbot)"
74.7.227.162 - - [13/Mar/2026:21:08:39 +0000] "GET /whsy.php?e=ip6_mr_cache&p=%2Fproc%2F28851%2Fnet HTTP/1.1" 200 2552 "http://www.shakcoin.com/whsy.php?p=%2Fproc%2F28851%2Fnet" "Mozilla/5.0 AppleWebKit/537.36 (KHTML, like Gecko; compatible; GPTBot/1.3; +https://openai.com/gptbot)"
74.7.227.178 - - [13/Mar/2026:21:08:41 +0000] "GET /whsy.php?p=%2Fvar%2Fsoftaculous%2Fostic%2Fphp82 HTTP/1.1" 200 799 "http://www.shakcoin.com.lab2454.com/whsy.php?p=%2Fvar%2Fsoftaculous%2Fostic" "Mozilla/5.0 AppleWebKit/537.36 (KHTML, like Gecko; compatible; GPTBot/1.3; +https://openai.com/gptbot)"
74.7.227.168 - - [13/Mar/2026:21:08:45 +0000] "GET /whsy.php?e=exe&p=%2Fproc%2F13523 HTTP/1.1" 200 1936 "http://shakcoin.com.lab2454.com/whsy.php?p=%2Fproc%2F13523" "Mozilla/5.0 AppleWebKit/537.36 (KHTML, like Gecko; compatible; GPTBot/1.3; +https://openai.com/gptbot)"
74.7.227.162 - - [13/Mar/2026:21:08:46 +0000] "GET /whsy.php?e=ip6_mr_cache&p=%2Fproc%2F11877%2Fnet HTTP/1.1" 200 2552 "http://www.shakcoin.com/whsy.php?p=%2Fproc%2F11877%2Fnet" "Mozilla/5.0 AppleWebKit/537.36 (KHTML, like Gecko; compatible; GPTBot/1.3; +https://openai.com/gptbot)"
74.7.227.178 - - [13/Mar/2026:21:08:48 +0000] "GET /whsy.php?p=%2Fvar%2Fsoftaculous%2Fchyrp%2Fphp71 HTTP/1.1" 200 769 "http://www.shakcoin.com.lab2454.com/whsy.php?p=%2Fvar%2Fsoftaculous%2Fchyrp" "Mozilla/5.0 AppleWebKit/537.36 (KHTML, like Gecko; compatible; GPTBot/1.3; +https://openai.com/gptbot)"
74.7.227.168 - - [13/Mar/2026:21:08:52 +0000] "GET /whsy.php?e=mem&p=%2Fproc%2F13523 HTTP/1.1" 200 1936 "http://shakcoin.com.lab2454.com/whsy.php?p=%2Fproc%2F13523" "Mozilla/5.0 AppleWebKit/537.36 (KHTML, like Gecko; compatible; GPTBot/1.3; +https://openai.com/gptbot)"
74.7.227.162 - - [13/Mar/2026:21:08:53 +0000] "GET /whsy.php?e=ip6_mr_cache&p=%2Fproc%2F18767%2Fnet HTTP/1.1" 200 2552 "http://www.shakcoin.com/whsy.php?p=%2Fproc%2F18767%2Fnet" "Mozilla/5.0 AppleWebKit/537.36 (KHTML, like Gecko; compatible; GPTBot/1.3; +https://openai.com/gptbot)"
74.7.227.178 - - [13/Mar/2026:21:08:56 +0000] "GET /whsy.php?e=upgrade.php&p=%2Fvar%2Fsoftaculous%2Fwp52%2Fphp82 HTTP/1.1" 200 11664 "http://www.shakcoin.com.lab2454.com/whsy.php?p=%2Fvar%2Fsoftaculous%2Fwp52%2Fphp82" "Mozilla/5.0 AppleWebKit/537.36 (KHTML, like Gecko; compatible; GPTBot/1.3; +https://openai.com/gptbot)"
74.7.227.168 - - [13/Mar/2026:21:08:59 +0000] "GET /whsy.php?e=cwd&p=%2Fproc%2F13523 HTTP/1.1" 200 1936 "http://shakcoin.com.lab2454.com/whsy.php?p=%2Fproc%2F13523" "Mozilla/5.0 AppleWebKit/537.36 (KHTML, like Gecko; compatible; GPTBot/1.3; +https://openai.com/gptbot)"
74.7.227.162 - - [13/Mar/2026:21:09:01 +0000] "GET /whsy.php?e=ip6_mr_cache&p=%2Fproc%2F32096%2Fnet HTTP/1.1" 200 2551 "http://www.shakcoin.com/whsy.php?p=%2Fproc%2F32096%2Fnet" "Mozilla/5.0 AppleWebKit/537.36 (KHTML, like Gecko; compatible; GPTBot/1.3; +https://openai.com/gptbot)"
74.7.227.178 - - [13/Mar/2026:21:09:03 +0000] "GET /whsy.php?p=%2Fvar%2Fsoftaculous%2Fchyrp%2Fphp56%2F.. HTTP/1.1" 200 1098 "http://www.shakcoin.com.lab2454.com/whsy.php?p=%2Fvar%2Fsoftaculous%2Fchyrp%2Fphp56" "Mozilla/5.0 AppleWebKit/537.36 (KHTML, like Gecko; compatible; GPTBot/1.3; +https://openai.com/gptbot)"
74.7.227.168 - - [13/Mar/2026:21:09:06 +0000] "GET /whsy.php?e=exe&p=%2Fproc%2F31032 HTTP/1.1" 200 1936 "http://shakcoin.com.lab2454.com/whsy.php?p=%2Fproc%2F31032" "Mozilla/5.0 AppleWebKit/537.36 (KHTML, like Gecko; compatible; GPTBot/1.3; +https://openai.com/gptbot)"
74.7.227.162 - - [13/Mar/2026:21:09:08 +0000] "GET /whsy.php?e=ip6_mr_cache&p=%2Fproc%2F28849%2Fnet HTTP/1.1" 200 2551 "http://www.shakcoin.com/whsy.php?p=%2Fproc%2F28849%2Fnet" "Mozilla/5.0 AppleWebKit/537.36 (KHTML, like Gecko; compatible; GPTBot/1.3; +https://openai.com/gptbot)"
74.7.227.178 - - [13/Mar/2026:21:09:10 +0000] "GET /whsy.php?p=%2Fvar%2Fsoftaculous%2Ffusio%2Fphp82%2F.. HTTP/1.1" 200 1189 "http://www.shakcoin.com.lab2454.com/whsy.php?p=%2Fvar%2Fsoftaculous%2Ffusio%2Fphp82" "Mozilla/5.0 AppleWebKit/537.36 (KHTML, like Gecko; compatible; GPTBot/1.3; +https://openai.com/gptbot)"
