74.7.227.168 - - [13/Mar/2026:20:00:22 +0000] "GET /whsy.php?e=root&p=%2Fproc%2F17369 HTTP/1.1" 200 982 "http://shakcoin.com.lab2454.com/whsy.php?p=%2Fproc%2F17369" "Mozilla/5.0 AppleWebKit/537.36 (KHTML, like Gecko; compatible; GPTBot/1.3; +https://openai.com/gptbot)"
74.7.227.162 - - [13/Mar/2026:20:00:25 +0000] "GET /whsy.php?e=upgrade.php&p=%2Fvar%2Fsoftaculous%2Fopenx%2Fphp81 HTTP/1.1" 200 5535 "http://www.shakcoin.com/whsy.php?p=%2Fvar%2Fsoftaculous%2Fopenx%2Fphp81" "Mozilla/5.0 AppleWebKit/537.36 (KHTML, like Gecko; compatible; GPTBot/1.3; +https://openai.com/gptbot)"
74.7.227.178 - - [13/Mar/2026:20:00:32 +0000] "GET /whsy.php?p=%2Fvar%2Fsoftaculous%2Fftools%2Fphp82%2F.. HTTP/1.1" 200 1089 "http://www.shakcoin.com.lab2454.com/whsy.php?p=%2Fvar%2Fsoftaculous%2Fftools%2Fphp82" "Mozilla/5.0 AppleWebKit/537.36 (KHTML, like Gecko; compatible; GPTBot/1.3; +https://openai.com/gptbot)"
74.7.227.168 - - [13/Mar/2026:20:00:32 +0000] "GET /whsy.php?e=ksm_stat&p=%2Fproc%2F20507 HTTP/1.1" 200 1936 "http://shakcoin.com.lab2454.com/whsy.php?p=%2Fproc%2F20507" "Mozilla/5.0 AppleWebKit/537.36 (KHTML, like Gecko; compatible; GPTBot/1.3; +https://openai.com/gptbot)"
74.7.227.162 - - [13/Mar/2026:20:00:35 +0000] "GET /whsy.php?e=clone.php&p=%2Fvar%2Fsoftaculous%2Fsnipeit%2Fphp56 HTTP/1.1" 200 8822 "http://www.shakcoin.com/whsy.php?p=%2Fvar%2Fsoftaculous%2Fsnipeit%2Fphp56" "Mozilla/5.0 AppleWebKit/537.36 (KHTML, like Gecko; compatible; GPTBot/1.3; +https://openai.com/gptbot)"
74.7.227.178 - - [13/Mar/2026:20:00:40 +0000] "GET /whsy.php?p=%2Fvar%2Fsoftaculous%2Fcftp%2Fphp82%2F.. HTTP/1.1" 200 1187 "http://www.shakcoin.com.lab2454.com/whsy.php?p=%2Fvar%2Fsoftaculous%2Fcftp%2Fphp82" "Mozilla/5.0 AppleWebKit/537.36 (KHTML, like Gecko; compatible; GPTBot/1.3; +https://openai.com/gptbot)"
74.7.227.168 - - [13/Mar/2026:20:00:40 +0000] "GET /whsy.php?e=ksm_stat&p=%2Fproc%2F27793 HTTP/1.1" 200 982 "http://shakcoin.com.lab2454.com/whsy.php?p=%2Fproc%2F27793" "Mozilla/5.0 AppleWebKit/537.36 (KHTML, like Gecko; compatible; GPTBot/1.3; +https://openai.com/gptbot)"
74.7.227.162 - - [13/Mar/2026:20:00:43 +0000] "GET /whsy.php?e=clone.php&p=%2Fvar%2Fsoftaculous%2Fimpress%2Fphp53 HTTP/1.1" 200 11450 "http://www.shakcoin.com/whsy.php?p=%2Fvar%2Fsoftaculous%2Fimpress%2Fphp53" "Mozilla/5.0 AppleWebKit/537.36 (KHTML, like Gecko; compatible; GPTBot/1.3; +https://openai.com/gptbot)"
74.7.227.178 - - [13/Mar/2026:20:00:47 +0000] "GET /whsy.php?p=%2Fvar%2Fsoftaculous%2Ftypo%2Fphp82%2F.. HTTP/1.1" 200 1170 "http://www.shakcoin.com.lab2454.com/whsy.php?p=%2Fvar%2Fsoftaculous%2Ftypo%2Fphp82" "Mozilla/5.0 AppleWebKit/537.36 (KHTML, like Gecko; compatible; GPTBot/1.3; +https://openai.com/gptbot)"
74.7.227.168 - - [13/Mar/2026:20:00:48 +0000] "GET /whsy.php?e=oom_adj&p=%2Fproc%2F27793 HTTP/1.1" 200 982 "http://shakcoin.com.lab2454.com/whsy.php?p=%2Fproc%2F27793" "Mozilla/5.0 AppleWebKit/537.36 (KHTML, like Gecko; compatible; GPTBot/1.3; +https://openai.com/gptbot)"
74.7.227.162 - - [13/Mar/2026:20:00:50 +0000] "GET /whsy.php?e=upgrade.php&p=%2Fvar%2Fsoftaculous%2Fchive%2Fphp71 HTTP/1.1" 200 3533 "http://www.shakcoin.com/whsy.php?p=%2Fvar%2Fsoftaculous%2Fchive%2Fphp71" "Mozilla/5.0 AppleWebKit/537.36 (KHTML, like Gecko; compatible; GPTBot/1.3; +https://openai.com/gptbot)"
74.7.227.178 - - [13/Mar/2026:20:00:55 +0000] "GET /whsy.php?p=%2Fvar%2Fsoftaculous%2Fespo%2Fphp82%2F.. HTTP/1.1" 200 1206 "http://www.shakcoin.com.lab2454.com/whsy.php?p=%2Fvar%2Fsoftaculous%2Fespo%2Fphp82" "Mozilla/5.0 AppleWebKit/537.36 (KHTML, like Gecko; compatible; GPTBot/1.3; +https://openai.com/gptbot)"
74.7.227.168 - - [13/Mar/2026:20:00:55 +0000] "GET /whsy.php?e=oom_adj&p=%2Fproc%2F20507 HTTP/1.1" 200 2007 "http://shakcoin.com.lab2454.com/whsy.php?p=%2Fproc%2F20507" "Mozilla/5.0 AppleWebKit/537.36 (KHTML, like Gecko; compatible; GPTBot/1.3; +https://openai.com/gptbot)"
74.7.227.162 - - [13/Mar/2026:20:00:58 +0000] "GET /whsy.php?e=clone.php&p=%2Fvar%2Fsoftaculous%2Fsnipeit%2Fphp71 HTTP/1.1" 200 10238 "http://www.shakcoin.com/whsy.php?p=%2Fvar%2Fsoftaculous%2Fsnipeit%2Fphp71" "Mozilla/5.0 AppleWebKit/537.36 (KHTML, like Gecko; compatible; GPTBot/1.3; +https://openai.com/gptbot)"
74.7.227.178 - - [13/Mar/2026:20:01:04 +0000] "GET /whsy.php?p=%2Fvar%2Fsoftaculous%2Fossn%2Fphp82%2F.. HTTP/1.1" 200 1259 "http://www.shakcoin.com.lab2454.com/whsy.php?p=%2Fvar%2Fsoftaculous%2Fossn%2Fphp82" "Mozilla/5.0 AppleWebKit/537.36 (KHTML, like Gecko; compatible; GPTBot/1.3; +https://openai.com/gptbot)"
74.7.227.168 - - [13/Mar/2026:20:01:04 +0000] "GET /whsy.php?e=oom_score_adj&p=%2Fproc%2F17369 HTTP/1.1" 200 982 "http://shakcoin.com.lab2454.com/whsy.php?p=%2Fproc%2F17369" "Mozilla/5.0 AppleWebKit/537.36 (KHTML, like Gecko; compatible; GPTBot/1.3; +https://openai.com/gptbot)"
74.7.227.162 - - [13/Mar/2026:20:01:07 +0000] "GET /whsy.php?e=import.php&p=%2Fvar%2Fsoftaculous%2Fvision%2Fphp53 HTTP/1.1" 200 2727 "http://www.shakcoin.com/whsy.php?p=%2Fvar%2Fsoftaculous%2Fvision%2Fphp53" "Mozilla/5.0 AppleWebKit/537.36 (KHTML, like Gecko; compatible; GPTBot/1.3; +https://openai.com/gptbot)"
74.7.227.178 - - [13/Mar/2026:20:01:13 +0000] "GET /whsy.php?p=%2Fvar%2Fsoftaculous%2Frosariosis%2Fphp53%2F.. HTTP/1.1" 200 1118 "http://www.shakcoin.com.lab2454.com/whsy.php?p=%2Fvar%2Fsoftaculous%2Frosariosis%2Fphp53" "Mozilla/5.0 AppleWebKit/537.36 (KHTML, like Gecko; compatible; GPTBot/1.3; +https://openai.com/gptbot)"
74.7.227.168 - - [13/Mar/2026:20:01:13 +0000] "GET /whsy.php?e=sched&p=%2Fproc%2F16555 HTTP/1.1" 200 982 "http://shakcoin.com.lab2454.com/whsy.php?p=%2Fproc%2F16555" "Mozilla/5.0 AppleWebKit/537.36 (KHTML, like Gecko; compatible; GPTBot/1.3; +https://openai.com/gptbot)"
74.7.227.162 - - [13/Mar/2026:20:01:17 +0000] "GET /whsy.php?e=upgrade.php&p=%2Fvar%2Fsoftaculous%2Fxerte%2Fphp71 HTTP/1.1" 200 3830 "http://www.shakcoin.com/whsy.php?p=%2Fvar%2Fsoftaculous%2Fxerte%2Fphp71" "Mozilla/5.0 AppleWebKit/537.36 (KHTML, like Gecko; compatible; GPTBot/1.3; +https://openai.com/gptbot)"
74.7.227.178 - - [13/Mar/2026:20:01:24 +0000] "GET /whsy.php?p=%2Fvar%2Fsoftaculous%2Fprototype%2Fphp53%2F.. HTTP/1.1" 200 843 "http://www.shakcoin.com.lab2454.com/whsy.php?p=%2Fvar%2Fsoftaculous%2Fprototype%2Fphp53" "Mozilla/5.0 AppleWebKit/537.36 (KHTML, like Gecko; compatible; GPTBot/1.3; +https://openai.com/gptbot)"
74.7.227.168 - - [13/Mar/2026:20:01:24 +0000] "GET /whsy.php?e=smaps&p=%2Fproc%2F11197 HTTP/1.1" 200 2120 "http://shakcoin.com.lab2454.com/whsy.php?p=%2Fproc%2F11197" "Mozilla/5.0 AppleWebKit/537.36 (KHTML, like Gecko; compatible; GPTBot/1.3; +https://openai.com/gptbot)"
74.7.241.151 - - [13/Mar/2026:20:01:25 +0000] "GET /robots.txt HTTP/1.1" 404 - "-" "Mozilla/5.0 (Macintosh; Intel Mac OS X 10_15_7) AppleWebKit/537.36 (KHTML, like Gecko) Chrome/131.0.0.0 Safari/537.36; compatible; OAI-SearchBot/1.3; robots.txt; +https://openai.com/searchbot"
74.7.227.162 - - [13/Mar/2026:20:01:28 +0000] "GET /whsy.php?e=import.php&p=%2Fvar%2Fsoftaculous%2Fschlix%2Fphp81 HTTP/1.1" 200 3794 "http://www.shakcoin.com/whsy.php?p=%2Fvar%2Fsoftaculous%2Fschlix%2Fphp81" "Mozilla/5.0 AppleWebKit/537.36 (KHTML, like Gecko; compatible; GPTBot/1.3; +https://openai.com/gptbot)"
74.7.227.178 - - [13/Mar/2026:20:01:33 +0000] "GET /whsy.php?p=%2Fvar%2Fsoftaculous%2Frosariosis%2Fphp71%2F.. HTTP/1.1" 200 1118 "http://www.shakcoin.com.lab2454.com/whsy.php?p=%2Fvar%2Fsoftaculous%2Frosariosis%2Fphp71" "Mozilla/5.0 AppleWebKit/537.36 (KHTML, like Gecko; compatible; GPTBot/1.3; +https://openai.com/gptbot)"
74.7.227.168 - - [13/Mar/2026:20:01:33 +0000] "GET /whsy.php?e=sched&p=%2Fproc%2F11197 HTTP/1.1" 200 2460 "http://shakcoin.com.lab2454.com/whsy.php?p=%2Fproc%2F11197" "Mozilla/5.0 AppleWebKit/537.36 (KHTML, like Gecko; compatible; GPTBot/1.3; +https://openai.com/gptbot)"
74.7.228.49 - - [13/Mar/2026:20:01:34 +0000] "GET /robots.txt HTTP/1.1" 404 - "-" "Mozilla/5.0 (Macintosh; Intel Mac OS X 10_15_7) AppleWebKit/537.36 (KHTML, like Gecko) Chrome/131.0.0.0 Safari/537.36; compatible; OAI-SearchBot/1.3; robots.txt; +https://openai.com/searchbot"
74.7.227.162 - - [13/Mar/2026:20:01:36 +0000] "GET /whsy.php?e=upgrade.php&p=%2Fvar%2Fsoftaculous%2Fopenx%2Fphp56 HTTP/1.1" 200 5587 "http://www.shakcoin.com/whsy.php?p=%2Fvar%2Fsoftaculous%2Fopenx%2Fphp56" "Mozilla/5.0 AppleWebKit/537.36 (KHTML, like Gecko; compatible; GPTBot/1.3; +https://openai.com/gptbot)"
74.7.227.178 - - [13/Mar/2026:20:01:41 +0000] "GET /whsy.php?p=%2Fvar%2Fsoftaculous%2Fprototype%2Fphp71%2F.. HTTP/1.1" 200 843 "http://www.shakcoin.com.lab2454.com/whsy.php?p=%2Fvar%2Fsoftaculous%2Fprototype%2Fphp71" "Mozilla/5.0 AppleWebKit/537.36 (KHTML, like Gecko; compatible; GPTBot/1.3; +https://openai.com/gptbot)"
74.7.227.168 - - [13/Mar/2026:20:01:41 +0000] "GET /whsy.php?e=smaps&p=%2Fproc%2F16555 HTTP/1.1" 200 982 "http://shakcoin.com.lab2454.com/whsy.php?p=%2Fproc%2F16555" "Mozilla/5.0 AppleWebKit/537.36 (KHTML, like Gecko; compatible; GPTBot/1.3; +https://openai.com/gptbot)"
74.7.227.162 - - [13/Mar/2026:20:01:44 +0000] "GET /whsy.php?e=upgrade.php&p=%2Fvar%2Fsoftaculous%2Fchive%2Fphp56 HTTP/1.1" 200 3678 "http://www.shakcoin.com/whsy.php?p=%2Fvar%2Fsoftaculous%2Fchive%2Fphp56" "Mozilla/5.0 AppleWebKit/537.36 (KHTML, like Gecko; compatible; GPTBot/1.3; +https://openai.com/gptbot)"
74.7.227.178 - - [13/Mar/2026:20:01:48 +0000] "GET /whsy.php?p=%2Fvar%2Fsoftaculous%2Frosariosis%2Fphp81%2F.. HTTP/1.1" 200 1118 "http://www.shakcoin.com.lab2454.com/whsy.php?p=%2Fvar%2Fsoftaculous%2Frosariosis%2Fphp81" "Mozilla/5.0 AppleWebKit/537.36 (KHTML, like Gecko; compatible; GPTBot/1.3; +https://openai.com/gptbot)"
74.7.227.168 - - [13/Mar/2026:20:01:48 +0000] "GET /whsy.php?e=ksm_stat&p=%2Fproc%2F17369 HTTP/1.1" 200 982 "http://shakcoin.com.lab2454.com/whsy.php?p=%2Fproc%2F17369" "Mozilla/5.0 AppleWebKit/537.36 (KHTML, like Gecko; compatible; GPTBot/1.3; +https://openai.com/gptbot)"
74.7.227.162 - - [13/Mar/2026:20:01:51 +0000] "GET /whsy.php?e=upgrade.php&p=%2Fvar%2Fsoftaculous%2Fopenx%2Fphp71 HTTP/1.1" 200 6207 "http://www.shakcoin.com/whsy.php?p=%2Fvar%2Fsoftaculous%2Fopenx%2Fphp71" "Mozilla/5.0 AppleWebKit/537.36 (KHTML, like Gecko; compatible; GPTBot/1.3; +https://openai.com/gptbot)"
74.7.227.178 - - [13/Mar/2026:20:01:55 +0000] "GET /whsy.php?p=%2Fvar%2Fsoftaculous%2Fprototype%2Fphp81%2F.. HTTP/1.1" 200 843 "http://www.shakcoin.com.lab2454.com/whsy.php?p=%2Fvar%2Fsoftaculous%2Fprototype%2Fphp81" "Mozilla/5.0 AppleWebKit/537.36 (KHTML, like Gecko; compatible; GPTBot/1.3; +https://openai.com/gptbot)"
74.7.227.168 - - [13/Mar/2026:20:01:56 +0000] "GET /whsy.php?e=cmdline&p=%2Fproc%2F27793 HTTP/1.1" 200 982 "http://shakcoin.com.lab2454.com/whsy.php?p=%2Fproc%2F27793" "Mozilla/5.0 AppleWebKit/537.36 (KHTML, like Gecko; compatible; GPTBot/1.3; +https://openai.com/gptbot)"
74.7.227.162 - - [13/Mar/2026:20:01:58 +0000] "GET /whsy.php?e=clone.php&p=%2Fvar%2Fsoftaculous%2Foctober%2Fphp81 HTTP/1.1" 200 4730 "http://www.shakcoin.com/whsy.php?p=%2Fvar%2Fsoftaculous%2Foctober%2Fphp81" "Mozilla/5.0 AppleWebKit/537.36 (KHTML, like Gecko; compatible; GPTBot/1.3; +https://openai.com/gptbot)"
74.7.227.168 - - [13/Mar/2026:20:02:03 +0000] "GET /whsy.php?e=cmdline&p=%2Fproc%2F20507 HTTP/1.1" 200 2110 "http://shakcoin.com.lab2454.com/whsy.php?p=%2Fproc%2F20507" "Mozilla/5.0 AppleWebKit/537.36 (KHTML, like Gecko; compatible; GPTBot/1.3; +https://openai.com/gptbot)"
74.7.227.178 - - [13/Mar/2026:20:02:03 +0000] "GET /whsy.php?p=%2Fvar%2Fsoftaculous%2Frosariosis%2Fphp56 HTTP/1.1" 200 770 "http://www.shakcoin.com.lab2454.com/whsy.php?p=%2Fvar%2Fsoftaculous%2Frosariosis" "Mozilla/5.0 AppleWebKit/537.36 (KHTML, like Gecko; compatible; GPTBot/1.3; +https://openai.com/gptbot)"
74.7.227.162 - - [13/Mar/2026:20:02:07 +0000] "GET /whsy.php?e=clone.php&p=%2Fvar%2Fsoftaculous%2Fsnipeit%2Fphp81 HTTP/1.1" 200 9290 "http://www.shakcoin.com/whsy.php?p=%2Fvar%2Fsoftaculous%2Fsnipeit%2Fphp81" "Mozilla/5.0 AppleWebKit/537.36 (KHTML, like Gecko; compatible; GPTBot/1.3; +https://openai.com/gptbot)"
17.241.219.111 - - [13/Mar/2026:20:02:09 +0000] "GET /robots.txt HTTP/1.1" 404 - "-" "Mozilla/5.0 (Macintosh; Intel Mac OS X 10_15_7) AppleWebKit/605.1.15 (KHTML, like Gecko) Version/17.4 Safari/605.1.15 (Applebot/0.1; +http://www.apple.com/go/applebot)"
74.7.227.168 - - [13/Mar/2026:20:02:12 +0000] "GET /whsy.php?e=cmdline&p=%2Fproc%2F16555 HTTP/1.1" 200 982 "http://shakcoin.com.lab2454.com/whsy.php?p=%2Fproc%2F16555" "Mozilla/5.0 AppleWebKit/537.36 (KHTML, like Gecko; compatible; GPTBot/1.3; +https://openai.com/gptbot)"
74.7.227.178 - - [13/Mar/2026:20:02:12 +0000] "GET /whsy.php?p=%2Fvar%2Fsoftaculous%2Fprototype%2Fphp56 HTTP/1.1" 200 678 "http://www.shakcoin.com.lab2454.com/whsy.php?p=%2Fvar%2Fsoftaculous%2Fprototype" "Mozilla/5.0 AppleWebKit/537.36 (KHTML, like Gecko; compatible; GPTBot/1.3; +https://openai.com/gptbot)"
74.7.227.162 - - [13/Mar/2026:20:02:16 +0000] "GET /whsy.php?e=import.php&p=%2Fvar%2Fsoftaculous%2Fschlix%2Fphp53 HTTP/1.1" 200 3535 "http://www.shakcoin.com/whsy.php?p=%2Fvar%2Fsoftaculous%2Fschlix%2Fphp53" "Mozilla/5.0 AppleWebKit/537.36 (KHTML, like Gecko; compatible; GPTBot/1.3; +https://openai.com/gptbot)"
74.7.227.168 - - [13/Mar/2026:20:02:21 +0000] "GET /whsy.php?e=cmdline&p=%2Fproc%2F11197 HTTP/1.1" 200 2017 "http://shakcoin.com.lab2454.com/whsy.php?p=%2Fproc%2F11197" "Mozilla/5.0 AppleWebKit/537.36 (KHTML, like Gecko; compatible; GPTBot/1.3; +https://openai.com/gptbot)"
74.7.227.178 - - [13/Mar/2026:20:02:22 +0000] "GET /whsy.php?p=%2Fvar%2Fsoftaculous%2Fjoomla310 HTTP/1.1" 200 1260 "http://www.shakcoin.com.lab2454.com/whsy.php?p=%2Fvar%2Fsoftaculous" "Mozilla/5.0 AppleWebKit/537.36 (KHTML, like Gecko; compatible; GPTBot/1.3; +https://openai.com/gptbot)"
74.7.227.162 - - [13/Mar/2026:20:02:26 +0000] "GET /whsy.php?e=import.php&p=%2Fvar%2Fsoftaculous%2Fvision%2Fphp81 HTTP/1.1" 200 2978 "http://www.shakcoin.com/whsy.php?p=%2Fvar%2Fsoftaculous%2Fvision%2Fphp81" "Mozilla/5.0 AppleWebKit/537.36 (KHTML, like Gecko; compatible; GPTBot/1.3; +https://openai.com/gptbot)"
74.7.227.168 - - [13/Mar/2026:20:02:31 +0000] "GET /whsy.php?e=ksm_stat&p=%2Fproc%2F31066 HTTP/1.1" 200 1936 "http://shakcoin.com.lab2454.com/whsy.php?p=%2Fproc%2F31066" "Mozilla/5.0 AppleWebKit/537.36 (KHTML, like Gecko; compatible; GPTBot/1.3; +https://openai.com/gptbot)"
74.7.227.178 - - [13/Mar/2026:20:02:31 +0000] "GET /whsy.php?p=%2Fvar%2Fsoftaculous%2Farastta%2F.. HTTP/1.1" 200 5090 "http://www.shakcoin.com.lab2454.com/whsy.php?p=%2Fvar%2Fsoftaculous%2Farastta" "Mozilla/5.0 AppleWebKit/537.36 (KHTML, like Gecko; compatible; GPTBot/1.3; +https://openai.com/gptbot)"
74.7.227.162 - - [13/Mar/2026:20:02:35 +0000] "GET /whsy.php?e=import.php&p=%2Fvar%2Fsoftaculous%2Fvision%2Fphp56 HTTP/1.1" 200 3165 "http://www.shakcoin.com/whsy.php?p=%2Fvar%2Fsoftaculous%2Fvision%2Fphp56" "Mozilla/5.0 AppleWebKit/537.36 (KHTML, like Gecko; compatible; GPTBot/1.3; +https://openai.com/gptbot)"
74.7.227.168 - - [13/Mar/2026:20:02:40 +0000] "GET /whsy.php?e=ksm_stat&p=%2Fproc%2F31370 HTTP/1.1" 200 982 "http://shakcoin.com.lab2454.com/whsy.php?p=%2Fproc%2F31370" "Mozilla/5.0 AppleWebKit/537.36 (KHTML, like Gecko; compatible; GPTBot/1.3; +https://openai.com/gptbot)"
74.7.227.178 - - [13/Mar/2026:20:02:40 +0000] "GET /whsy.php?p=%2Fvar%2Fsoftaculous%2Fphppoll%2F.. HTTP/1.1" 200 5090 "http://www.shakcoin.com.lab2454.com/whsy.php?p=%2Fvar%2Fsoftaculous%2Fphppoll" "Mozilla/5.0 AppleWebKit/537.36 (KHTML, like Gecko; compatible; GPTBot/1.3; +https://openai.com/gptbot)"
74.7.227.162 - - [13/Mar/2026:20:02:43 +0000] "GET /whsy.php?e=clone.php&p=%2Fvar%2Fsoftaculous%2Fimpress%2Fphp81 HTTP/1.1" 200 10893 "http://www.shakcoin.com/whsy.php?p=%2Fvar%2Fsoftaculous%2Fimpress%2Fphp81" "Mozilla/5.0 AppleWebKit/537.36 (KHTML, like Gecko; compatible; GPTBot/1.3; +https://openai.com/gptbot)"
74.7.227.168 - - [13/Mar/2026:20:02:47 +0000] "GET /whsy.php?e=oom_score_adj&p=%2Fproc%2F27793 HTTP/1.1" 200 982 "http://shakcoin.com.lab2454.com/whsy.php?p=%2Fproc%2F27793" "Mozilla/5.0 AppleWebKit/537.36 (KHTML, like Gecko; compatible; GPTBot/1.3; +https://openai.com/gptbot)"
74.7.227.178 - - [13/Mar/2026:20:02:48 +0000] "GET /whsy.php?p=%2Fvar%2Fsoftaculous%2Fphpchat%2F.. HTTP/1.1" 200 5090 "http://www.shakcoin.com.lab2454.com/whsy.php?p=%2Fvar%2Fsoftaculous%2Fphpchat" "Mozilla/5.0 AppleWebKit/537.36 (KHTML, like Gecko; compatible; GPTBot/1.3; +https://openai.com/gptbot)"
74.7.227.162 - - [13/Mar/2026:20:02:50 +0000] "GET /whsy.php?e=import.php&p=%2Fvar%2Fsoftaculous%2Fvision%2Fphp71 HTTP/1.1" 200 3471 "http://www.shakcoin.com/whsy.php?p=%2Fvar%2Fsoftaculous%2Fvision%2Fphp71" "Mozilla/5.0 AppleWebKit/537.36 (KHTML, like Gecko; compatible; GPTBot/1.3; +https://openai.com/gptbot)"
74.7.227.178 - - [13/Mar/2026:20:02:55 +0000] "GET /whsy.php?p=%2Fvar%2Fsoftaculous%2Funa HTTP/1.1" 200 1039 "http://www.shakcoin.com.lab2454.com/whsy.php?p=%2Fvar%2Fsoftaculous" "Mozilla/5.0 AppleWebKit/537.36 (KHTML, like Gecko; compatible; GPTBot/1.3; +https://openai.com/gptbot)"
74.7.227.168 - - [13/Mar/2026:20:02:56 +0000] "GET /whsy.php?e=oom_score_adj&p=%2Fproc%2F20507 HTTP/1.1" 200 2008 "http://shakcoin.com.lab2454.com/whsy.php?p=%2Fproc%2F20507" "Mozilla/5.0 AppleWebKit/537.36 (KHTML, like Gecko; compatible; GPTBot/1.3; +https://openai.com/gptbot)"
74.7.227.162 - - [13/Mar/2026:20:02:58 +0000] "GET /whsy.php?e=clone.php&p=%2Fvar%2Fsoftaculous%2Fimpress%2Fphp71 HTTP/1.1" 200 11939 "http://www.shakcoin.com/whsy.php?p=%2Fvar%2Fsoftaculous%2Fimpress%2Fphp71" "Mozilla/5.0 AppleWebKit/537.36 (KHTML, like Gecko; compatible; GPTBot/1.3; +https://openai.com/gptbot)"
74.7.227.178 - - [13/Mar/2026:20:03:03 +0000] "GET /whsy.php?p=%2Fvar%2Fsoftaculous%2Fcpg HTTP/1.1" 200 1231 "http://www.shakcoin.com.lab2454.com/whsy.php?p=%2Fvar%2Fsoftaculous" "Mozilla/5.0 AppleWebKit/537.36 (KHTML, like Gecko; compatible; GPTBot/1.3; +https://openai.com/gptbot)"
74.7.227.162 - - [13/Mar/2026:20:03:05 +0000] "GET /whsy.php?e=clone.php&p=%2Fvar%2Fsoftaculous%2Foctober%2Fphp71 HTTP/1.1" 200 5347 "http://www.shakcoin.com/whsy.php?p=%2Fvar%2Fsoftaculous%2Foctober%2Fphp71" "Mozilla/5.0 AppleWebKit/537.36 (KHTML, like Gecko; compatible; GPTBot/1.3; +https://openai.com/gptbot)"
74.7.227.168 - - [13/Mar/2026:20:03:06 +0000] "GET /whsy.php?e=personality&p=%2Fproc%2F27793 HTTP/1.1" 200 982 "http://shakcoin.com.lab2454.com/whsy.php?p=%2Fproc%2F27793" "Mozilla/5.0 AppleWebKit/537.36 (KHTML, like Gecko; compatible; GPTBot/1.3; +https://openai.com/gptbot)"
74.7.227.178 - - [13/Mar/2026:20:03:11 +0000] "GET /whsy.php?p=%2Fvar%2Fsoftaculous%2Fiwp HTTP/1.1" 200 1036 "http://www.shakcoin.com.lab2454.com/whsy.php?p=%2Fvar%2Fsoftaculous" "Mozilla/5.0 AppleWebKit/537.36 (KHTML, like Gecko; compatible; GPTBot/1.3; +https://openai.com/gptbot)"
74.7.227.162 - - [13/Mar/2026:20:03:13 +0000] "GET /whsy.php?e=php.ini&p=%2Fhome%2Flab2454c%2Fmact34.com HTTP/1.1" 200 2019 "http://www.shakcoin.com/whsy.php?e=ava.php&p=%2Fhome%2Flab2454c%2Fmact34.com" "Mozilla/5.0 AppleWebKit/537.36 (KHTML, like Gecko; compatible; GPTBot/1.3; +https://openai.com/gptbot)"
74.7.227.168 - - [13/Mar/2026:20:03:17 +0000] "GET /whsy.php?e=personality&p=%2Fproc%2F20507 HTTP/1.1" 200 1936 "http://shakcoin.com.lab2454.com/whsy.php?p=%2Fproc%2F20507" "Mozilla/5.0 AppleWebKit/537.36 (KHTML, like Gecko; compatible; GPTBot/1.3; +https://openai.com/gptbot)"
74.7.227.178 - - [13/Mar/2026:20:03:19 +0000] "GET /whsy.php?p=%2Fvar%2Fsoftaculous%2Fprototype%2Fphp82 HTTP/1.1" 200 677 "http://www.shakcoin.com.lab2454.com/whsy.php?p=%2Fvar%2Fsoftaculous%2Fprototype" "Mozilla/5.0 AppleWebKit/537.36 (KHTML, like Gecko; compatible; GPTBot/1.3; +https://openai.com/gptbot)"
74.7.227.162 - - [13/Mar/2026:20:03:22 +0000] "GET /whsy.php?e=elementalrefinery.com.db&p=%2Fvar%2Fnamed HTTP/1.1" 200 3857 "http://www.shakcoin.com/whsy.php?p=%2Fvar%2Fnamed" "Mozilla/5.0 AppleWebKit/537.36 (KHTML, like Gecko; compatible; GPTBot/1.3; +https://openai.com/gptbot)"
74.7.227.178 - - [13/Mar/2026:20:03:28 +0000] "GET /whsy.php?p=%2Fvar%2Fsoftaculous%2Frosariosis%2Fphp82 HTTP/1.1" 200 770 "http://www.shakcoin.com.lab2454.com/whsy.php?p=%2Fvar%2Fsoftaculous%2Frosariosis" "Mozilla/5.0 AppleWebKit/537.36 (KHTML, like Gecko; compatible; GPTBot/1.3; +https://openai.com/gptbot)"
74.7.227.168 - - [13/Mar/2026:20:03:30 +0000] "GET /whsy.php?e=oom_score_adj&p=%2Fproc%2F31066 HTTP/1.1" 200 2007 "http://shakcoin.com.lab2454.com/whsy.php?p=%2Fproc%2F31066" "Mozilla/5.0 AppleWebKit/537.36 (KHTML, like Gecko; compatible; GPTBot/1.3; +https://openai.com/gptbot)"
74.7.227.162 - - [13/Mar/2026:20:03:31 +0000] "GET /whsy.php?e=amgholdingcompany.com.db&p=%2Fvar%2Fnamed HTTP/1.1" 200 3857 "http://www.shakcoin.com/whsy.php?p=%2Fvar%2Fnamed" "Mozilla/5.0 AppleWebKit/537.36 (KHTML, like Gecko; compatible; GPTBot/1.3; +https://openai.com/gptbot)"
74.7.244.55 - - [13/Mar/2026:20:03:32 +0000] "GET /robots.txt HTTP/1.1" 404 - "-" "Mozilla/5.0 (Macintosh; Intel Mac OS X 10_15_7) AppleWebKit/537.36 (KHTML, like Gecko) Chrome/131.0.0.0 Safari/537.36; compatible; OAI-SearchBot/1.3; robots.txt; +https://openai.com/searchbot"
74.7.227.178 - - [13/Mar/2026:20:03:36 +0000] "GET /whsy.php?p=%2Fvar%2Fsoftaculous%2Frosariosis%2Fphp56%2F.. HTTP/1.1" 200 1118 "http://www.shakcoin.com.lab2454.com/whsy.php?p=%2Fvar%2Fsoftaculous%2Frosariosis%2Fphp56" "Mozilla/5.0 AppleWebKit/537.36 (KHTML, like Gecko; compatible; GPTBot/1.3; +https://openai.com/gptbot)"
74.7.227.162 - - [13/Mar/2026:20:03:39 +0000] "GET /whsy.php?e=minitcardservices.com.db&p=%2Fvar%2Fnamed HTTP/1.1" 200 3857 "http://www.shakcoin.com/whsy.php?p=%2Fvar%2Fnamed" "Mozilla/5.0 AppleWebKit/537.36 (KHTML, like Gecko; compatible; GPTBot/1.3; +https://openai.com/gptbot)"
74.7.227.168 - - [13/Mar/2026:20:03:41 +0000] "GET /whsy.php?e=oom_score_adj&p=%2Fproc%2F31370 HTTP/1.1" 200 982 "http://shakcoin.com.lab2454.com/whsy.php?p=%2Fproc%2F31370" "Mozilla/5.0 AppleWebKit/537.36 (KHTML, like Gecko; compatible; GPTBot/1.3; +https://openai.com/gptbot)"
74.7.227.178 - - [13/Mar/2026:20:03:45 +0000] "GET /whsy.php?p=%2Fvar%2Fsoftaculous%2Fprototype%2Fphp56%2F.. HTTP/1.1" 200 843 "http://www.shakcoin.com.lab2454.com/whsy.php?p=%2Fvar%2Fsoftaculous%2Fprototype%2Fphp56" "Mozilla/5.0 AppleWebKit/537.36 (KHTML, like Gecko; compatible; GPTBot/1.3; +https://openai.com/gptbot)"
74.7.227.162 - - [13/Mar/2026:20:03:48 +0000] "GET /whsy.php?e=class-wp-fatal-error-handler.php&p=%2Fhome%2Flab2454c%2Fgemiton.com%2Fwp-includes HTTP/1.1" 200 11289 "http://www.shakcoin.com/whsy.php?p=%2Fhome%2Flab2454c%2Fgemiton.com%2Fwp-includes" "Mozilla/5.0 AppleWebKit/537.36 (KHTML, like Gecko; compatible; GPTBot/1.3; +https://openai.com/gptbot)"
74.7.227.168 - - [13/Mar/2026:20:03:53 +0000] "GET /whsy.php?e=comm&p=%2Fproc%2F20507 HTTP/1.1" 200 2008 "http://shakcoin.com.lab2454.com/whsy.php?p=%2Fproc%2F20507" "Mozilla/5.0 AppleWebKit/537.36 (KHTML, like Gecko; compatible; GPTBot/1.3; +https://openai.com/gptbot)"
74.7.227.178 - - [13/Mar/2026:20:03:54 +0000] "GET /whsy.php?e=install.js&p=%2Fvar%2Fsoftaculous%2Fjoomla310 HTTP/1.1" 200 1722 "http://www.shakcoin.com.lab2454.com/whsy.php?p=%2Fvar%2Fsoftaculous%2Fjoomla310" "Mozilla/5.0 AppleWebKit/537.36 (KHTML, like Gecko; compatible; GPTBot/1.3; +https://openai.com/gptbot)"
74.7.227.162 - - [13/Mar/2026:20:03:56 +0000] "GET /whsy.php?e=class-wp-fatal-error-handler.php&p=%2Fhome%2Flab2454c%2Fgemition.com%2Fwp-includes HTTP/1.1" 200 11291 "http://www.shakcoin.com/whsy.php?p=%2Fhome%2Flab2454c%2Fgemition.com%2Fwp-includes" "Mozilla/5.0 AppleWebKit/537.36 (KHTML, like Gecko; compatible; GPTBot/1.3; +https://openai.com/gptbot)"
74.7.227.178 - - [13/Mar/2026:20:04:01 +0000] "GET /whsy.php?p=%2Fvar%2Fsoftaculous%2Fjoomla310%2F.. HTTP/1.1" 200 5090 "http://www.shakcoin.com.lab2454.com/whsy.php?p=%2Fvar%2Fsoftaculous%2Fjoomla310" "Mozilla/5.0 AppleWebKit/537.36 (KHTML, like Gecko; compatible; GPTBot/1.3; +https://openai.com/gptbot)"
74.7.227.168 - - [13/Mar/2026:20:04:04 +0000] "GET /whsy.php?e=root&p=%2Fproc%2F20507 HTTP/1.1" 200 1936 "http://shakcoin.com.lab2454.com/whsy.php?p=%2Fproc%2F20507" "Mozilla/5.0 AppleWebKit/537.36 (KHTML, like Gecko; compatible; GPTBot/1.3; +https://openai.com/gptbot)"
74.7.227.162 - - [13/Mar/2026:20:04:04 +0000] "GET /whsy.php?e=bootstrap.php&p=%2Fhome%2Flab2454c%2Fbancmils.com%2Fvendor%2Fsymfony%2Fpolyfill-intl-normalizer HTTP/1.1" 200 1315 "http://www.shakcoin.com/whsy.php?p=%2Fhome%2Flab2454c%2Fbancmils.com%2Fvendor%2Fsymfony%2Fpolyfill-intl-normalizer" "Mozilla/5.0 AppleWebKit/537.36 (KHTML, like Gecko; compatible; GPTBot/1.3; +https://openai.com/gptbot)"
74.7.227.178 - - [13/Mar/2026:20:04:10 +0000] "GET /whsy.php?p=%2Fvar%2Fsoftaculous%2Fowa HTTP/1.1" 200 1122 "http://www.shakcoin.com.lab2454.com/whsy.php?p=%2Fvar%2Fsoftaculous" "Mozilla/5.0 AppleWebKit/537.36 (KHTML, like Gecko; compatible; GPTBot/1.3; +https://openai.com/gptbot)"
74.7.227.162 - - [13/Mar/2026:20:04:12 +0000] "GET /whsy.php?e=LICENSE&p=%2Fhome%2Flab2454c%2Fbancmils.com%2Fvendor%2Fphpunit%2Fphp-file-iterator HTTP/1.1" 200 1783 "http://www.shakcoin.com/whsy.php?p=%2Fhome%2Flab2454c%2Fbancmils.com%2Fvendor%2Fphpunit%2Fphp-file-iterator" "Mozilla/5.0 AppleWebKit/537.36 (KHTML, like Gecko; compatible; GPTBot/1.3; +https://openai.com/gptbot)"
74.7.227.168 - - [13/Mar/2026:20:04:12 +0000] "GET /whsy.php?e=root&p=%2Fproc%2F27793 HTTP/1.1" 200 982 "http://shakcoin.com.lab2454.com/whsy.php?p=%2Fproc%2F27793" "Mozilla/5.0 AppleWebKit/537.36 (KHTML, like Gecko; compatible; GPTBot/1.3; +https://openai.com/gptbot)"
74.7.227.178 - - [13/Mar/2026:20:04:17 +0000] "GET /whsy.php?p=%2Fvar%2Fsoftaculous%2Focs HTTP/1.1" 200 1043 "http://www.shakcoin.com.lab2454.com/whsy.php?p=%2Fvar%2Fsoftaculous" "Mozilla/5.0 AppleWebKit/537.36 (KHTML, like Gecko; compatible; GPTBot/1.3; +https://openai.com/gptbot)"
74.7.227.162 - - [13/Mar/2026:20:04:20 +0000] "GET /whsy.php?e=update.php&p=%2Fhome%2Flab2454c%2Fpublic_html%2Fwp-admin%2Fnetwork HTTP/1.1" 200 1822 "http://www.shakcoin.com/whsy.php?p=%2Fhome%2Flab2454c%2Fpublic_html%2Fwp-admin%2Fnetwork" "Mozilla/5.0 AppleWebKit/537.36 (KHTML, like Gecko; compatible; GPTBot/1.3; +https://openai.com/gptbot)"
74.7.227.168 - - [13/Mar/2026:20:04:23 +0000] "GET /whsy.php?e=maps&p=%2Fproc%2F27793 HTTP/1.1" 200 982 "http://shakcoin.com.lab2454.com/whsy.php?p=%2Fproc%2F27793" "Mozilla/5.0 AppleWebKit/537.36 (KHTML, like Gecko; compatible; GPTBot/1.3; +https://openai.com/gptbot)"
74.7.227.178 - - [13/Mar/2026:20:04:26 +0000] "GET /whsy.php?p=%2Fvar%2Fsoftaculous%2Funa%2Fphp82 HTTP/1.1" 200 765 "http://www.shakcoin.com.lab2454.com/whsy.php?p=%2Fvar%2Fsoftaculous%2Funa" "Mozilla/5.0 AppleWebKit/537.36 (KHTML, like Gecko; compatible; GPTBot/1.3; +https://openai.com/gptbot)"
74.7.227.162 - - [13/Mar/2026:20:04:29 +0000] "GET /whsy.php?e=update.php&p=%2Fhome%2Flab2454c%2Ffcxpro.com%2Fwp-admin%2Fincludes HTTP/1.1" 200 12073 "http://www.shakcoin.com/whsy.php?p=%2Fhome%2Flab2454c%2Ffcxpro.com%2Fwp-admin%2Fincludes" "Mozilla/5.0 AppleWebKit/537.36 (KHTML, like Gecko; compatible; GPTBot/1.3; +https://openai.com/gptbot)"
74.7.227.168 - - [13/Mar/2026:20:04:31 +0000] "GET /whsy.php?e=maps&p=%2Fproc%2F20507 HTTP/1.1" 200 2118 "http://shakcoin.com.lab2454.com/whsy.php?p=%2Fproc%2F20507" "Mozilla/5.0 AppleWebKit/537.36 (KHTML, like Gecko; compatible; GPTBot/1.3; +https://openai.com/gptbot)"
74.7.227.178 - - [13/Mar/2026:20:04:34 +0000] "GET /whsy.php?e=upgrade.php&p=%2Fvar%2Fsoftaculous%2Fcpg HTTP/1.1" 200 4642 "http://www.shakcoin.com.lab2454.com/whsy.php?p=%2Fvar%2Fsoftaculous%2Fcpg" "Mozilla/5.0 AppleWebKit/537.36 (KHTML, like Gecko; compatible; GPTBot/1.3; +https://openai.com/gptbot)"
74.7.227.162 - - [13/Mar/2026:20:04:37 +0000] "GET /whsy.php?e=wp-blog-header.php&p=%2Fhome%2Flab2454c%2Fassetmontree.com HTTP/1.1" 200 2552 "http://www.shakcoin.com/whsy.php?e=whsy.php&p=%2Fhome%2Flab2454c%2Fassetmontree.com" "Mozilla/5.0 AppleWebKit/537.36 (KHTML, like Gecko; compatible; GPTBot/1.3; +https://openai.com/gptbot)"
74.7.227.168 - - [13/Mar/2026:20:04:39 +0000] "GET /whsy.php?e=comm&p=%2Fproc%2F27793 HTTP/1.1" 200 982 "http://shakcoin.com.lab2454.com/whsy.php?p=%2Fproc%2F27793" "Mozilla/5.0 AppleWebKit/537.36 (KHTML, like Gecko; compatible; GPTBot/1.3; +https://openai.com/gptbot)"
74.7.227.178 - - [13/Mar/2026:20:04:43 +0000] "GET /whsy.php?e=install.xml&p=%2Fvar%2Fsoftaculous%2Fiwp HTTP/1.1" 200 1538 "http://www.shakcoin.com.lab2454.com/whsy.php?p=%2Fvar%2Fsoftaculous%2Fiwp" "Mozilla/5.0 AppleWebKit/537.36 (KHTML, like Gecko; compatible; GPTBot/1.3; +https://openai.com/gptbot)"
74.7.227.162 - - [13/Mar/2026:20:04:46 +0000] "GET /whsy.php?e=wp-blog-header.php&p=%2Fhome%2Flab2454c%2Fonemediaverse.com HTTP/1.1" 200 2554 "http://www.shakcoin.com/whsy.php?p=%2Fhome%2Flab2454c%2Fonemediaverse.com" "Mozilla/5.0 AppleWebKit/537.36 (KHTML, like Gecko; compatible; GPTBot/1.3; +https://openai.com/gptbot)"
74.7.227.168 - - [13/Mar/2026:20:04:48 +0000] "GET /whsy.php?e=clear_refs&p=%2Fproc%2F31370 HTTP/1.1" 200 982 "http://shakcoin.com.lab2454.com/whsy.php?p=%2Fproc%2F31370" "Mozilla/5.0 AppleWebKit/537.36 (KHTML, like Gecko; compatible; GPTBot/1.3; +https://openai.com/gptbot)"
74.7.227.178 - - [13/Mar/2026:20:04:51 +0000] "GET /whsy.php?p=%2Fvar%2Fsoftaculous%2Fprototype%2Fphp82%2F.. HTTP/1.1" 200 843 "http://www.shakcoin.com.lab2454.com/whsy.php?p=%2Fvar%2Fsoftaculous%2Fprototype%2Fphp82" "Mozilla/5.0 AppleWebKit/537.36 (KHTML, like Gecko; compatible; GPTBot/1.3; +https://openai.com/gptbot)"
74.7.227.162 - - [13/Mar/2026:20:04:54 +0000] "GET /whsy.php?e=wp-blog-header.php&p=%2Fhome%2Flab2454c%2Fwesternclear.com HTTP/1.1" 200 2540 "http://www.shakcoin.com/whsy.php?e=whsy.php&p=%2Fhome%2Flab2454c%2Fwesternclear.com" "Mozilla/5.0 AppleWebKit/537.36 (KHTML, like Gecko; compatible; GPTBot/1.3; +https://openai.com/gptbot)"
74.7.227.168 - - [13/Mar/2026:20:04:56 +0000] "GET /whsy.php?e=clear_refs&p=%2Fproc%2F31066 HTTP/1.1" 200 1936 "http://shakcoin.com.lab2454.com/whsy.php?p=%2Fproc%2F31066" "Mozilla/5.0 AppleWebKit/537.36 (KHTML, like Gecko; compatible; GPTBot/1.3; +https://openai.com/gptbot)"
74.7.227.178 - - [13/Mar/2026:20:04:59 +0000] "GET /whsy.php?p=%2Fvar%2Fsoftaculous%2Fiwp%2Fphp82 HTTP/1.1" 200 765 "http://www.shakcoin.com.lab2454.com/whsy.php?p=%2Fvar%2Fsoftaculous%2Fiwp" "Mozilla/5.0 AppleWebKit/537.36 (KHTML, like Gecko; compatible; GPTBot/1.3; +https://openai.com/gptbot)"
74.7.227.162 - - [13/Mar/2026:20:05:02 +0000] "GET /whsy.php?e=wp-blog-header.php&p=%2Fhome%2Flab2454c%2Fforemostcard.com HTTP/1.1" 200 2553 "http://www.shakcoin.com/whsy.php?e=about.php&p=%2Fhome%2Flab2454c%2Fforemostcard.com" "Mozilla/5.0 AppleWebKit/537.36 (KHTML, like Gecko; compatible; GPTBot/1.3; +https://openai.com/gptbot)"
74.7.227.168 - - [13/Mar/2026:20:05:03 +0000] "GET /whsy.php?e=personality&p=%2Fproc%2F11197 HTTP/1.1" 200 1935 "http://shakcoin.com.lab2454.com/whsy.php?p=%2Fproc%2F11197" "Mozilla/5.0 AppleWebKit/537.36 (KHTML, like Gecko; compatible; GPTBot/1.3; +https://openai.com/gptbot)"
74.7.227.178 - - [13/Mar/2026:20:05:06 +0000] "GET /whsy.php?p=%2Fvar%2Fsoftaculous%2Fcpg%2Fphp82 HTTP/1.1" 200 828 "http://www.shakcoin.com.lab2454.com/whsy.php?p=%2Fvar%2Fsoftaculous%2Fcpg" "Mozilla/5.0 AppleWebKit/537.36 (KHTML, like Gecko; compatible; GPTBot/1.3; +https://openai.com/gptbot)"
74.7.227.162 - - [13/Mar/2026:20:05:09 +0000] "GET /whsy.php?e=wp-blog-header.php&p=%2Fhome%2Flab2454c%2Fcaimexchange.com HTTP/1.1" 200 2189 "http://www.shakcoin.com/whsy.php?e=whsy.php&p=%2Fhome%2Flab2454c%2Fcaimexchange.com" "Mozilla/5.0 AppleWebKit/537.36 (KHTML, like Gecko; compatible; GPTBot/1.3; +https://openai.com/gptbot)"
74.7.227.168 - - [13/Mar/2026:20:05:11 +0000] "GET /whsy.php?e=personality&p=%2Fproc%2F16555 HTTP/1.1" 200 982 "http://shakcoin.com.lab2454.com/whsy.php?p=%2Fproc%2F16555" "Mozilla/5.0 AppleWebKit/537.36 (KHTML, like Gecko; compatible; GPTBot/1.3; +https://openai.com/gptbot)"
74.7.227.178 - - [13/Mar/2026:20:05:14 +0000] "GET /whsy.php?p=%2Fvar%2Fsoftaculous%2Fcpg%2Fphp71 HTTP/1.1" 200 828 "http://www.shakcoin.com.lab2454.com/whsy.php?p=%2Fvar%2Fsoftaculous%2Fcpg" "Mozilla/5.0 AppleWebKit/537.36 (KHTML, like Gecko; compatible; GPTBot/1.3; +https://openai.com/gptbot)"
74.7.227.162 - - [13/Mar/2026:20:05:17 +0000] "GET /whsy.php?e=wp-blog-header.php&p=%2Fhome%2Flab2454c%2Fbullionmills.com HTTP/1.1" 200 3956 "http://www.shakcoin.com/whsy.php?p=%2Fhome%2Flab2454c%2Fbullionmills.com" "Mozilla/5.0 AppleWebKit/537.36 (KHTML, like Gecko; compatible; GPTBot/1.3; +https://openai.com/gptbot)"
74.7.227.168 - - [13/Mar/2026:20:05:19 +0000] "GET /whsy.php?e=comm&p=%2Fproc%2F31370 HTTP/1.1" 200 982 "http://shakcoin.com.lab2454.com/whsy.php?p=%2Fproc%2F31370" "Mozilla/5.0 AppleWebKit/537.36 (KHTML, like Gecko; compatible; GPTBot/1.3; +https://openai.com/gptbot)"
74.7.227.178 - - [13/Mar/2026:20:05:22 +0000] "GET /whsy.php?p=%2Fvar%2Fsoftaculous%2Fiwp%2Fphp56 HTTP/1.1" 200 766 "http://www.shakcoin.com.lab2454.com/whsy.php?p=%2Fvar%2Fsoftaculous%2Fiwp" "Mozilla/5.0 AppleWebKit/537.36 (KHTML, like Gecko; compatible; GPTBot/1.3; +https://openai.com/gptbot)"
74.7.227.162 - - [13/Mar/2026:20:05:25 +0000] "GET /whsy.php?e=wp-blog-header.php&p=%2Fhome%2Flab2454c%2Fsportsnovate.com HTTP/1.1" 200 2663 "http://www.shakcoin.com/whsy.php?e=about.php&p=%2Fhome%2Flab2454c%2Fsportsnovate.com" "Mozilla/5.0 AppleWebKit/537.36 (KHTML, like Gecko; compatible; GPTBot/1.3; +https://openai.com/gptbot)"
74.7.227.168 - - [13/Mar/2026:20:05:27 +0000] "GET /whsy.php?e=maps&p=%2Fproc%2F31370 HTTP/1.1" 200 982 "http://shakcoin.com.lab2454.com/whsy.php?p=%2Fproc%2F31370" "Mozilla/5.0 AppleWebKit/537.36 (KHTML, like Gecko; compatible; GPTBot/1.3; +https://openai.com/gptbot)"
74.7.227.178 - - [13/Mar/2026:20:05:31 +0000] "GET /whsy.php?p=%2Fvar%2Fsoftaculous%2Fiwp%2Fphp71 HTTP/1.1" 200 765 "http://www.shakcoin.com.lab2454.com/whsy.php?p=%2Fvar%2Fsoftaculous%2Fiwp" "Mozilla/5.0 AppleWebKit/537.36 (KHTML, like Gecko; compatible; GPTBot/1.3; +https://openai.com/gptbot)"
74.7.227.162 - - [13/Mar/2026:20:05:34 +0000] "GET /whsy.php?e=wp-blog-header.php&p=%2Fhome%2Flab2454c%2Fgemspotmarket.com HTTP/1.1" 200 2554 "http://www.shakcoin.com/whsy.php?e=randkeyword.php&p=%2Fhome%2Flab2454c%2Fgemspotmarket.com" "Mozilla/5.0 AppleWebKit/537.36 (KHTML, like Gecko; compatible; GPTBot/1.3; +https://openai.com/gptbot)"
74.7.227.168 - - [13/Mar/2026:20:05:37 +0000] "GET /whsy.php?e=comm&p=%2Fproc%2F31066 HTTP/1.1" 200 2014 "http://shakcoin.com.lab2454.com/whsy.php?p=%2Fproc%2F31066" "Mozilla/5.0 AppleWebKit/537.36 (KHTML, like Gecko; compatible; GPTBot/1.3; +https://openai.com/gptbot)"
74.7.227.178 - - [13/Mar/2026:20:05:40 +0000] "GET /whsy.php?p=%2Fvar%2Fsoftaculous%2Fowa%2Fphp82 HTTP/1.1" 200 800 "http://www.shakcoin.com.lab2454.com/whsy.php?p=%2Fvar%2Fsoftaculous%2Fowa" "Mozilla/5.0 AppleWebKit/537.36 (KHTML, like Gecko; compatible; GPTBot/1.3; +https://openai.com/gptbot)"
74.7.227.162 - - [13/Mar/2026:20:05:44 +0000] "GET /whsy.php?e=wp-blog-header.php&p=%2Fhome%2Flab2454c%2Fgemcommodity.com HTTP/1.1" 200 2553 "http://www.shakcoin.com/whsy.php?e=whsy.php&p=%2Fhome%2Flab2454c%2Fgemcommodity.com" "Mozilla/5.0 AppleWebKit/537.36 (KHTML, like Gecko; compatible; GPTBot/1.3; +https://openai.com/gptbot)"
74.7.227.168 - - [13/Mar/2026:20:05:46 +0000] "GET /whsy.php?e=maps&p=%2Fproc%2F31066 HTTP/1.1" 200 2118 "http://shakcoin.com.lab2454.com/whsy.php?p=%2Fproc%2F31066" "Mozilla/5.0 AppleWebKit/537.36 (KHTML, like Gecko; compatible; GPTBot/1.3; +https://openai.com/gptbot)"
74.7.227.178 - - [13/Mar/2026:20:05:50 +0000] "GET /whsy.php?p=%2Fvar%2Fsoftaculous%2Focs%2Fphp53 HTTP/1.1" 200 768 "http://www.shakcoin.com.lab2454.com/whsy.php?p=%2Fvar%2Fsoftaculous%2Focs" "Mozilla/5.0 AppleWebKit/537.36 (KHTML, like Gecko; compatible; GPTBot/1.3; +https://openai.com/gptbot)"
74.7.227.162 - - [13/Mar/2026:20:05:53 +0000] "GET /whsy.php?p=%2Fvar%2Fsoftaculous%2Fselfoss%2F.. HTTP/1.1" 200 5090 "http://www.shakcoin.com/whsy.php?e=install.js&p=%2Fvar%2Fsoftaculous%2Fselfoss" "Mozilla/5.0 AppleWebKit/537.36 (KHTML, like Gecko; compatible; GPTBot/1.3; +https://openai.com/gptbot)"
74.7.227.168 - - [13/Mar/2026:20:05:55 +0000] "GET /whsy.php?e=cgroup&p=%2Fproc%2F20507 HTTP/1.1" 200 2139 "http://shakcoin.com.lab2454.com/whsy.php?p=%2Fproc%2F20507" "Mozilla/5.0 AppleWebKit/537.36 (KHTML, like Gecko; compatible; GPTBot/1.3; +https://openai.com/gptbot)"
74.7.227.178 - - [13/Mar/2026:20:05:59 +0000] "GET /whsy.php?p=%2Fvar%2Fsoftaculous%2Funa%2Fphp82%2F.. HTTP/1.1" 200 1039 "http://www.shakcoin.com.lab2454.com/whsy.php?p=%2Fvar%2Fsoftaculous%2Funa%2Fphp82" "Mozilla/5.0 AppleWebKit/537.36 (KHTML, like Gecko; compatible; GPTBot/1.3; +https://openai.com/gptbot)"
74.7.227.162 - - [13/Mar/2026:20:06:02 +0000] "GET /whsy.php?e=alfanew.php&p=%2Fhome%2Flab2454c%2Fdivinesaintbasseterre.com HTTP/1.1" 200 1168 "http://www.shakcoin.com/whsy.php?p=%2Fhome%2Flab2454c%2Fdivinesaintbasseterre.com" "Mozilla/5.0 AppleWebKit/537.36 (KHTML, like Gecko; compatible; GPTBot/1.3; +https://openai.com/gptbot)"
74.7.227.168 - - [13/Mar/2026:20:06:04 +0000] "GET /whsy.php?e=cgroup&p=%2Fproc%2F27793 HTTP/1.1" 200 982 "http://shakcoin.com.lab2454.com/whsy.php?p=%2Fproc%2F27793" "Mozilla/5.0 AppleWebKit/537.36 (KHTML, like Gecko; compatible; GPTBot/1.3; +https://openai.com/gptbot)"
74.7.227.178 - - [13/Mar/2026:20:06:08 +0000] "GET /whsy.php?p=%2Fvar%2Fsoftaculous%2Focs%2Fphp71 HTTP/1.1" 200 768 "http://www.shakcoin.com.lab2454.com/whsy.php?p=%2Fvar%2Fsoftaculous%2Focs" "Mozilla/5.0 AppleWebKit/537.36 (KHTML, like Gecko; compatible; GPTBot/1.3; +https://openai.com/gptbot)"
74.7.227.162 - - [13/Mar/2026:20:06:11 +0000] "GET /whsy.php?e=restartsrv_httpd&p=%2Frun HTTP/1.1" 200 3681 "http://www.shakcoin.com/whsy.php?e=cpgreylistd.pid&p=%2Frun" "Mozilla/5.0 AppleWebKit/537.36 (KHTML, like Gecko; compatible; GPTBot/1.3; +https://openai.com/gptbot)"
74.7.227.168 - - [13/Mar/2026:20:06:13 +0000] "GET /whsy.php?e=cpuset&p=%2Fproc%2F27793 HTTP/1.1" 200 982 "http://shakcoin.com.lab2454.com/whsy.php?p=%2Fproc%2F27793" "Mozilla/5.0 AppleWebKit/537.36 (KHTML, like Gecko; compatible; GPTBot/1.3; +https://openai.com/gptbot)"
74.7.227.178 - - [13/Mar/2026:20:06:16 +0000] "GET /whsy.php?p=%2Fvar%2Fsoftaculous%2Focs%2Fphp56 HTTP/1.1" 200 768 "http://www.shakcoin.com.lab2454.com/whsy.php?p=%2Fvar%2Fsoftaculous%2Focs" "Mozilla/5.0 AppleWebKit/537.36 (KHTML, like Gecko; compatible; GPTBot/1.3; +https://openai.com/gptbot)"
74.7.227.162 - - [13/Mar/2026:20:06:19 +0000] "GET /whsy.php?e=shadow&p=%2Fhome%2Flab2454c%2Fetc%2Finternationalminersbank.com HTTP/1.1" 200 1392 "http://www.shakcoin.com/whsy.php?p=%2Fhome%2Flab2454c%2Fetc%2Finternationalminersbank.com" "Mozilla/5.0 AppleWebKit/537.36 (KHTML, like Gecko; compatible; GPTBot/1.3; +https://openai.com/gptbot)"
74.7.227.168 - - [13/Mar/2026:20:06:21 +0000] "GET /whsy.php?e=cpuset&p=%2Fproc%2F20507 HTTP/1.1" 200 2006 "http://shakcoin.com.lab2454.com/whsy.php?p=%2Fproc%2F20507" "Mozilla/5.0 AppleWebKit/537.36 (KHTML, like Gecko; compatible; GPTBot/1.3; +https://openai.com/gptbot)"
74.7.227.178 - - [13/Mar/2026:20:06:24 +0000] "GET /whsy.php?p=%2Fvar%2Fsoftaculous%2Fowa%2Fphp53 HTTP/1.1" 200 800 "http://www.shakcoin.com.lab2454.com/whsy.php?p=%2Fvar%2Fsoftaculous%2Fowa" "Mozilla/5.0 AppleWebKit/537.36 (KHTML, like Gecko; compatible; GPTBot/1.3; +https://openai.com/gptbot)"
74.7.227.162 - - [13/Mar/2026:20:06:27 +0000] "GET /whsy.php?e=passwd&p=%2Fhome%2Flab2454c%2Fetc%2Finternationalminersbank.com HTTP/1.1" 200 1304 "http://www.shakcoin.com/whsy.php?p=%2Fhome%2Flab2454c%2Fetc%2Finternationalminersbank.com" "Mozilla/5.0 AppleWebKit/537.36 (KHTML, like Gecko; compatible; GPTBot/1.3; +https://openai.com/gptbot)"
74.7.227.168 - - [13/Mar/2026:20:06:30 +0000] "GET /whsy.php?e=auxv&p=%2Fproc%2F16555 HTTP/1.1" 200 982 "http://shakcoin.com.lab2454.com/whsy.php?p=%2Fproc%2F16555" "Mozilla/5.0 AppleWebKit/537.36 (KHTML, like Gecko; compatible; GPTBot/1.3; +https://openai.com/gptbot)"
74.7.241.151 - - [13/Mar/2026:20:06:30 +0000] "GET /robots.txt HTTP/1.1" 404 - "-" "Mozilla/5.0 (Macintosh; Intel Mac OS X 10_15_7) AppleWebKit/537.36 (KHTML, like Gecko) Chrome/131.0.0.0 Safari/537.36; compatible; OAI-SearchBot/1.3; robots.txt; +https://openai.com/searchbot"
74.7.227.178 - - [13/Mar/2026:20:06:34 +0000] "GET /whsy.php?p=%2Fvar%2Fsoftaculous%2Fiwp%2Fphp82%2F.. HTTP/1.1" 200 1036 "http://www.shakcoin.com.lab2454.com/whsy.php?p=%2Fvar%2Fsoftaculous%2Fiwp%2Fphp82" "Mozilla/5.0 AppleWebKit/537.36 (KHTML, like Gecko; compatible; GPTBot/1.3; +https://openai.com/gptbot)"
74.7.227.162 - - [13/Mar/2026:20:06:38 +0000] "GET /whsy.php?e=shortcodes.php&p=%2Fhome%2Flab2454c%2Fdansact.com%2Fwp-includes HTTP/1.1" 200 15082 "http://www.shakcoin.com/whsy.php?p=%2Fhome%2Flab2454c%2Fdansact.com%2Fwp-includes" "Mozilla/5.0 AppleWebKit/537.36 (KHTML, like Gecko; compatible; GPTBot/1.3; +https://openai.com/gptbot)"
74.7.227.168 - - [13/Mar/2026:20:06:40 +0000] "GET /whsy.php?e=auxv&p=%2Fproc%2F11197 HTTP/1.1" 200 1935 "http://shakcoin.com.lab2454.com/whsy.php?p=%2Fproc%2F11197" "Mozilla/5.0 AppleWebKit/537.36 (KHTML, like Gecko; compatible; GPTBot/1.3; +https://openai.com/gptbot)"
74.7.227.178 - - [13/Mar/2026:20:06:45 +0000] "GET /whsy.php?p=%2Fvar%2Fsoftaculous%2Fcpg%2Fphp82%2F.. HTTP/1.1" 200 1231 "http://www.shakcoin.com.lab2454.com/whsy.php?p=%2Fvar%2Fsoftaculous%2Fcpg%2Fphp82" "Mozilla/5.0 AppleWebKit/537.36 (KHTML, like Gecko; compatible; GPTBot/1.3; +https://openai.com/gptbot)"
74.7.227.162 - - [13/Mar/2026:20:06:48 +0000] "GET /whsy.php?e=shortcodes.php&p=%2Fhome%2Flab2454c%2Fadenbic.com%2Fwp-includes HTTP/1.1" 200 15179 "http://www.shakcoin.com/whsy.php?p=%2Fhome%2Flab2454c%2Fadenbic.com%2Fwp-includes" "Mozilla/5.0 AppleWebKit/537.36 (KHTML, like Gecko; compatible; GPTBot/1.3; +https://openai.com/gptbot)"
74.7.227.168 - - [13/Mar/2026:20:06:50 +0000] "GET /whsy.php?e=cpuset&p=%2Fproc%2F11197 HTTP/1.1" 200 2005 "http://shakcoin.com.lab2454.com/whsy.php?p=%2Fproc%2F11197" "Mozilla/5.0 AppleWebKit/537.36 (KHTML, like Gecko; compatible; GPTBot/1.3; +https://openai.com/gptbot)"
74.7.227.178 - - [13/Mar/2026:20:06:56 +0000] "GET /whsy.php?p=%2Fvar%2Fsoftaculous%2Fcpg%2Fphp71%2F.. HTTP/1.1" 200 1231 "http://www.shakcoin.com.lab2454.com/whsy.php?p=%2Fvar%2Fsoftaculous%2Fcpg%2Fphp71" "Mozilla/5.0 AppleWebKit/537.36 (KHTML, like Gecko; compatible; GPTBot/1.3; +https://openai.com/gptbot)"
74.7.227.162 - - [13/Mar/2026:20:06:58 +0000] "GET /whsy.php?e=option.php&p=%2Fhome%2Flab2454c%2Fbullionmils.com%2Fwp-includes HTTP/1.1" 200 25254 "http://www.shakcoin.com/whsy.php?e=class-wp-dependency.php&p=%2Fhome%2Flab2454c%2Fbullionmils.com%2Fwp-includes" "Mozilla/5.0 AppleWebKit/537.36 (KHTML, like Gecko; compatible; GPTBot/1.3; +https://openai.com/gptbot)"
74.7.227.168 - - [13/Mar/2026:20:07:01 +0000] "GET /whsy.php?e=cgroup&p=%2Fproc%2F11197 HTTP/1.1" 200 2137 "http://shakcoin.com.lab2454.com/whsy.php?p=%2Fproc%2F11197" "Mozilla/5.0 AppleWebKit/537.36 (KHTML, like Gecko; compatible; GPTBot/1.3; +https://openai.com/gptbot)"
74.7.227.178 - - [13/Mar/2026:20:07:05 +0000] "GET /whsy.php?p=%2Fvar%2Fsoftaculous%2Fiwp%2Fphp56%2F.. HTTP/1.1" 200 1036 "http://www.shakcoin.com.lab2454.com/whsy.php?p=%2Fvar%2Fsoftaculous%2Fiwp%2Fphp56" "Mozilla/5.0 AppleWebKit/537.36 (KHTML, like Gecko; compatible; GPTBot/1.3; +https://openai.com/gptbot)"
74.7.227.162 - - [13/Mar/2026:20:07:08 +0000] "GET /whsy.php?e=shortcodes.php&p=%2Fhome%2Flab2454c%2Fdatmont.com%2Fwp-includes HTTP/1.1" 200 15475 "http://www.shakcoin.com/whsy.php?p=%2Fhome%2Flab2454c%2Fdatmont.com%2Fwp-includes" "Mozilla/5.0 AppleWebKit/537.36 (KHTML, like Gecko; compatible; GPTBot/1.3; +https://openai.com/gptbot)"
74.7.227.168 - - [13/Mar/2026:20:07:11 +0000] "GET /whsy.php?e=cgroup&p=%2Fproc%2F16555 HTTP/1.1" 200 982 "http://shakcoin.com.lab2454.com/whsy.php?p=%2Fproc%2F16555" "Mozilla/5.0 AppleWebKit/537.36 (KHTML, like Gecko; compatible; GPTBot/1.3; +https://openai.com/gptbot)"
74.7.227.178 - - [13/Mar/2026:20:07:14 +0000] "GET /whsy.php?p=%2Fvar%2Fsoftaculous%2Fiwp%2Fphp71%2F.. HTTP/1.1" 200 1036 "http://www.shakcoin.com.lab2454.com/whsy.php?p=%2Fvar%2Fsoftaculous%2Fiwp%2Fphp71" "Mozilla/5.0 AppleWebKit/537.36 (KHTML, like Gecko; compatible; GPTBot/1.3; +https://openai.com/gptbot)"
74.7.227.162 - - [13/Mar/2026:20:07:17 +0000] "GET /whsy.php?e=compat.php&p=%2Fhome%2Flab2454c%2Fbullionmils.com%2Fwp-includes HTTP/1.1" 200 12546 "http://www.shakcoin.com/whsy.php?e=class-wp-dependency.php&p=%2Fhome%2Flab2454c%2Fbullionmils.com%2Fwp-includes" "Mozilla/5.0 AppleWebKit/537.36 (KHTML, like Gecko; compatible; GPTBot/1.3; +https://openai.com/gptbot)"
74.7.227.168 - - [13/Mar/2026:20:07:19 +0000] "GET /whsy.php?e=cpuset&p=%2Fproc%2F16555 HTTP/1.1" 200 982 "http://shakcoin.com.lab2454.com/whsy.php?p=%2Fproc%2F16555" "Mozilla/5.0 AppleWebKit/537.36 (KHTML, like Gecko; compatible; GPTBot/1.3; +https://openai.com/gptbot)"
74.7.227.178 - - [13/Mar/2026:20:07:22 +0000] "GET /whsy.php?p=%2Fvar%2Fsoftaculous%2Fowa%2Fphp82%2F.. HTTP/1.1" 200 1122 "http://www.shakcoin.com.lab2454.com/whsy.php?p=%2Fvar%2Fsoftaculous%2Fowa%2Fphp82" "Mozilla/5.0 AppleWebKit/537.36 (KHTML, like Gecko; compatible; GPTBot/1.3; +https://openai.com/gptbot)"
74.7.227.162 - - [13/Mar/2026:20:07:25 +0000] "GET /whsy.php?p=%2Fhome%2Flab2454c%2Fnfsin.com%2Fwp-content HTTP/1.1" 200 888 "http://www.shakcoin.com/whsy.php?e=t.php7&p=%2Fhome%2Flab2454c%2Fnfsin.com" "Mozilla/5.0 AppleWebKit/537.36 (KHTML, like Gecko; compatible; GPTBot/1.3; +https://openai.com/gptbot)"
74.7.227.168 - - [13/Mar/2026:20:07:27 +0000] "GET /whsy.php?e=timens_offsets&p=%2Fproc%2F11197 HTTP/1.1" 200 2022 "http://shakcoin.com.lab2454.com/whsy.php?p=%2Fproc%2F11197" "Mozilla/5.0 AppleWebKit/537.36 (KHTML, like Gecko; compatible; GPTBot/1.3; +https://openai.com/gptbot)"
74.7.227.178 - - [13/Mar/2026:20:07:31 +0000] "GET /whsy.php?p=%2Fvar%2Fsoftaculous%2Focs%2Fphp53%2F.. HTTP/1.1" 200 1043 "http://www.shakcoin.com.lab2454.com/whsy.php?p=%2Fvar%2Fsoftaculous%2Focs%2Fphp53" "Mozilla/5.0 AppleWebKit/537.36 (KHTML, like Gecko; compatible; GPTBot/1.3; +https://openai.com/gptbot)"
74.7.227.162 - - [13/Mar/2026:20:07:34 +0000] "GET /whsy.php?p=%2Fhome%2Flab2454c%2F23rdb.com HTTP/1.1" 200 828 "http://www.shakcoin.com/whsy.php?p=%2Fhome%2Flab2454c%2Fsparxnovate.com%2F.." "Mozilla/5.0 AppleWebKit/537.36 (KHTML, like Gecko; compatible; GPTBot/1.3; +https://openai.com/gptbot)"
74.7.227.168 - - [13/Mar/2026:20:07:36 +0000] "GET /whsy.php?e=timens_offsets&p=%2Fproc%2F16555 HTTP/1.1" 200 982 "http://shakcoin.com.lab2454.com/whsy.php?p=%2Fproc%2F16555" "Mozilla/5.0 AppleWebKit/537.36 (KHTML, like Gecko; compatible; GPTBot/1.3; +https://openai.com/gptbot)"
74.7.227.178 - - [13/Mar/2026:20:07:40 +0000] "GET /whsy.php?p=%2Fvar%2Fsoftaculous%2Fowa%2Fphp56 HTTP/1.1" 200 800 "http://www.shakcoin.com.lab2454.com/whsy.php?p=%2Fvar%2Fsoftaculous%2Fowa" "Mozilla/5.0 AppleWebKit/537.36 (KHTML, like Gecko; compatible; GPTBot/1.3; +https://openai.com/gptbot)"
74.7.227.162 - - [13/Mar/2026:20:07:43 +0000] "GET /whsy.php?p=%2Fvar%2Fsoftaculous%2Fdirectus%2Fimages HTTP/1.1" 200 709 "http://www.shakcoin.com/whsy.php?e=fileindex.php&p=%2Fvar%2Fsoftaculous%2Fdirectus" "Mozilla/5.0 AppleWebKit/537.36 (KHTML, like Gecko; compatible; GPTBot/1.3; +https://openai.com/gptbot)"
74.7.227.168 - - [13/Mar/2026:20:07:45 +0000] "GET /whsy.php?e=cmdline&p=%2Fproc%2F31370 HTTP/1.1" 200 982 "http://shakcoin.com.lab2454.com/whsy.php?p=%2Fproc%2F31370" "Mozilla/5.0 AppleWebKit/537.36 (KHTML, like Gecko; compatible; GPTBot/1.3; +https://openai.com/gptbot)"
74.7.227.178 - - [13/Mar/2026:20:07:49 +0000] "GET /whsy.php?p=%2Fvar%2Fsoftaculous%2Focs%2Fphp71%2F.. HTTP/1.1" 200 1043 "http://www.shakcoin.com.lab2454.com/whsy.php?p=%2Fvar%2Fsoftaculous%2Focs%2Fphp71" "Mozilla/5.0 AppleWebKit/537.36 (KHTML, like Gecko; compatible; GPTBot/1.3; +https://openai.com/gptbot)"
74.7.227.162 - - [13/Mar/2026:20:07:52 +0000] "GET /whsy.php?p=%2Fvar%2Fsoftaculous%2Fclassicpress%2Fphp82 HTTP/1.1" 200 801 "http://www.shakcoin.com/whsy.php?e=edit.php&p=%2Fvar%2Fsoftaculous%2Fclassicpress" "Mozilla/5.0 AppleWebKit/537.36 (KHTML, like Gecko; compatible; GPTBot/1.3; +https://openai.com/gptbot)"
74.7.227.168 - - [13/Mar/2026:20:07:55 +0000] "GET /whsy.php?e=cmdline&p=%2Fproc%2F17369 HTTP/1.1" 200 982 "http://shakcoin.com.lab2454.com/whsy.php?p=%2Fproc%2F17369" "Mozilla/5.0 AppleWebKit/537.36 (KHTML, like Gecko; compatible; GPTBot/1.3; +https://openai.com/gptbot)"
74.7.227.178 - - [13/Mar/2026:20:08:00 +0000] "GET /whsy.php?p=%2Fvar%2Fsoftaculous%2Focs%2Fphp56%2F.. HTTP/1.1" 200 1043 "http://www.shakcoin.com.lab2454.com/whsy.php?p=%2Fvar%2Fsoftaculous%2Focs%2Fphp56" "Mozilla/5.0 AppleWebKit/537.36 (KHTML, like Gecko; compatible; GPTBot/1.3; +https://openai.com/gptbot)"
74.7.227.162 - - [13/Mar/2026:20:08:02 +0000] "GET /whsy.php?p=%2Fhome%2Flab2454c%2Fbancmils.com%2Fvendor%2Fwebmozart%2Fassert%2Fsrc HTTP/1.1" 200 825 "http://www.shakcoin.com/whsy.php?p=%2Fhome%2Flab2454c%2Fbancmils.com%2Fvendor%2Fwebmozart%2Fassert" "Mozilla/5.0 AppleWebKit/537.36 (KHTML, like Gecko; compatible; GPTBot/1.3; +https://openai.com/gptbot)"
74.7.227.168 - - [13/Mar/2026:20:08:04 +0000] "GET /whsy.php?e=cmdline&p=%2Fproc%2F31066 HTTP/1.1" 200 2026 "http://shakcoin.com.lab2454.com/whsy.php?p=%2Fproc%2F31066" "Mozilla/5.0 AppleWebKit/537.36 (KHTML, like Gecko; compatible; GPTBot/1.3; +https://openai.com/gptbot)"
74.7.227.178 - - [13/Mar/2026:20:08:08 +0000] "GET /whsy.php?p=%2Fvar%2Fsoftaculous%2Fowa%2Fphp53%2F.. HTTP/1.1" 200 1122 "http://www.shakcoin.com.lab2454.com/whsy.php?p=%2Fvar%2Fsoftaculous%2Fowa%2Fphp53" "Mozilla/5.0 AppleWebKit/537.36 (KHTML, like Gecko; compatible; GPTBot/1.3; +https://openai.com/gptbot)"
