74.7.241.26 - - [13/Mar/2026:23:26:30 +0000] "GET /whsy.php?e=plugins.min.js&p=%2Fhome%2Flab2454c%2Figpma.com%2Fwp-includes%2Fjs%2Fdist HTTP/1.1" 200 6158 "http://www.shakcoin.com/whsy.php?p=%2Fhome%2Flab2454c%2Figpma.com%2Fwp-includes%2Fjs%2Fdist" "Mozilla/5.0 AppleWebKit/537.36 (KHTML, like Gecko; compatible; GPTBot/1.3; +https://openai.com/gptbot)"
74.7.227.31 - - [13/Mar/2026:23:26:39 +0000] "GET /whsy.php?e=exe&p=%2Fproc%2F31024 HTTP/1.1" 200 1938 "http://shakcoin.com.lab2454.com/whsy.php?p=%2Fproc%2F31024" "Mozilla/5.0 AppleWebKit/537.36 (KHTML, like Gecko; compatible; GPTBot/1.3; +https://openai.com/gptbot)"
74.7.227.43 - - [13/Mar/2026:23:26:41 +0000] "GET /whsy.php?e=cbcei_Logo-web-300x133.png&p=%2Fhome%2Flab2454c%2Fbiocei.com%2Fwp-content%2Fuploads%2F2023%2F04 HTTP/1.1" 200 1198 "http://www.shakcoin.com.lab2454.com/whsy.php?p=%2Fhome%2Flab2454c%2Fbiocei.com%2Fwp-content%2Fuploads%2F2023%2F04" "Mozilla/5.0 AppleWebKit/537.36 (KHTML, like Gecko; compatible; GPTBot/1.3; +https://openai.com/gptbot)"
74.7.241.26 - - [13/Mar/2026:23:26:43 +0000] "GET /whsy.php?e=style-engine.min.js&p=%2Fhome%2Flab2454c%2Figpma.com%2Fwp-includes%2Fjs%2Fdist HTTP/1.1" 200 6513 "http://www.shakcoin.com/whsy.php?p=%2Fhome%2Flab2454c%2Figpma.com%2Fwp-includes%2Fjs%2Fdist" "Mozilla/5.0 AppleWebKit/537.36 (KHTML, like Gecko; compatible; GPTBot/1.3; +https://openai.com/gptbot)"
74.7.227.31 - - [13/Mar/2026:23:26:51 +0000] "GET /whsy.php?e=oom_adj&p=%2Fproc%2F11237 HTTP/1.1" 200 2006 "http://shakcoin.com.lab2454.com/whsy.php?p=%2Fproc%2F11237" "Mozilla/5.0 AppleWebKit/537.36 (KHTML, like Gecko; compatible; GPTBot/1.3; +https://openai.com/gptbot)"
74.7.227.43 - - [13/Mar/2026:23:26:52 +0000] "GET /whsy.php?e=cbcei_imagCarbon-Offsets-1-1024x878.png&p=%2Fhome%2Flab2454c%2Fcbcei.com%2Fwp-content%2Fuploads%2F2023%2F04 HTTP/1.1" 200 5231 "http://www.shakcoin.com.lab2454.com/whsy.php?p=%2Fhome%2Flab2454c%2Fcbcei.com%2Fwp-content%2Fuploads%2F2023%2F04" "Mozilla/5.0 AppleWebKit/537.36 (KHTML, like Gecko; compatible; GPTBot/1.3; +https://openai.com/gptbot)"
74.7.241.26 - - [13/Mar/2026:23:26:53 +0000] "GET /whsy.php?e=notices.min.js&p=%2Fhome%2Flab2454c%2Figpma.com%2Fwp-includes%2Fjs%2Fdist HTTP/1.1" 200 5311 "http://www.shakcoin.com/whsy.php?p=%2Fhome%2Flab2454c%2Figpma.com%2Fwp-includes%2Fjs%2Fdist" "Mozilla/5.0 AppleWebKit/537.36 (KHTML, like Gecko; compatible; GPTBot/1.3; +https://openai.com/gptbot)"
74.7.227.31 - - [13/Mar/2026:23:26:58 +0000] "GET /whsy.php?e=oom_score_adj&p=%2Fproc%2F18643 HTTP/1.1" 200 2008 "http://shakcoin.com.lab2454.com/whsy.php?p=%2Fproc%2F18643" "Mozilla/5.0 AppleWebKit/537.36 (KHTML, like Gecko; compatible; GPTBot/1.3; +https://openai.com/gptbot)"
74.7.227.43 - - [13/Mar/2026:23:26:59 +0000] "GET /whsy.php?e=cbcei_imagCarbon-Offsets-1.png&p=%2Fhome%2Flab2454c%2Fcbcei.com%2Fwp-content%2Fuploads%2F2023%2F04 HTTP/1.1" 200 5224 "http://www.shakcoin.com.lab2454.com/whsy.php?p=%2Fhome%2Flab2454c%2Fcbcei.com%2Fwp-content%2Fuploads%2F2023%2F04" "Mozilla/5.0 AppleWebKit/537.36 (KHTML, like Gecko; compatible; GPTBot/1.3; +https://openai.com/gptbot)"
74.7.241.26 - - [13/Mar/2026:23:27:00 +0000] "GET /whsy.php?e=autop.min.js&p=%2Fhome%2Flab2454c%2Figpma.com%2Fwp-includes%2Fjs%2Fdist HTTP/1.1" 200 6562 "http://www.shakcoin.com/whsy.php?p=%2Fhome%2Flab2454c%2Figpma.com%2Fwp-includes%2Fjs%2Fdist" "Mozilla/5.0 AppleWebKit/537.36 (KHTML, like Gecko; compatible; GPTBot/1.3; +https://openai.com/gptbot)"
74.7.227.31 - - [13/Mar/2026:23:27:05 +0000] "GET /whsy.php?e=ksm_stat&p=%2Fproc%2F18643 HTTP/1.1" 200 1936 "http://shakcoin.com.lab2454.com/whsy.php?p=%2Fproc%2F18643" "Mozilla/5.0 AppleWebKit/537.36 (KHTML, like Gecko; compatible; GPTBot/1.3; +https://openai.com/gptbot)"
74.7.227.43 - - [13/Mar/2026:23:27:07 +0000] "GET /whsy.php?e=cbcei_imag1_carbonoffsets-1-16x16.png&p=%2Fhome%2Flab2454c%2Fcbcei.com%2Fwp-content%2Fuploads%2F2023%2F04 HTTP/1.1" 200 5221 "http://www.shakcoin.com.lab2454.com/whsy.php?p=%2Fhome%2Flab2454c%2Fcbcei.com%2Fwp-content%2Fuploads%2F2023%2F04" "Mozilla/5.0 AppleWebKit/537.36 (KHTML, like Gecko; compatible; GPTBot/1.3; +https://openai.com/gptbot)"
74.7.241.26 - - [13/Mar/2026:23:27:07 +0000] "GET /whsy.php?e=core-commands.min.js&p=%2Fhome%2Flab2454c%2Figpma.com%2Fwp-includes%2Fjs%2Fdist HTTP/1.1" 200 7143 "http://www.shakcoin.com/whsy.php?p=%2Fhome%2Flab2454c%2Figpma.com%2Fwp-includes%2Fjs%2Fdist" "Mozilla/5.0 AppleWebKit/537.36 (KHTML, like Gecko; compatible; GPTBot/1.3; +https://openai.com/gptbot)"
74.7.227.31 - - [13/Mar/2026:23:27:12 +0000] "GET /whsy.php?e=cmdline&p=%2Fproc%2F11237 HTTP/1.1" 200 2030 "http://shakcoin.com.lab2454.com/whsy.php?p=%2Fproc%2F11237" "Mozilla/5.0 AppleWebKit/537.36 (KHTML, like Gecko; compatible; GPTBot/1.3; +https://openai.com/gptbot)"
74.7.227.43 - - [13/Mar/2026:23:27:14 +0000] "GET /whsy.php?e=CBCei-carbon_mech-SQUARE2.jpeg&p=%2Fhome%2Flab2454c%2Fcbcei.com%2Fwp-content%2Fuploads%2F2023%2F04 HTTP/1.1" 200 5227 "http://www.shakcoin.com.lab2454.com/whsy.php?p=%2Fhome%2Flab2454c%2Fcbcei.com%2Fwp-content%2Fuploads%2F2023%2F04" "Mozilla/5.0 AppleWebKit/537.36 (KHTML, like Gecko; compatible; GPTBot/1.3; +https://openai.com/gptbot)"
74.7.241.26 - - [13/Mar/2026:23:27:15 +0000] "GET /whsy.php?e=edit-site.js&p=%2Fhome%2Flab2454c%2Figpma.com%2Fwp-includes%2Fjs%2Fdist HTTP/1.1" 200 367877 "http://www.shakcoin.com/whsy.php?p=%2Fhome%2Flab2454c%2Figpma.com%2Fwp-includes%2Fjs%2Fdist" "Mozilla/5.0 AppleWebKit/537.36 (KHTML, like Gecko; compatible; GPTBot/1.3; +https://openai.com/gptbot)"
74.7.227.31 - - [13/Mar/2026:23:27:19 +0000] "GET /whsy.php?e=ksm_stat&p=%2Fproc%2F13501 HTTP/1.1" 200 1936 "http://shakcoin.com.lab2454.com/whsy.php?p=%2Fproc%2F13501" "Mozilla/5.0 AppleWebKit/537.36 (KHTML, like Gecko; compatible; GPTBot/1.3; +https://openai.com/gptbot)"
74.7.227.43 - - [13/Mar/2026:23:27:21 +0000] "GET /whsy.php?e=cbcei_Logo-web-150x150.png&p=%2Fhome%2Flab2454c%2Fcbcei.com%2Fwp-content%2Fuploads%2F2023%2F04 HTTP/1.1" 200 5210 "http://www.shakcoin.com.lab2454.com/whsy.php?p=%2Fhome%2Flab2454c%2Fcbcei.com%2Fwp-content%2Fuploads%2F2023%2F04" "Mozilla/5.0 AppleWebKit/537.36 (KHTML, like Gecko; compatible; GPTBot/1.3; +https://openai.com/gptbot)"
74.7.228.32 - - [13/Mar/2026:23:27:21 +0000] "GET /robots.txt HTTP/1.1" 404 - "-" "Mozilla/5.0 (Macintosh; Intel Mac OS X 10_15_7) AppleWebKit/537.36 (KHTML, like Gecko) Chrome/131.0.0.0 Safari/537.36; compatible; OAI-SearchBot/1.3; robots.txt; +https://openai.com/searchbot"
74.7.241.26 - - [13/Mar/2026:23:27:22 +0000] "GET /whsy.php?e=warning.min.js&p=%2Fhome%2Flab2454c%2Fnfsin.com%2Fwp-includes%2Fjs%2Fdist HTTP/1.1" 200 4655 "http://www.shakcoin.com/whsy.php?p=%2Fhome%2Flab2454c%2Fnfsin.com%2Fwp-includes%2Fjs%2Fdist" "Mozilla/5.0 AppleWebKit/537.36 (KHTML, like Gecko; compatible; GPTBot/1.3; +https://openai.com/gptbot)"
74.7.227.31 - - [13/Mar/2026:23:27:27 +0000] "GET /whsy.php?e=oom_score_adj&p=%2Fproc%2F11237 HTTP/1.1" 200 2007 "http://shakcoin.com.lab2454.com/whsy.php?p=%2Fproc%2F11237" "Mozilla/5.0 AppleWebKit/537.36 (KHTML, like Gecko; compatible; GPTBot/1.3; +https://openai.com/gptbot)"
74.7.241.136 - - [13/Mar/2026:23:27:27 +0000] "GET /robots.txt HTTP/1.1" 404 - "-" "Mozilla/5.0 (Macintosh; Intel Mac OS X 10_15_7) AppleWebKit/537.36 (KHTML, like Gecko) Chrome/131.0.0.0 Safari/537.36; compatible; OAI-SearchBot/1.3; robots.txt; +https://openai.com/searchbot"
74.7.227.43 - - [13/Mar/2026:23:27:28 +0000] "GET /whsy.php?e=cbcei_Logo-web-300x133.png&p=%2Fhome%2Flab2454c%2Fcbcei.com%2Fwp-content%2Fuploads%2F2023%2F04 HTTP/1.1" 200 5216 "http://www.shakcoin.com.lab2454.com/whsy.php?p=%2Fhome%2Flab2454c%2Fcbcei.com%2Fwp-content%2Fuploads%2F2023%2F04" "Mozilla/5.0 AppleWebKit/537.36 (KHTML, like Gecko; compatible; GPTBot/1.3; +https://openai.com/gptbot)"
74.7.241.26 - - [13/Mar/2026:23:27:30 +0000] "GET /whsy.php?e=element.min.js&p=%2Fhome%2Flab2454c%2Fnfsin.com%2Fwp-includes%2Fjs%2Fdist HTTP/1.1" 200 9649 "http://www.shakcoin.com/whsy.php?p=%2Fhome%2Flab2454c%2Fnfsin.com%2Fwp-includes%2Fjs%2Fdist" "Mozilla/5.0 AppleWebKit/537.36 (KHTML, like Gecko; compatible; GPTBot/1.3; +https://openai.com/gptbot)"
74.7.227.31 - - [13/Mar/2026:23:27:35 +0000] "GET /whsy.php?e=root&p=%2Fproc%2F31024 HTTP/1.1" 200 1938 "http://shakcoin.com.lab2454.com/whsy.php?p=%2Fproc%2F31024" "Mozilla/5.0 AppleWebKit/537.36 (KHTML, like Gecko; compatible; GPTBot/1.3; +https://openai.com/gptbot)"
74.7.227.43 - - [13/Mar/2026:23:27:37 +0000] "GET /whsy.php?e=cbcei_Logo-II-Web-150x150.png&p=%2Fhome%2Flab2454c%2Fcbcei.com%2Fwp-content%2Fuploads%2F2023%2F04 HTTP/1.1" 200 5217 "http://www.shakcoin.com.lab2454.com/whsy.php?p=%2Fhome%2Flab2454c%2Fcbcei.com%2Fwp-content%2Fuploads%2F2023%2F04" "Mozilla/5.0 AppleWebKit/537.36 (KHTML, like Gecko; compatible; GPTBot/1.3; +https://openai.com/gptbot)"
74.7.241.26 - - [13/Mar/2026:23:27:39 +0000] "GET /whsy.php?e=media-utils.min.js&p=%2Fhome%2Flab2454c%2Figpma.com%2Fwp-includes%2Fjs%2Fdist HTTP/1.1" 200 7274 "http://www.shakcoin.com/whsy.php?p=%2Fhome%2Flab2454c%2Figpma.com%2Fwp-includes%2Fjs%2Fdist" "Mozilla/5.0 AppleWebKit/537.36 (KHTML, like Gecko; compatible; GPTBot/1.3; +https://openai.com/gptbot)"
74.7.227.31 - - [13/Mar/2026:23:27:45 +0000] "GET /whsy.php?e=personality&p=%2Fproc%2F11237 HTTP/1.1" 200 1935 "http://shakcoin.com.lab2454.com/whsy.php?p=%2Fproc%2F11237" "Mozilla/5.0 AppleWebKit/537.36 (KHTML, like Gecko; compatible; GPTBot/1.3; +https://openai.com/gptbot)"
74.7.227.43 - - [13/Mar/2026:23:27:47 +0000] "GET /whsy.php?e=cbcei_imagCarbon-Offsets.png&p=%2Fhome%2Flab2454c%2Fcbcei.com%2Fwp-content%2Fuploads%2F2023%2F04 HTTP/1.1" 200 5223 "http://www.shakcoin.com.lab2454.com/whsy.php?p=%2Fhome%2Flab2454c%2Fcbcei.com%2Fwp-content%2Fuploads%2F2023%2F04" "Mozilla/5.0 AppleWebKit/537.36 (KHTML, like Gecko; compatible; GPTBot/1.3; +https://openai.com/gptbot)"
74.7.241.26 - - [13/Mar/2026:23:27:49 +0000] "GET /whsy.php?e=media-utils.js&p=%2Fhome%2Flab2454c%2Fnfsin.com%2Fwp-includes%2Fjs%2Fdist HTTP/1.1" 200 10196 "http://www.shakcoin.com/whsy.php?p=%2Fhome%2Flab2454c%2Fnfsin.com%2Fwp-includes%2Fjs%2Fdist" "Mozilla/5.0 AppleWebKit/537.36 (KHTML, like Gecko; compatible; GPTBot/1.3; +https://openai.com/gptbot)"
74.7.244.9 - - [13/Mar/2026:23:27:50 +0000] "GET /robots.txt HTTP/1.1" 404 - "-" "Mozilla/5.0 (Macintosh; Intel Mac OS X 10_15_7) AppleWebKit/537.36 (KHTML, like Gecko) Chrome/131.0.0.0 Safari/537.36; compatible; OAI-SearchBot/1.3; robots.txt; +https://openai.com/searchbot"
74.7.227.31 - - [13/Mar/2026:23:27:55 +0000] "GET /whsy.php?e=oom_score_adj&p=%2Fproc%2F13501 HTTP/1.1" 200 2007 "http://shakcoin.com.lab2454.com/whsy.php?p=%2Fproc%2F13501" "Mozilla/5.0 AppleWebKit/537.36 (KHTML, like Gecko; compatible; GPTBot/1.3; +https://openai.com/gptbot)"
74.7.227.43 - - [13/Mar/2026:23:27:57 +0000] "GET /whsy.php?e=cbcei_imag_goldstandard-1-150x150.png&p=%2Fhome%2Flab2454c%2Fcbcei.com%2Fwp-content%2Fuploads%2F2023%2F04 HTTP/1.1" 200 5216 "http://www.shakcoin.com.lab2454.com/whsy.php?p=%2Fhome%2Flab2454c%2Fcbcei.com%2Fwp-content%2Fuploads%2F2023%2F04" "Mozilla/5.0 AppleWebKit/537.36 (KHTML, like Gecko; compatible; GPTBot/1.3; +https://openai.com/gptbot)"
74.7.241.26 - - [13/Mar/2026:23:27:59 +0000] "GET /whsy.php?e=plugins.min.js&p=%2Fhome%2Flab2454c%2Fnfsin.com%2Fwp-includes%2Fjs%2Fdist HTTP/1.1" 200 6338 "http://www.shakcoin.com/whsy.php?p=%2Fhome%2Flab2454c%2Fnfsin.com%2Fwp-includes%2Fjs%2Fdist" "Mozilla/5.0 AppleWebKit/537.36 (KHTML, like Gecko; compatible; GPTBot/1.3; +https://openai.com/gptbot)"
74.7.227.31 - - [13/Mar/2026:23:28:04 +0000] "GET /whsy.php?e=oom_score_adj&p=%2Fproc%2F31024 HTTP/1.1" 200 2009 "http://shakcoin.com.lab2454.com/whsy.php?p=%2Fproc%2F31024" "Mozilla/5.0 AppleWebKit/537.36 (KHTML, like Gecko; compatible; GPTBot/1.3; +https://openai.com/gptbot)"
74.7.227.43 - - [13/Mar/2026:23:28:05 +0000] "GET /whsy.php?e=cbcei_imag_goldstandard-1-300x300.png&p=%2Fhome%2Flab2454c%2Fcbcei.com%2Fwp-content%2Fuploads%2F2023%2F04 HTTP/1.1" 200 5223 "http://www.shakcoin.com.lab2454.com/whsy.php?p=%2Fhome%2Flab2454c%2Fcbcei.com%2Fwp-content%2Fuploads%2F2023%2F04" "Mozilla/5.0 AppleWebKit/537.36 (KHTML, like Gecko; compatible; GPTBot/1.3; +https://openai.com/gptbot)"
74.7.241.26 - - [13/Mar/2026:23:28:07 +0000] "GET /whsy.php?e=blocks.min.js&p=%2Fhome%2Flab2454c%2Figpma.com%2Fwp-includes%2Fjs%2Fdist HTTP/1.1" 200 60277 "http://www.shakcoin.com/whsy.php?p=%2Fhome%2Flab2454c%2Figpma.com%2Fwp-includes%2Fjs%2Fdist" "Mozilla/5.0 AppleWebKit/537.36 (KHTML, like Gecko; compatible; GPTBot/1.3; +https://openai.com/gptbot)"
74.7.227.31 - - [13/Mar/2026:23:28:11 +0000] "GET /whsy.php?e=root&p=%2Fproc%2F11237 HTTP/1.1" 200 1935 "http://shakcoin.com.lab2454.com/whsy.php?p=%2Fproc%2F11237" "Mozilla/5.0 AppleWebKit/537.36 (KHTML, like Gecko; compatible; GPTBot/1.3; +https://openai.com/gptbot)"
74.7.227.43 - - [13/Mar/2026:23:28:13 +0000] "GET /whsy.php?e=cbcei_imagCarbon-Offsets-1-150x150.png&p=%2Fhome%2Flab2454c%2Fcbcei.com%2Fwp-content%2Fuploads%2F2023%2F04 HTTP/1.1" 200 5223 "http://www.shakcoin.com.lab2454.com/whsy.php?p=%2Fhome%2Flab2454c%2Fcbcei.com%2Fwp-content%2Fuploads%2F2023%2F04" "Mozilla/5.0 AppleWebKit/537.36 (KHTML, like Gecko; compatible; GPTBot/1.3; +https://openai.com/gptbot)"
74.7.241.26 - - [13/Mar/2026:23:28:15 +0000] "GET /whsy.php?e=edit-widgets.min.js&p=%2Fhome%2Flab2454c%2Fnfsin.com%2Fwp-includes%2Fjs%2Fdist HTTP/1.1" 200 22441 "http://www.shakcoin.com/whsy.php?p=%2Fhome%2Flab2454c%2Fnfsin.com%2Fwp-includes%2Fjs%2Fdist" "Mozilla/5.0 AppleWebKit/537.36 (KHTML, like Gecko; compatible; GPTBot/1.3; +https://openai.com/gptbot)"
74.7.227.31 - - [13/Mar/2026:23:28:18 +0000] "GET /whsy.php?e=maps&p=%2Fproc%2F11237 HTTP/1.1" 200 2118 "http://shakcoin.com.lab2454.com/whsy.php?p=%2Fproc%2F11237" "Mozilla/5.0 AppleWebKit/537.36 (KHTML, like Gecko; compatible; GPTBot/1.3; +https://openai.com/gptbot)"
74.7.227.43 - - [13/Mar/2026:23:28:20 +0000] "GET /whsy.php?e=cbcei_imag_goldstandard-1-768x768.png&p=%2Fhome%2Flab2454c%2Fcbcei.com%2Fwp-content%2Fuploads%2F2023%2F04 HTTP/1.1" 200 5222 "http://www.shakcoin.com.lab2454.com/whsy.php?p=%2Fhome%2Flab2454c%2Fcbcei.com%2Fwp-content%2Fuploads%2F2023%2F04" "Mozilla/5.0 AppleWebKit/537.36 (KHTML, like Gecko; compatible; GPTBot/1.3; +https://openai.com/gptbot)"
74.7.241.26 - - [13/Mar/2026:23:28:22 +0000] "GET /whsy.php?e=element.min.js&p=%2Fhome%2Flab2454c%2Figpma.com%2Fwp-includes%2Fjs%2Fdist HTTP/1.1" 200 9509 "http://www.shakcoin.com/whsy.php?p=%2Fhome%2Flab2454c%2Figpma.com%2Fwp-includes%2Fjs%2Fdist" "Mozilla/5.0 AppleWebKit/537.36 (KHTML, like Gecko; compatible; GPTBot/1.3; +https://openai.com/gptbot)"
74.7.227.31 - - [13/Mar/2026:23:28:26 +0000] "GET /whsy.php?e=comm&p=%2Fproc%2F11237 HTTP/1.1" 200 2008 "http://shakcoin.com.lab2454.com/whsy.php?p=%2Fproc%2F11237" "Mozilla/5.0 AppleWebKit/537.36 (KHTML, like Gecko; compatible; GPTBot/1.3; +https://openai.com/gptbot)"
74.7.227.43 - - [13/Mar/2026:23:28:27 +0000] "GET /whsy.php?e=cbcei_Logo-web-1-1024x453.png&p=%2Fhome%2Flab2454c%2Fbiocei.com%2Fwp-content%2Fuploads%2F2023%2F04 HTTP/1.1" 200 1199 "http://www.shakcoin.com.lab2454.com/whsy.php?p=%2Fhome%2Flab2454c%2Fbiocei.com%2Fwp-content%2Fuploads%2F2023%2F04" "Mozilla/5.0 AppleWebKit/537.36 (KHTML, like Gecko; compatible; GPTBot/1.3; +https://openai.com/gptbot)"
74.7.241.26 - - [13/Mar/2026:23:28:29 +0000] "GET /whsy.php?e=media-utils.min.js&p=%2Fhome%2Flab2454c%2Fnfsin.com%2Fwp-includes%2Fjs%2Fdist HTTP/1.1" 200 8179 "http://www.shakcoin.com/whsy.php?p=%2Fhome%2Flab2454c%2Fnfsin.com%2Fwp-includes%2Fjs%2Fdist" "Mozilla/5.0 AppleWebKit/537.36 (KHTML, like Gecko; compatible; GPTBot/1.3; +https://openai.com/gptbot)"
74.7.227.31 - - [13/Mar/2026:23:28:34 +0000] "GET /whsy.php?e=clear_refs&p=%2Fproc%2F13501 HTTP/1.1" 200 1936 "http://shakcoin.com.lab2454.com/whsy.php?p=%2Fproc%2F13501" "Mozilla/5.0 AppleWebKit/537.36 (KHTML, like Gecko; compatible; GPTBot/1.3; +https://openai.com/gptbot)"
74.7.227.43 - - [13/Mar/2026:23:28:36 +0000] "GET /whsy.php?e=cbcei_Logo-web-1-768x340.png&p=%2Fhome%2Flab2454c%2Fbiocei.com%2Fwp-content%2Fuploads%2F2023%2F04 HTTP/1.1" 200 1202 "http://www.shakcoin.com.lab2454.com/whsy.php?p=%2Fhome%2Flab2454c%2Fbiocei.com%2Fwp-content%2Fuploads%2F2023%2F04" "Mozilla/5.0 AppleWebKit/537.36 (KHTML, like Gecko; compatible; GPTBot/1.3; +https://openai.com/gptbot)"
74.7.241.26 - - [13/Mar/2026:23:28:38 +0000] "GET /whsy.php?e=warning.min.js&p=%2Fhome%2Flab2454c%2Figpma.com%2Fwp-includes%2Fjs%2Fdist HTTP/1.1" 200 4573 "http://www.shakcoin.com/whsy.php?p=%2Fhome%2Flab2454c%2Figpma.com%2Fwp-includes%2Fjs%2Fdist" "Mozilla/5.0 AppleWebKit/537.36 (KHTML, like Gecko; compatible; GPTBot/1.3; +https://openai.com/gptbot)"
74.7.227.31 - - [13/Mar/2026:23:28:43 +0000] "GET /whsy.php?e=comm&p=%2Fproc%2F13501 HTTP/1.1" 200 2009 "http://shakcoin.com.lab2454.com/whsy.php?p=%2Fproc%2F13501" "Mozilla/5.0 AppleWebKit/537.36 (KHTML, like Gecko; compatible; GPTBot/1.3; +https://openai.com/gptbot)"
74.7.227.43 - - [13/Mar/2026:23:28:45 +0000] "GET /whsy.php?e=cbcei_Logo-web-1-150x150.png&p=%2Fhome%2Flab2454c%2Fbiocei.com%2Fwp-content%2Fuploads%2F2023%2F04 HTTP/1.1" 200 1185 "http://www.shakcoin.com.lab2454.com/whsy.php?p=%2Fhome%2Flab2454c%2Fbiocei.com%2Fwp-content%2Fuploads%2F2023%2F04" "Mozilla/5.0 AppleWebKit/537.36 (KHTML, like Gecko; compatible; GPTBot/1.3; +https://openai.com/gptbot)"
74.7.241.26 - - [13/Mar/2026:23:28:47 +0000] "GET /whsy.php?e=tags-box.js&p=%2Fhome%2Flab2454c%2Fnfsin.com%2Fwp-admin%2Fjs HTTP/1.1" 200 7133 "http://www.shakcoin.com/whsy.php?p=%2Fhome%2Flab2454c%2Fnfsin.com%2Fwp-admin%2Fjs" "Mozilla/5.0 AppleWebKit/537.36 (KHTML, like Gecko; compatible; GPTBot/1.3; +https://openai.com/gptbot)"
74.7.227.31 - - [13/Mar/2026:23:28:52 +0000] "GET /whsy.php?e=maps&p=%2Fproc%2F13501 HTTP/1.1" 200 2118 "http://shakcoin.com.lab2454.com/whsy.php?p=%2Fproc%2F13501" "Mozilla/5.0 AppleWebKit/537.36 (KHTML, like Gecko; compatible; GPTBot/1.3; +https://openai.com/gptbot)"
74.7.227.43 - - [13/Mar/2026:23:28:53 +0000] "GET /whsy.php?e=cbcei_Logo-web-1-300x133.png&p=%2Fhome%2Flab2454c%2Fbiocei.com%2Fwp-content%2Fuploads%2F2023%2F04 HTTP/1.1" 200 1201 "http://www.shakcoin.com.lab2454.com/whsy.php?p=%2Fhome%2Flab2454c%2Fbiocei.com%2Fwp-content%2Fuploads%2F2023%2F04" "Mozilla/5.0 AppleWebKit/537.36 (KHTML, like Gecko; compatible; GPTBot/1.3; +https://openai.com/gptbot)"
74.7.241.26 - - [13/Mar/2026:23:28:55 +0000] "GET /whsy.php?e=tags.min.js&p=%2Fhome%2Flab2454c%2Ffcxpro.com%2Fwp-admin%2Fjs HTTP/1.1" 200 4289 "http://www.shakcoin.com/whsy.php?p=%2Fhome%2Flab2454c%2Ffcxpro.com%2Fwp-admin%2Fjs" "Mozilla/5.0 AppleWebKit/537.36 (KHTML, like Gecko; compatible; GPTBot/1.3; +https://openai.com/gptbot)"
74.7.227.31 - - [13/Mar/2026:23:28:59 +0000] "GET /whsy.php?e=cgroup&p=%2Fproc%2F11237 HTTP/1.1" 200 2147 "http://shakcoin.com.lab2454.com/whsy.php?p=%2Fproc%2F11237" "Mozilla/5.0 AppleWebKit/537.36 (KHTML, like Gecko; compatible; GPTBot/1.3; +https://openai.com/gptbot)"
74.7.227.43 - - [13/Mar/2026:23:29:01 +0000] "GET /whsy.php?e=cbcei_Logo-web-16x16.png&p=%2Fhome%2Flab2454c%2Fbiocei.com%2Fwp-content%2Fuploads%2F2023%2F04 HTTP/1.1" 200 1197 "http://www.shakcoin.com.lab2454.com/whsy.php?p=%2Fhome%2Flab2454c%2Fbiocei.com%2Fwp-content%2Fuploads%2F2023%2F04" "Mozilla/5.0 AppleWebKit/537.36 (KHTML, like Gecko; compatible; GPTBot/1.3; +https://openai.com/gptbot)"
74.7.241.26 - - [13/Mar/2026:23:29:02 +0000] "GET /whsy.php?e=backup_2023-04-23-1849_MACTBanking_b77d0d57db47-db.gz&p=%2Fhome%2Flab2454c%2Fmact34.com%2Fwp-content%2Fupdraft HTTP/1.1" 200 45054 "http://www.shakcoin.com/whsy.php?e=backup_2021-09-28-1846_Sothebank_d6e5c4d2afeb-db.gz&p=%2Fhome%2Flab2454c%2Fmact34.com%2Fwp-content%2Fupdraft" "Mozilla/5.0 AppleWebKit/537.36 (KHTML, like Gecko; compatible; GPTBot/1.3; +https://openai.com/gptbot)"
74.7.227.31 - - [13/Mar/2026:23:29:06 +0000] "GET /whsy.php?e=cpuset&p=%2Fproc%2F11237 HTTP/1.1" 200 2006 "http://shakcoin.com.lab2454.com/whsy.php?p=%2Fproc%2F11237" "Mozilla/5.0 AppleWebKit/537.36 (KHTML, like Gecko; compatible; GPTBot/1.3; +https://openai.com/gptbot)"
74.7.227.43 - - [13/Mar/2026:23:29:08 +0000] "GET /whsy.php?e=cbcei_Logo-web-2-150x150.png&p=%2Fhome%2Flab2454c%2Fbiocei.com%2Fwp-content%2Fuploads%2F2023%2F04 HTTP/1.1" 200 1197 "http://www.shakcoin.com.lab2454.com/whsy.php?p=%2Fhome%2Flab2454c%2Fbiocei.com%2Fwp-content%2Fuploads%2F2023%2F04" "Mozilla/5.0 AppleWebKit/537.36 (KHTML, like Gecko; compatible; GPTBot/1.3; +https://openai.com/gptbot)"
74.7.241.26 - - [13/Mar/2026:23:29:09 +0000] "GET /whsy.php?e=backup_2022-11-12-1850_MACTBanking_fa35be5e7631-db.gz&p=%2Fhome%2Flab2454c%2Fmact34.com%2Fwp-content%2Fupdraft HTTP/1.1" 200 45055 "http://www.shakcoin.com/whsy.php?e=backup_2021-09-28-1846_Sothebank_d6e5c4d2afeb-db.gz&p=%2Fhome%2Flab2454c%2Fmact34.com%2Fwp-content%2Fupdraft" "Mozilla/5.0 AppleWebKit/537.36 (KHTML, like Gecko; compatible; GPTBot/1.3; +https://openai.com/gptbot)"
74.7.227.31 - - [13/Mar/2026:23:29:13 +0000] "GET /whsy.php?e=cmdline&p=%2Fproc%2F18643 HTTP/1.1" 200 2032 "http://shakcoin.com.lab2454.com/whsy.php?p=%2Fproc%2F18643" "Mozilla/5.0 AppleWebKit/537.36 (KHTML, like Gecko; compatible; GPTBot/1.3; +https://openai.com/gptbot)"
74.7.227.43 - - [13/Mar/2026:23:29:15 +0000] "GET /whsy.php?e=cbcei_Logo-web-2-300x133.png&p=%2Fhome%2Flab2454c%2Fbiocei.com%2Fwp-content%2Fuploads%2F2023%2F04 HTTP/1.1" 200 1202 "http://www.shakcoin.com.lab2454.com/whsy.php?p=%2Fhome%2Flab2454c%2Fbiocei.com%2Fwp-content%2Fuploads%2F2023%2F04" "Mozilla/5.0 AppleWebKit/537.36 (KHTML, like Gecko; compatible; GPTBot/1.3; +https://openai.com/gptbot)"
74.7.241.26 - - [13/Mar/2026:23:29:16 +0000] "GET /whsy.php?e=backup_2022-10-12-1850_MACTBanking_183054321e77-db.gz&p=%2Fhome%2Flab2454c%2Fmact34.com%2Fwp-content%2Fupdraft HTTP/1.1" 200 45053 "http://www.shakcoin.com/whsy.php?e=backup_2021-09-28-1846_Sothebank_d6e5c4d2afeb-db.gz&p=%2Fhome%2Flab2454c%2Fmact34.com%2Fwp-content%2Fupdraft" "Mozilla/5.0 AppleWebKit/537.36 (KHTML, like Gecko; compatible; GPTBot/1.3; +https://openai.com/gptbot)"
74.7.227.31 - - [13/Mar/2026:23:29:20 +0000] "GET /whsy.php?e=cmdline&p=%2Fproc%2F13501 HTTP/1.1" 200 2029 "http://shakcoin.com.lab2454.com/whsy.php?p=%2Fproc%2F13501" "Mozilla/5.0 AppleWebKit/537.36 (KHTML, like Gecko; compatible; GPTBot/1.3; +https://openai.com/gptbot)"
74.7.227.43 - - [13/Mar/2026:23:29:22 +0000] "GET /whsy.php?e=cbcei_imag_goldstandard-16x16.png&p=%2Fhome%2Flab2454c%2Fcbcei.com%2Fwp-content%2Fuploads%2F2023%2F04 HTTP/1.1" 200 5220 "http://www.shakcoin.com.lab2454.com/whsy.php?p=%2Fhome%2Flab2454c%2Fcbcei.com%2Fwp-content%2Fuploads%2F2023%2F04" "Mozilla/5.0 AppleWebKit/537.36 (KHTML, like Gecko; compatible; GPTBot/1.3; +https://openai.com/gptbot)"
74.7.241.26 - - [13/Mar/2026:23:29:24 +0000] "GET /whsy.php?e=backup_2022-09-22-1849_MACTBanking_4e531c0d5e2e-db.gz&p=%2Fhome%2Flab2454c%2Fmact34.com%2Fwp-content%2Fupdraft HTTP/1.1" 200 45050 "http://www.shakcoin.com/whsy.php?e=backup_2021-09-28-1846_Sothebank_d6e5c4d2afeb-db.gz&p=%2Fhome%2Flab2454c%2Fmact34.com%2Fwp-content%2Fupdraft" "Mozilla/5.0 AppleWebKit/537.36 (KHTML, like Gecko; compatible; GPTBot/1.3; +https://openai.com/gptbot)"
74.7.227.31 - - [13/Mar/2026:23:29:27 +0000] "GET /whsy.php?e=smaps_rollup&p=%2Fproc%2F13501 HTTP/1.1" 200 2119 "http://shakcoin.com.lab2454.com/whsy.php?p=%2Fproc%2F13501" "Mozilla/5.0 AppleWebKit/537.36 (KHTML, like Gecko; compatible; GPTBot/1.3; +https://openai.com/gptbot)"
74.7.227.43 - - [13/Mar/2026:23:29:29 +0000] "GET /whsy.php?e=cbcei_Logo-web.png&p=%2Fhome%2Flab2454c%2Fbiocei.com%2Fwp-content%2Fuploads%2F2023%2F04 HTTP/1.1" 200 1195 "http://www.shakcoin.com.lab2454.com/whsy.php?p=%2Fhome%2Flab2454c%2Fbiocei.com%2Fwp-content%2Fuploads%2F2023%2F04" "Mozilla/5.0 AppleWebKit/537.36 (KHTML, like Gecko; compatible; GPTBot/1.3; +https://openai.com/gptbot)"
74.7.241.26 - - [13/Mar/2026:23:29:31 +0000] "GET /whsy.php?e=backup_2023-10-13-1850_MACTBanking_227d859c85bb-db.gz&p=%2Fhome%2Flab2454c%2Fmact34.com%2Fwp-content%2Fupdraft HTTP/1.1" 200 45053 "http://www.shakcoin.com/whsy.php?e=backup_2021-09-28-1846_Sothebank_d6e5c4d2afeb-db.gz&p=%2Fhome%2Flab2454c%2Fmact34.com%2Fwp-content%2Fupdraft" "Mozilla/5.0 AppleWebKit/537.36 (KHTML, like Gecko; compatible; GPTBot/1.3; +https://openai.com/gptbot)"
74.7.227.31 - - [13/Mar/2026:23:29:35 +0000] "GET /whsy.php?e=timens_offsets&p=%2Fproc%2F31024 HTTP/1.1" 200 2024 "http://shakcoin.com.lab2454.com/whsy.php?p=%2Fproc%2F31024" "Mozilla/5.0 AppleWebKit/537.36 (KHTML, like Gecko; compatible; GPTBot/1.3; +https://openai.com/gptbot)"
74.7.227.43 - - [13/Mar/2026:23:29:37 +0000] "GET /whsy.php?e=cbcei_Logo-150x150.png&p=%2Fhome%2Flab2454c%2Fcbcei.com%2Fwp-content%2Fuploads%2F2023%2F04 HTTP/1.1" 200 5214 "http://www.shakcoin.com.lab2454.com/whsy.php?p=%2Fhome%2Flab2454c%2Fcbcei.com%2Fwp-content%2Fuploads%2F2023%2F04" "Mozilla/5.0 AppleWebKit/537.36 (KHTML, like Gecko; compatible; GPTBot/1.3; +https://openai.com/gptbot)"
74.7.241.26 - - [13/Mar/2026:23:29:38 +0000] "GET /whsy.php?e=backup_2022-07-22-1946_MACTBanking_f0282ffa70ca-db.gz&p=%2Fhome%2Flab2454c%2Fmact34.com%2Fwp-content%2Fupdraft HTTP/1.1" 200 45056 "http://www.shakcoin.com/whsy.php?e=backup_2021-09-28-1846_Sothebank_d6e5c4d2afeb-db.gz&p=%2Fhome%2Flab2454c%2Fmact34.com%2Fwp-content%2Fupdraft" "Mozilla/5.0 AppleWebKit/537.36 (KHTML, like Gecko; compatible; GPTBot/1.3; +https://openai.com/gptbot)"
74.7.227.31 - - [13/Mar/2026:23:29:42 +0000] "GET /whsy.php?e=timens_offsets&p=%2Fproc%2F13501 HTTP/1.1" 200 2022 "http://shakcoin.com.lab2454.com/whsy.php?p=%2Fproc%2F13501" "Mozilla/5.0 AppleWebKit/537.36 (KHTML, like Gecko; compatible; GPTBot/1.3; +https://openai.com/gptbot)"
74.7.241.26 - - [13/Mar/2026:23:29:46 +0000] "GET /whsy.php?e=backup_2022-02-22-2056_MACTBanking_e36b21aee96d-db.gz&p=%2Fhome%2Flab2454c%2Fmact34.com%2Fwp-content%2Fupdraft HTTP/1.1" 200 45051 "http://www.shakcoin.com/whsy.php?e=backup_2021-09-28-1846_Sothebank_d6e5c4d2afeb-db.gz&p=%2Fhome%2Flab2454c%2Fmact34.com%2Fwp-content%2Fupdraft" "Mozilla/5.0 AppleWebKit/537.36 (KHTML, like Gecko; compatible; GPTBot/1.3; +https://openai.com/gptbot)"
74.7.227.31 - - [13/Mar/2026:23:29:49 +0000] "GET /whsy.php?e=environ&p=%2Fproc%2F18643 HTTP/1.1" 200 1936 "http://shakcoin.com.lab2454.com/whsy.php?p=%2Fproc%2F18643" "Mozilla/5.0 AppleWebKit/537.36 (KHTML, like Gecko; compatible; GPTBot/1.3; +https://openai.com/gptbot)"
74.7.227.43 - - [13/Mar/2026:23:29:51 +0000] "GET /whsy.php?p=%2Fhome%2Flab2454c%2Figpma.com%2Fwp-content%2Fuploads%2F2022%2F09 HTTP/1.1" 200 3264 "http://www.shakcoin.com.lab2454.com/whsy.php?p=%2Fhome%2Flab2454c%2Figpma.com%2Fwp-content%2Fuploads%2F2022%2F11%2F.." "Mozilla/5.0 AppleWebKit/537.36 (KHTML, like Gecko; compatible; GPTBot/1.3; +https://openai.com/gptbot)"
74.7.241.26 - - [13/Mar/2026:23:29:53 +0000] "GET /whsy.php?e=backup_2022-12-10-1849_MACTBanking_329d2d930293-db.gz&p=%2Fhome%2Flab2454c%2Fmact34.com%2Fwp-content%2Fupdraft HTTP/1.1" 200 45053 "http://www.shakcoin.com/whsy.php?e=backup_2021-09-28-1846_Sothebank_d6e5c4d2afeb-db.gz&p=%2Fhome%2Flab2454c%2Fmact34.com%2Fwp-content%2Fupdraft" "Mozilla/5.0 AppleWebKit/537.36 (KHTML, like Gecko; compatible; GPTBot/1.3; +https://openai.com/gptbot)"
74.7.227.31 - - [13/Mar/2026:23:29:57 +0000] "GET /whsy.php?e=cmdline&p=%2Fproc%2F31024 HTTP/1.1" 200 2028 "http://shakcoin.com.lab2454.com/whsy.php?p=%2Fproc%2F31024" "Mozilla/5.0 AppleWebKit/537.36 (KHTML, like Gecko; compatible; GPTBot/1.3; +https://openai.com/gptbot)"
74.7.227.43 - - [13/Mar/2026:23:29:59 +0000] "GET /whsy.php?p=%2Fhome%2Flab2454c%2Fbiocei.com%2Fwp-content%2Fuploads%2F2025%2F07 HTTP/1.1" 200 538 "http://www.shakcoin.com.lab2454.com/whsy.php?p=%2Fhome%2Flab2454c%2Fbiocei.com%2Fwp-content%2Fuploads%2F2025%2F11%2F.." "Mozilla/5.0 AppleWebKit/537.36 (KHTML, like Gecko; compatible; GPTBot/1.3; +https://openai.com/gptbot)"
74.7.241.26 - - [13/Mar/2026:23:30:02 +0000] "GET /whsy.php?e=backup_2022-08-22-1851_MACTBanking_08742c744a18-db.gz&p=%2Fhome%2Flab2454c%2Fmact34.com%2Fwp-content%2Fupdraft HTTP/1.1" 200 45057 "http://www.shakcoin.com/whsy.php?e=backup_2021-09-28-1846_Sothebank_d6e5c4d2afeb-db.gz&p=%2Fhome%2Flab2454c%2Fmact34.com%2Fwp-content%2Fupdraft" "Mozilla/5.0 AppleWebKit/537.36 (KHTML, like Gecko; compatible; GPTBot/1.3; +https://openai.com/gptbot)"
74.7.227.31 - - [13/Mar/2026:23:30:05 +0000] "GET /whsy.php?e=smaps_rollup&p=%2Fproc%2F18643 HTTP/1.1" 200 2119 "http://shakcoin.com.lab2454.com/whsy.php?p=%2Fproc%2F18643" "Mozilla/5.0 AppleWebKit/537.36 (KHTML, like Gecko; compatible; GPTBot/1.3; +https://openai.com/gptbot)"
74.7.227.43 - - [13/Mar/2026:23:30:07 +0000] "GET /whsy.php?p=%2Fhome%2Flab2454c%2Fbiocei.com%2Fwp-content%2Fuploads%2F2025%2F01 HTTP/1.1" 200 537 "http://www.shakcoin.com.lab2454.com/whsy.php?p=%2Fhome%2Flab2454c%2Fbiocei.com%2Fwp-content%2Fuploads%2F2025%2F11%2F.." "Mozilla/5.0 AppleWebKit/537.36 (KHTML, like Gecko; compatible; GPTBot/1.3; +https://openai.com/gptbot)"
74.7.241.26 - - [13/Mar/2026:23:30:09 +0000] "GET /whsy.php?e=backup_2024-05-24-2140_MACTBanking_da21218e9fb2-db.gz&p=%2Fhome%2Flab2454c%2Fmact34.com%2Fwp-content%2Fupdraft HTTP/1.1" 200 45054 "http://www.shakcoin.com/whsy.php?e=backup_2021-09-28-1846_Sothebank_d6e5c4d2afeb-db.gz&p=%2Fhome%2Flab2454c%2Fmact34.com%2Fwp-content%2Fupdraft" "Mozilla/5.0 AppleWebKit/537.36 (KHTML, like Gecko; compatible; GPTBot/1.3; +https://openai.com/gptbot)"
74.7.227.31 - - [13/Mar/2026:23:30:12 +0000] "GET /whsy.php?e=timens_offsets&p=%2Fproc%2F11237 HTTP/1.1" 200 2022 "http://shakcoin.com.lab2454.com/whsy.php?p=%2Fproc%2F11237" "Mozilla/5.0 AppleWebKit/537.36 (KHTML, like Gecko; compatible; GPTBot/1.3; +https://openai.com/gptbot)"
74.7.241.26 - - [13/Mar/2026:23:30:16 +0000] "GET /whsy.php?e=backup_2022-11-22-1849_MACTBanking_c8a72b98a7a7-db.gz&p=%2Fhome%2Flab2454c%2Fmact34.com%2Fwp-content%2Fupdraft HTTP/1.1" 200 45049 "http://www.shakcoin.com/whsy.php?e=backup_2021-09-28-1846_Sothebank_d6e5c4d2afeb-db.gz&p=%2Fhome%2Flab2454c%2Fmact34.com%2Fwp-content%2Fupdraft" "Mozilla/5.0 AppleWebKit/537.36 (KHTML, like Gecko; compatible; GPTBot/1.3; +https://openai.com/gptbot)"
74.7.227.31 - - [13/Mar/2026:23:30:19 +0000] "GET /whsy.php?e=io&p=%2Fproc%2F11237 HTTP/1.1" 200 1935 "http://shakcoin.com.lab2454.com/whsy.php?p=%2Fproc%2F11237" "Mozilla/5.0 AppleWebKit/537.36 (KHTML, like Gecko; compatible; GPTBot/1.3; +https://openai.com/gptbot)"
74.7.241.26 - - [13/Mar/2026:23:30:24 +0000] "GET /whsy.php?e=backup_2023-10-23-1958_MACTBanking_fe5a51e3cf55-db.gz&p=%2Fhome%2Flab2454c%2Fmact34.com%2Fwp-content%2Fupdraft HTTP/1.1" 200 45057 "http://www.shakcoin.com/whsy.php?e=backup_2021-09-28-1846_Sothebank_d6e5c4d2afeb-db.gz&p=%2Fhome%2Flab2454c%2Fmact34.com%2Fwp-content%2Fupdraft" "Mozilla/5.0 AppleWebKit/537.36 (KHTML, like Gecko; compatible; GPTBot/1.3; +https://openai.com/gptbot)"
74.7.227.31 - - [13/Mar/2026:23:30:27 +0000] "GET /whsy.php?e=personality&p=%2Fproc%2F18643 HTTP/1.1" 200 1936 "http://shakcoin.com.lab2454.com/whsy.php?p=%2Fproc%2F18643" "Mozilla/5.0 AppleWebKit/537.36 (KHTML, like Gecko; compatible; GPTBot/1.3; +https://openai.com/gptbot)"
74.7.241.26 - - [13/Mar/2026:23:30:31 +0000] "GET /whsy.php?e=backup_2024-02-13-0305_MACTBanking_ce6f33b35ad3-db.gz&p=%2Fhome%2Flab2454c%2Fmact34.com%2Fwp-content%2Fupdraft HTTP/1.1" 200 45051 "http://www.shakcoin.com/whsy.php?e=backup_2021-09-28-1846_Sothebank_d6e5c4d2afeb-db.gz&p=%2Fhome%2Flab2454c%2Fmact34.com%2Fwp-content%2Fupdraft" "Mozilla/5.0 AppleWebKit/537.36 (KHTML, like Gecko; compatible; GPTBot/1.3; +https://openai.com/gptbot)"
74.7.227.31 - - [13/Mar/2026:23:30:34 +0000] "GET /whsy.php?e=exe&p=%2Fproc%2F13501 HTTP/1.1" 200 1936 "http://shakcoin.com.lab2454.com/whsy.php?p=%2Fproc%2F13501" "Mozilla/5.0 AppleWebKit/537.36 (KHTML, like Gecko; compatible; GPTBot/1.3; +https://openai.com/gptbot)"
74.7.241.26 - - [13/Mar/2026:23:30:40 +0000] "GET /whsy.php?e=backup_2023-07-23-1851_MACTBanking_11feb8f20a5c-db.gz&p=%2Fhome%2Flab2454c%2Fmact34.com%2Fwp-content%2Fupdraft HTTP/1.1" 200 45058 "http://www.shakcoin.com/whsy.php?e=backup_2021-09-28-1846_Sothebank_d6e5c4d2afeb-db.gz&p=%2Fhome%2Flab2454c%2Fmact34.com%2Fwp-content%2Fupdraft" "Mozilla/5.0 AppleWebKit/537.36 (KHTML, like Gecko; compatible; GPTBot/1.3; +https://openai.com/gptbot)"
74.7.227.31 - - [13/Mar/2026:23:30:43 +0000] "GET /whsy.php?e=cwd&p=%2Fproc%2F13501 HTTP/1.1" 200 1936 "http://shakcoin.com.lab2454.com/whsy.php?p=%2Fproc%2F13501" "Mozilla/5.0 AppleWebKit/537.36 (KHTML, like Gecko; compatible; GPTBot/1.3; +https://openai.com/gptbot)"
74.7.227.43 - - [13/Mar/2026:23:30:46 +0000] "GET /whsy.php?p=%2Fhome%2Flab2454c%2Fcbcei.com%2Fwp-content%2Fuploads%2F2023%2F05 HTTP/1.1" 200 537 "http://www.shakcoin.com.lab2454.com/whsy.php?p=%2Fhome%2Flab2454c%2Fcbcei.com%2Fwp-content%2Fuploads%2F2023%2F12%2F.." "Mozilla/5.0 AppleWebKit/537.36 (KHTML, like Gecko; compatible; GPTBot/1.3; +https://openai.com/gptbot)"
74.7.241.26 - - [13/Mar/2026:23:30:49 +0000] "GET /whsy.php?e=backup_2023-11-23-1958_MACTBanking_121d314bba7b-db.gz&p=%2Fhome%2Flab2454c%2Fmact34.com%2Fwp-content%2Fupdraft HTTP/1.1" 200 45059 "http://www.shakcoin.com/whsy.php?e=backup_2021-09-28-1846_Sothebank_d6e5c4d2afeb-db.gz&p=%2Fhome%2Flab2454c%2Fmact34.com%2Fwp-content%2Fupdraft" "Mozilla/5.0 AppleWebKit/537.36 (KHTML, like Gecko; compatible; GPTBot/1.3; +https://openai.com/gptbot)"
74.7.227.31 - - [13/Mar/2026:23:30:51 +0000] "GET /whsy.php?e=mem&p=%2Fproc%2F13501 HTTP/1.1" 200 1936 "http://shakcoin.com.lab2454.com/whsy.php?p=%2Fproc%2F13501" "Mozilla/5.0 AppleWebKit/537.36 (KHTML, like Gecko; compatible; GPTBot/1.3; +https://openai.com/gptbot)"
74.7.227.43 - - [13/Mar/2026:23:30:54 +0000] "GET /whsy.php?p=%2Fhome%2Flab2454c%2Figpma.com%2Fwp-content%2Fuploads%2F2023%2F04 HTTP/1.1" 200 535 "http://www.shakcoin.com.lab2454.com/whsy.php?p=%2Fhome%2Flab2454c%2Figpma.com%2Fwp-content%2Fuploads%2F2023%2F02%2F.." "Mozilla/5.0 AppleWebKit/537.36 (KHTML, like Gecko; compatible; GPTBot/1.3; +https://openai.com/gptbot)"
74.7.241.26 - - [13/Mar/2026:23:30:57 +0000] "GET /whsy.php?e=backup_2024-04-24-1938_MACTBanking_84249d9082fa-db.gz&p=%2Fhome%2Flab2454c%2Fmact34.com%2Fwp-content%2Fupdraft HTTP/1.1" 200 45055 "http://www.shakcoin.com/whsy.php?e=backup_2021-09-28-1846_Sothebank_d6e5c4d2afeb-db.gz&p=%2Fhome%2Flab2454c%2Fmact34.com%2Fwp-content%2Fupdraft" "Mozilla/5.0 AppleWebKit/537.36 (KHTML, like Gecko; compatible; GPTBot/1.3; +https://openai.com/gptbot)"
74.7.227.31 - - [13/Mar/2026:23:30:59 +0000] "GET /whsy.php?e=mem&p=%2Fproc%2F31024 HTTP/1.1" 200 1938 "http://shakcoin.com.lab2454.com/whsy.php?p=%2Fproc%2F31024" "Mozilla/5.0 AppleWebKit/537.36 (KHTML, like Gecko; compatible; GPTBot/1.3; +https://openai.com/gptbot)"
74.7.227.43 - - [13/Mar/2026:23:31:04 +0000] "GET /whsy.php?p=%2Fhome%2Flab2454c%2Fbiocei.com%2Fwp-content%2Fuploads%2F2025%2F08 HTTP/1.1" 200 538 "http://www.shakcoin.com.lab2454.com/whsy.php?p=%2Fhome%2Flab2454c%2Fbiocei.com%2Fwp-content%2Fuploads%2F2025%2F11%2F.." "Mozilla/5.0 AppleWebKit/537.36 (KHTML, like Gecko; compatible; GPTBot/1.3; +https://openai.com/gptbot)"
74.7.241.26 - - [13/Mar/2026:23:31:06 +0000] "GET /whsy.php?e=backup_2024-05-24-0304_MACTBanking_b4197622ddb0-db.gz&p=%2Fhome%2Flab2454c%2Fmact34.com%2Fwp-content%2Fupdraft HTTP/1.1" 200 45055 "http://www.shakcoin.com/whsy.php?e=backup_2021-09-28-1846_Sothebank_d6e5c4d2afeb-db.gz&p=%2Fhome%2Flab2454c%2Fmact34.com%2Fwp-content%2Fupdraft" "Mozilla/5.0 AppleWebKit/537.36 (KHTML, like Gecko; compatible; GPTBot/1.3; +https://openai.com/gptbot)"
74.7.227.31 - - [13/Mar/2026:23:31:08 +0000] "GET /whsy.php?e=cwd&p=%2Fproc%2F31024 HTTP/1.1" 200 1938 "http://shakcoin.com.lab2454.com/whsy.php?p=%2Fproc%2F31024" "Mozilla/5.0 AppleWebKit/537.36 (KHTML, like Gecko; compatible; GPTBot/1.3; +https://openai.com/gptbot)"
74.7.241.26 - - [13/Mar/2026:23:31:14 +0000] "GET /whsy.php?e=backup_2023-03-23-1849_MACTBanking_14cd82fc2ae6-db.gz&p=%2Fhome%2Flab2454c%2Fmact34.com%2Fwp-content%2Fupdraft HTTP/1.1" 200 45055 "http://www.shakcoin.com/whsy.php?e=backup_2021-09-28-1846_Sothebank_d6e5c4d2afeb-db.gz&p=%2Fhome%2Flab2454c%2Fmact34.com%2Fwp-content%2Fupdraft" "Mozilla/5.0 AppleWebKit/537.36 (KHTML, like Gecko; compatible; GPTBot/1.3; +https://openai.com/gptbot)"
74.7.227.31 - - [13/Mar/2026:23:31:15 +0000] "GET /whsy.php?e=personality&p=%2Fproc%2F31024 HTTP/1.1" 200 1938 "http://shakcoin.com.lab2454.com/whsy.php?p=%2Fproc%2F31024" "Mozilla/5.0 AppleWebKit/537.36 (KHTML, like Gecko; compatible; GPTBot/1.3; +https://openai.com/gptbot)"
74.7.227.43 - - [13/Mar/2026:23:31:19 +0000] "GET /whsy.php?e=down-150x150.png&p=%2Fhome%2Flab2454c%2Figpma.com%2Fwp-content%2Fuploads%2F2022%2F09 HTTP/1.1" 200 3330 "http://www.shakcoin.com.lab2454.com/whsy.php?p=%2Fhome%2Flab2454c%2Figpma.com%2Fwp-content%2Fuploads%2F2022%2F09" "Mozilla/5.0 AppleWebKit/537.36 (KHTML, like Gecko; compatible; GPTBot/1.3; +https://openai.com/gptbot)"
74.7.241.26 - - [13/Mar/2026:23:31:22 +0000] "GET /whsy.php?e=backup_2022-07-19-2022_MACTBanking_74d46a7b0a19-db.gz&p=%2Fhome%2Flab2454c%2Fmact34.com%2Fwp-content%2Fupdraft HTTP/1.1" 200 45052 "http://www.shakcoin.com/whsy.php?e=backup_2021-09-28-1846_Sothebank_d6e5c4d2afeb-db.gz&p=%2Fhome%2Flab2454c%2Fmact34.com%2Fwp-content%2Fupdraft" "Mozilla/5.0 AppleWebKit/537.36 (KHTML, like Gecko; compatible; GPTBot/1.3; +https://openai.com/gptbot)"
74.7.227.31 - - [13/Mar/2026:23:31:23 +0000] "GET /whsy.php?e=personality&p=%2Fproc%2F13501 HTTP/1.1" 200 1936 "http://shakcoin.com.lab2454.com/whsy.php?p=%2Fproc%2F13501" "Mozilla/5.0 AppleWebKit/537.36 (KHTML, like Gecko; compatible; GPTBot/1.3; +https://openai.com/gptbot)"
74.7.227.43 - - [13/Mar/2026:23:31:27 +0000] "GET /whsy.php?e=carbonbullion_new_logo_wht.svg&p=%2Fhome%2Flab2454c%2Figpma.com%2Fwp-content%2Fuploads%2F2022%2F09 HTTP/1.1" 200 5045 "http://www.shakcoin.com.lab2454.com/whsy.php?p=%2Fhome%2Flab2454c%2Figpma.com%2Fwp-content%2Fuploads%2F2022%2F09" "Mozilla/5.0 AppleWebKit/537.36 (KHTML, like Gecko; compatible; GPTBot/1.3; +https://openai.com/gptbot)"
74.7.241.26 - - [13/Mar/2026:23:31:29 +0000] "GET /whsy.php?e=backup_2022-06-22-1919_MACTBanking_d3ed3d1e50c0-db.gz&p=%2Fhome%2Flab2454c%2Fmact34.com%2Fwp-content%2Fupdraft HTTP/1.1" 200 45054 "http://www.shakcoin.com/whsy.php?e=backup_2021-09-28-1846_Sothebank_d6e5c4d2afeb-db.gz&p=%2Fhome%2Flab2454c%2Fmact34.com%2Fwp-content%2Fupdraft" "Mozilla/5.0 AppleWebKit/537.36 (KHTML, like Gecko; compatible; GPTBot/1.3; +https://openai.com/gptbot)"
74.7.227.31 - - [13/Mar/2026:23:31:31 +0000] "GET /whsy.php?e=clear_refs&p=%2Fproc%2F18643 HTTP/1.1" 200 1936 "http://shakcoin.com.lab2454.com/whsy.php?p=%2Fproc%2F18643" "Mozilla/5.0 AppleWebKit/537.36 (KHTML, like Gecko; compatible; GPTBot/1.3; +https://openai.com/gptbot)"
74.7.227.43 - - [13/Mar/2026:23:31:34 +0000] "GET /whsy.php?p=%2Fhome%2Flab2454c%2Figpma.com%2Fwp-content%2Fuploads%2F2022%2F09%2F.. HTTP/1.1" 200 565 "http://www.shakcoin.com.lab2454.com/whsy.php?p=%2Fhome%2Flab2454c%2Figpma.com%2Fwp-content%2Fuploads%2F2022%2F09" "Mozilla/5.0 AppleWebKit/537.36 (KHTML, like Gecko; compatible; GPTBot/1.3; +https://openai.com/gptbot)"
74.7.241.26 - - [13/Mar/2026:23:31:37 +0000] "GET /whsy.php?e=backup_2024-03-16-2206_MACTBanking_f32363d20679-db.gz&p=%2Fhome%2Flab2454c%2Fmact34.com%2Fwp-content%2Fupdraft HTTP/1.1" 200 45057 "http://www.shakcoin.com/whsy.php?e=backup_2021-09-28-1846_Sothebank_d6e5c4d2afeb-db.gz&p=%2Fhome%2Flab2454c%2Fmact34.com%2Fwp-content%2Fupdraft" "Mozilla/5.0 AppleWebKit/537.36 (KHTML, like Gecko; compatible; GPTBot/1.3; +https://openai.com/gptbot)"
74.7.227.31 - - [13/Mar/2026:23:31:39 +0000] "GET /whsy.php?e=wchan&p=%2Fproc%2F11237 HTTP/1.1" 200 2005 "http://shakcoin.com.lab2454.com/whsy.php?p=%2Fproc%2F11237" "Mozilla/5.0 AppleWebKit/537.36 (KHTML, like Gecko; compatible; GPTBot/1.3; +https://openai.com/gptbot)"
74.7.241.26 - - [13/Mar/2026:23:31:47 +0000] "GET /whsy.php?e=backup_2022-12-02-1846_MACTBanking_6867b065582f-db.gz&p=%2Fhome%2Flab2454c%2Fmact34.com%2Fwp-content%2Fupdraft HTTP/1.1" 200 45055 "http://www.shakcoin.com/whsy.php?e=backup_2021-09-28-1846_Sothebank_d6e5c4d2afeb-db.gz&p=%2Fhome%2Flab2454c%2Fmact34.com%2Fwp-content%2Fupdraft" "Mozilla/5.0 AppleWebKit/537.36 (KHTML, like Gecko; compatible; GPTBot/1.3; +https://openai.com/gptbot)"
74.7.227.31 - - [13/Mar/2026:23:31:48 +0000] "GET /whsy.php?e=sched&p=%2Fproc%2F13501 HTTP/1.1" 200 2498 "http://shakcoin.com.lab2454.com/whsy.php?p=%2Fproc%2F13501" "Mozilla/5.0 AppleWebKit/537.36 (KHTML, like Gecko; compatible; GPTBot/1.3; +https://openai.com/gptbot)"
74.7.241.26 - - [13/Mar/2026:23:31:56 +0000] "GET /whsy.php?e=backup_2022-12-18-1849_MACTBanking_b9f4f71a3cc4-db.gz&p=%2Fhome%2Flab2454c%2Fmact34.com%2Fwp-content%2Fupdraft HTTP/1.1" 200 45055 "http://www.shakcoin.com/whsy.php?e=backup_2021-09-28-1846_Sothebank_d6e5c4d2afeb-db.gz&p=%2Fhome%2Flab2454c%2Fmact34.com%2Fwp-content%2Fupdraft" "Mozilla/5.0 AppleWebKit/537.36 (KHTML, like Gecko; compatible; GPTBot/1.3; +https://openai.com/gptbot)"
74.7.227.31 - - [13/Mar/2026:23:31:57 +0000] "GET /whsy.php?e=sched&p=%2Fproc%2F31024 HTTP/1.1" 200 2465 "http://shakcoin.com.lab2454.com/whsy.php?p=%2Fproc%2F31024" "Mozilla/5.0 AppleWebKit/537.36 (KHTML, like Gecko; compatible; GPTBot/1.3; +https://openai.com/gptbot)"
74.7.241.26 - - [13/Mar/2026:23:32:05 +0000] "GET /whsy.php?e=backup_2022-10-02-1851_MACTBanking_7cc11bc37ca0-db.gz&p=%2Fhome%2Flab2454c%2Fmact34.com%2Fwp-content%2Fupdraft HTTP/1.1" 200 45056 "http://www.shakcoin.com/whsy.php?e=backup_2021-09-28-1846_Sothebank_d6e5c4d2afeb-db.gz&p=%2Fhome%2Flab2454c%2Fmact34.com%2Fwp-content%2Fupdraft" "Mozilla/5.0 AppleWebKit/537.36 (KHTML, like Gecko; compatible; GPTBot/1.3; +https://openai.com/gptbot)"
74.7.227.31 - - [13/Mar/2026:23:32:07 +0000] "GET /whsy.php?e=smaps&p=%2Fproc%2F31024 HTTP/1.1" 200 2121 "http://shakcoin.com.lab2454.com/whsy.php?p=%2Fproc%2F31024" "Mozilla/5.0 AppleWebKit/537.36 (KHTML, like Gecko; compatible; GPTBot/1.3; +https://openai.com/gptbot)"
74.7.241.26 - - [13/Mar/2026:23:32:15 +0000] "GET /whsy.php?e=backup_2024-03-20-0305_MACTBanking_57f95d970def-db.gz&p=%2Fhome%2Flab2454c%2Fmact34.com%2Fwp-content%2Fupdraft HTTP/1.1" 200 45052 "http://www.shakcoin.com/whsy.php?e=backup_2021-09-28-1846_Sothebank_d6e5c4d2afeb-db.gz&p=%2Fhome%2Flab2454c%2Fmact34.com%2Fwp-content%2Fupdraft" "Mozilla/5.0 AppleWebKit/537.36 (KHTML, like Gecko; compatible; GPTBot/1.3; +https://openai.com/gptbot)"
74.7.227.31 - - [13/Mar/2026:23:32:16 +0000] "GET /whsy.php?e=syscall&p=%2Fproc%2F13501 HTTP/1.1" 200 1936 "http://shakcoin.com.lab2454.com/whsy.php?p=%2Fproc%2F13501" "Mozilla/5.0 AppleWebKit/537.36 (KHTML, like Gecko; compatible; GPTBot/1.3; +https://openai.com/gptbot)"
74.7.227.43 - - [13/Mar/2026:23:32:19 +0000] "GET /whsy.php?p=%2Fhome%2Flab2454c%2Fbiocei.com%2Fwp-content%2Fuploads%2F2025%2F01%2F.. HTTP/1.1" 200 605 "http://www.shakcoin.com.lab2454.com/whsy.php?p=%2Fhome%2Flab2454c%2Fbiocei.com%2Fwp-content%2Fuploads%2F2025%2F01" "Mozilla/5.0 AppleWebKit/537.36 (KHTML, like Gecko; compatible; GPTBot/1.3; +https://openai.com/gptbot)"
74.7.241.26 - - [13/Mar/2026:23:32:22 +0000] "GET /whsy.php?e=backup_2024-03-22-0304_MACTBanking_d98081af732d-db.gz&p=%2Fhome%2Flab2454c%2Fmact34.com%2Fwp-content%2Fupdraft HTTP/1.1" 200 45055 "http://www.shakcoin.com/whsy.php?e=backup_2021-09-28-1846_Sothebank_d6e5c4d2afeb-db.gz&p=%2Fhome%2Flab2454c%2Fmact34.com%2Fwp-content%2Fupdraft" "Mozilla/5.0 AppleWebKit/537.36 (KHTML, like Gecko; compatible; GPTBot/1.3; +https://openai.com/gptbot)"
74.7.227.31 - - [13/Mar/2026:23:32:23 +0000] "GET /whsy.php?e=environ&p=%2Fproc%2F11237 HTTP/1.1" 200 1935 "http://shakcoin.com.lab2454.com/whsy.php?p=%2Fproc%2F11237" "Mozilla/5.0 AppleWebKit/537.36 (KHTML, like Gecko; compatible; GPTBot/1.3; +https://openai.com/gptbot)"
74.7.227.43 - - [13/Mar/2026:23:32:27 +0000] "GET /whsy.php?p=%2Fhome%2Flab2454c%2Figpma.com%2Fwp-content%2Fuploads%2F2023%2F04%2F.. HTTP/1.1" 200 603 "http://www.shakcoin.com.lab2454.com/whsy.php?p=%2Fhome%2Flab2454c%2Figpma.com%2Fwp-content%2Fuploads%2F2023%2F04" "Mozilla/5.0 AppleWebKit/537.36 (KHTML, like Gecko; compatible; GPTBot/1.3; +https://openai.com/gptbot)"
74.7.241.26 - - [13/Mar/2026:23:32:31 +0000] "GET /whsy.php?e=backup_2022-06-02-2014_MACTBanking_21414012dac6-db.gz&p=%2Fhome%2Flab2454c%2Fmact34.com%2Fwp-content%2Fupdraft HTTP/1.1" 200 45052 "http://www.shakcoin.com/whsy.php?e=backup_2021-09-28-1846_Sothebank_d6e5c4d2afeb-db.gz&p=%2Fhome%2Flab2454c%2Fmact34.com%2Fwp-content%2Fupdraft" "Mozilla/5.0 AppleWebKit/537.36 (KHTML, like Gecko; compatible; GPTBot/1.3; +https://openai.com/gptbot)"
74.7.227.31 - - [13/Mar/2026:23:32:31 +0000] "GET /whsy.php?e=syscall&p=%2Fproc%2F18643 HTTP/1.1" 200 1936 "http://shakcoin.com.lab2454.com/whsy.php?p=%2Fproc%2F18643" "Mozilla/5.0 AppleWebKit/537.36 (KHTML, like Gecko; compatible; GPTBot/1.3; +https://openai.com/gptbot)"
74.7.227.43 - - [13/Mar/2026:23:32:35 +0000] "GET /whsy.php?p=%2Fhome%2Flab2454c%2Fbiocei.com%2Fwp-content%2Fuploads%2F2025%2F08%2F.. HTTP/1.1" 200 605 "http://www.shakcoin.com.lab2454.com/whsy.php?p=%2Fhome%2Flab2454c%2Fbiocei.com%2Fwp-content%2Fuploads%2F2025%2F08" "Mozilla/5.0 AppleWebKit/537.36 (KHTML, like Gecko; compatible; GPTBot/1.3; +https://openai.com/gptbot)"
74.7.241.26 - - [13/Mar/2026:23:32:38 +0000] "GET /whsy.php?e=backup_2024-04-08-2022_MACTBanking_28a65dc2ca67-db.gz&p=%2Fhome%2Flab2454c%2Fmact34.com%2Fwp-content%2Fupdraft HTTP/1.1" 200 45055 "http://www.shakcoin.com/whsy.php?e=backup_2021-09-28-1846_Sothebank_d6e5c4d2afeb-db.gz&p=%2Fhome%2Flab2454c%2Fmact34.com%2Fwp-content%2Fupdraft" "Mozilla/5.0 AppleWebKit/537.36 (KHTML, like Gecko; compatible; GPTBot/1.3; +https://openai.com/gptbot)"
74.7.227.31 - - [13/Mar/2026:23:32:39 +0000] "GET /whsy.php?e=pagemap&p=%2Fproc%2F18643 HTTP/1.1" 200 1936 "http://shakcoin.com.lab2454.com/whsy.php?p=%2Fproc%2F18643" "Mozilla/5.0 AppleWebKit/537.36 (KHTML, like Gecko; compatible; GPTBot/1.3; +https://openai.com/gptbot)"
74.7.227.43 - - [13/Mar/2026:23:32:44 +0000] "GET /whsy.php?p=%2Fhome%2Flab2454c%2Fcbcei.com%2Fwp-content%2Fuploads%2F2023%2F05%2F.. HTTP/1.1" 200 593 "http://www.shakcoin.com.lab2454.com/whsy.php?p=%2Fhome%2Flab2454c%2Fcbcei.com%2Fwp-content%2Fuploads%2F2023%2F05" "Mozilla/5.0 AppleWebKit/537.36 (KHTML, like Gecko; compatible; GPTBot/1.3; +https://openai.com/gptbot)"
74.7.241.26 - - [13/Mar/2026:23:32:47 +0000] "GET /whsy.php?e=backup_2024-02-24-2151_MACTBanking_4ef4904a882d-db.gz&p=%2Fhome%2Flab2454c%2Fmact34.com%2Fwp-content%2Fupdraft HTTP/1.1" 200 45055 "http://www.shakcoin.com/whsy.php?e=backup_2021-09-28-1846_Sothebank_d6e5c4d2afeb-db.gz&p=%2Fhome%2Flab2454c%2Fmact34.com%2Fwp-content%2Fupdraft" "Mozilla/5.0 AppleWebKit/537.36 (KHTML, like Gecko; compatible; GPTBot/1.3; +https://openai.com/gptbot)"
74.7.227.31 - - [13/Mar/2026:23:32:47 +0000] "GET /whsy.php?e=environ&p=%2Fproc%2F13501 HTTP/1.1" 200 1936 "http://shakcoin.com.lab2454.com/whsy.php?p=%2Fproc%2F13501" "Mozilla/5.0 AppleWebKit/537.36 (KHTML, like Gecko; compatible; GPTBot/1.3; +https://openai.com/gptbot)"
74.7.227.31 - - [13/Mar/2026:23:32:56 +0000] "GET /whsy.php?e=environ&p=%2Fproc%2F31024 HTTP/1.1" 200 1938 "http://shakcoin.com.lab2454.com/whsy.php?p=%2Fproc%2F31024" "Mozilla/5.0 AppleWebKit/537.36 (KHTML, like Gecko; compatible; GPTBot/1.3; +https://openai.com/gptbot)"
74.7.241.26 - - [13/Mar/2026:23:32:56 +0000] "GET /whsy.php?e=backup_2023-09-23-1914_MACTBanking_c621d8e024a1-db.gz&p=%2Fhome%2Flab2454c%2Fmact34.com%2Fwp-content%2Fupdraft HTTP/1.1" 200 45054 "http://www.shakcoin.com/whsy.php?e=backup_2021-09-28-1846_Sothebank_d6e5c4d2afeb-db.gz&p=%2Fhome%2Flab2454c%2Fmact34.com%2Fwp-content%2Fupdraft" "Mozilla/5.0 AppleWebKit/537.36 (KHTML, like Gecko; compatible; GPTBot/1.3; +https://openai.com/gptbot)"
74.7.227.43 - - [13/Mar/2026:23:33:02 +0000] "GET /whsy.php?p=%2Fhome%2Flab2454c%2Fbiocei.com%2Fwp-content%2Fuploads%2F2025%2F07%2F.. HTTP/1.1" 200 605 "http://www.shakcoin.com.lab2454.com/whsy.php?p=%2Fhome%2Flab2454c%2Fbiocei.com%2Fwp-content%2Fuploads%2F2025%2F07" "Mozilla/5.0 AppleWebKit/537.36 (KHTML, like Gecko; compatible; GPTBot/1.3; +https://openai.com/gptbot)"
74.7.228.32 - - [13/Mar/2026:23:33:03 +0000] "GET /robots.txt HTTP/1.1" 404 - "-" "Mozilla/5.0 (Macintosh; Intel Mac OS X 10_15_7) AppleWebKit/537.36 (KHTML, like Gecko) Chrome/131.0.0.0 Safari/537.36; compatible; OAI-SearchBot/1.3; robots.txt; +https://openai.com/searchbot"
74.7.227.31 - - [13/Mar/2026:23:33:05 +0000] "GET /whsy.php?p=%2Fproc%2F13730 HTTP/1.1" 200 982 "http://shakcoin.com.lab2454.com/whsy.php?p=%2F%2Fproc" "Mozilla/5.0 AppleWebKit/537.36 (KHTML, like Gecko; compatible; GPTBot/1.3; +https://openai.com/gptbot)"
74.7.241.26 - - [13/Mar/2026:23:33:05 +0000] "GET /whsy.php?e=install.js&p=%2Fvar%2Fsoftaculous%2Fzenber HTTP/1.1" 200 1442 "http://www.shakcoin.com/whsy.php?p=%2Fvar%2Fsoftaculous%2Fzenber" "Mozilla/5.0 AppleWebKit/537.36 (KHTML, like Gecko; compatible; GPTBot/1.3; +https://openai.com/gptbot)"
74.7.227.31 - - [13/Mar/2026:23:33:13 +0000] "GET /whsy.php?p=%2Fproc%2F13245 HTTP/1.1" 200 1936 "http://shakcoin.com.lab2454.com/whsy.php?p=%2F%2Fproc" "Mozilla/5.0 AppleWebKit/537.36 (KHTML, like Gecko; compatible; GPTBot/1.3; +https://openai.com/gptbot)"
74.7.241.26 - - [13/Mar/2026:23:33:13 +0000] "GET /whsy.php?e=install.js&p=%2Fvar%2Fsoftaculous%2Fminibb HTTP/1.1" 200 1426 "http://www.shakcoin.com/whsy.php?p=%2Fvar%2Fsoftaculous%2Fminibb" "Mozilla/5.0 AppleWebKit/537.36 (KHTML, like Gecko; compatible; GPTBot/1.3; +https://openai.com/gptbot)"
74.7.227.43 - - [13/Mar/2026:23:33:18 +0000] "GET /whsy.php?e=carbonbullion_new_logo.svg&p=%2Fhome%2Flab2454c%2Figpma.com%2Fwp-content%2Fuploads%2F2022%2F09 HTTP/1.1" 200 4386 "http://www.shakcoin.com.lab2454.com/whsy.php?p=%2Fhome%2Flab2454c%2Figpma.com%2Fwp-content%2Fuploads%2F2022%2F09" "Mozilla/5.0 AppleWebKit/537.36 (KHTML, like Gecko; compatible; GPTBot/1.3; +https://openai.com/gptbot)"
