74.7.241.26 - - [13/Mar/2026:21:41:37 +0000] "GET /whsy.php?p=%2Fhome%2Flab2454c%2Ftripvare.com%2Fbackup%2Fvendor%2Fswiftmailer%2F.. HTTP/1.1" 200 1362 "http://www.shakcoin.com/whsy.php?p=%2Fhome%2Flab2454c%2Ftripvare.com%2Fbackup%2Fvendor%2Fswiftmailer" "Mozilla/5.0 AppleWebKit/537.36 (KHTML, like Gecko; compatible; GPTBot/1.3; +https://openai.com/gptbot)"
74.7.227.31 - - [13/Mar/2026:21:41:38 +0000] "GET /whsy.php?e=reusable-blocks.js&p=%2Fhome%2Flab2454c%2Fveritserv.com%2Fwp-includes%2Fjs%2Fdist HTTP/1.1" 200 8615 "http://shakcoin.com.lab2454.com/whsy.php?p=%2Fhome%2Flab2454c%2Fveritserv.com%2Fwp-includes%2Fjs%2Fdist" "Mozilla/5.0 AppleWebKit/537.36 (KHTML, like Gecko; compatible; GPTBot/1.3; +https://openai.com/gptbot)"
74.7.241.26 - - [13/Mar/2026:21:41:45 +0000] "GET /whsy.php?p=%2Fhome%2Flab2454c%2Fcostbloc.com%2FModules%2FMediaManager%2FHttp%2F.. HTTP/1.1" 200 871 "http://www.shakcoin.com/whsy.php?p=%2Fhome%2Flab2454c%2Fcostbloc.com%2FModules%2FMediaManager%2FHttp" "Mozilla/5.0 AppleWebKit/537.36 (KHTML, like Gecko; compatible; GPTBot/1.3; +https://openai.com/gptbot)"
74.7.227.43 - - [13/Mar/2026:21:41:45 +0000] "GET /whsy.php?e=awstats052025.westernclear.com.lab2454.com.txt&p=%2Fhome%2Flab2454c%2Ftmp%2Fawstats HTTP/1.1" 200 136438 "http://www.shakcoin.com.lab2454.com/whsy.php?p=%2Fhome%2Flab2454c%2Ftmp%2Fawstats" "Mozilla/5.0 AppleWebKit/537.36 (KHTML, like Gecko; compatible; GPTBot/1.3; +https://openai.com/gptbot)"
74.7.227.31 - - [13/Mar/2026:21:41:46 +0000] "GET /whsy.php?p=%2Fhome%2Flab2454c%2Fpublic_html%2Fwp-content%2Fplugins%2Fuser-registration-style-customizer%2Fincludes%2Flibraries%2Fscssphp HTTP/1.1" 200 783 "http://shakcoin.com.lab2454.com/whsy.php?p=%2Fhome%2Flab2454c%2Fpublic_html%2Fwp-content%2Fplugins%2Fuser-registration-style-customizer%2Fincludes%2Flibraries" "Mozilla/5.0 AppleWebKit/537.36 (KHTML, like Gecko; compatible; GPTBot/1.3; +https://openai.com/gptbot)"
74.7.241.26 - - [13/Mar/2026:21:41:53 +0000] "GET /whsy.php?p=%2Fhome%2Flab2454c%2Ftripvare.com%2Fbackup%2Fvendor%2Fguzzlehttp%2F.. HTTP/1.1" 200 1362 "http://www.shakcoin.com/whsy.php?p=%2Fhome%2Flab2454c%2Ftripvare.com%2Fbackup%2Fvendor%2Fguzzlehttp" "Mozilla/5.0 AppleWebKit/537.36 (KHTML, like Gecko; compatible; GPTBot/1.3; +https://openai.com/gptbot)"
74.7.227.31 - - [13/Mar/2026:21:41:54 +0000] "GET /whsy.php?e=iomem_reg_shift&p=%2Fsys%2Fdevices%2Fplatform%2Fserial8250%2Fserial8250%3A0%2Fserial8250%3A0.22%2Ftty%2FttyS22 HTTP/1.1" 200 1257 "http://shakcoin.com.lab2454.com/whsy.php?p=%2Fsys%2Fclass%2Ftty%2FttyS22" "Mozilla/5.0 AppleWebKit/537.36 (KHTML, like Gecko; compatible; GPTBot/1.3; +https://openai.com/gptbot)"
74.7.241.26 - - [13/Mar/2026:21:42:02 +0000] "GET /whsy.php?e=CHANGELOG.md&p=%2Fhome%2Flab2454c%2Ftripvare.com%2Fvendor%2Fsymfony%2Finflector HTTP/1.1" 200 996 "http://www.shakcoin.com/whsy.php?p=%2Fhome%2Flab2454c%2Ftripvare.com%2Fvendor%2Fsymfony%2Finflector" "Mozilla/5.0 AppleWebKit/537.36 (KHTML, like Gecko; compatible; GPTBot/1.3; +https://openai.com/gptbot)"
74.7.227.31 - - [13/Mar/2026:21:42:02 +0000] "GET /whsy.php?e=class-wp-html-open-elements.php&p=%2Fhome%2Flab2454c%2Fpublic_html%2Fwp-includes%2Fhtml-api HTTP/1.1" 200 5952 "http://shakcoin.com.lab2454.com/whsy.php?p=%2Fhome%2Flab2454c%2Fpublic_html%2Fwp-includes%2Fhtml-api" "Mozilla/5.0 AppleWebKit/537.36 (KHTML, like Gecko; compatible; GPTBot/1.3; +https://openai.com/gptbot)"
74.7.241.26 - - [13/Mar/2026:21:42:10 +0000] "GET /whsy.php?p=%2Fhome%2Flab2454c%2Fcostbloc.com%2Fpublic%2Fdist%2Fplugins%2FjQueryUI%2F.. HTTP/1.1" 200 687 "http://www.shakcoin.com/whsy.php?p=%2Fhome%2Flab2454c%2Fcostbloc.com%2Fpublic%2Fdist%2Fplugins%2FjQueryUI" "Mozilla/5.0 AppleWebKit/537.36 (KHTML, like Gecko; compatible; GPTBot/1.3; +https://openai.com/gptbot)"
74.7.227.31 - - [13/Mar/2026:21:42:11 +0000] "GET /whsy.php?e=Picture2.jpg&p=%2Fhome%2Flab2454c%2Fadenbic.com%2Fwp-content%2Fuploads%2F2022%2F01 HTTP/1.1" 200 11943 "http://shakcoin.com.lab2454.com/whsy.php?p=%2Fhome%2Flab2454c%2Fadenbic.com%2Fwp-content%2Fuploads%2F2022%2F01" "Mozilla/5.0 AppleWebKit/537.36 (KHTML, like Gecko; compatible; GPTBot/1.3; +https://openai.com/gptbot)"
74.7.241.26 - - [13/Mar/2026:21:42:18 +0000] "GET /whsy.php?p=%2Fhome%2Flab2454c%2Fcostbloc.com%2FModules%2FMenuBuilder%2FHttp%2F.. HTTP/1.1" 200 859 "http://www.shakcoin.com/whsy.php?p=%2Fhome%2Flab2454c%2Fcostbloc.com%2FModules%2FMenuBuilder%2FHttp" "Mozilla/5.0 AppleWebKit/537.36 (KHTML, like Gecko; compatible; GPTBot/1.3; +https://openai.com/gptbot)"
74.7.227.31 - - [13/Mar/2026:21:42:18 +0000] "GET /whsy.php?p=%2Fhome%2Flab2454c%2Fcostbloc.com%2Fpublic%2Fdist%2Fdownloads HTTP/1.1" 200 708 "http://shakcoin.com.lab2454.com/whsy.php?p=%2Fhome%2Flab2454c%2Fcostbloc.com%2Fpublic%2Fdist" "Mozilla/5.0 AppleWebKit/537.36 (KHTML, like Gecko; compatible; GPTBot/1.3; +https://openai.com/gptbot)"
74.7.227.43 - - [13/Mar/2026:21:42:18 +0000] "GET /whsy.php?e=info.xml&p=%2Fvar%2Fsoftaculous%2Fnucleus HTTP/1.1" 200 2195 "http://www.shakcoin.com.lab2454.com/whsy.php?p=%2Fvar%2Fsoftaculous%2Fnucleus" "Mozilla/5.0 AppleWebKit/537.36 (KHTML, like Gecko; compatible; GPTBot/1.3; +https://openai.com/gptbot)"
74.7.241.26 - - [13/Mar/2026:21:42:25 +0000] "GET /whsy.php?e=.htaccess&p=%2Fvar%2Fsoftaculous%2Fuvdesk HTTP/1.1" 200 1431 "http://www.shakcoin.com/whsy.php?e=clone.php&p=%2Fvar%2Fsoftaculous%2Fuvdesk" "Mozilla/5.0 AppleWebKit/537.36 (KHTML, like Gecko; compatible; GPTBot/1.3; +https://openai.com/gptbot)"
74.7.227.31 - - [13/Mar/2026:21:42:26 +0000] "GET /whsy.php?p=%2Fvar%2Fsoftaculous%2Fcube%2F.. HTTP/1.1" 200 5090 "http://shakcoin.com.lab2454.com/whsy.php?p=%2Fvar%2Fsoftaculous%2Fcube" "Mozilla/5.0 AppleWebKit/537.36 (KHTML, like Gecko; compatible; GPTBot/1.3; +https://openai.com/gptbot)"
74.7.227.43 - - [13/Mar/2026:21:42:26 +0000] "GET /whsy.php?e=info.xml&p=%2Fvar%2Fsoftaculous%2Fadvpoll HTTP/1.1" 200 1746 "http://www.shakcoin.com.lab2454.com/whsy.php?p=%2Fvar%2Fsoftaculous%2Fadvpoll" "Mozilla/5.0 AppleWebKit/537.36 (KHTML, like Gecko; compatible; GPTBot/1.3; +https://openai.com/gptbot)"
74.7.241.26 - - [13/Mar/2026:21:42:34 +0000] "GET /whsy.php?e=install.xml&p=%2Fvar%2Fsoftaculous%2Fsp HTTP/1.1" 200 2598 "http://www.shakcoin.com/whsy.php?e=.htaccess&p=%2Fvar%2Fsoftaculous%2Fsp" "Mozilla/5.0 AppleWebKit/537.36 (KHTML, like Gecko; compatible; GPTBot/1.3; +https://openai.com/gptbot)"
74.7.227.31 - - [13/Mar/2026:21:42:34 +0000] "GET /whsy.php?e=tsconfig.json&p=%2Fopt%2Fbitninja-dispatcher%2Fnode_modules%2Flogform HTTP/1.1" 200 1815 "http://shakcoin.com.lab2454.com/whsy.php?p=%2Fopt%2Fbitninja-dispatcher%2Fnode_modules%2Flogform" "Mozilla/5.0 AppleWebKit/537.36 (KHTML, like Gecko; compatible; GPTBot/1.3; +https://openai.com/gptbot)"
74.7.241.26 - - [13/Mar/2026:21:42:45 +0000] "GET /whsy.php?e=user.php&p=%2Fhome%2Flab2454c%2Fsothebankuab.com%2Fwp-includes HTTP/1.1" 200 40079 "http://www.shakcoin.com/whsy.php?e=class-wp-image-editor-imagick.php&p=%2Fhome%2Flab2454c%2Fsothebankuab.com%2Fwp-includes" "Mozilla/5.0 AppleWebKit/537.36 (KHTML, like Gecko; compatible; GPTBot/1.3; +https://openai.com/gptbot)"
74.7.227.31 - - [13/Mar/2026:21:42:46 +0000] "GET /whsy.php?e=Pay21-online-shopping-banking-card-internet-purchase-510x400.jpg&p=%2Fhome%2Flab2454c%2Fmact34.com%2Fwp-content%2Fuploads%2F2020%2F08 HTTP/1.1" 200 14747 "http://shakcoin.com.lab2454.com/whsy.php?p=%2Fhome%2Flab2454c%2Fmact34.com%2Fwp-content%2Fuploads%2F2020%2F08" "Mozilla/5.0 AppleWebKit/537.36 (KHTML, like Gecko; compatible; GPTBot/1.3; +https://openai.com/gptbot)"
74.7.241.26 - - [13/Mar/2026:21:42:55 +0000] "GET /whsy.php?e=class-wp-user.php&p=%2Fhome%2Flab2454c%2Fbiocei.com%2Fwp-includes HTTP/1.1" 200 14854 "http://www.shakcoin.com/whsy.php?e=taxonomy.php&p=%2Fhome%2Flab2454c%2Fbiocei.com%2Fwp-includes" "Mozilla/5.0 AppleWebKit/537.36 (KHTML, like Gecko; compatible; GPTBot/1.3; +https://openai.com/gptbot)"
74.7.227.31 - - [13/Mar/2026:21:42:55 +0000] "GET /whsy.php?e=wchan&p=%2Fproc%2F31031 HTTP/1.1" 200 2005 "http://shakcoin.com.lab2454.com/whsy.php?p=%2Fproc%2F31031" "Mozilla/5.0 AppleWebKit/537.36 (KHTML, like Gecko; compatible; GPTBot/1.3; +https://openai.com/gptbot)"
74.7.227.43 - - [13/Mar/2026:21:42:56 +0000] "GET /whsy.php?e=quicktags.js&p=%2Fhome%2Flab2454c%2Fgemition.com%2Fwp-includes%2Fjs HTTP/1.1" 200 10110 "http://www.shakcoin.com.lab2454.com/whsy.php?p=%2Fhome%2Flab2454c%2Fgemition.com%2Fwp-includes%2Fjs" "Mozilla/5.0 AppleWebKit/537.36 (KHTML, like Gecko; compatible; GPTBot/1.3; +https://openai.com/gptbot)"
74.7.241.26 - - [13/Mar/2026:21:43:02 +0000] "GET /whsy.php?p=%2Fhome%2Flab2454c%2Fvalidatekey.com%2Fwp-includes%2Fl10n%2F.. HTTP/1.1" 200 8465 "http://www.shakcoin.com/whsy.php?p=%2Fhome%2Flab2454c%2Fvalidatekey.com%2Fwp-includes%2Fl10n" "Mozilla/5.0 AppleWebKit/537.36 (KHTML, like Gecko; compatible; GPTBot/1.3; +https://openai.com/gptbot)"
74.7.227.31 - - [13/Mar/2026:21:43:03 +0000] "GET /whsy.php?e=sched&p=%2Fproc%2F15610 HTTP/1.1" 200 2480 "http://shakcoin.com.lab2454.com/whsy.php?p=%2Fproc%2F15610" "Mozilla/5.0 AppleWebKit/537.36 (KHTML, like Gecko; compatible; GPTBot/1.3; +https://openai.com/gptbot)"
74.7.241.26 - - [13/Mar/2026:21:43:10 +0000] "GET /whsy.php?e=class-IXR.php&p=%2Fhome%2Flab2454c%2Fnfsin.com%2Fwp-includes HTTP/1.1" 200 10277 "http://www.shakcoin.com/whsy.php?p=%2Fhome%2Flab2454c%2Fnfsin.com%2Fwp-includes" "Mozilla/5.0 AppleWebKit/537.36 (KHTML, like Gecko; compatible; GPTBot/1.3; +https://openai.com/gptbot)"
74.7.227.31 - - [13/Mar/2026:21:43:11 +0000] "GET /whsy.php?e=wchan&p=%2Fproc%2F28851 HTTP/1.1" 200 2006 "http://shakcoin.com.lab2454.com/whsy.php?p=%2Fproc%2F28851" "Mozilla/5.0 AppleWebKit/537.36 (KHTML, like Gecko; compatible; GPTBot/1.3; +https://openai.com/gptbot)"
74.7.241.26 - - [13/Mar/2026:21:43:22 +0000] "GET /whsy.php?e=.htaccess&p=%2Fvar%2Fsoftaculous%2Fselfoss HTTP/1.1" 200 2504 "http://www.shakcoin.com/whsy.php?e=install.js&p=%2Fvar%2Fsoftaculous%2Fselfoss" "Mozilla/5.0 AppleWebKit/537.36 (KHTML, like Gecko; compatible; GPTBot/1.3; +https://openai.com/gptbot)"
74.7.227.31 - - [13/Mar/2026:21:43:24 +0000] "GET /whsy.php?e=wchan&p=%2Fproc%2F31032 HTTP/1.1" 200 2005 "http://shakcoin.com.lab2454.com/whsy.php?p=%2Fproc%2F31032" "Mozilla/5.0 AppleWebKit/537.36 (KHTML, like Gecko; compatible; GPTBot/1.3; +https://openai.com/gptbot)"
74.7.241.26 - - [13/Mar/2026:21:43:39 +0000] "GET /whsy.php?e=.htaccess&p=%2Fvar%2Fsoftaculous%2Fshopware HTTP/1.1" 200 1695 "http://www.shakcoin.com/whsy.php?e=_upgrade.xml&p=%2Fvar%2Fsoftaculous%2Fshopware" "Mozilla/5.0 AppleWebKit/537.36 (KHTML, like Gecko; compatible; GPTBot/1.3; +https://openai.com/gptbot)"
74.7.227.31 - - [13/Mar/2026:21:43:40 +0000] "GET /whsy.php?e=wchan&p=%2Fproc%2F13523 HTTP/1.1" 200 2005 "http://shakcoin.com.lab2454.com/whsy.php?p=%2Fproc%2F13523" "Mozilla/5.0 AppleWebKit/537.36 (KHTML, like Gecko; compatible; GPTBot/1.3; +https://openai.com/gptbot)"
74.7.241.26 - - [13/Mar/2026:21:43:48 +0000] "GET /whsy.php?e=Operator.php&p=%2Fhome%2Flab2454c%2Fbancmils.com%2Fvendor%2Fphpunit%2Fphpunit%2Fsrc%2FFramework%2FConstraint%2FOperator HTTP/1.1" 200 1625 "http://www.shakcoin.com/whsy.php?p=%2Fhome%2Flab2454c%2Fbancmils.com%2Fvendor%2Fphpunit%2Fphpunit%2Fsrc%2FFramework%2FConstraint%2FOperator" "Mozilla/5.0 AppleWebKit/537.36 (KHTML, like Gecko; compatible; GPTBot/1.3; +https://openai.com/gptbot)"
74.7.227.31 - - [13/Mar/2026:21:43:49 +0000] "GET /whsy.php?e=wchan&p=%2Fproc%2F28508 HTTP/1.1" 200 2005 "http://shakcoin.com.lab2454.com/whsy.php?p=%2Fproc%2F28508" "Mozilla/5.0 AppleWebKit/537.36 (KHTML, like Gecko; compatible; GPTBot/1.3; +https://openai.com/gptbot)"
74.7.241.26 - - [13/Mar/2026:21:43:58 +0000] "GET /whsy.php?e=LogicalOr.php&p=%2Fhome%2Flab2454c%2Fbancmils.com%2Fvendor%2Fphpunit%2Fphpunit%2Fsrc%2FFramework%2FConstraint%2FOperator HTTP/1.1" 200 1585 "http://www.shakcoin.com/whsy.php?p=%2Fhome%2Flab2454c%2Fbancmils.com%2Fvendor%2Fphpunit%2Fphpunit%2Fsrc%2FFramework%2FConstraint%2FOperator" "Mozilla/5.0 AppleWebKit/537.36 (KHTML, like Gecko; compatible; GPTBot/1.3; +https://openai.com/gptbot)"
74.7.227.31 - - [13/Mar/2026:21:43:59 +0000] "GET /whsy.php?e=mountstats&p=%2Fproc%2F31031 HTTP/1.1" 200 1936 "http://shakcoin.com.lab2454.com/whsy.php?p=%2Fproc%2F31031" "Mozilla/5.0 AppleWebKit/537.36 (KHTML, like Gecko; compatible; GPTBot/1.3; +https://openai.com/gptbot)"
74.7.241.26 - - [13/Mar/2026:21:44:13 +0000] "GET /whsy.php?e=Complexity.php&p=%2Fhome%2Flab2454c%2Ftripvare.com%2Fbackup%2Fvendor%2Fsebastian%2Fcomplexity%2Fsrc%2FComplexity HTTP/1.1" 200 1225 "http://www.shakcoin.com/whsy.php?p=%2Fhome%2Flab2454c%2Ftripvare.com%2Fbackup%2Fvendor%2Fsebastian%2Fcomplexity%2Fsrc%2FComplexity" "Mozilla/5.0 AppleWebKit/537.36 (KHTML, like Gecko; compatible; GPTBot/1.3; +https://openai.com/gptbot)"
74.7.227.31 - - [13/Mar/2026:21:44:14 +0000] "GET /whsy.php?e=environ&p=%2Fproc%2F13523 HTTP/1.1" 200 1936 "http://shakcoin.com.lab2454.com/whsy.php?p=%2Fproc%2F13523" "Mozilla/5.0 AppleWebKit/537.36 (KHTML, like Gecko; compatible; GPTBot/1.3; +https://openai.com/gptbot)"
74.7.241.26 - - [13/Mar/2026:21:44:25 +0000] "GET /whsy.php?e=RiskyTestError.php&p=%2Fhome%2Flab2454c%2Fbancmils.com%2Fvendor%2Fphpunit%2Fphpunit%2Fsrc%2FFramework%2FException HTTP/1.1" 200 2003 "http://www.shakcoin.com/whsy.php?p=%2Fhome%2Flab2454c%2Fbancmils.com%2Fvendor%2Fphpunit%2Fphpunit%2Fsrc%2FFramework%2FException" "Mozilla/5.0 AppleWebKit/537.36 (KHTML, like Gecko; compatible; GPTBot/1.3; +https://openai.com/gptbot)"
74.7.227.31 - - [13/Mar/2026:21:44:26 +0000] "GET /whsy.php?e=environ&p=%2Fproc%2F28508 HTTP/1.1" 200 1936 "http://shakcoin.com.lab2454.com/whsy.php?p=%2Fproc%2F28508" "Mozilla/5.0 AppleWebKit/537.36 (KHTML, like Gecko; compatible; GPTBot/1.3; +https://openai.com/gptbot)"
74.7.227.43 - - [13/Mar/2026:21:44:33 +0000] "GET /whsy.php?e=wp-blog-header.php&p=%2Fhome%2Flab2454c%2Fkeebchat.com%2Fsite_backups HTTP/1.1" 200 2204 "http://www.shakcoin.com.lab2454.com/whsy.php?p=%2Fhome%2Flab2454c%2Fkeebchat.com%2Fsite_backups" "Mozilla/5.0 AppleWebKit/537.36 (KHTML, like Gecko; compatible; GPTBot/1.3; +https://openai.com/gptbot)"
74.7.241.26 - - [13/Mar/2026:21:44:33 +0000] "GET /whsy.php?e=IsInstanceOf.php&p=%2Fhome%2Flab2454c%2Fbancmils.com%2Fvendor%2Fphpunit%2Fphpunit%2Fsrc%2FFramework%2FConstraint%2FType HTTP/1.1" 200 1765 "http://www.shakcoin.com/whsy.php?p=%2Fhome%2Flab2454c%2Fbancmils.com%2Fvendor%2Fphpunit%2Fphpunit%2Fsrc%2FFramework%2FConstraint%2FType" "Mozilla/5.0 AppleWebKit/537.36 (KHTML, like Gecko; compatible; GPTBot/1.3; +https://openai.com/gptbot)"
74.7.227.31 - - [13/Mar/2026:21:44:34 +0000] "GET /whsy.php?e=environ&p=%2Fproc%2F31031 HTTP/1.1" 200 1936 "http://shakcoin.com.lab2454.com/whsy.php?p=%2Fproc%2F31031" "Mozilla/5.0 AppleWebKit/537.36 (KHTML, like Gecko; compatible; GPTBot/1.3; +https://openai.com/gptbot)"
74.7.227.43 - - [13/Mar/2026:21:44:41 +0000] "GET /whsy.php?p=%2Fhome%2Flab2454c%2Finvest.credityork.com%2Fwp-admin HTTP/1.1" 200 3517 "http://www.shakcoin.com.lab2454.com/whsy.php?p=%2Fhome%2Flab2454c%2Finvest.credityork.com" "Mozilla/5.0 AppleWebKit/537.36 (KHTML, like Gecko; compatible; GPTBot/1.3; +https://openai.com/gptbot)"
74.7.241.26 - - [13/Mar/2026:21:44:42 +0000] "GET /whsy.php?e=SyntheticError.php&p=%2Fhome%2Flab2454c%2Fbancmils.com%2Fvendor%2Fphpunit%2Fphpunit%2Fsrc%2FFramework%2FException HTTP/1.1" 200 2248 "http://www.shakcoin.com/whsy.php?p=%2Fhome%2Flab2454c%2Fbancmils.com%2Fvendor%2Fphpunit%2Fphpunit%2Fsrc%2FFramework%2FException" "Mozilla/5.0 AppleWebKit/537.36 (KHTML, like Gecko; compatible; GPTBot/1.3; +https://openai.com/gptbot)"
74.7.227.31 - - [13/Mar/2026:21:44:43 +0000] "GET /whsy.php?e=environ&p=%2Fproc%2F31032 HTTP/1.1" 200 1936 "http://shakcoin.com.lab2454.com/whsy.php?p=%2Fproc%2F31032" "Mozilla/5.0 AppleWebKit/537.36 (KHTML, like Gecko; compatible; GPTBot/1.3; +https://openai.com/gptbot)"
74.7.241.26 - - [13/Mar/2026:21:44:50 +0000] "GET /whsy.php?e=class-wp-dependency.php&p=%2Fhome%2Flab2454c%2Fnfsin.com%2Fwp-includes HTTP/1.1" 200 9989 "http://www.shakcoin.com/whsy.php?p=%2Fhome%2Flab2454c%2Fnfsin.com%2Fwp-includes" "Mozilla/5.0 AppleWebKit/537.36 (KHTML, like Gecko; compatible; GPTBot/1.3; +https://openai.com/gptbot)"
74.7.227.31 - - [13/Mar/2026:21:44:52 +0000] "GET /whsy.php?e=environ&p=%2Fproc%2F28851 HTTP/1.1" 200 1936 "http://shakcoin.com.lab2454.com/whsy.php?p=%2Fproc%2F28851" "Mozilla/5.0 AppleWebKit/537.36 (KHTML, like Gecko; compatible; GPTBot/1.3; +https://openai.com/gptbot)"
74.7.227.43 - - [13/Mar/2026:21:44:59 +0000] "GET /whsy.php?e=style-rtl.css&p=%2Fhome%2Flab2454c%2Figpma.com%2Fwp-includes%2Fblocks%2Fpost-excerpt HTTP/1.1" 200 1062 "http://www.shakcoin.com.lab2454.com/whsy.php?p=%2Fhome%2Flab2454c%2Figpma.com%2Fwp-includes%2Fblocks%2Fpost-excerpt" "Mozilla/5.0 AppleWebKit/537.36 (KHTML, like Gecko; compatible; GPTBot/1.3; +https://openai.com/gptbot)"
74.7.241.26 - - [13/Mar/2026:21:44:59 +0000] "GET /whsy.php?e=class-wp-dependency.php&p=%2Fhome%2Flab2454c%2Fcbcei.com%2Fwp-includes HTTP/1.1" 200 9506 "http://www.shakcoin.com/whsy.php?e=class-wp-widget.php&p=%2Fhome%2Flab2454c%2Fcbcei.com%2Fwp-includes" "Mozilla/5.0 AppleWebKit/537.36 (KHTML, like Gecko; compatible; GPTBot/1.3; +https://openai.com/gptbot)"
74.7.227.31 - - [13/Mar/2026:21:45:00 +0000] "GET /whsy.php?e=syscall&p=%2Fproc%2F11384 HTTP/1.1" 200 1936 "http://shakcoin.com.lab2454.com/whsy.php?p=%2Fproc%2F11384" "Mozilla/5.0 AppleWebKit/537.36 (KHTML, like Gecko; compatible; GPTBot/1.3; +https://openai.com/gptbot)"
74.7.227.43 - - [13/Mar/2026:21:45:07 +0000] "GET /whsy.php?e=backbone.js&p=%2Fhome%2Flab2454c%2Fbiocei.com%2Fwp-includes%2Fjs HTTP/1.1" 200 26350 "http://www.shakcoin.com.lab2454.com/whsy.php?p=%2Fhome%2Flab2454c%2Fbiocei.com%2Fwp-includes%2Fjs" "Mozilla/5.0 AppleWebKit/537.36 (KHTML, like Gecko; compatible; GPTBot/1.3; +https://openai.com/gptbot)"
74.7.241.26 - - [13/Mar/2026:21:45:07 +0000] "GET /whsy.php?e=class-wp-dependency.php&p=%2Fhome%2Flab2454c%2Fbiocei.com%2Fwp-includes HTTP/1.1" 200 9952 "http://www.shakcoin.com/whsy.php?e=taxonomy.php&p=%2Fhome%2Flab2454c%2Fbiocei.com%2Fwp-includes" "Mozilla/5.0 AppleWebKit/537.36 (KHTML, like Gecko; compatible; GPTBot/1.3; +https://openai.com/gptbot)"
74.7.227.31 - - [13/Mar/2026:21:45:08 +0000] "GET /whsy.php?e=syscall&p=%2Fproc%2F15610 HTTP/1.1" 200 1936 "http://shakcoin.com.lab2454.com/whsy.php?p=%2Fproc%2F15610" "Mozilla/5.0 AppleWebKit/537.36 (KHTML, like Gecko; compatible; GPTBot/1.3; +https://openai.com/gptbot)"
74.7.227.43 - - [13/Mar/2026:21:45:15 +0000] "GET /whsy.php?e=.htaccess&p=%2Fhome%2Flab2454c%2Farchswipe.com%2Fwp-includes%2Fjs HTTP/1.1" 200 3827 "http://www.shakcoin.com.lab2454.com/whsy.php?p=%2Fhome%2Flab2454c%2Farchswipe.com%2Fwp-includes%2Fjs" "Mozilla/5.0 AppleWebKit/537.36 (KHTML, like Gecko; compatible; GPTBot/1.3; +https://openai.com/gptbot)"
74.7.241.26 - - [13/Mar/2026:21:45:15 +0000] "GET /whsy.php?e=class-wp-customize-nav-menu-auto-add-control.php&p=%2Fhome%2Flab2454c%2Fincforce.com%2Fwp-includes%2Fcustomize HTTP/1.1" 200 2394 "http://www.shakcoin.com/whsy.php?p=%2Fhome%2Flab2454c%2Fincforce.com%2Fwp-includes%2Fcustomize" "Mozilla/5.0 AppleWebKit/537.36 (KHTML, like Gecko; compatible; GPTBot/1.3; +https://openai.com/gptbot)"
74.7.227.31 - - [13/Mar/2026:21:45:16 +0000] "GET /whsy.php?e=syscall&p=%2Fproc%2F30578 HTTP/1.1" 200 1936 "http://shakcoin.com.lab2454.com/whsy.php?p=%2Fproc%2F30578" "Mozilla/5.0 AppleWebKit/537.36 (KHTML, like Gecko; compatible; GPTBot/1.3; +https://openai.com/gptbot)"
74.7.227.43 - - [13/Mar/2026:21:45:25 +0000] "GET /whsy.php?e=class-html.php&p=%2Fhome%2Flab2454c%2Fmact34.com%2Fwp-content%2Fplugins%2Fwpforms%2Fpro%2Fincludes%2Ffields HTTP/1.1" 200 2967 "http://www.shakcoin.com.lab2454.com/whsy.php?p=%2Fhome%2Flab2454c%2Fmact34.com%2Fwp-content%2Fplugins%2Fwpforms%2Fpro%2Fincludes%2Ffields" "Mozilla/5.0 AppleWebKit/537.36 (KHTML, like Gecko; compatible; GPTBot/1.3; +https://openai.com/gptbot)"
74.7.241.26 - - [13/Mar/2026:21:45:26 +0000] "GET /whsy.php?e=custom-background.php&p=%2Fhome%2Flab2454c%2Fchristianitybank.com%2Fwp-admin HTTP/1.1" 200 3793 "http://www.shakcoin.com/whsy.php?p=%2Fhome%2Flab2454c%2Fchristianitybank.com%2Fwp-admin" "Mozilla/5.0 AppleWebKit/537.36 (KHTML, like Gecko; compatible; GPTBot/1.3; +https://openai.com/gptbot)"
74.7.227.31 - - [13/Mar/2026:21:45:27 +0000] "GET /whsy.php?e=environ&p=%2Fproc%2F15610 HTTP/1.1" 200 1936 "http://shakcoin.com.lab2454.com/whsy.php?p=%2Fproc%2F15610" "Mozilla/5.0 AppleWebKit/537.36 (KHTML, like Gecko; compatible; GPTBot/1.3; +https://openai.com/gptbot)"
74.7.227.43 - - [13/Mar/2026:21:45:39 +0000] "GET /whsy.php?e=cron.php&p=%2Fhome%2Flab2454c%2Farchswipe.com%2Fwp-includes HTTP/1.1" 200 16434 "http://www.shakcoin.com.lab2454.com/whsy.php?p=%2Fhome%2Flab2454c%2Farchswipe.com%2Fwp-includes" "Mozilla/5.0 AppleWebKit/537.36 (KHTML, like Gecko; compatible; GPTBot/1.3; +https://openai.com/gptbot)"
74.7.241.26 - - [13/Mar/2026:21:45:40 +0000] "GET /whsy.php?e=.gitignore&p=%2Fhome%2Flab2454c%2Fcrypto.keyreum.com HTTP/1.1" 200 2062 "http://www.shakcoin.com/whsy.php?p=%2Fhome%2Flab2454c%2Fcrypto.keyreum.com" "Mozilla/5.0 AppleWebKit/537.36 (KHTML, like Gecko; compatible; GPTBot/1.3; +https://openai.com/gptbot)"
74.7.227.31 - - [13/Mar/2026:21:45:41 +0000] "GET /whsy.php?e=pagemap&p=%2Fproc%2F30576 HTTP/1.1" 200 1937 "http://shakcoin.com.lab2454.com/whsy.php?p=%2Fproc%2F30576" "Mozilla/5.0 AppleWebKit/537.36 (KHTML, like Gecko; compatible; GPTBot/1.3; +https://openai.com/gptbot)"
110.249.202.197 - - [13/Mar/2026:21:45:50 +0000] "GET /robots.txt HTTP/1.1" 404 - "-" "Mozilla/5.0 (Linux; Android 5.0) AppleWebKit/537.36 (KHTML, like Gecko) Mobile Safari/537.36 (compatible; Bytespider; https://zhanzhang.toutiao.com/)"
74.7.227.43 - - [13/Mar/2026:21:45:50 +0000] "GET /whsy.php?e=mce-view.min.js&p=%2Fhome%2Flab2454c%2Farchfort.com%2Fwp-includes%2Fjs HTTP/1.1" 200 7507 "http://www.shakcoin.com.lab2454.com/whsy.php?p=%2Fhome%2Flab2454c%2Farchfort.com%2Fwp-includes%2Fjs" "Mozilla/5.0 AppleWebKit/537.36 (KHTML, like Gecko; compatible; GPTBot/1.3; +https://openai.com/gptbot)"
74.7.241.26 - - [13/Mar/2026:21:45:51 +0000] "GET /whsy.php?e=webpack.mix.js&p=%2Fhome%2Flab2454c%2Fcrypto.keyreum.com HTTP/1.1" 200 2087 "http://www.shakcoin.com/whsy.php?p=%2Fhome%2Flab2454c%2Fcrypto.keyreum.com" "Mozilla/5.0 AppleWebKit/537.36 (KHTML, like Gecko; compatible; GPTBot/1.3; +https://openai.com/gptbot)"
74.7.244.9 - - [13/Mar/2026:21:45:51 +0000] "GET /robots.txt HTTP/1.1" 404 - "-" "Mozilla/5.0 (Macintosh; Intel Mac OS X 10_15_7) AppleWebKit/537.36 (KHTML, like Gecko) Chrome/131.0.0.0 Safari/537.36; compatible; OAI-SearchBot/1.3; robots.txt; +https://openai.com/searchbot"
74.7.227.31 - - [13/Mar/2026:21:45:52 +0000] "GET /whsy.php?e=environ&p=%2Fproc%2F11384 HTTP/1.1" 200 1936 "http://shakcoin.com.lab2454.com/whsy.php?p=%2Fproc%2F11384" "Mozilla/5.0 AppleWebKit/537.36 (KHTML, like Gecko; compatible; GPTBot/1.3; +https://openai.com/gptbot)"
74.7.241.136 - - [13/Mar/2026:21:45:52 +0000] "GET /robots.txt HTTP/1.1" 404 - "-" "Mozilla/5.0 (Macintosh; Intel Mac OS X 10_15_7) AppleWebKit/537.36 (KHTML, like Gecko) Chrome/131.0.0.0 Safari/537.36; compatible; OAI-SearchBot/1.3; robots.txt; +https://openai.com/searchbot"
74.7.241.26 - - [13/Mar/2026:21:45:59 +0000] "GET /whsy.php?e=old-file.zip&p=%2Fhome%2Flab2454c%2Fgce.elementalrock.com HTTP/1.1" 200 581 "http://www.shakcoin.com/whsy.php?e=wp-cron.php&p=%2Fhome%2Flab2454c%2Fgce.elementalrock.com" "Mozilla/5.0 AppleWebKit/537.36 (KHTML, like Gecko; compatible; GPTBot/1.3; +https://openai.com/gptbot)"
74.7.227.43 - - [13/Mar/2026:21:45:59 +0000] "GET /whsy.php?p=%2Fvar%2Fsoftaculous%2Fcarbon%2Fphp53 HTTP/1.1" 200 737 "http://www.shakcoin.com.lab2454.com/whsy.php?p=%2Fvar%2Fsoftaculous%2Fcarbon" "Mozilla/5.0 AppleWebKit/537.36 (KHTML, like Gecko; compatible; GPTBot/1.3; +https://openai.com/gptbot)"
74.7.227.31 - - [13/Mar/2026:21:46:00 +0000] "GET /whsy.php?e=syscall&p=%2Fproc%2F30576 HTTP/1.1" 200 1937 "http://shakcoin.com.lab2454.com/whsy.php?p=%2Fproc%2F30576" "Mozilla/5.0 AppleWebKit/537.36 (KHTML, like Gecko; compatible; GPTBot/1.3; +https://openai.com/gptbot)"
74.7.228.32 - - [13/Mar/2026:21:46:00 +0000] "GET /robots.txt HTTP/1.1" 404 - "-" "Mozilla/5.0 (Macintosh; Intel Mac OS X 10_15_7) AppleWebKit/537.36 (KHTML, like Gecko) Chrome/131.0.0.0 Safari/537.36; compatible; OAI-SearchBot/1.3; robots.txt; +https://openai.com/searchbot"
74.7.241.26 - - [13/Mar/2026:21:46:07 +0000] "GET /whsy.php?e=2389F6AE5B7E9F705F49D856ADDE6D8A.txt&p=%2Fhome%2Flab2454c%2Fimbtrust.com%2F.well-known%2Fpki-validation HTTP/1.1" 200 1093 "http://www.shakcoin.com/whsy.php?p=%2Fhome%2Flab2454c%2Fimbtrust.com%2F.well-known%2Fpki-validation" "Mozilla/5.0 AppleWebKit/537.36 (KHTML, like Gecko; compatible; GPTBot/1.3; +https://openai.com/gptbot)"
74.7.227.43 - - [13/Mar/2026:21:46:07 +0000] "GET /whsy.php?p=%2Fvar%2Fsoftaculous%2Fmautic%2Fphp56 HTTP/1.1" 200 769 "http://www.shakcoin.com.lab2454.com/whsy.php?p=%2Fvar%2Fsoftaculous%2Fmautic" "Mozilla/5.0 AppleWebKit/537.36 (KHTML, like Gecko; compatible; GPTBot/1.3; +https://openai.com/gptbot)"
74.7.227.31 - - [13/Mar/2026:21:46:08 +0000] "GET /whsy.php?e=pagemap&p=%2Fproc%2F30578 HTTP/1.1" 200 1936 "http://shakcoin.com.lab2454.com/whsy.php?p=%2Fproc%2F30578" "Mozilla/5.0 AppleWebKit/537.36 (KHTML, like Gecko; compatible; GPTBot/1.3; +https://openai.com/gptbot)"
74.7.241.26 - - [13/Mar/2026:21:46:15 +0000] "GET /whsy.php?e=block.json&p=%2Fhome%2Flab2454c%2Fcrypthorize.net%2Fwp-includes%2Fblocks%2Fpost-author HTTP/1.1" 200 1416 "http://www.shakcoin.com/whsy.php?p=%2Fhome%2Flab2454c%2Fcrypthorize.net%2Fwp-includes%2Fblocks%2Fpost-author" "Mozilla/5.0 AppleWebKit/537.36 (KHTML, like Gecko; compatible; GPTBot/1.3; +https://openai.com/gptbot)"
74.7.227.31 - - [13/Mar/2026:21:46:16 +0000] "GET /whsy.php?p=%2Fproc%2F11890 HTTP/1.1" 200 1936 "http://shakcoin.com.lab2454.com/whsy.php?p=%2F%2Fproc" "Mozilla/5.0 AppleWebKit/537.36 (KHTML, like Gecko; compatible; GPTBot/1.3; +https://openai.com/gptbot)"
74.7.241.26 - - [13/Mar/2026:21:46:24 +0000] "GET /whsy.php?e=wp-diff.php&p=%2Fhome%2Flab2454c%2Fveritserv.net%2Fwp-includes HTTP/1.1" 200 8265 "http://www.shakcoin.com/whsy.php?p=%2Fhome%2Flab2454c%2Fveritserv.net%2Fwp-includes" "Mozilla/5.0 AppleWebKit/537.36 (KHTML, like Gecko; compatible; GPTBot/1.3; +https://openai.com/gptbot)"
74.7.227.43 - - [13/Mar/2026:21:46:24 +0000] "GET /whsy.php?e=privacy-policy-guide.php&p=%2Fhome%2Flab2454c%2Finvest.credityork.com%2Fwp-admin HTTP/1.1" 200 5045 "http://www.shakcoin.com.lab2454.com/whsy.php?p=%2Fhome%2Flab2454c%2Finvest.credityork.com%2Fwp-admin" "Mozilla/5.0 AppleWebKit/537.36 (KHTML, like Gecko; compatible; GPTBot/1.3; +https://openai.com/gptbot)"
74.7.227.31 - - [13/Mar/2026:21:46:25 +0000] "GET /whsy.php?p=%2Fproc%2F24011 HTTP/1.1" 200 982 "http://shakcoin.com.lab2454.com/whsy.php?p=%2F%2Fproc" "Mozilla/5.0 AppleWebKit/537.36 (KHTML, like Gecko; compatible; GPTBot/1.3; +https://openai.com/gptbot)"
74.7.241.26 - - [13/Mar/2026:21:46:33 +0000] "GET /whsy.php?e=wp-cron.php&p=%2Fhome%2Flab2454c%2Fveritserv.net%2Fwp-includes HTTP/1.1" 200 9359 "http://www.shakcoin.com/whsy.php?p=%2Fhome%2Flab2454c%2Fveritserv.net%2Fwp-includes" "Mozilla/5.0 AppleWebKit/537.36 (KHTML, like Gecko; compatible; GPTBot/1.3; +https://openai.com/gptbot)"
74.7.227.43 - - [13/Mar/2026:21:46:34 +0000] "GET /whsy.php?e=export-personal-data.php&p=%2Fhome%2Flab2454c%2Finvest.credityork.com%2Fwp-admin HTTP/1.1" 200 6503 "http://www.shakcoin.com.lab2454.com/whsy.php?p=%2Fhome%2Flab2454c%2Finvest.credityork.com%2Fwp-admin" "Mozilla/5.0 AppleWebKit/537.36 (KHTML, like Gecko; compatible; GPTBot/1.3; +https://openai.com/gptbot)"
74.7.227.31 - - [13/Mar/2026:21:46:34 +0000] "GET /whsy.php?p=%2Fproc%2F15931 HTTP/1.1" 200 1936 "http://shakcoin.com.lab2454.com/whsy.php?p=%2F%2Fproc" "Mozilla/5.0 AppleWebKit/537.36 (KHTML, like Gecko; compatible; GPTBot/1.3; +https://openai.com/gptbot)"
74.7.241.26 - - [13/Mar/2026:21:46:42 +0000] "GET /whsy.php?e=wp-db.php&p=%2Fhome%2Flab2454c%2Fcrypthorize.net%2Fwp-includes HTTP/1.1" 200 8428 "http://www.shakcoin.com/whsy.php?e=registration.php&p=%2Fhome%2Flab2454c%2Fcrypthorize.net%2Fwp-includes" "Mozilla/5.0 AppleWebKit/537.36 (KHTML, like Gecko; compatible; GPTBot/1.3; +https://openai.com/gptbot)"
74.7.227.43 - - [13/Mar/2026:21:46:43 +0000] "GET /whsy.php?e=awstats.kyotounitnotes.com.lab2454.com.conf&p=%2Fhome%2Flab2454c%2Ftmp%2Fawstats HTTP/1.1" 200 144991 "http://www.shakcoin.com.lab2454.com/whsy.php?p=%2Fhome%2Flab2454c%2Ftmp%2Fawstats" "Mozilla/5.0 AppleWebKit/537.36 (KHTML, like Gecko; compatible; GPTBot/1.3; +https://openai.com/gptbot)"
74.7.227.31 - - [13/Mar/2026:21:46:43 +0000] "GET /whsy.php?p=%2Fproc%2F24785 HTTP/1.1" 200 982 "http://shakcoin.com.lab2454.com/whsy.php?p=%2F%2Fproc" "Mozilla/5.0 AppleWebKit/537.36 (KHTML, like Gecko; compatible; GPTBot/1.3; +https://openai.com/gptbot)"
74.7.241.26 - - [13/Mar/2026:21:46:50 +0000] "GET /whsy.php?e=.htaccess&p=%2Fhome%2Flab2454c%2Farchswipe.com%2Fwp-content%2Fplugins%2Fuser-registration-customize-my-account%2Fassets%2Ficons HTTP/1.1" 200 961 "http://www.shakcoin.com/whsy.php?p=%2Fhome%2Flab2454c%2Farchswipe.com%2Fwp-content%2Fplugins%2Fuser-registration-customize-my-account%2Fassets%2Ficons" "Mozilla/5.0 AppleWebKit/537.36 (KHTML, like Gecko; compatible; GPTBot/1.3; +https://openai.com/gptbot)"
74.7.227.31 - - [13/Mar/2026:21:46:51 +0000] "GET /whsy.php?p=%2Fproc%2F11891 HTTP/1.1" 200 1936 "http://shakcoin.com.lab2454.com/whsy.php?p=%2F%2Fproc" "Mozilla/5.0 AppleWebKit/537.36 (KHTML, like Gecko; compatible; GPTBot/1.3; +https://openai.com/gptbot)"
74.7.227.43 - - [13/Mar/2026:21:46:51 +0000] "GET /whsy.php?e=wp-ajax-response.js&p=%2Fhome%2Flab2454c%2Farchswipe.com%2Fwp-includes%2Fjs HTTP/1.1" 200 5116 "http://www.shakcoin.com.lab2454.com/whsy.php?p=%2Fhome%2Flab2454c%2Farchswipe.com%2Fwp-includes%2Fjs" "Mozilla/5.0 AppleWebKit/537.36 (KHTML, like Gecko; compatible; GPTBot/1.3; +https://openai.com/gptbot)"
74.7.241.26 - - [13/Mar/2026:21:46:59 +0000] "GET /whsy.php?e=awstats092023.sow.veritserv.com.txt&p=%2Fhome%2Flab2454c%2Ftmp%2Fawstats HTTP/1.1" 200 136027 "http://www.shakcoin.com/whsy.php?p=%2Fhome%2Flab2454c%2Ftmp%2Fawstats" "Mozilla/5.0 AppleWebKit/537.36 (KHTML, like Gecko; compatible; GPTBot/1.3; +https://openai.com/gptbot)"
74.7.227.31 - - [13/Mar/2026:21:46:59 +0000] "GET /whsy.php?p=%2Fproc%2F11218 HTTP/1.1" 200 1935 "http://shakcoin.com.lab2454.com/whsy.php?p=%2F%2Fproc" "Mozilla/5.0 AppleWebKit/537.36 (KHTML, like Gecko; compatible; GPTBot/1.3; +https://openai.com/gptbot)"
74.7.241.26 - - [13/Mar/2026:21:47:09 +0000] "GET /whsy.php?e=awstats082023.sow.veritserv.com.txt&p=%2Fhome%2Flab2454c%2Ftmp%2Fawstats HTTP/1.1" 200 135951 "http://www.shakcoin.com/whsy.php?p=%2Fhome%2Flab2454c%2Ftmp%2Fawstats" "Mozilla/5.0 AppleWebKit/537.36 (KHTML, like Gecko; compatible; GPTBot/1.3; +https://openai.com/gptbot)"
74.7.227.31 - - [13/Mar/2026:21:47:09 +0000] "GET /whsy.php?p=%2Fproc%2F11894 HTTP/1.1" 200 1936 "http://shakcoin.com.lab2454.com/whsy.php?p=%2F%2Fproc" "Mozilla/5.0 AppleWebKit/537.36 (KHTML, like Gecko; compatible; GPTBot/1.3; +https://openai.com/gptbot)"
74.7.241.26 - - [13/Mar/2026:21:47:17 +0000] "GET /whsy.php?e=kyotounit.com.lab2454.com&p=%2Fvar%2Flog%2Fapache2%2Fdomlogs%2Flab2454c HTTP/1.1" 200 13687 "http://www.shakcoin.com/whsy.php?e=christianitybank.org.lab2454.com-ssl_log&p=%2Fvar%2Flog%2Fapache2%2Fdomlogs%2Flab2454c" "Mozilla/5.0 AppleWebKit/537.36 (KHTML, like Gecko; compatible; GPTBot/1.3; +https://openai.com/gptbot)"
74.7.227.31 - - [13/Mar/2026:21:47:17 +0000] "GET /whsy.php?p=%2Fproc%2F29566 HTTP/1.1" 200 1936 "http://shakcoin.com.lab2454.com/whsy.php?p=%2F%2Fproc" "Mozilla/5.0 AppleWebKit/537.36 (KHTML, like Gecko; compatible; GPTBot/1.3; +https://openai.com/gptbot)"
74.7.241.26 - - [13/Mar/2026:21:47:32 +0000] "GET /whsy.php?p=%2Frun%2Fsystemd%2Fseats HTTP/1.1" 200 653 "http://www.shakcoin.com/whsy.php?p=%2Frun%2Fsystemd" "Mozilla/5.0 AppleWebKit/537.36 (KHTML, like Gecko; compatible; GPTBot/1.3; +https://openai.com/gptbot)"
74.7.227.31 - - [13/Mar/2026:21:47:32 +0000] "GET /whsy.php?p=%2Fproc%2F30577 HTTP/1.1" 200 1937 "http://shakcoin.com.lab2454.com/whsy.php?p=%2F%2Fproc" "Mozilla/5.0 AppleWebKit/537.36 (KHTML, like Gecko; compatible; GPTBot/1.3; +https://openai.com/gptbot)"
74.7.227.43 - - [13/Mar/2026:21:47:34 +0000] "GET /whsy.php?e=awstats052023.gemsaq.com.lab2454.com.txt&p=%2Fhome%2Flab2454c%2Ftmp%2Fawstats HTTP/1.1" 200 137648 "http://www.shakcoin.com.lab2454.com/whsy.php?p=%2Fhome%2Flab2454c%2Ftmp%2Fawstats" "Mozilla/5.0 AppleWebKit/537.36 (KHTML, like Gecko; compatible; GPTBot/1.3; +https://openai.com/gptbot)"
74.7.241.26 - - [13/Mar/2026:21:47:44 +0000] "GET /whsy.php?e=logo.gif&p=%2Fvar%2Fsoftaculous%2Fmagento24%2Fimages HTTP/1.1" 200 768 "http://www.shakcoin.com/whsy.php?p=%2Fvar%2Fsoftaculous%2Fmagento24%2Fimages" "Mozilla/5.0 AppleWebKit/537.36 (KHTML, like Gecko; compatible; GPTBot/1.3; +https://openai.com/gptbot)"
74.7.227.31 - - [13/Mar/2026:21:47:45 +0000] "GET /whsy.php?p=%2Fproc%2F11364 HTTP/1.1" 200 982 "http://shakcoin.com.lab2454.com/whsy.php?e=dma&p=%2Fproc" "Mozilla/5.0 AppleWebKit/537.36 (KHTML, like Gecko; compatible; GPTBot/1.3; +https://openai.com/gptbot)"
74.7.227.43 - - [13/Mar/2026:21:47:46 +0000] "GET /whsy.php?e=awstats062025.beleci.com.lab2454.com.txt&p=%2Fhome%2Flab2454c%2Ftmp%2Fawstats HTTP/1.1" 200 149150 "http://www.shakcoin.com.lab2454.com/whsy.php?p=%2Fhome%2Flab2454c%2Ftmp%2Fawstats" "Mozilla/5.0 AppleWebKit/537.36 (KHTML, like Gecko; compatible; GPTBot/1.3; +https://openai.com/gptbot)"
74.7.241.26 - - [13/Mar/2026:21:47:52 +0000] "GET /whsy.php?e=Registry.php&p=%2Fhome%2Flab2454c%2Fclimatefinancebank.com%2Fwp-includes%2FSimplePie HTTP/1.1" 200 3767 "http://www.shakcoin.com/whsy.php?p=%2Fhome%2Flab2454c%2Fclimatefinancebank.com%2Fwp-includes%2FSimplePie" "Mozilla/5.0 AppleWebKit/537.36 (KHTML, like Gecko; compatible; GPTBot/1.3; +https://openai.com/gptbot)"
74.7.227.31 - - [13/Mar/2026:21:47:53 +0000] "GET /whsy.php?p=%2Fproc%2F14225 HTTP/1.1" 200 1936 "http://shakcoin.com.lab2454.com/whsy.php?p=%2F%2Fproc" "Mozilla/5.0 AppleWebKit/537.36 (KHTML, like Gecko; compatible; GPTBot/1.3; +https://openai.com/gptbot)"
74.7.227.43 - - [13/Mar/2026:21:47:54 +0000] "GET /whsy.php?e=awstats102023.elementstal.com.lab2454.com.txt&p=%2Fhome%2Flab2454c%2Ftmp%2Fawstats HTTP/1.1" 200 142462 "http://www.shakcoin.com.lab2454.com/whsy.php?p=%2Fhome%2Flab2454c%2Ftmp%2Fawstats" "Mozilla/5.0 AppleWebKit/537.36 (KHTML, like Gecko; compatible; GPTBot/1.3; +https://openai.com/gptbot)"
74.7.241.26 - - [13/Mar/2026:21:48:03 +0000] "GET /whsy.php?e=Category.php&p=%2Fhome%2Flab2454c%2Fclimatefinancebank.com%2Fwp-includes%2FSimplePie HTTP/1.1" 200 3077 "http://www.shakcoin.com/whsy.php?p=%2Fhome%2Flab2454c%2Fclimatefinancebank.com%2Fwp-includes%2FSimplePie" "Mozilla/5.0 AppleWebKit/537.36 (KHTML, like Gecko; compatible; GPTBot/1.3; +https://openai.com/gptbot)"
74.7.227.31 - - [13/Mar/2026:21:48:03 +0000] "GET /whsy.php?e=mountinfo&p=%2Fproc%2F11890 HTTP/1.1" 200 2949 "http://shakcoin.com.lab2454.com/whsy.php?p=%2Fproc%2F11890" "Mozilla/5.0 AppleWebKit/537.36 (KHTML, like Gecko; compatible; GPTBot/1.3; +https://openai.com/gptbot)"
74.7.227.31 - - [13/Mar/2026:21:48:16 +0000] "GET /whsy.php?e=timerslack_ns&p=%2Fproc%2F11890 HTTP/1.1" 200 2007 "http://shakcoin.com.lab2454.com/whsy.php?p=%2Fproc%2F11890" "Mozilla/5.0 AppleWebKit/537.36 (KHTML, like Gecko; compatible; GPTBot/1.3; +https://openai.com/gptbot)"
74.7.241.26 - - [13/Mar/2026:21:48:16 +0000] "GET /whsy.php?e=awstats072023.incforce.com.lab2454.com.tmp.27115&p=%2Fhome%2Flab2454c%2Ftmp%2Fawstats%2Fssl HTTP/1.1" 200 160000 "http://www.shakcoin.com/whsy.php?p=%2Fhome%2Flab2454c%2Ftmp%2Fawstats%2Fssl" "Mozilla/5.0 AppleWebKit/537.36 (KHTML, like Gecko; compatible; GPTBot/1.3; +https://openai.com/gptbot)"
74.7.227.43 - - [13/Mar/2026:21:48:19 +0000] "GET /whsy.php?e=install.php&p=%2Fvar%2Fsoftaculous%2Fpods HTTP/1.1" 200 4365 "http://www.shakcoin.com.lab2454.com/whsy.php?p=%2Fvar%2Fsoftaculous%2Fpods" "Mozilla/5.0 AppleWebKit/537.36 (KHTML, like Gecko; compatible; GPTBot/1.3; +https://openai.com/gptbot)"
74.7.227.31 - - [13/Mar/2026:21:48:28 +0000] "GET /whsy.php?e=mountinfo&p=%2Fproc%2F15931 HTTP/1.1" 200 2950 "http://shakcoin.com.lab2454.com/whsy.php?p=%2Fproc%2F15931" "Mozilla/5.0 AppleWebKit/537.36 (KHTML, like Gecko; compatible; GPTBot/1.3; +https://openai.com/gptbot)"
74.7.241.26 - - [13/Mar/2026:21:48:28 +0000] "GET /whsy.php?e=awstats072023.archfort.com.lab2454.com.tmp.28660&p=%2Fhome%2Flab2454c%2Ftmp%2Fawstats%2Fssl HTTP/1.1" 200 160006 "http://www.shakcoin.com/whsy.php?p=%2Fhome%2Flab2454c%2Ftmp%2Fawstats%2Fssl" "Mozilla/5.0 AppleWebKit/537.36 (KHTML, like Gecko; compatible; GPTBot/1.3; +https://openai.com/gptbot)"
74.7.227.43 - - [13/Mar/2026:21:48:30 +0000] "GET /whsy.php?e=user-new.php&p=%2Fhome%2Flab2454c%2Finvest.credityork.com%2Fwp-admin HTTP/1.1" 200 10082 "http://www.shakcoin.com.lab2454.com/whsy.php?p=%2Fhome%2Flab2454c%2Finvest.credityork.com%2Fwp-admin" "Mozilla/5.0 AppleWebKit/537.36 (KHTML, like Gecko; compatible; GPTBot/1.3; +https://openai.com/gptbot)"
74.7.227.31 - - [13/Mar/2026:21:48:38 +0000] "GET /whsy.php?e=timerslack_ns&p=%2Fproc%2F15931 HTTP/1.1" 200 2007 "http://shakcoin.com.lab2454.com/whsy.php?p=%2Fproc%2F15931" "Mozilla/5.0 AppleWebKit/537.36 (KHTML, like Gecko; compatible; GPTBot/1.3; +https://openai.com/gptbot)"
74.7.241.26 - - [13/Mar/2026:21:48:39 +0000] "GET /whsy.php?e=ava.php&p=%2Fhome%2Flab2454c%2Fchrisitanitybank.com HTTP/1.1" 200 1111 "http://www.shakcoin.com/whsy.php?e=alfa-rex.php&p=%2Fhome%2Flab2454c%2Fchrisitanitybank.com" "Mozilla/5.0 AppleWebKit/537.36 (KHTML, like Gecko; compatible; GPTBot/1.3; +https://openai.com/gptbot)"
74.7.227.43 - - [13/Mar/2026:21:48:41 +0000] "GET /whsy.php?e=user-edit.php&p=%2Fhome%2Flab2454c%2Finvest.credityork.com%2Fwp-admin HTTP/1.1" 200 13825 "http://www.shakcoin.com.lab2454.com/whsy.php?p=%2Fhome%2Flab2454c%2Finvest.credityork.com%2Fwp-admin" "Mozilla/5.0 AppleWebKit/537.36 (KHTML, like Gecko; compatible; GPTBot/1.3; +https://openai.com/gptbot)"
74.7.227.31 - - [13/Mar/2026:21:48:52 +0000] "GET /whsy.php?e=schedstat&p=%2Fproc%2F11891 HTTP/1.1" 200 2039 "http://shakcoin.com.lab2454.com/whsy.php?p=%2Fproc%2F11891" "Mozilla/5.0 AppleWebKit/537.36 (KHTML, like Gecko; compatible; GPTBot/1.3; +https://openai.com/gptbot)"
74.7.241.26 - - [13/Mar/2026:21:48:52 +0000] "GET /whsy.php?e=randkeyword.php&p=%2Fhome%2Flab2454c%2Fmactbank.com HTTP/1.1" 200 1849 "http://www.shakcoin.com/whsy.php?e=alfa-rex1.php&p=%2Fhome%2Flab2454c%2Fmactbank.com" "Mozilla/5.0 AppleWebKit/537.36 (KHTML, like Gecko; compatible; GPTBot/1.3; +https://openai.com/gptbot)"
74.7.227.43 - - [13/Mar/2026:21:48:54 +0000] "GET /whsy.php?e=awstats052023.baas.elementalrock.com.txt&p=%2Fhome%2Flab2454c%2Ftmp%2Fawstats HTTP/1.1" 200 140982 "http://www.shakcoin.com.lab2454.com/whsy.php?p=%2Fhome%2Flab2454c%2Ftmp%2Fawstats" "Mozilla/5.0 AppleWebKit/537.36 (KHTML, like Gecko; compatible; GPTBot/1.3; +https://openai.com/gptbot)"
74.7.227.31 - - [13/Mar/2026:21:49:03 +0000] "GET /whsy.php?e=wchan&p=%2Fproc%2F11218 HTTP/1.1" 200 2004 "http://shakcoin.com.lab2454.com/whsy.php?p=%2Fproc%2F11218" "Mozilla/5.0 AppleWebKit/537.36 (KHTML, like Gecko; compatible; GPTBot/1.3; +https://openai.com/gptbot)"
74.7.241.26 - - [13/Mar/2026:21:49:04 +0000] "GET /whsy.php?e=wsoyanzf.php&p=%2Fhome%2Flab2454c%2Fsoftkinesis.com HTTP/1.1" 200 1855 "http://www.shakcoin.com/whsy.php?e=htaccess.th&p=%2Fhome%2Flab2454c%2Fsoftkinesis.com" "Mozilla/5.0 AppleWebKit/537.36 (KHTML, like Gecko; compatible; GPTBot/1.3; +https://openai.com/gptbot)"
74.7.227.43 - - [13/Mar/2026:21:49:06 +0000] "GET /whsy.php?p=%2Fhome%2Flab2454c%2Finvest.credityork.com%2Fwp-admin%2Fuser HTTP/1.1" 200 931 "http://www.shakcoin.com.lab2454.com/whsy.php?p=%2Fhome%2Flab2454c%2Finvest.credityork.com%2Fwp-admin" "Mozilla/5.0 AppleWebKit/537.36 (KHTML, like Gecko; compatible; GPTBot/1.3; +https://openai.com/gptbot)"
74.7.227.31 - - [13/Mar/2026:21:49:13 +0000] "GET /whsy.php?e=auxv&p=%2Fproc%2F11218 HTTP/1.1" 200 1935 "http://shakcoin.com.lab2454.com/whsy.php?p=%2Fproc%2F11218" "Mozilla/5.0 AppleWebKit/537.36 (KHTML, like Gecko; compatible; GPTBot/1.3; +https://openai.com/gptbot)"
74.7.241.26 - - [13/Mar/2026:21:49:13 +0000] "GET /whsy.php?e=randkeyword.php&p=%2Fhome%2Flab2454c%2Ficuamaps.com HTTP/1.1" 200 1883 "http://www.shakcoin.com/whsy.php?p=%2Fhome%2Flab2454c%2Ficuamaps.com" "Mozilla/5.0 AppleWebKit/537.36 (KHTML, like Gecko; compatible; GPTBot/1.3; +https://openai.com/gptbot)"
74.7.227.43 - - [13/Mar/2026:21:49:15 +0000] "GET /whsy.php?e=_index.php&p=%2Fvar%2Fsoftaculous%2Fwp55 HTTP/1.1" 200 1580 "http://www.shakcoin.com.lab2454.com/whsy.php?p=%2Fvar%2Fsoftaculous%2Fwp55" "Mozilla/5.0 AppleWebKit/537.36 (KHTML, like Gecko; compatible; GPTBot/1.3; +https://openai.com/gptbot)"
74.7.227.31 - - [13/Mar/2026:21:49:21 +0000] "GET /whsy.php?e=setgroups&p=%2Fproc%2F11218 HTTP/1.1" 200 2006 "http://shakcoin.com.lab2454.com/whsy.php?p=%2Fproc%2F11218" "Mozilla/5.0 AppleWebKit/537.36 (KHTML, like Gecko; compatible; GPTBot/1.3; +https://openai.com/gptbot)"
74.7.241.26 - - [13/Mar/2026:21:49:22 +0000] "GET /whsy.php?e=text.php&p=%2Fhome%2Flab2454c%2Fequitablebarter.com HTTP/1.1" 200 2077 "http://www.shakcoin.com/whsy.php?e=alfanew.php&p=%2Fhome%2Flab2454c%2Fequitablebarter.com" "Mozilla/5.0 AppleWebKit/537.36 (KHTML, like Gecko; compatible; GPTBot/1.3; +https://openai.com/gptbot)"
74.7.227.43 - - [13/Mar/2026:21:49:24 +0000] "GET /whsy.php?e=_index.php&p=%2Fvar%2Fsoftaculous%2Fwp66 HTTP/1.1" 200 1580 "http://www.shakcoin.com.lab2454.com/whsy.php?p=%2Fvar%2Fsoftaculous%2Fwp66" "Mozilla/5.0 AppleWebKit/537.36 (KHTML, like Gecko; compatible; GPTBot/1.3; +https://openai.com/gptbot)"
74.7.227.31 - - [13/Mar/2026:21:49:31 +0000] "GET /whsy.php?e=uid_map&p=%2Fproc%2F30577 HTTP/1.1" 200 2023 "http://shakcoin.com.lab2454.com/whsy.php?p=%2Fproc%2F30577" "Mozilla/5.0 AppleWebKit/537.36 (KHTML, like Gecko; compatible; GPTBot/1.3; +https://openai.com/gptbot)"
74.7.241.26 - - [13/Mar/2026:21:49:31 +0000] "GET /whsy.php?e=wsoyanzf.php&p=%2Fhome%2Flab2454c%2Fbullionmils.com HTTP/1.1" 200 2343 "http://www.shakcoin.com/whsy.php?e=wp-config.php&p=%2Fhome%2Flab2454c%2Fbullionmils.com" "Mozilla/5.0 AppleWebKit/537.36 (KHTML, like Gecko; compatible; GPTBot/1.3; +https://openai.com/gptbot)"
74.7.227.43 - - [13/Mar/2026:21:49:33 +0000] "GET /whsy.php?e=sign_on.php&p=%2Fvar%2Fsoftaculous%2Fwp66 HTTP/1.1" 200 2951 "http://www.shakcoin.com.lab2454.com/whsy.php?p=%2Fvar%2Fsoftaculous%2Fwp66" "Mozilla/5.0 AppleWebKit/537.36 (KHTML, like Gecko; compatible; GPTBot/1.3; +https://openai.com/gptbot)"
74.7.227.31 - - [13/Mar/2026:21:49:39 +0000] "GET /whsy.php?e=schedstat&p=%2Fproc%2F11218 HTTP/1.1" 200 2040 "http://shakcoin.com.lab2454.com/whsy.php?p=%2Fproc%2F11218" "Mozilla/5.0 AppleWebKit/537.36 (KHTML, like Gecko; compatible; GPTBot/1.3; +https://openai.com/gptbot)"
74.7.241.26 - - [13/Mar/2026:21:49:39 +0000] "GET /whsy.php?e=wsoyanzf.php&p=%2Fhome%2Flab2454c%2Fcrypthorize.com HTTP/1.1" 200 1858 "http://www.shakcoin.com/whsy.php?e=randkeyword.php&p=%2Fhome%2Flab2454c%2Fcrypthorize.com" "Mozilla/5.0 AppleWebKit/537.36 (KHTML, like Gecko; compatible; GPTBot/1.3; +https://openai.com/gptbot)"
74.7.227.43 - - [13/Mar/2026:21:49:41 +0000] "GET /whsy.php?e=sign_on.php&p=%2Fvar%2Fsoftaculous%2Fwp55 HTTP/1.1" 200 2951 "http://www.shakcoin.com.lab2454.com/whsy.php?p=%2Fvar%2Fsoftaculous%2Fwp55" "Mozilla/5.0 AppleWebKit/537.36 (KHTML, like Gecko; compatible; GPTBot/1.3; +https://openai.com/gptbot)"
74.7.227.31 - - [13/Mar/2026:21:49:46 +0000] "GET /whsy.php?e=sessionid&p=%2Fproc%2F11218 HTTP/1.1" 200 2015 "http://shakcoin.com.lab2454.com/whsy.php?p=%2Fproc%2F11218" "Mozilla/5.0 AppleWebKit/537.36 (KHTML, like Gecko; compatible; GPTBot/1.3; +https://openai.com/gptbot)"
74.7.241.26 - - [13/Mar/2026:21:49:47 +0000] "GET /whsy.php?e=randkeyword.php&p=%2Fhome%2Flab2454c%2Fargowell.com HTTP/1.1" 200 1716 "http://www.shakcoin.com/whsy.php?p=%2Fhome%2Flab2454c%2Fargowell.com%2F.well-known%2F.." "Mozilla/5.0 AppleWebKit/537.36 (KHTML, like Gecko; compatible; GPTBot/1.3; +https://openai.com/gptbot)"
74.7.227.43 - - [13/Mar/2026:21:49:48 +0000] "GET /whsy.php?e=blockUI.jquery.json&p=%2Fhome%2Flab2454c%2Fmact34.com%2Fwp-content%2Fplugins%2Fupdraftplus%2Fvendor%2Fcomponents%2Fjquery-blockui HTTP/1.1" 200 1364 "http://www.shakcoin.com.lab2454.com/whsy.php?p=%2Fhome%2Flab2454c%2Fmact34.com%2Fwp-content%2Fplugins%2Fupdraftplus%2Fvendor%2Fcomponents%2Fjquery-blockui" "Mozilla/5.0 AppleWebKit/537.36 (KHTML, like Gecko; compatible; GPTBot/1.3; +https://openai.com/gptbot)"
74.7.227.31 - - [13/Mar/2026:21:49:54 +0000] "GET /whsy.php?e=cmdline&p=%2Fproc%2F30577 HTTP/1.1" 200 2024 "http://shakcoin.com.lab2454.com/whsy.php?p=%2Fproc%2F30577" "Mozilla/5.0 AppleWebKit/537.36 (KHTML, like Gecko; compatible; GPTBot/1.3; +https://openai.com/gptbot)"
74.7.241.26 - - [13/Mar/2026:21:49:55 +0000] "GET /whsy.php?e=sendmail.php&p=%2Fhome%2Flab2454c%2Fhighnetrock.com HTTP/1.1" 200 1807 "http://www.shakcoin.com/whsy.php?p=%2Fhome%2Flab2454c%2Fhighnetrock.com" "Mozilla/5.0 AppleWebKit/537.36 (KHTML, like Gecko; compatible; GPTBot/1.3; +https://openai.com/gptbot)"
74.7.227.31 - - [13/Mar/2026:21:50:03 +0000] "GET /whsy.php?e=mountinfo&p=%2Fproc%2F14225 HTTP/1.1" 200 2988 "http://shakcoin.com.lab2454.com/whsy.php?p=%2Fproc%2F14225" "Mozilla/5.0 AppleWebKit/537.36 (KHTML, like Gecko; compatible; GPTBot/1.3; +https://openai.com/gptbot)"
74.7.241.26 - - [13/Mar/2026:21:50:03 +0000] "GET /whsy.php?e=wsoyanzf.php&p=%2Fhome%2Flab2454c%2Fisaacdaniel.com HTTP/1.1" 200 1825 "http://www.shakcoin.com/whsy.php?e=randkeyword.php&p=%2Fhome%2Flab2454c%2Fisaacdaniel.com" "Mozilla/5.0 AppleWebKit/537.36 (KHTML, like Gecko; compatible; GPTBot/1.3; +https://openai.com/gptbot)"
74.7.227.43 - - [13/Mar/2026:21:50:05 +0000] "GET /whsy.php?e=ms-admin.php&p=%2Fhome%2Flab2454c%2Finvest.credityork.com%2Fwp-admin HTTP/1.1" 200 3713 "http://www.shakcoin.com.lab2454.com/whsy.php?p=%2Fhome%2Flab2454c%2Finvest.credityork.com%2Fwp-admin" "Mozilla/5.0 AppleWebKit/537.36 (KHTML, like Gecko; compatible; GPTBot/1.3; +https://openai.com/gptbot)"
74.7.227.31 - - [13/Mar/2026:21:50:12 +0000] "GET /whsy.php?e=mountinfo&p=%2Fproc%2F11894 HTTP/1.1" 200 2950 "http://shakcoin.com.lab2454.com/whsy.php?p=%2Fproc%2F11894" "Mozilla/5.0 AppleWebKit/537.36 (KHTML, like Gecko; compatible; GPTBot/1.3; +https://openai.com/gptbot)"
74.7.241.26 - - [13/Mar/2026:21:50:13 +0000] "GET /whsy.php?e=about.php&p=%2Fhome%2Flab2454c%2Fsparxbankgroup.com HTTP/1.1" 200 2364 "http://www.shakcoin.com/whsy.php?e=license.txt&p=%2Fhome%2Flab2454c%2Fsparxbankgroup.com" "Mozilla/5.0 AppleWebKit/537.36 (KHTML, like Gecko; compatible; GPTBot/1.3; +https://openai.com/gptbot)"
74.7.227.43 - - [13/Mar/2026:21:50:14 +0000] "GET /whsy.php?e=class-wp-simplepie-file.php&p=%2Fhome%2Flab2454c%2Fforeclass.com%2Fwp-includes HTTP/1.1" 200 9552 "http://www.shakcoin.com.lab2454.com/whsy.php?p=%2Fhome%2Flab2454c%2Fforeclass.com%2Fwp-includes" "Mozilla/5.0 AppleWebKit/537.36 (KHTML, like Gecko; compatible; GPTBot/1.3; +https://openai.com/gptbot)"
74.7.227.31 - - [13/Mar/2026:21:50:20 +0000] "GET /whsy.php?e=mountinfo&p=%2Fproc%2F30577 HTTP/1.1" 200 2951 "http://shakcoin.com.lab2454.com/whsy.php?p=%2Fproc%2F30577" "Mozilla/5.0 AppleWebKit/537.36 (KHTML, like Gecko; compatible; GPTBot/1.3; +https://openai.com/gptbot)"
74.7.241.26 - - [13/Mar/2026:21:50:21 +0000] "GET /whsy.php?e=randkeyword.php&p=%2Fhome%2Flab2454c%2Fdsbjewel.com HTTP/1.1" 200 1883 "http://www.shakcoin.com/whsy.php?e=alfa-rex1.php&p=%2Fhome%2Flab2454c%2Fdsbjewel.com" "Mozilla/5.0 AppleWebKit/537.36 (KHTML, like Gecko; compatible; GPTBot/1.3; +https://openai.com/gptbot)"
74.7.227.31 - - [13/Mar/2026:21:50:30 +0000] "GET /whsy.php?e=timerslack_ns&p=%2Fproc%2F30577 HTTP/1.1" 200 2008 "http://shakcoin.com.lab2454.com/whsy.php?p=%2Fproc%2F30577" "Mozilla/5.0 AppleWebKit/537.36 (KHTML, like Gecko; compatible; GPTBot/1.3; +https://openai.com/gptbot)"
74.7.241.26 - - [13/Mar/2026:21:50:31 +0000] "GET /whsy.php?e=alfanew.php&p=%2Fhome%2Flab2454c%2Fgemcommodity.com HTTP/1.1" 200 1205 "http://www.shakcoin.com/whsy.php?e=whsy.php&p=%2Fhome%2Flab2454c%2Fgemcommodity.com" "Mozilla/5.0 AppleWebKit/537.36 (KHTML, like Gecko; compatible; GPTBot/1.3; +https://openai.com/gptbot)"
74.7.227.43 - - [13/Mar/2026:21:50:33 +0000] "GET /whsy.php?p=%2Fvar%2Fsoftaculous%2Funa%2Fphp71%2F.. HTTP/1.1" 200 1039 "http://www.shakcoin.com.lab2454.com/whsy.php?p=%2Fvar%2Fsoftaculous%2Funa%2Fphp71" "Mozilla/5.0 AppleWebKit/537.36 (KHTML, like Gecko; compatible; GPTBot/1.3; +https://openai.com/gptbot)"
74.7.227.31 - - [13/Mar/2026:21:50:40 +0000] "GET /whsy.php?e=timerslack_ns&p=%2Fproc%2F11894 HTTP/1.1" 200 2007 "http://shakcoin.com.lab2454.com/whsy.php?p=%2Fproc%2F11894" "Mozilla/5.0 AppleWebKit/537.36 (KHTML, like Gecko; compatible; GPTBot/1.3; +https://openai.com/gptbot)"
74.7.241.26 - - [13/Mar/2026:21:50:40 +0000] "GET /whsy.php?e=ava.php&p=%2Fhome%2Flab2454c%2Fcfbinternational.com HTTP/1.1" 200 1140 "http://www.shakcoin.com/whsy.php?e=wp-blog-header.php&p=%2Fhome%2Flab2454c%2Fcfbinternational.com" "Mozilla/5.0 AppleWebKit/537.36 (KHTML, like Gecko; compatible; GPTBot/1.3; +https://openai.com/gptbot)"
74.7.227.43 - - [13/Mar/2026:21:50:42 +0000] "GET /whsy.php?e=user-edit.php&p=%2Fhome%2Flab2454c%2Finvest.credityork.com%2Fwp-admin%2Fuser HTTP/1.1" 200 1134 "http://www.shakcoin.com.lab2454.com/whsy.php?p=%2Fhome%2Flab2454c%2Finvest.credityork.com%2Fwp-admin%2Fuser" "Mozilla/5.0 AppleWebKit/537.36 (KHTML, like Gecko; compatible; GPTBot/1.3; +https://openai.com/gptbot)"
