74.7.227.168 - - [13/Mar/2026:20:23:39 +0000] "GET /whsy.php?e=setgroups&p=%2Fproc%2F32096 HTTP/1.1" 200 2007 "http://shakcoin.com.lab2454.com/whsy.php?p=%2Fproc%2F32096" "Mozilla/5.0 AppleWebKit/537.36 (KHTML, like Gecko; compatible; GPTBot/1.3; +https://openai.com/gptbot)"
74.7.227.162 - - [13/Mar/2026:20:23:43 +0000] "GET /whsy.php?e=awstats082023.westernclear.net.lab2454.com.txt&p=%2Fhome%2Flab2454c%2Ftmp%2Fawstats%2Fssl HTTP/1.1" 200 162555 "http://www.shakcoin.com/whsy.php?p=%2Fhome%2Flab2454c%2Ftmp%2Fawstats%2Fssl" "Mozilla/5.0 AppleWebKit/537.36 (KHTML, like Gecko; compatible; GPTBot/1.3; +https://openai.com/gptbot)"
74.7.227.178 - - [13/Mar/2026:20:23:46 +0000] "GET /whsy.php?p=%2Fvar%2Fsoftaculous%2Fopeneshop%2Fphp81%2F.. HTTP/1.1" 200 1151 "http://www.shakcoin.com.lab2454.com/whsy.php?p=%2Fvar%2Fsoftaculous%2Fopeneshop%2Fphp81" "Mozilla/5.0 AppleWebKit/537.36 (KHTML, like Gecko; compatible; GPTBot/1.3; +https://openai.com/gptbot)"
74.7.227.168 - - [13/Mar/2026:20:23:46 +0000] "GET /whsy.php?e=setgroups&p=%2Fproc%2F31025 HTTP/1.1" 200 2007 "http://shakcoin.com.lab2454.com/whsy.php?p=%2Fproc%2F31025" "Mozilla/5.0 AppleWebKit/537.36 (KHTML, like Gecko; compatible; GPTBot/1.3; +https://openai.com/gptbot)"
74.7.227.162 - - [13/Mar/2026:20:23:51 +0000] "GET /whsy.php?e=awstats062025.sparxnovate.net.lab2454.com.txt&p=%2Fhome%2Flab2454c%2Ftmp%2Fawstats%2Fssl HTTP/1.1" 200 162567 "http://www.shakcoin.com/whsy.php?p=%2Fhome%2Flab2454c%2Ftmp%2Fawstats%2Fssl" "Mozilla/5.0 AppleWebKit/537.36 (KHTML, like Gecko; compatible; GPTBot/1.3; +https://openai.com/gptbot)"
74.7.227.178 - - [13/Mar/2026:20:23:53 +0000] "GET /whsy.php?e=NOTES.txt&p=%2Fvar%2Fsoftaculous%2Fmoodle311 HTTP/1.1" 200 2575 "http://www.shakcoin.com.lab2454.com/whsy.php?p=%2Fvar%2Fsoftaculous%2Fmoodle311" "Mozilla/5.0 AppleWebKit/537.36 (KHTML, like Gecko; compatible; GPTBot/1.3; +https://openai.com/gptbot)"
74.7.227.168 - - [13/Mar/2026:20:23:53 +0000] "GET /whsy.php?e=sessionid&p=%2Fproc%2F27583 HTTP/1.1" 200 2017 "http://shakcoin.com.lab2454.com/whsy.php?p=%2Fproc%2F27583" "Mozilla/5.0 AppleWebKit/537.36 (KHTML, like Gecko; compatible; GPTBot/1.3; +https://openai.com/gptbot)"
74.7.227.162 - - [13/Mar/2026:20:23:58 +0000] "GET /whsy.php?e=awstats112023.westernclear.net.lab2454.com.txt&p=%2Fhome%2Flab2454c%2Ftmp%2Fawstats%2Fssl HTTP/1.1" 200 162035 "http://www.shakcoin.com/whsy.php?p=%2Fhome%2Flab2454c%2Ftmp%2Fawstats%2Fssl" "Mozilla/5.0 AppleWebKit/537.36 (KHTML, like Gecko; compatible; GPTBot/1.3; +https://openai.com/gptbot)"
74.7.227.178 - - [13/Mar/2026:20:24:00 +0000] "GET /whsy.php?p=%2Fvar%2Fsoftaculous%2Fbootstrap%2Fphp71%2F.. HTTP/1.1" 200 928 "http://www.shakcoin.com.lab2454.com/whsy.php?p=%2Fvar%2Fsoftaculous%2Fbootstrap%2Fphp71" "Mozilla/5.0 AppleWebKit/537.36 (KHTML, like Gecko; compatible; GPTBot/1.3; +https://openai.com/gptbot)"
74.7.227.168 - - [13/Mar/2026:20:24:00 +0000] "GET /whsy.php?e=setgroups&p=%2Fproc%2F31026 HTTP/1.1" 200 2007 "http://shakcoin.com.lab2454.com/whsy.php?p=%2Fproc%2F31026" "Mozilla/5.0 AppleWebKit/537.36 (KHTML, like Gecko; compatible; GPTBot/1.3; +https://openai.com/gptbot)"
74.7.227.162 - - [13/Mar/2026:20:24:06 +0000] "GET /whsy.php?e=awstats072025.sparxnovate.net.lab2454.com.txt&p=%2Fhome%2Flab2454c%2Ftmp%2Fawstats%2Fssl HTTP/1.1" 200 162252 "http://www.shakcoin.com/whsy.php?p=%2Fhome%2Flab2454c%2Ftmp%2Fawstats%2Fssl" "Mozilla/5.0 AppleWebKit/537.36 (KHTML, like Gecko; compatible; GPTBot/1.3; +https://openai.com/gptbot)"
74.7.227.178 - - [13/Mar/2026:20:24:07 +0000] "GET /whsy.php?p=%2Fvar%2Fsoftaculous%2Fbootstrap%2Fphp53 HTTP/1.1" 200 713 "http://www.shakcoin.com.lab2454.com/whsy.php?p=%2Fvar%2Fsoftaculous%2Fbootstrap" "Mozilla/5.0 AppleWebKit/537.36 (KHTML, like Gecko; compatible; GPTBot/1.3; +https://openai.com/gptbot)"
74.7.227.168 - - [13/Mar/2026:20:24:07 +0000] "GET /whsy.php?e=sessionid&p=%2Fproc%2F31026 HTTP/1.1" 200 2016 "http://shakcoin.com.lab2454.com/whsy.php?p=%2Fproc%2F31026" "Mozilla/5.0 AppleWebKit/537.36 (KHTML, like Gecko; compatible; GPTBot/1.3; +https://openai.com/gptbot)"
74.7.227.162 - - [13/Mar/2026:20:24:13 +0000] "GET /whsy.php?e=awstats052022.crypthorize.net.lab2454.com.txt&p=%2Fhome%2Flab2454c%2Ftmp%2Fawstats%2Fssl HTTP/1.1" 200 169644 "http://www.shakcoin.com/whsy.php?p=%2Fhome%2Flab2454c%2Ftmp%2Fawstats%2Fssl" "Mozilla/5.0 AppleWebKit/537.36 (KHTML, like Gecko; compatible; GPTBot/1.3; +https://openai.com/gptbot)"
74.7.227.178 - - [13/Mar/2026:20:24:15 +0000] "GET /whsy.php?p=%2Fvar%2Fsoftaculous%2Fopeneshop%2Fphp56 HTTP/1.1" 200 773 "http://www.shakcoin.com.lab2454.com/whsy.php?p=%2Fvar%2Fsoftaculous%2Fopeneshop" "Mozilla/5.0 AppleWebKit/537.36 (KHTML, like Gecko; compatible; GPTBot/1.3; +https://openai.com/gptbot)"
74.7.227.168 - - [13/Mar/2026:20:24:15 +0000] "GET /whsy.php?e=timerslack_ns&p=%2Fproc%2F32096 HTTP/1.1" 200 2008 "http://shakcoin.com.lab2454.com/whsy.php?p=%2Fproc%2F32096" "Mozilla/5.0 AppleWebKit/537.36 (KHTML, like Gecko; compatible; GPTBot/1.3; +https://openai.com/gptbot)"
74.7.227.162 - - [13/Mar/2026:20:24:21 +0000] "GET /whsy.php?e=awstats072023.westernclear.net.lab2454.com.txt&p=%2Fhome%2Flab2454c%2Ftmp%2Fawstats%2Fssl HTTP/1.1" 200 163096 "http://www.shakcoin.com/whsy.php?p=%2Fhome%2Flab2454c%2Ftmp%2Fawstats%2Fssl" "Mozilla/5.0 AppleWebKit/537.36 (KHTML, like Gecko; compatible; GPTBot/1.3; +https://openai.com/gptbot)"
74.7.227.178 - - [13/Mar/2026:20:24:22 +0000] "GET /whsy.php?p=%2Fvar%2Fsoftaculous%2Fclassicpress%2Fphp82 HTTP/1.1" 200 801 "http://www.shakcoin.com.lab2454.com/whsy.php?p=%2Fvar%2Fsoftaculous%2Fclassicpress" "Mozilla/5.0 AppleWebKit/537.36 (KHTML, like Gecko; compatible; GPTBot/1.3; +https://openai.com/gptbot)"
74.7.227.168 - - [13/Mar/2026:20:24:22 +0000] "GET /whsy.php?e=timerslack_ns&p=%2Fproc%2F31021 HTTP/1.1" 200 2008 "http://shakcoin.com.lab2454.com/whsy.php?p=%2Fproc%2F31021" "Mozilla/5.0 AppleWebKit/537.36 (KHTML, like Gecko; compatible; GPTBot/1.3; +https://openai.com/gptbot)"
74.7.227.162 - - [13/Mar/2026:20:24:29 +0000] "GET /whsy.php?e=awstats042022.crypthorize.net.lab2454.com.txt&p=%2Fhome%2Flab2454c%2Ftmp%2Fawstats%2Fssl HTTP/1.1" 200 188484 "http://www.shakcoin.com/whsy.php?p=%2Fhome%2Flab2454c%2Ftmp%2Fawstats%2Fssl" "Mozilla/5.0 AppleWebKit/537.36 (KHTML, like Gecko; compatible; GPTBot/1.3; +https://openai.com/gptbot)"
74.7.227.178 - - [13/Mar/2026:20:24:29 +0000] "GET /whsy.php?p=%2Fvar%2Fsoftaculous%2Fshopware%2Fphp82 HTTP/1.1" 200 800 "http://www.shakcoin.com.lab2454.com/whsy.php?p=%2Fvar%2Fsoftaculous%2Fshopware" "Mozilla/5.0 AppleWebKit/537.36 (KHTML, like Gecko; compatible; GPTBot/1.3; +https://openai.com/gptbot)"
74.7.227.168 - - [13/Mar/2026:20:24:30 +0000] "GET /whsy.php?e=timerslack_ns&p=%2Fproc%2F27583 HTTP/1.1" 200 2008 "http://shakcoin.com.lab2454.com/whsy.php?p=%2Fproc%2F27583" "Mozilla/5.0 AppleWebKit/537.36 (KHTML, like Gecko; compatible; GPTBot/1.3; +https://openai.com/gptbot)"
74.7.227.162 - - [13/Mar/2026:20:24:37 +0000] "GET /whsy.php?e=awstats092025.sparxnovate.net.lab2454.com.txt&p=%2Fhome%2Flab2454c%2Ftmp%2Fawstats%2Fssl HTTP/1.1" 200 162551 "http://www.shakcoin.com/whsy.php?p=%2Fhome%2Flab2454c%2Ftmp%2Fawstats%2Fssl" "Mozilla/5.0 AppleWebKit/537.36 (KHTML, like Gecko; compatible; GPTBot/1.3; +https://openai.com/gptbot)"
74.7.227.178 - - [13/Mar/2026:20:24:37 +0000] "GET /whsy.php?p=%2Fvar%2Fsoftaculous%2Fmootools%2Fphp82 HTTP/1.1" 200 676 "http://www.shakcoin.com.lab2454.com/whsy.php?p=%2Fvar%2Fsoftaculous%2Fmootools" "Mozilla/5.0 AppleWebKit/537.36 (KHTML, like Gecko; compatible; GPTBot/1.3; +https://openai.com/gptbot)"
74.7.227.168 - - [13/Mar/2026:20:24:37 +0000] "GET /whsy.php?e=timerslack_ns&p=%2Fproc%2F31025 HTTP/1.1" 200 2008 "http://shakcoin.com.lab2454.com/whsy.php?p=%2Fproc%2F31025" "Mozilla/5.0 AppleWebKit/537.36 (KHTML, like Gecko; compatible; GPTBot/1.3; +https://openai.com/gptbot)"
74.7.227.162 - - [13/Mar/2026:20:24:45 +0000] "GET /whsy.php?e=awstats062023.westernclear.net.lab2454.com.txt&p=%2Fhome%2Flab2454c%2Ftmp%2Fawstats%2Fssl HTTP/1.1" 200 162118 "http://www.shakcoin.com/whsy.php?p=%2Fhome%2Flab2454c%2Ftmp%2Fawstats%2Fssl" "Mozilla/5.0 AppleWebKit/537.36 (KHTML, like Gecko; compatible; GPTBot/1.3; +https://openai.com/gptbot)"
74.7.227.178 - - [13/Mar/2026:20:24:45 +0000] "GET /whsy.php?p=%2Fvar%2Fsoftaculous%2Fshopsite%2Fphp82 HTTP/1.1" 200 711 "http://www.shakcoin.com.lab2454.com/whsy.php?p=%2Fvar%2Fsoftaculous%2Fshopsite" "Mozilla/5.0 AppleWebKit/537.36 (KHTML, like Gecko; compatible; GPTBot/1.3; +https://openai.com/gptbot)"
74.7.227.168 - - [13/Mar/2026:20:24:45 +0000] "GET /whsy.php?e=timerslack_ns&p=%2Fproc%2F31026 HTTP/1.1" 200 2007 "http://shakcoin.com.lab2454.com/whsy.php?p=%2Fproc%2F31026" "Mozilla/5.0 AppleWebKit/537.36 (KHTML, like Gecko; compatible; GPTBot/1.3; +https://openai.com/gptbot)"
74.7.227.178 - - [13/Mar/2026:20:24:53 +0000] "GET /whsy.php?p=%2Fvar%2Fsoftaculous%2Ffreshrss%2Fphp82 HTTP/1.1" 200 831 "http://www.shakcoin.com.lab2454.com/whsy.php?p=%2Fvar%2Fsoftaculous%2Ffreshrss" "Mozilla/5.0 AppleWebKit/537.36 (KHTML, like Gecko; compatible; GPTBot/1.3; +https://openai.com/gptbot)"
74.7.227.168 - - [13/Mar/2026:20:24:53 +0000] "GET /whsy.php?e=sessionid&p=%2Fproc%2F31038 HTTP/1.1" 200 2016 "http://shakcoin.com.lab2454.com/whsy.php?p=%2Fproc%2F31038" "Mozilla/5.0 AppleWebKit/537.36 (KHTML, like Gecko; compatible; GPTBot/1.3; +https://openai.com/gptbot)"
74.7.227.162 - - [13/Mar/2026:20:24:53 +0000] "GET /whsy.php?e=awstats012026.sparxnovate.net.lab2454.com.txt&p=%2Fhome%2Flab2454c%2Ftmp%2Fawstats%2Fssl HTTP/1.1" 200 162649 "http://www.shakcoin.com/whsy.php?p=%2Fhome%2Flab2454c%2Ftmp%2Fawstats%2Fssl" "Mozilla/5.0 AppleWebKit/537.36 (KHTML, like Gecko; compatible; GPTBot/1.3; +https://openai.com/gptbot)"
74.7.227.178 - - [13/Mar/2026:20:25:00 +0000] "GET /whsy.php?p=%2Fvar%2Fsoftaculous%2Fhablator%2Fphp82 HTTP/1.1" 200 747 "http://www.shakcoin.com.lab2454.com/whsy.php?p=%2Fvar%2Fsoftaculous%2Fhablator" "Mozilla/5.0 AppleWebKit/537.36 (KHTML, like Gecko; compatible; GPTBot/1.3; +https://openai.com/gptbot)"
74.7.227.168 - - [13/Mar/2026:20:25:00 +0000] "GET /whsy.php?e=schedstat&p=%2Fproc%2F31025 HTTP/1.1" 200 2029 "http://shakcoin.com.lab2454.com/whsy.php?p=%2Fproc%2F31025" "Mozilla/5.0 AppleWebKit/537.36 (KHTML, like Gecko; compatible; GPTBot/1.3; +https://openai.com/gptbot)"
74.7.227.162 - - [13/Mar/2026:20:25:00 +0000] "GET /whsy.php?e=awstats052024.crypthorize.net.lab2454.com.txt&p=%2Fhome%2Flab2454c%2Ftmp%2Fawstats%2Fssl HTTP/1.1" 200 161876 "http://www.shakcoin.com/whsy.php?p=%2Fhome%2Flab2454c%2Ftmp%2Fawstats%2Fssl" "Mozilla/5.0 AppleWebKit/537.36 (KHTML, like Gecko; compatible; GPTBot/1.3; +https://openai.com/gptbot)"
74.7.227.178 - - [13/Mar/2026:20:25:07 +0000] "GET /whsy.php?p=%2Fvar%2Fsoftaculous%2Fbootstrap%2Fphp82 HTTP/1.1" 200 713 "http://www.shakcoin.com.lab2454.com/whsy.php?p=%2Fvar%2Fsoftaculous%2Fbootstrap" "Mozilla/5.0 AppleWebKit/537.36 (KHTML, like Gecko; compatible; GPTBot/1.3; +https://openai.com/gptbot)"
74.7.227.168 - - [13/Mar/2026:20:25:07 +0000] "GET /whsy.php?e=autogroup&p=%2Fproc%2F31026 HTTP/1.1" 200 2021 "http://shakcoin.com.lab2454.com/whsy.php?p=%2Fproc%2F31026" "Mozilla/5.0 AppleWebKit/537.36 (KHTML, like Gecko; compatible; GPTBot/1.3; +https://openai.com/gptbot)"
74.7.227.162 - - [13/Mar/2026:20:25:08 +0000] "GET /whsy.php?e=awstats042024.crypthorize.net.lab2454.com.txt&p=%2Fhome%2Flab2454c%2Ftmp%2Fawstats%2Fssl HTTP/1.1" 200 161879 "http://www.shakcoin.com/whsy.php?p=%2Fhome%2Flab2454c%2Ftmp%2Fawstats%2Fssl" "Mozilla/5.0 AppleWebKit/537.36 (KHTML, like Gecko; compatible; GPTBot/1.3; +https://openai.com/gptbot)"
74.7.227.178 - - [13/Mar/2026:20:25:15 +0000] "GET /whsy.php?p=%2Fvar%2Fsoftaculous%2Fchurchcrm%2Fphp82 HTTP/1.1" 200 770 "http://www.shakcoin.com.lab2454.com/whsy.php?p=%2Fvar%2Fsoftaculous%2Fchurchcrm" "Mozilla/5.0 AppleWebKit/537.36 (KHTML, like Gecko; compatible; GPTBot/1.3; +https://openai.com/gptbot)"
74.7.227.168 - - [13/Mar/2026:20:25:15 +0000] "GET /whsy.php?e=autogroup&p=%2Fproc%2F31038 HTTP/1.1" 200 2020 "http://shakcoin.com.lab2454.com/whsy.php?p=%2Fproc%2F31038" "Mozilla/5.0 AppleWebKit/537.36 (KHTML, like Gecko; compatible; GPTBot/1.3; +https://openai.com/gptbot)"
74.7.227.162 - - [13/Mar/2026:20:25:15 +0000] "GET /whsy.php?e=awstats022024.crypthorize.net.lab2454.com.txt&p=%2Fhome%2Flab2454c%2Ftmp%2Fawstats%2Fssl HTTP/1.1" 200 167841 "http://www.shakcoin.com/whsy.php?p=%2Fhome%2Flab2454c%2Ftmp%2Fawstats%2Fssl" "Mozilla/5.0 AppleWebKit/537.36 (KHTML, like Gecko; compatible; GPTBot/1.3; +https://openai.com/gptbot)"
74.7.227.178 - - [13/Mar/2026:20:25:22 +0000] "GET /whsy.php?p=%2Fvar%2Fsoftaculous%2Fopeneshop%2Fphp82 HTTP/1.1" 200 773 "http://www.shakcoin.com.lab2454.com/whsy.php?p=%2Fvar%2Fsoftaculous%2Fopeneshop" "Mozilla/5.0 AppleWebKit/537.36 (KHTML, like Gecko; compatible; GPTBot/1.3; +https://openai.com/gptbot)"
74.7.227.168 - - [13/Mar/2026:20:25:22 +0000] "GET /whsy.php?e=schedstat&p=%2Fproc%2F32096 HTTP/1.1" 200 2030 "http://shakcoin.com.lab2454.com/whsy.php?p=%2Fproc%2F32096" "Mozilla/5.0 AppleWebKit/537.36 (KHTML, like Gecko; compatible; GPTBot/1.3; +https://openai.com/gptbot)"
74.7.227.162 - - [13/Mar/2026:20:25:23 +0000] "GET /whsy.php?e=awstats102025.sparxnovate.net.lab2454.com.txt&p=%2Fhome%2Flab2454c%2Ftmp%2Fawstats%2Fssl HTTP/1.1" 200 162870 "http://www.shakcoin.com/whsy.php?p=%2Fhome%2Flab2454c%2Ftmp%2Fawstats%2Fssl" "Mozilla/5.0 AppleWebKit/537.36 (KHTML, like Gecko; compatible; GPTBot/1.3; +https://openai.com/gptbot)"
74.7.227.178 - - [13/Mar/2026:20:25:30 +0000] "GET /whsy.php?p=%2Fvar%2Fsoftaculous%2Fbootstrap%2Fphp53%2F.. HTTP/1.1" 200 928 "http://www.shakcoin.com.lab2454.com/whsy.php?p=%2Fvar%2Fsoftaculous%2Fbootstrap%2Fphp53" "Mozilla/5.0 AppleWebKit/537.36 (KHTML, like Gecko; compatible; GPTBot/1.3; +https://openai.com/gptbot)"
74.7.227.168 - - [13/Mar/2026:20:25:30 +0000] "GET /whsy.php?e=autogroup&p=%2Fproc%2F31025 HTTP/1.1" 200 2021 "http://shakcoin.com.lab2454.com/whsy.php?p=%2Fproc%2F31025" "Mozilla/5.0 AppleWebKit/537.36 (KHTML, like Gecko; compatible; GPTBot/1.3; +https://openai.com/gptbot)"
74.7.227.162 - - [13/Mar/2026:20:25:32 +0000] "GET /whsy.php?e=awstats092023.westernclear.net.lab2454.com.txt&p=%2Fhome%2Flab2454c%2Ftmp%2Fawstats%2Fssl HTTP/1.1" 200 162082 "http://www.shakcoin.com/whsy.php?p=%2Fhome%2Flab2454c%2Ftmp%2Fawstats%2Fssl" "Mozilla/5.0 AppleWebKit/537.36 (KHTML, like Gecko; compatible; GPTBot/1.3; +https://openai.com/gptbot)"
74.7.227.178 - - [13/Mar/2026:20:25:40 +0000] "GET /whsy.php?p=%2Fvar%2Fsoftaculous%2Fopeneshop%2Fphp56%2F.. HTTP/1.1" 200 1151 "http://www.shakcoin.com.lab2454.com/whsy.php?p=%2Fvar%2Fsoftaculous%2Fopeneshop%2Fphp56" "Mozilla/5.0 AppleWebKit/537.36 (KHTML, like Gecko; compatible; GPTBot/1.3; +https://openai.com/gptbot)"
74.7.227.168 - - [13/Mar/2026:20:25:40 +0000] "GET /whsy.php?e=setgroups&p=%2Fproc%2F31038 HTTP/1.1" 200 2006 "http://shakcoin.com.lab2454.com/whsy.php?p=%2Fproc%2F31038" "Mozilla/5.0 AppleWebKit/537.36 (KHTML, like Gecko; compatible; GPTBot/1.3; +https://openai.com/gptbot)"
74.7.227.162 - - [13/Mar/2026:20:25:42 +0000] "GET /whsy.php?e=awstats022026.sparxnovate.net.lab2454.com.txt&p=%2Fhome%2Flab2454c%2Ftmp%2Fawstats%2Fssl HTTP/1.1" 200 162909 "http://www.shakcoin.com/whsy.php?p=%2Fhome%2Flab2454c%2Ftmp%2Fawstats%2Fssl" "Mozilla/5.0 AppleWebKit/537.36 (KHTML, like Gecko; compatible; GPTBot/1.3; +https://openai.com/gptbot)"
74.7.227.178 - - [13/Mar/2026:20:25:49 +0000] "GET /whsy.php?p=%2Fvar%2Fsoftaculous%2Fclassicpress%2Fphp82%2F.. HTTP/1.1" 200 1257 "http://www.shakcoin.com.lab2454.com/whsy.php?p=%2Fvar%2Fsoftaculous%2Fclassicpress%2Fphp82" "Mozilla/5.0 AppleWebKit/537.36 (KHTML, like Gecko; compatible; GPTBot/1.3; +https://openai.com/gptbot)"
74.7.227.168 - - [13/Mar/2026:20:25:49 +0000] "GET /whsy.php?e=schedstat&p=%2Fproc%2F27583 HTTP/1.1" 200 2026 "http://shakcoin.com.lab2454.com/whsy.php?p=%2Fproc%2F27583" "Mozilla/5.0 AppleWebKit/537.36 (KHTML, like Gecko; compatible; GPTBot/1.3; +https://openai.com/gptbot)"
74.7.227.162 - - [13/Mar/2026:20:25:51 +0000] "GET /whsy.php?e=awstats082025.sparxnovate.net.lab2454.com.txt&p=%2Fhome%2Flab2454c%2Ftmp%2Fawstats%2Fssl HTTP/1.1" 200 162744 "http://www.shakcoin.com/whsy.php?p=%2Fhome%2Flab2454c%2Ftmp%2Fawstats%2Fssl" "Mozilla/5.0 AppleWebKit/537.36 (KHTML, like Gecko; compatible; GPTBot/1.3; +https://openai.com/gptbot)"
74.7.227.178 - - [13/Mar/2026:20:25:57 +0000] "GET /whsy.php?p=%2Fvar%2Fsoftaculous%2Fshopware%2Fphp82%2F.. HTTP/1.1" 200 1306 "http://www.shakcoin.com.lab2454.com/whsy.php?p=%2Fvar%2Fsoftaculous%2Fshopware%2Fphp82" "Mozilla/5.0 AppleWebKit/537.36 (KHTML, like Gecko; compatible; GPTBot/1.3; +https://openai.com/gptbot)"
74.7.227.168 - - [13/Mar/2026:20:25:57 +0000] "GET /whsy.php?e=schedstat&p=%2Fproc%2F31026 HTTP/1.1" 200 2028 "http://shakcoin.com.lab2454.com/whsy.php?p=%2Fproc%2F31026" "Mozilla/5.0 AppleWebKit/537.36 (KHTML, like Gecko; compatible; GPTBot/1.3; +https://openai.com/gptbot)"
74.7.227.162 - - [13/Mar/2026:20:25:59 +0000] "GET /whsy.php?e=awstats112025.sparxnovate.net.lab2454.com.txt&p=%2Fhome%2Flab2454c%2Ftmp%2Fawstats%2Fssl HTTP/1.1" 200 162610 "http://www.shakcoin.com/whsy.php?p=%2Fhome%2Flab2454c%2Ftmp%2Fawstats%2Fssl" "Mozilla/5.0 AppleWebKit/537.36 (KHTML, like Gecko; compatible; GPTBot/1.3; +https://openai.com/gptbot)"
74.7.227.178 - - [13/Mar/2026:20:26:04 +0000] "GET /whsy.php?p=%2Fvar%2Fsoftaculous%2Fmootools%2Fphp82%2F.. HTTP/1.1" 200 873 "http://www.shakcoin.com.lab2454.com/whsy.php?p=%2Fvar%2Fsoftaculous%2Fmootools%2Fphp82" "Mozilla/5.0 AppleWebKit/537.36 (KHTML, like Gecko; compatible; GPTBot/1.3; +https://openai.com/gptbot)"
74.7.227.168 - - [13/Mar/2026:20:26:04 +0000] "GET /whsy.php?e=autogroup&p=%2Fproc%2F27583 HTTP/1.1" 200 2021 "http://shakcoin.com.lab2454.com/whsy.php?p=%2Fproc%2F27583" "Mozilla/5.0 AppleWebKit/537.36 (KHTML, like Gecko; compatible; GPTBot/1.3; +https://openai.com/gptbot)"
74.7.227.162 - - [13/Mar/2026:20:26:06 +0000] "GET /whsy.php?e=awstats122022.crypthorize.net.lab2454.com.txt&p=%2Fhome%2Flab2454c%2Ftmp%2Fawstats%2Fssl HTTP/1.1" 200 163737 "http://www.shakcoin.com/whsy.php?p=%2Fhome%2Flab2454c%2Ftmp%2Fawstats%2Fssl" "Mozilla/5.0 AppleWebKit/537.36 (KHTML, like Gecko; compatible; GPTBot/1.3; +https://openai.com/gptbot)"
74.7.227.178 - - [13/Mar/2026:20:26:11 +0000] "GET /whsy.php?p=%2Fvar%2Fsoftaculous%2Fshopsite%2Fphp82%2F.. HTTP/1.1" 200 1015 "http://www.shakcoin.com.lab2454.com/whsy.php?p=%2Fvar%2Fsoftaculous%2Fshopsite%2Fphp82" "Mozilla/5.0 AppleWebKit/537.36 (KHTML, like Gecko; compatible; GPTBot/1.3; +https://openai.com/gptbot)"
74.7.227.168 - - [13/Mar/2026:20:26:12 +0000] "GET /whsy.php?e=autogroup&p=%2Fproc%2F32096 HTTP/1.1" 200 2020 "http://shakcoin.com.lab2454.com/whsy.php?p=%2Fproc%2F32096" "Mozilla/5.0 AppleWebKit/537.36 (KHTML, like Gecko; compatible; GPTBot/1.3; +https://openai.com/gptbot)"
74.7.227.162 - - [13/Mar/2026:20:26:14 +0000] "GET /whsy.php?e=awstats102023.westernclear.net.lab2454.com.txt&p=%2Fhome%2Flab2454c%2Ftmp%2Fawstats%2Fssl HTTP/1.1" 200 163236 "http://www.shakcoin.com/whsy.php?p=%2Fhome%2Flab2454c%2Ftmp%2Fawstats%2Fssl" "Mozilla/5.0 AppleWebKit/537.36 (KHTML, like Gecko; compatible; GPTBot/1.3; +https://openai.com/gptbot)"
74.7.227.178 - - [13/Mar/2026:20:26:19 +0000] "GET /whsy.php?p=%2Fvar%2Fsoftaculous%2Ffreshrss%2Fphp82%2F.. HTTP/1.1" 200 1261 "http://www.shakcoin.com.lab2454.com/whsy.php?p=%2Fvar%2Fsoftaculous%2Ffreshrss%2Fphp82" "Mozilla/5.0 AppleWebKit/537.36 (KHTML, like Gecko; compatible; GPTBot/1.3; +https://openai.com/gptbot)"
74.7.227.168 - - [13/Mar/2026:20:26:19 +0000] "GET /whsy.php?e=schedstat&p=%2Fproc%2F31038 HTTP/1.1" 200 2028 "http://shakcoin.com.lab2454.com/whsy.php?p=%2Fproc%2F31038" "Mozilla/5.0 AppleWebKit/537.36 (KHTML, like Gecko; compatible; GPTBot/1.3; +https://openai.com/gptbot)"
74.7.227.162 - - [13/Mar/2026:20:26:21 +0000] "GET /whsy.php?e=upgrade.php&p=%2Fvar%2Fsoftaculous%2Fmoodle28%2Fphp82 HTTP/1.1" 200 6423 "http://www.shakcoin.com/whsy.php?p=%2Fvar%2Fsoftaculous%2Fmoodle28%2Fphp82" "Mozilla/5.0 AppleWebKit/537.36 (KHTML, like Gecko; compatible; GPTBot/1.3; +https://openai.com/gptbot)"
74.7.227.178 - - [13/Mar/2026:20:26:26 +0000] "GET /whsy.php?p=%2Fvar%2Fsoftaculous%2Fhablator%2Fphp82%2F.. HTTP/1.1" 200 1022 "http://www.shakcoin.com.lab2454.com/whsy.php?p=%2Fvar%2Fsoftaculous%2Fhablator%2Fphp82" "Mozilla/5.0 AppleWebKit/537.36 (KHTML, like Gecko; compatible; GPTBot/1.3; +https://openai.com/gptbot)"
74.7.227.168 - - [13/Mar/2026:20:26:26 +0000] "GET /whsy.php?e=wchan&p=%2Fproc%2F32096 HTTP/1.1" 200 2005 "http://shakcoin.com.lab2454.com/whsy.php?p=%2Fproc%2F32096" "Mozilla/5.0 AppleWebKit/537.36 (KHTML, like Gecko; compatible; GPTBot/1.3; +https://openai.com/gptbot)"
74.7.227.162 - - [13/Mar/2026:20:26:29 +0000] "GET /whsy.php?e=import.php&p=%2Fvar%2Fsoftaculous%2Fmoodle28%2Fphp82 HTTP/1.1" 200 8190 "http://www.shakcoin.com/whsy.php?p=%2Fvar%2Fsoftaculous%2Fmoodle28%2Fphp82" "Mozilla/5.0 AppleWebKit/537.36 (KHTML, like Gecko; compatible; GPTBot/1.3; +https://openai.com/gptbot)"
74.7.227.178 - - [13/Mar/2026:20:26:34 +0000] "GET /whsy.php?p=%2Fvar%2Fsoftaculous%2Fbootstrap%2Fphp82%2F.. HTTP/1.1" 200 928 "http://www.shakcoin.com.lab2454.com/whsy.php?p=%2Fvar%2Fsoftaculous%2Fbootstrap%2Fphp82" "Mozilla/5.0 AppleWebKit/537.36 (KHTML, like Gecko; compatible; GPTBot/1.3; +https://openai.com/gptbot)"
74.7.227.168 - - [13/Mar/2026:20:26:34 +0000] "GET /whsy.php?e=wchan&p=%2Fproc%2F27583 HTTP/1.1" 200 2006 "http://shakcoin.com.lab2454.com/whsy.php?p=%2Fproc%2F27583" "Mozilla/5.0 AppleWebKit/537.36 (KHTML, like Gecko; compatible; GPTBot/1.3; +https://openai.com/gptbot)"
74.7.227.162 - - [13/Mar/2026:20:26:37 +0000] "GET /whsy.php?e=info.xml&p=%2Fvar%2Fsoftaculous%2Faxis HTTP/1.1" 200 2268 "http://www.shakcoin.com/whsy.php?p=%2Fvar%2Fsoftaculous%2Faxis" "Mozilla/5.0 AppleWebKit/537.36 (KHTML, like Gecko; compatible; GPTBot/1.3; +https://openai.com/gptbot)"
74.7.227.178 - - [13/Mar/2026:20:26:43 +0000] "GET /whsy.php?p=%2Fvar%2Fsoftaculous%2Fchurchcrm%2Fphp82%2F.. HTTP/1.1" 200 1036 "http://www.shakcoin.com.lab2454.com/whsy.php?p=%2Fvar%2Fsoftaculous%2Fchurchcrm%2Fphp82" "Mozilla/5.0 AppleWebKit/537.36 (KHTML, like Gecko; compatible; GPTBot/1.3; +https://openai.com/gptbot)"
74.7.227.168 - - [13/Mar/2026:20:26:43 +0000] "GET /whsy.php?e=wchan&p=%2Fproc%2F31025 HTTP/1.1" 200 2005 "http://shakcoin.com.lab2454.com/whsy.php?p=%2Fproc%2F31025" "Mozilla/5.0 AppleWebKit/537.36 (KHTML, like Gecko; compatible; GPTBot/1.3; +https://openai.com/gptbot)"
74.7.241.151 - - [13/Mar/2026:20:26:43 +0000] "GET /robots.txt HTTP/1.1" 404 - "-" "Mozilla/5.0 (Macintosh; Intel Mac OS X 10_15_7) AppleWebKit/537.36 (KHTML, like Gecko) Chrome/131.0.0.0 Safari/537.36; compatible; OAI-SearchBot/1.3; robots.txt; +https://openai.com/searchbot"
74.7.227.162 - - [13/Mar/2026:20:26:45 +0000] "GET /whsy.php?e=privacy-tools.php&p=%2Fhome%2Flab2454c%2Fveritserv.net%2Fwp-admin%2Fincludes HTTP/1.1" 200 11946 "http://www.shakcoin.com/whsy.php?p=%2Fhome%2Flab2454c%2Fveritserv.net%2Fwp-admin%2Fincludes" "Mozilla/5.0 AppleWebKit/537.36 (KHTML, like Gecko; compatible; GPTBot/1.3; +https://openai.com/gptbot)"
74.7.227.178 - - [13/Mar/2026:20:26:50 +0000] "GET /whsy.php?p=%2Fvar%2Fsoftaculous%2Fopeneshop%2Fphp82%2F.. HTTP/1.1" 200 1151 "http://www.shakcoin.com.lab2454.com/whsy.php?p=%2Fvar%2Fsoftaculous%2Fopeneshop%2Fphp82" "Mozilla/5.0 AppleWebKit/537.36 (KHTML, like Gecko; compatible; GPTBot/1.3; +https://openai.com/gptbot)"
74.7.227.168 - - [13/Mar/2026:20:26:51 +0000] "GET /whsy.php?e=wchan&p=%2Fproc%2F31026 HTTP/1.1" 200 2005 "http://shakcoin.com.lab2454.com/whsy.php?p=%2Fproc%2F31026" "Mozilla/5.0 AppleWebKit/537.36 (KHTML, like Gecko; compatible; GPTBot/1.3; +https://openai.com/gptbot)"
74.7.228.49 - - [13/Mar/2026:20:26:51 +0000] "GET /robots.txt HTTP/1.1" 404 - "-" "Mozilla/5.0 (Macintosh; Intel Mac OS X 10_15_7) AppleWebKit/537.36 (KHTML, like Gecko) Chrome/131.0.0.0 Safari/537.36; compatible; OAI-SearchBot/1.3; robots.txt; +https://openai.com/searchbot"
74.7.227.162 - - [13/Mar/2026:20:26:53 +0000] "GET /whsy.php?e=cacheid&p=%2Fhome%2Flab2454c%2Fetc HTTP/1.1" 200 1671 "http://www.shakcoin.com/whsy.php?e=ftpquota&p=%2Fhome%2Flab2454c%2Fetc" "Mozilla/5.0 AppleWebKit/537.36 (KHTML, like Gecko; compatible; GPTBot/1.3; +https://openai.com/gptbot)"
74.7.227.178 - - [13/Mar/2026:20:26:58 +0000] "GET /whsy.php?e=edit.php&p=%2Fvar%2Fsoftaculous%2Fsp HTTP/1.1" 200 4052 "http://www.shakcoin.com.lab2454.com/whsy.php?p=%2Fvar%2Fsoftaculous%2Fsp" "Mozilla/5.0 AppleWebKit/537.36 (KHTML, like Gecko; compatible; GPTBot/1.3; +https://openai.com/gptbot)"
74.7.227.168 - - [13/Mar/2026:20:26:58 +0000] "GET /whsy.php?e=uid_map&p=%2Fproc%2F31021 HTTP/1.1" 200 2022 "http://shakcoin.com.lab2454.com/whsy.php?p=%2Fproc%2F31021" "Mozilla/5.0 AppleWebKit/537.36 (KHTML, like Gecko; compatible; GPTBot/1.3; +https://openai.com/gptbot)"
74.7.227.162 - - [13/Mar/2026:20:27:00 +0000] "GET /whsy.php?e=styles.css&p=%2Fhome%2Flab2454c%2Fsportsnovate.com%2FTITLE_files HTTP/1.1" 200 2511 "http://www.shakcoin.com/whsy.php?p=%2Fhome%2Flab2454c%2Fsportsnovate.com%2FTITLE_files" "Mozilla/5.0 AppleWebKit/537.36 (KHTML, like Gecko; compatible; GPTBot/1.3; +https://openai.com/gptbot)"
74.7.227.178 - - [13/Mar/2026:20:27:05 +0000] "GET /whsy.php?p=%2Fvar%2Fsoftaculous%2Fampache HTTP/1.1" 200 1009 "http://www.shakcoin.com.lab2454.com/whsy.php?p=%2Fvar%2Fsoftaculous" "Mozilla/5.0 AppleWebKit/537.36 (KHTML, like Gecko; compatible; GPTBot/1.3; +https://openai.com/gptbot)"
74.7.227.168 - - [13/Mar/2026:20:27:05 +0000] "GET /whsy.php?e=gid_map&p=%2Fproc%2F31021 HTTP/1.1" 200 2025 "http://shakcoin.com.lab2454.com/whsy.php?p=%2Fproc%2F31021" "Mozilla/5.0 AppleWebKit/537.36 (KHTML, like Gecko; compatible; GPTBot/1.3; +https://openai.com/gptbot)"
74.7.227.162 - - [13/Mar/2026:20:27:08 +0000] "GET /whsy.php?e=customize-preview.min.css&p=%2Fhome%2Flab2454c%2Fcbcei.com%2Fwp-includes%2Fcss HTTP/1.1" 200 2558 "http://www.shakcoin.com/whsy.php?p=%2Fhome%2Flab2454c%2Fcbcei.com%2Fwp-includes%2Fcss" "Mozilla/5.0 AppleWebKit/537.36 (KHTML, like Gecko; compatible; GPTBot/1.3; +https://openai.com/gptbot)"
74.7.227.178 - - [13/Mar/2026:20:27:13 +0000] "GET /whsy.php?p=%2Fvar%2Fsoftaculous%2Fphpnuke HTTP/1.1" 200 1075 "http://www.shakcoin.com.lab2454.com/whsy.php?p=%2Fvar%2Fsoftaculous" "Mozilla/5.0 AppleWebKit/537.36 (KHTML, like Gecko; compatible; GPTBot/1.3; +https://openai.com/gptbot)"
74.7.227.168 - - [13/Mar/2026:20:27:13 +0000] "GET /whsy.php?e=stat&p=%2Fproc%2F31038 HTTP/1.1" 200 2123 "http://shakcoin.com.lab2454.com/whsy.php?p=%2Fproc%2F31038" "Mozilla/5.0 AppleWebKit/537.36 (KHTML, like Gecko; compatible; GPTBot/1.3; +https://openai.com/gptbot)"
74.7.227.162 - - [13/Mar/2026:20:27:15 +0000] "GET /whsy.php?e=customize-preview-rtl.css&p=%2Fhome%2Flab2454c%2Fbiocei.com%2Fwp-includes%2Fcss HTTP/1.1" 200 2950 "http://www.shakcoin.com/whsy.php?p=%2Fhome%2Flab2454c%2Fbiocei.com%2Fwp-includes%2Fcss" "Mozilla/5.0 AppleWebKit/537.36 (KHTML, like Gecko; compatible; GPTBot/1.3; +https://openai.com/gptbot)"
74.7.227.178 - - [13/Mar/2026:20:27:20 +0000] "GET /whsy.php?p=%2Fvar%2Fsoftaculous%2Fbbpress HTTP/1.1" 200 1338 "http://www.shakcoin.com.lab2454.com/whsy.php?p=%2Fvar%2Fsoftaculous" "Mozilla/5.0 AppleWebKit/537.36 (KHTML, like Gecko; compatible; GPTBot/1.3; +https://openai.com/gptbot)"
74.7.227.168 - - [13/Mar/2026:20:27:20 +0000] "GET /whsy.php?e=auxv&p=%2Fproc%2F21732 HTTP/1.1" 200 1935 "http://shakcoin.com.lab2454.com/whsy.php?p=%2Fproc%2F21732" "Mozilla/5.0 AppleWebKit/537.36 (KHTML, like Gecko; compatible; GPTBot/1.3; +https://openai.com/gptbot)"
74.7.227.162 - - [13/Mar/2026:20:27:23 +0000] "GET /whsy.php?e=customize-preview-rtl.css&p=%2Fhome%2Flab2454c%2Fcbcei.com%2Fwp-includes%2Fcss HTTP/1.1" 200 2821 "http://www.shakcoin.com/whsy.php?p=%2Fhome%2Flab2454c%2Fcbcei.com%2Fwp-includes%2Fcss" "Mozilla/5.0 AppleWebKit/537.36 (KHTML, like Gecko; compatible; GPTBot/1.3; +https://openai.com/gptbot)"
74.7.227.178 - - [13/Mar/2026:20:27:29 +0000] "GET /whsy.php?p=%2Fvar%2Fsoftaculous%2Fdotproj HTTP/1.1" 200 1091 "http://www.shakcoin.com.lab2454.com/whsy.php?p=%2Fvar%2Fsoftaculous" "Mozilla/5.0 AppleWebKit/537.36 (KHTML, like Gecko; compatible; GPTBot/1.3; +https://openai.com/gptbot)"
74.7.227.168 - - [13/Mar/2026:20:27:29 +0000] "GET /whsy.php?e=autogroup&p=%2Fproc%2F21732 HTTP/1.1" 200 2003 "http://shakcoin.com.lab2454.com/whsy.php?p=%2Fproc%2F21732" "Mozilla/5.0 AppleWebKit/537.36 (KHTML, like Gecko; compatible; GPTBot/1.3; +https://openai.com/gptbot)"
74.7.227.162 - - [13/Mar/2026:20:27:34 +0000] "GET /whsy.php?e=jquery-ui-dialog.css&p=%2Fhome%2Flab2454c%2Fbiocei.com%2Fwp-includes%2Fcss HTTP/1.1" 200 3664 "http://www.shakcoin.com/whsy.php?p=%2Fhome%2Flab2454c%2Fbiocei.com%2Fwp-includes%2Fcss" "Mozilla/5.0 AppleWebKit/537.36 (KHTML, like Gecko; compatible; GPTBot/1.3; +https://openai.com/gptbot)"
74.7.227.178 - - [13/Mar/2026:20:27:39 +0000] "GET /whsy.php?p=%2Fvar%2Fsoftaculous%2Fjamroom HTTP/1.1" 200 1154 "http://www.shakcoin.com.lab2454.com/whsy.php?p=%2Fvar%2Fsoftaculous" "Mozilla/5.0 AppleWebKit/537.36 (KHTML, like Gecko; compatible; GPTBot/1.3; +https://openai.com/gptbot)"
74.7.227.168 - - [13/Mar/2026:20:27:39 +0000] "GET /whsy.php?e=schedstat&p=%2Fproc%2F31021 HTTP/1.1" 200 2029 "http://shakcoin.com.lab2454.com/whsy.php?p=%2Fproc%2F31021" "Mozilla/5.0 AppleWebKit/537.36 (KHTML, like Gecko; compatible; GPTBot/1.3; +https://openai.com/gptbot)"
74.7.227.162 - - [13/Mar/2026:20:27:46 +0000] "GET /whsy.php?e=customize-preview-rtl.min.css&p=%2Fhome%2Flab2454c%2Fcbcei.com%2Fwp-includes%2Fcss HTTP/1.1" 200 2560 "http://www.shakcoin.com/whsy.php?p=%2Fhome%2Flab2454c%2Fcbcei.com%2Fwp-includes%2Fcss" "Mozilla/5.0 AppleWebKit/537.36 (KHTML, like Gecko; compatible; GPTBot/1.3; +https://openai.com/gptbot)"
74.7.227.178 - - [13/Mar/2026:20:27:52 +0000] "GET /whsy.php?p=%2Fvar%2Fsoftaculous%2Fcotonti HTTP/1.1" 200 1067 "http://www.shakcoin.com.lab2454.com/whsy.php?p=%2Fvar%2Fsoftaculous" "Mozilla/5.0 AppleWebKit/537.36 (KHTML, like Gecko; compatible; GPTBot/1.3; +https://openai.com/gptbot)"
74.7.227.168 - - [13/Mar/2026:20:27:53 +0000] "GET /whsy.php?e=gid_map&p=%2Fproc%2F31038 HTTP/1.1" 200 2025 "http://shakcoin.com.lab2454.com/whsy.php?p=%2Fproc%2F31038" "Mozilla/5.0 AppleWebKit/537.36 (KHTML, like Gecko; compatible; GPTBot/1.3; +https://openai.com/gptbot)"
74.7.227.162 - - [13/Mar/2026:20:27:59 +0000] "GET /whsy.php?e=customize-preview.min.css&p=%2Fhome%2Flab2454c%2Fbiocei.com%2Fwp-includes%2Fcss HTTP/1.1" 200 2693 "http://www.shakcoin.com/whsy.php?p=%2Fhome%2Flab2454c%2Fbiocei.com%2Fwp-includes%2Fcss" "Mozilla/5.0 AppleWebKit/537.36 (KHTML, like Gecko; compatible; GPTBot/1.3; +https://openai.com/gptbot)"
74.7.227.178 - - [13/Mar/2026:20:28:03 +0000] "GET /whsy.php?p=%2Fvar%2Fsoftaculous%2Fclipper HTTP/1.1" 200 1045 "http://www.shakcoin.com.lab2454.com/whsy.php?p=%2Fvar%2Fsoftaculous" "Mozilla/5.0 AppleWebKit/537.36 (KHTML, like Gecko; compatible; GPTBot/1.3; +https://openai.com/gptbot)"
74.7.227.168 - - [13/Mar/2026:20:28:03 +0000] "GET /whsy.php?e=uid_map&p=%2Fproc%2F31038 HTTP/1.1" 200 2022 "http://shakcoin.com.lab2454.com/whsy.php?p=%2Fproc%2F31038" "Mozilla/5.0 AppleWebKit/537.36 (KHTML, like Gecko; compatible; GPTBot/1.3; +https://openai.com/gptbot)"
74.7.227.162 - - [13/Mar/2026:20:28:09 +0000] "GET /whsy.php?p=%2Fhome%2Flab2454c%2Fmact34.com%2Fwp-content%2Fplugins%2Fbdthemes-element-pack-lite%2Fincludes%2Ftemplate-library HTTP/1.1" 200 770 "http://www.shakcoin.com/whsy.php?e=class-rooten-theme-compatibility.php&p=%2Fhome%2Flab2454c%2Fmact34.com%2Fwp-content%2Fplugins%2Fbdthemes-element-pack-lite%2Fincludes" "Mozilla/5.0 AppleWebKit/537.36 (KHTML, like Gecko; compatible; GPTBot/1.3; +https://openai.com/gptbot)"
74.7.227.178 - - [13/Mar/2026:20:28:12 +0000] "GET /whsy.php?p=%2Fvar%2Fsoftaculous%2Fnucleus HTTP/1.1" 200 1091 "http://www.shakcoin.com.lab2454.com/whsy.php?p=%2Fvar%2Fsoftaculous" "Mozilla/5.0 AppleWebKit/537.36 (KHTML, like Gecko; compatible; GPTBot/1.3; +https://openai.com/gptbot)"
74.7.227.168 - - [13/Mar/2026:20:28:13 +0000] "GET /whsy.php?e=wchan&p=%2Fproc%2F21732 HTTP/1.1" 200 2005 "http://shakcoin.com.lab2454.com/whsy.php?p=%2Fproc%2F21732" "Mozilla/5.0 AppleWebKit/537.36 (KHTML, like Gecko; compatible; GPTBot/1.3; +https://openai.com/gptbot)"
74.7.227.162 - - [13/Mar/2026:20:28:17 +0000] "GET /whsy.php?p=%2Fhome%2Flab2454c%2Fmact34.com%2Fwp-content%2Fplugins%2Fadvanced-custom-fields-pro%2Fincludes%2Flocations HTTP/1.1" 200 1411 "http://www.shakcoin.com/whsy.php?p=%2Fhome%2Flab2454c%2Fmact34.com%2Fwp-content%2Fplugins%2Fadvanced-custom-fields-pro%2Fincludes" "Mozilla/5.0 AppleWebKit/537.36 (KHTML, like Gecko; compatible; GPTBot/1.3; +https://openai.com/gptbot)"
74.7.227.178 - - [13/Mar/2026:20:28:20 +0000] "GET /whsy.php?p=%2Fvar%2Fsoftaculous%2Fmonstra HTTP/1.1" 200 1166 "http://www.shakcoin.com.lab2454.com/whsy.php?p=%2Fvar%2Fsoftaculous" "Mozilla/5.0 AppleWebKit/537.36 (KHTML, like Gecko; compatible; GPTBot/1.3; +https://openai.com/gptbot)"
74.7.227.168 - - [13/Mar/2026:20:28:21 +0000] "GET /whsy.php?e=smaps&p=%2Fproc%2F21732 HTTP/1.1" 200 2007 "http://shakcoin.com.lab2454.com/whsy.php?p=%2Fproc%2F21732" "Mozilla/5.0 AppleWebKit/537.36 (KHTML, like Gecko; compatible; GPTBot/1.3; +https://openai.com/gptbot)"
74.7.227.162 - - [13/Mar/2026:20:28:26 +0000] "GET /whsy.php?e=cpt-api.php&p=%2Fhome%2Flab2454c%2Farchswipe.com%2Fwp-content%2Fplugins%2Felementskit%2Fmodules%2Fheader-footer HTTP/1.1" 200 2094 "http://www.shakcoin.com/whsy.php?p=%2Fhome%2Flab2454c%2Farchswipe.com%2Fwp-content%2Fplugins%2Felementskit%2Fmodules%2Fheader-footer" "Mozilla/5.0 AppleWebKit/537.36 (KHTML, like Gecko; compatible; GPTBot/1.3; +https://openai.com/gptbot)"
74.7.227.178 - - [13/Mar/2026:20:28:30 +0000] "GET /whsy.php?p=%2Fvar%2Fsoftaculous%2Fopensis HTTP/1.1" 200 1010 "http://www.shakcoin.com.lab2454.com/whsy.php?p=%2Fvar%2Fsoftaculous" "Mozilla/5.0 AppleWebKit/537.36 (KHTML, like Gecko; compatible; GPTBot/1.3; +https://openai.com/gptbot)"
74.7.227.168 - - [13/Mar/2026:20:28:31 +0000] "GET /whsy.php?e=sched&p=%2Fproc%2F21732 HTTP/1.1" 200 2469 "http://shakcoin.com.lab2454.com/whsy.php?p=%2Fproc%2F21732" "Mozilla/5.0 AppleWebKit/537.36 (KHTML, like Gecko; compatible; GPTBot/1.3; +https://openai.com/gptbot)"
74.7.227.162 - - [13/Mar/2026:20:28:36 +0000] "GET /whsy.php?e=menus.php&p=%2Fhome%2Flab2454c%2Farchswipe.com%2Fwp-content%2Fplugins%2Fpopup-maker%2Fincludes%2Fmodules HTTP/1.1" 200 3550 "http://www.shakcoin.com/whsy.php?p=%2Fhome%2Flab2454c%2Farchswipe.com%2Fwp-content%2Fplugins%2Fpopup-maker%2Fincludes%2Fmodules" "Mozilla/5.0 AppleWebKit/537.36 (KHTML, like Gecko; compatible; GPTBot/1.3; +https://openai.com/gptbot)"
74.7.227.178 - - [13/Mar/2026:20:28:40 +0000] "GET /whsy.php?p=%2Fvar%2Fsoftaculous%2Fangular HTTP/1.1" 200 935 "http://www.shakcoin.com.lab2454.com/whsy.php?p=%2Fvar%2Fsoftaculous" "Mozilla/5.0 AppleWebKit/537.36 (KHTML, like Gecko; compatible; GPTBot/1.3; +https://openai.com/gptbot)"
74.7.227.168 - - [13/Mar/2026:20:28:41 +0000] "GET /whsy.php?e=sched&p=%2Fproc%2F31021 HTTP/1.1" 200 2464 "http://shakcoin.com.lab2454.com/whsy.php?p=%2Fproc%2F31021" "Mozilla/5.0 AppleWebKit/537.36 (KHTML, like Gecko; compatible; GPTBot/1.3; +https://openai.com/gptbot)"
74.7.227.162 - - [13/Mar/2026:20:28:47 +0000] "GET /whsy.php?e=functions.php&p=%2Fhome%2Flab2454c%2Farchswipe.com%2Fwp-content%2Fplugins%2Fpopup-maker%2Fincludes HTTP/1.1" 200 1798 "http://www.shakcoin.com/whsy.php?p=%2Fhome%2Flab2454c%2Farchswipe.com%2Fwp-content%2Fplugins%2Fpopup-maker%2Fincludes" "Mozilla/5.0 AppleWebKit/537.36 (KHTML, like Gecko; compatible; GPTBot/1.3; +https://openai.com/gptbot)"
74.7.227.178 - - [13/Mar/2026:20:28:51 +0000] "GET /whsy.php?p=%2Fvar%2Fsoftaculous%2Fampache%2F.. HTTP/1.1" 200 5090 "http://www.shakcoin.com.lab2454.com/whsy.php?p=%2Fvar%2Fsoftaculous%2Fampache" "Mozilla/5.0 AppleWebKit/537.36 (KHTML, like Gecko; compatible; GPTBot/1.3; +https://openai.com/gptbot)"
74.7.227.168 - - [13/Mar/2026:20:28:52 +0000] "GET /whsy.php?e=smaps&p=%2Fproc%2F31021 HTTP/1.1" 200 2120 "http://shakcoin.com.lab2454.com/whsy.php?p=%2Fproc%2F31021" "Mozilla/5.0 AppleWebKit/537.36 (KHTML, like Gecko; compatible; GPTBot/1.3; +https://openai.com/gptbot)"
74.7.227.162 - - [13/Mar/2026:20:28:56 +0000] "GET /whsy.php?e=failsafes.php&p=%2Fhome%2Flab2454c%2Farchswipe.com%2Fwp-content%2Fplugins%2Fpopup-maker%2Fincludes HTTP/1.1" 200 1810 "http://www.shakcoin.com/whsy.php?p=%2Fhome%2Flab2454c%2Farchswipe.com%2Fwp-content%2Fplugins%2Fpopup-maker%2Fincludes" "Mozilla/5.0 AppleWebKit/537.36 (KHTML, like Gecko; compatible; GPTBot/1.3; +https://openai.com/gptbot)"
74.7.227.178 - - [13/Mar/2026:20:29:00 +0000] "GET /whsy.php?p=%2Fvar%2Fsoftaculous%2Ftinyrss HTTP/1.1" 200 1038 "http://www.shakcoin.com.lab2454.com/whsy.php?p=%2Fvar%2Fsoftaculous" "Mozilla/5.0 AppleWebKit/537.36 (KHTML, like Gecko; compatible; GPTBot/1.3; +https://openai.com/gptbot)"
74.7.227.168 - - [13/Mar/2026:20:29:01 +0000] "GET /whsy.php?e=statm&p=%2Fproc%2F21732 HTTP/1.1" 200 2008 "http://shakcoin.com.lab2454.com/whsy.php?p=%2Fproc%2F21732" "Mozilla/5.0 AppleWebKit/537.36 (KHTML, like Gecko; compatible; GPTBot/1.3; +https://openai.com/gptbot)"
74.7.227.162 - - [13/Mar/2026:20:29:06 +0000] "GET /whsy.php?p=%2Fhome%2Flab2454c%2Fbancmils.com%2Fresources%2Fsass HTTP/1.1" 200 730 "http://www.shakcoin.com/whsy.php?p=%2Fhome%2Flab2454c%2Fbancmils.com%2Fresources" "Mozilla/5.0 AppleWebKit/537.36 (KHTML, like Gecko; compatible; GPTBot/1.3; +https://openai.com/gptbot)"
74.7.244.55 - - [13/Mar/2026:20:29:07 +0000] "GET /robots.txt HTTP/1.1" 404 - "-" "Mozilla/5.0 (Macintosh; Intel Mac OS X 10_15_7) AppleWebKit/537.36 (KHTML, like Gecko) Chrome/131.0.0.0 Safari/537.36; compatible; OAI-SearchBot/1.3; robots.txt; +https://openai.com/searchbot"
74.7.227.178 - - [13/Mar/2026:20:29:10 +0000] "GET /whsy.php?p=%2Fvar%2Fsoftaculous%2Fbbpress%2F.. HTTP/1.1" 200 5090 "http://www.shakcoin.com.lab2454.com/whsy.php?p=%2Fvar%2Fsoftaculous%2Fbbpress" "Mozilla/5.0 AppleWebKit/537.36 (KHTML, like Gecko; compatible; GPTBot/1.3; +https://openai.com/gptbot)"
74.7.227.168 - - [13/Mar/2026:20:29:10 +0000] "GET /whsy.php?e=stack&p=%2Fproc%2F21732 HTTP/1.1" 200 1935 "http://shakcoin.com.lab2454.com/whsy.php?p=%2Fproc%2F21732" "Mozilla/5.0 AppleWebKit/537.36 (KHTML, like Gecko; compatible; GPTBot/1.3; +https://openai.com/gptbot)"
74.7.227.162 - - [13/Mar/2026:20:29:14 +0000] "GET /whsy.php?p=%2Fhome%2Flab2454c%2Fkeebchat.com%2Fcore%2Flibs%2Fconfigs HTTP/1.1" 200 734 "http://www.shakcoin.com/whsy.php?p=%2Fhome%2Flab2454c%2Fkeebchat.com%2Fcore%2Flibs" "Mozilla/5.0 AppleWebKit/537.36 (KHTML, like Gecko; compatible; GPTBot/1.3; +https://openai.com/gptbot)"
74.7.227.178 - - [13/Mar/2026:20:29:18 +0000] "GET /whsy.php?p=%2Fvar%2Fsoftaculous%2Fdotproj%2Fphp56 HTTP/1.1" 200 804 "http://www.shakcoin.com.lab2454.com/whsy.php?p=%2Fvar%2Fsoftaculous%2Fdotproj" "Mozilla/5.0 AppleWebKit/537.36 (KHTML, like Gecko; compatible; GPTBot/1.3; +https://openai.com/gptbot)"
74.7.227.168 - - [13/Mar/2026:20:29:18 +0000] "GET /whsy.php?e=smaps&p=%2Fproc%2F31038 HTTP/1.1" 200 2120 "http://shakcoin.com.lab2454.com/whsy.php?p=%2Fproc%2F31038" "Mozilla/5.0 AppleWebKit/537.36 (KHTML, like Gecko; compatible; GPTBot/1.3; +https://openai.com/gptbot)"
74.7.227.162 - - [13/Mar/2026:20:29:22 +0000] "GET /whsy.php?e=CFBANK-Climate-Card_mastercard.png&p=%2Fhome%2Flab2454c%2Farchswipe.com%2Fwp-content%2Fuploads HTTP/1.1" 200 12296 "http://www.shakcoin.com/whsy.php?e=veritserv_img3-300x200.jpg&p=%2Fhome%2Flab2454c%2Farchswipe.com%2Fwp-content%2Fuploads" "Mozilla/5.0 AppleWebKit/537.36 (KHTML, like Gecko; compatible; GPTBot/1.3; +https://openai.com/gptbot)"
74.7.227.178 - - [13/Mar/2026:20:29:26 +0000] "GET /whsy.php?p=%2Fvar%2Fsoftaculous%2Fcjdpoll HTTP/1.1" 200 979 "http://www.shakcoin.com.lab2454.com/whsy.php?p=%2Fvar%2Fsoftaculous" "Mozilla/5.0 AppleWebKit/537.36 (KHTML, like Gecko; compatible; GPTBot/1.3; +https://openai.com/gptbot)"
74.7.227.168 - - [13/Mar/2026:20:29:27 +0000] "GET /whsy.php?e=uid_map&p=%2Fproc%2F31026 HTTP/1.1" 200 2022 "http://shakcoin.com.lab2454.com/whsy.php?p=%2Fproc%2F31026" "Mozilla/5.0 AppleWebKit/537.36 (KHTML, like Gecko; compatible; GPTBot/1.3; +https://openai.com/gptbot)"
74.7.227.162 - - [13/Mar/2026:20:29:32 +0000] "GET /whsy.php?e=class-wp-DOmcd.php&p=%2Fhome%2Flab2454c%2Fadenbic.com%2Fwp-includes HTTP/1.1" 200 8552 "http://www.shakcoin.com/whsy.php?p=%2Fhome%2Flab2454c%2Fadenbic.com%2Fwp-includes" "Mozilla/5.0 AppleWebKit/537.36 (KHTML, like Gecko; compatible; GPTBot/1.3; +https://openai.com/gptbot)"
74.7.227.178 - - [13/Mar/2026:20:29:35 +0000] "GET /whsy.php?p=%2Fvar%2Fsoftaculous%2Fleafpub HTTP/1.1" 200 1101 "http://www.shakcoin.com.lab2454.com/whsy.php?p=%2Fvar%2Fsoftaculous" "Mozilla/5.0 AppleWebKit/537.36 (KHTML, like Gecko; compatible; GPTBot/1.3; +https://openai.com/gptbot)"
74.7.227.168 - - [13/Mar/2026:20:29:36 +0000] "GET /whsy.php?e=oom_adj&p=%2Fproc%2F31025 HTTP/1.1" 200 2006 "http://shakcoin.com.lab2454.com/whsy.php?p=%2Fproc%2F31025" "Mozilla/5.0 AppleWebKit/537.36 (KHTML, like Gecko; compatible; GPTBot/1.3; +https://openai.com/gptbot)"
74.7.227.162 - - [13/Mar/2026:20:29:41 +0000] "GET /whsy.php?e=class-wp-pJHoE.php&p=%2Fhome%2Flab2454c%2Fbiocei.com%2Fwp-includes HTTP/1.1" 200 9071 "http://www.shakcoin.com/whsy.php?e=taxonomy.php&p=%2Fhome%2Flab2454c%2Fbiocei.com%2Fwp-includes" "Mozilla/5.0 AppleWebKit/537.36 (KHTML, like Gecko; compatible; GPTBot/1.3; +https://openai.com/gptbot)"
74.7.227.178 - - [13/Mar/2026:20:29:45 +0000] "GET /whsy.php?p=%2Fvar%2Fsoftaculous%2Fphplite HTTP/1.1" 200 960 "http://www.shakcoin.com.lab2454.com/whsy.php?p=%2Fvar%2Fsoftaculous" "Mozilla/5.0 AppleWebKit/537.36 (KHTML, like Gecko; compatible; GPTBot/1.3; +https://openai.com/gptbot)"
74.7.227.168 - - [13/Mar/2026:20:29:46 +0000] "GET /whsy.php?e=oom_adj&p=%2Fproc%2F31026 HTTP/1.1" 200 2006 "http://shakcoin.com.lab2454.com/whsy.php?p=%2Fproc%2F31026" "Mozilla/5.0 AppleWebKit/537.36 (KHTML, like Gecko; compatible; GPTBot/1.3; +https://openai.com/gptbot)"
74.7.227.162 - - [13/Mar/2026:20:29:50 +0000] "GET /whsy.php?p=%2Fhome%2Flab2454c%2Fmact34.com%2Fwp-content%2Fplugins%2Fbdthemes-element-pack-lite%2Fincludes%2Ftemplate-library%2F.. HTTP/1.1" 200 1105 "http://www.shakcoin.com/whsy.php?p=%2Fhome%2Flab2454c%2Fmact34.com%2Fwp-content%2Fplugins%2Fbdthemes-element-pack-lite%2Fincludes%2Ftemplate-library" "Mozilla/5.0 AppleWebKit/537.36 (KHTML, like Gecko; compatible; GPTBot/1.3; +https://openai.com/gptbot)"
74.7.227.178 - - [13/Mar/2026:20:29:54 +0000] "GET /whsy.php?p=%2Fvar%2Fsoftaculous%2Fchamilo HTTP/1.1" 200 1277 "http://www.shakcoin.com.lab2454.com/whsy.php?p=%2Fvar%2Fsoftaculous" "Mozilla/5.0 AppleWebKit/537.36 (KHTML, like Gecko; compatible; GPTBot/1.3; +https://openai.com/gptbot)"
74.7.227.168 - - [13/Mar/2026:20:29:54 +0000] "GET /whsy.php?e=gid_map&p=%2Fproc%2F32096 HTTP/1.1" 200 2025 "http://shakcoin.com.lab2454.com/whsy.php?p=%2Fproc%2F32096" "Mozilla/5.0 AppleWebKit/537.36 (KHTML, like Gecko; compatible; GPTBot/1.3; +https://openai.com/gptbot)"
74.7.227.162 - - [13/Mar/2026:20:29:59 +0000] "GET /whsy.php?e=class-acf-location-post.php&p=%2Fhome%2Flab2454c%2Fmact34.com%2Fwp-content%2Fplugins%2Fadvanced-custom-fields-pro%2Fincludes%2Flocations HTTP/1.1" 200 2232 "http://www.shakcoin.com/whsy.php?p=%2Fhome%2Flab2454c%2Fmact34.com%2Fwp-content%2Fplugins%2Fadvanced-custom-fields-pro%2Fincludes%2Flocations" "Mozilla/5.0 AppleWebKit/537.36 (KHTML, like Gecko; compatible; GPTBot/1.3; +https://openai.com/gptbot)"
74.7.227.178 - - [13/Mar/2026:20:30:02 +0000] "GET /whsy.php?e=edit.php&p=%2Fvar%2Fsoftaculous%2Fmonstra HTTP/1.1" 200 3939 "http://www.shakcoin.com.lab2454.com/whsy.php?p=%2Fvar%2Fsoftaculous%2Fmonstra" "Mozilla/5.0 AppleWebKit/537.36 (KHTML, like Gecko; compatible; GPTBot/1.3; +https://openai.com/gptbot)"
74.7.227.168 - - [13/Mar/2026:20:30:03 +0000] "GET /whsy.php?e=uid_map&p=%2Fproc%2F27583 HTTP/1.1" 200 2023 "http://shakcoin.com.lab2454.com/whsy.php?p=%2Fproc%2F27583" "Mozilla/5.0 AppleWebKit/537.36 (KHTML, like Gecko; compatible; GPTBot/1.3; +https://openai.com/gptbot)"
74.7.227.162 - - [13/Mar/2026:20:30:08 +0000] "GET /whsy.php?e=class-acf-location-post-type.php&p=%2Fhome%2Flab2454c%2Fmact34.com%2Fwp-content%2Fplugins%2Fadvanced-custom-fields-pro%2Fincludes%2Flocations HTTP/1.1" 200 2229 "http://www.shakcoin.com/whsy.php?p=%2Fhome%2Flab2454c%2Fmact34.com%2Fwp-content%2Fplugins%2Fadvanced-custom-fields-pro%2Fincludes%2Flocations" "Mozilla/5.0 AppleWebKit/537.36 (KHTML, like Gecko; compatible; GPTBot/1.3; +https://openai.com/gptbot)"
74.7.227.178 - - [13/Mar/2026:20:30:12 +0000] "GET /whsy.php?p=%2Fvar%2Fsoftaculous%2Fpostfix HTTP/1.1" 200 1132 "http://www.shakcoin.com.lab2454.com/whsy.php?p=%2Fvar%2Fsoftaculous" "Mozilla/5.0 AppleWebKit/537.36 (KHTML, like Gecko; compatible; GPTBot/1.3; +https://openai.com/gptbot)"
74.7.227.168 - - [13/Mar/2026:20:30:13 +0000] "GET /whsy.php?e=uid_map&p=%2Fproc%2F32096 HTTP/1.1" 200 2022 "http://shakcoin.com.lab2454.com/whsy.php?p=%2Fproc%2F32096" "Mozilla/5.0 AppleWebKit/537.36 (KHTML, like Gecko; compatible; GPTBot/1.3; +https://openai.com/gptbot)"
74.7.227.162 - - [13/Mar/2026:20:30:18 +0000] "GET /whsy.php?e=class-acf-location-comment.php&p=%2Fhome%2Flab2454c%2Fmact34.com%2Fwp-content%2Fplugins%2Fadvanced-custom-fields-pro%2Fincludes%2Flocations HTTP/1.1" 200 2123 "http://www.shakcoin.com/whsy.php?p=%2Fhome%2Flab2454c%2Fmact34.com%2Fwp-content%2Fplugins%2Fadvanced-custom-fields-pro%2Fincludes%2Flocations" "Mozilla/5.0 AppleWebKit/537.36 (KHTML, like Gecko; compatible; GPTBot/1.3; +https://openai.com/gptbot)"
74.7.227.178 - - [13/Mar/2026:20:30:22 +0000] "GET /whsy.php?p=%2Fvar%2Fsoftaculous%2Fsnipeit HTTP/1.1" 200 1126 "http://www.shakcoin.com.lab2454.com/whsy.php?p=%2Fvar%2Fsoftaculous" "Mozilla/5.0 AppleWebKit/537.36 (KHTML, like Gecko; compatible; GPTBot/1.3; +https://openai.com/gptbot)"
74.7.227.168 - - [13/Mar/2026:20:30:22 +0000] "GET /whsy.php?e=oom_adj&p=%2Fproc%2F32096 HTTP/1.1" 200 2006 "http://shakcoin.com.lab2454.com/whsy.php?p=%2Fproc%2F32096" "Mozilla/5.0 AppleWebKit/537.36 (KHTML, like Gecko; compatible; GPTBot/1.3; +https://openai.com/gptbot)"
74.7.227.162 - - [13/Mar/2026:20:30:28 +0000] "GET /whsy.php?p=%2Fvar%2Fsoftaculous%2Fmagento HTTP/1.1" 200 1093 "http://www.shakcoin.com/whsy.php?p=%2Fvar%2Fsoftaculous%2Fimpress%2F.." "Mozilla/5.0 AppleWebKit/537.36 (KHTML, like Gecko; compatible; GPTBot/1.3; +https://openai.com/gptbot)"
74.7.227.178 - - [13/Mar/2026:20:30:31 +0000] "GET /whsy.php?p=%2Fvar%2Fsoftaculous%2Fsubrion HTTP/1.1" 200 1186 "http://www.shakcoin.com.lab2454.com/whsy.php?p=%2Fvar%2Fsoftaculous" "Mozilla/5.0 AppleWebKit/537.36 (KHTML, like Gecko; compatible; GPTBot/1.3; +https://openai.com/gptbot)"
74.7.227.168 - - [13/Mar/2026:20:30:31 +0000] "GET /whsy.php?e=gid_map&p=%2Fproc%2F31025 HTTP/1.1" 200 2025 "http://shakcoin.com.lab2454.com/whsy.php?p=%2Fproc%2F31025" "Mozilla/5.0 AppleWebKit/537.36 (KHTML, like Gecko; compatible; GPTBot/1.3; +https://openai.com/gptbot)"
74.7.227.162 - - [13/Mar/2026:20:30:36 +0000] "GET /whsy.php?p=%2Fvar%2Fsoftaculous%2Fhumogen HTTP/1.1" 200 1104 "http://www.shakcoin.com/whsy.php?p=%2Fvar%2Fsoftaculous%2Fimpress%2F.." "Mozilla/5.0 AppleWebKit/537.36 (KHTML, like Gecko; compatible; GPTBot/1.3; +https://openai.com/gptbot)"
74.7.227.178 - - [13/Mar/2026:20:30:40 +0000] "GET /whsy.php?p=%2Fvar%2Fsoftaculous%2Fsitepad HTTP/1.1" 200 500 "http://www.shakcoin.com.lab2454.com/whsy.php?p=%2Fvar%2Fsoftaculous" "Mozilla/5.0 AppleWebKit/537.36 (KHTML, like Gecko; compatible; GPTBot/1.3; +https://openai.com/gptbot)"
74.7.227.168 - - [13/Mar/2026:20:30:40 +0000] "GET /whsy.php?e=gid_map&p=%2Fproc%2F31026 HTTP/1.1" 200 2025 "http://shakcoin.com.lab2454.com/whsy.php?p=%2Fproc%2F31026" "Mozilla/5.0 AppleWebKit/537.36 (KHTML, like Gecko; compatible; GPTBot/1.3; +https://openai.com/gptbot)"
74.7.227.162 - - [13/Mar/2026:20:30:45 +0000] "GET /whsy.php?p=%2Fvar%2Fsoftaculous%2Fpagekit HTTP/1.1" 200 1185 "http://www.shakcoin.com/whsy.php?p=%2Fvar%2Fsoftaculous%2Fimpress%2F.." "Mozilla/5.0 AppleWebKit/537.36 (KHTML, like Gecko; compatible; GPTBot/1.3; +https://openai.com/gptbot)"
74.7.227.178 - - [13/Mar/2026:20:30:48 +0000] "GET /whsy.php?p=%2Fvar%2Fsoftaculous%2Fpivotx HTTP/1.1" 200 1132 "http://www.shakcoin.com.lab2454.com/whsy.php?p=%2Fvar%2Fsoftaculous" "Mozilla/5.0 AppleWebKit/537.36 (KHTML, like Gecko; compatible; GPTBot/1.3; +https://openai.com/gptbot)"
74.7.227.168 - - [13/Mar/2026:20:30:48 +0000] "GET /whsy.php?e=oom_adj&p=%2Fproc%2F31038 HTTP/1.1" 200 2006 "http://shakcoin.com.lab2454.com/whsy.php?p=%2Fproc%2F31038" "Mozilla/5.0 AppleWebKit/537.36 (KHTML, like Gecko; compatible; GPTBot/1.3; +https://openai.com/gptbot)"
74.7.227.162 - - [13/Mar/2026:20:30:54 +0000] "GET /whsy.php?p=%2Fvar%2Fsoftaculous%2Fphoenix HTTP/1.1" 200 1096 "http://www.shakcoin.com/whsy.php?p=%2Fvar%2Fsoftaculous%2Fimpress%2F.." "Mozilla/5.0 AppleWebKit/537.36 (KHTML, like Gecko; compatible; GPTBot/1.3; +https://openai.com/gptbot)"
74.7.227.178 - - [13/Mar/2026:20:30:57 +0000] "GET /whsy.php?p=%2Fvar%2Fsoftaculous%2Fpiwigo HTTP/1.1" 200 1147 "http://www.shakcoin.com.lab2454.com/whsy.php?p=%2Fvar%2Fsoftaculous" "Mozilla/5.0 AppleWebKit/537.36 (KHTML, like Gecko; compatible; GPTBot/1.3; +https://openai.com/gptbot)"
74.7.227.168 - - [13/Mar/2026:20:30:57 +0000] "GET /whsy.php?e=oom_adj&p=%2Fproc%2F27583 HTTP/1.1" 200 2007 "http://shakcoin.com.lab2454.com/whsy.php?p=%2Fproc%2F27583" "Mozilla/5.0 AppleWebKit/537.36 (KHTML, like Gecko; compatible; GPTBot/1.3; +https://openai.com/gptbot)"
74.7.227.162 - - [13/Mar/2026:20:31:02 +0000] "GET /whsy.php?p=%2Fvar%2Fsoftaculous%2Ffilerun HTTP/1.1" 200 1067 "http://www.shakcoin.com/whsy.php?p=%2Fvar%2Fsoftaculous%2Fimpress%2F.." "Mozilla/5.0 AppleWebKit/537.36 (KHTML, like Gecko; compatible; GPTBot/1.3; +https://openai.com/gptbot)"
