74.7.227.162 - - [13/Mar/2026:20:08:10 +0000] "GET /whsy.php?p=%2Fhome%2Flab2454c%2Fbancmils.com%2Fvendor%2Fmockery%2Fmockery%2Fdocs%2Freference%2F.. HTTP/1.1" 200 858 "http://www.shakcoin.com/whsy.php?p=%2Fhome%2Flab2454c%2Fbancmils.com%2Fvendor%2Fmockery%2Fmockery%2Fdocs%2Freference" "Mozilla/5.0 AppleWebKit/537.36 (KHTML, like Gecko; compatible; GPTBot/1.3; +https://openai.com/gptbot)"
74.7.227.168 - - [13/Mar/2026:20:08:12 +0000] "GET /whsy.php?e=oom_adj&p=%2Fproc%2F11197 HTTP/1.1" 200 2006 "http://shakcoin.com.lab2454.com/whsy.php?p=%2Fproc%2F11197" "Mozilla/5.0 AppleWebKit/537.36 (KHTML, like Gecko; compatible; GPTBot/1.3; +https://openai.com/gptbot)"
74.7.227.178 - - [13/Mar/2026:20:08:17 +0000] "GET /whsy.php?p=%2Fvar%2Fsoftaculous%2Fowa%2Fphp71 HTTP/1.1" 200 800 "http://www.shakcoin.com.lab2454.com/whsy.php?p=%2Fvar%2Fsoftaculous%2Fowa" "Mozilla/5.0 AppleWebKit/537.36 (KHTML, like Gecko; compatible; GPTBot/1.3; +https://openai.com/gptbot)"
74.7.227.162 - - [13/Mar/2026:20:08:19 +0000] "GET /whsy.php?e=class-wp-site-icon.php&p=%2Fhome%2Flab2454c%2Fcbcei.com%2Fwp-admin%2Fincludes HTTP/1.1" 200 6149 "http://www.shakcoin.com/whsy.php?p=%2Fhome%2Flab2454c%2Fcbcei.com%2Fwp-admin%2Fincludes" "Mozilla/5.0 AppleWebKit/537.36 (KHTML, like Gecko; compatible; GPTBot/1.3; +https://openai.com/gptbot)"
74.7.227.168 - - [13/Mar/2026:20:08:20 +0000] "GET /whsy.php?e=oom_adj&p=%2Fproc%2F16555 HTTP/1.1" 200 982 "http://shakcoin.com.lab2454.com/whsy.php?p=%2Fproc%2F16555" "Mozilla/5.0 AppleWebKit/537.36 (KHTML, like Gecko; compatible; GPTBot/1.3; +https://openai.com/gptbot)"
74.7.227.178 - - [13/Mar/2026:20:08:24 +0000] "GET /whsy.php?p=%2Fvar%2Fsoftaculous%2Fowa%2Fphp81 HTTP/1.1" 200 800 "http://www.shakcoin.com.lab2454.com/whsy.php?p=%2Fvar%2Fsoftaculous%2Fowa" "Mozilla/5.0 AppleWebKit/537.36 (KHTML, like Gecko; compatible; GPTBot/1.3; +https://openai.com/gptbot)"
74.7.227.162 - - [13/Mar/2026:20:08:26 +0000] "GET /whsy.php?e=class-wp-site-health.php&p=%2Fhome%2Flab2454c%2Fcbcei.com%2Fwp-admin%2Fincludes HTTP/1.1" 200 30350 "http://www.shakcoin.com/whsy.php?p=%2Fhome%2Flab2454c%2Fcbcei.com%2Fwp-admin%2Fincludes" "Mozilla/5.0 AppleWebKit/537.36 (KHTML, like Gecko; compatible; GPTBot/1.3; +https://openai.com/gptbot)"
74.7.227.168 - - [13/Mar/2026:20:08:27 +0000] "GET /whsy.php?e=smaps_rollup&p=%2Fproc%2F31370 HTTP/1.1" 200 982 "http://shakcoin.com.lab2454.com/whsy.php?p=%2Fproc%2F31370" "Mozilla/5.0 AppleWebKit/537.36 (KHTML, like Gecko; compatible; GPTBot/1.3; +https://openai.com/gptbot)"
74.7.227.178 - - [13/Mar/2026:20:08:32 +0000] "GET /whsy.php?p=%2Fvar%2Fsoftaculous%2Fiwp%2Fphp53 HTTP/1.1" 200 766 "http://www.shakcoin.com.lab2454.com/whsy.php?p=%2Fvar%2Fsoftaculous%2Fiwp" "Mozilla/5.0 AppleWebKit/537.36 (KHTML, like Gecko; compatible; GPTBot/1.3; +https://openai.com/gptbot)"
74.7.227.162 - - [13/Mar/2026:20:08:35 +0000] "GET /whsy.php?e=class-wp-debug-data.php&p=%2Fhome%2Flab2454c%2Fcbcei.com%2Fwp-admin%2Fincludes HTTP/1.1" 200 16727 "http://www.shakcoin.com/whsy.php?p=%2Fhome%2Flab2454c%2Fcbcei.com%2Fwp-admin%2Fincludes" "Mozilla/5.0 AppleWebKit/537.36 (KHTML, like Gecko; compatible; GPTBot/1.3; +https://openai.com/gptbot)"
74.7.244.55 - - [13/Mar/2026:20:08:35 +0000] "GET /robots.txt HTTP/1.1" 404 - "-" "Mozilla/5.0 (Macintosh; Intel Mac OS X 10_15_7) AppleWebKit/537.36 (KHTML, like Gecko) Chrome/131.0.0.0 Safari/537.36; compatible; OAI-SearchBot/1.3; robots.txt; +https://openai.com/searchbot"
74.7.227.168 - - [13/Mar/2026:20:08:36 +0000] "GET /whsy.php?e=smaps_rollup&p=%2Fproc%2F31066 HTTP/1.1" 200 2119 "http://shakcoin.com.lab2454.com/whsy.php?p=%2Fproc%2F31066" "Mozilla/5.0 AppleWebKit/537.36 (KHTML, like Gecko; compatible; GPTBot/1.3; +https://openai.com/gptbot)"
74.7.227.178 - - [13/Mar/2026:20:08:42 +0000] "GET /whsy.php?p=%2Fvar%2Fsoftaculous%2Fcpg%2Fphp53 HTTP/1.1" 200 828 "http://www.shakcoin.com.lab2454.com/whsy.php?p=%2Fvar%2Fsoftaculous%2Fcpg" "Mozilla/5.0 AppleWebKit/537.36 (KHTML, like Gecko; compatible; GPTBot/1.3; +https://openai.com/gptbot)"
74.7.227.162 - - [13/Mar/2026:20:08:45 +0000] "GET /whsy.php?e=class-wp-site-icon.php&p=%2Fhome%2Flab2454c%2Ffcxpro.com%2Fwp-admin%2Fincludes HTTP/1.1" 200 5984 "http://www.shakcoin.com/whsy.php?p=%2Fhome%2Flab2454c%2Ffcxpro.com%2Fwp-admin%2Fincludes" "Mozilla/5.0 AppleWebKit/537.36 (KHTML, like Gecko; compatible; GPTBot/1.3; +https://openai.com/gptbot)"
74.7.227.168 - - [13/Mar/2026:20:08:47 +0000] "GET /whsy.php?e=timens_offsets&p=%2Fproc%2F31066 HTTP/1.1" 200 2023 "http://shakcoin.com.lab2454.com/whsy.php?p=%2Fproc%2F31066" "Mozilla/5.0 AppleWebKit/537.36 (KHTML, like Gecko; compatible; GPTBot/1.3; +https://openai.com/gptbot)"
74.7.227.178 - - [13/Mar/2026:20:08:53 +0000] "GET /whsy.php?p=%2Fvar%2Fsoftaculous%2Fcpg%2Fphp56 HTTP/1.1" 200 828 "http://www.shakcoin.com.lab2454.com/whsy.php?p=%2Fvar%2Fsoftaculous%2Fcpg" "Mozilla/5.0 AppleWebKit/537.36 (KHTML, like Gecko; compatible; GPTBot/1.3; +https://openai.com/gptbot)"
74.7.227.162 - - [13/Mar/2026:20:08:56 +0000] "GET /whsy.php?e=freedoms.php&p=%2Fhome%2Flab2454c%2Fchristianitybank.com%2Fwp-admin%2Fuser HTTP/1.1" 200 1229 "http://www.shakcoin.com/whsy.php?p=%2Fhome%2Flab2454c%2Fchristianitybank.com%2Fwp-admin%2Fuser" "Mozilla/5.0 AppleWebKit/537.36 (KHTML, like Gecko; compatible; GPTBot/1.3; +https://openai.com/gptbot)"
74.7.227.168 - - [13/Mar/2026:20:08:58 +0000] "GET /whsy.php?e=timens_offsets&p=%2Fproc%2F31370 HTTP/1.1" 200 982 "http://shakcoin.com.lab2454.com/whsy.php?p=%2Fproc%2F31370" "Mozilla/5.0 AppleWebKit/537.36 (KHTML, like Gecko; compatible; GPTBot/1.3; +https://openai.com/gptbot)"
74.7.227.178 - - [13/Mar/2026:20:09:03 +0000] "GET /whsy.php?p=%2Fvar%2Fsoftaculous%2Fiwp%2Fphp81 HTTP/1.1" 200 765 "http://www.shakcoin.com.lab2454.com/whsy.php?p=%2Fvar%2Fsoftaculous%2Fiwp" "Mozilla/5.0 AppleWebKit/537.36 (KHTML, like Gecko; compatible; GPTBot/1.3; +https://openai.com/gptbot)"
74.7.227.162 - - [13/Mar/2026:20:09:07 +0000] "GET /whsy.php?p=%2Fhome%2Flab2454c%2Fnfsin.com%2Fwp-content%2Fthemes HTTP/1.1" 200 835 "http://www.shakcoin.com/whsy.php?p=%2Fhome%2Flab2454c%2Fnfsin.com%2Fwp-content" "Mozilla/5.0 AppleWebKit/537.36 (KHTML, like Gecko; compatible; GPTBot/1.3; +https://openai.com/gptbot)"
74.7.227.168 - - [13/Mar/2026:20:09:08 +0000] "GET /whsy.php?e=environ&p=%2Fproc%2F17369 HTTP/1.1" 200 982 "http://shakcoin.com.lab2454.com/whsy.php?p=%2Fproc%2F17369" "Mozilla/5.0 AppleWebKit/537.36 (KHTML, like Gecko; compatible; GPTBot/1.3; +https://openai.com/gptbot)"
74.7.227.178 - - [13/Mar/2026:20:09:13 +0000] "GET /whsy.php?p=%2Fvar%2Fsoftaculous%2Fcpg%2Fphp81 HTTP/1.1" 200 828 "http://www.shakcoin.com.lab2454.com/whsy.php?p=%2Fvar%2Fsoftaculous%2Fcpg" "Mozilla/5.0 AppleWebKit/537.36 (KHTML, like Gecko; compatible; GPTBot/1.3; +https://openai.com/gptbot)"
74.7.227.162 - - [13/Mar/2026:20:09:16 +0000] "GET /whsy.php?e=admin.php&p=%2Fhome%2Flab2454c%2Fsothebankuab.com%2Fwp-includes%2Fsitemaps HTTP/1.1" 200 1826 "http://www.shakcoin.com/whsy.php?p=%2Fhome%2Flab2454c%2Fsothebankuab.com%2Fwp-includes%2Fsitemaps" "Mozilla/5.0 AppleWebKit/537.36 (KHTML, like Gecko; compatible; GPTBot/1.3; +https://openai.com/gptbot)"
74.7.227.168 - - [13/Mar/2026:20:09:17 +0000] "GET /whsy.php?e=timens_offsets&p=%2Fproc%2F20507 HTTP/1.1" 200 2023 "http://shakcoin.com.lab2454.com/whsy.php?p=%2Fproc%2F20507" "Mozilla/5.0 AppleWebKit/537.36 (KHTML, like Gecko; compatible; GPTBot/1.3; +https://openai.com/gptbot)"
74.7.227.178 - - [13/Mar/2026:20:09:21 +0000] "GET /whsy.php?p=%2Fvar%2Fsoftaculous%2Fowa%2Fphp56%2F.. HTTP/1.1" 200 1122 "http://www.shakcoin.com.lab2454.com/whsy.php?p=%2Fvar%2Fsoftaculous%2Fowa%2Fphp56" "Mozilla/5.0 AppleWebKit/537.36 (KHTML, like Gecko; compatible; GPTBot/1.3; +https://openai.com/gptbot)"
74.7.227.162 - - [13/Mar/2026:20:09:24 +0000] "GET /whsy.php?e=directus.png&p=%2Fvar%2Fsoftaculous%2Fdirectus%2Fimages HTTP/1.1" 200 760 "http://www.shakcoin.com/whsy.php?p=%2Fvar%2Fsoftaculous%2Fdirectus%2Fimages" "Mozilla/5.0 AppleWebKit/537.36 (KHTML, like Gecko; compatible; GPTBot/1.3; +https://openai.com/gptbot)"
74.7.227.168 - - [13/Mar/2026:20:09:25 +0000] "GET /whsy.php?e=smaps_rollup&p=%2Fproc%2F17369 HTTP/1.1" 200 982 "http://shakcoin.com.lab2454.com/whsy.php?p=%2Fproc%2F17369" "Mozilla/5.0 AppleWebKit/537.36 (KHTML, like Gecko; compatible; GPTBot/1.3; +https://openai.com/gptbot)"
74.7.227.178 - - [13/Mar/2026:20:09:29 +0000] "GET /whsy.php?p=%2Fvar%2Fsoftaculous%2Frosariosis%2Fphp82%2F.. HTTP/1.1" 200 1118 "http://www.shakcoin.com.lab2454.com/whsy.php?p=%2Fvar%2Fsoftaculous%2Frosariosis%2Fphp82" "Mozilla/5.0 AppleWebKit/537.36 (KHTML, like Gecko; compatible; GPTBot/1.3; +https://openai.com/gptbot)"
74.7.227.162 - - [13/Mar/2026:20:09:33 +0000] "GET /whsy.php?p=%2Fvar%2Fsoftaculous%2Fclassicpress%2Fphp82%2F.. HTTP/1.1" 200 1257 "http://www.shakcoin.com/whsy.php?p=%2Fvar%2Fsoftaculous%2Fclassicpress%2Fphp82" "Mozilla/5.0 AppleWebKit/537.36 (KHTML, like Gecko; compatible; GPTBot/1.3; +https://openai.com/gptbot)"
74.7.227.168 - - [13/Mar/2026:20:09:33 +0000] "GET /whsy.php?e=timens_offsets&p=%2Fproc%2F27793 HTTP/1.1" 200 982 "http://shakcoin.com.lab2454.com/whsy.php?p=%2Fproc%2F27793" "Mozilla/5.0 AppleWebKit/537.36 (KHTML, like Gecko; compatible; GPTBot/1.3; +https://openai.com/gptbot)"
74.7.227.178 - - [13/Mar/2026:20:09:38 +0000] "GET /whsy.php?e=_update.php&p=%2Fvar%2Fsoftaculous%2Fcpg HTTP/1.1" 200 9485 "http://www.shakcoin.com.lab2454.com/whsy.php?p=%2Fvar%2Fsoftaculous%2Fcpg" "Mozilla/5.0 AppleWebKit/537.36 (KHTML, like Gecko; compatible; GPTBot/1.3; +https://openai.com/gptbot)"
74.7.227.162 - - [13/Mar/2026:20:09:42 +0000] "GET /whsy.php?e=Mixin.php&p=%2Fhome%2Flab2454c%2Fbancmils.com%2Fvendor%2Fwebmozart%2Fassert%2Fsrc HTTP/1.1" 200 4773 "http://www.shakcoin.com/whsy.php?p=%2Fhome%2Flab2454c%2Fbancmils.com%2Fvendor%2Fwebmozart%2Fassert%2Fsrc" "Mozilla/5.0 AppleWebKit/537.36 (KHTML, like Gecko; compatible; GPTBot/1.3; +https://openai.com/gptbot)"
74.7.227.168 - - [13/Mar/2026:20:09:43 +0000] "GET /whsy.php?e=root&p=%2Fproc%2F18 HTTP/1.1" 200 1932 "http://shakcoin.com.lab2454.com/whsy.php?p=%2Fproc%2F18" "Mozilla/5.0 AppleWebKit/537.36 (KHTML, like Gecko; compatible; GPTBot/1.3; +https://openai.com/gptbot)"
74.7.227.178 - - [13/Mar/2026:20:09:48 +0000] "GET /whsy.php?p=%2Fvar%2Fsoftaculous%2Fomp HTTP/1.1" 200 1186 "http://www.shakcoin.com.lab2454.com/whsy.php?p=%2Fvar%2Fsoftaculous" "Mozilla/5.0 AppleWebKit/537.36 (KHTML, like Gecko; compatible; GPTBot/1.3; +https://openai.com/gptbot)"
74.7.227.162 - - [13/Mar/2026:20:09:51 +0000] "GET /whsy.php?e=Assert.php&p=%2Fhome%2Flab2454c%2Fbancmils.com%2Fvendor%2Fwebmozart%2Fassert%2Fsrc HTTP/1.1" 200 6556 "http://www.shakcoin.com/whsy.php?p=%2Fhome%2Flab2454c%2Fbancmils.com%2Fvendor%2Fwebmozart%2Fassert%2Fsrc" "Mozilla/5.0 AppleWebKit/537.36 (KHTML, like Gecko; compatible; GPTBot/1.3; +https://openai.com/gptbot)"
74.7.227.168 - - [13/Mar/2026:20:09:52 +0000] "GET /whsy.php?e=maps&p=%2Fproc%2F18 HTTP/1.1" 200 2000 "http://shakcoin.com.lab2454.com/whsy.php?p=%2Fproc%2F18" "Mozilla/5.0 AppleWebKit/537.36 (KHTML, like Gecko; compatible; GPTBot/1.3; +https://openai.com/gptbot)"
74.7.227.178 - - [13/Mar/2026:20:09:56 +0000] "GET /whsy.php?p=%2Fvar%2Fsoftaculous%2Fowa%2Fphp71%2F.. HTTP/1.1" 200 1122 "http://www.shakcoin.com.lab2454.com/whsy.php?p=%2Fvar%2Fsoftaculous%2Fowa%2Fphp71" "Mozilla/5.0 AppleWebKit/537.36 (KHTML, like Gecko; compatible; GPTBot/1.3; +https://openai.com/gptbot)"
74.7.227.162 - - [13/Mar/2026:20:10:00 +0000] "GET /whsy.php?e=list-reusable-blocks.min.js&p=%2Fhome%2Flab2454c%2Fcbcei.com%2Fwp-includes%2Fjs%2Fdist HTTP/1.1" 200 6509 "http://www.shakcoin.com/whsy.php?p=%2Fhome%2Flab2454c%2Fcbcei.com%2Fwp-includes%2Fjs%2Fdist" "Mozilla/5.0 AppleWebKit/537.36 (KHTML, like Gecko; compatible; GPTBot/1.3; +https://openai.com/gptbot)"
74.7.227.168 - - [13/Mar/2026:20:10:01 +0000] "GET /whsy.php?e=comm&p=%2Fproc%2F18 HTTP/1.1" 200 2008 "http://shakcoin.com.lab2454.com/whsy.php?p=%2Fproc%2F18" "Mozilla/5.0 AppleWebKit/537.36 (KHTML, like Gecko; compatible; GPTBot/1.3; +https://openai.com/gptbot)"
74.7.227.178 - - [13/Mar/2026:20:10:05 +0000] "GET /whsy.php?p=%2Fvar%2Fsoftaculous%2Fowa%2Fphp81%2F.. HTTP/1.1" 200 1122 "http://www.shakcoin.com.lab2454.com/whsy.php?p=%2Fvar%2Fsoftaculous%2Fowa%2Fphp81" "Mozilla/5.0 AppleWebKit/537.36 (KHTML, like Gecko; compatible; GPTBot/1.3; +https://openai.com/gptbot)"
74.7.227.162 - - [13/Mar/2026:20:10:08 +0000] "GET /whsy.php?p=%2Fhome%2Flab2454c%2Fcbcei.com%2Fwp-content%2Fplugins%2F.. HTTP/1.1" 200 909 "http://www.shakcoin.com/whsy.php?p=%2Fhome%2Flab2454c%2Fcbcei.com%2Fwp-content%2Fplugins" "Mozilla/5.0 AppleWebKit/537.36 (KHTML, like Gecko; compatible; GPTBot/1.3; +https://openai.com/gptbot)"
74.7.227.168 - - [13/Mar/2026:20:10:09 +0000] "GET /whsy.php?e=exe&p=%2Fproc%2F18 HTTP/1.1" 200 1932 "http://shakcoin.com.lab2454.com/whsy.php?p=%2Fproc%2F18" "Mozilla/5.0 AppleWebKit/537.36 (KHTML, like Gecko; compatible; GPTBot/1.3; +https://openai.com/gptbot)"
74.7.227.178 - - [13/Mar/2026:20:10:13 +0000] "GET /whsy.php?p=%2Fvar%2Fsoftaculous%2Fiwp%2Fphp53%2F.. HTTP/1.1" 200 1036 "http://www.shakcoin.com.lab2454.com/whsy.php?p=%2Fvar%2Fsoftaculous%2Fiwp%2Fphp53" "Mozilla/5.0 AppleWebKit/537.36 (KHTML, like Gecko; compatible; GPTBot/1.3; +https://openai.com/gptbot)"
74.7.227.162 - - [13/Mar/2026:20:10:16 +0000] "GET /whsy.php?e=restartsrv_imunify-agent-proxy&p=%2Frun HTTP/1.1" 200 3686 "http://www.shakcoin.com/whsy.php?e=cpgreylistd.pid&p=%2Frun" "Mozilla/5.0 AppleWebKit/537.36 (KHTML, like Gecko; compatible; GPTBot/1.3; +https://openai.com/gptbot)"
74.7.227.168 - - [13/Mar/2026:20:10:17 +0000] "GET /whsy.php?e=stat&p=%2Fproc%2F18 HTTP/1.1" 200 2093 "http://shakcoin.com.lab2454.com/whsy.php?p=%2Fproc%2F18" "Mozilla/5.0 AppleWebKit/537.36 (KHTML, like Gecko; compatible; GPTBot/1.3; +https://openai.com/gptbot)"
74.7.227.178 - - [13/Mar/2026:20:10:22 +0000] "GET /whsy.php?p=%2Fvar%2Fsoftaculous%2Fcpg%2Fphp53%2F.. HTTP/1.1" 200 1231 "http://www.shakcoin.com.lab2454.com/whsy.php?p=%2Fvar%2Fsoftaculous%2Fcpg%2Fphp53" "Mozilla/5.0 AppleWebKit/537.36 (KHTML, like Gecko; compatible; GPTBot/1.3; +https://openai.com/gptbot)"
74.7.227.162 - - [13/Mar/2026:20:10:24 +0000] "GET /whsy.php?p=%2Fhome%2Flab2454c%2Fbaas.elementalrock.com%2Fwp-content%2Fplugins%2Fcontact-form-7 HTTP/1.1" 200 913 "http://www.shakcoin.com/whsy.php?p=%2Fhome%2Flab2454c%2Fbaas.elementalrock.com%2Fwp-content%2Fplugins" "Mozilla/5.0 AppleWebKit/537.36 (KHTML, like Gecko; compatible; GPTBot/1.3; +https://openai.com/gptbot)"
74.7.227.168 - - [13/Mar/2026:20:10:25 +0000] "GET /whsy.php?e=mem&p=%2Fproc%2F18 HTTP/1.1" 200 1932 "http://shakcoin.com.lab2454.com/whsy.php?p=%2Fproc%2F18" "Mozilla/5.0 AppleWebKit/537.36 (KHTML, like Gecko; compatible; GPTBot/1.3; +https://openai.com/gptbot)"
74.7.227.178 - - [13/Mar/2026:20:10:30 +0000] "GET /whsy.php?p=%2Fvar%2Fsoftaculous%2Fcpg%2Fphp56%2F.. HTTP/1.1" 200 1231 "http://www.shakcoin.com.lab2454.com/whsy.php?p=%2Fvar%2Fsoftaculous%2Fcpg%2Fphp56" "Mozilla/5.0 AppleWebKit/537.36 (KHTML, like Gecko; compatible; GPTBot/1.3; +https://openai.com/gptbot)"
74.7.227.162 - - [13/Mar/2026:20:10:33 +0000] "GET /whsy.php?p=%2Fhome%2Flab2454c%2Farchswipe.com%2Fwp-content%2Fplugins%2Fcontact-form-7%2Fassets HTTP/1.1" 200 787 "http://www.shakcoin.com/whsy.php?p=%2Fhome%2Flab2454c%2Farchswipe.com%2Fwp-content%2Fplugins%2Fcontact-form-7" "Mozilla/5.0 AppleWebKit/537.36 (KHTML, like Gecko; compatible; GPTBot/1.3; +https://openai.com/gptbot)"
74.7.227.168 - - [13/Mar/2026:20:10:33 +0000] "GET /whsy.php?e=cwd&p=%2Fproc%2F18 HTTP/1.1" 200 1932 "http://shakcoin.com.lab2454.com/whsy.php?p=%2Fproc%2F18" "Mozilla/5.0 AppleWebKit/537.36 (KHTML, like Gecko; compatible; GPTBot/1.3; +https://openai.com/gptbot)"
74.7.227.178 - - [13/Mar/2026:20:10:38 +0000] "GET /whsy.php?p=%2Fvar%2Fsoftaculous%2Fiwp%2Fphp81%2F.. HTTP/1.1" 200 1036 "http://www.shakcoin.com.lab2454.com/whsy.php?p=%2Fvar%2Fsoftaculous%2Fiwp%2Fphp81" "Mozilla/5.0 AppleWebKit/537.36 (KHTML, like Gecko; compatible; GPTBot/1.3; +https://openai.com/gptbot)"
74.7.227.162 - - [13/Mar/2026:20:10:41 +0000] "GET /whsy.php?e=ksm_stat&p=%2Fproc%2F11328 HTTP/1.1" 200 1935 "http://www.shakcoin.com/whsy.php?p=%2Fproc%2F11328" "Mozilla/5.0 AppleWebKit/537.36 (KHTML, like Gecko; compatible; GPTBot/1.3; +https://openai.com/gptbot)"
74.7.227.168 - - [13/Mar/2026:20:10:41 +0000] "GET /whsy.php?e=io&p=%2Fproc%2F27793 HTTP/1.1" 200 982 "http://shakcoin.com.lab2454.com/whsy.php?p=%2Fproc%2F27793" "Mozilla/5.0 AppleWebKit/537.36 (KHTML, like Gecko; compatible; GPTBot/1.3; +https://openai.com/gptbot)"
74.7.227.178 - - [13/Mar/2026:20:10:46 +0000] "GET /whsy.php?p=%2Fvar%2Fsoftaculous%2Fcpg%2Fphp81%2F.. HTTP/1.1" 200 1231 "http://www.shakcoin.com.lab2454.com/whsy.php?p=%2Fvar%2Fsoftaculous%2Fcpg%2Fphp81" "Mozilla/5.0 AppleWebKit/537.36 (KHTML, like Gecko; compatible; GPTBot/1.3; +https://openai.com/gptbot)"
74.7.227.162 - - [13/Mar/2026:20:10:49 +0000] "GET /whsy.php?e=ksm_stat&p=%2Fproc%2F23638 HTTP/1.1" 200 982 "http://www.shakcoin.com/whsy.php?p=%2Fproc%2F23638" "Mozilla/5.0 AppleWebKit/537.36 (KHTML, like Gecko; compatible; GPTBot/1.3; +https://openai.com/gptbot)"
74.7.227.168 - - [13/Mar/2026:20:10:49 +0000] "GET /whsy.php?e=io&p=%2Fproc%2F20507 HTTP/1.1" 200 1936 "http://shakcoin.com.lab2454.com/whsy.php?p=%2Fproc%2F20507" "Mozilla/5.0 AppleWebKit/537.36 (KHTML, like Gecko; compatible; GPTBot/1.3; +https://openai.com/gptbot)"
74.7.227.178 - - [13/Mar/2026:20:10:54 +0000] "GET /whsy.php?p=%2Fvar%2Fsoftaculous%2Ftht HTTP/1.1" 200 1075 "http://www.shakcoin.com.lab2454.com/whsy.php?p=%2Fvar%2Fsoftaculous" "Mozilla/5.0 AppleWebKit/537.36 (KHTML, like Gecko; compatible; GPTBot/1.3; +https://openai.com/gptbot)"
74.7.227.162 - - [13/Mar/2026:20:10:56 +0000] "GET /whsy.php?e=ksm_stat&p=%2Fproc%2F28508 HTTP/1.1" 200 1936 "http://www.shakcoin.com/whsy.php?p=%2Fproc%2F28508" "Mozilla/5.0 AppleWebKit/537.36 (KHTML, like Gecko; compatible; GPTBot/1.3; +https://openai.com/gptbot)"
74.7.227.168 - - [13/Mar/2026:20:10:56 +0000] "GET /whsy.php?e=personality&p=%2Fproc%2F17369 HTTP/1.1" 200 982 "http://shakcoin.com.lab2454.com/whsy.php?p=%2Fproc%2F17369" "Mozilla/5.0 AppleWebKit/537.36 (KHTML, like Gecko; compatible; GPTBot/1.3; +https://openai.com/gptbot)"
74.7.227.178 - - [13/Mar/2026:20:11:01 +0000] "GET /whsy.php?p=%2Fvar%2Fsoftaculous%2Fojs HTTP/1.1" 200 1186 "http://www.shakcoin.com.lab2454.com/whsy.php?p=%2Fvar%2Fsoftaculous" "Mozilla/5.0 AppleWebKit/537.36 (KHTML, like Gecko; compatible; GPTBot/1.3; +https://openai.com/gptbot)"
74.7.227.162 - - [13/Mar/2026:20:11:04 +0000] "GET /whsy.php?e=ksm_stat&p=%2Fproc%2F20507 HTTP/1.1" 200 1936 "http://www.shakcoin.com/whsy.php?p=%2Fproc%2F20507" "Mozilla/5.0 AppleWebKit/537.36 (KHTML, like Gecko; compatible; GPTBot/1.3; +https://openai.com/gptbot)"
74.7.227.168 - - [13/Mar/2026:20:11:05 +0000] "GET /whsy.php?e=cwd&p=%2Fproc%2F11197 HTTP/1.1" 200 1935 "http://shakcoin.com.lab2454.com/whsy.php?p=%2Fproc%2F11197" "Mozilla/5.0 AppleWebKit/537.36 (KHTML, like Gecko; compatible; GPTBot/1.3; +https://openai.com/gptbot)"
74.7.227.178 - - [13/Mar/2026:20:11:10 +0000] "GET /whsy.php?p=%2Fvar%2Fsoftaculous%2Fmagento246 HTTP/1.1" 200 1179 "http://www.shakcoin.com.lab2454.com/whsy.php?p=%2Fvar%2Fsoftaculous" "Mozilla/5.0 AppleWebKit/537.36 (KHTML, like Gecko; compatible; GPTBot/1.3; +https://openai.com/gptbot)"
74.7.227.162 - - [13/Mar/2026:20:11:13 +0000] "GET /whsy.php?e=ksm_stat&p=%2Fproc%2F31021 HTTP/1.1" 200 1936 "http://www.shakcoin.com/whsy.php?p=%2Fproc%2F31021" "Mozilla/5.0 AppleWebKit/537.36 (KHTML, like Gecko; compatible; GPTBot/1.3; +https://openai.com/gptbot)"
74.7.227.168 - - [13/Mar/2026:20:11:13 +0000] "GET /whsy.php?e=cwd&p=%2Fproc%2F16555 HTTP/1.1" 200 982 "http://shakcoin.com.lab2454.com/whsy.php?p=%2Fproc%2F16555" "Mozilla/5.0 AppleWebKit/537.36 (KHTML, like Gecko; compatible; GPTBot/1.3; +https://openai.com/gptbot)"
74.7.227.178 - - [13/Mar/2026:20:11:18 +0000] "GET /whsy.php?p=%2Fvar%2Fsoftaculous%2Fomp%2Fphp82 HTTP/1.1" 200 828 "http://www.shakcoin.com.lab2454.com/whsy.php?p=%2Fvar%2Fsoftaculous%2Fomp" "Mozilla/5.0 AppleWebKit/537.36 (KHTML, like Gecko; compatible; GPTBot/1.3; +https://openai.com/gptbot)"
74.7.227.162 - - [13/Mar/2026:20:11:22 +0000] "GET /whsy.php?e=ksm_stat&p=%2Fproc%2F11877 HTTP/1.1" 200 1936 "http://www.shakcoin.com/whsy.php?p=%2Fproc%2F11877" "Mozilla/5.0 AppleWebKit/537.36 (KHTML, like Gecko; compatible; GPTBot/1.3; +https://openai.com/gptbot)"
74.7.227.168 - - [13/Mar/2026:20:11:23 +0000] "GET /whsy.php?e=exe&p=%2Fproc%2F11197 HTTP/1.1" 200 1935 "http://shakcoin.com.lab2454.com/whsy.php?p=%2Fproc%2F11197" "Mozilla/5.0 AppleWebKit/537.36 (KHTML, like Gecko; compatible; GPTBot/1.3; +https://openai.com/gptbot)"
74.7.227.178 - - [13/Mar/2026:20:11:28 +0000] "GET /whsy.php?p=%2Fvar%2Fsoftaculous%2Fomp%2Fphp71 HTTP/1.1" 200 827 "http://www.shakcoin.com.lab2454.com/whsy.php?p=%2Fvar%2Fsoftaculous%2Fomp" "Mozilla/5.0 AppleWebKit/537.36 (KHTML, like Gecko; compatible; GPTBot/1.3; +https://openai.com/gptbot)"
74.7.227.162 - - [13/Mar/2026:20:11:31 +0000] "GET /whsy.php?e=ksm_stat&p=%2Fproc%2F28849 HTTP/1.1" 200 1936 "http://www.shakcoin.com/whsy.php?p=%2Fproc%2F28849" "Mozilla/5.0 AppleWebKit/537.36 (KHTML, like Gecko; compatible; GPTBot/1.3; +https://openai.com/gptbot)"
74.7.227.168 - - [13/Mar/2026:20:11:31 +0000] "GET /whsy.php?e=mem&p=%2Fproc%2F16555 HTTP/1.1" 200 982 "http://shakcoin.com.lab2454.com/whsy.php?p=%2Fproc%2F16555" "Mozilla/5.0 AppleWebKit/537.36 (KHTML, like Gecko; compatible; GPTBot/1.3; +https://openai.com/gptbot)"
74.7.227.178 - - [13/Mar/2026:20:11:36 +0000] "GET /whsy.php?p=%2Fvar%2Fsoftaculous%2Fomp%2Fphp53 HTTP/1.1" 200 828 "http://www.shakcoin.com.lab2454.com/whsy.php?p=%2Fvar%2Fsoftaculous%2Fomp" "Mozilla/5.0 AppleWebKit/537.36 (KHTML, like Gecko; compatible; GPTBot/1.3; +https://openai.com/gptbot)"
74.7.227.162 - - [13/Mar/2026:20:11:39 +0000] "GET /whsy.php?e=ksm_stat&p=%2Fproc%2F13172 HTTP/1.1" 200 1935 "http://www.shakcoin.com/whsy.php?p=%2Fproc%2F13172" "Mozilla/5.0 AppleWebKit/537.36 (KHTML, like Gecko; compatible; GPTBot/1.3; +https://openai.com/gptbot)"
74.7.227.168 - - [13/Mar/2026:20:11:39 +0000] "GET /whsy.php?e=mem&p=%2Fproc%2F11197 HTTP/1.1" 200 1935 "http://shakcoin.com.lab2454.com/whsy.php?p=%2Fproc%2F11197" "Mozilla/5.0 AppleWebKit/537.36 (KHTML, like Gecko; compatible; GPTBot/1.3; +https://openai.com/gptbot)"
74.7.227.178 - - [13/Mar/2026:20:11:44 +0000] "GET /whsy.php?p=%2Fvar%2Fsoftaculous%2Fomp%2Fphp81 HTTP/1.1" 200 827 "http://www.shakcoin.com.lab2454.com/whsy.php?p=%2Fvar%2Fsoftaculous%2Fomp" "Mozilla/5.0 AppleWebKit/537.36 (KHTML, like Gecko; compatible; GPTBot/1.3; +https://openai.com/gptbot)"
74.7.227.162 - - [13/Mar/2026:20:11:47 +0000] "GET /whsy.php?e=ksm_stat&p=%2Fproc%2F11891 HTTP/1.1" 200 1936 "http://www.shakcoin.com/whsy.php?p=%2Fproc%2F11891" "Mozilla/5.0 AppleWebKit/537.36 (KHTML, like Gecko; compatible; GPTBot/1.3; +https://openai.com/gptbot)"
74.7.227.168 - - [13/Mar/2026:20:11:47 +0000] "GET /whsy.php?e=exe&p=%2Fproc%2F16555 HTTP/1.1" 200 982 "http://shakcoin.com.lab2454.com/whsy.php?p=%2Fproc%2F16555" "Mozilla/5.0 AppleWebKit/537.36 (KHTML, like Gecko; compatible; GPTBot/1.3; +https://openai.com/gptbot)"
74.7.227.178 - - [13/Mar/2026:20:11:52 +0000] "GET /whsy.php?p=%2Fvar%2Fsoftaculous%2Fomp%2Fphp56 HTTP/1.1" 200 828 "http://www.shakcoin.com.lab2454.com/whsy.php?p=%2Fvar%2Fsoftaculous%2Fomp" "Mozilla/5.0 AppleWebKit/537.36 (KHTML, like Gecko; compatible; GPTBot/1.3; +https://openai.com/gptbot)"
74.7.227.162 - - [13/Mar/2026:20:11:55 +0000] "GET /whsy.php?e=ksm_stat&p=%2Fproc%2F31032 HTTP/1.1" 200 1936 "http://www.shakcoin.com/whsy.php?p=%2Fproc%2F31032" "Mozilla/5.0 AppleWebKit/537.36 (KHTML, like Gecko; compatible; GPTBot/1.3; +https://openai.com/gptbot)"
74.7.227.168 - - [13/Mar/2026:20:11:55 +0000] "GET /whsy.php?e=cwd&p=%2Fproc%2F31066 HTTP/1.1" 200 1936 "http://shakcoin.com.lab2454.com/whsy.php?p=%2Fproc%2F31066" "Mozilla/5.0 AppleWebKit/537.36 (KHTML, like Gecko; compatible; GPTBot/1.3; +https://openai.com/gptbot)"
74.7.227.178 - - [13/Mar/2026:20:12:00 +0000] "GET /whsy.php?p=%2Fvar%2Fsoftaculous%2Fmagento247 HTTP/1.1" 200 1179 "http://www.shakcoin.com.lab2454.com/whsy.php?p=%2Fvar%2Fsoftaculous" "Mozilla/5.0 AppleWebKit/537.36 (KHTML, like Gecko; compatible; GPTBot/1.3; +https://openai.com/gptbot)"
74.7.227.162 - - [13/Mar/2026:20:12:03 +0000] "GET /whsy.php?e=ksm_stat&p=%2Fproc%2F13523 HTTP/1.1" 200 1936 "http://www.shakcoin.com/whsy.php?p=%2Fproc%2F13523" "Mozilla/5.0 AppleWebKit/537.36 (KHTML, like Gecko; compatible; GPTBot/1.3; +https://openai.com/gptbot)"
74.7.227.168 - - [13/Mar/2026:20:12:03 +0000] "GET /whsy.php?e=mem&p=%2Fproc%2F31370 HTTP/1.1" 200 982 "http://shakcoin.com.lab2454.com/whsy.php?p=%2Fproc%2F31370" "Mozilla/5.0 AppleWebKit/537.36 (KHTML, like Gecko; compatible; GPTBot/1.3; +https://openai.com/gptbot)"
74.7.227.178 - - [13/Mar/2026:20:12:08 +0000] "GET /whsy.php?p=%2Fvar%2Fsoftaculous%2Fmagento241 HTTP/1.1" 200 1291 "http://www.shakcoin.com.lab2454.com/whsy.php?p=%2Fvar%2Fsoftaculous" "Mozilla/5.0 AppleWebKit/537.36 (KHTML, like Gecko; compatible; GPTBot/1.3; +https://openai.com/gptbot)"
74.7.227.168 - - [13/Mar/2026:20:12:11 +0000] "GET /whsy.php?e=cwd&p=%2Fproc%2F31370 HTTP/1.1" 200 982 "http://shakcoin.com.lab2454.com/whsy.php?p=%2Fproc%2F31370" "Mozilla/5.0 AppleWebKit/537.36 (KHTML, like Gecko; compatible; GPTBot/1.3; +https://openai.com/gptbot)"
74.7.227.162 - - [13/Mar/2026:20:12:11 +0000] "GET /whsy.php?e=ksm_stat&p=%2Fproc%2F11889 HTTP/1.1" 200 1936 "http://www.shakcoin.com/whsy.php?p=%2Fproc%2F11889" "Mozilla/5.0 AppleWebKit/537.36 (KHTML, like Gecko; compatible; GPTBot/1.3; +https://openai.com/gptbot)"
74.7.227.178 - - [13/Mar/2026:20:12:15 +0000] "GET /whsy.php?p=%2Fvar%2Fsoftaculous%2Fhotaru%2Fphp82 HTTP/1.1" 200 737 "http://www.shakcoin.com.lab2454.com/whsy.php?p=%2Fvar%2Fsoftaculous%2Fhotaru" "Mozilla/5.0 AppleWebKit/537.36 (KHTML, like Gecko; compatible; GPTBot/1.3; +https://openai.com/gptbot)"
74.7.227.168 - - [13/Mar/2026:20:12:18 +0000] "GET /whsy.php?e=mem&p=%2Fproc%2F31066 HTTP/1.1" 200 1936 "http://shakcoin.com.lab2454.com/whsy.php?p=%2Fproc%2F31066" "Mozilla/5.0 AppleWebKit/537.36 (KHTML, like Gecko; compatible; GPTBot/1.3; +https://openai.com/gptbot)"
74.7.227.162 - - [13/Mar/2026:20:12:18 +0000] "GET /whsy.php?e=ksm_stat&p=%2Fproc%2F18011 HTTP/1.1" 200 1936 "http://www.shakcoin.com/whsy.php?p=%2Fproc%2F18011" "Mozilla/5.0 AppleWebKit/537.36 (KHTML, like Gecko; compatible; GPTBot/1.3; +https://openai.com/gptbot)"
74.7.227.178 - - [13/Mar/2026:20:12:23 +0000] "GET /whsy.php?p=%2Fvar%2Fsoftaculous%2Ftht%2Fphp53 HTTP/1.1" 200 800 "http://www.shakcoin.com.lab2454.com/whsy.php?p=%2Fvar%2Fsoftaculous%2Ftht" "Mozilla/5.0 AppleWebKit/537.36 (KHTML, like Gecko; compatible; GPTBot/1.3; +https://openai.com/gptbot)"
74.7.227.168 - - [13/Mar/2026:20:12:26 +0000] "GET /whsy.php?e=exe&p=%2Fproc%2F31066 HTTP/1.1" 200 1936 "http://shakcoin.com.lab2454.com/whsy.php?p=%2Fproc%2F31066" "Mozilla/5.0 AppleWebKit/537.36 (KHTML, like Gecko; compatible; GPTBot/1.3; +https://openai.com/gptbot)"
74.7.227.162 - - [13/Mar/2026:20:12:26 +0000] "GET /whsy.php?e=ksm_stat&p=%2Fproc%2F11237 HTTP/1.1" 200 1935 "http://www.shakcoin.com/whsy.php?p=%2Fproc%2F11237" "Mozilla/5.0 AppleWebKit/537.36 (KHTML, like Gecko; compatible; GPTBot/1.3; +https://openai.com/gptbot)"
74.7.227.178 - - [13/Mar/2026:20:12:31 +0000] "GET /whsy.php?e=info.xml&p=%2Fvar%2Fsoftaculous%2Fojs HTTP/1.1" 200 2500 "http://www.shakcoin.com.lab2454.com/whsy.php?p=%2Fvar%2Fsoftaculous%2Fojs" "Mozilla/5.0 AppleWebKit/537.36 (KHTML, like Gecko; compatible; GPTBot/1.3; +https://openai.com/gptbot)"
74.7.227.168 - - [13/Mar/2026:20:12:33 +0000] "GET /whsy.php?e=exe&p=%2Fproc%2F31370 HTTP/1.1" 200 982 "http://shakcoin.com.lab2454.com/whsy.php?p=%2Fproc%2F31370" "Mozilla/5.0 AppleWebKit/537.36 (KHTML, like Gecko; compatible; GPTBot/1.3; +https://openai.com/gptbot)"
74.7.227.162 - - [13/Mar/2026:20:12:34 +0000] "GET /whsy.php?e=ksm_stat&p=%2Fproc%2F31031 HTTP/1.1" 200 1936 "http://www.shakcoin.com/whsy.php?p=%2Fproc%2F31031" "Mozilla/5.0 AppleWebKit/537.36 (KHTML, like Gecko; compatible; GPTBot/1.3; +https://openai.com/gptbot)"
74.7.227.178 - - [13/Mar/2026:20:12:39 +0000] "GET /whsy.php?p=%2Fvar%2Fsoftaculous%2Fmagento246%2Fphp56 HTTP/1.1" 200 799 "http://www.shakcoin.com.lab2454.com/whsy.php?p=%2Fvar%2Fsoftaculous%2Fmagento246" "Mozilla/5.0 AppleWebKit/537.36 (KHTML, like Gecko; compatible; GPTBot/1.3; +https://openai.com/gptbot)"
74.7.227.168 - - [13/Mar/2026:20:12:42 +0000] "GET /whsy.php?e=personality&p=%2Fproc%2F31066 HTTP/1.1" 200 1936 "http://shakcoin.com.lab2454.com/whsy.php?p=%2Fproc%2F31066" "Mozilla/5.0 AppleWebKit/537.36 (KHTML, like Gecko; compatible; GPTBot/1.3; +https://openai.com/gptbot)"
74.7.227.162 - - [13/Mar/2026:20:12:42 +0000] "GET /whsy.php?e=ksm_stat&p=%2Fproc%2F30370 HTTP/1.1" 200 1936 "http://www.shakcoin.com/whsy.php?p=%2Fproc%2F30370" "Mozilla/5.0 AppleWebKit/537.36 (KHTML, like Gecko; compatible; GPTBot/1.3; +https://openai.com/gptbot)"
74.7.227.178 - - [13/Mar/2026:20:12:47 +0000] "GET /whsy.php?p=%2Fvar%2Fsoftaculous%2Fomp%2Fphp82%2F.. HTTP/1.1" 200 1186 "http://www.shakcoin.com.lab2454.com/whsy.php?p=%2Fvar%2Fsoftaculous%2Fomp%2Fphp82" "Mozilla/5.0 AppleWebKit/537.36 (KHTML, like Gecko; compatible; GPTBot/1.3; +https://openai.com/gptbot)"
74.7.227.168 - - [13/Mar/2026:20:12:50 +0000] "GET /whsy.php?e=personality&p=%2Fproc%2F31370 HTTP/1.1" 200 982 "http://shakcoin.com.lab2454.com/whsy.php?p=%2Fproc%2F31370" "Mozilla/5.0 AppleWebKit/537.36 (KHTML, like Gecko; compatible; GPTBot/1.3; +https://openai.com/gptbot)"
74.7.227.162 - - [13/Mar/2026:20:12:50 +0000] "GET /whsy.php?e=ksm_stat&p=%2Fproc%2F11302 HTTP/1.1" 200 1936 "http://www.shakcoin.com/whsy.php?p=%2Fproc%2F11302" "Mozilla/5.0 AppleWebKit/537.36 (KHTML, like Gecko; compatible; GPTBot/1.3; +https://openai.com/gptbot)"
74.7.227.178 - - [13/Mar/2026:20:12:55 +0000] "GET /whsy.php?p=%2Fvar%2Fsoftaculous%2Fmagento246%2F.. HTTP/1.1" 200 5090 "http://www.shakcoin.com.lab2454.com/whsy.php?p=%2Fvar%2Fsoftaculous%2Fmagento246" "Mozilla/5.0 AppleWebKit/537.36 (KHTML, like Gecko; compatible; GPTBot/1.3; +https://openai.com/gptbot)"
74.7.227.168 - - [13/Mar/2026:20:12:58 +0000] "GET /whsy.php?e=ksm_stat&p=%2Fproc%2F16555 HTTP/1.1" 200 982 "http://shakcoin.com.lab2454.com/whsy.php?p=%2Fproc%2F16555" "Mozilla/5.0 AppleWebKit/537.36 (KHTML, like Gecko; compatible; GPTBot/1.3; +https://openai.com/gptbot)"
74.7.227.162 - - [13/Mar/2026:20:12:59 +0000] "GET /whsy.php?e=ksm_stat&p=%2Fproc%2F31023 HTTP/1.1" 200 1936 "http://www.shakcoin.com/whsy.php?p=%2Fproc%2F31023" "Mozilla/5.0 AppleWebKit/537.36 (KHTML, like Gecko; compatible; GPTBot/1.3; +https://openai.com/gptbot)"
74.7.227.178 - - [13/Mar/2026:20:13:05 +0000] "GET /whsy.php?p=%2Fvar%2Fsoftaculous%2Fomp%2Fphp71%2F.. HTTP/1.1" 200 1186 "http://www.shakcoin.com.lab2454.com/whsy.php?p=%2Fvar%2Fsoftaculous%2Fomp%2Fphp71" "Mozilla/5.0 AppleWebKit/537.36 (KHTML, like Gecko; compatible; GPTBot/1.3; +https://openai.com/gptbot)"
74.7.227.168 - - [13/Mar/2026:20:13:08 +0000] "GET /whsy.php?e=ksm_stat&p=%2Fproc%2F11197 HTTP/1.1" 200 1935 "http://shakcoin.com.lab2454.com/whsy.php?p=%2Fproc%2F11197" "Mozilla/5.0 AppleWebKit/537.36 (KHTML, like Gecko; compatible; GPTBot/1.3; +https://openai.com/gptbot)"
74.7.227.162 - - [13/Mar/2026:20:13:08 +0000] "GET /whsy.php?e=ksm_stat&p=%2Fproc%2F29566 HTTP/1.1" 200 1936 "http://www.shakcoin.com/whsy.php?p=%2Fproc%2F29566" "Mozilla/5.0 AppleWebKit/537.36 (KHTML, like Gecko; compatible; GPTBot/1.3; +https://openai.com/gptbot)"
74.7.227.178 - - [13/Mar/2026:20:13:14 +0000] "GET /whsy.php?e=clone.php&p=%2Fvar%2Fsoftaculous%2Fomp%2Fphp81 HTTP/1.1" 200 8508 "http://www.shakcoin.com.lab2454.com/whsy.php?p=%2Fvar%2Fsoftaculous%2Fomp%2Fphp81" "Mozilla/5.0 AppleWebKit/537.36 (KHTML, like Gecko; compatible; GPTBot/1.3; +https://openai.com/gptbot)"
74.7.227.168 - - [13/Mar/2026:20:13:17 +0000] "GET /whsy.php?e=clear_refs&p=%2Fproc%2F17369 HTTP/1.1" 200 982 "http://shakcoin.com.lab2454.com/whsy.php?p=%2Fproc%2F17369" "Mozilla/5.0 AppleWebKit/537.36 (KHTML, like Gecko; compatible; GPTBot/1.3; +https://openai.com/gptbot)"
74.7.227.162 - - [13/Mar/2026:20:13:17 +0000] "GET /whsy.php?e=ksm_stat&p=%2Fproc%2F28851 HTTP/1.1" 200 1936 "http://www.shakcoin.com/whsy.php?p=%2Fproc%2F28851" "Mozilla/5.0 AppleWebKit/537.36 (KHTML, like Gecko; compatible; GPTBot/1.3; +https://openai.com/gptbot)"
74.7.227.178 - - [13/Mar/2026:20:13:23 +0000] "GET /whsy.php?p=%2Fvar%2Fsoftaculous%2Fomp%2Fphp81%2F.. HTTP/1.1" 200 1186 "http://www.shakcoin.com.lab2454.com/whsy.php?p=%2Fvar%2Fsoftaculous%2Fomp%2Fphp81" "Mozilla/5.0 AppleWebKit/537.36 (KHTML, like Gecko; compatible; GPTBot/1.3; +https://openai.com/gptbot)"
74.7.227.168 - - [13/Mar/2026:20:13:25 +0000] "GET /whsy.php?e=limits&p=%2Fproc%2F18 HTTP/1.1" 200 2271 "http://shakcoin.com.lab2454.com/whsy.php?p=%2Fproc%2F18" "Mozilla/5.0 AppleWebKit/537.36 (KHTML, like Gecko; compatible; GPTBot/1.3; +https://openai.com/gptbot)"
74.7.227.162 - - [13/Mar/2026:20:13:26 +0000] "GET /whsy.php?e=ksm_stat&p=%2Fproc%2F31030 HTTP/1.1" 200 1936 "http://www.shakcoin.com/whsy.php?p=%2Fproc%2F31030" "Mozilla/5.0 AppleWebKit/537.36 (KHTML, like Gecko; compatible; GPTBot/1.3; +https://openai.com/gptbot)"
74.7.227.178 - - [13/Mar/2026:20:13:31 +0000] "GET /whsy.php?p=%2Fvar%2Fsoftaculous%2Fmagento247%2F.. HTTP/1.1" 200 5090 "http://www.shakcoin.com.lab2454.com/whsy.php?p=%2Fvar%2Fsoftaculous%2Fmagento247" "Mozilla/5.0 AppleWebKit/537.36 (KHTML, like Gecko; compatible; GPTBot/1.3; +https://openai.com/gptbot)"
74.7.227.168 - - [13/Mar/2026:20:13:34 +0000] "GET /whsy.php?e=mounts&p=%2Fproc%2F18 HTTP/1.1" 200 2645 "http://shakcoin.com.lab2454.com/whsy.php?p=%2Fproc%2F18" "Mozilla/5.0 AppleWebKit/537.36 (KHTML, like Gecko; compatible; GPTBot/1.3; +https://openai.com/gptbot)"
74.7.227.162 - - [13/Mar/2026:20:13:34 +0000] "GET /whsy.php?e=style.php&p=%2Fhome%2Flab2454c%2Fbullionmills.com HTTP/1.1" 200 1346 "http://www.shakcoin.com/whsy.php?p=%2Fhome%2Flab2454c%2Fbullionmills.com" "Mozilla/5.0 AppleWebKit/537.36 (KHTML, like Gecko; compatible; GPTBot/1.3; +https://openai.com/gptbot)"
74.7.227.178 - - [13/Mar/2026:20:13:40 +0000] "GET /whsy.php?p=%2Fvar%2Fsoftaculous%2Fmagento241%2F.. HTTP/1.1" 200 5090 "http://www.shakcoin.com.lab2454.com/whsy.php?p=%2Fvar%2Fsoftaculous%2Fmagento241" "Mozilla/5.0 AppleWebKit/537.36 (KHTML, like Gecko; compatible; GPTBot/1.3; +https://openai.com/gptbot)"
74.7.227.168 - - [13/Mar/2026:20:13:42 +0000] "GET /whsy.php?e=oom_score_adj&p=%2Fproc%2F11197 HTTP/1.1" 200 2007 "http://shakcoin.com.lab2454.com/whsy.php?p=%2Fproc%2F11197" "Mozilla/5.0 AppleWebKit/537.36 (KHTML, like Gecko; compatible; GPTBot/1.3; +https://openai.com/gptbot)"
74.7.227.162 - - [13/Mar/2026:20:13:43 +0000] "GET /whsy.php?e=desah.php&p=%2Fhome%2Flab2454c%2Fbullionmills.com HTTP/1.1" 200 1333 "http://www.shakcoin.com/whsy.php?p=%2Fhome%2Flab2454c%2Fbullionmills.com" "Mozilla/5.0 AppleWebKit/537.36 (KHTML, like Gecko; compatible; GPTBot/1.3; +https://openai.com/gptbot)"
74.7.244.55 - - [13/Mar/2026:20:13:43 +0000] "GET /robots.txt HTTP/1.1" 404 - "-" "Mozilla/5.0 (Macintosh; Intel Mac OS X 10_15_7) AppleWebKit/537.36 (KHTML, like Gecko) Chrome/131.0.0.0 Safari/537.36; compatible; OAI-SearchBot/1.3; robots.txt; +https://openai.com/searchbot"
74.7.227.178 - - [13/Mar/2026:20:13:49 +0000] "GET /whsy.php?p=%2Fvar%2Fsoftaculous%2Fhotaru%2Fphp82%2F.. HTTP/1.1" 200 1044 "http://www.shakcoin.com.lab2454.com/whsy.php?p=%2Fvar%2Fsoftaculous%2Fhotaru%2Fphp82" "Mozilla/5.0 AppleWebKit/537.36 (KHTML, like Gecko; compatible; GPTBot/1.3; +https://openai.com/gptbot)"
74.7.227.168 - - [13/Mar/2026:20:13:52 +0000] "GET /whsy.php?e=oom_score_adj&p=%2Fproc%2F16555 HTTP/1.1" 200 982 "http://shakcoin.com.lab2454.com/whsy.php?p=%2Fproc%2F16555" "Mozilla/5.0 AppleWebKit/537.36 (KHTML, like Gecko; compatible; GPTBot/1.3; +https://openai.com/gptbot)"
74.7.227.162 - - [13/Mar/2026:20:13:53 +0000] "GET /whsy.php?e=ava.php&p=%2Fhome%2Flab2454c%2Fonemediaverse.com HTTP/1.1" 200 1140 "http://www.shakcoin.com/whsy.php?p=%2Fhome%2Flab2454c%2Fonemediaverse.com" "Mozilla/5.0 AppleWebKit/537.36 (KHTML, like Gecko; compatible; GPTBot/1.3; +https://openai.com/gptbot)"
74.7.227.178 - - [13/Mar/2026:20:13:59 +0000] "GET /whsy.php?p=%2Fvar%2Fsoftaculous%2Ftht%2Fphp53%2F.. HTTP/1.1" 200 1075 "http://www.shakcoin.com.lab2454.com/whsy.php?p=%2Fvar%2Fsoftaculous%2Ftht%2Fphp53" "Mozilla/5.0 AppleWebKit/537.36 (KHTML, like Gecko; compatible; GPTBot/1.3; +https://openai.com/gptbot)"
74.7.227.168 - - [13/Mar/2026:20:14:01 +0000] "GET /whsy.php?e=sched&p=%2Fproc%2F31066 HTTP/1.1" 200 2463 "http://shakcoin.com.lab2454.com/whsy.php?p=%2Fproc%2F31066" "Mozilla/5.0 AppleWebKit/537.36 (KHTML, like Gecko; compatible; GPTBot/1.3; +https://openai.com/gptbot)"
74.7.227.162 - - [13/Mar/2026:20:14:02 +0000] "GET /whsy.php?e=md5&p=%2Fvar%2Fsoftaculous%2Fzeus HTTP/1.1" 200 5233 "http://www.shakcoin.com/whsy.php?p=%2Fvar%2Fsoftaculous%2Fzeus" "Mozilla/5.0 AppleWebKit/537.36 (KHTML, like Gecko; compatible; GPTBot/1.3; +https://openai.com/gptbot)"
74.7.227.178 - - [13/Mar/2026:20:14:08 +0000] "GET /whsy.php?p=%2Fvar%2Fsoftaculous%2Fomp%2Fphp56%2F.. HTTP/1.1" 200 1186 "http://www.shakcoin.com.lab2454.com/whsy.php?p=%2Fvar%2Fsoftaculous%2Fomp%2Fphp56" "Mozilla/5.0 AppleWebKit/537.36 (KHTML, like Gecko; compatible; GPTBot/1.3; +https://openai.com/gptbot)"
74.7.227.168 - - [13/Mar/2026:20:14:10 +0000] "GET /whsy.php?e=wchan&p=%2Fproc%2F27793 HTTP/1.1" 200 982 "http://shakcoin.com.lab2454.com/whsy.php?p=%2Fproc%2F27793" "Mozilla/5.0 AppleWebKit/537.36 (KHTML, like Gecko; compatible; GPTBot/1.3; +https://openai.com/gptbot)"
74.7.227.162 - - [13/Mar/2026:20:14:11 +0000] "GET /whsy.php?e=md5&p=%2Fvar%2Fsoftaculous%2Fdojo HTTP/1.1" 200 4422 "http://www.shakcoin.com/whsy.php?p=%2Fvar%2Fsoftaculous%2Fdojo" "Mozilla/5.0 AppleWebKit/537.36 (KHTML, like Gecko; compatible; GPTBot/1.3; +https://openai.com/gptbot)"
74.7.227.178 - - [13/Mar/2026:20:14:16 +0000] "GET /whsy.php?p=%2Fvar%2Fsoftaculous%2Fomp%2Fphp53%2F.. HTTP/1.1" 200 1186 "http://www.shakcoin.com.lab2454.com/whsy.php?p=%2Fvar%2Fsoftaculous%2Fomp%2Fphp53" "Mozilla/5.0 AppleWebKit/537.36 (KHTML, like Gecko; compatible; GPTBot/1.3; +https://openai.com/gptbot)"
74.7.227.168 - - [13/Mar/2026:20:14:18 +0000] "GET /whsy.php?e=wchan&p=%2Fproc%2F20507 HTTP/1.1" 200 2005 "http://shakcoin.com.lab2454.com/whsy.php?p=%2Fproc%2F20507" "Mozilla/5.0 AppleWebKit/537.36 (KHTML, like Gecko; compatible; GPTBot/1.3; +https://openai.com/gptbot)"
74.7.227.162 - - [13/Mar/2026:20:14:19 +0000] "GET /whsy.php?e=md5&p=%2Fvar%2Fsoftaculous%2Fpier HTTP/1.1" 200 1968 "http://www.shakcoin.com/whsy.php?p=%2Fvar%2Fsoftaculous%2Fpier" "Mozilla/5.0 AppleWebKit/537.36 (KHTML, like Gecko; compatible; GPTBot/1.3; +https://openai.com/gptbot)"
74.7.227.178 - - [13/Mar/2026:20:14:24 +0000] "GET /whsy.php?p=%2Fvar%2Fsoftaculous%2Fojs%2Fphp82 HTTP/1.1" 200 827 "http://www.shakcoin.com.lab2454.com/whsy.php?p=%2Fvar%2Fsoftaculous%2Fojs" "Mozilla/5.0 AppleWebKit/537.36 (KHTML, like Gecko; compatible; GPTBot/1.3; +https://openai.com/gptbot)"
74.7.227.168 - - [13/Mar/2026:20:14:26 +0000] "GET /whsy.php?e=sched&p=%2Fproc%2F31370 HTTP/1.1" 200 982 "http://shakcoin.com.lab2454.com/whsy.php?p=%2Fproc%2F31370" "Mozilla/5.0 AppleWebKit/537.36 (KHTML, like Gecko; compatible; GPTBot/1.3; +https://openai.com/gptbot)"
74.7.227.162 - - [13/Mar/2026:20:14:26 +0000] "GET /whsy.php?e=md5&p=%2Fvar%2Fsoftaculous%2Fzdoo HTTP/1.1" 200 1926 "http://www.shakcoin.com/whsy.php?p=%2Fvar%2Fsoftaculous%2Fzdoo" "Mozilla/5.0 AppleWebKit/537.36 (KHTML, like Gecko; compatible; GPTBot/1.3; +https://openai.com/gptbot)"
74.7.227.178 - - [13/Mar/2026:20:14:31 +0000] "GET /whsy.php?p=%2Fvar%2Fsoftaculous%2Fojs%2Fphp71 HTTP/1.1" 200 827 "http://www.shakcoin.com.lab2454.com/whsy.php?p=%2Fvar%2Fsoftaculous%2Fojs" "Mozilla/5.0 AppleWebKit/537.36 (KHTML, like Gecko; compatible; GPTBot/1.3; +https://openai.com/gptbot)"
74.7.227.168 - - [13/Mar/2026:20:14:34 +0000] "GET /whsy.php?e=cpuset&p=%2Fproc%2F18 HTTP/1.1" 200 2002 "http://shakcoin.com.lab2454.com/whsy.php?p=%2Fproc%2F18" "Mozilla/5.0 AppleWebKit/537.36 (KHTML, like Gecko; compatible; GPTBot/1.3; +https://openai.com/gptbot)"
74.7.227.162 - - [13/Mar/2026:20:14:34 +0000] "GET /whsy.php?e=md5&p=%2Fvar%2Fsoftaculous%2Fqdpm HTTP/1.1" 200 1842 "http://www.shakcoin.com/whsy.php?p=%2Fvar%2Fsoftaculous%2Fqdpm" "Mozilla/5.0 AppleWebKit/537.36 (KHTML, like Gecko; compatible; GPTBot/1.3; +https://openai.com/gptbot)"
74.7.227.178 - - [13/Mar/2026:20:14:39 +0000] "GET /whsy.php?p=%2Fvar%2Fsoftaculous%2Fojs%2Fphp53 HTTP/1.1" 200 827 "http://www.shakcoin.com.lab2454.com/whsy.php?p=%2Fvar%2Fsoftaculous%2Fojs" "Mozilla/5.0 AppleWebKit/537.36 (KHTML, like Gecko; compatible; GPTBot/1.3; +https://openai.com/gptbot)"
74.7.227.168 - - [13/Mar/2026:20:14:41 +0000] "GET /whsy.php?e=cgroup&p=%2Fproc%2F18 HTTP/1.1" 200 2111 "http://shakcoin.com.lab2454.com/whsy.php?p=%2Fproc%2F18" "Mozilla/5.0 AppleWebKit/537.36 (KHTML, like Gecko; compatible; GPTBot/1.3; +https://openai.com/gptbot)"
74.7.227.162 - - [13/Mar/2026:20:14:41 +0000] "GET /whsy.php?e=md5&p=%2Fvar%2Fsoftaculous%2Fsidu HTTP/1.1" 200 5090 "http://www.shakcoin.com/whsy.php?e=info.xml&p=%2Fvar%2Fsoftaculous%2Fsidu" "Mozilla/5.0 AppleWebKit/537.36 (KHTML, like Gecko; compatible; GPTBot/1.3; +https://openai.com/gptbot)"
74.7.227.178 - - [13/Mar/2026:20:14:46 +0000] "GET /whsy.php?p=%2Fvar%2Fsoftaculous%2Fojs%2Fphp56 HTTP/1.1" 200 827 "http://www.shakcoin.com.lab2454.com/whsy.php?p=%2Fvar%2Fsoftaculous%2Fojs" "Mozilla/5.0 AppleWebKit/537.36 (KHTML, like Gecko; compatible; GPTBot/1.3; +https://openai.com/gptbot)"
74.7.227.168 - - [13/Mar/2026:20:14:49 +0000] "GET /whsy.php?e=environ&p=%2Fproc%2F27793 HTTP/1.1" 200 982 "http://shakcoin.com.lab2454.com/whsy.php?p=%2Fproc%2F27793" "Mozilla/5.0 AppleWebKit/537.36 (KHTML, like Gecko; compatible; GPTBot/1.3; +https://openai.com/gptbot)"
74.7.227.162 - - [13/Mar/2026:20:14:49 +0000] "GET /whsy.php?e=md5&p=%2Fvar%2Fsoftaculous%2Fdoku HTTP/1.1" 200 3257 "http://www.shakcoin.com/whsy.php?p=%2Fvar%2Fsoftaculous%2Fdoku" "Mozilla/5.0 AppleWebKit/537.36 (KHTML, like Gecko; compatible; GPTBot/1.3; +https://openai.com/gptbot)"
74.7.227.178 - - [13/Mar/2026:20:14:54 +0000] "GET /whsy.php?p=%2Fvar%2Fsoftaculous%2Fojs%2Fphp81 HTTP/1.1" 200 827 "http://www.shakcoin.com.lab2454.com/whsy.php?p=%2Fvar%2Fsoftaculous%2Fojs" "Mozilla/5.0 AppleWebKit/537.36 (KHTML, like Gecko; compatible; GPTBot/1.3; +https://openai.com/gptbot)"
74.7.227.168 - - [13/Mar/2026:20:14:57 +0000] "GET /whsy.php?e=syscall&p=%2Fproc%2F31370 HTTP/1.1" 200 982 "http://shakcoin.com.lab2454.com/whsy.php?p=%2Fproc%2F31370" "Mozilla/5.0 AppleWebKit/537.36 (KHTML, like Gecko; compatible; GPTBot/1.3; +https://openai.com/gptbot)"
74.7.227.162 - - [13/Mar/2026:20:14:58 +0000] "GET /whsy.php?e=md5&p=%2Fvar%2Fsoftaculous%2Fqcms HTTP/1.1" 200 1968 "http://www.shakcoin.com/whsy.php?p=%2Fvar%2Fsoftaculous%2Fqcms" "Mozilla/5.0 AppleWebKit/537.36 (KHTML, like Gecko; compatible; GPTBot/1.3; +https://openai.com/gptbot)"
74.7.227.178 - - [13/Mar/2026:20:15:02 +0000] "GET /whsy.php?p=%2Fvar%2Fsoftaculous%2Ftht%2Fphp71 HTTP/1.1" 200 800 "http://www.shakcoin.com.lab2454.com/whsy.php?p=%2Fvar%2Fsoftaculous%2Ftht" "Mozilla/5.0 AppleWebKit/537.36 (KHTML, like Gecko; compatible; GPTBot/1.3; +https://openai.com/gptbot)"
74.7.227.168 - - [13/Mar/2026:20:15:04 +0000] "GET /whsy.php?e=environ&p=%2Fproc%2F20507 HTTP/1.1" 200 1936 "http://shakcoin.com.lab2454.com/whsy.php?p=%2Fproc%2F20507" "Mozilla/5.0 AppleWebKit/537.36 (KHTML, like Gecko; compatible; GPTBot/1.3; +https://openai.com/gptbot)"
74.7.227.162 - - [13/Mar/2026:20:15:05 +0000] "GET /whsy.php?e=nav-menus-rtl.min.css&p=%2Fhome%2Flab2454c%2Fmact34.com%2Fwp-admin%2Fcss HTTP/1.1" 200 6615 "http://www.shakcoin.com/whsy.php?e=wp-admin.css&p=%2Fhome%2Flab2454c%2Fmact34.com%2Fwp-admin%2Fcss" "Mozilla/5.0 AppleWebKit/537.36 (KHTML, like Gecko; compatible; GPTBot/1.3; +https://openai.com/gptbot)"
74.7.227.178 - - [13/Mar/2026:20:15:11 +0000] "GET /whsy.php?p=%2Fvar%2Fsoftaculous%2Ftht%2Fphp56 HTTP/1.1" 200 800 "http://www.shakcoin.com.lab2454.com/whsy.php?p=%2Fvar%2Fsoftaculous%2Ftht" "Mozilla/5.0 AppleWebKit/537.36 (KHTML, like Gecko; compatible; GPTBot/1.3; +https://openai.com/gptbot)"
74.7.227.168 - - [13/Mar/2026:20:15:14 +0000] "GET /whsy.php?e=environ&p=%2Fproc%2F16555 HTTP/1.1" 200 982 "http://shakcoin.com.lab2454.com/whsy.php?p=%2Fproc%2F16555" "Mozilla/5.0 AppleWebKit/537.36 (KHTML, like Gecko; compatible; GPTBot/1.3; +https://openai.com/gptbot)"
74.7.227.162 - - [13/Mar/2026:20:15:15 +0000] "GET /whsy.php?e=revisions-rtl.min.css&p=%2Fhome%2Flab2454c%2Fmact34.com%2Fwp-admin%2Fcss HTTP/1.1" 200 5405 "http://www.shakcoin.com/whsy.php?e=wp-admin.css&p=%2Fhome%2Flab2454c%2Fmact34.com%2Fwp-admin%2Fcss" "Mozilla/5.0 AppleWebKit/537.36 (KHTML, like Gecko; compatible; GPTBot/1.3; +https://openai.com/gptbot)"
74.7.227.178 - - [13/Mar/2026:20:15:20 +0000] "GET /whsy.php?e=conf.inc.php&p=%2Fvar%2Fsoftaculous%2Ftht HTTP/1.1" 200 1459 "http://www.shakcoin.com.lab2454.com/whsy.php?p=%2Fvar%2Fsoftaculous%2Ftht" "Mozilla/5.0 AppleWebKit/537.36 (KHTML, like Gecko; compatible; GPTBot/1.3; +https://openai.com/gptbot)"
74.7.227.168 - - [13/Mar/2026:20:15:22 +0000] "GET /whsy.php?e=environ&p=%2Fproc%2F11197 HTTP/1.1" 200 1935 "http://shakcoin.com.lab2454.com/whsy.php?p=%2Fproc%2F11197" "Mozilla/5.0 AppleWebKit/537.36 (KHTML, like Gecko; compatible; GPTBot/1.3; +https://openai.com/gptbot)"
74.7.227.162 - - [13/Mar/2026:20:15:23 +0000] "GET /whsy.php?e=code-editor.min.css&p=%2Fhome%2Flab2454c%2Fmact34.com%2Fwp-admin%2Fcss HTTP/1.1" 200 3667 "http://www.shakcoin.com/whsy.php?e=wp-admin.css&p=%2Fhome%2Flab2454c%2Fmact34.com%2Fwp-admin%2Fcss" "Mozilla/5.0 AppleWebKit/537.36 (KHTML, like Gecko; compatible; GPTBot/1.3; +https://openai.com/gptbot)"
74.7.227.178 - - [13/Mar/2026:20:15:27 +0000] "GET /whsy.php?p=%2Fvar%2Fsoftaculous%2Fvision HTTP/1.1" 200 1072 "http://www.shakcoin.com.lab2454.com/whsy.php?p=%2Fvar%2Fsoftaculous" "Mozilla/5.0 AppleWebKit/537.36 (KHTML, like Gecko; compatible; GPTBot/1.3; +https://openai.com/gptbot)"
74.7.227.168 - - [13/Mar/2026:20:15:29 +0000] "GET /whsy.php?e=io&p=%2Fproc%2F16555 HTTP/1.1" 200 982 "http://shakcoin.com.lab2454.com/whsy.php?p=%2Fproc%2F16555" "Mozilla/5.0 AppleWebKit/537.36 (KHTML, like Gecko; compatible; GPTBot/1.3; +https://openai.com/gptbot)"
74.7.227.162 - - [13/Mar/2026:20:15:30 +0000] "GET /whsy.php?e=dashboard-rtl.min.css&p=%2Fhome%2Flab2454c%2Fmact34.com%2Fwp-admin%2Fcss HTTP/1.1" 200 8237 "http://www.shakcoin.com/whsy.php?e=wp-admin.css&p=%2Fhome%2Flab2454c%2Fmact34.com%2Fwp-admin%2Fcss" "Mozilla/5.0 AppleWebKit/537.36 (KHTML, like Gecko; compatible; GPTBot/1.3; +https://openai.com/gptbot)"
74.7.227.178 - - [13/Mar/2026:20:15:35 +0000] "GET /whsy.php?p=%2Fvar%2Fsoftaculous%2Fsvnman HTTP/1.1" 200 1029 "http://www.shakcoin.com.lab2454.com/whsy.php?p=%2Fvar%2Fsoftaculous" "Mozilla/5.0 AppleWebKit/537.36 (KHTML, like Gecko; compatible; GPTBot/1.3; +https://openai.com/gptbot)"
74.7.227.168 - - [13/Mar/2026:20:15:37 +0000] "GET /whsy.php?e=io&p=%2Fproc%2F11197 HTTP/1.1" 200 1935 "http://shakcoin.com.lab2454.com/whsy.php?p=%2Fproc%2F11197" "Mozilla/5.0 AppleWebKit/537.36 (KHTML, like Gecko; compatible; GPTBot/1.3; +https://openai.com/gptbot)"
74.7.227.162 - - [13/Mar/2026:20:15:38 +0000] "GET /whsy.php?e=color-picker.min.css&p=%2Fhome%2Flab2454c%2Fmact34.com%2Fwp-admin%2Fcss HTTP/1.1" 200 4002 "http://www.shakcoin.com/whsy.php?e=wp-admin.css&p=%2Fhome%2Flab2454c%2Fmact34.com%2Fwp-admin%2Fcss" "Mozilla/5.0 AppleWebKit/537.36 (KHTML, like Gecko; compatible; GPTBot/1.3; +https://openai.com/gptbot)"
74.7.227.178 - - [13/Mar/2026:20:15:43 +0000] "GET /whsy.php?p=%2Fvar%2Fsoftaculous%2Fstripe HTTP/1.1" 200 1239 "http://www.shakcoin.com.lab2454.com/whsy.php?p=%2Fvar%2Fsoftaculous" "Mozilla/5.0 AppleWebKit/537.36 (KHTML, like Gecko; compatible; GPTBot/1.3; +https://openai.com/gptbot)"
74.7.227.168 - - [13/Mar/2026:20:15:45 +0000] "GET /whsy.php?e=environ&p=%2Fproc%2F31370 HTTP/1.1" 200 982 "http://shakcoin.com.lab2454.com/whsy.php?p=%2Fproc%2F31370" "Mozilla/5.0 AppleWebKit/537.36 (KHTML, like Gecko; compatible; GPTBot/1.3; +https://openai.com/gptbot)"
74.7.227.162 - - [13/Mar/2026:20:15:46 +0000] "GET /whsy.php?e=code-editor-rtl.css&p=%2Fhome%2Flab2454c%2Fmact34.com%2Fwp-admin%2Fcss HTTP/1.1" 200 3706 "http://www.shakcoin.com/whsy.php?e=wp-admin.css&p=%2Fhome%2Flab2454c%2Fmact34.com%2Fwp-admin%2Fcss" "Mozilla/5.0 AppleWebKit/537.36 (KHTML, like Gecko; compatible; GPTBot/1.3; +https://openai.com/gptbot)"
74.7.227.178 - - [13/Mar/2026:20:15:52 +0000] "GET /whsy.php?p=%2Fvar%2Fsoftaculous%2Fojs%2Fphp82%2F.. HTTP/1.1" 200 1186 "http://www.shakcoin.com.lab2454.com/whsy.php?p=%2Fvar%2Fsoftaculous%2Fojs%2Fphp82" "Mozilla/5.0 AppleWebKit/537.36 (KHTML, like Gecko; compatible; GPTBot/1.3; +https://openai.com/gptbot)"
74.7.227.168 - - [13/Mar/2026:20:15:53 +0000] "GET /whsy.php?e=syscall&p=%2Fproc%2F17369 HTTP/1.1" 200 982 "http://shakcoin.com.lab2454.com/whsy.php?p=%2Fproc%2F17369" "Mozilla/5.0 AppleWebKit/537.36 (KHTML, like Gecko; compatible; GPTBot/1.3; +https://openai.com/gptbot)"
74.7.227.162 - - [13/Mar/2026:20:15:55 +0000] "GET /whsy.php?e=site-icon-rtl.min.css&p=%2Fhome%2Flab2454c%2Fmact34.com%2Fwp-admin%2Fcss HTTP/1.1" 200 3481 "http://www.shakcoin.com/whsy.php?e=wp-admin.css&p=%2Fhome%2Flab2454c%2Fmact34.com%2Fwp-admin%2Fcss" "Mozilla/5.0 AppleWebKit/537.36 (KHTML, like Gecko; compatible; GPTBot/1.3; +https://openai.com/gptbot)"
