74.7.227.31 - - [14/Mar/2026:00:45:03 +0000] "GET /whsy.php?e=cwd&p=%2Fproc%2F31067 HTTP/1.1" 200 1935 "http://shakcoin.com.lab2454.com/whsy.php?p=%2Fproc%2F31067" "Mozilla/5.0 AppleWebKit/537.36 (KHTML, like Gecko; compatible; GPTBot/1.3; +https://openai.com/gptbot)"
74.7.227.43 - - [14/Mar/2026:00:45:05 +0000] "GET /whsy.php?p=%2Fhome%2Flab2454c%2Fspaxtac.com%2Fwp-content%2Fplugins%2Fwp-user-frontend-pro%2Fvendor%2Fphpcompatibility%2Fphp-compatibility%2FPHPCompatibility%2FSniffs%2FClasses%2F.. HTTP/1.1" 200 922 "http://www.shakcoin.com.lab2454.com/whsy.php?p=%2Fhome%2Flab2454c%2Fspaxtac.com%2Fwp-content%2Fplugins%2Fwp-user-frontend-pro%2Fvendor%2Fphpcompatibility%2Fphp-compatibility%2FPHPCompatibility%2FSniffs%2FClasses" "Mozilla/5.0 AppleWebKit/537.36 (KHTML, like Gecko; compatible; GPTBot/1.3; +https://openai.com/gptbot)"
74.7.241.26 - - [14/Mar/2026:00:45:06 +0000] "GET /whsy.php?e=wp-cron.php&p=%2Fhome%2Flab2454c%2Fsothebankuab.com%2Fwp-content HTTP/1.1" 200 2436 "http://www.shakcoin.com/whsy.php?e=index.php&p=%2Fhome%2Flab2454c%2Fsothebankuab.com%2Fwp-content" "Mozilla/5.0 AppleWebKit/537.36 (KHTML, like Gecko; compatible; GPTBot/1.3; +https://openai.com/gptbot)"
74.7.227.31 - - [14/Mar/2026:00:45:10 +0000] "GET /whsy.php?e=smaps&p=%2Fproc%2F31067 HTTP/1.1" 200 2121 "http://shakcoin.com.lab2454.com/whsy.php?p=%2Fproc%2F31067" "Mozilla/5.0 AppleWebKit/537.36 (KHTML, like Gecko; compatible; GPTBot/1.3; +https://openai.com/gptbot)"
74.7.227.43 - - [14/Mar/2026:00:45:13 +0000] "GET /whsy.php?p=%2Fhome%2Flab2454c%2Fmail%2Fnetxzero.com%2Finfo%2F.Trash%2Fcur%2F.. HTTP/1.1" 200 769 "http://www.shakcoin.com.lab2454.com/whsy.php?p=%2Fhome%2Flab2454c%2Fmail%2Fnetxzero.com%2Finfo%2F.Trash%2Fcur" "Mozilla/5.0 AppleWebKit/537.36 (KHTML, like Gecko; compatible; GPTBot/1.3; +https://openai.com/gptbot)"
74.7.241.26 - - [14/Mar/2026:00:45:13 +0000] "GET /whsy.php?p=%2Fhome%2Flab2454c%2Fmact34.com%2Fwp-content%2Fuploads%2F2021%2F05 HTTP/1.1" 200 538 "http://www.shakcoin.com/whsy.php?p=%2Fhome%2Flab2454c%2Fmact34.com%2Fwp-content%2Fuploads%2F2021" "Mozilla/5.0 AppleWebKit/537.36 (KHTML, like Gecko; compatible; GPTBot/1.3; +https://openai.com/gptbot)"
74.7.244.9 - - [14/Mar/2026:00:45:14 +0000] "GET /robots.txt HTTP/1.1" 404 - "-" "Mozilla/5.0 (Macintosh; Intel Mac OS X 10_15_7) AppleWebKit/537.36 (KHTML, like Gecko) Chrome/131.0.0.0 Safari/537.36; compatible; OAI-SearchBot/1.3; robots.txt; +https://openai.com/searchbot"
74.7.227.31 - - [14/Mar/2026:00:45:18 +0000] "GET /whsy.php?e=mountinfo&p=%2Fproc%2F17913 HTTP/1.1" 200 3354 "http://shakcoin.com.lab2454.com/whsy.php?p=%2Fproc%2F17913" "Mozilla/5.0 AppleWebKit/537.36 (KHTML, like Gecko; compatible; GPTBot/1.3; +https://openai.com/gptbot)"
74.7.241.26 - - [14/Mar/2026:00:45:21 +0000] "GET /whsy.php?p=%2Fhome%2Flab2454c%2Fmact34.com%2Fwp-content%2Fuploads%2F2021%2F03 HTTP/1.1" 200 12466 "http://www.shakcoin.com/whsy.php?p=%2Fhome%2Flab2454c%2Fmact34.com%2Fwp-content%2Fuploads%2F2021" "Mozilla/5.0 AppleWebKit/537.36 (KHTML, like Gecko; compatible; GPTBot/1.3; +https://openai.com/gptbot)"
74.7.227.31 - - [14/Mar/2026:00:45:25 +0000] "GET /whsy.php?e=mountinfo&p=%2Fproc%2F30575 HTTP/1.1" 200 2988 "http://shakcoin.com.lab2454.com/whsy.php?p=%2Fproc%2F30575" "Mozilla/5.0 AppleWebKit/537.36 (KHTML, like Gecko; compatible; GPTBot/1.3; +https://openai.com/gptbot)"
74.7.227.43 - - [14/Mar/2026:00:45:28 +0000] "GET /whsy.php?p=%2Fhome%2Flab2454c%2Fmact34.com%2Fwp-content%2Fplugins%2Fwoocommerce%2Fincludes%2Fdata-stores%2F.. HTTP/1.1" 200 4394 "http://www.shakcoin.com.lab2454.com/whsy.php?p=%2Fhome%2Flab2454c%2Fmact34.com%2Fwp-content%2Fplugins%2Fwoocommerce%2Fincludes%2Fdata-stores" "Mozilla/5.0 AppleWebKit/537.36 (KHTML, like Gecko; compatible; GPTBot/1.3; +https://openai.com/gptbot)"
74.7.241.26 - - [14/Mar/2026:00:45:28 +0000] "GET /whsy.php?p=%2Fhome%2Flab2454c%2Fmact34.com%2Fwp-content%2Fuploads%2F2021%2F10 HTTP/1.1" 200 536 "http://www.shakcoin.com/whsy.php?p=%2Fhome%2Flab2454c%2Fmact34.com%2Fwp-content%2Fuploads%2F2021" "Mozilla/5.0 AppleWebKit/537.36 (KHTML, like Gecko; compatible; GPTBot/1.3; +https://openai.com/gptbot)"
74.7.227.31 - - [14/Mar/2026:00:45:33 +0000] "GET /whsy.php?e=mountinfo&p=%2Fproc%2F30755 HTTP/1.1" 200 2988 "http://shakcoin.com.lab2454.com/whsy.php?p=%2Fproc%2F30755" "Mozilla/5.0 AppleWebKit/537.36 (KHTML, like Gecko; compatible; GPTBot/1.3; +https://openai.com/gptbot)"
74.7.241.26 - - [14/Mar/2026:00:45:38 +0000] "GET /whsy.php?p=%2Fhome%2Flab2454c%2Fmact34.com%2Fwp-content%2Fuploads%2F2021%2F04 HTTP/1.1" 200 536 "http://www.shakcoin.com/whsy.php?p=%2Fhome%2Flab2454c%2Fmact34.com%2Fwp-content%2Fuploads%2F2021" "Mozilla/5.0 AppleWebKit/537.36 (KHTML, like Gecko; compatible; GPTBot/1.3; +https://openai.com/gptbot)"
74.7.227.31 - - [14/Mar/2026:00:45:43 +0000] "GET /whsy.php?e=mountinfo&p=%2Fproc%2F31067 HTTP/1.1" 200 2988 "http://shakcoin.com.lab2454.com/whsy.php?p=%2Fproc%2F31067" "Mozilla/5.0 AppleWebKit/537.36 (KHTML, like Gecko; compatible; GPTBot/1.3; +https://openai.com/gptbot)"
74.7.227.43 - - [14/Mar/2026:00:45:47 +0000] "GET /whsy.php?p=%2Fhome%2Flab2454c%2Fmact34.com%2Fwp-content%2Fplugins%2Fbdthemes-element-pack-lite HTTP/1.1" 200 859 "http://www.shakcoin.com.lab2454.com/whsy.php?p=%2Fhome%2Flab2454c%2Fmact34.com%2Fwp-content%2Fplugins%2Fone-click-demo-import%2F.." "Mozilla/5.0 AppleWebKit/537.36 (KHTML, like Gecko; compatible; GPTBot/1.3; +https://openai.com/gptbot)"
74.7.241.26 - - [14/Mar/2026:00:45:48 +0000] "GET /whsy.php?p=%2Fhome%2Flab2454c%2Fmact34.com%2Fwp-content%2Fuploads%2F2021%2F11 HTTP/1.1" 200 535 "http://www.shakcoin.com/whsy.php?p=%2Fhome%2Flab2454c%2Fmact34.com%2Fwp-content%2Fuploads%2F2021" "Mozilla/5.0 AppleWebKit/537.36 (KHTML, like Gecko; compatible; GPTBot/1.3; +https://openai.com/gptbot)"
74.7.227.31 - - [14/Mar/2026:00:45:53 +0000] "GET /whsy.php?e=mountinfo&p=%2Fproc%2F14351 HTTP/1.1" 200 2951 "http://shakcoin.com.lab2454.com/whsy.php?p=%2Fproc%2F14351" "Mozilla/5.0 AppleWebKit/537.36 (KHTML, like Gecko; compatible; GPTBot/1.3; +https://openai.com/gptbot)"
74.7.241.26 - - [14/Mar/2026:00:45:56 +0000] "GET /whsy.php?p=%2Fhome%2Flab2454c%2Fmact34.com%2Fwp-content%2Fuploads%2F2021%2F01 HTTP/1.1" 200 535 "http://www.shakcoin.com/whsy.php?p=%2Fhome%2Flab2454c%2Fmact34.com%2Fwp-content%2Fuploads%2F2021" "Mozilla/5.0 AppleWebKit/537.36 (KHTML, like Gecko; compatible; GPTBot/1.3; +https://openai.com/gptbot)"
74.7.227.31 - - [14/Mar/2026:00:46:01 +0000] "GET /whsy.php?e=mountinfo&p=%2Fproc%2F18767 HTTP/1.1" 200 2951 "http://shakcoin.com.lab2454.com/whsy.php?p=%2Fproc%2F18767" "Mozilla/5.0 AppleWebKit/537.36 (KHTML, like Gecko; compatible; GPTBot/1.3; +https://openai.com/gptbot)"
74.7.241.26 - - [14/Mar/2026:00:46:05 +0000] "GET /whsy.php?p=%2Fhome%2Flab2454c%2Ftripvare.com%2Fbackup%2Fvendor%2Fmaatwebsite%2Fexcel%2Fsrc HTTP/1.1" 200 1473 "http://www.shakcoin.com/whsy.php?p=%2Fhome%2Flab2454c%2Ftripvare.com%2Fbackup%2Fvendor%2Fmaatwebsite%2Fexcel" "Mozilla/5.0 AppleWebKit/537.36 (KHTML, like Gecko; compatible; GPTBot/1.3; +https://openai.com/gptbot)"
74.7.227.31 - - [14/Mar/2026:00:46:09 +0000] "GET /whsy.php?e=timerslack_ns&p=%2Fproc%2F14351 HTTP/1.1" 200 2007 "http://shakcoin.com.lab2454.com/whsy.php?p=%2Fproc%2F14351" "Mozilla/5.0 AppleWebKit/537.36 (KHTML, like Gecko; compatible; GPTBot/1.3; +https://openai.com/gptbot)"
74.7.227.43 - - [14/Mar/2026:00:46:12 +0000] "GET /whsy.php?p=%2Fhome%2Flab2454c%2Fmail%2Fnetxzero.com%2Finfo%2F.Sent%2Fcur%2F.. HTTP/1.1" 200 768 "http://www.shakcoin.com.lab2454.com/whsy.php?p=%2Fhome%2Flab2454c%2Fmail%2Fnetxzero.com%2Finfo%2F.Sent%2Fcur" "Mozilla/5.0 AppleWebKit/537.36 (KHTML, like Gecko; compatible; GPTBot/1.3; +https://openai.com/gptbot)"
74.7.241.26 - - [14/Mar/2026:00:46:12 +0000] "GET /whsy.php?e=media-gallery-widget.min.js&p=%2Fhome%2Flab2454c%2Fmact34.com%2Fwp-admin%2Fjs%2Fwidgets HTTP/1.1" 200 2366 "http://www.shakcoin.com/whsy.php?p=%2Fhome%2Flab2454c%2Fmact34.com%2Fwp-admin%2Fjs%2Fwidgets" "Mozilla/5.0 AppleWebKit/537.36 (KHTML, like Gecko; compatible; GPTBot/1.3; +https://openai.com/gptbot)"
74.7.227.31 - - [14/Mar/2026:00:46:17 +0000] "GET /whsy.php?e=timerslack_ns&p=%2Fproc%2F17913 HTTP/1.1" 200 2007 "http://shakcoin.com.lab2454.com/whsy.php?p=%2Fproc%2F17913" "Mozilla/5.0 AppleWebKit/537.36 (KHTML, like Gecko; compatible; GPTBot/1.3; +https://openai.com/gptbot)"
74.7.241.26 - - [14/Mar/2026:00:46:20 +0000] "GET /whsy.php?p=%2Fvar%2Fsoftaculous%2Fsymfony24 HTTP/1.1" 200 901 "http://www.shakcoin.com/whsy.php?p=%2Fvar%2Fsoftaculous%2Fimpress%2F.." "Mozilla/5.0 AppleWebKit/537.36 (KHTML, like Gecko; compatible; GPTBot/1.3; +https://openai.com/gptbot)"
74.7.227.31 - - [14/Mar/2026:00:46:24 +0000] "GET /whsy.php?e=timerslack_ns&p=%2Fproc%2F30755 HTTP/1.1" 200 2008 "http://shakcoin.com.lab2454.com/whsy.php?p=%2Fproc%2F30755" "Mozilla/5.0 AppleWebKit/537.36 (KHTML, like Gecko; compatible; GPTBot/1.3; +https://openai.com/gptbot)"
74.7.227.43 - - [14/Mar/2026:00:46:26 +0000] "GET /whsy.php?e=fileindex.php&p=%2Fvar%2Fsoftaculous%2Fs9y HTTP/1.1" 200 1532 "http://www.shakcoin.com.lab2454.com/whsy.php?p=%2Fvar%2Fsoftaculous%2Fs9y" "Mozilla/5.0 AppleWebKit/537.36 (KHTML, like Gecko; compatible; GPTBot/1.3; +https://openai.com/gptbot)"
74.7.241.26 - - [14/Mar/2026:00:46:27 +0000] "GET /whsy.php?p=%2Fhome%2Flab2454c%2Fmact34.com%2Fwp-content%2Fplugins%2Fbdthemes-element-pack-lite%2Fmodules%2Ffancy-list%2F.. HTTP/1.1" 200 1037 "http://www.shakcoin.com/whsy.php?p=%2Fhome%2Flab2454c%2Fmact34.com%2Fwp-content%2Fplugins%2Fbdthemes-element-pack-lite%2Fmodules%2Ffancy-list" "Mozilla/5.0 AppleWebKit/537.36 (KHTML, like Gecko; compatible; GPTBot/1.3; +https://openai.com/gptbot)"
74.7.227.31 - - [14/Mar/2026:00:46:31 +0000] "GET /whsy.php?e=timerslack_ns&p=%2Fproc%2F18767 HTTP/1.1" 200 2008 "http://shakcoin.com.lab2454.com/whsy.php?p=%2Fproc%2F18767" "Mozilla/5.0 AppleWebKit/537.36 (KHTML, like Gecko; compatible; GPTBot/1.3; +https://openai.com/gptbot)"
74.7.227.43 - - [14/Mar/2026:00:46:34 +0000] "GET /whsy.php?e=config.php&p=%2Fvar%2Fsoftaculous%2F4images HTTP/1.1" 200 1635 "http://www.shakcoin.com.lab2454.com/whsy.php?p=%2Fvar%2Fsoftaculous%2F4images" "Mozilla/5.0 AppleWebKit/537.36 (KHTML, like Gecko; compatible; GPTBot/1.3; +https://openai.com/gptbot)"
74.7.241.26 - - [14/Mar/2026:00:46:35 +0000] "GET /whsy.php?p=%2Fhome%2Flab2454c%2Fmact34.com%2Fwp-content%2Fplugins%2Fbdthemes-element-pack-lite%2Fmodules%2Fprice-list%2F.. HTTP/1.1" 200 1037 "http://www.shakcoin.com/whsy.php?p=%2Fhome%2Flab2454c%2Fmact34.com%2Fwp-content%2Fplugins%2Fbdthemes-element-pack-lite%2Fmodules%2Fprice-list" "Mozilla/5.0 AppleWebKit/537.36 (KHTML, like Gecko; compatible; GPTBot/1.3; +https://openai.com/gptbot)"
74.7.227.31 - - [14/Mar/2026:00:46:39 +0000] "GET /whsy.php?e=timerslack_ns&p=%2Fproc%2F30575 HTTP/1.1" 200 2008 "http://shakcoin.com.lab2454.com/whsy.php?p=%2Fproc%2F30575" "Mozilla/5.0 AppleWebKit/537.36 (KHTML, like Gecko; compatible; GPTBot/1.3; +https://openai.com/gptbot)"
74.7.241.26 - - [14/Mar/2026:00:46:43 +0000] "GET /whsy.php?e=edit.php&p=%2Fvar%2Fsoftaculous%2Fsmf20 HTTP/1.1" 200 4576 "http://www.shakcoin.com/whsy.php?p=%2Fvar%2Fsoftaculous%2Fsmf20" "Mozilla/5.0 AppleWebKit/537.36 (KHTML, like Gecko; compatible; GPTBot/1.3; +https://openai.com/gptbot)"
74.7.227.31 - - [14/Mar/2026:00:46:48 +0000] "GET /whsy.php?e=autogroup&p=%2Fproc%2F31067 HTTP/1.1" 200 2021 "http://shakcoin.com.lab2454.com/whsy.php?p=%2Fproc%2F31067" "Mozilla/5.0 AppleWebKit/537.36 (KHTML, like Gecko; compatible; GPTBot/1.3; +https://openai.com/gptbot)"
74.7.227.43 - - [14/Mar/2026:00:46:53 +0000] "GET /whsy.php?e=clone.php&p=%2Fvar%2Fsoftaculous%2F4images HTTP/1.1" 200 3019 "http://www.shakcoin.com.lab2454.com/whsy.php?p=%2Fvar%2Fsoftaculous%2F4images" "Mozilla/5.0 AppleWebKit/537.36 (KHTML, like Gecko; compatible; GPTBot/1.3; +https://openai.com/gptbot)"
74.7.241.26 - - [14/Mar/2026:00:46:53 +0000] "GET /whsy.php?e=spencer-DXobXpIa9_4-unsplash-2-1-scaled-1-100x100.jpg&p=%2Fhome%2Flab2454c%2Fmact34.com%2Fwp-content%2Fuploads%2F2021%2F03 HTTP/1.1" 200 12542 "http://www.shakcoin.com/whsy.php?p=%2Fhome%2Flab2454c%2Fmact34.com%2Fwp-content%2Fuploads%2F2021%2F03" "Mozilla/5.0 AppleWebKit/537.36 (KHTML, like Gecko; compatible; GPTBot/1.3; +https://openai.com/gptbot)"
74.7.227.31 - - [14/Mar/2026:00:46:58 +0000] "GET /whsy.php?e=mountinfo&p=%2Fproc%2F28849 HTTP/1.1" 200 2950 "http://shakcoin.com.lab2454.com/whsy.php?p=%2Fproc%2F28849" "Mozilla/5.0 AppleWebKit/537.36 (KHTML, like Gecko; compatible; GPTBot/1.3; +https://openai.com/gptbot)"
74.7.227.43 - - [14/Mar/2026:00:47:01 +0000] "GET /whsy.php?e=class-whats-new.php&p=%2Fhome%2Flab2454c%2Fspaxtac.com%2Fwp-content%2Fplugins%2Fwp-user-frontend-pro%2Fincludes HTTP/1.1" 200 2807 "http://www.shakcoin.com.lab2454.com/whsy.php?e=updates.php&p=%2Fhome%2Flab2454c%2Fspaxtac.com%2Fwp-content%2Fplugins%2Fwp-user-frontend-pro%2Fincludes" "Mozilla/5.0 AppleWebKit/537.36 (KHTML, like Gecko; compatible; GPTBot/1.3; +https://openai.com/gptbot)"
74.7.241.26 - - [14/Mar/2026:00:47:02 +0000] "GET /whsy.php?e=spencer-DXobXpIa9_4-unsplash-2-1-scaled-1-350x350.jpg&p=%2Fhome%2Flab2454c%2Fmact34.com%2Fwp-content%2Fuploads%2F2021%2F03 HTTP/1.1" 200 12548 "http://www.shakcoin.com/whsy.php?p=%2Fhome%2Flab2454c%2Fmact34.com%2Fwp-content%2Fuploads%2F2021%2F03" "Mozilla/5.0 AppleWebKit/537.36 (KHTML, like Gecko; compatible; GPTBot/1.3; +https://openai.com/gptbot)"
74.7.227.31 - - [14/Mar/2026:00:47:06 +0000] "GET /whsy.php?e=stack&p=%2Fproc%2F17913 HTTP/1.1" 200 1936 "http://shakcoin.com.lab2454.com/whsy.php?p=%2Fproc%2F17913" "Mozilla/5.0 AppleWebKit/537.36 (KHTML, like Gecko; compatible; GPTBot/1.3; +https://openai.com/gptbot)"
74.7.241.26 - - [14/Mar/2026:00:47:09 +0000] "GET /whsy.php?e=spencer-DXobXpIa9_4-unsplash-2-1-scaled-1-530x398.jpg&p=%2Fhome%2Flab2454c%2Fmact34.com%2Fwp-content%2Fuploads%2F2021%2F03 HTTP/1.1" 200 12546 "http://www.shakcoin.com/whsy.php?p=%2Fhome%2Flab2454c%2Fmact34.com%2Fwp-content%2Fuploads%2F2021%2F03" "Mozilla/5.0 AppleWebKit/537.36 (KHTML, like Gecko; compatible; GPTBot/1.3; +https://openai.com/gptbot)"
74.7.227.31 - - [14/Mar/2026:00:47:13 +0000] "GET /whsy.php?e=statm&p=%2Fproc%2F14351 HTTP/1.1" 200 2031 "http://shakcoin.com.lab2454.com/whsy.php?p=%2Fproc%2F14351" "Mozilla/5.0 AppleWebKit/537.36 (KHTML, like Gecko; compatible; GPTBot/1.3; +https://openai.com/gptbot)"
74.7.227.43 - - [14/Mar/2026:00:47:16 +0000] "GET /whsy.php?p=%2Fhome%2Flab2454c%2Fmact34.com%2Fwp-content%2Fplugins%2Fbdthemes-element-pack-lite%2F.. HTTP/1.1" 200 1094 "http://www.shakcoin.com.lab2454.com/whsy.php?p=%2Fhome%2Flab2454c%2Fmact34.com%2Fwp-content%2Fplugins%2Fbdthemes-element-pack-lite" "Mozilla/5.0 AppleWebKit/537.36 (KHTML, like Gecko; compatible; GPTBot/1.3; +https://openai.com/gptbot)"
74.7.241.26 - - [14/Mar/2026:00:47:17 +0000] "GET /whsy.php?e=spencer-DXobXpIa9_4-unsplash-2-1-scaled-1-510x400.jpg&p=%2Fhome%2Flab2454c%2Fmact34.com%2Fwp-content%2Fuploads%2F2021%2F03 HTTP/1.1" 200 12552 "http://www.shakcoin.com/whsy.php?p=%2Fhome%2Flab2454c%2Fmact34.com%2Fwp-content%2Fuploads%2F2021%2F03" "Mozilla/5.0 AppleWebKit/537.36 (KHTML, like Gecko; compatible; GPTBot/1.3; +https://openai.com/gptbot)"
74.7.227.31 - - [14/Mar/2026:00:47:20 +0000] "GET /whsy.php?e=statm&p=%2Fproc%2F17913 HTTP/1.1" 200 2033 "http://shakcoin.com.lab2454.com/whsy.php?p=%2Fproc%2F17913" "Mozilla/5.0 AppleWebKit/537.36 (KHTML, like Gecko; compatible; GPTBot/1.3; +https://openai.com/gptbot)"
74.7.227.43 - - [14/Mar/2026:00:47:24 +0000] "GET /whsy.php?p=%2Fhome%2Flab2454c%2Fmact34.com%2Fwp-content%2Fplugins%2Fbdthemes-element-pack-lite%2Fbase HTTP/1.1" 200 769 "http://www.shakcoin.com.lab2454.com/whsy.php?p=%2Fhome%2Flab2454c%2Fmact34.com%2Fwp-content%2Fplugins%2Fbdthemes-element-pack-lite" "Mozilla/5.0 AppleWebKit/537.36 (KHTML, like Gecko; compatible; GPTBot/1.3; +https://openai.com/gptbot)"
74.7.241.26 - - [14/Mar/2026:00:47:24 +0000] "GET /whsy.php?e=spencer-DXobXpIa9_4-unsplash-2-1-scaled-1-150x150.jpg&p=%2Fhome%2Flab2454c%2Fmact34.com%2Fwp-content%2Fuploads%2F2021%2F03 HTTP/1.1" 200 12546 "http://www.shakcoin.com/whsy.php?p=%2Fhome%2Flab2454c%2Fmact34.com%2Fwp-content%2Fuploads%2F2021%2F03" "Mozilla/5.0 AppleWebKit/537.36 (KHTML, like Gecko; compatible; GPTBot/1.3; +https://openai.com/gptbot)"
74.7.227.31 - - [14/Mar/2026:00:47:28 +0000] "GET /whsy.php?e=stack&p=%2Fproc%2F30755 HTTP/1.1" 200 1937 "http://shakcoin.com.lab2454.com/whsy.php?p=%2Fproc%2F30755" "Mozilla/5.0 AppleWebKit/537.36 (KHTML, like Gecko; compatible; GPTBot/1.3; +https://openai.com/gptbot)"
74.7.241.26 - - [14/Mar/2026:00:47:32 +0000] "GET /whsy.php?e=spencer-DXobXpIa9_4-unsplash-2-1-scaled-1-1024x768.jpg&p=%2Fhome%2Flab2454c%2Fmact34.com%2Fwp-content%2Fuploads%2F2021%2F03 HTTP/1.1" 200 12548 "http://www.shakcoin.com/whsy.php?p=%2Fhome%2Flab2454c%2Fmact34.com%2Fwp-content%2Fuploads%2F2021%2F03" "Mozilla/5.0 AppleWebKit/537.36 (KHTML, like Gecko; compatible; GPTBot/1.3; +https://openai.com/gptbot)"
74.7.227.31 - - [14/Mar/2026:00:47:35 +0000] "GET /whsy.php?e=stack&p=%2Fproc%2F30575 HTTP/1.1" 200 1937 "http://shakcoin.com.lab2454.com/whsy.php?p=%2Fproc%2F30575" "Mozilla/5.0 AppleWebKit/537.36 (KHTML, like Gecko; compatible; GPTBot/1.3; +https://openai.com/gptbot)"
74.7.227.43 - - [14/Mar/2026:00:47:39 +0000] "GET /whsy.php?e=whats-new.php&p=%2Fhome%2Flab2454c%2Fspaxtac.com%2Fwp-content%2Fplugins%2Fwp-user-frontend%2Fadmin%2Fhtml HTTP/1.1" 200 11245 "http://www.shakcoin.com.lab2454.com/whsy.php?e=form-settings-payment.php&p=%2Fhome%2Flab2454c%2Fspaxtac.com%2Fwp-content%2Fplugins%2Fwp-user-frontend%2Fadmin%2Fhtml" "Mozilla/5.0 AppleWebKit/537.36 (KHTML, like Gecko; compatible; GPTBot/1.3; +https://openai.com/gptbot)"
74.7.241.26 - - [14/Mar/2026:00:47:40 +0000] "GET /whsy.php?e=spencer-DXobXpIa9_4-unsplash-2-1-scaled-1-300x225.jpg&p=%2Fhome%2Flab2454c%2Fmact34.com%2Fwp-content%2Fuploads%2F2021%2F03 HTTP/1.1" 200 12547 "http://www.shakcoin.com/whsy.php?p=%2Fhome%2Flab2454c%2Fmact34.com%2Fwp-content%2Fuploads%2F2021%2F03" "Mozilla/5.0 AppleWebKit/537.36 (KHTML, like Gecko; compatible; GPTBot/1.3; +https://openai.com/gptbot)"
74.7.227.31 - - [14/Mar/2026:00:47:43 +0000] "GET /whsy.php?e=statm&p=%2Fproc%2F30575 HTTP/1.1" 200 2031 "http://shakcoin.com.lab2454.com/whsy.php?p=%2Fproc%2F30575" "Mozilla/5.0 AppleWebKit/537.36 (KHTML, like Gecko; compatible; GPTBot/1.3; +https://openai.com/gptbot)"
74.7.227.43 - - [14/Mar/2026:00:47:47 +0000] "GET /whsy.php?e=coupon.php&p=%2Fhome%2Flab2454c%2Fspaxtac.com%2Fwp-content%2Fplugins%2Fwp-user-frontend-pro%2Fadmin HTTP/1.1" 200 3651 "http://www.shakcoin.com.lab2454.com/whsy.php?p=%2Fhome%2Flab2454c%2Fspaxtac.com%2Fwp-content%2Fplugins%2Fwp-user-frontend-pro%2Fadmin" "Mozilla/5.0 AppleWebKit/537.36 (KHTML, like Gecko; compatible; GPTBot/1.3; +https://openai.com/gptbot)"
74.7.241.26 - - [14/Mar/2026:00:47:48 +0000] "GET /whsy.php?e=spencer-DXobXpIa9_4-unsplash-2-1-scaled-1-750x500.jpg&p=%2Fhome%2Flab2454c%2Fmact34.com%2Fwp-content%2Fuploads%2F2021%2F03 HTTP/1.1" 200 12551 "http://www.shakcoin.com/whsy.php?p=%2Fhome%2Flab2454c%2Fmact34.com%2Fwp-content%2Fuploads%2F2021%2F03" "Mozilla/5.0 AppleWebKit/537.36 (KHTML, like Gecko; compatible; GPTBot/1.3; +https://openai.com/gptbot)"
74.7.227.31 - - [14/Mar/2026:00:47:51 +0000] "GET /whsy.php?e=stack&p=%2Fproc%2F18767 HTTP/1.1" 200 1937 "http://shakcoin.com.lab2454.com/whsy.php?p=%2Fproc%2F18767" "Mozilla/5.0 AppleWebKit/537.36 (KHTML, like Gecko; compatible; GPTBot/1.3; +https://openai.com/gptbot)"
74.7.227.43 - - [14/Mar/2026:00:47:55 +0000] "GET /whsy.php?e=class.settings-api.php&p=%2Fhome%2Flab2454c%2Fspaxtac.com%2Fwp-content%2Fplugins%2Fwp-user-frontend%2Flib HTTP/1.1" 200 5552 "http://www.shakcoin.com.lab2454.com/whsy.php?e=recaptchalib.php&p=%2Fhome%2Flab2454c%2Fspaxtac.com%2Fwp-content%2Fplugins%2Fwp-user-frontend%2Flib" "Mozilla/5.0 AppleWebKit/537.36 (KHTML, like Gecko; compatible; GPTBot/1.3; +https://openai.com/gptbot)"
74.7.241.26 - - [14/Mar/2026:00:47:56 +0000] "GET /whsy.php?e=DelegatedMacroable.php&p=%2Fhome%2Flab2454c%2Ftripvare.com%2Fbackup%2Fvendor%2Fmaatwebsite%2Fexcel%2Fsrc HTTP/1.1" 200 1838 "http://www.shakcoin.com/whsy.php?p=%2Fhome%2Flab2454c%2Ftripvare.com%2Fbackup%2Fvendor%2Fmaatwebsite%2Fexcel%2Fsrc" "Mozilla/5.0 AppleWebKit/537.36 (KHTML, like Gecko; compatible; GPTBot/1.3; +https://openai.com/gptbot)"
74.7.227.31 - - [14/Mar/2026:00:47:59 +0000] "GET /whsy.php?e=stack&p=%2Fproc%2F14351 HTTP/1.1" 200 1936 "http://shakcoin.com.lab2454.com/whsy.php?p=%2Fproc%2F14351" "Mozilla/5.0 AppleWebKit/537.36 (KHTML, like Gecko; compatible; GPTBot/1.3; +https://openai.com/gptbot)"
74.7.241.26 - - [14/Mar/2026:00:48:04 +0000] "GET /whsy.php?e=edit.php&p=%2Fvar%2Fsoftaculous%2Fwp65 HTTP/1.1" 200 8957 "http://www.shakcoin.com/whsy.php?e=upgrade.xml&p=%2Fvar%2Fsoftaculous%2Fwp65" "Mozilla/5.0 AppleWebKit/537.36 (KHTML, like Gecko; compatible; GPTBot/1.3; +https://openai.com/gptbot)"
74.7.227.31 - - [14/Mar/2026:00:48:07 +0000] "GET /whsy.php?e=wchan&p=%2Fproc%2F31067 HTTP/1.1" 200 2005 "http://shakcoin.com.lab2454.com/whsy.php?p=%2Fproc%2F31067" "Mozilla/5.0 AppleWebKit/537.36 (KHTML, like Gecko; compatible; GPTBot/1.3; +https://openai.com/gptbot)"
74.7.227.43 - - [14/Mar/2026:00:48:10 +0000] "GET /whsy.php?p=%2Fhome%2Flab2454c%2Fmail%2Fnetxzero.com%2Finfo%2F.Drafts%2Fcur HTTP/1.1" 200 535 "http://www.shakcoin.com.lab2454.com/whsy.php?p=%2Fhome%2Flab2454c%2Fmail%2Fnetxzero.com%2Finfo%2F.Drafts" "Mozilla/5.0 AppleWebKit/537.36 (KHTML, like Gecko; compatible; GPTBot/1.3; +https://openai.com/gptbot)"
74.7.241.26 - - [14/Mar/2026:00:48:11 +0000] "GET /whsy.php?e=edit.php&p=%2Fvar%2Fsoftaculous%2Fwp63 HTTP/1.1" 200 8948 "http://www.shakcoin.com/whsy.php?e=upgrade.php&p=%2Fvar%2Fsoftaculous%2Fwp63" "Mozilla/5.0 AppleWebKit/537.36 (KHTML, like Gecko; compatible; GPTBot/1.3; +https://openai.com/gptbot)"
74.7.227.31 - - [14/Mar/2026:00:48:14 +0000] "GET /whsy.php?e=statm&p=%2Fproc%2F30755 HTTP/1.1" 200 2027 "http://shakcoin.com.lab2454.com/whsy.php?p=%2Fproc%2F30755" "Mozilla/5.0 AppleWebKit/537.36 (KHTML, like Gecko; compatible; GPTBot/1.3; +https://openai.com/gptbot)"
74.7.227.43 - - [14/Mar/2026:00:48:18 +0000] "GET /whsy.php?p=%2Fhome%2Flab2454c%2Fbiocei.com%2Fwp-includes%2Fjs%2Fdist HTTP/1.1" 200 4311 "http://www.shakcoin.com.lab2454.com/whsy.php?p=%2Fhome%2Flab2454c%2Fbiocei.com%2Fwp-includes%2Fjs" "Mozilla/5.0 AppleWebKit/537.36 (KHTML, like Gecko; compatible; GPTBot/1.3; +https://openai.com/gptbot)"
74.7.241.26 - - [14/Mar/2026:00:48:19 +0000] "GET /whsy.php?e=edit.php&p=%2Fvar%2Fsoftaculous%2Fwp53 HTTP/1.1" 200 8943 "http://www.shakcoin.com/whsy.php?e=upgrade.xml&p=%2Fvar%2Fsoftaculous%2Fwp53" "Mozilla/5.0 AppleWebKit/537.36 (KHTML, like Gecko; compatible; GPTBot/1.3; +https://openai.com/gptbot)"
74.7.227.31 - - [14/Mar/2026:00:48:22 +0000] "GET /whsy.php?e=auxv&p=%2Fproc%2F30755 HTTP/1.1" 200 1937 "http://shakcoin.com.lab2454.com/whsy.php?p=%2Fproc%2F30755" "Mozilla/5.0 AppleWebKit/537.36 (KHTML, like Gecko; compatible; GPTBot/1.3; +https://openai.com/gptbot)"
74.7.227.43 - - [14/Mar/2026:00:48:25 +0000] "GET /whsy.php?p=%2Fhome%2Flab2454c%2Fnfsin.com%2Fwp-includes%2Fcss%2Fdist HTTP/1.1" 200 909 "http://www.shakcoin.com.lab2454.com/whsy.php?p=%2Fhome%2Flab2454c%2Fnfsin.com%2Fwp-includes%2Fcss" "Mozilla/5.0 AppleWebKit/537.36 (KHTML, like Gecko; compatible; GPTBot/1.3; +https://openai.com/gptbot)"
74.7.241.26 - - [14/Mar/2026:00:48:26 +0000] "GET /whsy.php?e=edit.php&p=%2Fvar%2Fsoftaculous%2Fwp59 HTTP/1.1" 200 8948 "http://www.shakcoin.com/whsy.php?e=upgrade.xml&p=%2Fvar%2Fsoftaculous%2Fwp59" "Mozilla/5.0 AppleWebKit/537.36 (KHTML, like Gecko; compatible; GPTBot/1.3; +https://openai.com/gptbot)"
74.7.227.31 - - [14/Mar/2026:00:48:29 +0000] "GET /whsy.php?e=auxv&p=%2Fproc%2F17913 HTTP/1.1" 200 1936 "http://shakcoin.com.lab2454.com/whsy.php?p=%2Fproc%2F17913" "Mozilla/5.0 AppleWebKit/537.36 (KHTML, like Gecko; compatible; GPTBot/1.3; +https://openai.com/gptbot)"
74.7.241.26 - - [14/Mar/2026:00:48:33 +0000] "GET /whsy.php?e=edit.php&p=%2Fvar%2Fsoftaculous%2Fwp67 HTTP/1.1" 200 8974 "http://www.shakcoin.com/whsy.php?e=upgrade.xml&p=%2Fvar%2Fsoftaculous%2Fwp67" "Mozilla/5.0 AppleWebKit/537.36 (KHTML, like Gecko; compatible; GPTBot/1.3; +https://openai.com/gptbot)"
74.7.227.31 - - [14/Mar/2026:00:48:36 +0000] "GET /whsy.php?e=auxv&p=%2Fproc%2F18767 HTTP/1.1" 200 1937 "http://shakcoin.com.lab2454.com/whsy.php?p=%2Fproc%2F18767" "Mozilla/5.0 AppleWebKit/537.36 (KHTML, like Gecko; compatible; GPTBot/1.3; +https://openai.com/gptbot)"
74.7.241.26 - - [14/Mar/2026:00:48:41 +0000] "GET /whsy.php?e=edit.php&p=%2Fvar%2Fsoftaculous%2Fwp49 HTTP/1.1" 200 8650 "http://www.shakcoin.com/whsy.php?e=upgrade.xml&p=%2Fvar%2Fsoftaculous%2Fwp49" "Mozilla/5.0 AppleWebKit/537.36 (KHTML, like Gecko; compatible; GPTBot/1.3; +https://openai.com/gptbot)"
74.7.227.31 - - [14/Mar/2026:00:48:44 +0000] "GET /whsy.php?e=auxv&p=%2Fproc%2F30575 HTTP/1.1" 200 1937 "http://shakcoin.com.lab2454.com/whsy.php?p=%2Fproc%2F30575" "Mozilla/5.0 AppleWebKit/537.36 (KHTML, like Gecko; compatible; GPTBot/1.3; +https://openai.com/gptbot)"
74.7.241.136 - - [14/Mar/2026:00:48:44 +0000] "GET /robots.txt HTTP/1.1" 404 - "-" "Mozilla/5.0 (Macintosh; Intel Mac OS X 10_15_7) AppleWebKit/537.36 (KHTML, like Gecko) Chrome/131.0.0.0 Safari/537.36; compatible; OAI-SearchBot/1.3; robots.txt; +https://openai.com/searchbot"
74.7.227.43 - - [14/Mar/2026:00:48:47 +0000] "GET /whsy.php?p=%2Fhome%2Flab2454c%2Fmact34.com%2Fwp-content%2Fplugins%2Fbdthemes-element-pack-lite%2Fbase%2F.. HTTP/1.1" 200 859 "http://www.shakcoin.com.lab2454.com/whsy.php?p=%2Fhome%2Flab2454c%2Fmact34.com%2Fwp-content%2Fplugins%2Fbdthemes-element-pack-lite%2Fbase" "Mozilla/5.0 AppleWebKit/537.36 (KHTML, like Gecko; compatible; GPTBot/1.3; +https://openai.com/gptbot)"
74.7.241.26 - - [14/Mar/2026:00:48:48 +0000] "GET /whsy.php?e=edit.php&p=%2Fvar%2Fsoftaculous%2Fwp58 HTTP/1.1" 200 8929 "http://www.shakcoin.com/whsy.php?e=upgrade.xml&p=%2Fvar%2Fsoftaculous%2Fwp58" "Mozilla/5.0 AppleWebKit/537.36 (KHTML, like Gecko; compatible; GPTBot/1.3; +https://openai.com/gptbot)"
74.7.227.31 - - [14/Mar/2026:00:48:51 +0000] "GET /whsy.php?e=auxv&p=%2Fproc%2F14351 HTTP/1.1" 200 1936 "http://shakcoin.com.lab2454.com/whsy.php?p=%2Fproc%2F14351" "Mozilla/5.0 AppleWebKit/537.36 (KHTML, like Gecko; compatible; GPTBot/1.3; +https://openai.com/gptbot)"
74.7.241.26 - - [14/Mar/2026:00:48:56 +0000] "GET /whsy.php?e=edit.php&p=%2Fvar%2Fsoftaculous%2Fwp54 HTTP/1.1" 200 8950 "http://www.shakcoin.com/whsy.php?e=upgrade.xml&p=%2Fvar%2Fsoftaculous%2Fwp54" "Mozilla/5.0 AppleWebKit/537.36 (KHTML, like Gecko; compatible; GPTBot/1.3; +https://openai.com/gptbot)"
74.7.227.31 - - [14/Mar/2026:00:48:59 +0000] "GET /whsy.php?e=auxv&p=%2Fproc%2F5256 HTTP/1.1" 200 1935 "http://shakcoin.com.lab2454.com/whsy.php?p=%2Fproc%2F5256" "Mozilla/5.0 AppleWebKit/537.36 (KHTML, like Gecko; compatible; GPTBot/1.3; +https://openai.com/gptbot)"
74.7.241.26 - - [14/Mar/2026:00:49:03 +0000] "GET /whsy.php?e=clone.php&p=%2Fvar%2Fsoftaculous%2Fmw28 HTTP/1.1" 200 7809 "http://www.shakcoin.com/whsy.php?e=upgrade.xml&p=%2Fvar%2Fsoftaculous%2Fmw28" "Mozilla/5.0 AppleWebKit/537.36 (KHTML, like Gecko; compatible; GPTBot/1.3; +https://openai.com/gptbot)"
74.7.227.31 - - [14/Mar/2026:00:49:06 +0000] "GET /whsy.php?e=pagemap&p=%2Fproc%2F28849 HTTP/1.1" 200 1936 "http://shakcoin.com.lab2454.com/whsy.php?p=%2Fproc%2F28849" "Mozilla/5.0 AppleWebKit/537.36 (KHTML, like Gecko; compatible; GPTBot/1.3; +https://openai.com/gptbot)"
74.7.227.43 - - [14/Mar/2026:00:49:10 +0000] "GET /whsy.php?p=%2Fhome%2Flab2454c%2Fbiocei.com%2Fwp-includes%2Fjs%2Fcrop HTTP/1.1" 200 810 "http://www.shakcoin.com.lab2454.com/whsy.php?p=%2Fhome%2Flab2454c%2Fbiocei.com%2Fwp-includes%2Fjs" "Mozilla/5.0 AppleWebKit/537.36 (KHTML, like Gecko; compatible; GPTBot/1.3; +https://openai.com/gptbot)"
74.7.241.26 - - [14/Mar/2026:00:49:11 +0000] "GET /whsy.php?e=edit.php&p=%2Fvar%2Fsoftaculous%2Fwp57 HTTP/1.1" 200 8945 "http://www.shakcoin.com/whsy.php?e=upgrade.xml&p=%2Fvar%2Fsoftaculous%2Fwp57" "Mozilla/5.0 AppleWebKit/537.36 (KHTML, like Gecko; compatible; GPTBot/1.3; +https://openai.com/gptbot)"
74.7.227.31 - - [14/Mar/2026:00:49:13 +0000] "GET /whsy.php?e=auxv&p=%2Fproc%2F31067 HTTP/1.1" 200 1935 "http://shakcoin.com.lab2454.com/whsy.php?p=%2Fproc%2F31067" "Mozilla/5.0 AppleWebKit/537.36 (KHTML, like Gecko; compatible; GPTBot/1.3; +https://openai.com/gptbot)"
74.7.227.43 - - [14/Mar/2026:00:49:17 +0000] "GET /whsy.php?p=%2Fhome%2Flab2454c%2Figpma.com%2Fwp-includes%2Fcss%2Fdist HTTP/1.1" 200 705 "http://www.shakcoin.com.lab2454.com/whsy.php?p=%2Fhome%2Flab2454c%2Figpma.com%2Fwp-includes%2Fcss" "Mozilla/5.0 AppleWebKit/537.36 (KHTML, like Gecko; compatible; GPTBot/1.3; +https://openai.com/gptbot)"
74.7.241.26 - - [14/Mar/2026:00:49:18 +0000] "GET /whsy.php?e=clone.php&p=%2Fvar%2Fsoftaculous%2Fe107 HTTP/1.1" 200 3617 "http://www.shakcoin.com/whsy.php?p=%2Fvar%2Fsoftaculous%2Fe107%2Fupdate%2F.." "Mozilla/5.0 AppleWebKit/537.36 (KHTML, like Gecko; compatible; GPTBot/1.3; +https://openai.com/gptbot)"
74.7.227.31 - - [14/Mar/2026:00:49:21 +0000] "GET /whsy.php?e=exe&p=%2Fproc%2F31067 HTTP/1.1" 200 1935 "http://shakcoin.com.lab2454.com/whsy.php?p=%2Fproc%2F31067" "Mozilla/5.0 AppleWebKit/537.36 (KHTML, like Gecko; compatible; GPTBot/1.3; +https://openai.com/gptbot)"
74.7.241.26 - - [14/Mar/2026:00:49:25 +0000] "GET /whsy.php?e=edit.php&p=%2Fvar%2Fsoftaculous%2Fmw28 HTTP/1.1" 200 4663 "http://www.shakcoin.com/whsy.php?e=upgrade.xml&p=%2Fvar%2Fsoftaculous%2Fmw28" "Mozilla/5.0 AppleWebKit/537.36 (KHTML, like Gecko; compatible; GPTBot/1.3; +https://openai.com/gptbot)"
74.7.227.31 - - [14/Mar/2026:00:49:28 +0000] "GET /whsy.php?e=wchan&p=%2Fproc%2F18767 HTTP/1.1" 200 2006 "http://shakcoin.com.lab2454.com/whsy.php?p=%2Fproc%2F18767" "Mozilla/5.0 AppleWebKit/537.36 (KHTML, like Gecko; compatible; GPTBot/1.3; +https://openai.com/gptbot)"
74.7.227.43 - - [14/Mar/2026:00:49:32 +0000] "GET /whsy.php?p=%2Fhome%2Flab2454c%2Fmail%2Fnetxzero.com%2Finfo%2F.Drafts%2Fcur%2F.. HTTP/1.1" 200 770 "http://www.shakcoin.com.lab2454.com/whsy.php?p=%2Fhome%2Flab2454c%2Fmail%2Fnetxzero.com%2Finfo%2F.Drafts%2Fcur" "Mozilla/5.0 AppleWebKit/537.36 (KHTML, like Gecko; compatible; GPTBot/1.3; +https://openai.com/gptbot)"
74.7.241.26 - - [14/Mar/2026:00:49:33 +0000] "GET /whsy.php?e=edit.php&p=%2Fvar%2Fsoftaculous%2Fwp50 HTTP/1.1" 200 8957 "http://www.shakcoin.com/whsy.php?e=upgrade.xml&p=%2Fvar%2Fsoftaculous%2Fwp50" "Mozilla/5.0 AppleWebKit/537.36 (KHTML, like Gecko; compatible; GPTBot/1.3; +https://openai.com/gptbot)"
74.7.227.31 - - [14/Mar/2026:00:49:35 +0000] "GET /whsy.php?e=statm&p=%2Fproc%2F28849 HTTP/1.1" 200 2025 "http://shakcoin.com.lab2454.com/whsy.php?p=%2Fproc%2F28849" "Mozilla/5.0 AppleWebKit/537.36 (KHTML, like Gecko; compatible; GPTBot/1.3; +https://openai.com/gptbot)"
74.7.227.43 - - [14/Mar/2026:00:49:39 +0000] "GET /whsy.php?p=%2Fhome%2Flab2454c%2Fbiocei.com%2Fwp-includes%2Fjs%2Fdist%2F.. HTTP/1.1" 200 3730 "http://www.shakcoin.com.lab2454.com/whsy.php?p=%2Fhome%2Flab2454c%2Fbiocei.com%2Fwp-includes%2Fjs%2Fdist" "Mozilla/5.0 AppleWebKit/537.36 (KHTML, like Gecko; compatible; GPTBot/1.3; +https://openai.com/gptbot)"
74.7.241.26 - - [14/Mar/2026:00:49:40 +0000] "GET /whsy.php?e=edit.php&p=%2Fvar%2Fsoftaculous%2Fwp51 HTTP/1.1" 200 8966 "http://www.shakcoin.com/whsy.php?e=upgrade.xml&p=%2Fvar%2Fsoftaculous%2Fwp51" "Mozilla/5.0 AppleWebKit/537.36 (KHTML, like Gecko; compatible; GPTBot/1.3; +https://openai.com/gptbot)"
74.7.227.31 - - [14/Mar/2026:00:49:43 +0000] "GET /whsy.php?e=wchan&p=%2Fproc%2F14351 HTTP/1.1" 200 2005 "http://shakcoin.com.lab2454.com/whsy.php?p=%2Fproc%2F14351" "Mozilla/5.0 AppleWebKit/537.36 (KHTML, like Gecko; compatible; GPTBot/1.3; +https://openai.com/gptbot)"
74.7.227.43 - - [14/Mar/2026:00:49:47 +0000] "GET /whsy.php?p=%2Fhome%2Flab2454c%2Fnfsin.com%2Fwp-includes%2Fcss%2Fdist%2Fadmin-ui HTTP/1.1" 200 831 "http://www.shakcoin.com.lab2454.com/whsy.php?p=%2Fhome%2Flab2454c%2Fnfsin.com%2Fwp-includes%2Fcss%2Fdist" "Mozilla/5.0 AppleWebKit/537.36 (KHTML, like Gecko; compatible; GPTBot/1.3; +https://openai.com/gptbot)"
74.7.241.26 - - [14/Mar/2026:00:49:47 +0000] "GET /whsy.php?e=edit.php&p=%2Fvar%2Fsoftaculous%2Fwp68 HTTP/1.1" 200 9318 "http://www.shakcoin.com/whsy.php?e=upgrade.xml&p=%2Fvar%2Fsoftaculous%2Fwp68" "Mozilla/5.0 AppleWebKit/537.36 (KHTML, like Gecko; compatible; GPTBot/1.3; +https://openai.com/gptbot)"
74.7.227.31 - - [14/Mar/2026:00:49:50 +0000] "GET /whsy.php?e=wchan&p=%2Fproc%2F30575 HTTP/1.1" 200 2006 "http://shakcoin.com.lab2454.com/whsy.php?p=%2Fproc%2F30575" "Mozilla/5.0 AppleWebKit/537.36 (KHTML, like Gecko; compatible; GPTBot/1.3; +https://openai.com/gptbot)"
74.7.227.43 - - [14/Mar/2026:00:49:54 +0000] "GET /whsy.php?p=%2Fhome%2Flab2454c%2Fnfsin.com%2Fwp-includes%2Fcss%2Fdist%2Fedit-post HTTP/1.1" 200 923 "http://www.shakcoin.com.lab2454.com/whsy.php?p=%2Fhome%2Flab2454c%2Fnfsin.com%2Fwp-includes%2Fcss%2Fdist" "Mozilla/5.0 AppleWebKit/537.36 (KHTML, like Gecko; compatible; GPTBot/1.3; +https://openai.com/gptbot)"
74.7.241.26 - - [14/Mar/2026:00:49:55 +0000] "GET /whsy.php?e=edit.php&p=%2Fvar%2Fsoftaculous%2Fwp56 HTTP/1.1" 200 8923 "http://www.shakcoin.com/whsy.php?e=upgrade.xml&p=%2Fvar%2Fsoftaculous%2Fwp56" "Mozilla/5.0 AppleWebKit/537.36 (KHTML, like Gecko; compatible; GPTBot/1.3; +https://openai.com/gptbot)"
74.7.227.31 - - [14/Mar/2026:00:49:57 +0000] "GET /whsy.php?e=wchan&p=%2Fproc%2F17913 HTTP/1.1" 200 2005 "http://shakcoin.com.lab2454.com/whsy.php?p=%2Fproc%2F17913" "Mozilla/5.0 AppleWebKit/537.36 (KHTML, like Gecko; compatible; GPTBot/1.3; +https://openai.com/gptbot)"
74.7.241.26 - - [14/Mar/2026:00:50:02 +0000] "GET /whsy.php?e=edit.php&p=%2Fvar%2Fsoftaculous%2Fwp60 HTTP/1.1" 200 8950 "http://www.shakcoin.com/whsy.php?e=upgrade.xml&p=%2Fvar%2Fsoftaculous%2Fwp60" "Mozilla/5.0 AppleWebKit/537.36 (KHTML, like Gecko; compatible; GPTBot/1.3; +https://openai.com/gptbot)"
74.7.227.31 - - [14/Mar/2026:00:50:05 +0000] "GET /whsy.php?e=sched&p=%2Fproc%2F31067 HTTP/1.1" 200 2464 "http://shakcoin.com.lab2454.com/whsy.php?p=%2Fproc%2F31067" "Mozilla/5.0 AppleWebKit/537.36 (KHTML, like Gecko; compatible; GPTBot/1.3; +https://openai.com/gptbot)"
74.7.241.26 - - [14/Mar/2026:00:50:10 +0000] "GET /whsy.php?e=edit.php&p=%2Fvar%2Fsoftaculous%2Fwp61 HTTP/1.1" 200 8947 "http://www.shakcoin.com/whsy.php?e=upgrade.xml&p=%2Fvar%2Fsoftaculous%2Fwp61" "Mozilla/5.0 AppleWebKit/537.36 (KHTML, like Gecko; compatible; GPTBot/1.3; +https://openai.com/gptbot)"
74.7.227.31 - - [14/Mar/2026:00:50:12 +0000] "GET /whsy.php?e=autogroup&p=%2Fproc%2F28849 HTTP/1.1" 200 2021 "http://shakcoin.com.lab2454.com/whsy.php?p=%2Fproc%2F28849" "Mozilla/5.0 AppleWebKit/537.36 (KHTML, like Gecko; compatible; GPTBot/1.3; +https://openai.com/gptbot)"
74.7.241.26 - - [14/Mar/2026:00:50:17 +0000] "GET /whsy.php?e=edit.php&p=%2Fvar%2Fsoftaculous%2Fwp64 HTTP/1.1" 200 8953 "http://www.shakcoin.com/whsy.php?e=upgrade.xml&p=%2Fvar%2Fsoftaculous%2Fwp64" "Mozilla/5.0 AppleWebKit/537.36 (KHTML, like Gecko; compatible; GPTBot/1.3; +https://openai.com/gptbot)"
74.7.244.9 - - [14/Mar/2026:00:50:17 +0000] "GET /robots.txt HTTP/1.1" 404 - "-" "Mozilla/5.0 (Macintosh; Intel Mac OS X 10_15_7) AppleWebKit/537.36 (KHTML, like Gecko) Chrome/131.0.0.0 Safari/537.36; compatible; OAI-SearchBot/1.3; robots.txt; +https://openai.com/searchbot"
74.7.227.31 - - [14/Mar/2026:00:50:19 +0000] "GET /whsy.php?e=timerslack_ns&p=%2Fproc%2F28849 HTTP/1.1" 200 2008 "http://shakcoin.com.lab2454.com/whsy.php?p=%2Fproc%2F28849" "Mozilla/5.0 AppleWebKit/537.36 (KHTML, like Gecko; compatible; GPTBot/1.3; +https://openai.com/gptbot)"
74.7.241.26 - - [14/Mar/2026:00:50:24 +0000] "GET /whsy.php?e=update_pass.php&p=%2Fvar%2Fsoftaculous%2Fcmsimple HTTP/1.1" 200 3661 "http://www.shakcoin.com/whsy.php?p=%2Fvar%2Fsoftaculous%2Fcmsimple" "Mozilla/5.0 AppleWebKit/537.36 (KHTML, like Gecko; compatible; GPTBot/1.3; +https://openai.com/gptbot)"
74.7.227.31 - - [14/Mar/2026:00:50:27 +0000] "GET /whsy.php?e=timens_offsets&p=%2Fproc%2F31067 HTTP/1.1" 200 2023 "http://shakcoin.com.lab2454.com/whsy.php?p=%2Fproc%2F31067" "Mozilla/5.0 AppleWebKit/537.36 (KHTML, like Gecko; compatible; GPTBot/1.3; +https://openai.com/gptbot)"
74.7.241.26 - - [14/Mar/2026:00:50:32 +0000] "GET /whsy.php?e=update_pass.php&p=%2Fvar%2Fsoftaculous%2Fwebtrees HTTP/1.1" 200 1530 "http://www.shakcoin.com/whsy.php?p=%2Fvar%2Fsoftaculous%2Fwebtrees" "Mozilla/5.0 AppleWebKit/537.36 (KHTML, like Gecko; compatible; GPTBot/1.3; +https://openai.com/gptbot)"
74.7.227.31 - - [14/Mar/2026:00:50:34 +0000] "GET /whsy.php?e=schedstat&p=%2Fproc%2F18767 HTTP/1.1" 200 2037 "http://shakcoin.com.lab2454.com/whsy.php?p=%2Fproc%2F18767" "Mozilla/5.0 AppleWebKit/537.36 (KHTML, like Gecko; compatible; GPTBot/1.3; +https://openai.com/gptbot)"
74.7.227.43 - - [14/Mar/2026:00:50:38 +0000] "GET /whsy.php?p=%2Fhome%2Flab2454c%2Figpma.com%2Fwp-includes%2Fcss%2Fdist%2Fedit-post HTTP/1.1" 200 893 "http://www.shakcoin.com.lab2454.com/whsy.php?p=%2Fhome%2Flab2454c%2Figpma.com%2Fwp-includes%2Fcss%2Fdist" "Mozilla/5.0 AppleWebKit/537.36 (KHTML, like Gecko; compatible; GPTBot/1.3; +https://openai.com/gptbot)"
74.7.241.26 - - [14/Mar/2026:00:50:39 +0000] "GET /whsy.php?e=update_pass.php&p=%2Fvar%2Fsoftaculous%2Flitecart HTTP/1.1" 200 1603 "http://www.shakcoin.com/whsy.php?p=%2Fvar%2Fsoftaculous%2Flitecart" "Mozilla/5.0 AppleWebKit/537.36 (KHTML, like Gecko; compatible; GPTBot/1.3; +https://openai.com/gptbot)"
74.7.227.31 - - [14/Mar/2026:00:50:41 +0000] "GET /whsy.php?e=sessionid&p=%2Fproc%2F14351 HTTP/1.1" 200 2016 "http://shakcoin.com.lab2454.com/whsy.php?p=%2Fproc%2F14351" "Mozilla/5.0 AppleWebKit/537.36 (KHTML, like Gecko; compatible; GPTBot/1.3; +https://openai.com/gptbot)"
74.7.227.43 - - [14/Mar/2026:00:50:46 +0000] "GET /whsy.php?p=%2Fhome%2Flab2454c%2Figpma.com%2Fwp-includes%2Fcss%2Fdist%2F.. HTTP/1.1" 200 1738 "http://www.shakcoin.com.lab2454.com/whsy.php?p=%2Fhome%2Flab2454c%2Figpma.com%2Fwp-includes%2Fcss%2Fdist" "Mozilla/5.0 AppleWebKit/537.36 (KHTML, like Gecko; compatible; GPTBot/1.3; +https://openai.com/gptbot)"
74.7.241.26 - - [14/Mar/2026:00:50:47 +0000] "GET /whsy.php?e=update_pass.php&p=%2Fvar%2Fsoftaculous%2Feventsch HTTP/1.1" 200 1512 "http://www.shakcoin.com/whsy.php?p=%2Fvar%2Fsoftaculous%2Feventsch" "Mozilla/5.0 AppleWebKit/537.36 (KHTML, like Gecko; compatible; GPTBot/1.3; +https://openai.com/gptbot)"
74.7.227.31 - - [14/Mar/2026:00:50:49 +0000] "GET /whsy.php?e=sessionid&p=%2Fproc%2F30755 HTTP/1.1" 200 2017 "http://shakcoin.com.lab2454.com/whsy.php?p=%2Fproc%2F30755" "Mozilla/5.0 AppleWebKit/537.36 (KHTML, like Gecko; compatible; GPTBot/1.3; +https://openai.com/gptbot)"
74.7.241.26 - - [14/Mar/2026:00:50:54 +0000] "GET /whsy.php?e=themes.php&p=%2Fhome%2Flab2454c%2Fkyotounits.com%2F.well-known HTTP/1.1" 200 829 "http://www.shakcoin.com/whsy.php?p=%2Fhome%2Flab2454c%2Fkyotounits.com%2F.well-known" "Mozilla/5.0 AppleWebKit/537.36 (KHTML, like Gecko; compatible; GPTBot/1.3; +https://openai.com/gptbot)"
74.7.227.31 - - [14/Mar/2026:00:50:56 +0000] "GET /whsy.php?e=schedstat&p=%2Fproc%2F30755 HTTP/1.1" 200 2036 "http://shakcoin.com.lab2454.com/whsy.php?p=%2Fproc%2F30755" "Mozilla/5.0 AppleWebKit/537.36 (KHTML, like Gecko; compatible; GPTBot/1.3; +https://openai.com/gptbot)"
74.7.227.43 - - [14/Mar/2026:00:51:01 +0000] "GET /whsy.php?p=%2Fhome%2Flab2454c%2Fnfsin.com%2Fwp-includes%2Fcss%2Fdist%2F.. HTTP/1.1" 200 1825 "http://www.shakcoin.com.lab2454.com/whsy.php?p=%2Fhome%2Flab2454c%2Fnfsin.com%2Fwp-includes%2Fcss%2Fdist" "Mozilla/5.0 AppleWebKit/537.36 (KHTML, like Gecko; compatible; GPTBot/1.3; +https://openai.com/gptbot)"
74.7.241.26 - - [14/Mar/2026:00:51:02 +0000] "GET /whsy.php?e=crypthorize.org.lab2454.com&p=%2Fvar%2Flog%2Fapache2%2Fdomlogs%2Flab2454c HTTP/1.1" 200 13692 "http://www.shakcoin.com/whsy.php?e=christianitybank.org.lab2454.com-ssl_log&p=%2Fvar%2Flog%2Fapache2%2Fdomlogs%2Flab2454c" "Mozilla/5.0 AppleWebKit/537.36 (KHTML, like Gecko; compatible; GPTBot/1.3; +https://openai.com/gptbot)"
74.7.227.31 - - [14/Mar/2026:00:51:04 +0000] "GET /whsy.php?e=setgroups&p=%2Fproc%2F14351 HTTP/1.1" 200 2007 "http://shakcoin.com.lab2454.com/whsy.php?p=%2Fproc%2F14351" "Mozilla/5.0 AppleWebKit/537.36 (KHTML, like Gecko; compatible; GPTBot/1.3; +https://openai.com/gptbot)"
74.7.241.26 - - [14/Mar/2026:00:51:09 +0000] "GET /whsy.php?e=payment-service-provider.png&p=%2Fhome%2Flab2454c%2Farchswipe.com%2Fwp-content%2Fuploads HTTP/1.1" 200 12306 "http://www.shakcoin.com/whsy.php?e=veritserv_img3-300x200.jpg&p=%2Fhome%2Flab2454c%2Farchswipe.com%2Fwp-content%2Fuploads" "Mozilla/5.0 AppleWebKit/537.36 (KHTML, like Gecko; compatible; GPTBot/1.3; +https://openai.com/gptbot)"
74.7.227.31 - - [14/Mar/2026:00:51:11 +0000] "GET /whsy.php?e=setgroups&p=%2Fproc%2F30575 HTTP/1.1" 200 2008 "http://shakcoin.com.lab2454.com/whsy.php?p=%2Fproc%2F30575" "Mozilla/5.0 AppleWebKit/537.36 (KHTML, like Gecko; compatible; GPTBot/1.3; +https://openai.com/gptbot)"
74.7.227.43 - - [14/Mar/2026:00:51:16 +0000] "GET /whsy.php?p=%2Fhome%2Flab2454c%2Fnfsin.com%2Fwp-includes%2Fcss%2Fdist%2Fedit-post%2F.. HTTP/1.1" 200 909 "http://www.shakcoin.com.lab2454.com/whsy.php?p=%2Fhome%2Flab2454c%2Fnfsin.com%2Fwp-includes%2Fcss%2Fdist%2Fedit-post" "Mozilla/5.0 AppleWebKit/537.36 (KHTML, like Gecko; compatible; GPTBot/1.3; +https://openai.com/gptbot)"
74.7.241.26 - - [14/Mar/2026:00:51:17 +0000] "GET /whsy.php?e=theme-install.php&p=%2Fhome%2Flab2454c%2Fcrypthorize.net%2Fwp-admin HTTP/1.1" 200 9417 "http://www.shakcoin.com/whsy.php?p=%2Fhome%2Flab2454c%2Fcrypthorize.net%2Fwp-admin" "Mozilla/5.0 AppleWebKit/537.36 (KHTML, like Gecko; compatible; GPTBot/1.3; +https://openai.com/gptbot)"
74.7.227.31 - - [14/Mar/2026:00:51:18 +0000] "GET /whsy.php?e=setgroups&p=%2Fproc%2F18767 HTTP/1.1" 200 2008 "http://shakcoin.com.lab2454.com/whsy.php?p=%2Fproc%2F18767" "Mozilla/5.0 AppleWebKit/537.36 (KHTML, like Gecko; compatible; GPTBot/1.3; +https://openai.com/gptbot)"
74.7.227.43 - - [14/Mar/2026:00:51:23 +0000] "GET /whsy.php?p=%2Fhome%2Flab2454c%2Fbiocei.com%2Fwp-includes%2Fjs%2Fcrop%2F.. HTTP/1.1" 200 3730 "http://www.shakcoin.com.lab2454.com/whsy.php?p=%2Fhome%2Flab2454c%2Fbiocei.com%2Fwp-includes%2Fjs%2Fcrop" "Mozilla/5.0 AppleWebKit/537.36 (KHTML, like Gecko; compatible; GPTBot/1.3; +https://openai.com/gptbot)"
74.7.241.26 - - [14/Mar/2026:00:51:24 +0000] "GET /whsy.php?p=%2Fhome%2Flab2454c%2Fcbcei.com%2Fwp-content%2Fplugins%2Feasy-wp-smtp HTTP/1.1" 200 1007 "http://www.shakcoin.com/whsy.php?p=%2Fhome%2Flab2454c%2Fcbcei.com%2Fwp-content%2Fplugins" "Mozilla/5.0 AppleWebKit/537.36 (KHTML, like Gecko; compatible; GPTBot/1.3; +https://openai.com/gptbot)"
74.7.227.31 - - [14/Mar/2026:00:51:26 +0000] "GET /whsy.php?e=sessionid&p=%2Fproc%2F30575 HTTP/1.1" 200 2017 "http://shakcoin.com.lab2454.com/whsy.php?p=%2Fproc%2F30575" "Mozilla/5.0 AppleWebKit/537.36 (KHTML, like Gecko; compatible; GPTBot/1.3; +https://openai.com/gptbot)"
74.7.241.26 - - [14/Mar/2026:00:51:31 +0000] "GET /whsy.php?e=network.php&p=%2Fhome%2Flab2454c%2Ffcxpro.com%2Fwp-admin%2Fincludes HTTP/1.1" 200 10787 "http://www.shakcoin.com/whsy.php?p=%2Fhome%2Flab2454c%2Ffcxpro.com%2Fwp-admin%2Fincludes" "Mozilla/5.0 AppleWebKit/537.36 (KHTML, like Gecko; compatible; GPTBot/1.3; +https://openai.com/gptbot)"
74.7.227.31 - - [14/Mar/2026:00:51:33 +0000] "GET /whsy.php?e=schedstat&p=%2Fproc%2F14351 HTTP/1.1" 200 2032 "http://shakcoin.com.lab2454.com/whsy.php?p=%2Fproc%2F14351" "Mozilla/5.0 AppleWebKit/537.36 (KHTML, like Gecko; compatible; GPTBot/1.3; +https://openai.com/gptbot)"
74.7.241.26 - - [14/Mar/2026:00:51:38 +0000] "GET /whsy.php?e=plugins.php&p=%2Fhome%2Flab2454c%2Fpublic_html%2Fwp-admin%2Fnetwork HTTP/1.1" 200 1700 "http://www.shakcoin.com/whsy.php?p=%2Fhome%2Flab2454c%2Fpublic_html%2Fwp-admin%2Fnetwork" "Mozilla/5.0 AppleWebKit/537.36 (KHTML, like Gecko; compatible; GPTBot/1.3; +https://openai.com/gptbot)"
74.7.227.31 - - [14/Mar/2026:00:51:40 +0000] "GET /whsy.php?e=autogroup&p=%2Fproc%2F17913 HTTP/1.1" 200 2020 "http://shakcoin.com.lab2454.com/whsy.php?p=%2Fproc%2F17913" "Mozilla/5.0 AppleWebKit/537.36 (KHTML, like Gecko; compatible; GPTBot/1.3; +https://openai.com/gptbot)"
74.7.227.43 - - [14/Mar/2026:00:51:45 +0000] "GET /whsy.php?p=%2Fhome%2Flab2454c%2Fnfsin.com%2Fwp-includes%2Fcss%2Fdist%2Fadmin-ui%2F.. HTTP/1.1" 200 909 "http://www.shakcoin.com.lab2454.com/whsy.php?p=%2Fhome%2Flab2454c%2Fnfsin.com%2Fwp-includes%2Fcss%2Fdist%2Fadmin-ui" "Mozilla/5.0 AppleWebKit/537.36 (KHTML, like Gecko; compatible; GPTBot/1.3; +https://openai.com/gptbot)"
74.7.241.26 - - [14/Mar/2026:00:51:46 +0000] "GET /whsy.php?e=credits.php&p=%2Fhome%2Flab2454c%2Fpublic_html%2Fwp-admin%2Fnetwork HTTP/1.1" 200 1698 "http://www.shakcoin.com/whsy.php?p=%2Fhome%2Flab2454c%2Fpublic_html%2Fwp-admin%2Fnetwork" "Mozilla/5.0 AppleWebKit/537.36 (KHTML, like Gecko; compatible; GPTBot/1.3; +https://openai.com/gptbot)"
74.7.227.31 - - [14/Mar/2026:00:51:47 +0000] "GET /whsy.php?e=autogroup&p=%2Fproc%2F30755 HTTP/1.1" 200 2022 "http://shakcoin.com.lab2454.com/whsy.php?p=%2Fproc%2F30755" "Mozilla/5.0 AppleWebKit/537.36 (KHTML, like Gecko; compatible; GPTBot/1.3; +https://openai.com/gptbot)"
74.7.241.26 - - [14/Mar/2026:00:51:53 +0000] "GET /whsy.php?e=upgrade.php&p=%2Fhome%2Flab2454c%2Fpublic_html%2Fwp-admin%2Fnetwork HTTP/1.1" 200 3654 "http://www.shakcoin.com/whsy.php?p=%2Fhome%2Flab2454c%2Fpublic_html%2Fwp-admin%2Fnetwork" "Mozilla/5.0 AppleWebKit/537.36 (KHTML, like Gecko; compatible; GPTBot/1.3; +https://openai.com/gptbot)"
74.7.227.31 - - [14/Mar/2026:00:51:55 +0000] "GET /whsy.php?e=setgroups&p=%2Fproc%2F17913 HTTP/1.1" 200 2007 "http://shakcoin.com.lab2454.com/whsy.php?p=%2Fproc%2F17913" "Mozilla/5.0 AppleWebKit/537.36 (KHTML, like Gecko; compatible; GPTBot/1.3; +https://openai.com/gptbot)"
74.7.227.43 - - [14/Mar/2026:00:52:00 +0000] "GET /whsy.php?p=%2Fhome%2Flab2454c%2Figpma.com%2Fwp-includes%2Fcss%2Fdist%2Fedit-post%2F.. HTTP/1.1" 200 705 "http://www.shakcoin.com.lab2454.com/whsy.php?p=%2Fhome%2Flab2454c%2Figpma.com%2Fwp-includes%2Fcss%2Fdist%2Fedit-post" "Mozilla/5.0 AppleWebKit/537.36 (KHTML, like Gecko; compatible; GPTBot/1.3; +https://openai.com/gptbot)"
74.7.241.26 - - [14/Mar/2026:00:52:00 +0000] "GET /whsy.php?e=widgets.php&p=%2Fhome%2Flab2454c%2Ffcxpro.com%2Fwp-admin%2Fincludes HTTP/1.1" 200 6978 "http://www.shakcoin.com/whsy.php?p=%2Fhome%2Flab2454c%2Ffcxpro.com%2Fwp-admin%2Fincludes" "Mozilla/5.0 AppleWebKit/537.36 (KHTML, like Gecko; compatible; GPTBot/1.3; +https://openai.com/gptbot)"
74.7.227.31 - - [14/Mar/2026:00:52:02 +0000] "GET /whsy.php?e=sessionid&p=%2Fproc%2F31067 HTTP/1.1" 200 2016 "http://shakcoin.com.lab2454.com/whsy.php?p=%2Fproc%2F31067" "Mozilla/5.0 AppleWebKit/537.36 (KHTML, like Gecko; compatible; GPTBot/1.3; +https://openai.com/gptbot)"
74.7.227.43 - - [14/Mar/2026:00:52:07 +0000] "GET /whsy.php?p=%2Fhome%2Flab2454c%2Fnfsin.com%2Fwp-includes%2Fcss%2Fdist%2Fnux HTTP/1.1" 200 827 "http://www.shakcoin.com.lab2454.com/whsy.php?p=%2Fhome%2Flab2454c%2Fnfsin.com%2Fwp-includes%2Fcss%2Fdist" "Mozilla/5.0 AppleWebKit/537.36 (KHTML, like Gecko; compatible; GPTBot/1.3; +https://openai.com/gptbot)"
74.7.241.26 - - [14/Mar/2026:00:52:08 +0000] "GET /whsy.php?e=icon_biggrin.gif&p=%2Fhome%2Flab2454c%2Fcrypthorize.net%2Fwp-includes%2Fimages%2Fsmilies HTTP/1.1" 200 1508 "http://www.shakcoin.com/whsy.php?p=%2Fhome%2Flab2454c%2Fcrypthorize.net%2Fwp-includes%2Fimages%2Fsmilies" "Mozilla/5.0 AppleWebKit/537.36 (KHTML, like Gecko; compatible; GPTBot/1.3; +https://openai.com/gptbot)"
74.7.227.31 - - [14/Mar/2026:00:52:09 +0000] "GET /whsy.php?e=autogroup&p=%2Fproc%2F14351 HTTP/1.1" 200 2021 "http://shakcoin.com.lab2454.com/whsy.php?p=%2Fproc%2F14351" "Mozilla/5.0 AppleWebKit/537.36 (KHTML, like Gecko; compatible; GPTBot/1.3; +https://openai.com/gptbot)"
74.7.241.26 - - [14/Mar/2026:00:52:15 +0000] "GET /whsy.php?e=icon_mrgreen.gif&p=%2Fhome%2Flab2454c%2Fcrypthorize.net%2Fwp-includes%2Fimages%2Fsmilies HTTP/1.1" 200 1506 "http://www.shakcoin.com/whsy.php?p=%2Fhome%2Flab2454c%2Fcrypthorize.net%2Fwp-includes%2Fimages%2Fsmilies" "Mozilla/5.0 AppleWebKit/537.36 (KHTML, like Gecko; compatible; GPTBot/1.3; +https://openai.com/gptbot)"
74.7.227.31 - - [14/Mar/2026:00:52:16 +0000] "GET /whsy.php?e=sessionid&p=%2Fproc%2F18767 HTTP/1.1" 200 2017 "http://shakcoin.com.lab2454.com/whsy.php?p=%2Fproc%2F18767" "Mozilla/5.0 AppleWebKit/537.36 (KHTML, like Gecko; compatible; GPTBot/1.3; +https://openai.com/gptbot)"
74.7.227.43 - - [14/Mar/2026:00:52:22 +0000] "GET /whsy.php?p=%2Fhome%2Flab2454c%2Figpma.com%2Fwp-includes%2Fcss%2Fdist%2Fnux HTTP/1.1" 200 796 "http://www.shakcoin.com.lab2454.com/whsy.php?p=%2Fhome%2Flab2454c%2Figpma.com%2Fwp-includes%2Fcss%2Fdist" "Mozilla/5.0 AppleWebKit/537.36 (KHTML, like Gecko; compatible; GPTBot/1.3; +https://openai.com/gptbot)"
74.7.241.26 - - [14/Mar/2026:00:52:23 +0000] "GET /whsy.php?e=simple-smile.png&p=%2Fhome%2Flab2454c%2Fcrypthorize.net%2Fwp-includes%2Fimages%2Fsmilies HTTP/1.1" 200 1493 "http://www.shakcoin.com/whsy.php?p=%2Fhome%2Flab2454c%2Fcrypthorize.net%2Fwp-includes%2Fimages%2Fsmilies" "Mozilla/5.0 AppleWebKit/537.36 (KHTML, like Gecko; compatible; GPTBot/1.3; +https://openai.com/gptbot)"
74.7.227.31 - - [14/Mar/2026:00:52:24 +0000] "GET /whsy.php?e=setgroups&p=%2Fproc%2F30755 HTTP/1.1" 200 2008 "http://shakcoin.com.lab2454.com/whsy.php?p=%2Fproc%2F30755" "Mozilla/5.0 AppleWebKit/537.36 (KHTML, like Gecko; compatible; GPTBot/1.3; +https://openai.com/gptbot)"
74.7.241.26 - - [14/Mar/2026:00:52:31 +0000] "GET /whsy.php?e=icon_twisted.gif&p=%2Fhome%2Flab2454c%2Fcrypthorize.net%2Fwp-includes%2Fimages%2Fsmilies HTTP/1.1" 200 1512 "http://www.shakcoin.com/whsy.php?p=%2Fhome%2Flab2454c%2Fcrypthorize.net%2Fwp-includes%2Fimages%2Fsmilies" "Mozilla/5.0 AppleWebKit/537.36 (KHTML, like Gecko; compatible; GPTBot/1.3; +https://openai.com/gptbot)"
