74.7.241.26 - - [13/Mar/2026:23:50:13 +0000] "GET /whsy.php?e=udplite6&p=%2Fproc%2F31028%2Fnet HTTP/1.1" 200 2584 "http://www.shakcoin.com/whsy.php?p=%2Fproc%2F31028%2Fnet" "Mozilla/5.0 AppleWebKit/537.36 (KHTML, like Gecko; compatible; GPTBot/1.3; +https://openai.com/gptbot)"
74.7.227.31 - - [13/Mar/2026:23:50:16 +0000] "GET /whsy.php?e=cpuset&p=%2Fproc%2F11302 HTTP/1.1" 200 2005 "http://shakcoin.com.lab2454.com/whsy.php?p=%2Fproc%2F11302" "Mozilla/5.0 AppleWebKit/537.36 (KHTML, like Gecko; compatible; GPTBot/1.3; +https://openai.com/gptbot)"
74.7.227.43 - - [13/Mar/2026:23:50:21 +0000] "GET /whsy.php?p=%2Fhome%2Flab2454c%2Fbiocei.com%2Fwp-content%2Fuploads%2F2024%2F11%2F.. HTTP/1.1" 200 605 "http://www.shakcoin.com.lab2454.com/whsy.php?p=%2Fhome%2Flab2454c%2Fbiocei.com%2Fwp-content%2Fuploads%2F2024%2F11" "Mozilla/5.0 AppleWebKit/537.36 (KHTML, like Gecko; compatible; GPTBot/1.3; +https://openai.com/gptbot)"
74.7.241.26 - - [13/Mar/2026:23:50:21 +0000] "GET /whsy.php?e=if_inet6&p=%2Fproc%2F18646%2Fnet HTTP/1.1" 200 2570 "http://www.shakcoin.com/whsy.php?p=%2Fproc%2F18646%2Fnet" "Mozilla/5.0 AppleWebKit/537.36 (KHTML, like Gecko; compatible; GPTBot/1.3; +https://openai.com/gptbot)"
74.7.227.31 - - [13/Mar/2026:23:50:24 +0000] "GET /whsy.php?e=cmdline&p=%2Fproc%2F14587 HTTP/1.1" 200 2049 "http://shakcoin.com.lab2454.com/whsy.php?p=%2Fproc%2F14587" "Mozilla/5.0 AppleWebKit/537.36 (KHTML, like Gecko; compatible; GPTBot/1.3; +https://openai.com/gptbot)"
74.7.241.26 - - [13/Mar/2026:23:50:28 +0000] "GET /whsy.php?e=if_inet6&p=%2Fproc%2F13245%2Fnet HTTP/1.1" 200 2569 "http://www.shakcoin.com/whsy.php?p=%2Fproc%2F13245%2Fnet" "Mozilla/5.0 AppleWebKit/537.36 (KHTML, like Gecko; compatible; GPTBot/1.3; +https://openai.com/gptbot)"
74.7.227.31 - - [13/Mar/2026:23:50:32 +0000] "GET /whsy.php?e=cmdline&p=%2Fproc%2F14589 HTTP/1.1" 200 2048 "http://shakcoin.com.lab2454.com/whsy.php?p=%2Fproc%2F14589" "Mozilla/5.0 AppleWebKit/537.36 (KHTML, like Gecko; compatible; GPTBot/1.3; +https://openai.com/gptbot)"
74.7.241.26 - - [13/Mar/2026:23:50:36 +0000] "GET /whsy.php?e=if_inet6&p=%2Fproc%2F14289%2Fnet HTTP/1.1" 200 2570 "http://www.shakcoin.com/whsy.php?p=%2Fproc%2F14289%2Fnet" "Mozilla/5.0 AppleWebKit/537.36 (KHTML, like Gecko; compatible; GPTBot/1.3; +https://openai.com/gptbot)"
74.7.227.31 - - [13/Mar/2026:23:50:39 +0000] "GET /whsy.php?e=cmdline&p=%2Fproc%2F11369 HTTP/1.1" 200 2021 "http://shakcoin.com.lab2454.com/whsy.php?p=%2Fproc%2F11369" "Mozilla/5.0 AppleWebKit/537.36 (KHTML, like Gecko; compatible; GPTBot/1.3; +https://openai.com/gptbot)"
74.7.241.26 - - [13/Mar/2026:23:50:44 +0000] "GET /whsy.php?e=if_inet6&p=%2Fproc%2F31028%2Fnet HTTP/1.1" 200 2569 "http://www.shakcoin.com/whsy.php?p=%2Fproc%2F31028%2Fnet" "Mozilla/5.0 AppleWebKit/537.36 (KHTML, like Gecko; compatible; GPTBot/1.3; +https://openai.com/gptbot)"
74.7.227.31 - - [13/Mar/2026:23:50:47 +0000] "GET /whsy.php?e=smaps_rollup&p=%2Fproc%2F11369 HTTP/1.1" 200 2119 "http://shakcoin.com.lab2454.com/whsy.php?p=%2Fproc%2F11369" "Mozilla/5.0 AppleWebKit/537.36 (KHTML, like Gecko; compatible; GPTBot/1.3; +https://openai.com/gptbot)"
74.7.241.26 - - [13/Mar/2026:23:50:51 +0000] "GET /whsy.php?e=udplite6&p=%2Fproc%2F28851%2Fnet HTTP/1.1" 200 2586 "http://www.shakcoin.com/whsy.php?p=%2Fproc%2F28851%2Fnet" "Mozilla/5.0 AppleWebKit/537.36 (KHTML, like Gecko; compatible; GPTBot/1.3; +https://openai.com/gptbot)"
74.7.227.31 - - [13/Mar/2026:23:50:54 +0000] "GET /whsy.php?e=timens_offsets&p=%2Fproc%2F11369 HTTP/1.1" 200 2023 "http://shakcoin.com.lab2454.com/whsy.php?p=%2Fproc%2F11369" "Mozilla/5.0 AppleWebKit/537.36 (KHTML, like Gecko; compatible; GPTBot/1.3; +https://openai.com/gptbot)"
74.7.241.26 - - [13/Mar/2026:23:50:59 +0000] "GET /whsy.php?e=udplite6&p=%2Fproc%2F11889%2Fnet HTTP/1.1" 200 2585 "http://www.shakcoin.com/whsy.php?p=%2Fproc%2F11889%2Fnet" "Mozilla/5.0 AppleWebKit/537.36 (KHTML, like Gecko; compatible; GPTBot/1.3; +https://openai.com/gptbot)"
74.7.227.31 - - [13/Mar/2026:23:51:02 +0000] "GET /whsy.php?e=timens_offsets&p=%2Fproc%2F13245 HTTP/1.1" 200 2022 "http://shakcoin.com.lab2454.com/whsy.php?p=%2Fproc%2F13245" "Mozilla/5.0 AppleWebKit/537.36 (KHTML, like Gecko; compatible; GPTBot/1.3; +https://openai.com/gptbot)"
74.7.241.26 - - [13/Mar/2026:23:51:06 +0000] "GET /whsy.php?e=udplite6&p=%2Fproc%2F13196%2Fnet HTTP/1.1" 200 2585 "http://www.shakcoin.com/whsy.php?p=%2Fproc%2F13196%2Fnet" "Mozilla/5.0 AppleWebKit/537.36 (KHTML, like Gecko; compatible; GPTBot/1.3; +https://openai.com/gptbot)"
74.7.227.31 - - [13/Mar/2026:23:51:09 +0000] "GET /whsy.php?e=environ&p=%2Fproc%2F14589 HTTP/1.1" 200 1936 "http://shakcoin.com.lab2454.com/whsy.php?p=%2Fproc%2F14589" "Mozilla/5.0 AppleWebKit/537.36 (KHTML, like Gecko; compatible; GPTBot/1.3; +https://openai.com/gptbot)"
74.7.241.26 - - [13/Mar/2026:23:51:14 +0000] "GET /whsy.php?e=if_inet6&p=%2Fproc%2F31060%2Fnet HTTP/1.1" 200 2569 "http://www.shakcoin.com/whsy.php?p=%2Fproc%2F31060%2Fnet" "Mozilla/5.0 AppleWebKit/537.36 (KHTML, like Gecko; compatible; GPTBot/1.3; +https://openai.com/gptbot)"
74.7.227.31 - - [13/Mar/2026:23:51:16 +0000] "GET /whsy.php?e=cmdline&p=%2Fproc%2F13245 HTTP/1.1" 200 2022 "http://shakcoin.com.lab2454.com/whsy.php?p=%2Fproc%2F13245" "Mozilla/5.0 AppleWebKit/537.36 (KHTML, like Gecko; compatible; GPTBot/1.3; +https://openai.com/gptbot)"
74.7.241.26 - - [13/Mar/2026:23:51:21 +0000] "GET /whsy.php?e=udplite6&p=%2Fproc%2F31066%2Fnet HTTP/1.1" 200 2585 "http://www.shakcoin.com/whsy.php?p=%2Fproc%2F31066%2Fnet" "Mozilla/5.0 AppleWebKit/537.36 (KHTML, like Gecko; compatible; GPTBot/1.3; +https://openai.com/gptbot)"
74.7.227.31 - - [13/Mar/2026:23:51:24 +0000] "GET /whsy.php?e=environ&p=%2Fproc%2F14587 HTTP/1.1" 200 1936 "http://shakcoin.com.lab2454.com/whsy.php?p=%2Fproc%2F14587" "Mozilla/5.0 AppleWebKit/537.36 (KHTML, like Gecko; compatible; GPTBot/1.3; +https://openai.com/gptbot)"
74.7.241.26 - - [13/Mar/2026:23:51:28 +0000] "GET /whsy.php?e=udplite6&p=%2Fproc%2F14289%2Fnet HTTP/1.1" 200 2585 "http://www.shakcoin.com/whsy.php?p=%2Fproc%2F14289%2Fnet" "Mozilla/5.0 AppleWebKit/537.36 (KHTML, like Gecko; compatible; GPTBot/1.3; +https://openai.com/gptbot)"
74.7.227.31 - - [13/Mar/2026:23:51:31 +0000] "GET /whsy.php?e=timens_offsets&p=%2Fproc%2F11302 HTTP/1.1" 200 2022 "http://shakcoin.com.lab2454.com/whsy.php?p=%2Fproc%2F11302" "Mozilla/5.0 AppleWebKit/537.36 (KHTML, like Gecko; compatible; GPTBot/1.3; +https://openai.com/gptbot)"
74.7.241.26 - - [13/Mar/2026:23:51:35 +0000] "GET /whsy.php?e=udplite6&p=%2Fproc%2F31031%2Fnet HTTP/1.1" 200 2585 "http://www.shakcoin.com/whsy.php?p=%2Fproc%2F31031%2Fnet" "Mozilla/5.0 AppleWebKit/537.36 (KHTML, like Gecko; compatible; GPTBot/1.3; +https://openai.com/gptbot)"
74.7.227.31 - - [13/Mar/2026:23:51:39 +0000] "GET /whsy.php?e=smaps_rollup&p=%2Fproc%2F14589 HTTP/1.1" 200 2119 "http://shakcoin.com.lab2454.com/whsy.php?p=%2Fproc%2F14589" "Mozilla/5.0 AppleWebKit/537.36 (KHTML, like Gecko; compatible; GPTBot/1.3; +https://openai.com/gptbot)"
74.7.241.26 - - [13/Mar/2026:23:51:43 +0000] "GET /whsy.php?e=udplite6&p=%2Fproc%2F31024%2Fnet HTTP/1.1" 200 2585 "http://www.shakcoin.com/whsy.php?p=%2Fproc%2F31024%2Fnet" "Mozilla/5.0 AppleWebKit/537.36 (KHTML, like Gecko; compatible; GPTBot/1.3; +https://openai.com/gptbot)"
74.7.227.31 - - [13/Mar/2026:23:51:46 +0000] "GET /whsy.php?e=smaps_rollup&p=%2Fproc%2F14587 HTTP/1.1" 200 2119 "http://shakcoin.com.lab2454.com/whsy.php?p=%2Fproc%2F14587" "Mozilla/5.0 AppleWebKit/537.36 (KHTML, like Gecko; compatible; GPTBot/1.3; +https://openai.com/gptbot)"
74.7.241.26 - - [13/Mar/2026:23:51:50 +0000] "GET /whsy.php?e=udplite6&p=%2Fproc%2F20507%2Fnet HTTP/1.1" 200 2586 "http://www.shakcoin.com/whsy.php?p=%2Fproc%2F20507%2Fnet" "Mozilla/5.0 AppleWebKit/537.36 (KHTML, like Gecko; compatible; GPTBot/1.3; +https://openai.com/gptbot)"
74.7.227.31 - - [13/Mar/2026:23:51:53 +0000] "GET /whsy.php?e=io&p=%2Fproc%2F11302 HTTP/1.1" 200 1936 "http://shakcoin.com.lab2454.com/whsy.php?p=%2Fproc%2F11302" "Mozilla/5.0 AppleWebKit/537.36 (KHTML, like Gecko; compatible; GPTBot/1.3; +https://openai.com/gptbot)"
74.7.241.26 - - [13/Mar/2026:23:51:58 +0000] "GET /whsy.php?e=udplite6&p=%2Fproc%2F32096%2Fnet HTTP/1.1" 200 2585 "http://www.shakcoin.com/whsy.php?p=%2Fproc%2F32096%2Fnet" "Mozilla/5.0 AppleWebKit/537.36 (KHTML, like Gecko; compatible; GPTBot/1.3; +https://openai.com/gptbot)"
74.7.227.31 - - [13/Mar/2026:23:52:01 +0000] "GET /whsy.php?e=personality&p=%2Fproc%2F14587 HTTP/1.1" 200 1936 "http://shakcoin.com.lab2454.com/whsy.php?p=%2Fproc%2F14587" "Mozilla/5.0 AppleWebKit/537.36 (KHTML, like Gecko; compatible; GPTBot/1.3; +https://openai.com/gptbot)"
74.7.241.26 - - [13/Mar/2026:23:52:06 +0000] "GET /whsy.php?e=udplite6&p=%2Fproc%2F11891%2Fnet HTTP/1.1" 200 2585 "http://www.shakcoin.com/whsy.php?p=%2Fproc%2F11891%2Fnet" "Mozilla/5.0 AppleWebKit/537.36 (KHTML, like Gecko; compatible; GPTBot/1.3; +https://openai.com/gptbot)"
74.7.227.31 - - [13/Mar/2026:23:52:09 +0000] "GET /whsy.php?e=cwd&p=%2Fproc%2F11369 HTTP/1.1" 200 1935 "http://shakcoin.com.lab2454.com/whsy.php?p=%2Fproc%2F11369" "Mozilla/5.0 AppleWebKit/537.36 (KHTML, like Gecko; compatible; GPTBot/1.3; +https://openai.com/gptbot)"
74.7.241.26 - - [13/Mar/2026:23:52:13 +0000] "GET /whsy.php?e=udplite6&p=%2Fproc%2F31025%2Fnet HTTP/1.1" 200 2585 "http://www.shakcoin.com/whsy.php?p=%2Fproc%2F31025%2Fnet" "Mozilla/5.0 AppleWebKit/537.36 (KHTML, like Gecko; compatible; GPTBot/1.3; +https://openai.com/gptbot)"
74.7.227.31 - - [13/Mar/2026:23:52:16 +0000] "GET /whsy.php?e=exe&p=%2Fproc%2F11369 HTTP/1.1" 200 1935 "http://shakcoin.com.lab2454.com/whsy.php?p=%2Fproc%2F11369" "Mozilla/5.0 AppleWebKit/537.36 (KHTML, like Gecko; compatible; GPTBot/1.3; +https://openai.com/gptbot)"
74.7.241.26 - - [13/Mar/2026:23:52:21 +0000] "GET /whsy.php?e=udplite6&p=%2Fproc%2F13523%2Fnet HTTP/1.1" 200 2585 "http://www.shakcoin.com/whsy.php?p=%2Fproc%2F13523%2Fnet" "Mozilla/5.0 AppleWebKit/537.36 (KHTML, like Gecko; compatible; GPTBot/1.3; +https://openai.com/gptbot)"
74.7.227.31 - - [13/Mar/2026:23:52:24 +0000] "GET /whsy.php?e=mem&p=%2Fproc%2F13245 HTTP/1.1" 200 1936 "http://shakcoin.com.lab2454.com/whsy.php?p=%2Fproc%2F13245" "Mozilla/5.0 AppleWebKit/537.36 (KHTML, like Gecko; compatible; GPTBot/1.3; +https://openai.com/gptbot)"
74.7.241.26 - - [13/Mar/2026:23:52:28 +0000] "GET /whsy.php?e=if_inet6&p=%2Fproc%2F31030%2Fnet HTTP/1.1" 200 2569 "http://www.shakcoin.com/whsy.php?p=%2Fproc%2F31030%2Fnet" "Mozilla/5.0 AppleWebKit/537.36 (KHTML, like Gecko; compatible; GPTBot/1.3; +https://openai.com/gptbot)"
74.7.227.31 - - [13/Mar/2026:23:52:31 +0000] "GET /whsy.php?e=cwd&p=%2Fproc%2F13245 HTTP/1.1" 200 1936 "http://shakcoin.com.lab2454.com/whsy.php?p=%2Fproc%2F13245" "Mozilla/5.0 AppleWebKit/537.36 (KHTML, like Gecko; compatible; GPTBot/1.3; +https://openai.com/gptbot)"
74.7.241.26 - - [13/Mar/2026:23:52:36 +0000] "GET /whsy.php?e=udplite6&p=%2Fproc%2F28849%2Fnet HTTP/1.1" 200 2585 "http://www.shakcoin.com/whsy.php?p=%2Fproc%2F28849%2Fnet" "Mozilla/5.0 AppleWebKit/537.36 (KHTML, like Gecko; compatible; GPTBot/1.3; +https://openai.com/gptbot)"
74.7.227.31 - - [13/Mar/2026:23:52:39 +0000] "GET /whsy.php?e=mem&p=%2Fproc%2F11369 HTTP/1.1" 200 1935 "http://shakcoin.com.lab2454.com/whsy.php?p=%2Fproc%2F11369" "Mozilla/5.0 AppleWebKit/537.36 (KHTML, like Gecko; compatible; GPTBot/1.3; +https://openai.com/gptbot)"
74.7.241.26 - - [13/Mar/2026:23:52:43 +0000] "GET /whsy.php?e=if_inet6&p=%2Fproc%2F13196%2Fnet HTTP/1.1" 200 2569 "http://www.shakcoin.com/whsy.php?p=%2Fproc%2F13196%2Fnet" "Mozilla/5.0 AppleWebKit/537.36 (KHTML, like Gecko; compatible; GPTBot/1.3; +https://openai.com/gptbot)"
74.7.227.31 - - [13/Mar/2026:23:52:46 +0000] "GET /whsy.php?e=personality&p=%2Fproc%2F13245 HTTP/1.1" 200 1936 "http://shakcoin.com.lab2454.com/whsy.php?p=%2Fproc%2F13245" "Mozilla/5.0 AppleWebKit/537.36 (KHTML, like Gecko; compatible; GPTBot/1.3; +https://openai.com/gptbot)"
74.7.241.26 - - [13/Mar/2026:23:52:51 +0000] "GET /whsy.php?e=phpunit.xml&p=%2Fhome%2Flab2454c%2Ftripvare.com%2Fbackup%2Fvendor%2Fsebastian%2Fobject-enumerator HTTP/1.1" 200 1324 "http://www.shakcoin.com/whsy.php?e=README.md&p=%2Fhome%2Flab2454c%2Ftripvare.com%2Fbackup%2Fvendor%2Fsebastian%2Fobject-enumerator" "Mozilla/5.0 AppleWebKit/537.36 (KHTML, like Gecko; compatible; GPTBot/1.3; +https://openai.com/gptbot)"
74.7.227.43 - - [13/Mar/2026:23:52:52 +0000] "GET /whsy.php?p=%2Fvar%2Fsoftaculous%2Fwebtrees%2F.. HTTP/1.1" 200 5090 "http://www.shakcoin.com.lab2454.com/whsy.php?p=%2Fvar%2Fsoftaculous%2Fwebtrees" "Mozilla/5.0 AppleWebKit/537.36 (KHTML, like Gecko; compatible; GPTBot/1.3; +https://openai.com/gptbot)"
74.7.227.31 - - [13/Mar/2026:23:52:55 +0000] "GET /whsy.php?e=personality&p=%2Fproc%2F11369 HTTP/1.1" 200 1935 "http://shakcoin.com.lab2454.com/whsy.php?p=%2Fproc%2F11369" "Mozilla/5.0 AppleWebKit/537.36 (KHTML, like Gecko; compatible; GPTBot/1.3; +https://openai.com/gptbot)"
74.7.241.26 - - [13/Mar/2026:23:53:01 +0000] "GET /whsy.php?p=%2Fhome%2Flab2454c%2Ftripvare.com%2Fvendor%2Fphar-io%2Fversion%2Fsrc%2F.. HTTP/1.1" 200 834 "http://www.shakcoin.com/whsy.php?e=PreReleaseSuffix.php&p=%2Fhome%2Flab2454c%2Ftripvare.com%2Fvendor%2Fphar-io%2Fversion%2Fsrc" "Mozilla/5.0 AppleWebKit/537.36 (KHTML, like Gecko; compatible; GPTBot/1.3; +https://openai.com/gptbot)"
74.7.227.31 - - [13/Mar/2026:23:53:05 +0000] "GET /whsy.php?e=clear_refs&p=%2Fproc%2F14587 HTTP/1.1" 200 1936 "http://shakcoin.com.lab2454.com/whsy.php?p=%2Fproc%2F14587" "Mozilla/5.0 AppleWebKit/537.36 (KHTML, like Gecko; compatible; GPTBot/1.3; +https://openai.com/gptbot)"
74.7.241.136 - - [13/Mar/2026:23:53:06 +0000] "GET /robots.txt HTTP/1.1" 404 - "-" "Mozilla/5.0 (Macintosh; Intel Mac OS X 10_15_7) AppleWebKit/537.36 (KHTML, like Gecko) Chrome/131.0.0.0 Safari/537.36; compatible; OAI-SearchBot/1.3; robots.txt; +https://openai.com/searchbot"
74.7.241.26 - - [13/Mar/2026:23:53:12 +0000] "GET /whsy.php?e=awstats.sow.veritserv.com.conf&p=%2Fhome%2Flab2454c%2Ftmp%2Fawstats%2Fssl HTTP/1.1" 200 160006 "http://www.shakcoin.com/whsy.php?p=%2Fhome%2Flab2454c%2Ftmp%2Fawstats%2Fssl" "Mozilla/5.0 AppleWebKit/537.36 (KHTML, like Gecko; compatible; GPTBot/1.3; +https://openai.com/gptbot)"
74.7.227.31 - - [13/Mar/2026:23:53:15 +0000] "GET /whsy.php?e=clear_refs&p=%2Fproc%2F14589 HTTP/1.1" 200 1936 "http://shakcoin.com.lab2454.com/whsy.php?p=%2Fproc%2F14589" "Mozilla/5.0 AppleWebKit/537.36 (KHTML, like Gecko; compatible; GPTBot/1.3; +https://openai.com/gptbot)"
74.7.241.26 - - [13/Mar/2026:23:53:20 +0000] "GET /whsy.php?e=class-wp-comment-query.php&p=%2Fhome%2Flab2454c%2Fvalidatekey.com%2Fwp-includes HTTP/1.1" 200 18943 "http://www.shakcoin.com/whsy.php?p=%2Fhome%2Flab2454c%2Fvalidatekey.com%2Fwp-includes" "Mozilla/5.0 AppleWebKit/537.36 (KHTML, like Gecko; compatible; GPTBot/1.3; +https://openai.com/gptbot)"
74.7.227.31 - - [13/Mar/2026:23:53:23 +0000] "GET /whsy.php?e=wchan&p=%2Fproc%2F11302 HTTP/1.1" 200 2005 "http://shakcoin.com.lab2454.com/whsy.php?p=%2Fproc%2F11302" "Mozilla/5.0 AppleWebKit/537.36 (KHTML, like Gecko; compatible; GPTBot/1.3; +https://openai.com/gptbot)"
74.7.241.26 - - [13/Mar/2026:23:53:29 +0000] "GET /whsy.php?e=class-wp-comment-query.php&p=%2Fhome%2Flab2454c%2Fgemiton.com%2Fwp-includes HTTP/1.1" 200 18993 "http://www.shakcoin.com/whsy.php?p=%2Fhome%2Flab2454c%2Fgemiton.com%2Fwp-includes" "Mozilla/5.0 AppleWebKit/537.36 (KHTML, like Gecko; compatible; GPTBot/1.3; +https://openai.com/gptbot)"
74.7.244.9 - - [13/Mar/2026:23:53:29 +0000] "GET /robots.txt HTTP/1.1" 404 - "-" "Mozilla/5.0 (Macintosh; Intel Mac OS X 10_15_7) AppleWebKit/537.36 (KHTML, like Gecko) Chrome/131.0.0.0 Safari/537.36; compatible; OAI-SearchBot/1.3; robots.txt; +https://openai.com/searchbot"
74.7.227.43 - - [13/Mar/2026:23:53:02 +0000] "GET /whsy.php?p=%2Frun%2Fsystemd%2Finaccessible HTTP/1.1" 200 400656 "http://www.shakcoin.com.lab2454.com/whsy.php?p=%2Frun%2Fsystemd" "Mozilla/5.0 AppleWebKit/537.36 (KHTML, like Gecko; compatible; GPTBot/1.3; +https://openai.com/gptbot)"
74.7.227.31 - - [13/Mar/2026:23:53:32 +0000] "GET /whsy.php?e=sched&p=%2Fproc%2F11369 HTTP/1.1" 200 2472 "http://shakcoin.com.lab2454.com/whsy.php?p=%2Fproc%2F11369" "Mozilla/5.0 AppleWebKit/537.36 (KHTML, like Gecko; compatible; GPTBot/1.3; +https://openai.com/gptbot)"
74.7.241.26 - - [13/Mar/2026:23:53:37 +0000] "GET /whsy.php?e=class-wp-comment-query.php&p=%2Fhome%2Flab2454c%2Fgemition.com%2Fwp-includes HTTP/1.1" 200 18995 "http://www.shakcoin.com/whsy.php?p=%2Fhome%2Flab2454c%2Fgemition.com%2Fwp-includes" "Mozilla/5.0 AppleWebKit/537.36 (KHTML, like Gecko; compatible; GPTBot/1.3; +https://openai.com/gptbot)"
74.7.227.31 - - [13/Mar/2026:23:53:39 +0000] "GET /whsy.php?e=smaps&p=%2Fproc%2F13245 HTTP/1.1" 200 2119 "http://shakcoin.com.lab2454.com/whsy.php?p=%2Fproc%2F13245" "Mozilla/5.0 AppleWebKit/537.36 (KHTML, like Gecko; compatible; GPTBot/1.3; +https://openai.com/gptbot)"
74.7.241.26 - - [13/Mar/2026:23:53:45 +0000] "GET /whsy.php?e=class-wp-ms-themes-list-table.php&p=%2Fhome%2Flab2454c%2Fam.elementalrock.com%2Fwp-admin%2Fincludes HTTP/1.1" 200 10613 "http://www.shakcoin.com/whsy.php?e=class-wp-debug-data.php&p=%2Fhome%2Flab2454c%2Fam.elementalrock.com%2Fwp-admin%2Fincludes" "Mozilla/5.0 AppleWebKit/537.36 (KHTML, like Gecko; compatible; GPTBot/1.3; +https://openai.com/gptbot)"
74.7.227.43 - - [13/Mar/2026:23:53:47 +0000] "GET /whsy.php?p=%2Fvar%2Fsoftaculous%2Flivesite HTTP/1.1" 200 1040 "http://www.shakcoin.com.lab2454.com/whsy.php?p=%2Fvar%2Fsoftaculous" "Mozilla/5.0 AppleWebKit/537.36 (KHTML, like Gecko; compatible; GPTBot/1.3; +https://openai.com/gptbot)"
74.7.227.31 - - [13/Mar/2026:23:53:47 +0000] "GET /whsy.php?e=sched&p=%2Fproc%2F13245 HTTP/1.1" 200 2479 "http://shakcoin.com.lab2454.com/whsy.php?p=%2Fproc%2F13245" "Mozilla/5.0 AppleWebKit/537.36 (KHTML, like Gecko; compatible; GPTBot/1.3; +https://openai.com/gptbot)"
74.7.241.26 - - [13/Mar/2026:23:53:52 +0000] "GET /whsy.php?e=comment-content.php&p=%2Fhome%2Flab2454c%2Fvalidatekey.com%2Fwp-includes%2Fblocks HTTP/1.1" 200 4599 "http://www.shakcoin.com/whsy.php?p=%2Fhome%2Flab2454c%2Fvalidatekey.com%2Fwp-includes%2Fblocks" "Mozilla/5.0 AppleWebKit/537.36 (KHTML, like Gecko; compatible; GPTBot/1.3; +https://openai.com/gptbot)"
74.7.227.31 - - [13/Mar/2026:23:53:55 +0000] "GET /whsy.php?e=syscall&p=%2Fproc%2F11369 HTTP/1.1" 200 1935 "http://shakcoin.com.lab2454.com/whsy.php?p=%2Fproc%2F11369" "Mozilla/5.0 AppleWebKit/537.36 (KHTML, like Gecko; compatible; GPTBot/1.3; +https://openai.com/gptbot)"
74.7.227.31 - - [13/Mar/2026:23:54:03 +0000] "GET /whsy.php?e=environ&p=%2Fproc%2F11302 HTTP/1.1" 200 1936 "http://shakcoin.com.lab2454.com/whsy.php?p=%2Fproc%2F11302" "Mozilla/5.0 AppleWebKit/537.36 (KHTML, like Gecko; compatible; GPTBot/1.3; +https://openai.com/gptbot)"
74.7.227.31 - - [13/Mar/2026:23:54:11 +0000] "GET /whsy.php?e=syscall&p=%2Fproc%2F14589 HTTP/1.1" 200 1936 "http://shakcoin.com.lab2454.com/whsy.php?p=%2Fproc%2F14589" "Mozilla/5.0 AppleWebKit/537.36 (KHTML, like Gecko; compatible; GPTBot/1.3; +https://openai.com/gptbot)"
74.7.227.31 - - [13/Mar/2026:23:54:20 +0000] "GET /whsy.php?e=pagemap&p=%2Fproc%2F14589 HTTP/1.1" 200 1936 "http://shakcoin.com.lab2454.com/whsy.php?p=%2Fproc%2F14589" "Mozilla/5.0 AppleWebKit/537.36 (KHTML, like Gecko; compatible; GPTBot/1.3; +https://openai.com/gptbot)"
74.7.227.31 - - [13/Mar/2026:23:54:29 +0000] "GET /whsy.php?e=environ&p=%2Fproc%2F11369 HTTP/1.1" 200 1935 "http://shakcoin.com.lab2454.com/whsy.php?p=%2Fproc%2F11369" "Mozilla/5.0 AppleWebKit/537.36 (KHTML, like Gecko; compatible; GPTBot/1.3; +https://openai.com/gptbot)"
74.7.241.26 - - [13/Mar/2026:23:54:00 +0000] "GET /whsy.php?p=%2Fproc%2F13501%2Ftask%2F13503%2Ffd HTTP/1.1" 200 526035 "http://www.shakcoin.com/whsy.php?p=%2Fproc%2F13501%2Ftask%2F13503" "Mozilla/5.0 AppleWebKit/537.36 (KHTML, like Gecko; compatible; GPTBot/1.3; +https://openai.com/gptbot)"
74.7.227.31 - - [13/Mar/2026:23:54:37 +0000] "GET /whsy.php?e=environ&p=%2Fproc%2F13245 HTTP/1.1" 200 1936 "http://shakcoin.com.lab2454.com/whsy.php?p=%2Fproc%2F13245" "Mozilla/5.0 AppleWebKit/537.36 (KHTML, like Gecko; compatible; GPTBot/1.3; +https://openai.com/gptbot)"
74.7.227.43 - - [13/Mar/2026:23:54:39 +0000] "GET /whsy.php?p=%2Fvar%2Fsoftaculous%2Fhubzilla HTTP/1.1" 200 1013 "http://www.shakcoin.com.lab2454.com/whsy.php?p=%2Fvar%2Fsoftaculous" "Mozilla/5.0 AppleWebKit/537.36 (KHTML, like Gecko; compatible; GPTBot/1.3; +https://openai.com/gptbot)"
74.7.228.32 - - [13/Mar/2026:23:54:39 +0000] "GET /robots.txt HTTP/1.1" 404 - "-" "Mozilla/5.0 (Macintosh; Intel Mac OS X 10_15_7) AppleWebKit/537.36 (KHTML, like Gecko) Chrome/131.0.0.0 Safari/537.36; compatible; OAI-SearchBot/1.3; robots.txt; +https://openai.com/searchbot"
74.7.227.31 - - [13/Mar/2026:23:54:45 +0000] "GET /whsy.php?e=syscall&p=%2Fproc%2F14587 HTTP/1.1" 200 1936 "http://shakcoin.com.lab2454.com/whsy.php?p=%2Fproc%2F14587" "Mozilla/5.0 AppleWebKit/537.36 (KHTML, like Gecko; compatible; GPTBot/1.3; +https://openai.com/gptbot)"
74.7.227.31 - - [13/Mar/2026:23:54:55 +0000] "GET /whsy.php?e=pagemap&p=%2Fproc%2F14587 HTTP/1.1" 200 1936 "http://shakcoin.com.lab2454.com/whsy.php?p=%2Fproc%2F14587" "Mozilla/5.0 AppleWebKit/537.36 (KHTML, like Gecko; compatible; GPTBot/1.3; +https://openai.com/gptbot)"
74.7.227.31 - - [13/Mar/2026:23:55:04 +0000] "GET /whsy.php?p=%2Fproc%2F24125 HTTP/1.1" 200 1936 "http://shakcoin.com.lab2454.com/whsy.php?p=%2F%2Fproc" "Mozilla/5.0 AppleWebKit/537.36 (KHTML, like Gecko; compatible; GPTBot/1.3; +https://openai.com/gptbot)"
74.7.227.43 - - [13/Mar/2026:23:55:06 +0000] "GET /whsy.php?p=%2Fvar%2Fsoftaculous%2Feventsch HTTP/1.1" 200 1102 "http://www.shakcoin.com.lab2454.com/whsy.php?p=%2Fvar%2Fsoftaculous" "Mozilla/5.0 AppleWebKit/537.36 (KHTML, like Gecko; compatible; GPTBot/1.3; +https://openai.com/gptbot)"
74.7.241.26 - - [13/Mar/2026:23:54:37 +0000] "GET /whsy.php?p=%2Fproc%2F13245%2Ftask%2F13248%2Ffd HTTP/1.1" 200 642399 "http://www.shakcoin.com/whsy.php?p=%2Fproc%2F13245%2Ftask%2F13248" "Mozilla/5.0 AppleWebKit/537.36 (KHTML, like Gecko; compatible; GPTBot/1.3; +https://openai.com/gptbot)"
74.7.227.31 - - [13/Mar/2026:23:55:12 +0000] "GET /whsy.php?p=%2Fproc%2F30370 HTTP/1.1" 200 1936 "http://shakcoin.com.lab2454.com/whsy.php?p=%2F%2Fproc" "Mozilla/5.0 AppleWebKit/537.36 (KHTML, like Gecko; compatible; GPTBot/1.3; +https://openai.com/gptbot)"
74.7.227.43 - - [13/Mar/2026:23:55:14 +0000] "GET /whsy.php?p=%2Fvar%2Fsoftaculous%2Fbackdrop HTTP/1.1" 200 1205 "http://www.shakcoin.com.lab2454.com/whsy.php?p=%2Fvar%2Fsoftaculous" "Mozilla/5.0 AppleWebKit/537.36 (KHTML, like Gecko; compatible; GPTBot/1.3; +https://openai.com/gptbot)"
74.7.227.31 - - [13/Mar/2026:23:55:19 +0000] "GET /whsy.php?p=%2Fproc%2F18011 HTTP/1.1" 200 1936 "http://shakcoin.com.lab2454.com/whsy.php?p=%2F%2Fproc" "Mozilla/5.0 AppleWebKit/537.36 (KHTML, like Gecko; compatible; GPTBot/1.3; +https://openai.com/gptbot)"
74.7.227.31 - - [13/Mar/2026:23:55:27 +0000] "GET /whsy.php?p=%2Fproc%2F18763 HTTP/1.1" 200 1936 "http://shakcoin.com.lab2454.com/whsy.php?p=%2F%2Fproc" "Mozilla/5.0 AppleWebKit/537.36 (KHTML, like Gecko; compatible; GPTBot/1.3; +https://openai.com/gptbot)"
74.7.227.43 - - [13/Mar/2026:23:55:29 +0000] "GET /whsy.php?p=%2Fvar%2Fsoftaculous%2Flitecart HTTP/1.1" 200 1227 "http://www.shakcoin.com.lab2454.com/whsy.php?p=%2Fvar%2Fsoftaculous" "Mozilla/5.0 AppleWebKit/537.36 (KHTML, like Gecko; compatible; GPTBot/1.3; +https://openai.com/gptbot)"
74.7.227.31 - - [13/Mar/2026:23:55:34 +0000] "GET /whsy.php?p=%2Fproc%2F31022 HTTP/1.1" 200 1936 "http://shakcoin.com.lab2454.com/whsy.php?p=%2F%2Fproc" "Mozilla/5.0 AppleWebKit/537.36 (KHTML, like Gecko; compatible; GPTBot/1.3; +https://openai.com/gptbot)"
74.7.227.43 - - [13/Mar/2026:23:55:37 +0000] "GET /whsy.php?p=%2Fvar%2Fsoftaculous%2Flitforum HTTP/1.1" 200 1099 "http://www.shakcoin.com.lab2454.com/whsy.php?p=%2Fvar%2Fsoftaculous" "Mozilla/5.0 AppleWebKit/537.36 (KHTML, like Gecko; compatible; GPTBot/1.3; +https://openai.com/gptbot)"
74.7.227.31 - - [13/Mar/2026:23:55:42 +0000] "GET /whsy.php?p=%2Fproc%2F31023 HTTP/1.1" 200 1936 "http://shakcoin.com.lab2454.com/whsy.php?p=%2F%2Fproc" "Mozilla/5.0 AppleWebKit/537.36 (KHTML, like Gecko; compatible; GPTBot/1.3; +https://openai.com/gptbot)"
74.7.241.26 - - [13/Mar/2026:23:55:14 +0000] "GET /whsy.php?p=%2Fproc%2F13245%2Ftask%2F13249%2Ffd HTTP/1.1" 200 855493 "http://www.shakcoin.com/whsy.php?p=%2Fproc%2F13245%2Ftask%2F13249" "Mozilla/5.0 AppleWebKit/537.36 (KHTML, like Gecko; compatible; GPTBot/1.3; +https://openai.com/gptbot)"
74.7.227.43 - - [13/Mar/2026:23:55:44 +0000] "GET /whsy.php?p=%2Fvar%2Fsoftaculous%2Fcmsimple HTTP/1.1" 200 1077 "http://www.shakcoin.com.lab2454.com/whsy.php?p=%2Fvar%2Fsoftaculous" "Mozilla/5.0 AppleWebKit/537.36 (KHTML, like Gecko; compatible; GPTBot/1.3; +https://openai.com/gptbot)"
74.7.227.31 - - [13/Mar/2026:23:55:49 +0000] "GET /whsy.php?p=%2Fproc%2F15936 HTTP/1.1" 200 982 "http://shakcoin.com.lab2454.com/whsy.php?p=%2F%2Fproc" "Mozilla/5.0 AppleWebKit/537.36 (KHTML, like Gecko; compatible; GPTBot/1.3; +https://openai.com/gptbot)"
74.7.227.31 - - [13/Mar/2026:23:55:57 +0000] "GET /whsy.php?p=%2Fproc%2F29140 HTTP/1.1" 200 1936 "http://shakcoin.com.lab2454.com/whsy.php?p=%2F%2Fproc" "Mozilla/5.0 AppleWebKit/537.36 (KHTML, like Gecko; compatible; GPTBot/1.3; +https://openai.com/gptbot)"
74.7.227.31 - - [13/Mar/2026:23:56:05 +0000] "GET /whsy.php?p=%2Fproc%2F10178 HTTP/1.1" 200 982 "http://shakcoin.com.lab2454.com/whsy.php?e=fb&p=%2Fproc" "Mozilla/5.0 AppleWebKit/537.36 (KHTML, like Gecko; compatible; GPTBot/1.3; +https://openai.com/gptbot)"
74.7.227.43 - - [13/Mar/2026:23:56:08 +0000] "GET /whsy.php?p=%2Fhome%2Flab2454c%2Fcrypthorize.net%2Fwp-content%2Fthemes%2Ftwentytwenty HTTP/1.1" 200 1227 "http://www.shakcoin.com.lab2454.com/whsy.php?p=%2Fhome%2Flab2454c%2Fcrypthorize.net%2Fwp-content%2Fthemes" "Mozilla/5.0 AppleWebKit/537.36 (KHTML, like Gecko; compatible; GPTBot/1.3; +https://openai.com/gptbot)"
74.7.227.31 - - [13/Mar/2026:23:56:13 +0000] "GET /whsy.php?p=%2Fproc%2F11457 HTTP/1.1" 200 982 "http://shakcoin.com.lab2454.com/whsy.php?e=dma&p=%2Fproc" "Mozilla/5.0 AppleWebKit/537.36 (KHTML, like Gecko; compatible; GPTBot/1.3; +https://openai.com/gptbot)"
74.7.241.26 - - [13/Mar/2026:23:55:51 +0000] "GET /whsy.php?p=%2Fproc%2F13501%2Ftask%2F13505%2Ffd HTTP/1.1" 200 741170 "http://www.shakcoin.com/whsy.php?p=%2Fproc%2F13501%2Ftask%2F13505" "Mozilla/5.0 AppleWebKit/537.36 (KHTML, like Gecko; compatible; GPTBot/1.3; +https://openai.com/gptbot)"
74.7.227.31 - - [13/Mar/2026:23:56:21 +0000] "GET /whsy.php?p=%2Fproc%2F10974 HTTP/1.1" 200 982 "http://shakcoin.com.lab2454.com/whsy.php?e=fb&p=%2Fproc" "Mozilla/5.0 AppleWebKit/537.36 (KHTML, like Gecko; compatible; GPTBot/1.3; +https://openai.com/gptbot)"
74.7.227.43 - - [13/Mar/2026:23:56:24 +0000] "GET /whsy.php?p=%2Fopt%2Fimunify360%2Fproactive%2Fdangerlist HTTP/1.1" 200 809 "http://www.shakcoin.com.lab2454.com/whsy.php?p=%2Fopt%2Fimunify360%2Fproactive" "Mozilla/5.0 AppleWebKit/537.36 (KHTML, like Gecko; compatible; GPTBot/1.3; +https://openai.com/gptbot)"
74.7.227.31 - - [13/Mar/2026:23:56:29 +0000] "GET /whsy.php?e=environ&p=%2Fproc%2F24125 HTTP/1.1" 200 1936 "http://shakcoin.com.lab2454.com/whsy.php?p=%2Fproc%2F24125" "Mozilla/5.0 AppleWebKit/537.36 (KHTML, like Gecko; compatible; GPTBot/1.3; +https://openai.com/gptbot)"
74.7.227.31 - - [13/Mar/2026:23:56:36 +0000] "GET /whsy.php?e=mountinfo&p=%2Fproc%2F24125 HTTP/1.1" 200 2949 "http://shakcoin.com.lab2454.com/whsy.php?p=%2Fproc%2F24125" "Mozilla/5.0 AppleWebKit/537.36 (KHTML, like Gecko; compatible; GPTBot/1.3; +https://openai.com/gptbot)"
74.7.227.43 - - [13/Mar/2026:23:56:38 +0000] "GET /whsy.php?p=%2Fvar%2Fsoftaculous%2Fmoodle310%2Flanguages HTTP/1.1" 200 505 "http://www.shakcoin.com.lab2454.com/whsy.php?p=%2Fvar%2Fsoftaculous%2Fmoodle310" "Mozilla/5.0 AppleWebKit/537.36 (KHTML, like Gecko; compatible; GPTBot/1.3; +https://openai.com/gptbot)"
74.7.227.31 - - [13/Mar/2026:23:56:43 +0000] "GET /whsy.php?e=syscall&p=%2Fproc%2F18011 HTTP/1.1" 200 1936 "http://shakcoin.com.lab2454.com/whsy.php?p=%2Fproc%2F18011" "Mozilla/5.0 AppleWebKit/537.36 (KHTML, like Gecko; compatible; GPTBot/1.3; +https://openai.com/gptbot)"
74.7.227.31 - - [13/Mar/2026:23:56:50 +0000] "GET /whsy.php?e=timerslack_ns&p=%2Fproc%2F18763 HTTP/1.1" 200 2008 "http://shakcoin.com.lab2454.com/whsy.php?p=%2Fproc%2F18763" "Mozilla/5.0 AppleWebKit/537.36 (KHTML, like Gecko; compatible; GPTBot/1.3; +https://openai.com/gptbot)"
74.7.227.43 - - [13/Mar/2026:23:56:54 +0000] "GET /whsy.php?e=write_htpass.php&p=%2Fvar%2Fsoftaculous%2Flitecart HTTP/1.1" 200 1594 "http://www.shakcoin.com.lab2454.com/whsy.php?p=%2Fvar%2Fsoftaculous%2Flitecart" "Mozilla/5.0 AppleWebKit/537.36 (KHTML, like Gecko; compatible; GPTBot/1.3; +https://openai.com/gptbot)"
74.7.241.26 - - [13/Mar/2026:23:56:28 +0000] "GET /whsy.php?p=%2Fproc%2F13245%2Ftask%2F13246%2Ffd HTTP/1.1" 200 825063 "http://www.shakcoin.com/whsy.php?p=%2Fproc%2F13245%2Ftask%2F13246" "Mozilla/5.0 AppleWebKit/537.36 (KHTML, like Gecko; compatible; GPTBot/1.3; +https://openai.com/gptbot)"
74.7.227.31 - - [13/Mar/2026:23:56:58 +0000] "GET /whsy.php?e=statm&p=%2Fproc%2F18763 HTTP/1.1" 200 2025 "http://shakcoin.com.lab2454.com/whsy.php?p=%2Fproc%2F18763" "Mozilla/5.0 AppleWebKit/537.36 (KHTML, like Gecko; compatible; GPTBot/1.3; +https://openai.com/gptbot)"
74.7.227.31 - - [13/Mar/2026:23:57:05 +0000] "GET /whsy.php?e=limits&p=%2Fproc%2F31023 HTTP/1.1" 200 2268 "http://shakcoin.com.lab2454.com/whsy.php?p=%2Fproc%2F31023" "Mozilla/5.0 AppleWebKit/537.36 (KHTML, like Gecko; compatible; GPTBot/1.3; +https://openai.com/gptbot)"
74.7.227.31 - - [13/Mar/2026:23:57:13 +0000] "GET /whsy.php?e=stack&p=%2Fproc%2F18763 HTTP/1.1" 200 1936 "http://shakcoin.com.lab2454.com/whsy.php?p=%2Fproc%2F18763" "Mozilla/5.0 AppleWebKit/537.36 (KHTML, like Gecko; compatible; GPTBot/1.3; +https://openai.com/gptbot)"
74.7.227.31 - - [13/Mar/2026:23:57:21 +0000] "GET /whsy.php?p=%2Fproc%2F29140%2Fattr HTTP/1.1" 200 799 "http://shakcoin.com.lab2454.com/whsy.php?p=%2Fproc%2F29140" "Mozilla/5.0 AppleWebKit/537.36 (KHTML, like Gecko; compatible; GPTBot/1.3; +https://openai.com/gptbot)"
74.7.227.31 - - [13/Mar/2026:23:57:29 +0000] "GET /whsy.php?e=schedstat&p=%2Fproc%2F18763 HTTP/1.1" 200 2035 "http://shakcoin.com.lab2454.com/whsy.php?p=%2Fproc%2F18763" "Mozilla/5.0 AppleWebKit/537.36 (KHTML, like Gecko; compatible; GPTBot/1.3; +https://openai.com/gptbot)"
74.7.227.43 - - [13/Mar/2026:23:57:32 +0000] "GET /whsy.php?e=index.php&p=%2Fhome%2Flab2454c%2Fcrypthorize.net%2Fwp-content%2Fthemes%2Ftwentytwenty HTTP/1.1" 200 2463 "http://www.shakcoin.com.lab2454.com/whsy.php?p=%2Fhome%2Flab2454c%2Fcrypthorize.net%2Fwp-content%2Fthemes%2Ftwentytwenty" "Mozilla/5.0 AppleWebKit/537.36 (KHTML, like Gecko; compatible; GPTBot/1.3; +https://openai.com/gptbot)"
74.7.227.31 - - [13/Mar/2026:23:57:37 +0000] "GET /whsy.php?e=mountinfo&p=%2Fproc%2F31022 HTTP/1.1" 200 2950 "http://shakcoin.com.lab2454.com/whsy.php?p=%2Fproc%2F31022" "Mozilla/5.0 AppleWebKit/537.36 (KHTML, like Gecko; compatible; GPTBot/1.3; +https://openai.com/gptbot)"
74.7.241.26 - - [13/Mar/2026:23:57:09 +0000] "GET /whsy.php?p=%2Fproc%2F13245%2Ftask%2F13247%2Ffd HTTP/1.1" 200 826508 "http://www.shakcoin.com/whsy.php?p=%2Fproc%2F13245%2Ftask%2F13247" "Mozilla/5.0 AppleWebKit/537.36 (KHTML, like Gecko; compatible; GPTBot/1.3; +https://openai.com/gptbot)"
74.7.227.31 - - [13/Mar/2026:23:57:44 +0000] "GET /whsy.php?e=cwd&p=%2Fproc%2F18763 HTTP/1.1" 200 1936 "http://shakcoin.com.lab2454.com/whsy.php?p=%2Fproc%2F18763" "Mozilla/5.0 AppleWebKit/537.36 (KHTML, like Gecko; compatible; GPTBot/1.3; +https://openai.com/gptbot)"
74.7.227.43 - - [13/Mar/2026:23:57:48 +0000] "GET /whsy.php?e=readme.txt&p=%2Fhome%2Flab2454c%2Fcrypthorize.net%2Fwp-content%2Fthemes%2Ftwentytwenty HTTP/1.1" 200 2991 "http://www.shakcoin.com.lab2454.com/whsy.php?p=%2Fhome%2Flab2454c%2Fcrypthorize.net%2Fwp-content%2Fthemes%2Ftwentytwenty" "Mozilla/5.0 AppleWebKit/537.36 (KHTML, like Gecko; compatible; GPTBot/1.3; +https://openai.com/gptbot)"
74.7.227.31 - - [13/Mar/2026:23:57:52 +0000] "GET /whsy.php?e=mem&p=%2Fproc%2F18763 HTTP/1.1" 200 1936 "http://shakcoin.com.lab2454.com/whsy.php?p=%2Fproc%2F18763" "Mozilla/5.0 AppleWebKit/537.36 (KHTML, like Gecko; compatible; GPTBot/1.3; +https://openai.com/gptbot)"
74.7.227.31 - - [13/Mar/2026:23:57:59 +0000] "GET /whsy.php?e=stack&p=%2Fproc%2F30370 HTTP/1.1" 200 1936 "http://shakcoin.com.lab2454.com/whsy.php?p=%2Fproc%2F30370" "Mozilla/5.0 AppleWebKit/537.36 (KHTML, like Gecko; compatible; GPTBot/1.3; +https://openai.com/gptbot)"
74.7.227.43 - - [13/Mar/2026:23:58:03 +0000] "GET /whsy.php?e=404.php&p=%2Fhome%2Flab2454c%2Fcrypthorize.net%2Fwp-content%2Fthemes%2Ftwentytwenty HTTP/1.1" 200 1713 "http://www.shakcoin.com.lab2454.com/whsy.php?p=%2Fhome%2Flab2454c%2Fcrypthorize.net%2Fwp-content%2Fthemes%2Ftwentytwenty" "Mozilla/5.0 AppleWebKit/537.36 (KHTML, like Gecko; compatible; GPTBot/1.3; +https://openai.com/gptbot)"
74.7.227.31 - - [13/Mar/2026:23:58:07 +0000] "GET /whsy.php?e=statm&p=%2Fproc%2F30370 HTTP/1.1" 200 2031 "http://shakcoin.com.lab2454.com/whsy.php?p=%2Fproc%2F30370" "Mozilla/5.0 AppleWebKit/537.36 (KHTML, like Gecko; compatible; GPTBot/1.3; +https://openai.com/gptbot)"
74.7.241.136 - - [13/Mar/2026:23:58:07 +0000] "GET /robots.txt HTTP/1.1" 404 - "-" "Mozilla/5.0 (Macintosh; Intel Mac OS X 10_15_7) AppleWebKit/537.36 (KHTML, like Gecko) Chrome/131.0.0.0 Safari/537.36; compatible; OAI-SearchBot/1.3; robots.txt; +https://openai.com/searchbot"
74.7.241.26 - - [13/Mar/2026:23:58:10 +0000] "GET /whsy.php?p=%2Fvar%2Fsoftaculous%2Fbackdrop%2Fupgrade HTTP/1.1" 200 503 "http://www.shakcoin.com/whsy.php?p=%2Fvar%2Fsoftaculous%2Fbackdrop" "Mozilla/5.0 AppleWebKit/537.36 (KHTML, like Gecko; compatible; GPTBot/1.3; +https://openai.com/gptbot)"
74.7.227.31 - - [13/Mar/2026:23:58:15 +0000] "GET /whsy.php?e=smaps&p=%2Fproc%2F18763 HTTP/1.1" 200 2121 "http://shakcoin.com.lab2454.com/whsy.php?p=%2Fproc%2F18763" "Mozilla/5.0 AppleWebKit/537.36 (KHTML, like Gecko; compatible; GPTBot/1.3; +https://openai.com/gptbot)"
74.7.227.43 - - [13/Mar/2026:23:58:18 +0000] "GET /whsy.php?e=.stylelintrc.json&p=%2Fhome%2Flab2454c%2Fcrypthorize.net%2Fwp-content%2Fthemes%2Ftwentytwenty HTTP/1.1" 200 1446 "http://www.shakcoin.com.lab2454.com/whsy.php?p=%2Fhome%2Flab2454c%2Fcrypthorize.net%2Fwp-content%2Fthemes%2Ftwentytwenty" "Mozilla/5.0 AppleWebKit/537.36 (KHTML, like Gecko; compatible; GPTBot/1.3; +https://openai.com/gptbot)"
74.7.227.31 - - [13/Mar/2026:23:58:22 +0000] "GET /whsy.php?e=mountinfo&p=%2Fproc%2F18763 HTTP/1.1" 200 2951 "http://shakcoin.com.lab2454.com/whsy.php?p=%2Fproc%2F18763" "Mozilla/5.0 AppleWebKit/537.36 (KHTML, like Gecko; compatible; GPTBot/1.3; +https://openai.com/gptbot)"
74.7.227.31 - - [13/Mar/2026:23:58:29 +0000] "GET /whsy.php?e=mountinfo&p=%2Fproc%2F29140 HTTP/1.1" 200 2949 "http://shakcoin.com.lab2454.com/whsy.php?p=%2Fproc%2F29140" "Mozilla/5.0 AppleWebKit/537.36 (KHTML, like Gecko; compatible; GPTBot/1.3; +https://openai.com/gptbot)"
74.7.227.43 - - [13/Mar/2026:23:58:33 +0000] "GET /whsy.php?e=package-lock.json&p=%2Fhome%2Flab2454c%2Fcrypthorize.net%2Fwp-content%2Fthemes%2Ftwentytwenty HTTP/1.1" 200 171336 "http://www.shakcoin.com.lab2454.com/whsy.php?p=%2Fhome%2Flab2454c%2Fcrypthorize.net%2Fwp-content%2Fthemes%2Ftwentytwenty" "Mozilla/5.0 AppleWebKit/537.36 (KHTML, like Gecko; compatible; GPTBot/1.3; +https://openai.com/gptbot)"
74.7.227.31 - - [13/Mar/2026:23:58:37 +0000] "GET /whsy.php?e=mountinfo&p=%2Fproc%2F31023 HTTP/1.1" 200 2950 "http://shakcoin.com.lab2454.com/whsy.php?p=%2Fproc%2F31023" "Mozilla/5.0 AppleWebKit/537.36 (KHTML, like Gecko; compatible; GPTBot/1.3; +https://openai.com/gptbot)"
74.7.227.31 - - [13/Mar/2026:23:58:44 +0000] "GET /whsy.php?e=mountinfo&p=%2Fproc%2F18011 HTTP/1.1" 200 2951 "http://shakcoin.com.lab2454.com/whsy.php?p=%2Fproc%2F18011" "Mozilla/5.0 AppleWebKit/537.36 (KHTML, like Gecko; compatible; GPTBot/1.3; +https://openai.com/gptbot)"
74.7.227.31 - - [13/Mar/2026:23:58:52 +0000] "GET /whsy.php?e=mountinfo&p=%2Fproc%2F30370 HTTP/1.1" 200 2950 "http://shakcoin.com.lab2454.com/whsy.php?p=%2Fproc%2F30370" "Mozilla/5.0 AppleWebKit/537.36 (KHTML, like Gecko; compatible; GPTBot/1.3; +https://openai.com/gptbot)"
74.7.227.43 - - [13/Mar/2026:23:58:56 +0000] "GET /whsy.php?e=package.json&p=%2Fhome%2Flab2454c%2Fcrypthorize.net%2Fwp-content%2Fthemes%2Ftwentytwenty HTTP/1.1" 200 1967 "http://www.shakcoin.com.lab2454.com/whsy.php?p=%2Fhome%2Flab2454c%2Fcrypthorize.net%2Fwp-content%2Fthemes%2Ftwentytwenty" "Mozilla/5.0 AppleWebKit/537.36 (KHTML, like Gecko; compatible; GPTBot/1.3; +https://openai.com/gptbot)"
74.7.227.31 - - [13/Mar/2026:23:58:59 +0000] "GET /whsy.php?e=autogroup&p=%2Fproc%2F18763 HTTP/1.1" 200 2020 "http://shakcoin.com.lab2454.com/whsy.php?p=%2Fproc%2F18763" "Mozilla/5.0 AppleWebKit/537.36 (KHTML, like Gecko; compatible; GPTBot/1.3; +https://openai.com/gptbot)"
74.7.227.31 - - [13/Mar/2026:23:59:06 +0000] "GET /whsy.php?e=statm&p=%2Fproc%2F29140 HTTP/1.1" 200 2028 "http://shakcoin.com.lab2454.com/whsy.php?p=%2Fproc%2F29140" "Mozilla/5.0 AppleWebKit/537.36 (KHTML, like Gecko; compatible; GPTBot/1.3; +https://openai.com/gptbot)"
74.7.241.26 - - [13/Mar/2026:23:59:11 +0000] "GET /whsy.php?p=%2Fvar%2Fsoftaculous%2Ffluxbb%2Flanguages HTTP/1.1" 200 503 "http://www.shakcoin.com/whsy.php?e=clone.php&p=%2Fvar%2Fsoftaculous%2Ffluxbb" "Mozilla/5.0 AppleWebKit/537.36 (KHTML, like Gecko; compatible; GPTBot/1.3; +https://openai.com/gptbot)"
74.7.227.43 - - [13/Mar/2026:23:59:11 +0000] "GET /whsy.php?e=functions.php&p=%2Fhome%2Flab2454c%2Fcrypthorize.net%2Fwp-content%2Fthemes%2Ftwentytwenty HTTP/1.1" 200 9372 "http://www.shakcoin.com.lab2454.com/whsy.php?p=%2Fhome%2Flab2454c%2Fcrypthorize.net%2Fwp-content%2Fthemes%2Ftwentytwenty" "Mozilla/5.0 AppleWebKit/537.36 (KHTML, like Gecko; compatible; GPTBot/1.3; +https://openai.com/gptbot)"
74.7.244.9 - - [13/Mar/2026:23:59:11 +0000] "GET /robots.txt HTTP/1.1" 404 - "-" "Mozilla/5.0 (Macintosh; Intel Mac OS X 10_15_7) AppleWebKit/537.36 (KHTML, like Gecko) Chrome/131.0.0.0 Safari/537.36; compatible; OAI-SearchBot/1.3; robots.txt; +https://openai.com/searchbot"
74.7.227.31 - - [13/Mar/2026:23:59:14 +0000] "GET /whsy.php?e=stack&p=%2Fproc%2F29140 HTTP/1.1" 200 1936 "http://shakcoin.com.lab2454.com/whsy.php?p=%2Fproc%2F29140" "Mozilla/5.0 AppleWebKit/537.36 (KHTML, like Gecko; compatible; GPTBot/1.3; +https://openai.com/gptbot)"
74.7.227.31 - - [13/Mar/2026:23:59:21 +0000] "GET /whsy.php?e=wchan&p=%2Fproc%2F18763 HTTP/1.1" 200 2006 "http://shakcoin.com.lab2454.com/whsy.php?p=%2Fproc%2F18763" "Mozilla/5.0 AppleWebKit/537.36 (KHTML, like Gecko; compatible; GPTBot/1.3; +https://openai.com/gptbot)"
74.7.227.31 - - [13/Mar/2026:23:59:29 +0000] "GET /whsy.php?e=auxv&p=%2Fproc%2F29140 HTTP/1.1" 200 1936 "http://shakcoin.com.lab2454.com/whsy.php?p=%2Fproc%2F29140" "Mozilla/5.0 AppleWebKit/537.36 (KHTML, like Gecko; compatible; GPTBot/1.3; +https://openai.com/gptbot)"
74.7.227.43 - - [13/Mar/2026:23:59:34 +0000] "GET /whsy.php?e=d3a0ed3a0940d0740d6f187b7e54b2466124313f2ac055bfbe5c88094580479a&p=%2Fopt%2Fimunify360%2Fproactive%2Fdangerlist HTTP/1.1" 200 809 "http://www.shakcoin.com.lab2454.com/whsy.php?p=%2Fopt%2Fimunify360%2Fproactive%2Fdangerlist" "Mozilla/5.0 AppleWebKit/537.36 (KHTML, like Gecko; compatible; GPTBot/1.3; +https://openai.com/gptbot)"
74.7.227.31 - - [13/Mar/2026:23:59:37 +0000] "GET /whsy.php?e=syscall&p=%2Fproc%2F24125 HTTP/1.1" 200 1936 "http://shakcoin.com.lab2454.com/whsy.php?p=%2Fproc%2F24125" "Mozilla/5.0 AppleWebKit/537.36 (KHTML, like Gecko; compatible; GPTBot/1.3; +https://openai.com/gptbot)"
74.7.227.43 - - [13/Mar/2026:23:59:42 +0000] "GET /whsy.php?e=0b134a5133d3539d61136a0b2c41ae43d31c7807d492fd7d1869fcda2852235b&p=%2Fopt%2Fimunify360%2Fproactive%2Fdangerlist HTTP/1.1" 200 809 "http://www.shakcoin.com.lab2454.com/whsy.php?p=%2Fopt%2Fimunify360%2Fproactive%2Fdangerlist" "Mozilla/5.0 AppleWebKit/537.36 (KHTML, like Gecko; compatible; GPTBot/1.3; +https://openai.com/gptbot)"
74.7.228.32 - - [13/Mar/2026:23:59:42 +0000] "GET /robots.txt HTTP/1.1" 404 - "-" "Mozilla/5.0 (Macintosh; Intel Mac OS X 10_15_7) AppleWebKit/537.36 (KHTML, like Gecko) Chrome/131.0.0.0 Safari/537.36; compatible; OAI-SearchBot/1.3; robots.txt; +https://openai.com/searchbot"
74.7.227.31 - - [13/Mar/2026:23:59:44 +0000] "GET /whsy.php?e=pagemap&p=%2Fproc%2F18011 HTTP/1.1" 200 1936 "http://shakcoin.com.lab2454.com/whsy.php?p=%2Fproc%2F18011" "Mozilla/5.0 AppleWebKit/537.36 (KHTML, like Gecko; compatible; GPTBot/1.3; +https://openai.com/gptbot)"
74.7.227.31 - - [13/Mar/2026:23:59:51 +0000] "GET /whsy.php?e=syscall&p=%2Fproc%2F31022 HTTP/1.1" 200 1936 "http://shakcoin.com.lab2454.com/whsy.php?p=%2Fproc%2F31022" "Mozilla/5.0 AppleWebKit/537.36 (KHTML, like Gecko; compatible; GPTBot/1.3; +https://openai.com/gptbot)"
74.7.227.31 - - [13/Mar/2026:23:59:59 +0000] "GET /whsy.php?e=pagemap&p=%2Fproc%2F31023 HTTP/1.1" 200 1936 "http://shakcoin.com.lab2454.com/whsy.php?p=%2Fproc%2F31023" "Mozilla/5.0 AppleWebKit/537.36 (KHTML, like Gecko; compatible; GPTBot/1.3; +https://openai.com/gptbot)"
74.7.227.43 - - [14/Mar/2026:00:00:04 +0000] "GET /whsy.php?e=footer.php&p=%2Fhome%2Flab2454c%2Fcrypthorize.net%2Fwp-content%2Fthemes%2Ftwentytwenty HTTP/1.1" 200 3131 "http://www.shakcoin.com.lab2454.com/whsy.php?p=%2Fhome%2Flab2454c%2Fcrypthorize.net%2Fwp-content%2Fthemes%2Ftwentytwenty" "Mozilla/5.0 AppleWebKit/537.36 (KHTML, like Gecko; compatible; GPTBot/1.3; +https://openai.com/gptbot)"
74.7.227.31 - - [14/Mar/2026:00:00:06 +0000] "GET /whsy.php?e=auxv&p=%2Fproc%2F18763 HTTP/1.1" 200 1936 "http://shakcoin.com.lab2454.com/whsy.php?p=%2Fproc%2F18763" "Mozilla/5.0 AppleWebKit/537.36 (KHTML, like Gecko; compatible; GPTBot/1.3; +https://openai.com/gptbot)"
74.7.241.26 - - [14/Mar/2026:00:00:07 +0000] "GET /whsy.php?p=%2Fvar%2Fsoftaculous%2Feventsch%2Fimages HTTP/1.1" 200 711 "http://www.shakcoin.com/whsy.php?p=%2Fvar%2Fsoftaculous%2Feventsch" "Mozilla/5.0 AppleWebKit/537.36 (KHTML, like Gecko; compatible; GPTBot/1.3; +https://openai.com/gptbot)"
74.7.227.43 - - [14/Mar/2026:00:00:11 +0000] "GET /whsy.php?e=header.php&p=%2Fhome%2Flab2454c%2Fcrypthorize.net%2Fwp-content%2Fthemes%2Ftwentytwenty HTTP/1.1" 200 3118 "http://www.shakcoin.com.lab2454.com/whsy.php?p=%2Fhome%2Flab2454c%2Fcrypthorize.net%2Fwp-content%2Fthemes%2Ftwentytwenty" "Mozilla/5.0 AppleWebKit/537.36 (KHTML, like Gecko; compatible; GPTBot/1.3; +https://openai.com/gptbot)"
74.7.227.31 - - [14/Mar/2026:00:00:14 +0000] "GET /whsy.php?e=pagemap&p=%2Fproc%2F24125 HTTP/1.1" 200 1936 "http://shakcoin.com.lab2454.com/whsy.php?p=%2Fproc%2F24125" "Mozilla/5.0 AppleWebKit/537.36 (KHTML, like Gecko; compatible; GPTBot/1.3; +https://openai.com/gptbot)"
74.7.227.31 - - [14/Mar/2026:00:00:21 +0000] "GET /whsy.php?e=pagemap&p=%2Fproc%2F31022 HTTP/1.1" 200 1936 "http://shakcoin.com.lab2454.com/whsy.php?p=%2Fproc%2F31022" "Mozilla/5.0 AppleWebKit/537.36 (KHTML, like Gecko; compatible; GPTBot/1.3; +https://openai.com/gptbot)"
74.7.227.43 - - [14/Mar/2026:00:00:27 +0000] "GET /whsy.php?e=screenshot.png&p=%2Fhome%2Flab2454c%2Fcrypthorize.net%2Fwp-content%2Fthemes%2Ftwentytwenty HTTP/1.1" 200 1286 "http://www.shakcoin.com.lab2454.com/whsy.php?p=%2Fhome%2Flab2454c%2Fcrypthorize.net%2Fwp-content%2Fthemes%2Ftwentytwenty" "Mozilla/5.0 AppleWebKit/537.36 (KHTML, like Gecko; compatible; GPTBot/1.3; +https://openai.com/gptbot)"
74.7.227.31 - - [14/Mar/2026:00:00:29 +0000] "GET /whsy.php?e=exe&p=%2Fproc%2F18763 HTTP/1.1" 200 1936 "http://shakcoin.com.lab2454.com/whsy.php?p=%2Fproc%2F18763" "Mozilla/5.0 AppleWebKit/537.36 (KHTML, like Gecko; compatible; GPTBot/1.3; +https://openai.com/gptbot)"
74.7.227.43 - - [14/Mar/2026:00:00:34 +0000] "GET /whsy.php?e=singular.php&p=%2Fhome%2Flab2454c%2Fcrypthorize.net%2Fwp-content%2Fthemes%2Ftwentytwenty HTTP/1.1" 200 1585 "http://www.shakcoin.com.lab2454.com/whsy.php?p=%2Fhome%2Flab2454c%2Fcrypthorize.net%2Fwp-content%2Fthemes%2Ftwentytwenty" "Mozilla/5.0 AppleWebKit/537.36 (KHTML, like Gecko; compatible; GPTBot/1.3; +https://openai.com/gptbot)"
74.7.227.31 - - [14/Mar/2026:00:00:36 +0000] "GET /whsy.php?e=stack&p=%2Fproc%2F18011 HTTP/1.1" 200 1936 "http://shakcoin.com.lab2454.com/whsy.php?p=%2Fproc%2F18011" "Mozilla/5.0 AppleWebKit/537.36 (KHTML, like Gecko; compatible; GPTBot/1.3; +https://openai.com/gptbot)"
74.7.227.31 - - [14/Mar/2026:00:00:43 +0000] "GET /whsy.php?e=sched&p=%2Fproc%2F18763 HTTP/1.1" 200 2480 "http://shakcoin.com.lab2454.com/whsy.php?p=%2Fproc%2F18763" "Mozilla/5.0 AppleWebKit/537.36 (KHTML, like Gecko; compatible; GPTBot/1.3; +https://openai.com/gptbot)"
74.7.227.31 - - [14/Mar/2026:00:00:51 +0000] "GET /whsy.php?e=statm&p=%2Fproc%2F18011 HTTP/1.1" 200 2023 "http://shakcoin.com.lab2454.com/whsy.php?p=%2Fproc%2F18011" "Mozilla/5.0 AppleWebKit/537.36 (KHTML, like Gecko; compatible; GPTBot/1.3; +https://openai.com/gptbot)"
74.7.227.43 - - [14/Mar/2026:00:00:56 +0000] "GET /whsy.php?p=%2Fhome%2Flab2454c%2Fveritserv.net%2Fwp-includes%2Fjs%2Fcrop%2F.. HTTP/1.1" 200 3645 "http://www.shakcoin.com.lab2454.com/whsy.php?p=%2Fhome%2Flab2454c%2Fveritserv.net%2Fwp-includes%2Fjs%2Fcrop" "Mozilla/5.0 AppleWebKit/537.36 (KHTML, like Gecko; compatible; GPTBot/1.3; +https://openai.com/gptbot)"
74.7.241.26 - - [14/Mar/2026:00:00:57 +0000] "GET /whsy.php?p=%2Fvar%2Fsoftaculous%2Fmaiancart%2Fimages HTTP/1.1" 200 712 "http://www.shakcoin.com/whsy.php?e=access.php&p=%2Fvar%2Fsoftaculous%2Fmaiancart" "Mozilla/5.0 AppleWebKit/537.36 (KHTML, like Gecko; compatible; GPTBot/1.3; +https://openai.com/gptbot)"
74.7.227.31 - - [14/Mar/2026:00:00:58 +0000] "GET /whsy.php?e=statm&p=%2Fproc%2F31023 HTTP/1.1" 200 2027 "http://shakcoin.com.lab2454.com/whsy.php?p=%2Fproc%2F31023" "Mozilla/5.0 AppleWebKit/537.36 (KHTML, like Gecko; compatible; GPTBot/1.3; +https://openai.com/gptbot)"
74.7.227.43 - - [14/Mar/2026:00:01:04 +0000] "GET /whsy.php?p=%2Fhome%2Flab2454c%2Fveritserv.net%2Fwp-includes%2Fjs%2Fdist%2F.. HTTP/1.1" 200 3645 "http://www.shakcoin.com.lab2454.com/whsy.php?p=%2Fhome%2Flab2454c%2Fveritserv.net%2Fwp-includes%2Fjs%2Fdist" "Mozilla/5.0 AppleWebKit/537.36 (KHTML, like Gecko; compatible; GPTBot/1.3; +https://openai.com/gptbot)"
74.7.227.31 - - [14/Mar/2026:00:01:05 +0000] "GET /whsy.php?e=stack&p=%2Fproc%2F31023 HTTP/1.1" 200 1936 "http://shakcoin.com.lab2454.com/whsy.php?p=%2Fproc%2F31023" "Mozilla/5.0 AppleWebKit/537.36 (KHTML, like Gecko; compatible; GPTBot/1.3; +https://openai.com/gptbot)"
74.7.227.31 - - [14/Mar/2026:00:01:13 +0000] "GET /whsy.php?e=autogroup&p=%2Fproc%2F31023 HTTP/1.1" 200 2020 "http://shakcoin.com.lab2454.com/whsy.php?p=%2Fproc%2F31023" "Mozilla/5.0 AppleWebKit/537.36 (KHTML, like Gecko; compatible; GPTBot/1.3; +https://openai.com/gptbot)"
74.7.227.43 - - [14/Mar/2026:00:01:19 +0000] "GET /whsy.php?p=%2Fhome%2Flab2454c%2Fveritserv.net%2Fwp-content%2Fthemes%2Ftwentytwentyone HTTP/1.1" 200 1435 "http://www.shakcoin.com.lab2454.com/whsy.php?p=%2Fhome%2Flab2454c%2Fveritserv.net%2Fwp-content%2Fthemes" "Mozilla/5.0 AppleWebKit/537.36 (KHTML, like Gecko; compatible; GPTBot/1.3; +https://openai.com/gptbot)"
74.7.227.31 - - [14/Mar/2026:00:01:20 +0000] "GET /whsy.php?e=setgroups&p=%2Fproc%2F29140 HTTP/1.1" 200 2007 "http://shakcoin.com.lab2454.com/whsy.php?p=%2Fproc%2F29140" "Mozilla/5.0 AppleWebKit/537.36 (KHTML, like Gecko; compatible; GPTBot/1.3; +https://openai.com/gptbot)"
74.7.227.43 - - [14/Mar/2026:00:01:27 +0000] "GET /whsy.php?p=%2Fhome%2Flab2454c%2Fspaxtac.com%2Fwp-content%2Fplugins%2Fcontact-form-7%2Fmodules HTTP/1.1" 200 1282 "http://www.shakcoin.com.lab2454.com/whsy.php?p=%2Fhome%2Flab2454c%2Fspaxtac.com%2Fwp-content%2Fplugins%2Fcontact-form-7%2Fincludes%2F.." "Mozilla/5.0 AppleWebKit/537.36 (KHTML, like Gecko; compatible; GPTBot/1.3; +https://openai.com/gptbot)"
74.7.227.31 - - [14/Mar/2026:00:01:29 +0000] "GET /whsy.php?e=sessionid&p=%2Fproc%2F29140 HTTP/1.1" 200 2015 "http://shakcoin.com.lab2454.com/whsy.php?p=%2Fproc%2F29140" "Mozilla/5.0 AppleWebKit/537.36 (KHTML, like Gecko; compatible; GPTBot/1.3; +https://openai.com/gptbot)"
74.7.227.31 - - [14/Mar/2026:00:01:38 +0000] "GET /whsy.php?e=autogroup&p=%2Fproc%2F18011 HTTP/1.1" 200 2020 "http://shakcoin.com.lab2454.com/whsy.php?p=%2Fproc%2F18011" "Mozilla/5.0 AppleWebKit/537.36 (KHTML, like Gecko; compatible; GPTBot/1.3; +https://openai.com/gptbot)"
74.7.241.26 - - [14/Mar/2026:00:01:43 +0000] "GET /whsy.php?p=%2Fvar%2Fsoftaculous%2Ftaskfreak%2Fimages HTTP/1.1" 200 716 "http://www.shakcoin.com/whsy.php?p=%2Fvar%2Fsoftaculous%2Ftaskfreak%2Fphp81%2F.." "Mozilla/5.0 AppleWebKit/537.36 (KHTML, like Gecko; compatible; GPTBot/1.3; +https://openai.com/gptbot)"
74.7.227.43 - - [14/Mar/2026:00:01:44 +0000] "GET /whsy.php?p=%2Fhome%2Flab2454c%2Ffcxpro.com%2Fwp-content%2Fplugins%2Fcontact-form-7%2Fincludes HTTP/1.1" 200 1402 "http://www.shakcoin.com.lab2454.com/whsy.php?p=%2Fhome%2Flab2454c%2Ffcxpro.com%2Fwp-content%2Fplugins%2Fcontact-form-7%2Fadmin%2F.." "Mozilla/5.0 AppleWebKit/537.36 (KHTML, like Gecko; compatible; GPTBot/1.3; +https://openai.com/gptbot)"
74.7.227.31 - - [14/Mar/2026:00:01:46 +0000] "GET /whsy.php?e=timens_offsets&p=%2Fproc%2F18763 HTTP/1.1" 200 2023 "http://shakcoin.com.lab2454.com/whsy.php?p=%2Fproc%2F18763" "Mozilla/5.0 AppleWebKit/537.36 (KHTML, like Gecko; compatible; GPTBot/1.3; +https://openai.com/gptbot)"
74.7.227.43 - - [14/Mar/2026:00:01:51 +0000] "GET /whsy.php?p=%2Fhome%2Flab2454c%2Fbiocei.com%2Fwp-content%2Fplugins%2Fcontact-form-7%2Fincludes HTTP/1.1" 200 1499 "http://www.shakcoin.com.lab2454.com/whsy.php?p=%2Fhome%2Flab2454c%2Fbiocei.com%2Fwp-content%2Fplugins%2Fcontact-form-7%2Fadmin%2F.." "Mozilla/5.0 AppleWebKit/537.36 (KHTML, like Gecko; compatible; GPTBot/1.3; +https://openai.com/gptbot)"
