74.7.227.43 - - [14/Mar/2026:00:20:28 +0000] "GET /whsy.php?p=%2Fhome%2Flab2454c%2Fmact34.com%2Fwp-content%2Fplugins%2Felementor-pro%2Fassets%2Fcss%2F.. HTTP/1.1" 200 573 "http://www.shakcoin.com.lab2454.com/whsy.php?p=%2Fhome%2Flab2454c%2Fmact34.com%2Fwp-content%2Fplugins%2Felementor-pro%2Fassets%2Fcss" "Mozilla/5.0 AppleWebKit/537.36 (KHTML, like Gecko; compatible; GPTBot/1.3; +https://openai.com/gptbot)"
74.7.228.32 - - [14/Mar/2026:00:20:28 +0000] "GET /robots.txt HTTP/1.1" 404 - "-" "Mozilla/5.0 (Macintosh; Intel Mac OS X 10_15_7) AppleWebKit/537.36 (KHTML, like Gecko) Chrome/131.0.0.0 Safari/537.36; compatible; OAI-SearchBot/1.3; robots.txt; +https://openai.com/searchbot"
74.7.241.26 - - [14/Mar/2026:00:20:31 +0000] "GET /whsy.php?e=riC2mRxgDGdZv5bbFzPb8ZIp4C04sT59fQRL79Rp&p=%2Fhome%2Flab2454c%2Faficb.com%2Fstorage%2Fframework%2Fsessions HTTP/1.1" 200 2578 "http://www.shakcoin.com/whsy.php?p=%2Fhome%2Flab2454c%2Faficb.com%2Fstorage%2Fframework%2Fsessions" "Mozilla/5.0 AppleWebKit/537.36 (KHTML, like Gecko; compatible; GPTBot/1.3; +https://openai.com/gptbot)"
74.7.227.31 - - [14/Mar/2026:00:20:32 +0000] "GET /whsy.php?e=cpuset&p=%2Fproc%2F31022 HTTP/1.1" 200 2005 "http://shakcoin.com.lab2454.com/whsy.php?p=%2Fproc%2F31022" "Mozilla/5.0 AppleWebKit/537.36 (KHTML, like Gecko; compatible; GPTBot/1.3; +https://openai.com/gptbot)"
74.7.241.26 - - [14/Mar/2026:00:20:39 +0000] "GET /whsy.php?e=ayc5h8S3kYo1W88lDOx6Xqvy0dBgkovY3T8xWzJr&p=%2Fhome%2Flab2454c%2Faficb.com%2Fstorage%2Fframework%2Fsessions HTTP/1.1" 200 2580 "http://www.shakcoin.com/whsy.php?p=%2Fhome%2Flab2454c%2Faficb.com%2Fstorage%2Fframework%2Fsessions" "Mozilla/5.0 AppleWebKit/537.36 (KHTML, like Gecko; compatible; GPTBot/1.3; +https://openai.com/gptbot)"
74.7.227.31 - - [14/Mar/2026:00:20:40 +0000] "GET /whsy.php?e=timens_offsets&p=%2Fproc%2F24125 HTTP/1.1" 200 2022 "http://shakcoin.com.lab2454.com/whsy.php?p=%2Fproc%2F24125" "Mozilla/5.0 AppleWebKit/537.36 (KHTML, like Gecko; compatible; GPTBot/1.3; +https://openai.com/gptbot)"
74.7.227.43 - - [14/Mar/2026:00:20:43 +0000] "GET /whsy.php?p=%2Fhome%2Flab2454c%2Fmact34.com%2Fwp-content%2Fthemes%2Fsinatra%2Fwoocommerce%2Fcheckout HTTP/1.1" 200 738 "http://www.shakcoin.com.lab2454.com/whsy.php?p=%2Fhome%2Flab2454c%2Fmact34.com%2Fwp-content%2Fthemes%2Fsinatra%2Fwoocommerce" "Mozilla/5.0 AppleWebKit/537.36 (KHTML, like Gecko; compatible; GPTBot/1.3; +https://openai.com/gptbot)"
74.7.241.26 - - [14/Mar/2026:00:20:47 +0000] "GET /whsy.php?e=ELtk7PquEwoAxe14zU61QSeA8mDM76ocYn40bMOK&p=%2Fhome%2Flab2454c%2Faficb.com%2Fstorage%2Fframework%2Fsessions HTTP/1.1" 200 2574 "http://www.shakcoin.com/whsy.php?p=%2Fhome%2Flab2454c%2Faficb.com%2Fstorage%2Fframework%2Fsessions" "Mozilla/5.0 AppleWebKit/537.36 (KHTML, like Gecko; compatible; GPTBot/1.3; +https://openai.com/gptbot)"
74.7.227.31 - - [14/Mar/2026:00:20:47 +0000] "GET /whsy.php?e=timens_offsets&p=%2Fproc%2F31022 HTTP/1.1" 200 2022 "http://shakcoin.com.lab2454.com/whsy.php?p=%2Fproc%2F31022" "Mozilla/5.0 AppleWebKit/537.36 (KHTML, like Gecko; compatible; GPTBot/1.3; +https://openai.com/gptbot)"
74.7.227.43 - - [14/Mar/2026:00:20:51 +0000] "GET /whsy.php?p=%2Fhome%2Flab2454c%2Fmact34.com%2Fwp-content%2Fplugins%2Felementor-pro%2Fassets%2Fcss%2Fmodules HTTP/1.1" 200 897 "http://www.shakcoin.com.lab2454.com/whsy.php?p=%2Fhome%2Flab2454c%2Fmact34.com%2Fwp-content%2Fplugins%2Felementor-pro%2Fassets%2Fcss" "Mozilla/5.0 AppleWebKit/537.36 (KHTML, like Gecko; compatible; GPTBot/1.3; +https://openai.com/gptbot)"
74.7.241.26 - - [14/Mar/2026:00:20:54 +0000] "GET /whsy.php?p=%2Fproc%2F13245%2Ftask%2F13247%2Fnet%2Fxt_recent HTTP/1.1" 200 519 "http://www.shakcoin.com/whsy.php?p=%2Fproc%2F13245%2Ftask%2F13247%2Fnet" "Mozilla/5.0 AppleWebKit/537.36 (KHTML, like Gecko; compatible; GPTBot/1.3; +https://openai.com/gptbot)"
74.7.227.31 - - [14/Mar/2026:00:20:55 +0000] "GET /whsy.php?e=timens_offsets&p=%2Fproc%2F29140 HTTP/1.1" 200 2022 "http://shakcoin.com.lab2454.com/whsy.php?p=%2Fproc%2F29140" "Mozilla/5.0 AppleWebKit/537.36 (KHTML, like Gecko; compatible; GPTBot/1.3; +https://openai.com/gptbot)"
74.7.241.26 - - [14/Mar/2026:00:21:02 +0000] "GET /whsy.php?p=%2Fproc%2F13245%2Ftask%2F13246%2Fnet%2Fxt_recent HTTP/1.1" 200 518 "http://www.shakcoin.com/whsy.php?p=%2Fproc%2F13245%2Ftask%2F13246%2Fnet" "Mozilla/5.0 AppleWebKit/537.36 (KHTML, like Gecko; compatible; GPTBot/1.3; +https://openai.com/gptbot)"
74.7.227.31 - - [14/Mar/2026:00:21:03 +0000] "GET /whsy.php?e=cmdline&p=%2Fproc%2F29140 HTTP/1.1" 200 2049 "http://shakcoin.com.lab2454.com/whsy.php?p=%2Fproc%2F29140" "Mozilla/5.0 AppleWebKit/537.36 (KHTML, like Gecko; compatible; GPTBot/1.3; +https://openai.com/gptbot)"
74.7.241.26 - - [14/Mar/2026:00:21:12 +0000] "GET /whsy.php?p=%2Fproc%2F13245%2Ftask%2F13249%2Fnet%2Fxt_recent HTTP/1.1" 200 518 "http://www.shakcoin.com/whsy.php?p=%2Fproc%2F13245%2Ftask%2F13249%2Fnet" "Mozilla/5.0 AppleWebKit/537.36 (KHTML, like Gecko; compatible; GPTBot/1.3; +https://openai.com/gptbot)"
74.7.227.31 - - [14/Mar/2026:00:21:13 +0000] "GET /whsy.php?e=cmdline&p=%2Fproc%2F30370 HTTP/1.1" 200 2018 "http://shakcoin.com.lab2454.com/whsy.php?p=%2Fproc%2F30370" "Mozilla/5.0 AppleWebKit/537.36 (KHTML, like Gecko; compatible; GPTBot/1.3; +https://openai.com/gptbot)"
74.7.227.43 - - [14/Mar/2026:00:21:21 +0000] "GET /whsy.php?p=%2Fhome%2Flab2454c%2Fmact34.com%2Fwp-content%2Fthemes%2Fsinatra%2Fwoocommerce%2Fsingle-product%2F.. HTTP/1.1" 200 802 "http://www.shakcoin.com.lab2454.com/whsy.php?p=%2Fhome%2Flab2454c%2Fmact34.com%2Fwp-content%2Fthemes%2Fsinatra%2Fwoocommerce%2Fsingle-product" "Mozilla/5.0 AppleWebKit/537.36 (KHTML, like Gecko; compatible; GPTBot/1.3; +https://openai.com/gptbot)"
74.7.241.26 - - [14/Mar/2026:00:21:26 +0000] "GET /whsy.php?p=%2Fproc%2F13245%2Ftask%2F13248%2Fnet%2Fxt_recent HTTP/1.1" 200 518 "http://www.shakcoin.com/whsy.php?p=%2Fproc%2F13245%2Ftask%2F13248%2Fnet" "Mozilla/5.0 AppleWebKit/537.36 (KHTML, like Gecko; compatible; GPTBot/1.3; +https://openai.com/gptbot)"
74.7.227.31 - - [14/Mar/2026:00:21:26 +0000] "GET /whsy.php?e=environ&p=%2Fproc%2F18763 HTTP/1.1" 200 1936 "http://shakcoin.com.lab2454.com/whsy.php?p=%2Fproc%2F18763" "Mozilla/5.0 AppleWebKit/537.36 (KHTML, like Gecko; compatible; GPTBot/1.3; +https://openai.com/gptbot)"
74.7.241.26 - - [14/Mar/2026:00:21:36 +0000] "GET /whsy.php?e=query.php&p=%2Fhome%2Flab2454c%2Fcrypthorize.net%2Fwp-includes HTTP/1.1" 200 13333 "http://www.shakcoin.com/whsy.php?e=registration.php&p=%2Fhome%2Flab2454c%2Fcrypthorize.net%2Fwp-includes" "Mozilla/5.0 AppleWebKit/537.36 (KHTML, like Gecko; compatible; GPTBot/1.3; +https://openai.com/gptbot)"
74.7.227.31 - - [14/Mar/2026:00:21:36 +0000] "GET /whsy.php?e=timens_offsets&p=%2Fproc%2F30370 HTTP/1.1" 200 2022 "http://shakcoin.com.lab2454.com/whsy.php?p=%2Fproc%2F30370" "Mozilla/5.0 AppleWebKit/537.36 (KHTML, like Gecko; compatible; GPTBot/1.3; +https://openai.com/gptbot)"
74.7.241.26 - - [14/Mar/2026:00:21:43 +0000] "GET /whsy.php?e=class-snoopy.php&p=%2Fhome%2Flab2454c%2Fbullionmils.com%2Fwp-includes HTTP/1.1" 200 16766 "http://www.shakcoin.com/whsy.php?e=class-wp-dependency.php&p=%2Fhome%2Flab2454c%2Fbullionmils.com%2Fwp-includes" "Mozilla/5.0 AppleWebKit/537.36 (KHTML, like Gecko; compatible; GPTBot/1.3; +https://openai.com/gptbot)"
74.7.227.31 - - [14/Mar/2026:00:21:43 +0000] "GET /whsy.php?e=smaps_rollup&p=%2Fproc%2F18763 HTTP/1.1" 200 2120 "http://shakcoin.com.lab2454.com/whsy.php?p=%2Fproc%2F18763" "Mozilla/5.0 AppleWebKit/537.36 (KHTML, like Gecko; compatible; GPTBot/1.3; +https://openai.com/gptbot)"
74.7.227.43 - - [14/Mar/2026:00:21:48 +0000] "GET /whsy.php?p=%2Fhome%2Flab2454c%2Fmact34.com%2Fwp-content%2Fthemes%2Fsinatra%2Fwoocommerce%2Fsingle-product%2Ftabs HTTP/1.1" 200 746 "http://www.shakcoin.com.lab2454.com/whsy.php?p=%2Fhome%2Flab2454c%2Fmact34.com%2Fwp-content%2Fthemes%2Fsinatra%2Fwoocommerce%2Fsingle-product" "Mozilla/5.0 AppleWebKit/537.36 (KHTML, like Gecko; compatible; GPTBot/1.3; +https://openai.com/gptbot)"
74.7.241.26 - - [14/Mar/2026:00:21:51 +0000] "GET /whsy.php?p=%2Fproc%2F11218%2Fnet%2Fip6t_hashlimit%2F.. HTTP/1.1" 200 2441 "http://www.shakcoin.com/whsy.php?p=%2Fproc%2F11218%2Fnet%2Fip6t_hashlimit" "Mozilla/5.0 AppleWebKit/537.36 (KHTML, like Gecko; compatible; GPTBot/1.3; +https://openai.com/gptbot)"
74.7.227.31 - - [14/Mar/2026:00:21:51 +0000] "GET /whsy.php?e=timens_offsets&p=%2Fproc%2F31023 HTTP/1.1" 200 2022 "http://shakcoin.com.lab2454.com/whsy.php?p=%2Fproc%2F31023" "Mozilla/5.0 AppleWebKit/537.36 (KHTML, like Gecko; compatible; GPTBot/1.3; +https://openai.com/gptbot)"
74.7.241.26 - - [14/Mar/2026:00:21:58 +0000] "GET /whsy.php?p=%2Fproc%2F29566%2Fnet%2Fip6t_hashlimit%2F.. HTTP/1.1" 200 2441 "http://www.shakcoin.com/whsy.php?p=%2Fproc%2F29566%2Fnet%2Fip6t_hashlimit" "Mozilla/5.0 AppleWebKit/537.36 (KHTML, like Gecko; compatible; GPTBot/1.3; +https://openai.com/gptbot)"
74.7.227.31 - - [14/Mar/2026:00:21:58 +0000] "GET /whsy.php?e=timens_offsets&p=%2Fproc%2F18011 HTTP/1.1" 200 2022 "http://shakcoin.com.lab2454.com/whsy.php?p=%2Fproc%2F18011" "Mozilla/5.0 AppleWebKit/537.36 (KHTML, like Gecko; compatible; GPTBot/1.3; +https://openai.com/gptbot)"
74.7.227.43 - - [14/Mar/2026:00:22:04 +0000] "GET /whsy.php?p=%2Fvar%2Fsoftaculous%2Fsizzle HTTP/1.1" 200 935 "http://www.shakcoin.com.lab2454.com/whsy.php?p=%2Fvar%2Fsoftaculous" "Mozilla/5.0 AppleWebKit/537.36 (KHTML, like Gecko; compatible; GPTBot/1.3; +https://openai.com/gptbot)"
74.7.241.26 - - [14/Mar/2026:00:22:07 +0000] "GET /whsy.php?p=%2Fhome%2Flab2454c%2Ftripvare.com%2Fvendor%2Fleague%2Fmime-type-detection%2F.. HTTP/1.1" 200 571 "http://www.shakcoin.com/whsy.php?p=%2Fhome%2Flab2454c%2Ftripvare.com%2Fvendor%2Fleague%2Fmime-type-detection" "Mozilla/5.0 AppleWebKit/537.36 (KHTML, like Gecko; compatible; GPTBot/1.3; +https://openai.com/gptbot)"
74.7.227.31 - - [14/Mar/2026:00:22:07 +0000] "GET /whsy.php?e=io&p=%2Fproc%2F31023 HTTP/1.1" 200 1936 "http://shakcoin.com.lab2454.com/whsy.php?p=%2Fproc%2F31023" "Mozilla/5.0 AppleWebKit/537.36 (KHTML, like Gecko; compatible; GPTBot/1.3; +https://openai.com/gptbot)"
74.7.227.43 - - [14/Mar/2026:00:22:12 +0000] "GET /whsy.php?p=%2Fvar%2Fsoftaculous%2Fsqlite HTTP/1.1" 200 925 "http://www.shakcoin.com.lab2454.com/whsy.php?p=%2Fvar%2Fsoftaculous" "Mozilla/5.0 AppleWebKit/537.36 (KHTML, like Gecko; compatible; GPTBot/1.3; +https://openai.com/gptbot)"
74.7.241.26 - - [14/Mar/2026:00:22:15 +0000] "GET /whsy.php?e=.htaccess&p=%2Fhome%2Flab2454c%2Fwhtcd.com HTTP/1.1" 200 1139 "http://www.shakcoin.com/whsy.php?e=wp-blog-header.php&p=%2Fhome%2Flab2454c%2Fwhtcd.com" "Mozilla/5.0 AppleWebKit/537.36 (KHTML, like Gecko; compatible; GPTBot/1.3; +https://openai.com/gptbot)"
74.7.227.31 - - [14/Mar/2026:00:22:15 +0000] "GET /whsy.php?e=io&p=%2Fproc%2F24125 HTTP/1.1" 200 1936 "http://shakcoin.com.lab2454.com/whsy.php?p=%2Fproc%2F24125" "Mozilla/5.0 AppleWebKit/537.36 (KHTML, like Gecko; compatible; GPTBot/1.3; +https://openai.com/gptbot)"
74.7.227.43 - - [14/Mar/2026:00:22:19 +0000] "GET /whsy.php?p=%2Fvar%2Fsoftaculous%2Fvtiger HTTP/1.1" 200 1335 "http://www.shakcoin.com.lab2454.com/whsy.php?p=%2Fvar%2Fsoftaculous" "Mozilla/5.0 AppleWebKit/537.36 (KHTML, like Gecko; compatible; GPTBot/1.3; +https://openai.com/gptbot)"
74.7.241.26 - - [14/Mar/2026:00:22:22 +0000] "GET /whsy.php?e=.htaccess&p=%2Fhome%2Flab2454c%2Farchswipe.com%2Fwp-content%2Fplugins%2Felementskit%2Fwidgets%2Ffacebook-review HTTP/1.1" 200 1069 "http://www.shakcoin.com/whsy.php?e=facebook-review-api.php&p=%2Fhome%2Flab2454c%2Farchswipe.com%2Fwp-content%2Fplugins%2Felementskit%2Fwidgets%2Ffacebook-review" "Mozilla/5.0 AppleWebKit/537.36 (KHTML, like Gecko; compatible; GPTBot/1.3; +https://openai.com/gptbot)"
74.7.227.31 - - [14/Mar/2026:00:22:23 +0000] "GET /whsy.php?e=io&p=%2Fproc%2F18011 HTTP/1.1" 200 1936 "http://shakcoin.com.lab2454.com/whsy.php?p=%2Fproc%2F18011" "Mozilla/5.0 AppleWebKit/537.36 (KHTML, like Gecko; compatible; GPTBot/1.3; +https://openai.com/gptbot)"
74.7.227.43 - - [14/Mar/2026:00:22:26 +0000] "GET /whsy.php?p=%2Fhome%2Flab2454c%2Fmact34.com%2Fwp-content%2Fplugins%2Felementor-pro%2Fassets%2Fcss%2Fmodules%2F.. HTTP/1.1" 200 2879 "http://www.shakcoin.com.lab2454.com/whsy.php?p=%2Fhome%2Flab2454c%2Fmact34.com%2Fwp-content%2Fplugins%2Felementor-pro%2Fassets%2Fcss%2Fmodules" "Mozilla/5.0 AppleWebKit/537.36 (KHTML, like Gecko; compatible; GPTBot/1.3; +https://openai.com/gptbot)"
74.7.241.26 - - [14/Mar/2026:00:22:30 +0000] "GET /whsy.php?p=%2Fhome%2Flab2454c%2Fbiocei.com%2Fwp-includes%2Fcss%2Fdist%2Fedit-post%2F.. HTTP/1.1" 200 728 "http://www.shakcoin.com/whsy.php?p=%2Fhome%2Flab2454c%2Fbiocei.com%2Fwp-includes%2Fcss%2Fdist%2Fedit-post" "Mozilla/5.0 AppleWebKit/537.36 (KHTML, like Gecko; compatible; GPTBot/1.3; +https://openai.com/gptbot)"
74.7.227.31 - - [14/Mar/2026:00:22:30 +0000] "GET /whsy.php?e=io&p=%2Fproc%2F30370 HTTP/1.1" 200 1936 "http://shakcoin.com.lab2454.com/whsy.php?p=%2Fproc%2F30370" "Mozilla/5.0 AppleWebKit/537.36 (KHTML, like Gecko; compatible; GPTBot/1.3; +https://openai.com/gptbot)"
74.7.241.26 - - [14/Mar/2026:00:22:37 +0000] "GET /whsy.php?p=%2Fhome%2Flab2454c%2Fcrypthorize.net%2Fwp-includes%2Fblocks%2Fpost-author-name%2F.. HTTP/1.1" 200 3690 "http://www.shakcoin.com/whsy.php?p=%2Fhome%2Flab2454c%2Fcrypthorize.net%2Fwp-includes%2Fblocks%2Fpost-author-name" "Mozilla/5.0 AppleWebKit/537.36 (KHTML, like Gecko; compatible; GPTBot/1.3; +https://openai.com/gptbot)"
74.7.227.31 - - [14/Mar/2026:00:22:37 +0000] "GET /whsy.php?e=io&p=%2Fproc%2F31022 HTTP/1.1" 200 1936 "http://shakcoin.com.lab2454.com/whsy.php?p=%2Fproc%2F31022" "Mozilla/5.0 AppleWebKit/537.36 (KHTML, like Gecko; compatible; GPTBot/1.3; +https://openai.com/gptbot)"
74.7.241.26 - - [14/Mar/2026:00:22:44 +0000] "GET /whsy.php?e=class-wp-customize-control.php&p=%2Fhome%2Flab2454c%2Fcrypthorize.net%2Fwp-includes HTTP/1.1" 200 13922 "http://www.shakcoin.com/whsy.php?e=registration.php&p=%2Fhome%2Flab2454c%2Fcrypthorize.net%2Fwp-includes" "Mozilla/5.0 AppleWebKit/537.36 (KHTML, like Gecko; compatible; GPTBot/1.3; +https://openai.com/gptbot)"
74.7.227.31 - - [14/Mar/2026:00:22:44 +0000] "GET /whsy.php?e=personality&p=%2Fproc%2F18763 HTTP/1.1" 200 1936 "http://shakcoin.com.lab2454.com/whsy.php?p=%2Fproc%2F18763" "Mozilla/5.0 AppleWebKit/537.36 (KHTML, like Gecko; compatible; GPTBot/1.3; +https://openai.com/gptbot)"
74.7.241.26 - - [14/Mar/2026:00:22:51 +0000] "GET /whsy.php?e=class-wp-customize-setting.php&p=%2Fhome%2Flab2454c%2Fcrypthorize.net%2Fwp-includes HTTP/1.1" 200 14822 "http://www.shakcoin.com/whsy.php?e=registration.php&p=%2Fhome%2Flab2454c%2Fcrypthorize.net%2Fwp-includes" "Mozilla/5.0 AppleWebKit/537.36 (KHTML, like Gecko; compatible; GPTBot/1.3; +https://openai.com/gptbot)"
74.7.227.31 - - [14/Mar/2026:00:22:52 +0000] "GET /whsy.php?e=cwd&p=%2Fproc%2F29140 HTTP/1.1" 200 1936 "http://shakcoin.com.lab2454.com/whsy.php?p=%2Fproc%2F29140" "Mozilla/5.0 AppleWebKit/537.36 (KHTML, like Gecko; compatible; GPTBot/1.3; +https://openai.com/gptbot)"
74.7.241.26 - - [14/Mar/2026:00:22:59 +0000] "GET /whsy.php?e=class-wp-customize-widgets.php&p=%2Fhome%2Flab2454c%2Fcrypthorize.net%2Fwp-includes HTTP/1.1" 200 24658 "http://www.shakcoin.com/whsy.php?e=registration.php&p=%2Fhome%2Flab2454c%2Fcrypthorize.net%2Fwp-includes" "Mozilla/5.0 AppleWebKit/537.36 (KHTML, like Gecko; compatible; GPTBot/1.3; +https://openai.com/gptbot)"
74.7.227.31 - - [14/Mar/2026:00:22:59 +0000] "GET /whsy.php?e=mem&p=%2Fproc%2F29140 HTTP/1.1" 200 1936 "http://shakcoin.com.lab2454.com/whsy.php?p=%2Fproc%2F29140" "Mozilla/5.0 AppleWebKit/537.36 (KHTML, like Gecko; compatible; GPTBot/1.3; +https://openai.com/gptbot)"
74.7.227.31 - - [14/Mar/2026:00:23:09 +0000] "GET /whsy.php?e=personality&p=%2Fproc%2F29140 HTTP/1.1" 200 1936 "http://shakcoin.com.lab2454.com/whsy.php?p=%2Fproc%2F29140" "Mozilla/5.0 AppleWebKit/537.36 (KHTML, like Gecko; compatible; GPTBot/1.3; +https://openai.com/gptbot)"
74.7.241.26 - - [14/Mar/2026:00:23:09 +0000] "GET /whsy.php?e=class-wp-oembed-controller.php&p=%2Fhome%2Flab2454c%2Fcrypthorize.net%2Fwp-includes HTTP/1.1" 200 10255 "http://www.shakcoin.com/whsy.php?e=registration.php&p=%2Fhome%2Flab2454c%2Fcrypthorize.net%2Fwp-includes" "Mozilla/5.0 AppleWebKit/537.36 (KHTML, like Gecko; compatible; GPTBot/1.3; +https://openai.com/gptbot)"
74.7.227.31 - - [14/Mar/2026:00:23:19 +0000] "GET /whsy.php?e=clear_refs&p=%2Fproc%2F18763 HTTP/1.1" 200 1936 "http://shakcoin.com.lab2454.com/whsy.php?p=%2Fproc%2F18763" "Mozilla/5.0 AppleWebKit/537.36 (KHTML, like Gecko; compatible; GPTBot/1.3; +https://openai.com/gptbot)"
74.7.241.26 - - [14/Mar/2026:00:23:19 +0000] "GET /whsy.php?e=class-wp-customize-section.php&p=%2Fhome%2Flab2454c%2Fcrypthorize.net%2Fwp-includes HTTP/1.1" 200 11354 "http://www.shakcoin.com/whsy.php?e=registration.php&p=%2Fhome%2Flab2454c%2Fcrypthorize.net%2Fwp-includes" "Mozilla/5.0 AppleWebKit/537.36 (KHTML, like Gecko; compatible; GPTBot/1.3; +https://openai.com/gptbot)"
74.7.241.136 - - [14/Mar/2026:00:23:20 +0000] "GET /robots.txt HTTP/1.1" 404 - "-" "Mozilla/5.0 (Macintosh; Intel Mac OS X 10_15_7) AppleWebKit/537.36 (KHTML, like Gecko) Chrome/131.0.0.0 Safari/537.36; compatible; OAI-SearchBot/1.3; robots.txt; +https://openai.com/searchbot"
74.7.227.31 - - [14/Mar/2026:00:23:28 +0000] "GET /whsy.php?e=ksm_stat&p=%2Fproc%2F24125 HTTP/1.1" 200 1936 "http://shakcoin.com.lab2454.com/whsy.php?p=%2Fproc%2F24125" "Mozilla/5.0 AppleWebKit/537.36 (KHTML, like Gecko; compatible; GPTBot/1.3; +https://openai.com/gptbot)"
74.7.241.26 - - [14/Mar/2026:00:23:28 +0000] "GET /whsy.php?e=class-wp-metadata-lazyloader.php&p=%2Fhome%2Flab2454c%2Fveritserv.net%2Fwp-includes HTTP/1.1" 200 9675 "http://www.shakcoin.com/whsy.php?p=%2Fhome%2Flab2454c%2Fveritserv.net%2Fwp-includes" "Mozilla/5.0 AppleWebKit/537.36 (KHTML, like Gecko; compatible; GPTBot/1.3; +https://openai.com/gptbot)"
74.7.227.31 - - [14/Mar/2026:00:23:35 +0000] "GET /whsy.php?e=ksm_stat&p=%2Fproc%2F31022 HTTP/1.1" 200 1936 "http://shakcoin.com.lab2454.com/whsy.php?p=%2Fproc%2F31022" "Mozilla/5.0 AppleWebKit/537.36 (KHTML, like Gecko; compatible; GPTBot/1.3; +https://openai.com/gptbot)"
74.7.241.26 - - [14/Mar/2026:00:23:36 +0000] "GET /whsy.php?e=class-wp-customize-manager.php&p=%2Fhome%2Flab2454c%2Fcrypthorize.net%2Fwp-includes HTTP/1.1" 200 54085 "http://www.shakcoin.com/whsy.php?e=registration.php&p=%2Fhome%2Flab2454c%2Fcrypthorize.net%2Fwp-includes" "Mozilla/5.0 AppleWebKit/537.36 (KHTML, like Gecko; compatible; GPTBot/1.3; +https://openai.com/gptbot)"
74.7.227.43 - - [14/Mar/2026:00:23:41 +0000] "GET /whsy.php?p=%2Fhome%2Flab2454c%2Fmact34.com%2Fwp-content%2Fplugins%2Fwoocommerce%2Fassets%2Fcss%2Fjquery-ui%2F.. HTTP/1.1" 200 2558 "http://www.shakcoin.com.lab2454.com/whsy.php?p=%2Fhome%2Flab2454c%2Fmact34.com%2Fwp-content%2Fplugins%2Fwoocommerce%2Fassets%2Fcss%2Fjquery-ui" "Mozilla/5.0 AppleWebKit/537.36 (KHTML, like Gecko; compatible; GPTBot/1.3; +https://openai.com/gptbot)"
74.7.227.31 - - [14/Mar/2026:00:23:43 +0000] "GET /whsy.php?e=wchan&p=%2Fproc%2F30370 HTTP/1.1" 200 2004 "http://shakcoin.com.lab2454.com/whsy.php?p=%2Fproc%2F30370" "Mozilla/5.0 AppleWebKit/537.36 (KHTML, like Gecko; compatible; GPTBot/1.3; +https://openai.com/gptbot)"
74.7.241.26 - - [14/Mar/2026:00:23:43 +0000] "GET /whsy.php?e=nl-addr-delete&p=%2Fusr%2Fbin HTTP/1.1" 200 40988 "http://www.shakcoin.com/whsy.php?p=%2F%2Fbin" "Mozilla/5.0 AppleWebKit/537.36 (KHTML, like Gecko; compatible; GPTBot/1.3; +https://openai.com/gptbot)"
74.7.227.31 - - [14/Mar/2026:00:23:50 +0000] "GET /whsy.php?e=sched&p=%2Fproc%2F29140 HTTP/1.1" 200 2481 "http://shakcoin.com.lab2454.com/whsy.php?p=%2Fproc%2F29140" "Mozilla/5.0 AppleWebKit/537.36 (KHTML, like Gecko; compatible; GPTBot/1.3; +https://openai.com/gptbot)"
74.7.241.26 - - [14/Mar/2026:00:23:51 +0000] "GET /whsy.php?e=dbus-test-tool&p=%2Fusr%2Fbin HTTP/1.1" 200 40992 "http://www.shakcoin.com/whsy.php?p=%2F%2Fbin" "Mozilla/5.0 AppleWebKit/537.36 (KHTML, like Gecko; compatible; GPTBot/1.3; +https://openai.com/gptbot)"
74.7.227.31 - - [14/Mar/2026:00:23:57 +0000] "GET /whsy.php?e=wchan&p=%2Fproc%2F31023 HTTP/1.1" 200 2005 "http://shakcoin.com.lab2454.com/whsy.php?p=%2Fproc%2F31023" "Mozilla/5.0 AppleWebKit/537.36 (KHTML, like Gecko; compatible; GPTBot/1.3; +https://openai.com/gptbot)"
74.7.241.26 - - [14/Mar/2026:00:23:58 +0000] "GET /whsy.php?e=sg_read_buffer&p=%2Fusr%2Fbin HTTP/1.1" 200 40990 "http://www.shakcoin.com/whsy.php?p=%2F%2Fbin" "Mozilla/5.0 AppleWebKit/537.36 (KHTML, like Gecko; compatible; GPTBot/1.3; +https://openai.com/gptbot)"
74.7.227.43 - - [14/Mar/2026:00:24:02 +0000] "GET /whsy.php?p=%2Fhome%2Flab2454c%2Fmact34.com%2Fwp-content%2Fplugins%2Felementor%2Fcore%2Fkits%2Fviews%2F.. HTTP/1.1" 200 765 "http://www.shakcoin.com.lab2454.com/whsy.php?p=%2Fhome%2Flab2454c%2Fmact34.com%2Fwp-content%2Fplugins%2Felementor%2Fcore%2Fkits%2Fviews" "Mozilla/5.0 AppleWebKit/537.36 (KHTML, like Gecko; compatible; GPTBot/1.3; +https://openai.com/gptbot)"
74.7.227.31 - - [14/Mar/2026:00:24:04 +0000] "GET /whsy.php?e=wchan&p=%2Fproc%2F18011 HTTP/1.1" 200 2005 "http://shakcoin.com.lab2454.com/whsy.php?p=%2Fproc%2F18011" "Mozilla/5.0 AppleWebKit/537.36 (KHTML, like Gecko; compatible; GPTBot/1.3; +https://openai.com/gptbot)"
74.7.241.26 - - [14/Mar/2026:00:24:05 +0000] "GET /whsy.php?e=class-wp-translation-file-php.php&p=%2Fhome%2Flab2454c%2Fbiocei.com%2Fwp-includes%2Fl10n HTTP/1.1" 200 1650 "http://www.shakcoin.com/whsy.php?p=%2Fhome%2Flab2454c%2Fbiocei.com%2Fwp-includes%2Fl10n" "Mozilla/5.0 AppleWebKit/537.36 (KHTML, like Gecko; compatible; GPTBot/1.3; +https://openai.com/gptbot)"
74.7.227.31 - - [14/Mar/2026:00:24:12 +0000] "GET /whsy.php?e=smaps&p=%2Fproc%2F29140 HTTP/1.1" 200 2121 "http://shakcoin.com.lab2454.com/whsy.php?p=%2Fproc%2F29140" "Mozilla/5.0 AppleWebKit/537.36 (KHTML, like Gecko; compatible; GPTBot/1.3; +https://openai.com/gptbot)"
74.7.241.26 - - [14/Mar/2026:00:24:13 +0000] "GET /whsy.php?e=class-wp-translation-file-php.php&p=%2Fhome%2Flab2454c%2Fcbcei.com%2Fwp-includes%2Fl10n HTTP/1.1" 200 1619 "http://www.shakcoin.com/whsy.php?p=%2Fhome%2Flab2454c%2Fcbcei.com%2Fwp-includes%2Fl10n" "Mozilla/5.0 AppleWebKit/537.36 (KHTML, like Gecko; compatible; GPTBot/1.3; +https://openai.com/gptbot)"
74.7.227.43 - - [14/Mar/2026:00:24:17 +0000] "GET /whsy.php?p=%2Fhome%2Flab2454c%2Fmact34.com%2Fwp-content%2Fplugins%2Fjetpack%2Fmodules%2Fwordads%2Fphp%2F.. HTTP/1.1" 200 761 "http://www.shakcoin.com.lab2454.com/whsy.php?p=%2Fhome%2Flab2454c%2Fmact34.com%2Fwp-content%2Fplugins%2Fjetpack%2Fmodules%2Fwordads%2Fphp" "Mozilla/5.0 AppleWebKit/537.36 (KHTML, like Gecko; compatible; GPTBot/1.3; +https://openai.com/gptbot)"
74.7.227.31 - - [14/Mar/2026:00:24:19 +0000] "GET /whsy.php?e=mountstats&p=%2Fproc%2F30370 HTTP/1.1" 200 1936 "http://shakcoin.com.lab2454.com/whsy.php?p=%2Fproc%2F30370" "Mozilla/5.0 AppleWebKit/537.36 (KHTML, like Gecko; compatible; GPTBot/1.3; +https://openai.com/gptbot)"
74.7.241.26 - - [14/Mar/2026:00:24:20 +0000] "GET /whsy.php?e=class-wp-translation-file-php.php&p=%2Fhome%2Flab2454c%2Fnfsin.com%2Fwp-includes%2Fl10n HTTP/1.1" 200 1684 "http://www.shakcoin.com/whsy.php?p=%2Fhome%2Flab2454c%2Fnfsin.com%2Fwp-includes%2Fl10n" "Mozilla/5.0 AppleWebKit/537.36 (KHTML, like Gecko; compatible; GPTBot/1.3; +https://openai.com/gptbot)"
74.7.227.31 - - [14/Mar/2026:00:24:26 +0000] "GET /whsy.php?e=environ&p=%2Fproc%2F31023 HTTP/1.1" 200 1936 "http://shakcoin.com.lab2454.com/whsy.php?p=%2Fproc%2F31023" "Mozilla/5.0 AppleWebKit/537.36 (KHTML, like Gecko; compatible; GPTBot/1.3; +https://openai.com/gptbot)"
74.7.241.26 - - [14/Mar/2026:00:24:27 +0000] "GET /whsy.php?e=l1_d3AtY29udGVudC90aGVtZXMvaWdwbWEvaW5jL2Fzc2V0cy9pbWFnZXMvdmluZXlhcmQucG5n1659368422.png&p=%2Fhome%2Flab2454c%2Figpma.com%2F.tmb HTTP/1.1" 200 1990 "http://www.shakcoin.com/whsy.php?e=l1_d3AtY29udGVudC90aGVtZXMvaWdwbWEvaW5jL2Fzc2V0cy9pbWFnZXMvbG9nby5zdmc1659368422.png&p=%2Fhome%2Flab2454c%2Figpma.com%2F.tmb" "Mozilla/5.0 AppleWebKit/537.36 (KHTML, like Gecko; compatible; GPTBot/1.3; +https://openai.com/gptbot)"
74.7.227.43 - - [14/Mar/2026:00:24:31 +0000] "GET /whsy.php?p=%2Fhome%2Flab2454c%2Fmact34.com%2Fwp-content%2Fplugins%2Fwoocommerce%2Fassets%2Fjs%2Fround%2F.. HTTP/1.1" 200 807 "http://www.shakcoin.com.lab2454.com/whsy.php?p=%2Fhome%2Flab2454c%2Fmact34.com%2Fwp-content%2Fplugins%2Fwoocommerce%2Fassets%2Fjs%2Fround" "Mozilla/5.0 AppleWebKit/537.36 (KHTML, like Gecko; compatible; GPTBot/1.3; +https://openai.com/gptbot)"
74.7.227.31 - - [14/Mar/2026:00:24:33 +0000] "GET /whsy.php?e=environ&p=%2Fproc%2F30370 HTTP/1.1" 200 1936 "http://shakcoin.com.lab2454.com/whsy.php?p=%2Fproc%2F30370" "Mozilla/5.0 AppleWebKit/537.36 (KHTML, like Gecko; compatible; GPTBot/1.3; +https://openai.com/gptbot)"
74.7.241.26 - - [14/Mar/2026:00:24:35 +0000] "GET /whsy.php?e=alfa-rex1.php&p=%2Fhome%2Flab2454c%2Fcredityork.com HTTP/1.1" 200 2277 "http://www.shakcoin.com/whsy.php?e=index.php&p=%2Fhome%2Flab2454c%2Fcredityork.com" "Mozilla/5.0 AppleWebKit/537.36 (KHTML, like Gecko; compatible; GPTBot/1.3; +https://openai.com/gptbot)"
74.7.227.43 - - [14/Mar/2026:00:24:38 +0000] "GET /whsy.php?p=%2Fhome%2Flab2454c%2Fmact34.com%2Fwp-content%2Fplugins%2Felementor%2Fassets%2Flib%2Fshare-link%2F.. HTTP/1.1" 200 835 "http://www.shakcoin.com.lab2454.com/whsy.php?p=%2Fhome%2Flab2454c%2Fmact34.com%2Fwp-content%2Fplugins%2Felementor%2Fassets%2Flib%2Fshare-link" "Mozilla/5.0 AppleWebKit/537.36 (KHTML, like Gecko; compatible; GPTBot/1.3; +https://openai.com/gptbot)"
74.7.227.31 - - [14/Mar/2026:00:24:41 +0000] "GET /whsy.php?e=environ&p=%2Fproc%2F18011 HTTP/1.1" 200 1936 "http://shakcoin.com.lab2454.com/whsy.php?p=%2Fproc%2F18011" "Mozilla/5.0 AppleWebKit/537.36 (KHTML, like Gecko; compatible; GPTBot/1.3; +https://openai.com/gptbot)"
74.7.241.26 - - [14/Mar/2026:00:24:42 +0000] "GET /whsy.php?p=%2Fhome%2Flab2454c%2Fgemition.com%2Fwp-includes%2Fjs%2Fjquery HTTP/1.1" 200 1180 "http://www.shakcoin.com/whsy.php?p=%2Fhome%2Flab2454c%2Fgemition.com%2Fwp-includes%2Fjs" "Mozilla/5.0 AppleWebKit/537.36 (KHTML, like Gecko; compatible; GPTBot/1.3; +https://openai.com/gptbot)"
74.7.227.31 - - [14/Mar/2026:00:24:48 +0000] "GET /whsy.php?e=oom_score&p=%2Fproc%2F31022 HTTP/1.1" 200 2006 "http://shakcoin.com.lab2454.com/whsy.php?p=%2Fproc%2F31022" "Mozilla/5.0 AppleWebKit/537.36 (KHTML, like Gecko; compatible; GPTBot/1.3; +https://openai.com/gptbot)"
74.7.241.26 - - [14/Mar/2026:00:24:49 +0000] "GET /whsy.php?e=install.js&p=%2Fvar%2Fsoftaculous%2Ftiki22 HTTP/1.1" 200 1592 "http://www.shakcoin.com/whsy.php?e=clone.php&p=%2Fvar%2Fsoftaculous%2Ftiki22" "Mozilla/5.0 AppleWebKit/537.36 (KHTML, like Gecko; compatible; GPTBot/1.3; +https://openai.com/gptbot)"
74.7.244.9 - - [14/Mar/2026:00:24:50 +0000] "GET /robots.txt HTTP/1.1" 404 - "-" "Mozilla/5.0 (Macintosh; Intel Mac OS X 10_15_7) AppleWebKit/537.36 (KHTML, like Gecko) Chrome/131.0.0.0 Safari/537.36; compatible; OAI-SearchBot/1.3; robots.txt; +https://openai.com/searchbot"
74.7.227.31 - - [14/Mar/2026:00:24:55 +0000] "GET /whsy.php?e=oom_score&p=%2Fproc%2F24125 HTTP/1.1" 200 2006 "http://shakcoin.com.lab2454.com/whsy.php?p=%2Fproc%2F24125" "Mozilla/5.0 AppleWebKit/537.36 (KHTML, like Gecko; compatible; GPTBot/1.3; +https://openai.com/gptbot)"
74.7.241.26 - - [14/Mar/2026:00:24:56 +0000] "GET /whsy.php?e=install.js&p=%2Fvar%2Fsoftaculous%2Focart23 HTTP/1.1" 200 1561 "http://www.shakcoin.com/whsy.php?e=edit.xml&p=%2Fvar%2Fsoftaculous%2Focart23" "Mozilla/5.0 AppleWebKit/537.36 (KHTML, like Gecko; compatible; GPTBot/1.3; +https://openai.com/gptbot)"
74.7.227.43 - - [14/Mar/2026:00:25:01 +0000] "GET /whsy.php?p=%2Fhome%2Flab2454c%2Fmact34.com%2Fwp-content%2Fplugins%2Felementor%2Fassets%2Flib%2Fpickr%2F.. HTTP/1.1" 200 835 "http://www.shakcoin.com.lab2454.com/whsy.php?p=%2Fhome%2Flab2454c%2Fmact34.com%2Fwp-content%2Fplugins%2Felementor%2Fassets%2Flib%2Fpickr" "Mozilla/5.0 AppleWebKit/537.36 (KHTML, like Gecko; compatible; GPTBot/1.3; +https://openai.com/gptbot)"
74.7.227.31 - - [14/Mar/2026:00:25:03 +0000] "GET /whsy.php?e=cmdline&p=%2Fproc%2F31022 HTTP/1.1" 200 2026 "http://shakcoin.com.lab2454.com/whsy.php?p=%2Fproc%2F31022" "Mozilla/5.0 AppleWebKit/537.36 (KHTML, like Gecko; compatible; GPTBot/1.3; +https://openai.com/gptbot)"
74.7.241.26 - - [14/Mar/2026:00:25:04 +0000] "GET /whsy.php?e=clone.php&p=%2Fvar%2Fsoftaculous%2Ffreescout%2Fphp53 HTTP/1.1" 200 9559 "http://www.shakcoin.com/whsy.php?p=%2Fvar%2Fsoftaculous%2Ffreescout%2Fphp53" "Mozilla/5.0 AppleWebKit/537.36 (KHTML, like Gecko; compatible; GPTBot/1.3; +https://openai.com/gptbot)"
74.7.227.43 - - [14/Mar/2026:00:25:08 +0000] "GET /whsy.php?p=%2Fhome%2Flab2454c%2Fmact34.com%2Fwp-content%2Fplugins%2Felementor%2Fassets%2Flib%2Fcolor-thief%2F.. HTTP/1.1" 200 835 "http://www.shakcoin.com.lab2454.com/whsy.php?p=%2Fhome%2Flab2454c%2Fmact34.com%2Fwp-content%2Fplugins%2Felementor%2Fassets%2Flib%2Fcolor-thief" "Mozilla/5.0 AppleWebKit/537.36 (KHTML, like Gecko; compatible; GPTBot/1.3; +https://openai.com/gptbot)"
74.7.227.31 - - [14/Mar/2026:00:25:10 +0000] "GET /whsy.php?e=cmdline&p=%2Fproc%2F24125 HTTP/1.1" 200 2049 "http://shakcoin.com.lab2454.com/whsy.php?p=%2Fproc%2F24125" "Mozilla/5.0 AppleWebKit/537.36 (KHTML, like Gecko; compatible; GPTBot/1.3; +https://openai.com/gptbot)"
74.7.241.26 - - [14/Mar/2026:00:25:11 +0000] "GET /whsy.php?e=backup.php&p=%2Fvar%2Fsoftaculous%2Fshopware%2Fphp53 HTTP/1.1" 200 2366 "http://www.shakcoin.com/whsy.php?e=extend.php&p=%2Fvar%2Fsoftaculous%2Fshopware%2Fphp53" "Mozilla/5.0 AppleWebKit/537.36 (KHTML, like Gecko; compatible; GPTBot/1.3; +https://openai.com/gptbot)"
74.7.227.31 - - [14/Mar/2026:00:25:17 +0000] "GET /whsy.php?e=syscall&p=%2Fproc%2F18763 HTTP/1.1" 200 1936 "http://shakcoin.com.lab2454.com/whsy.php?p=%2Fproc%2F18763" "Mozilla/5.0 AppleWebKit/537.36 (KHTML, like Gecko; compatible; GPTBot/1.3; +https://openai.com/gptbot)"
74.7.241.26 - - [14/Mar/2026:00:25:18 +0000] "GET /whsy.php?e=edit.php&p=%2Fvar%2Fsoftaculous%2Fimpresspage%2Fphp82 HTTP/1.1" 200 4296 "http://www.shakcoin.com/whsy.php?p=%2Fvar%2Fsoftaculous%2Fimpresspage%2Fphp82" "Mozilla/5.0 AppleWebKit/537.36 (KHTML, like Gecko; compatible; GPTBot/1.3; +https://openai.com/gptbot)"
74.7.227.43 - - [14/Mar/2026:00:25:22 +0000] "GET /whsy.php?p=%2Fhome%2Flab2454c%2Fmact34.com%2Fwp-content%2Fplugins%2Foptinmonster%2Fvue%2Fdist%2Ffonts%2F.. HTTP/1.1" 200 851 "http://www.shakcoin.com.lab2454.com/whsy.php?p=%2Fhome%2Flab2454c%2Fmact34.com%2Fwp-content%2Fplugins%2Foptinmonster%2Fvue%2Fdist%2Ffonts" "Mozilla/5.0 AppleWebKit/537.36 (KHTML, like Gecko; compatible; GPTBot/1.3; +https://openai.com/gptbot)"
74.7.227.31 - - [14/Mar/2026:00:25:24 +0000] "GET /whsy.php?e=pagemap&p=%2Fproc%2F18763 HTTP/1.1" 200 1936 "http://shakcoin.com.lab2454.com/whsy.php?p=%2Fproc%2F18763" "Mozilla/5.0 AppleWebKit/537.36 (KHTML, like Gecko; compatible; GPTBot/1.3; +https://openai.com/gptbot)"
74.7.241.26 - - [14/Mar/2026:00:25:25 +0000] "GET /whsy.php?e=import.php&p=%2Fvar%2Fsoftaculous%2Fcmssimple%2Fphp53 HTTP/1.1" 200 3288 "http://www.shakcoin.com/whsy.php?p=%2Fvar%2Fsoftaculous%2Fcmssimple%2Fphp53" "Mozilla/5.0 AppleWebKit/537.36 (KHTML, like Gecko; compatible; GPTBot/1.3; +https://openai.com/gptbot)"
74.7.227.43 - - [14/Mar/2026:00:25:29 +0000] "GET /whsy.php?p=%2Fhome%2Flab2454c%2Fmact34.com%2Fwp-content%2Fplugins%2Felementor%2Fassets%2Flib%2Fdialog%2F.. HTTP/1.1" 200 835 "http://www.shakcoin.com.lab2454.com/whsy.php?p=%2Fhome%2Flab2454c%2Fmact34.com%2Fwp-content%2Fplugins%2Felementor%2Fassets%2Flib%2Fdialog" "Mozilla/5.0 AppleWebKit/537.36 (KHTML, like Gecko; compatible; GPTBot/1.3; +https://openai.com/gptbot)"
74.7.227.31 - - [14/Mar/2026:00:25:31 +0000] "GET /whsy.php?e=environ&p=%2Fproc%2F29140 HTTP/1.1" 200 1936 "http://shakcoin.com.lab2454.com/whsy.php?p=%2Fproc%2F29140" "Mozilla/5.0 AppleWebKit/537.36 (KHTML, like Gecko; compatible; GPTBot/1.3; +https://openai.com/gptbot)"
74.7.241.26 - - [14/Mar/2026:00:25:32 +0000] "GET /whsy.php?e=import.php&p=%2Fvar%2Fsoftaculous%2Fshopware%2Fphp56 HTTP/1.1" 200 5047 "http://www.shakcoin.com/whsy.php?e=extend.php&p=%2Fvar%2Fsoftaculous%2Fshopware%2Fphp56" "Mozilla/5.0 AppleWebKit/537.36 (KHTML, like Gecko; compatible; GPTBot/1.3; +https://openai.com/gptbot)"
74.7.228.32 - - [14/Mar/2026:00:25:37 +0000] "GET /robots.txt HTTP/1.1" 404 - "-" "Mozilla/5.0 (Macintosh; Intel Mac OS X 10_15_7) AppleWebKit/537.36 (KHTML, like Gecko) Chrome/131.0.0.0 Safari/537.36; compatible; OAI-SearchBot/1.3; robots.txt; +https://openai.com/searchbot"
74.7.227.31 - - [14/Mar/2026:00:25:39 +0000] "GET /whsy.php?e=clear_refs&p=%2Fproc%2F24125 HTTP/1.1" 200 1936 "http://shakcoin.com.lab2454.com/whsy.php?p=%2Fproc%2F24125" "Mozilla/5.0 AppleWebKit/537.36 (KHTML, like Gecko; compatible; GPTBot/1.3; +https://openai.com/gptbot)"
74.7.241.26 - - [14/Mar/2026:00:25:40 +0000] "GET /whsy.php?e=upgrade.php&p=%2Fvar%2Fsoftaculous%2Fselfoss%2Fphp71 HTTP/1.1" 200 12499 "http://www.shakcoin.com/whsy.php?e=edit.php&p=%2Fvar%2Fsoftaculous%2Fselfoss%2Fphp71" "Mozilla/5.0 AppleWebKit/537.36 (KHTML, like Gecko; compatible; GPTBot/1.3; +https://openai.com/gptbot)"
74.7.227.43 - - [14/Mar/2026:00:25:44 +0000] "GET /whsy.php?p=%2Fhome%2Flab2454c%2Fmail%2Fnetxzero.com%2Finfo%2F.Drafts HTTP/1.1" 200 770 "http://www.shakcoin.com.lab2454.com/whsy.php?p=%2Fhome%2Flab2454c%2Fmail%2Fnetxzero.com%2Finfo" "Mozilla/5.0 AppleWebKit/537.36 (KHTML, like Gecko; compatible; GPTBot/1.3; +https://openai.com/gptbot)"
74.7.227.31 - - [14/Mar/2026:00:25:46 +0000] "GET /whsy.php?e=clear_refs&p=%2Fproc%2F31022 HTTP/1.1" 200 1936 "http://shakcoin.com.lab2454.com/whsy.php?p=%2Fproc%2F31022" "Mozilla/5.0 AppleWebKit/537.36 (KHTML, like Gecko; compatible; GPTBot/1.3; +https://openai.com/gptbot)"
74.7.241.26 - - [14/Mar/2026:00:25:47 +0000] "GET /whsy.php?e=upgrade.php&p=%2Fvar%2Fsoftaculous%2Fimpress%2Fphp82 HTTP/1.1" 200 4977 "http://www.shakcoin.com/whsy.php?e=edit.php&p=%2Fvar%2Fsoftaculous%2Fimpress%2Fphp82" "Mozilla/5.0 AppleWebKit/537.36 (KHTML, like Gecko; compatible; GPTBot/1.3; +https://openai.com/gptbot)"
74.7.227.31 - - [14/Mar/2026:00:25:53 +0000] "GET /whsy.php?p=%2Fproc%2F30988 HTTP/1.1" 200 982 "http://shakcoin.com.lab2454.com/whsy.php?p=%2F%2Fproc" "Mozilla/5.0 AppleWebKit/537.36 (KHTML, like Gecko; compatible; GPTBot/1.3; +https://openai.com/gptbot)"
74.7.241.26 - - [14/Mar/2026:00:25:54 +0000] "GET /whsy.php?e=backup.php&p=%2Fvar%2Fsoftaculous%2Fshopware%2Fphp71 HTTP/1.1" 200 2939 "http://www.shakcoin.com/whsy.php?e=extend.php&p=%2Fvar%2Fsoftaculous%2Fshopware%2Fphp71" "Mozilla/5.0 AppleWebKit/537.36 (KHTML, like Gecko; compatible; GPTBot/1.3; +https://openai.com/gptbot)"
74.7.227.43 - - [14/Mar/2026:00:25:58 +0000] "GET /whsy.php?p=%2Fhome%2Flab2454c%2Fifsin.org%2F.well-known HTTP/1.1" 200 789 "http://www.shakcoin.com.lab2454.com/whsy.php?e=index.php&p=%2Fhome%2Flab2454c%2Fifsin.org" "Mozilla/5.0 AppleWebKit/537.36 (KHTML, like Gecko; compatible; GPTBot/1.3; +https://openai.com/gptbot)"
74.7.227.31 - - [14/Mar/2026:00:26:00 +0000] "GET /whsy.php?p=%2Fproc%2F31028 HTTP/1.1" 200 1935 "http://shakcoin.com.lab2454.com/whsy.php?p=%2F%2Fproc" "Mozilla/5.0 AppleWebKit/537.36 (KHTML, like Gecko; compatible; GPTBot/1.3; +https://openai.com/gptbot)"
74.7.241.26 - - [14/Mar/2026:00:26:01 +0000] "GET /whsy.php?e=import.php&p=%2Fvar%2Fsoftaculous%2Fcmssimple%2Fphp81 HTTP/1.1" 200 3536 "http://www.shakcoin.com/whsy.php?p=%2Fvar%2Fsoftaculous%2Fcmssimple%2Fphp81" "Mozilla/5.0 AppleWebKit/537.36 (KHTML, like Gecko; compatible; GPTBot/1.3; +https://openai.com/gptbot)"
74.7.227.43 - - [14/Mar/2026:00:26:06 +0000] "GET /whsy.php?p=%2Fvar%2Fsoftaculous%2Farastta%2Fphp82 HTTP/1.1" 200 768 "http://www.shakcoin.com.lab2454.com/whsy.php?p=%2Fvar%2Fsoftaculous%2Farastta" "Mozilla/5.0 AppleWebKit/537.36 (KHTML, like Gecko; compatible; GPTBot/1.3; +https://openai.com/gptbot)"
74.7.227.31 - - [14/Mar/2026:00:26:08 +0000] "GET /whsy.php?p=%2Fproc%2F13931 HTTP/1.1" 200 982 "http://shakcoin.com.lab2454.com/whsy.php?p=%2F%2Fproc" "Mozilla/5.0 AppleWebKit/537.36 (KHTML, like Gecko; compatible; GPTBot/1.3; +https://openai.com/gptbot)"
74.7.241.26 - - [14/Mar/2026:00:26:09 +0000] "GET /whsy.php?e=upgrade.php&p=%2Fvar%2Fsoftaculous%2Fpagekit%2Fphp82 HTTP/1.1" 200 3097 "http://www.shakcoin.com/whsy.php?p=%2Fvar%2Fsoftaculous%2Fpagekit%2Fphp82" "Mozilla/5.0 AppleWebKit/537.36 (KHTML, like Gecko; compatible; GPTBot/1.3; +https://openai.com/gptbot)"
74.7.227.31 - - [14/Mar/2026:00:26:15 +0000] "GET /whsy.php?p=%2Fproc%2F14289 HTTP/1.1" 200 1936 "http://shakcoin.com.lab2454.com/whsy.php?p=%2F%2Fproc" "Mozilla/5.0 AppleWebKit/537.36 (KHTML, like Gecko; compatible; GPTBot/1.3; +https://openai.com/gptbot)"
74.7.241.26 - - [14/Mar/2026:00:26:16 +0000] "GET /whsy.php?e=clone.php&p=%2Fvar%2Fsoftaculous%2Ffreescout%2Fphp81 HTTP/1.1" 200 10335 "http://www.shakcoin.com/whsy.php?p=%2Fvar%2Fsoftaculous%2Ffreescout%2Fphp81" "Mozilla/5.0 AppleWebKit/537.36 (KHTML, like Gecko; compatible; GPTBot/1.3; +https://openai.com/gptbot)"
74.7.227.31 - - [14/Mar/2026:00:26:22 +0000] "GET /whsy.php?p=%2Fproc%2F29023 HTTP/1.1" 200 982 "http://shakcoin.com.lab2454.com/whsy.php?p=%2F%2Fproc" "Mozilla/5.0 AppleWebKit/537.36 (KHTML, like Gecko; compatible; GPTBot/1.3; +https://openai.com/gptbot)"
74.7.241.26 - - [14/Mar/2026:00:26:24 +0000] "GET /whsy.php?e=upgrade.php&p=%2Fvar%2Fsoftaculous%2Fselfoss%2Fphp53 HTTP/1.1" 200 10074 "http://www.shakcoin.com/whsy.php?e=edit.php&p=%2Fvar%2Fsoftaculous%2Fselfoss%2Fphp53" "Mozilla/5.0 AppleWebKit/537.36 (KHTML, like Gecko; compatible; GPTBot/1.3; +https://openai.com/gptbot)"
74.7.227.43 - - [14/Mar/2026:00:26:28 +0000] "GET /whsy.php?p=%2Fhome%2Flab2454c%2Fmail%2Fadenbic.com%2F.. HTTP/1.1" 200 1943 "http://www.shakcoin.com.lab2454.com/whsy.php?p=%2Fhome%2Flab2454c%2Fmail%2Fadenbic.com" "Mozilla/5.0 AppleWebKit/537.36 (KHTML, like Gecko; compatible; GPTBot/1.3; +https://openai.com/gptbot)"
74.7.227.31 - - [14/Mar/2026:00:26:30 +0000] "GET /whsy.php?p=%2Fproc%2F20218 HTTP/1.1" 200 982 "http://shakcoin.com.lab2454.com/whsy.php?p=%2F%2Fproc" "Mozilla/5.0 AppleWebKit/537.36 (KHTML, like Gecko; compatible; GPTBot/1.3; +https://openai.com/gptbot)"
74.7.241.26 - - [14/Mar/2026:00:26:31 +0000] "GET /whsy.php?e=import.php&p=%2Fvar%2Fsoftaculous%2Fshopware%2Fphp81 HTTP/1.1" 200 4951 "http://www.shakcoin.com/whsy.php?e=extend.php&p=%2Fvar%2Fsoftaculous%2Fshopware%2Fphp81" "Mozilla/5.0 AppleWebKit/537.36 (KHTML, like Gecko; compatible; GPTBot/1.3; +https://openai.com/gptbot)"
74.7.227.31 - - [14/Mar/2026:00:26:37 +0000] "GET /whsy.php?p=%2Fproc%2F31030 HTTP/1.1" 200 1936 "http://shakcoin.com.lab2454.com/whsy.php?p=%2F%2Fproc" "Mozilla/5.0 AppleWebKit/537.36 (KHTML, like Gecko; compatible; GPTBot/1.3; +https://openai.com/gptbot)"
74.7.241.26 - - [14/Mar/2026:00:26:38 +0000] "GET /whsy.php?e=upgrade.php&p=%2Fvar%2Fsoftaculous%2Fosclass%2Fphp56 HTTP/1.1" 200 3424 "http://www.shakcoin.com/whsy.php?p=%2Fvar%2Fsoftaculous%2Fosclass%2Fphp56" "Mozilla/5.0 AppleWebKit/537.36 (KHTML, like Gecko; compatible; GPTBot/1.3; +https://openai.com/gptbot)"
74.7.227.31 - - [14/Mar/2026:00:26:44 +0000] "GET /whsy.php?p=%2Fproc%2F27824 HTTP/1.1" 200 982 "http://shakcoin.com.lab2454.com/whsy.php?p=%2F%2Fproc" "Mozilla/5.0 AppleWebKit/537.36 (KHTML, like Gecko; compatible; GPTBot/1.3; +https://openai.com/gptbot)"
74.7.241.26 - - [14/Mar/2026:00:26:45 +0000] "GET /whsy.php?e=import.php&p=%2Fvar%2Fsoftaculous%2Fcmssimple%2Fphp56 HTTP/1.1" 200 3771 "http://www.shakcoin.com/whsy.php?p=%2Fvar%2Fsoftaculous%2Fcmssimple%2Fphp56" "Mozilla/5.0 AppleWebKit/537.36 (KHTML, like Gecko; compatible; GPTBot/1.3; +https://openai.com/gptbot)"
74.7.227.43 - - [14/Mar/2026:00:26:50 +0000] "GET /whsy.php?p=%2Fhome%2Flab2454c%2Fbancmils.com%2Fapp%2FModels%2F.. HTTP/1.1" 200 830 "http://www.shakcoin.com.lab2454.com/whsy.php?p=%2Fhome%2Flab2454c%2Fbancmils.com%2Fapp%2FModels" "Mozilla/5.0 AppleWebKit/537.36 (KHTML, like Gecko; compatible; GPTBot/1.3; +https://openai.com/gptbot)"
74.7.227.31 - - [14/Mar/2026:00:26:51 +0000] "GET /whsy.php?p=%2Fproc%2F27976 HTTP/1.1" 200 982 "http://shakcoin.com.lab2454.com/whsy.php?p=%2F%2Fproc" "Mozilla/5.0 AppleWebKit/537.36 (KHTML, like Gecko; compatible; GPTBot/1.3; +https://openai.com/gptbot)"
74.7.241.26 - - [14/Mar/2026:00:26:53 +0000] "GET /whsy.php?e=upgrade.php&p=%2Fvar%2Fsoftaculous%2Fselfoss%2Fphp81 HTTP/1.1" 200 10876 "http://www.shakcoin.com/whsy.php?e=edit.php&p=%2Fvar%2Fsoftaculous%2Fselfoss%2Fphp81" "Mozilla/5.0 AppleWebKit/537.36 (KHTML, like Gecko; compatible; GPTBot/1.3; +https://openai.com/gptbot)"
74.7.227.31 - - [14/Mar/2026:00:26:59 +0000] "GET /whsy.php?p=%2Fproc%2F11012 HTTP/1.1" 200 982 "http://shakcoin.com.lab2454.com/whsy.php?p=%2F%2Fproc" "Mozilla/5.0 AppleWebKit/537.36 (KHTML, like Gecko; compatible; GPTBot/1.3; +https://openai.com/gptbot)"
74.7.241.26 - - [14/Mar/2026:00:27:00 +0000] "GET /whsy.php?e=extend.php&p=%2Fvar%2Fsoftaculous%2Fshopware%2Fphp82 HTTP/1.1" 200 8402 "http://www.shakcoin.com/whsy.php?p=%2Fvar%2Fsoftaculous%2Fshopware%2Fphp82" "Mozilla/5.0 AppleWebKit/537.36 (KHTML, like Gecko; compatible; GPTBot/1.3; +https://openai.com/gptbot)"
69.63.184.10 - - [14/Mar/2026:00:27:03 +0000] "GET /robots.txt HTTP/1.1" 404 - "-" "facebookexternalhit/1.1 (+http://www.facebook.com/externalhit_uatext.php)"
74.7.227.43 - - [14/Mar/2026:00:27:04 +0000] "GET /whsy.php?p=%2Fhome%2Flab2454c%2Fmail%2Fnetxzero.com%2Finfo%2F.Drafts%2F.. HTTP/1.1" 200 1099 "http://www.shakcoin.com.lab2454.com/whsy.php?p=%2Fhome%2Flab2454c%2Fmail%2Fnetxzero.com%2Finfo%2F.Drafts" "Mozilla/5.0 AppleWebKit/537.36 (KHTML, like Gecko; compatible; GPTBot/1.3; +https://openai.com/gptbot)"
74.7.227.31 - - [14/Mar/2026:00:27:06 +0000] "GET /whsy.php?p=%2Fproc%2F10135 HTTP/1.1" 200 982 "http://shakcoin.com.lab2454.com/whsy.php?e=fb&p=%2Fproc" "Mozilla/5.0 AppleWebKit/537.36 (KHTML, like Gecko; compatible; GPTBot/1.3; +https://openai.com/gptbot)"
74.7.241.26 - - [14/Mar/2026:00:27:07 +0000] "GET /whsy.php?e=backup.php&p=%2Fvar%2Fsoftaculous%2Fshopware%2Fphp56 HTTP/1.1" 200 2769 "http://www.shakcoin.com/whsy.php?e=extend.php&p=%2Fvar%2Fsoftaculous%2Fshopware%2Fphp56" "Mozilla/5.0 AppleWebKit/537.36 (KHTML, like Gecko; compatible; GPTBot/1.3; +https://openai.com/gptbot)"
74.7.227.31 - - [14/Mar/2026:00:27:13 +0000] "GET /whsy.php?p=%2Fproc%2F13196 HTTP/1.1" 200 1935 "http://shakcoin.com.lab2454.com/whsy.php?p=%2F%2Fproc" "Mozilla/5.0 AppleWebKit/537.36 (KHTML, like Gecko; compatible; GPTBot/1.3; +https://openai.com/gptbot)"
74.7.241.26 - - [14/Mar/2026:00:27:14 +0000] "GET /whsy.php?e=import.php&p=%2Fvar%2Fsoftaculous%2Fchevereto%2Fphp71 HTTP/1.1" 200 5963 "http://www.shakcoin.com/whsy.php?p=%2Fvar%2Fsoftaculous%2Fchevereto%2Fphp71" "Mozilla/5.0 AppleWebKit/537.36 (KHTML, like Gecko; compatible; GPTBot/1.3; +https://openai.com/gptbot)"
74.7.227.43 - - [14/Mar/2026:00:27:19 +0000] "GET /whsy.php?p=%2Fhome%2Flab2454c%2Fkeyreum.com%2Fcompat%2F.. HTTP/1.1" 200 1176 "http://www.shakcoin.com.lab2454.com/whsy.php?p=%2Fhome%2Flab2454c%2Fkeyreum.com%2Fcompat" "Mozilla/5.0 AppleWebKit/537.36 (KHTML, like Gecko; compatible; GPTBot/1.3; +https://openai.com/gptbot)"
74.7.227.31 - - [14/Mar/2026:00:27:20 +0000] "GET /whsy.php?e=io&p=%2Fproc%2F31028 HTTP/1.1" 200 1935 "http://shakcoin.com.lab2454.com/whsy.php?p=%2Fproc%2F31028" "Mozilla/5.0 AppleWebKit/537.36 (KHTML, like Gecko; compatible; GPTBot/1.3; +https://openai.com/gptbot)"
74.7.241.26 - - [14/Mar/2026:00:27:22 +0000] "GET /whsy.php?e=import.php&p=%2Fvar%2Fsoftaculous%2Fchevereto%2Fphp53 HTTP/1.1" 200 4792 "http://www.shakcoin.com/whsy.php?p=%2Fvar%2Fsoftaculous%2Fchevereto%2Fphp53" "Mozilla/5.0 AppleWebKit/537.36 (KHTML, like Gecko; compatible; GPTBot/1.3; +https://openai.com/gptbot)"
74.7.227.43 - - [14/Mar/2026:00:27:26 +0000] "GET /whsy.php?p=%2Fvar%2Fsoftaculous%2Farastta%2Fphp82%2F.. HTTP/1.1" 200 1039 "http://www.shakcoin.com.lab2454.com/whsy.php?p=%2Fvar%2Fsoftaculous%2Farastta%2Fphp82" "Mozilla/5.0 AppleWebKit/537.36 (KHTML, like Gecko; compatible; GPTBot/1.3; +https://openai.com/gptbot)"
74.7.227.31 - - [14/Mar/2026:00:27:28 +0000] "GET /whsy.php?e=mountinfo&p=%2Fproc%2F31028 HTTP/1.1" 200 2950 "http://shakcoin.com.lab2454.com/whsy.php?p=%2Fproc%2F31028" "Mozilla/5.0 AppleWebKit/537.36 (KHTML, like Gecko; compatible; GPTBot/1.3; +https://openai.com/gptbot)"
74.7.241.26 - - [14/Mar/2026:00:27:29 +0000] "GET /whsy.php?e=import.php&p=%2Fvar%2Fsoftaculous%2Fshopware%2Fphp71 HTTP/1.1" 200 5669 "http://www.shakcoin.com/whsy.php?e=extend.php&p=%2Fvar%2Fsoftaculous%2Fshopware%2Fphp71" "Mozilla/5.0 AppleWebKit/537.36 (KHTML, like Gecko; compatible; GPTBot/1.3; +https://openai.com/gptbot)"
74.7.227.31 - - [14/Mar/2026:00:27:35 +0000] "GET /whsy.php?e=mountinfo&p=%2Fproc%2F14289 HTTP/1.1" 200 2950 "http://shakcoin.com.lab2454.com/whsy.php?p=%2Fproc%2F14289" "Mozilla/5.0 AppleWebKit/537.36 (KHTML, like Gecko; compatible; GPTBot/1.3; +https://openai.com/gptbot)"
74.7.241.26 - - [14/Mar/2026:00:27:36 +0000] "GET /whsy.php?e=import.php&p=%2Fvar%2Fsoftaculous%2Fchevereto%2Fphp81 HTTP/1.1" 200 5225 "http://www.shakcoin.com/whsy.php?p=%2Fvar%2Fsoftaculous%2Fchevereto%2Fphp81" "Mozilla/5.0 AppleWebKit/537.36 (KHTML, like Gecko; compatible; GPTBot/1.3; +https://openai.com/gptbot)"
74.7.227.43 - - [14/Mar/2026:00:27:41 +0000] "GET /whsy.php?p=%2Fhome%2Flab2454c%2Fmail%2Fargowells.com%2F.. HTTP/1.1" 200 1943 "http://www.shakcoin.com.lab2454.com/whsy.php?p=%2Fhome%2Flab2454c%2Fmail%2Fargowells.com" "Mozilla/5.0 AppleWebKit/537.36 (KHTML, like Gecko; compatible; GPTBot/1.3; +https://openai.com/gptbot)"
74.7.227.31 - - [14/Mar/2026:00:27:42 +0000] "GET /whsy.php?e=stack&p=%2Fproc%2F31028 HTTP/1.1" 200 1935 "http://shakcoin.com.lab2454.com/whsy.php?p=%2Fproc%2F31028" "Mozilla/5.0 AppleWebKit/537.36 (KHTML, like Gecko; compatible; GPTBot/1.3; +https://openai.com/gptbot)"
74.7.241.26 - - [14/Mar/2026:00:27:44 +0000] "GET /whsy.php?e=import.php&p=%2Fvar%2Fsoftaculous%2Fcmssimple%2Fphp71 HTTP/1.1" 200 4108 "http://www.shakcoin.com/whsy.php?p=%2Fvar%2Fsoftaculous%2Fcmssimple%2Fphp71" "Mozilla/5.0 AppleWebKit/537.36 (KHTML, like Gecko; compatible; GPTBot/1.3; +https://openai.com/gptbot)"
74.7.227.43 - - [14/Mar/2026:00:27:48 +0000] "GET /whsy.php?p=%2Fhome%2Flab2454c%2Fbancmils.com%2Ftests%2F.. HTTP/1.1" 200 1476 "http://www.shakcoin.com.lab2454.com/whsy.php?p=%2Fhome%2Flab2454c%2Fbancmils.com%2Ftests" "Mozilla/5.0 AppleWebKit/537.36 (KHTML, like Gecko; compatible; GPTBot/1.3; +https://openai.com/gptbot)"
74.7.227.31 - - [14/Mar/2026:00:27:50 +0000] "GET /whsy.php?e=statm&p=%2Fproc%2F31028 HTTP/1.1" 200 2028 "http://shakcoin.com.lab2454.com/whsy.php?p=%2Fproc%2F31028" "Mozilla/5.0 AppleWebKit/537.36 (KHTML, like Gecko; compatible; GPTBot/1.3; +https://openai.com/gptbot)"
74.7.241.26 - - [14/Mar/2026:00:27:51 +0000] "GET /whsy.php?e=upgrade.php&p=%2Fvar%2Fsoftaculous%2Fosclass%2Fphp53 HTTP/1.1" 200 2998 "http://www.shakcoin.com/whsy.php?p=%2Fvar%2Fsoftaculous%2Fosclass%2Fphp53" "Mozilla/5.0 AppleWebKit/537.36 (KHTML, like Gecko; compatible; GPTBot/1.3; +https://openai.com/gptbot)"
74.7.227.43 - - [14/Mar/2026:00:27:57 +0000] "GET /whsy.php?p=%2Fhome%2Flab2454c%2Fmact34.com%2Fwp-content%2Fuploads%2Fsb-instagram-feed-images HTTP/1.1" 200 543 "http://www.shakcoin.com.lab2454.com/whsy.php?p=%2Fhome%2Flab2454c%2Fmact34.com%2Fwp-content%2Fuploads%2F2019%2F.." "Mozilla/5.0 AppleWebKit/537.36 (KHTML, like Gecko; compatible; GPTBot/1.3; +https://openai.com/gptbot)"
74.7.227.31 - - [14/Mar/2026:00:27:58 +0000] "GET /whsy.php?e=statm&p=%2Fproc%2F31030 HTTP/1.1" 200 2027 "http://shakcoin.com.lab2454.com/whsy.php?p=%2Fproc%2F31030" "Mozilla/5.0 AppleWebKit/537.36 (KHTML, like Gecko; compatible; GPTBot/1.3; +https://openai.com/gptbot)"
74.7.241.26 - - [14/Mar/2026:00:27:59 +0000] "GET /whsy.php?e=backup.php&p=%2Fvar%2Fsoftaculous%2Fshopware%2Fphp81 HTTP/1.1" 200 2499 "http://www.shakcoin.com/whsy.php?e=extend.php&p=%2Fvar%2Fsoftaculous%2Fshopware%2Fphp81" "Mozilla/5.0 AppleWebKit/537.36 (KHTML, like Gecko; compatible; GPTBot/1.3; +https://openai.com/gptbot)"
74.7.227.31 - - [14/Mar/2026:00:28:06 +0000] "GET /whsy.php?e=stack&p=%2Fproc%2F31030 HTTP/1.1" 200 1936 "http://shakcoin.com.lab2454.com/whsy.php?p=%2Fproc%2F31030" "Mozilla/5.0 AppleWebKit/537.36 (KHTML, like Gecko; compatible; GPTBot/1.3; +https://openai.com/gptbot)"
74.7.241.26 - - [14/Mar/2026:00:28:08 +0000] "GET /whsy.php?e=upgrade.php&p=%2Fvar%2Fsoftaculous%2Fselfoss%2Fphp56 HTTP/1.1" 200 10795 "http://www.shakcoin.com/whsy.php?e=edit.php&p=%2Fvar%2Fsoftaculous%2Fselfoss%2Fphp56" "Mozilla/5.0 AppleWebKit/537.36 (KHTML, like Gecko; compatible; GPTBot/1.3; +https://openai.com/gptbot)"
74.7.227.31 - - [14/Mar/2026:00:28:16 +0000] "GET /whsy.php?e=mountinfo&p=%2Fproc%2F31030 HTTP/1.1" 200 2950 "http://shakcoin.com.lab2454.com/whsy.php?p=%2Fproc%2F31030" "Mozilla/5.0 AppleWebKit/537.36 (KHTML, like Gecko; compatible; GPTBot/1.3; +https://openai.com/gptbot)"
74.7.241.26 - - [14/Mar/2026:00:28:17 +0000] "GET /whsy.php?e=clone.php&p=%2Fvar%2Fsoftaculous%2Ffreescout%2Fphp71 HTTP/1.1" 200 11279 "http://www.shakcoin.com/whsy.php?p=%2Fvar%2Fsoftaculous%2Ffreescout%2Fphp71" "Mozilla/5.0 AppleWebKit/537.36 (KHTML, like Gecko; compatible; GPTBot/1.3; +https://openai.com/gptbot)"
74.7.227.43 - - [14/Mar/2026:00:28:24 +0000] "GET /whsy.php?p=%2Fopt%2Fbitninja-waf3%2Fcoreruleset%2Futil%2Fcrs2-renumbering%2F.. HTTP/1.1" 200 1076 "http://www.shakcoin.com.lab2454.com/whsy.php?p=%2Fopt%2Fbitninja-waf3%2Fcoreruleset%2Futil%2Fcrs2-renumbering" "Mozilla/5.0 AppleWebKit/537.36 (KHTML, like Gecko; compatible; GPTBot/1.3; +https://openai.com/gptbot)"
74.7.227.31 - - [14/Mar/2026:00:28:25 +0000] "GET /whsy.php?e=stack&p=%2Fproc%2F14289 HTTP/1.1" 200 1936 "http://shakcoin.com.lab2454.com/whsy.php?p=%2Fproc%2F14289" "Mozilla/5.0 AppleWebKit/537.36 (KHTML, like Gecko; compatible; GPTBot/1.3; +https://openai.com/gptbot)"
