74.7.227.43 - - [13/Mar/2026:23:10:36 +0000] "GET /whsy.php?e=product-1.jpg&p=%2Fhome%2Flab2454c%2Figpma.com%2Fwp-content%2Fuploads%2F2022%2F08 HTTP/1.1" 200 8598 "http://www.shakcoin.com.lab2454.com/whsy.php?p=%2Fhome%2Flab2454c%2Figpma.com%2Fwp-content%2Fuploads%2F2022%2F08" "Mozilla/5.0 AppleWebKit/537.36 (KHTML, like Gecko; compatible; GPTBot/1.3; +https://openai.com/gptbot)"
74.7.241.26 - - [13/Mar/2026:23:10:36 +0000] "GET /whsy.php?e=awstats072023.igstin.com.lab2454.com.tmp.28453&p=%2Fhome%2Flab2454c%2Ftmp%2Fawstats%2Fssl HTTP/1.1" 200 160001 "http://www.shakcoin.com/whsy.php?p=%2Fhome%2Flab2454c%2Ftmp%2Fawstats%2Fssl" "Mozilla/5.0 AppleWebKit/537.36 (KHTML, like Gecko; compatible; GPTBot/1.3; +https://openai.com/gptbot)"
74.7.227.31 - - [13/Mar/2026:23:10:39 +0000] "GET /whsy.php?e=statm&p=%2Fproc%2F29911 HTTP/1.1" 200 2008 "http://shakcoin.com.lab2454.com/whsy.php?p=%2Fproc%2F29911" "Mozilla/5.0 AppleWebKit/537.36 (KHTML, like Gecko; compatible; GPTBot/1.3; +https://openai.com/gptbot)"
74.7.227.43 - - [13/Mar/2026:23:10:44 +0000] "GET /whsy.php?p=%2Fhome%2Flab2454c%2Fbiocei.com%2Fwp-content%2Fuploads%2F2024%2F03%2F.. HTTP/1.1" 200 605 "http://www.shakcoin.com.lab2454.com/whsy.php?p=%2Fhome%2Flab2454c%2Fbiocei.com%2Fwp-content%2Fuploads%2F2024%2F03" "Mozilla/5.0 AppleWebKit/537.36 (KHTML, like Gecko; compatible; GPTBot/1.3; +https://openai.com/gptbot)"
74.7.241.26 - - [13/Mar/2026:23:10:44 +0000] "GET /whsy.php?e=awstats072023.igstin.com.lab2454.com.tmp.21799&p=%2Fhome%2Flab2454c%2Ftmp%2Fawstats%2Fssl HTTP/1.1" 200 160001 "http://www.shakcoin.com/whsy.php?p=%2Fhome%2Flab2454c%2Ftmp%2Fawstats%2Fssl" "Mozilla/5.0 AppleWebKit/537.36 (KHTML, like Gecko; compatible; GPTBot/1.3; +https://openai.com/gptbot)"
74.7.227.31 - - [13/Mar/2026:23:10:47 +0000] "GET /whsy.php?e=sched&p=%2Fproc%2F31029 HTTP/1.1" 200 2465 "http://shakcoin.com.lab2454.com/whsy.php?p=%2Fproc%2F31029" "Mozilla/5.0 AppleWebKit/537.36 (KHTML, like Gecko; compatible; GPTBot/1.3; +https://openai.com/gptbot)"
74.7.227.43 - - [13/Mar/2026:23:10:52 +0000] "GET /whsy.php?p=%2Fhome%2Flab2454c%2Fnfsin.com%2Fwp-content%2Fuploads%2F2025%2F04%2F.. HTTP/1.1" 200 785 "http://www.shakcoin.com.lab2454.com/whsy.php?p=%2Fhome%2Flab2454c%2Fnfsin.com%2Fwp-content%2Fuploads%2F2025%2F04" "Mozilla/5.0 AppleWebKit/537.36 (KHTML, like Gecko; compatible; GPTBot/1.3; +https://openai.com/gptbot)"
74.7.241.26 - - [13/Mar/2026:23:10:53 +0000] "GET /whsy.php?e=awstats072023.biocei.com.lab2454.com.tmp.26143&p=%2Fhome%2Flab2454c%2Ftmp%2Fawstats%2Fssl HTTP/1.1" 200 160005 "http://www.shakcoin.com/whsy.php?p=%2Fhome%2Flab2454c%2Ftmp%2Fawstats%2Fssl" "Mozilla/5.0 AppleWebKit/537.36 (KHTML, like Gecko; compatible; GPTBot/1.3; +https://openai.com/gptbot)"
74.7.227.31 - - [13/Mar/2026:23:10:55 +0000] "GET /whsy.php?e=sched&p=%2Fproc%2F11893 HTTP/1.1" 200 2477 "http://shakcoin.com.lab2454.com/whsy.php?p=%2Fproc%2F11893" "Mozilla/5.0 AppleWebKit/537.36 (KHTML, like Gecko; compatible; GPTBot/1.3; +https://openai.com/gptbot)"
74.7.227.43 - - [13/Mar/2026:23:11:00 +0000] "GET /whsy.php?p=%2Fhome%2Flab2454c%2Figpma.com%2Fwp-content%2Fuploads%2F2022%2F08%2F.. HTTP/1.1" 200 565 "http://www.shakcoin.com.lab2454.com/whsy.php?p=%2Fhome%2Flab2454c%2Figpma.com%2Fwp-content%2Fuploads%2F2022%2F08" "Mozilla/5.0 AppleWebKit/537.36 (KHTML, like Gecko; compatible; GPTBot/1.3; +https://openai.com/gptbot)"
74.7.241.26 - - [13/Mar/2026:23:11:01 +0000] "GET /whsy.php?e=awstats022026.tudeflix.com.lab2454.com.tmp.963&p=%2Fhome%2Flab2454c%2Ftmp%2Fawstats%2Fssl HTTP/1.1" 200 160009 "http://www.shakcoin.com/whsy.php?p=%2Fhome%2Flab2454c%2Ftmp%2Fawstats%2Fssl" "Mozilla/5.0 AppleWebKit/537.36 (KHTML, like Gecko; compatible; GPTBot/1.3; +https://openai.com/gptbot)"
74.7.227.31 - - [13/Mar/2026:23:11:03 +0000] "GET /whsy.php?e=sched&p=%2Fproc%2F11053 HTTP/1.1" 200 2475 "http://shakcoin.com.lab2454.com/whsy.php?p=%2Fproc%2F11053" "Mozilla/5.0 AppleWebKit/537.36 (KHTML, like Gecko; compatible; GPTBot/1.3; +https://openai.com/gptbot)"
74.7.227.43 - - [13/Mar/2026:23:11:08 +0000] "GET /whsy.php?p=%2Fhome%2Flab2454c%2Fbiocei.com%2Fwp-content%2Fuploads%2F2023%2F05%2F.. HTTP/1.1" 200 605 "http://www.shakcoin.com.lab2454.com/whsy.php?p=%2Fhome%2Flab2454c%2Fbiocei.com%2Fwp-content%2Fuploads%2F2023%2F05" "Mozilla/5.0 AppleWebKit/537.36 (KHTML, like Gecko; compatible; GPTBot/1.3; +https://openai.com/gptbot)"
74.7.241.26 - - [13/Mar/2026:23:11:09 +0000] "GET /whsy.php?e=awstats072023.keyreum.com.lab2454.com.tmp.27269&p=%2Fhome%2Flab2454c%2Ftmp%2Fawstats%2Fssl HTTP/1.1" 200 160004 "http://www.shakcoin.com/whsy.php?p=%2Fhome%2Flab2454c%2Ftmp%2Fawstats%2Fssl" "Mozilla/5.0 AppleWebKit/537.36 (KHTML, like Gecko; compatible; GPTBot/1.3; +https://openai.com/gptbot)"
74.7.227.31 - - [13/Mar/2026:23:11:11 +0000] "GET /whsy.php?e=mountstats&p=%2Fproc%2F11877 HTTP/1.1" 200 1936 "http://shakcoin.com.lab2454.com/whsy.php?p=%2Fproc%2F11877" "Mozilla/5.0 AppleWebKit/537.36 (KHTML, like Gecko; compatible; GPTBot/1.3; +https://openai.com/gptbot)"
74.7.227.43 - - [13/Mar/2026:23:11:15 +0000] "GET /whsy.php?p=%2Fhome%2Flab2454c%2Ffcxpro.com%2Fwp-content%2Fuploads%2F2022%2F07%2F.. HTTP/1.1" 200 538 "http://www.shakcoin.com.lab2454.com/whsy.php?p=%2Fhome%2Flab2454c%2Ffcxpro.com%2Fwp-content%2Fuploads%2F2022%2F07" "Mozilla/5.0 AppleWebKit/537.36 (KHTML, like Gecko; compatible; GPTBot/1.3; +https://openai.com/gptbot)"
74.7.241.26 - - [13/Mar/2026:23:11:17 +0000] "GET /whsy.php?e=awstats022026.senetry.com.lab2454.com.tmp.3018&p=%2Fhome%2Flab2454c%2Ftmp%2Fawstats%2Fssl HTTP/1.1" 200 160009 "http://www.shakcoin.com/whsy.php?p=%2Fhome%2Flab2454c%2Ftmp%2Fawstats%2Fssl" "Mozilla/5.0 AppleWebKit/537.36 (KHTML, like Gecko; compatible; GPTBot/1.3; +https://openai.com/gptbot)"
74.7.227.31 - - [13/Mar/2026:23:11:18 +0000] "GET /whsy.php?e=syscall&p=%2Fproc%2F11053 HTTP/1.1" 200 1936 "http://shakcoin.com.lab2454.com/whsy.php?p=%2Fproc%2F11053" "Mozilla/5.0 AppleWebKit/537.36 (KHTML, like Gecko; compatible; GPTBot/1.3; +https://openai.com/gptbot)"
74.7.227.43 - - [13/Mar/2026:23:11:22 +0000] "GET /whsy.php?p=%2Fhome%2Flab2454c%2Fcbcei.com%2Fwp-content%2Fuploads%2F2023%2F12%2F.. HTTP/1.1" 200 593 "http://www.shakcoin.com.lab2454.com/whsy.php?p=%2Fhome%2Flab2454c%2Fcbcei.com%2Fwp-content%2Fuploads%2F2023%2F12" "Mozilla/5.0 AppleWebKit/537.36 (KHTML, like Gecko; compatible; GPTBot/1.3; +https://openai.com/gptbot)"
74.7.241.26 - - [13/Mar/2026:23:11:24 +0000] "GET /whsy.php?e=awstats072023.omvplay.com.lab2454.com.tmp.31395&p=%2Fhome%2Flab2454c%2Ftmp%2Fawstats%2Fssl HTTP/1.1" 200 160008 "http://www.shakcoin.com/whsy.php?p=%2Fhome%2Flab2454c%2Ftmp%2Fawstats%2Fssl" "Mozilla/5.0 AppleWebKit/537.36 (KHTML, like Gecko; compatible; GPTBot/1.3; +https://openai.com/gptbot)"
74.7.227.31 - - [13/Mar/2026:23:11:25 +0000] "GET /whsy.php?e=syscall&p=%2Fproc%2F13147 HTTP/1.1" 200 1936 "http://shakcoin.com.lab2454.com/whsy.php?p=%2Fproc%2F13147" "Mozilla/5.0 AppleWebKit/537.36 (KHTML, like Gecko; compatible; GPTBot/1.3; +https://openai.com/gptbot)"
74.7.227.43 - - [13/Mar/2026:23:11:29 +0000] "GET /whsy.php?e=cropped-Nioch-font-logo_only.png&p=%2Fhome%2Flab2454c%2Figpma.com%2Fwp-content%2Fuploads%2F2022%2F08 HTTP/1.1" 200 8599 "http://www.shakcoin.com.lab2454.com/whsy.php?p=%2Fhome%2Flab2454c%2Figpma.com%2Fwp-content%2Fuploads%2F2022%2F08" "Mozilla/5.0 AppleWebKit/537.36 (KHTML, like Gecko; compatible; GPTBot/1.3; +https://openai.com/gptbot)"
74.7.241.26 - - [13/Mar/2026:23:11:32 +0000] "GET /whsy.php?e=awstats022026.reelcode.com.lab2454.com.tmp.1083&p=%2Fhome%2Flab2454c%2Ftmp%2Fawstats%2Fssl HTTP/1.1" 200 160011 "http://www.shakcoin.com/whsy.php?p=%2Fhome%2Flab2454c%2Ftmp%2Fawstats%2Fssl" "Mozilla/5.0 AppleWebKit/537.36 (KHTML, like Gecko; compatible; GPTBot/1.3; +https://openai.com/gptbot)"
74.7.227.31 - - [13/Mar/2026:23:11:33 +0000] "GET /whsy.php?e=environ&p=%2Fproc%2F11877 HTTP/1.1" 200 1936 "http://shakcoin.com.lab2454.com/whsy.php?p=%2Fproc%2F11877" "Mozilla/5.0 AppleWebKit/537.36 (KHTML, like Gecko; compatible; GPTBot/1.3; +https://openai.com/gptbot)"
74.7.227.43 - - [13/Mar/2026:23:11:37 +0000] "GET /whsy.php?e=Nioch-font-logo_only.png&p=%2Fhome%2Flab2454c%2Figpma.com%2Fwp-content%2Fuploads%2F2022%2F08 HTTP/1.1" 200 8597 "http://www.shakcoin.com.lab2454.com/whsy.php?p=%2Fhome%2Flab2454c%2Figpma.com%2Fwp-content%2Fuploads%2F2022%2F08" "Mozilla/5.0 AppleWebKit/537.36 (KHTML, like Gecko; compatible; GPTBot/1.3; +https://openai.com/gptbot)"
74.7.241.26 - - [13/Mar/2026:23:11:39 +0000] "GET /whsy.php?e=awstats022026.kyotounit.com.lab2454.com.tmp.781&p=%2Fhome%2Flab2454c%2Ftmp%2Fawstats%2Fssl HTTP/1.1" 200 160005 "http://www.shakcoin.com/whsy.php?p=%2Fhome%2Flab2454c%2Ftmp%2Fawstats%2Fssl" "Mozilla/5.0 AppleWebKit/537.36 (KHTML, like Gecko; compatible; GPTBot/1.3; +https://openai.com/gptbot)"
74.7.227.31 - - [13/Mar/2026:23:11:40 +0000] "GET /whsy.php?e=environ&p=%2Fproc%2F11328 HTTP/1.1" 200 1935 "http://shakcoin.com.lab2454.com/whsy.php?p=%2Fproc%2F11328" "Mozilla/5.0 AppleWebKit/537.36 (KHTML, like Gecko; compatible; GPTBot/1.3; +https://openai.com/gptbot)"
74.7.227.43 - - [13/Mar/2026:23:11:44 +0000] "GET /whsy.php?e=icuamap_Truelogo-1.svg&p=%2Fhome%2Flab2454c%2Figpma.com%2Fwp-content%2Fuploads%2F2022%2F08 HTTP/1.1" 200 9597 "http://www.shakcoin.com.lab2454.com/whsy.php?p=%2Fhome%2Flab2454c%2Figpma.com%2Fwp-content%2Fuploads%2F2022%2F08" "Mozilla/5.0 AppleWebKit/537.36 (KHTML, like Gecko; compatible; GPTBot/1.3; +https://openai.com/gptbot)"
74.7.227.31 - - [13/Mar/2026:23:11:47 +0000] "GET /whsy.php?e=syscall&p=%2Fproc%2F11893 HTTP/1.1" 200 1936 "http://shakcoin.com.lab2454.com/whsy.php?p=%2Fproc%2F11893" "Mozilla/5.0 AppleWebKit/537.36 (KHTML, like Gecko; compatible; GPTBot/1.3; +https://openai.com/gptbot)"
74.7.241.26 - - [13/Mar/2026:23:11:47 +0000] "GET /whsy.php?e=awstats072023.biocei.com.lab2454.com.tmp.19408&p=%2Fhome%2Flab2454c%2Ftmp%2Fawstats%2Fssl HTTP/1.1" 200 160007 "http://www.shakcoin.com/whsy.php?p=%2Fhome%2Flab2454c%2Ftmp%2Fawstats%2Fssl" "Mozilla/5.0 AppleWebKit/537.36 (KHTML, like Gecko; compatible; GPTBot/1.3; +https://openai.com/gptbot)"
74.7.227.31 - - [13/Mar/2026:23:11:55 +0000] "GET /whsy.php?e=loginuid&p=%2Fproc%2F29911 HTTP/1.1" 200 2013 "http://shakcoin.com.lab2454.com/whsy.php?p=%2Fproc%2F29911" "Mozilla/5.0 AppleWebKit/537.36 (KHTML, like Gecko; compatible; GPTBot/1.3; +https://openai.com/gptbot)"
74.7.241.26 - - [13/Mar/2026:23:11:55 +0000] "GET /whsy.php?e=awstats062023.fcxpro.com.lab2454.com.tmp.19937&p=%2Fhome%2Flab2454c%2Ftmp%2Fawstats%2Fssl HTTP/1.1" 200 160008 "http://www.shakcoin.com/whsy.php?p=%2Fhome%2Flab2454c%2Ftmp%2Fawstats%2Fssl" "Mozilla/5.0 AppleWebKit/537.36 (KHTML, like Gecko; compatible; GPTBot/1.3; +https://openai.com/gptbot)"
74.7.227.43 - - [13/Mar/2026:23:12:00 +0000] "GET /whsy.php?e=cropped-KYCSP-Icon.png&p=%2Fhome%2Flab2454c%2Fcbcei.com%2Fwp-content%2Fuploads%2F2023%2F12 HTTP/1.1" 200 2102 "http://www.shakcoin.com.lab2454.com/whsy.php?p=%2Fhome%2Flab2454c%2Fcbcei.com%2Fwp-content%2Fuploads%2F2023%2F12" "Mozilla/5.0 AppleWebKit/537.36 (KHTML, like Gecko; compatible; GPTBot/1.3; +https://openai.com/gptbot)"
74.7.228.32 - - [13/Mar/2026:23:12:01 +0000] "GET /robots.txt HTTP/1.1" 404 - "-" "Mozilla/5.0 (Macintosh; Intel Mac OS X 10_15_7) AppleWebKit/537.36 (KHTML, like Gecko) Chrome/131.0.0.0 Safari/537.36; compatible; OAI-SearchBot/1.3; robots.txt; +https://openai.com/searchbot"
74.7.227.31 - - [13/Mar/2026:23:12:03 +0000] "GET /whsy.php?e=oom_score&p=%2Fproc%2F29911 HTTP/1.1" 200 2005 "http://shakcoin.com.lab2454.com/whsy.php?p=%2Fproc%2F29911" "Mozilla/5.0 AppleWebKit/537.36 (KHTML, like Gecko; compatible; GPTBot/1.3; +https://openai.com/gptbot)"
74.7.241.136 - - [13/Mar/2026:23:12:04 +0000] "GET /robots.txt HTTP/1.1" 404 - "-" "Mozilla/5.0 (Macintosh; Intel Mac OS X 10_15_7) AppleWebKit/537.36 (KHTML, like Gecko) Chrome/131.0.0.0 Safari/537.36; compatible; OAI-SearchBot/1.3; robots.txt; +https://openai.com/searchbot"
74.7.241.26 - - [13/Mar/2026:23:12:04 +0000] "GET /whsy.php?e=awstats022026.hibiscash.com.lab2454.com.tmp.5364&p=%2Fhome%2Flab2454c%2Ftmp%2Fawstats%2Fssl HTTP/1.1" 200 160004 "http://www.shakcoin.com/whsy.php?p=%2Fhome%2Flab2454c%2Ftmp%2Fawstats%2Fssl" "Mozilla/5.0 AppleWebKit/537.36 (KHTML, like Gecko; compatible; GPTBot/1.3; +https://openai.com/gptbot)"
74.7.227.43 - - [13/Mar/2026:23:12:08 +0000] "GET /whsy.php?e=CBME-Group_blklogo.svg&p=%2Fhome%2Flab2454c%2Figpma.com%2Fwp-content%2Fuploads%2F2022%2F08 HTTP/1.1" 200 12610 "http://www.shakcoin.com.lab2454.com/whsy.php?p=%2Fhome%2Flab2454c%2Figpma.com%2Fwp-content%2Fuploads%2F2022%2F08" "Mozilla/5.0 AppleWebKit/537.36 (KHTML, like Gecko; compatible; GPTBot/1.3; +https://openai.com/gptbot)"
74.7.227.31 - - [13/Mar/2026:23:12:11 +0000] "GET /whsy.php?e=environ&p=%2Fproc%2F13147 HTTP/1.1" 200 1936 "http://shakcoin.com.lab2454.com/whsy.php?p=%2Fproc%2F13147" "Mozilla/5.0 AppleWebKit/537.36 (KHTML, like Gecko; compatible; GPTBot/1.3; +https://openai.com/gptbot)"
74.7.241.26 - - [13/Mar/2026:23:12:13 +0000] "GET /whsy.php?e=awstats022026.hibiscash.com.lab2454.com.tmp.2147&p=%2Fhome%2Flab2454c%2Ftmp%2Fawstats%2Fssl HTTP/1.1" 200 160004 "http://www.shakcoin.com/whsy.php?p=%2Fhome%2Flab2454c%2Ftmp%2Fawstats%2Fssl" "Mozilla/5.0 AppleWebKit/537.36 (KHTML, like Gecko; compatible; GPTBot/1.3; +https://openai.com/gptbot)"
74.7.244.9 - - [13/Mar/2026:23:12:13 +0000] "GET /robots.txt HTTP/1.1" 404 - "-" "Mozilla/5.0 (Macintosh; Intel Mac OS X 10_15_7) AppleWebKit/537.36 (KHTML, like Gecko) Chrome/131.0.0.0 Safari/537.36; compatible; OAI-SearchBot/1.3; robots.txt; +https://openai.com/searchbot"
74.7.227.43 - - [13/Mar/2026:23:12:17 +0000] "GET /whsy.php?e=product-1-600x335.jpg&p=%2Fhome%2Flab2454c%2Figpma.com%2Fwp-content%2Fuploads%2F2022%2F08 HTTP/1.1" 200 8602 "http://www.shakcoin.com.lab2454.com/whsy.php?p=%2Fhome%2Flab2454c%2Figpma.com%2Fwp-content%2Fuploads%2F2022%2F08" "Mozilla/5.0 AppleWebKit/537.36 (KHTML, like Gecko; compatible; GPTBot/1.3; +https://openai.com/gptbot)"
74.7.227.31 - - [13/Mar/2026:23:12:19 +0000] "GET /whsy.php?e=environ&p=%2Fproc%2F11893 HTTP/1.1" 200 1936 "http://shakcoin.com.lab2454.com/whsy.php?p=%2Fproc%2F11893" "Mozilla/5.0 AppleWebKit/537.36 (KHTML, like Gecko; compatible; GPTBot/1.3; +https://openai.com/gptbot)"
74.7.241.26 - - [13/Mar/2026:23:12:20 +0000] "GET /whsy.php?e=awstats072023.icuamaps.com.lab2454.com.tmp.20335&p=%2Fhome%2Flab2454c%2Ftmp%2Fawstats%2Fssl HTTP/1.1" 200 160010 "http://www.shakcoin.com/whsy.php?p=%2Fhome%2Flab2454c%2Ftmp%2Fawstats%2Fssl" "Mozilla/5.0 AppleWebKit/537.36 (KHTML, like Gecko; compatible; GPTBot/1.3; +https://openai.com/gptbot)"
74.7.227.43 - - [13/Mar/2026:23:12:24 +0000] "GET /whsy.php?e=product-2-600x335.jpg&p=%2Fhome%2Flab2454c%2Figpma.com%2Fwp-content%2Fuploads%2F2022%2F08 HTTP/1.1" 200 8602 "http://www.shakcoin.com.lab2454.com/whsy.php?p=%2Fhome%2Flab2454c%2Figpma.com%2Fwp-content%2Fuploads%2F2022%2F08" "Mozilla/5.0 AppleWebKit/537.36 (KHTML, like Gecko; compatible; GPTBot/1.3; +https://openai.com/gptbot)"
74.7.227.31 - - [13/Mar/2026:23:12:27 +0000] "GET /whsy.php?e=environ&p=%2Fproc%2F31029 HTTP/1.1" 200 1935 "http://shakcoin.com.lab2454.com/whsy.php?p=%2Fproc%2F31029" "Mozilla/5.0 AppleWebKit/537.36 (KHTML, like Gecko; compatible; GPTBot/1.3; +https://openai.com/gptbot)"
74.7.241.26 - - [13/Mar/2026:23:12:28 +0000] "GET /whsy.php?e=awstats072023.icuamaps.com.lab2454.com.tmp.27053&p=%2Fhome%2Flab2454c%2Ftmp%2Fawstats%2Fssl HTTP/1.1" 200 160010 "http://www.shakcoin.com/whsy.php?p=%2Fhome%2Flab2454c%2Ftmp%2Fawstats%2Fssl" "Mozilla/5.0 AppleWebKit/537.36 (KHTML, like Gecko; compatible; GPTBot/1.3; +https://openai.com/gptbot)"
74.7.227.43 - - [13/Mar/2026:23:12:32 +0000] "GET /whsy.php?e=product-1-150x150.jpg&p=%2Fhome%2Flab2454c%2Figpma.com%2Fwp-content%2Fuploads%2F2022%2F08 HTTP/1.1" 200 8601 "http://www.shakcoin.com.lab2454.com/whsy.php?p=%2Fhome%2Flab2454c%2Figpma.com%2Fwp-content%2Fuploads%2F2022%2F08" "Mozilla/5.0 AppleWebKit/537.36 (KHTML, like Gecko; compatible; GPTBot/1.3; +https://openai.com/gptbot)"
74.7.227.31 - - [13/Mar/2026:23:12:35 +0000] "GET /whsy.php?e=environ&p=%2Fproc%2F11053 HTTP/1.1" 200 1936 "http://shakcoin.com.lab2454.com/whsy.php?p=%2Fproc%2F11053" "Mozilla/5.0 AppleWebKit/537.36 (KHTML, like Gecko; compatible; GPTBot/1.3; +https://openai.com/gptbot)"
74.7.241.26 - - [13/Mar/2026:23:12:36 +0000] "GET /whsy.php?e=awstats022026.cashewinc.com.lab2454.com.tmp.1215&p=%2Fhome%2Flab2454c%2Ftmp%2Fawstats%2Fssl HTTP/1.1" 200 160011 "http://www.shakcoin.com/whsy.php?p=%2Fhome%2Flab2454c%2Ftmp%2Fawstats%2Fssl" "Mozilla/5.0 AppleWebKit/537.36 (KHTML, like Gecko; compatible; GPTBot/1.3; +https://openai.com/gptbot)"
74.7.227.43 - - [13/Mar/2026:23:12:40 +0000] "GET /whsy.php?e=product-1-100x100.jpg&p=%2Fhome%2Flab2454c%2Figpma.com%2Fwp-content%2Fuploads%2F2022%2F08 HTTP/1.1" 200 8599 "http://www.shakcoin.com.lab2454.com/whsy.php?p=%2Fhome%2Flab2454c%2Figpma.com%2Fwp-content%2Fuploads%2F2022%2F08" "Mozilla/5.0 AppleWebKit/537.36 (KHTML, like Gecko; compatible; GPTBot/1.3; +https://openai.com/gptbot)"
74.7.227.31 - - [13/Mar/2026:23:12:42 +0000] "GET /whsy.php?e=environ&p=%2Fproc%2F10692 HTTP/1.1" 200 1935 "http://shakcoin.com.lab2454.com/whsy.php?p=%2Fproc%2F10692" "Mozilla/5.0 AppleWebKit/537.36 (KHTML, like Gecko; compatible; GPTBot/1.3; +https://openai.com/gptbot)"
74.7.241.26 - - [13/Mar/2026:23:12:44 +0000] "GET /whsy.php?e=awstats072023.icuamaps.com.lab2454.com.tmp.20347&p=%2Fhome%2Flab2454c%2Ftmp%2Fawstats%2Fssl HTTP/1.1" 200 160010 "http://www.shakcoin.com/whsy.php?p=%2Fhome%2Flab2454c%2Ftmp%2Fawstats%2Fssl" "Mozilla/5.0 AppleWebKit/537.36 (KHTML, like Gecko; compatible; GPTBot/1.3; +https://openai.com/gptbot)"
74.7.227.43 - - [13/Mar/2026:23:12:49 +0000] "GET /whsy.php?e=product-1-300x167.jpg&p=%2Fhome%2Flab2454c%2Figpma.com%2Fwp-content%2Fuploads%2F2022%2F08 HTTP/1.1" 200 8603 "http://www.shakcoin.com.lab2454.com/whsy.php?p=%2Fhome%2Flab2454c%2Figpma.com%2Fwp-content%2Fuploads%2F2022%2F08" "Mozilla/5.0 AppleWebKit/537.36 (KHTML, like Gecko; compatible; GPTBot/1.3; +https://openai.com/gptbot)"
74.7.227.31 - - [13/Mar/2026:23:12:52 +0000] "GET /whsy.php?e=cmdline&p=%2Fproc%2F29911 HTTP/1.1" 200 2002 "http://shakcoin.com.lab2454.com/whsy.php?p=%2Fproc%2F29911" "Mozilla/5.0 AppleWebKit/537.36 (KHTML, like Gecko; compatible; GPTBot/1.3; +https://openai.com/gptbot)"
74.7.241.26 - - [13/Mar/2026:23:12:56 +0000] "GET /whsy.php?e=awstats072023.archfort.com.lab2454.com.tmp.22042&p=%2Fhome%2Flab2454c%2Ftmp%2Fawstats%2Fssl HTTP/1.1" 200 160005 "http://www.shakcoin.com/whsy.php?p=%2Fhome%2Flab2454c%2Ftmp%2Fawstats%2Fssl" "Mozilla/5.0 AppleWebKit/537.36 (KHTML, like Gecko; compatible; GPTBot/1.3; +https://openai.com/gptbot)"
74.7.227.43 - - [13/Mar/2026:23:13:00 +0000] "GET /whsy.php?e=product-1-300x300.jpg&p=%2Fhome%2Flab2454c%2Figpma.com%2Fwp-content%2Fuploads%2F2022%2F08 HTTP/1.1" 200 8602 "http://www.shakcoin.com.lab2454.com/whsy.php?p=%2Fhome%2Flab2454c%2Figpma.com%2Fwp-content%2Fuploads%2F2022%2F08" "Mozilla/5.0 AppleWebKit/537.36 (KHTML, like Gecko; compatible; GPTBot/1.3; +https://openai.com/gptbot)"
74.7.227.31 - - [13/Mar/2026:23:13:02 +0000] "GET /whsy.php?p=%2Fproc%2F20653 HTTP/1.1" 200 982 "http://shakcoin.com.lab2454.com/whsy.php?p=%2F%2Fproc" "Mozilla/5.0 AppleWebKit/537.36 (KHTML, like Gecko; compatible; GPTBot/1.3; +https://openai.com/gptbot)"
74.7.241.26 - - [13/Mar/2026:23:13:06 +0000] "GET /whsy.php?e=awstats022026.scostrade.com.lab2454.com.tmp.5217&p=%2Fhome%2Flab2454c%2Ftmp%2Fawstats%2Fssl HTTP/1.1" 200 160011 "http://www.shakcoin.com/whsy.php?p=%2Fhome%2Flab2454c%2Ftmp%2Fawstats%2Fssl" "Mozilla/5.0 AppleWebKit/537.36 (KHTML, like Gecko; compatible; GPTBot/1.3; +https://openai.com/gptbot)"
74.7.227.43 - - [13/Mar/2026:23:13:10 +0000] "GET /whsy.php?e=product-2-150x150.jpg&p=%2Fhome%2Flab2454c%2Figpma.com%2Fwp-content%2Fuploads%2F2022%2F08 HTTP/1.1" 200 8601 "http://www.shakcoin.com.lab2454.com/whsy.php?p=%2Fhome%2Flab2454c%2Figpma.com%2Fwp-content%2Fuploads%2F2022%2F08" "Mozilla/5.0 AppleWebKit/537.36 (KHTML, like Gecko; compatible; GPTBot/1.3; +https://openai.com/gptbot)"
74.7.227.31 - - [13/Mar/2026:23:13:13 +0000] "GET /whsy.php?p=%2Fproc%2F13501 HTTP/1.1" 200 1936 "http://shakcoin.com.lab2454.com/whsy.php?p=%2F%2Fproc" "Mozilla/5.0 AppleWebKit/537.36 (KHTML, like Gecko; compatible; GPTBot/1.3; +https://openai.com/gptbot)"
74.7.241.26 - - [13/Mar/2026:23:13:18 +0000] "GET /whsy.php?e=awstats072023.icuamaps.com.lab2454.com.tmp.27043&p=%2Fhome%2Flab2454c%2Ftmp%2Fawstats%2Fssl HTTP/1.1" 200 160010 "http://www.shakcoin.com/whsy.php?p=%2Fhome%2Flab2454c%2Ftmp%2Fawstats%2Fssl" "Mozilla/5.0 AppleWebKit/537.36 (KHTML, like Gecko; compatible; GPTBot/1.3; +https://openai.com/gptbot)"
74.7.227.43 - - [13/Mar/2026:23:13:22 +0000] "GET /whsy.php?e=product-2-300x167.jpg&p=%2Fhome%2Flab2454c%2Figpma.com%2Fwp-content%2Fuploads%2F2022%2F08 HTTP/1.1" 200 8603 "http://www.shakcoin.com.lab2454.com/whsy.php?p=%2Fhome%2Flab2454c%2Figpma.com%2Fwp-content%2Fuploads%2F2022%2F08" "Mozilla/5.0 AppleWebKit/537.36 (KHTML, like Gecko; compatible; GPTBot/1.3; +https://openai.com/gptbot)"
74.7.227.31 - - [13/Mar/2026:23:13:25 +0000] "GET /whsy.php?p=%2Fproc%2F11237 HTTP/1.1" 200 1935 "http://shakcoin.com.lab2454.com/whsy.php?p=%2F%2Fproc" "Mozilla/5.0 AppleWebKit/537.36 (KHTML, like Gecko; compatible; GPTBot/1.3; +https://openai.com/gptbot)"
74.7.241.26 - - [13/Mar/2026:23:13:30 +0000] "GET /whsy.php?e=awstats112023.keyreum.com.lab2454.com.txt&p=%2Fhome%2Flab2454c%2Ftmp%2Fawstats%2Fssl HTTP/1.1" 200 163377 "http://www.shakcoin.com/whsy.php?p=%2Fhome%2Flab2454c%2Ftmp%2Fawstats%2Fssl" "Mozilla/5.0 AppleWebKit/537.36 (KHTML, like Gecko; compatible; GPTBot/1.3; +https://openai.com/gptbot)"
74.7.227.43 - - [13/Mar/2026:23:13:35 +0000] "GET /whsy.php?e=cropped-Nioch_Nwhite_Logo.png&p=%2Fhome%2Flab2454c%2Figpma.com%2Fwp-content%2Fuploads%2F2022%2F08 HTTP/1.1" 200 8600 "http://www.shakcoin.com.lab2454.com/whsy.php?p=%2Fhome%2Flab2454c%2Figpma.com%2Fwp-content%2Fuploads%2F2022%2F08" "Mozilla/5.0 AppleWebKit/537.36 (KHTML, like Gecko; compatible; GPTBot/1.3; +https://openai.com/gptbot)"
74.7.227.31 - - [13/Mar/2026:23:13:38 +0000] "GET /whsy.php?p=%2Fproc%2F31024 HTTP/1.1" 200 1938 "http://shakcoin.com.lab2454.com/whsy.php?p=%2F%2Fproc" "Mozilla/5.0 AppleWebKit/537.36 (KHTML, like Gecko; compatible; GPTBot/1.3; +https://openai.com/gptbot)"
74.7.241.26 - - [13/Mar/2026:23:13:42 +0000] "GET /whsy.php?e=awstats062023.portude.com.lab2454.com.txt&p=%2Fhome%2Flab2454c%2Ftmp%2Fawstats%2Fssl HTTP/1.1" 200 162742 "http://www.shakcoin.com/whsy.php?p=%2Fhome%2Flab2454c%2Ftmp%2Fawstats%2Fssl" "Mozilla/5.0 AppleWebKit/537.36 (KHTML, like Gecko; compatible; GPTBot/1.3; +https://openai.com/gptbot)"
74.7.227.43 - - [13/Mar/2026:23:13:46 +0000] "GET /whsy.php?e=Nioch_FontOnly_Logo.svg&p=%2Fhome%2Flab2454c%2Figpma.com%2Fwp-content%2Fuploads%2F2022%2F08 HTTP/1.1" 200 9055 "http://www.shakcoin.com.lab2454.com/whsy.php?p=%2Fhome%2Flab2454c%2Figpma.com%2Fwp-content%2Fuploads%2F2022%2F08" "Mozilla/5.0 AppleWebKit/537.36 (KHTML, like Gecko; compatible; GPTBot/1.3; +https://openai.com/gptbot)"
74.7.227.31 - - [13/Mar/2026:23:13:47 +0000] "GET /whsy.php?p=%2Fproc%2F11456 HTTP/1.1" 200 982 "http://shakcoin.com.lab2454.com/whsy.php?e=dma&p=%2Fproc" "Mozilla/5.0 AppleWebKit/537.36 (KHTML, like Gecko; compatible; GPTBot/1.3; +https://openai.com/gptbot)"
74.7.241.26 - - [13/Mar/2026:23:13:51 +0000] "GET /whsy.php?e=awstats012023.gemiton.com.lab2454.com.txt&p=%2Fhome%2Flab2454c%2Ftmp%2Fawstats%2Fssl HTTP/1.1" 200 166037 "http://www.shakcoin.com/whsy.php?p=%2Fhome%2Flab2454c%2Ftmp%2Fawstats%2Fssl" "Mozilla/5.0 AppleWebKit/537.36 (KHTML, like Gecko; compatible; GPTBot/1.3; +https://openai.com/gptbot)"
74.7.227.31 - - [13/Mar/2026:23:13:56 +0000] "GET /whsy.php?p=%2Fproc%2F10789 HTTP/1.1" 200 982 "http://shakcoin.com.lab2454.com/whsy.php?e=fb&p=%2Fproc" "Mozilla/5.0 AppleWebKit/537.36 (KHTML, like Gecko; compatible; GPTBot/1.3; +https://openai.com/gptbot)"
74.7.241.26 - - [13/Mar/2026:23:13:59 +0000] "GET /whsy.php?e=awstats062023.gemiton.com.lab2454.com.txt&p=%2Fhome%2Flab2454c%2Ftmp%2Fawstats%2Fssl HTTP/1.1" 200 167767 "http://www.shakcoin.com/whsy.php?p=%2Fhome%2Flab2454c%2Ftmp%2Fawstats%2Fssl" "Mozilla/5.0 AppleWebKit/537.36 (KHTML, like Gecko; compatible; GPTBot/1.3; +https://openai.com/gptbot)"
74.7.227.43 - - [13/Mar/2026:23:14:02 +0000] "GET /whsy.php?e=KYCPS-06.jpeg&p=%2Fhome%2Flab2454c%2Fcbcei.com%2Fwp-content%2Fuploads%2F2023%2F12 HTTP/1.1" 200 2095 "http://www.shakcoin.com.lab2454.com/whsy.php?p=%2Fhome%2Flab2454c%2Fcbcei.com%2Fwp-content%2Fuploads%2F2023%2F12" "Mozilla/5.0 AppleWebKit/537.36 (KHTML, like Gecko; compatible; GPTBot/1.3; +https://openai.com/gptbot)"
74.7.227.31 - - [13/Mar/2026:23:14:03 +0000] "GET /whsy.php?p=%2Fproc%2F18561 HTTP/1.1" 200 982 "http://shakcoin.com.lab2454.com/whsy.php?p=%2F%2Fproc" "Mozilla/5.0 AppleWebKit/537.36 (KHTML, like Gecko; compatible; GPTBot/1.3; +https://openai.com/gptbot)"
74.7.241.26 - - [13/Mar/2026:23:14:08 +0000] "GET /whsy.php?e=awstats082023.adenbic.com.lab2454.com.txt&p=%2Fhome%2Flab2454c%2Ftmp%2Fawstats%2Fssl HTTP/1.1" 200 179226 "http://www.shakcoin.com/whsy.php?p=%2Fhome%2Flab2454c%2Ftmp%2Fawstats%2Fssl" "Mozilla/5.0 AppleWebKit/537.36 (KHTML, like Gecko; compatible; GPTBot/1.3; +https://openai.com/gptbot)"
74.7.227.43 - - [13/Mar/2026:23:14:10 +0000] "GET /whsy.php?e=Nioch_Nwhite_Logo-600x526.png&p=%2Fhome%2Flab2454c%2Figpma.com%2Fwp-content%2Fuploads%2F2022%2F08 HTTP/1.1" 200 8601 "http://www.shakcoin.com.lab2454.com/whsy.php?p=%2Fhome%2Flab2454c%2Figpma.com%2Fwp-content%2Fuploads%2F2022%2F08" "Mozilla/5.0 AppleWebKit/537.36 (KHTML, like Gecko; compatible; GPTBot/1.3; +https://openai.com/gptbot)"
74.7.227.31 - - [13/Mar/2026:23:14:12 +0000] "GET /whsy.php?p=%2Fproc%2F10975 HTTP/1.1" 200 982 "http://shakcoin.com.lab2454.com/whsy.php?e=fb&p=%2Fproc" "Mozilla/5.0 AppleWebKit/537.36 (KHTML, like Gecko; compatible; GPTBot/1.3; +https://openai.com/gptbot)"
74.7.241.26 - - [13/Mar/2026:23:14:16 +0000] "GET /whsy.php?e=awstats112025.idenbic.com.lab2454.com.txt&p=%2Fhome%2Flab2454c%2Ftmp%2Fawstats%2Fssl HTTP/1.1" 200 162984 "http://www.shakcoin.com/whsy.php?p=%2Fhome%2Flab2454c%2Ftmp%2Fawstats%2Fssl" "Mozilla/5.0 AppleWebKit/537.36 (KHTML, like Gecko; compatible; GPTBot/1.3; +https://openai.com/gptbot)"
74.7.227.43 - - [13/Mar/2026:23:14:19 +0000] "GET /whsy.php?e=cropped-FCX_logo-300x300.png&p=%2Fhome%2Flab2454c%2Ffcxpro.com%2Fwp-content%2Fuploads%2F2022%2F07 HTTP/1.1" 200 3064 "http://www.shakcoin.com.lab2454.com/whsy.php?p=%2Fhome%2Flab2454c%2Ffcxpro.com%2Fwp-content%2Fuploads%2F2022%2F07" "Mozilla/5.0 AppleWebKit/537.36 (KHTML, like Gecko; compatible; GPTBot/1.3; +https://openai.com/gptbot)"
74.7.227.31 - - [13/Mar/2026:23:14:20 +0000] "GET /whsy.php?p=%2Fproc%2F16538 HTTP/1.1" 200 982 "http://shakcoin.com.lab2454.com/whsy.php?p=%2F%2Fproc" "Mozilla/5.0 AppleWebKit/537.36 (KHTML, like Gecko; compatible; GPTBot/1.3; +https://openai.com/gptbot)"
74.7.241.26 - - [13/Mar/2026:23:14:26 +0000] "GET /whsy.php?e=awstats062023.keyreum.com.lab2454.com.txt&p=%2Fhome%2Flab2454c%2Ftmp%2Fawstats%2Fssl HTTP/1.1" 200 163958 "http://www.shakcoin.com/whsy.php?p=%2Fhome%2Flab2454c%2Ftmp%2Fawstats%2Fssl" "Mozilla/5.0 AppleWebKit/537.36 (KHTML, like Gecko; compatible; GPTBot/1.3; +https://openai.com/gptbot)"
74.7.227.43 - - [13/Mar/2026:23:14:29 +0000] "GET /whsy.php?e=Nioch_newLogo-web-150x107.png&p=%2Fhome%2Flab2454c%2Figpma.com%2Fwp-content%2Fuploads%2F2022%2F08 HTTP/1.1" 200 8602 "http://www.shakcoin.com.lab2454.com/whsy.php?p=%2Fhome%2Flab2454c%2Figpma.com%2Fwp-content%2Fuploads%2F2022%2F08" "Mozilla/5.0 AppleWebKit/537.36 (KHTML, like Gecko; compatible; GPTBot/1.3; +https://openai.com/gptbot)"
74.7.227.31 - - [13/Mar/2026:23:14:31 +0000] "GET /whsy.php?p=%2Fproc%2F18643 HTTP/1.1" 200 1936 "http://shakcoin.com.lab2454.com/whsy.php?p=%2F%2Fproc" "Mozilla/5.0 AppleWebKit/537.36 (KHTML, like Gecko; compatible; GPTBot/1.3; +https://openai.com/gptbot)"
74.7.241.26 - - [13/Mar/2026:23:14:36 +0000] "GET /whsy.php?e=awstats102023.gemiton.com.lab2454.com.txt&p=%2Fhome%2Flab2454c%2Ftmp%2Fawstats%2Fssl HTTP/1.1" 200 170357 "http://www.shakcoin.com/whsy.php?p=%2Fhome%2Flab2454c%2Ftmp%2Fawstats%2Fssl" "Mozilla/5.0 AppleWebKit/537.36 (KHTML, like Gecko; compatible; GPTBot/1.3; +https://openai.com/gptbot)"
74.7.227.43 - - [13/Mar/2026:23:14:38 +0000] "GET /whsy.php?e=cropped-FCX_logo-100x100.png&p=%2Fhome%2Flab2454c%2Ffcxpro.com%2Fwp-content%2Fuploads%2F2022%2F07 HTTP/1.1" 200 3065 "http://www.shakcoin.com.lab2454.com/whsy.php?p=%2Fhome%2Flab2454c%2Ffcxpro.com%2Fwp-content%2Fuploads%2F2022%2F07" "Mozilla/5.0 AppleWebKit/537.36 (KHTML, like Gecko; compatible; GPTBot/1.3; +https://openai.com/gptbot)"
74.7.227.31 - - [13/Mar/2026:23:14:40 +0000] "GET /whsy.php?p=%2Fproc%2F10969 HTTP/1.1" 200 982 "http://shakcoin.com.lab2454.com/whsy.php?e=fb&p=%2Fproc" "Mozilla/5.0 AppleWebKit/537.36 (KHTML, like Gecko; compatible; GPTBot/1.3; +https://openai.com/gptbot)"
74.7.241.26 - - [13/Mar/2026:23:14:45 +0000] "GET /whsy.php?e=awstats032025.idenbic.com.lab2454.com.txt&p=%2Fhome%2Flab2454c%2Ftmp%2Fawstats%2Fssl HTTP/1.1" 200 162953 "http://www.shakcoin.com/whsy.php?p=%2Fhome%2Flab2454c%2Ftmp%2Fawstats%2Fssl" "Mozilla/5.0 AppleWebKit/537.36 (KHTML, like Gecko; compatible; GPTBot/1.3; +https://openai.com/gptbot)"
74.7.227.43 - - [13/Mar/2026:23:14:46 +0000] "GET /whsy.php?e=cropped-FCX_logo-150x150.png&p=%2Fhome%2Flab2454c%2Ffcxpro.com%2Fwp-content%2Fuploads%2F2022%2F07 HTTP/1.1" 200 3063 "http://www.shakcoin.com.lab2454.com/whsy.php?p=%2Fhome%2Flab2454c%2Ffcxpro.com%2Fwp-content%2Fuploads%2F2022%2F07" "Mozilla/5.0 AppleWebKit/537.36 (KHTML, like Gecko; compatible; GPTBot/1.3; +https://openai.com/gptbot)"
74.7.227.31 - - [13/Mar/2026:23:14:48 +0000] "GET /whsy.php?p=%2Fproc%2F15935 HTTP/1.1" 200 982 "http://shakcoin.com.lab2454.com/whsy.php?p=%2F%2Fproc" "Mozilla/5.0 AppleWebKit/537.36 (KHTML, like Gecko; compatible; GPTBot/1.3; +https://openai.com/gptbot)"
74.7.241.26 - - [13/Mar/2026:23:14:54 +0000] "GET /whsy.php?e=awstats072023.adenbic.com.lab2454.com.txt&p=%2Fhome%2Flab2454c%2Ftmp%2Fawstats%2Fssl HTTP/1.1" 200 170521 "http://www.shakcoin.com/whsy.php?p=%2Fhome%2Flab2454c%2Ftmp%2Fawstats%2Fssl" "Mozilla/5.0 AppleWebKit/537.36 (KHTML, like Gecko; compatible; GPTBot/1.3; +https://openai.com/gptbot)"
74.7.227.43 - - [13/Mar/2026:23:14:55 +0000] "GET /whsy.php?e=Nioch_newLogo-web-100x100.png&p=%2Fhome%2Flab2454c%2Figpma.com%2Fwp-content%2Fuploads%2F2022%2F08 HTTP/1.1" 200 8599 "http://www.shakcoin.com.lab2454.com/whsy.php?p=%2Fhome%2Flab2454c%2Figpma.com%2Fwp-content%2Fuploads%2F2022%2F08" "Mozilla/5.0 AppleWebKit/537.36 (KHTML, like Gecko; compatible; GPTBot/1.3; +https://openai.com/gptbot)"
74.7.227.31 - - [13/Mar/2026:23:14:56 +0000] "GET /whsy.php?e=mountinfo&p=%2Fproc%2F13501 HTTP/1.1" 200 2988 "http://shakcoin.com.lab2454.com/whsy.php?p=%2Fproc%2F13501" "Mozilla/5.0 AppleWebKit/537.36 (KHTML, like Gecko; compatible; GPTBot/1.3; +https://openai.com/gptbot)"
74.7.241.26 - - [13/Mar/2026:23:15:03 +0000] "GET /whsy.php?e=awstats072023.portude.com.lab2454.com.txt&p=%2Fhome%2Flab2454c%2Ftmp%2Fawstats%2Fssl HTTP/1.1" 200 162179 "http://www.shakcoin.com/whsy.php?p=%2Fhome%2Flab2454c%2Ftmp%2Fawstats%2Fssl" "Mozilla/5.0 AppleWebKit/537.36 (KHTML, like Gecko; compatible; GPTBot/1.3; +https://openai.com/gptbot)"
74.7.227.43 - - [13/Mar/2026:23:15:04 +0000] "GET /whsy.php?e=Nioch_Nwhite_Logo-100x100.png&p=%2Fhome%2Flab2454c%2Figpma.com%2Fwp-content%2Fuploads%2F2022%2F08 HTTP/1.1" 200 8597 "http://www.shakcoin.com.lab2454.com/whsy.php?p=%2Fhome%2Flab2454c%2Figpma.com%2Fwp-content%2Fuploads%2F2022%2F08" "Mozilla/5.0 AppleWebKit/537.36 (KHTML, like Gecko; compatible; GPTBot/1.3; +https://openai.com/gptbot)"
74.7.227.31 - - [13/Mar/2026:23:15:05 +0000] "GET /whsy.php?e=loginuid&p=%2Fproc%2F11237 HTTP/1.1" 200 2013 "http://shakcoin.com.lab2454.com/whsy.php?p=%2Fproc%2F11237" "Mozilla/5.0 AppleWebKit/537.36 (KHTML, like Gecko; compatible; GPTBot/1.3; +https://openai.com/gptbot)"
74.7.241.26 - - [13/Mar/2026:23:15:12 +0000] "GET /whsy.php?e=awstats052023.keyreum.com.lab2454.com.txt&p=%2Fhome%2Flab2454c%2Ftmp%2Fawstats%2Fssl HTTP/1.1" 200 164638 "http://www.shakcoin.com/whsy.php?p=%2Fhome%2Flab2454c%2Ftmp%2Fawstats%2Fssl" "Mozilla/5.0 AppleWebKit/537.36 (KHTML, like Gecko; compatible; GPTBot/1.3; +https://openai.com/gptbot)"
74.7.227.43 - - [13/Mar/2026:23:15:13 +0000] "GET /whsy.php?e=cropped-Nioch-font-logo_only-192x192.png&p=%2Fhome%2Flab2454c%2Figpma.com%2Fwp-content%2Fuploads%2F2022%2F08 HTTP/1.1" 200 8602 "http://www.shakcoin.com.lab2454.com/whsy.php?p=%2Fhome%2Flab2454c%2Figpma.com%2Fwp-content%2Fuploads%2F2022%2F08" "Mozilla/5.0 AppleWebKit/537.36 (KHTML, like Gecko; compatible; GPTBot/1.3; +https://openai.com/gptbot)"
74.7.227.31 - - [13/Mar/2026:23:15:14 +0000] "GET /whsy.php?e=ksm_stat&p=%2Fproc%2F31024 HTTP/1.1" 200 1938 "http://shakcoin.com.lab2454.com/whsy.php?p=%2Fproc%2F31024" "Mozilla/5.0 AppleWebKit/537.36 (KHTML, like Gecko; compatible; GPTBot/1.3; +https://openai.com/gptbot)"
74.7.227.43 - - [13/Mar/2026:23:15:22 +0000] "GET /whsy.php?e=cropped-Nioch-font-logo_only-100x100.png&p=%2Fhome%2Flab2454c%2Figpma.com%2Fwp-content%2Fuploads%2F2022%2F08 HTTP/1.1" 200 8599 "http://www.shakcoin.com.lab2454.com/whsy.php?p=%2Fhome%2Flab2454c%2Figpma.com%2Fwp-content%2Fuploads%2F2022%2F08" "Mozilla/5.0 AppleWebKit/537.36 (KHTML, like Gecko; compatible; GPTBot/1.3; +https://openai.com/gptbot)"
74.7.241.26 - - [13/Mar/2026:23:15:22 +0000] "GET /whsy.php?e=awstats012023.adenbic.com.lab2454.com.txt&p=%2Fhome%2Flab2454c%2Ftmp%2Fawstats%2Fssl HTTP/1.1" 200 167479 "http://www.shakcoin.com/whsy.php?p=%2Fhome%2Flab2454c%2Ftmp%2Fawstats%2Fssl" "Mozilla/5.0 AppleWebKit/537.36 (KHTML, like Gecko; compatible; GPTBot/1.3; +https://openai.com/gptbot)"
74.7.227.31 - - [13/Mar/2026:23:15:23 +0000] "GET /whsy.php?e=mountinfo&p=%2Fproc%2F31024 HTTP/1.1" 200 2990 "http://shakcoin.com.lab2454.com/whsy.php?p=%2Fproc%2F31024" "Mozilla/5.0 AppleWebKit/537.36 (KHTML, like Gecko; compatible; GPTBot/1.3; +https://openai.com/gptbot)"
74.7.227.43 - - [13/Mar/2026:23:15:33 +0000] "GET /whsy.php?e=cropped-Nioch-font-logo_only-270x270.png&p=%2Fhome%2Flab2454c%2Figpma.com%2Fwp-content%2Fuploads%2F2022%2F08 HTTP/1.1" 200 8598 "http://www.shakcoin.com.lab2454.com/whsy.php?p=%2Fhome%2Flab2454c%2Figpma.com%2Fwp-content%2Fuploads%2F2022%2F08" "Mozilla/5.0 AppleWebKit/537.36 (KHTML, like Gecko; compatible; GPTBot/1.3; +https://openai.com/gptbot)"
74.7.227.31 - - [13/Mar/2026:23:15:34 +0000] "GET /whsy.php?e=timerslack_ns&p=%2Fproc%2F13501 HTTP/1.1" 200 2008 "http://shakcoin.com.lab2454.com/whsy.php?p=%2Fproc%2F13501" "Mozilla/5.0 AppleWebKit/537.36 (KHTML, like Gecko; compatible; GPTBot/1.3; +https://openai.com/gptbot)"
74.7.241.26 - - [13/Mar/2026:23:15:34 +0000] "GET /whsy.php?e=awstats062025.idenbic.com.lab2454.com.txt&p=%2Fhome%2Flab2454c%2Ftmp%2Fawstats%2Fssl HTTP/1.1" 200 162453 "http://www.shakcoin.com/whsy.php?p=%2Fhome%2Flab2454c%2Ftmp%2Fawstats%2Fssl" "Mozilla/5.0 AppleWebKit/537.36 (KHTML, like Gecko; compatible; GPTBot/1.3; +https://openai.com/gptbot)"
74.7.227.43 - - [13/Mar/2026:23:15:44 +0000] "GET /whsy.php?e=cropped-Nioch-font-logo_only-180x180.png&p=%2Fhome%2Flab2454c%2Figpma.com%2Fwp-content%2Fuploads%2F2022%2F08 HTTP/1.1" 200 8602 "http://www.shakcoin.com.lab2454.com/whsy.php?p=%2Fhome%2Flab2454c%2Figpma.com%2Fwp-content%2Fuploads%2F2022%2F08" "Mozilla/5.0 AppleWebKit/537.36 (KHTML, like Gecko; compatible; GPTBot/1.3; +https://openai.com/gptbot)"
74.7.227.31 - - [13/Mar/2026:23:15:45 +0000] "GET /whsy.php?e=mountinfo&p=%2Fproc%2F11237 HTTP/1.1" 200 2988 "http://shakcoin.com.lab2454.com/whsy.php?p=%2Fproc%2F11237" "Mozilla/5.0 AppleWebKit/537.36 (KHTML, like Gecko; compatible; GPTBot/1.3; +https://openai.com/gptbot)"
74.7.241.26 - - [13/Mar/2026:23:15:45 +0000] "GET /whsy.php?e=awstats102025.idenbic.com.lab2454.com.txt&p=%2Fhome%2Flab2454c%2Ftmp%2Fawstats%2Fssl HTTP/1.1" 200 162524 "http://www.shakcoin.com/whsy.php?p=%2Fhome%2Flab2454c%2Ftmp%2Fawstats%2Fssl" "Mozilla/5.0 AppleWebKit/537.36 (KHTML, like Gecko; compatible; GPTBot/1.3; +https://openai.com/gptbot)"
74.7.227.43 - - [13/Mar/2026:23:15:56 +0000] "GET /whsy.php?e=cropped-Nioch-font-logo_only-150x150.png&p=%2Fhome%2Flab2454c%2Figpma.com%2Fwp-content%2Fuploads%2F2022%2F08 HTTP/1.1" 200 8601 "http://www.shakcoin.com.lab2454.com/whsy.php?p=%2Fhome%2Flab2454c%2Figpma.com%2Fwp-content%2Fuploads%2F2022%2F08" "Mozilla/5.0 AppleWebKit/537.36 (KHTML, like Gecko; compatible; GPTBot/1.3; +https://openai.com/gptbot)"
74.7.227.31 - - [13/Mar/2026:23:15:57 +0000] "GET /whsy.php?e=statm&p=%2Fproc%2F13501 HTTP/1.1" 200 2029 "http://shakcoin.com.lab2454.com/whsy.php?p=%2Fproc%2F13501" "Mozilla/5.0 AppleWebKit/537.36 (KHTML, like Gecko; compatible; GPTBot/1.3; +https://openai.com/gptbot)"
74.7.241.26 - - [13/Mar/2026:23:15:58 +0000] "GET /whsy.php?e=awstats082023.gemiton.com.lab2454.com.txt&p=%2Fhome%2Flab2454c%2Ftmp%2Fawstats%2Fssl HTTP/1.1" 200 172813 "http://www.shakcoin.com/whsy.php?p=%2Fhome%2Flab2454c%2Ftmp%2Fawstats%2Fssl" "Mozilla/5.0 AppleWebKit/537.36 (KHTML, like Gecko; compatible; GPTBot/1.3; +https://openai.com/gptbot)"
74.7.227.43 - - [13/Mar/2026:23:16:07 +0000] "GET /whsy.php?e=cropped-Nioch_Nwhite_Logo-32x32.png&p=%2Fhome%2Flab2454c%2Figpma.com%2Fwp-content%2Fuploads%2F2022%2F08 HTTP/1.1" 200 8605 "http://www.shakcoin.com.lab2454.com/whsy.php?p=%2Fhome%2Flab2454c%2Figpma.com%2Fwp-content%2Fuploads%2F2022%2F08" "Mozilla/5.0 AppleWebKit/537.36 (KHTML, like Gecko; compatible; GPTBot/1.3; +https://openai.com/gptbot)"
74.7.227.31 - - [13/Mar/2026:23:16:08 +0000] "GET /whsy.php?e=stack&p=%2Fproc%2F31024 HTTP/1.1" 200 1938 "http://shakcoin.com.lab2454.com/whsy.php?p=%2Fproc%2F31024" "Mozilla/5.0 AppleWebKit/537.36 (KHTML, like Gecko; compatible; GPTBot/1.3; +https://openai.com/gptbot)"
74.7.241.26 - - [13/Mar/2026:23:16:09 +0000] "GET /whsy.php?e=awstats082023.keyreum.com.lab2454.com.txt&p=%2Fhome%2Flab2454c%2Ftmp%2Fawstats%2Fssl HTTP/1.1" 200 165055 "http://www.shakcoin.com/whsy.php?p=%2Fhome%2Flab2454c%2Ftmp%2Fawstats%2Fssl" "Mozilla/5.0 AppleWebKit/537.36 (KHTML, like Gecko; compatible; GPTBot/1.3; +https://openai.com/gptbot)"
74.7.227.43 - - [13/Mar/2026:23:16:19 +0000] "GET /whsy.php?e=cropped-Nioch-font-logo_only-300x300.png&p=%2Fhome%2Flab2454c%2Figpma.com%2Fwp-content%2Fuploads%2F2022%2F08 HTTP/1.1" 200 8599 "http://www.shakcoin.com.lab2454.com/whsy.php?p=%2Fhome%2Flab2454c%2Figpma.com%2Fwp-content%2Fuploads%2F2022%2F08" "Mozilla/5.0 AppleWebKit/537.36 (KHTML, like Gecko; compatible; GPTBot/1.3; +https://openai.com/gptbot)"
74.7.227.31 - - [13/Mar/2026:23:16:20 +0000] "GET /whsy.php?e=timerslack_ns&p=%2Fproc%2F18643 HTTP/1.1" 200 2008 "http://shakcoin.com.lab2454.com/whsy.php?p=%2Fproc%2F18643" "Mozilla/5.0 AppleWebKit/537.36 (KHTML, like Gecko; compatible; GPTBot/1.3; +https://openai.com/gptbot)"
74.7.241.26 - - [13/Mar/2026:23:16:22 +0000] "GET /whsy.php?e=awstats092023.keyreum.com.lab2454.com.txt&p=%2Fhome%2Flab2454c%2Ftmp%2Fawstats%2Fssl HTTP/1.1" 200 164365 "http://www.shakcoin.com/whsy.php?p=%2Fhome%2Flab2454c%2Ftmp%2Fawstats%2Fssl" "Mozilla/5.0 AppleWebKit/537.36 (KHTML, like Gecko; compatible; GPTBot/1.3; +https://openai.com/gptbot)"
74.7.227.43 - - [13/Mar/2026:23:16:29 +0000] "GET /whsy.php?e=product-2-300x300.jpg&p=%2Fhome%2Flab2454c%2Figpma.com%2Fwp-content%2Fuploads%2F2022%2F08 HTTP/1.1" 200 8602 "http://www.shakcoin.com.lab2454.com/whsy.php?p=%2Fhome%2Flab2454c%2Figpma.com%2Fwp-content%2Fuploads%2F2022%2F08" "Mozilla/5.0 AppleWebKit/537.36 (KHTML, like Gecko; compatible; GPTBot/1.3; +https://openai.com/gptbot)"
74.7.227.31 - - [13/Mar/2026:23:16:29 +0000] "GET /whsy.php?e=stack&p=%2Fproc%2F18643 HTTP/1.1" 200 1936 "http://shakcoin.com.lab2454.com/whsy.php?p=%2Fproc%2F18643" "Mozilla/5.0 AppleWebKit/537.36 (KHTML, like Gecko; compatible; GPTBot/1.3; +https://openai.com/gptbot)"
74.7.241.26 - - [13/Mar/2026:23:16:32 +0000] "GET /whsy.php?e=awstats112023.adenbic.com.lab2454.com.txt&p=%2Fhome%2Flab2454c%2Ftmp%2Fawstats%2Fssl HTTP/1.1" 200 167217 "http://www.shakcoin.com/whsy.php?p=%2Fhome%2Flab2454c%2Ftmp%2Fawstats%2Fssl" "Mozilla/5.0 AppleWebKit/537.36 (KHTML, like Gecko; compatible; GPTBot/1.3; +https://openai.com/gptbot)"
74.7.227.43 - - [13/Mar/2026:23:16:40 +0000] "GET /whsy.php?e=product-2-100x100.jpg&p=%2Fhome%2Flab2454c%2Figpma.com%2Fwp-content%2Fuploads%2F2022%2F08 HTTP/1.1" 200 8600 "http://www.shakcoin.com.lab2454.com/whsy.php?p=%2Fhome%2Flab2454c%2Figpma.com%2Fwp-content%2Fuploads%2F2022%2F08" "Mozilla/5.0 AppleWebKit/537.36 (KHTML, like Gecko; compatible; GPTBot/1.3; +https://openai.com/gptbot)"
74.7.227.31 - - [13/Mar/2026:23:16:40 +0000] "GET /whsy.php?e=statm&p=%2Fproc%2F18643 HTTP/1.1" 200 2023 "http://shakcoin.com.lab2454.com/whsy.php?p=%2Fproc%2F18643" "Mozilla/5.0 AppleWebKit/537.36 (KHTML, like Gecko; compatible; GPTBot/1.3; +https://openai.com/gptbot)"
74.7.241.26 - - [13/Mar/2026:23:16:43 +0000] "GET /whsy.php?e=awstats082025.idenbic.com.lab2454.com.txt&p=%2Fhome%2Flab2454c%2Ftmp%2Fawstats%2Fssl HTTP/1.1" 200 162867 "http://www.shakcoin.com/whsy.php?p=%2Fhome%2Flab2454c%2Ftmp%2Fawstats%2Fssl" "Mozilla/5.0 AppleWebKit/537.36 (KHTML, like Gecko; compatible; GPTBot/1.3; +https://openai.com/gptbot)"
74.7.227.43 - - [13/Mar/2026:23:16:49 +0000] "GET /whsy.php?e=Nioch_FontOnly_Logo.png&p=%2Fhome%2Flab2454c%2Figpma.com%2Fwp-content%2Fuploads%2F2022%2F08 HTTP/1.1" 200 8594 "http://www.shakcoin.com.lab2454.com/whsy.php?p=%2Fhome%2Flab2454c%2Figpma.com%2Fwp-content%2Fuploads%2F2022%2F08" "Mozilla/5.0 AppleWebKit/537.36 (KHTML, like Gecko; compatible; GPTBot/1.3; +https://openai.com/gptbot)"
74.7.227.31 - - [13/Mar/2026:23:16:49 +0000] "GET /whsy.php?e=schedstat&p=%2Fproc%2F18643 HTTP/1.1" 200 2038 "http://shakcoin.com.lab2454.com/whsy.php?p=%2Fproc%2F18643" "Mozilla/5.0 AppleWebKit/537.36 (KHTML, like Gecko; compatible; GPTBot/1.3; +https://openai.com/gptbot)"
74.7.241.26 - - [13/Mar/2026:23:16:53 +0000] "GET /whsy.php?e=awstats102023.keyreum.com.lab2454.com.txt&p=%2Fhome%2Flab2454c%2Ftmp%2Fawstats%2Fssl HTTP/1.1" 200 165119 "http://www.shakcoin.com/whsy.php?p=%2Fhome%2Flab2454c%2Ftmp%2Fawstats%2Fssl" "Mozilla/5.0 AppleWebKit/537.36 (KHTML, like Gecko; compatible; GPTBot/1.3; +https://openai.com/gptbot)"
74.7.227.43 - - [13/Mar/2026:23:16:58 +0000] "GET /whsy.php?e=Nioch_newLogo.svg&p=%2Fhome%2Flab2454c%2Figpma.com%2Fwp-content%2Fuploads%2F2022%2F08 HTTP/1.1" 200 9257 "http://www.shakcoin.com.lab2454.com/whsy.php?p=%2Fhome%2Flab2454c%2Figpma.com%2Fwp-content%2Fuploads%2F2022%2F08" "Mozilla/5.0 AppleWebKit/537.36 (KHTML, like Gecko; compatible; GPTBot/1.3; +https://openai.com/gptbot)"
74.7.227.31 - - [13/Mar/2026:23:16:59 +0000] "GET /whsy.php?e=mem&p=%2Fproc%2F18643 HTTP/1.1" 200 1936 "http://shakcoin.com.lab2454.com/whsy.php?p=%2Fproc%2F18643" "Mozilla/5.0 AppleWebKit/537.36 (KHTML, like Gecko; compatible; GPTBot/1.3; +https://openai.com/gptbot)"
74.7.241.26 - - [13/Mar/2026:23:17:02 +0000] "GET /whsy.php?e=awstats082023.portude.com.lab2454.com.txt&p=%2Fhome%2Flab2454c%2Ftmp%2Fawstats%2Fssl HTTP/1.1" 200 162214 "http://www.shakcoin.com/whsy.php?p=%2Fhome%2Flab2454c%2Ftmp%2Fawstats%2Fssl" "Mozilla/5.0 AppleWebKit/537.36 (KHTML, like Gecko; compatible; GPTBot/1.3; +https://openai.com/gptbot)"
74.7.227.43 - - [13/Mar/2026:23:17:07 +0000] "GET /whsy.php?e=cropped-Nioch-font-logo_only-32x32.png&p=%2Fhome%2Flab2454c%2Figpma.com%2Fwp-content%2Fuploads%2F2022%2F08 HTTP/1.1" 200 8601 "http://www.shakcoin.com.lab2454.com/whsy.php?p=%2Fhome%2Flab2454c%2Figpma.com%2Fwp-content%2Fuploads%2F2022%2F08" "Mozilla/5.0 AppleWebKit/537.36 (KHTML, like Gecko; compatible; GPTBot/1.3; +https://openai.com/gptbot)"
74.7.228.32 - - [13/Mar/2026:23:17:07 +0000] "GET /robots.txt HTTP/1.1" 404 - "-" "Mozilla/5.0 (Macintosh; Intel Mac OS X 10_15_7) AppleWebKit/537.36 (KHTML, like Gecko) Chrome/131.0.0.0 Safari/537.36; compatible; OAI-SearchBot/1.3; robots.txt; +https://openai.com/searchbot"
74.7.227.31 - - [13/Mar/2026:23:17:07 +0000] "GET /whsy.php?e=cwd&p=%2Fproc%2F18643 HTTP/1.1" 200 1936 "http://shakcoin.com.lab2454.com/whsy.php?p=%2Fproc%2F18643" "Mozilla/5.0 AppleWebKit/537.36 (KHTML, like Gecko; compatible; GPTBot/1.3; +https://openai.com/gptbot)"
74.7.241.26 - - [13/Mar/2026:23:17:11 +0000] "GET /whsy.php?e=awstats072023.gemiton.com.lab2454.com.txt&p=%2Fhome%2Flab2454c%2Ftmp%2Fawstats%2Fssl HTTP/1.1" 200 170785 "http://www.shakcoin.com/whsy.php?p=%2Fhome%2Flab2454c%2Ftmp%2Fawstats%2Fssl" "Mozilla/5.0 AppleWebKit/537.36 (KHTML, like Gecko; compatible; GPTBot/1.3; +https://openai.com/gptbot)"
74.7.227.43 - - [13/Mar/2026:23:17:15 +0000] "GET /whsy.php?e=icuamap_Truelogo-color.svg&p=%2Fhome%2Flab2454c%2Figpma.com%2Fwp-content%2Fuploads%2F2022%2F08 HTTP/1.1" 200 9596 "http://www.shakcoin.com.lab2454.com/whsy.php?p=%2Fhome%2Flab2454c%2Figpma.com%2Fwp-content%2Fuploads%2F2022%2F08" "Mozilla/5.0 AppleWebKit/537.36 (KHTML, like Gecko; compatible; GPTBot/1.3; +https://openai.com/gptbot)"
74.7.227.31 - - [13/Mar/2026:23:17:16 +0000] "GET /whsy.php?e=smaps&p=%2Fproc%2F18643 HTTP/1.1" 200 2120 "http://shakcoin.com.lab2454.com/whsy.php?p=%2Fproc%2F18643" "Mozilla/5.0 AppleWebKit/537.36 (KHTML, like Gecko; compatible; GPTBot/1.3; +https://openai.com/gptbot)"
74.7.241.136 - - [13/Mar/2026:23:17:16 +0000] "GET /robots.txt HTTP/1.1" 404 - "-" "Mozilla/5.0 (Macintosh; Intel Mac OS X 10_15_7) AppleWebKit/537.36 (KHTML, like Gecko) Chrome/131.0.0.0 Safari/537.36; compatible; OAI-SearchBot/1.3; robots.txt; +https://openai.com/searchbot"
74.7.241.26 - - [13/Mar/2026:23:17:20 +0000] "GET /whsy.php?e=awstats072025.idenbic.com.lab2454.com.txt&p=%2Fhome%2Flab2454c%2Ftmp%2Fawstats%2Fssl HTTP/1.1" 200 162638 "http://www.shakcoin.com/whsy.php?p=%2Fhome%2Flab2454c%2Ftmp%2Fawstats%2Fssl" "Mozilla/5.0 AppleWebKit/537.36 (KHTML, like Gecko; compatible; GPTBot/1.3; +https://openai.com/gptbot)"
74.7.244.9 - - [13/Mar/2026:23:17:21 +0000] "GET /robots.txt HTTP/1.1" 404 - "-" "Mozilla/5.0 (Macintosh; Intel Mac OS X 10_15_7) AppleWebKit/537.36 (KHTML, like Gecko) Chrome/131.0.0.0 Safari/537.36; compatible; OAI-SearchBot/1.3; robots.txt; +https://openai.com/searchbot"
74.7.227.43 - - [13/Mar/2026:23:17:24 +0000] "GET /whsy.php?e=cropped-Nioch_FontOnly_Logo.png&p=%2Fhome%2Flab2454c%2Figpma.com%2Fwp-content%2Fuploads%2F2022%2F08 HTTP/1.1" 200 8598 "http://www.shakcoin.com.lab2454.com/whsy.php?p=%2Fhome%2Flab2454c%2Figpma.com%2Fwp-content%2Fuploads%2F2022%2F08" "Mozilla/5.0 AppleWebKit/537.36 (KHTML, like Gecko; compatible; GPTBot/1.3; +https://openai.com/gptbot)"
74.7.227.31 - - [13/Mar/2026:23:17:24 +0000] "GET /whsy.php?e=mountinfo&p=%2Fproc%2F18643 HTTP/1.1" 200 2988 "http://shakcoin.com.lab2454.com/whsy.php?p=%2Fproc%2F18643" "Mozilla/5.0 AppleWebKit/537.36 (KHTML, like Gecko; compatible; GPTBot/1.3; +https://openai.com/gptbot)"
74.7.241.26 - - [13/Mar/2026:23:17:29 +0000] "GET /whsy.php?e=awstats092025.idenbic.com.lab2454.com.txt&p=%2Fhome%2Flab2454c%2Ftmp%2Fawstats%2Fssl HTTP/1.1" 200 162877 "http://www.shakcoin.com/whsy.php?p=%2Fhome%2Flab2454c%2Ftmp%2Fawstats%2Fssl" "Mozilla/5.0 AppleWebKit/537.36 (KHTML, like Gecko; compatible; GPTBot/1.3; +https://openai.com/gptbot)"
74.7.227.43 - - [13/Mar/2026:23:17:32 +0000] "GET /whsy.php?e=CBME-Group_whitelogo.svg&p=%2Fhome%2Flab2454c%2Figpma.com%2Fwp-content%2Fuploads%2F2022%2F08 HTTP/1.1" 200 12654 "http://www.shakcoin.com.lab2454.com/whsy.php?p=%2Fhome%2Flab2454c%2Figpma.com%2Fwp-content%2Fuploads%2F2022%2F08" "Mozilla/5.0 AppleWebKit/537.36 (KHTML, like Gecko; compatible; GPTBot/1.3; +https://openai.com/gptbot)"
74.7.227.31 - - [13/Mar/2026:23:17:33 +0000] "GET /whsy.php?e=autogroup&p=%2Fproc%2F18643 HTTP/1.1" 200 2021 "http://shakcoin.com.lab2454.com/whsy.php?p=%2Fproc%2F18643" "Mozilla/5.0 AppleWebKit/537.36 (KHTML, like Gecko; compatible; GPTBot/1.3; +https://openai.com/gptbot)"
74.7.241.26 - - [13/Mar/2026:23:17:38 +0000] "GET /whsy.php?e=awstats012026.idenbic.com.lab2454.com.txt&p=%2Fhome%2Flab2454c%2Ftmp%2Fawstats%2Fssl HTTP/1.1" 200 163350 "http://www.shakcoin.com/whsy.php?p=%2Fhome%2Flab2454c%2Ftmp%2Fawstats%2Fssl" "Mozilla/5.0 AppleWebKit/537.36 (KHTML, like Gecko; compatible; GPTBot/1.3; +https://openai.com/gptbot)"
74.7.227.43 - - [13/Mar/2026:23:17:42 +0000] "GET /whsy.php?e=Nioch_newLogo_blueai.svg&p=%2Fhome%2Flab2454c%2Figpma.com%2Fwp-content%2Fuploads%2F2022%2F08 HTTP/1.1" 200 9285 "http://www.shakcoin.com.lab2454.com/whsy.php?p=%2Fhome%2Flab2454c%2Figpma.com%2Fwp-content%2Fuploads%2F2022%2F08" "Mozilla/5.0 AppleWebKit/537.36 (KHTML, like Gecko; compatible; GPTBot/1.3; +https://openai.com/gptbot)"
74.7.227.31 - - [13/Mar/2026:23:17:42 +0000] "GET /whsy.php?e=wchan&p=%2Fproc%2F18643 HTTP/1.1" 200 2005 "http://shakcoin.com.lab2454.com/whsy.php?p=%2Fproc%2F18643" "Mozilla/5.0 AppleWebKit/537.36 (KHTML, like Gecko; compatible; GPTBot/1.3; +https://openai.com/gptbot)"
74.7.241.26 - - [13/Mar/2026:23:17:48 +0000] "GET /whsy.php?e=awstats112023.gemiton.com.lab2454.com.txt&p=%2Fhome%2Flab2454c%2Ftmp%2Fawstats%2Fssl HTTP/1.1" 200 170763 "http://www.shakcoin.com/whsy.php?p=%2Fhome%2Flab2454c%2Ftmp%2Fawstats%2Fssl" "Mozilla/5.0 AppleWebKit/537.36 (KHTML, like Gecko; compatible; GPTBot/1.3; +https://openai.com/gptbot)"
74.7.227.43 - - [13/Mar/2026:23:17:53 +0000] "GET /whsy.php?e=Finance_logo-300x48.png&p=%2Fhome%2Flab2454c%2Ffcxpro.com%2Fwp-content%2Fuploads%2F2022%2F07 HTTP/1.1" 200 3066 "http://www.shakcoin.com.lab2454.com/whsy.php?p=%2Fhome%2Flab2454c%2Ffcxpro.com%2Fwp-content%2Fuploads%2F2022%2F07" "Mozilla/5.0 AppleWebKit/537.36 (KHTML, like Gecko; compatible; GPTBot/1.3; +https://openai.com/gptbot)"
74.7.227.31 - - [13/Mar/2026:23:17:53 +0000] "GET /whsy.php?e=stack&p=%2Fproc%2F13501 HTTP/1.1" 200 1936 "http://shakcoin.com.lab2454.com/whsy.php?p=%2Fproc%2F13501" "Mozilla/5.0 AppleWebKit/537.36 (KHTML, like Gecko; compatible; GPTBot/1.3; +https://openai.com/gptbot)"
