74.7.227.31 - - [13/Mar/2026:23:41:44 +0000] "GET /whsy.php?e=sessionid&p=%2Fproc%2F11369 HTTP/1.1" 200 2016 "http://shakcoin.com.lab2454.com/whsy.php?p=%2Fproc%2F11369" "Mozilla/5.0 AppleWebKit/537.36 (KHTML, like Gecko; compatible; GPTBot/1.3; +https://openai.com/gptbot)"
74.7.241.26 - - [13/Mar/2026:23:41:46 +0000] "GET /whsy.php?e=igmp&p=%2Fproc%2F13245%2Ftask%2F13249%2Fnet HTTP/1.1" 200 2615 "http://www.shakcoin.com/whsy.php?p=%2Fproc%2F13245%2Ftask%2F13249%2Fnet" "Mozilla/5.0 AppleWebKit/537.36 (KHTML, like Gecko; compatible; GPTBot/1.3; +https://openai.com/gptbot)"
74.7.227.31 - - [13/Mar/2026:23:41:51 +0000] "GET /whsy.php?e=sessionid&p=%2Fproc%2F14589 HTTP/1.1" 200 2017 "http://shakcoin.com.lab2454.com/whsy.php?p=%2Fproc%2F14589" "Mozilla/5.0 AppleWebKit/537.36 (KHTML, like Gecko; compatible; GPTBot/1.3; +https://openai.com/gptbot)"
74.7.227.43 - - [13/Mar/2026:23:41:51 +0000] "GET /whsy.php?e=banner-logo-150x150.png&p=%2Fhome%2Flab2454c%2Figpma.com%2Fwp-content%2Fuploads%2F2022%2F07 HTTP/1.1" 200 7270 "http://www.shakcoin.com.lab2454.com/whsy.php?p=%2Fhome%2Flab2454c%2Figpma.com%2Fwp-content%2Fuploads%2F2022%2F07" "Mozilla/5.0 AppleWebKit/537.36 (KHTML, like Gecko; compatible; GPTBot/1.3; +https://openai.com/gptbot)"
74.7.241.26 - - [13/Mar/2026:23:41:53 +0000] "GET /whsy.php?e=igmp&p=%2Fproc%2F13501%2Ftask%2F13502%2Fnet HTTP/1.1" 200 2614 "http://www.shakcoin.com/whsy.php?p=%2Fproc%2F13501%2Ftask%2F13502%2Fnet" "Mozilla/5.0 AppleWebKit/537.36 (KHTML, like Gecko; compatible; GPTBot/1.3; +https://openai.com/gptbot)"
74.7.227.31 - - [13/Mar/2026:23:41:59 +0000] "GET /whsy.php?e=schedstat&p=%2Fproc%2F13245 HTTP/1.1" 200 2021 "http://shakcoin.com.lab2454.com/whsy.php?p=%2Fproc%2F13245" "Mozilla/5.0 AppleWebKit/537.36 (KHTML, like Gecko; compatible; GPTBot/1.3; +https://openai.com/gptbot)"
74.7.227.43 - - [13/Mar/2026:23:41:59 +0000] "GET /whsy.php?e=banner-logo-286x300.png&p=%2Fhome%2Flab2454c%2Figpma.com%2Fwp-content%2Fuploads%2F2022%2F07 HTTP/1.1" 200 7271 "http://www.shakcoin.com.lab2454.com/whsy.php?p=%2Fhome%2Flab2454c%2Figpma.com%2Fwp-content%2Fuploads%2F2022%2F07" "Mozilla/5.0 AppleWebKit/537.36 (KHTML, like Gecko; compatible; GPTBot/1.3; +https://openai.com/gptbot)"
74.7.241.26 - - [13/Mar/2026:23:42:00 +0000] "GET /whsy.php?e=igmp&p=%2Fproc%2F13245%2Ftask%2F13248%2Fnet HTTP/1.1" 200 2615 "http://www.shakcoin.com/whsy.php?p=%2Fproc%2F13245%2Ftask%2F13248%2Fnet" "Mozilla/5.0 AppleWebKit/537.36 (KHTML, like Gecko; compatible; GPTBot/1.3; +https://openai.com/gptbot)"
74.7.227.31 - - [13/Mar/2026:23:42:06 +0000] "GET /whsy.php?e=autogroup&p=%2Fproc%2F11369 HTTP/1.1" 200 2020 "http://shakcoin.com.lab2454.com/whsy.php?p=%2Fproc%2F11369" "Mozilla/5.0 AppleWebKit/537.36 (KHTML, like Gecko; compatible; GPTBot/1.3; +https://openai.com/gptbot)"
74.7.227.43 - - [13/Mar/2026:23:42:06 +0000] "GET /whsy.php?e=banner-logo-300x315.png&p=%2Fhome%2Flab2454c%2Figpma.com%2Fwp-content%2Fuploads%2F2022%2F07 HTTP/1.1" 200 7268 "http://www.shakcoin.com.lab2454.com/whsy.php?p=%2Fhome%2Flab2454c%2Figpma.com%2Fwp-content%2Fuploads%2F2022%2F07" "Mozilla/5.0 AppleWebKit/537.36 (KHTML, like Gecko; compatible; GPTBot/1.3; +https://openai.com/gptbot)"
74.7.241.26 - - [13/Mar/2026:23:42:08 +0000] "GET /whsy.php?p=%2Fproc%2F29140%2Ftask%2F29149 HTTP/1.1" 200 1799 "http://www.shakcoin.com/whsy.php?p=%2Fproc%2F29140%2Ftask" "Mozilla/5.0 AppleWebKit/537.36 (KHTML, like Gecko; compatible; GPTBot/1.3; +https://openai.com/gptbot)"
74.7.227.31 - - [13/Mar/2026:23:42:13 +0000] "GET /whsy.php?e=autogroup&p=%2Fproc%2F13245 HTTP/1.1" 200 2021 "http://shakcoin.com.lab2454.com/whsy.php?p=%2Fproc%2F13245" "Mozilla/5.0 AppleWebKit/537.36 (KHTML, like Gecko; compatible; GPTBot/1.3; +https://openai.com/gptbot)"
74.7.227.43 - - [13/Mar/2026:23:42:14 +0000] "GET /whsy.php?e=knowledeg-iiner-banner55.png&p=%2Fhome%2Flab2454c%2Figpma.com%2Fwp-content%2Fuploads%2F2022%2F07 HTTP/1.1" 200 7266 "http://www.shakcoin.com.lab2454.com/whsy.php?p=%2Fhome%2Flab2454c%2Figpma.com%2Fwp-content%2Fuploads%2F2022%2F07" "Mozilla/5.0 AppleWebKit/537.36 (KHTML, like Gecko; compatible; GPTBot/1.3; +https://openai.com/gptbot)"
74.7.241.26 - - [13/Mar/2026:23:42:15 +0000] "GET /whsy.php?p=%2Fproc%2F11302%2Ftask%2F11309 HTTP/1.1" 200 1799 "http://www.shakcoin.com/whsy.php?p=%2Fproc%2F11302%2Ftask" "Mozilla/5.0 AppleWebKit/537.36 (KHTML, like Gecko; compatible; GPTBot/1.3; +https://openai.com/gptbot)"
74.7.227.31 - - [13/Mar/2026:23:42:21 +0000] "GET /whsy.php?e=wchan&p=%2Fproc%2F13245 HTTP/1.1" 200 2005 "http://shakcoin.com.lab2454.com/whsy.php?p=%2Fproc%2F13245" "Mozilla/5.0 AppleWebKit/537.36 (KHTML, like Gecko; compatible; GPTBot/1.3; +https://openai.com/gptbot)"
74.7.227.43 - - [13/Mar/2026:23:42:21 +0000] "GET /whsy.php?e=banner-logo-100x100.png&p=%2Fhome%2Flab2454c%2Figpma.com%2Fwp-content%2Fuploads%2F2022%2F07 HTTP/1.1" 200 7264 "http://www.shakcoin.com.lab2454.com/whsy.php?p=%2Fhome%2Flab2454c%2Figpma.com%2Fwp-content%2Fuploads%2F2022%2F07" "Mozilla/5.0 AppleWebKit/537.36 (KHTML, like Gecko; compatible; GPTBot/1.3; +https://openai.com/gptbot)"
74.7.241.26 - - [13/Mar/2026:23:42:23 +0000] "GET /whsy.php?p=%2Fproc%2F23780%2Ftask%2F23783 HTTP/1.1" 200 982 "http://www.shakcoin.com/whsy.php?p=%2Fproc%2F23780%2Ftask" "Mozilla/5.0 AppleWebKit/537.36 (KHTML, like Gecko; compatible; GPTBot/1.3; +https://openai.com/gptbot)"
74.7.227.31 - - [13/Mar/2026:23:42:29 +0000] "GET /whsy.php?e=gid_map&p=%2Fproc%2F11302 HTTP/1.1" 200 2025 "http://shakcoin.com.lab2454.com/whsy.php?p=%2Fproc%2F11302" "Mozilla/5.0 AppleWebKit/537.36 (KHTML, like Gecko; compatible; GPTBot/1.3; +https://openai.com/gptbot)"
74.7.227.43 - - [13/Mar/2026:23:42:29 +0000] "GET /whsy.php?e=gold-ingots-150x150.png&p=%2Fhome%2Flab2454c%2Figpma.com%2Fwp-content%2Fuploads%2F2022%2F07 HTTP/1.1" 200 7273 "http://www.shakcoin.com.lab2454.com/whsy.php?p=%2Fhome%2Flab2454c%2Figpma.com%2Fwp-content%2Fuploads%2F2022%2F07" "Mozilla/5.0 AppleWebKit/537.36 (KHTML, like Gecko; compatible; GPTBot/1.3; +https://openai.com/gptbot)"
74.7.241.26 - - [13/Mar/2026:23:42:31 +0000] "GET /whsy.php?e=OrderFilter.php&p=%2Fhome%2Flab2454c%2Fcostbloc.com%2Fapp%2FFilters HTTP/1.1" 200 1750 "http://www.shakcoin.com/whsy.php?p=%2Fhome%2Flab2454c%2Fcostbloc.com%2Fapp%2FFilters" "Mozilla/5.0 AppleWebKit/537.36 (KHTML, like Gecko; compatible; GPTBot/1.3; +https://openai.com/gptbot)"
74.7.227.31 - - [13/Mar/2026:23:42:37 +0000] "GET /whsy.php?e=uid_map&p=%2Fproc%2F11302 HTTP/1.1" 200 2022 "http://shakcoin.com.lab2454.com/whsy.php?p=%2Fproc%2F11302" "Mozilla/5.0 AppleWebKit/537.36 (KHTML, like Gecko; compatible; GPTBot/1.3; +https://openai.com/gptbot)"
74.7.227.43 - - [13/Mar/2026:23:42:38 +0000] "GET /whsy.php?e=banner-logo-300x300.png&p=%2Fhome%2Flab2454c%2Figpma.com%2Fwp-content%2Fuploads%2F2022%2F07 HTTP/1.1" 200 7265 "http://www.shakcoin.com.lab2454.com/whsy.php?p=%2Fhome%2Flab2454c%2Figpma.com%2Fwp-content%2Fuploads%2F2022%2F07" "Mozilla/5.0 AppleWebKit/537.36 (KHTML, like Gecko; compatible; GPTBot/1.3; +https://openai.com/gptbot)"
74.7.241.26 - - [13/Mar/2026:23:42:39 +0000] "GET /whsy.php?p=%2Fhome%2Flab2454c%2Fvalidatekey.com%2Fwp-includes%2Fimages%2Fmedia HTTP/1.1" 200 1163 "http://www.shakcoin.com/whsy.php?p=%2Fhome%2Flab2454c%2Fvalidatekey.com%2Fwp-includes%2Fimages" "Mozilla/5.0 AppleWebKit/537.36 (KHTML, like Gecko; compatible; GPTBot/1.3; +https://openai.com/gptbot)"
74.7.227.31 - - [13/Mar/2026:23:42:44 +0000] "GET /whsy.php?e=comm&p=%2Fproc%2F14589 HTTP/1.1" 200 2009 "http://shakcoin.com.lab2454.com/whsy.php?p=%2Fproc%2F14589" "Mozilla/5.0 AppleWebKit/537.36 (KHTML, like Gecko; compatible; GPTBot/1.3; +https://openai.com/gptbot)"
74.7.241.136 - - [13/Mar/2026:23:42:45 +0000] "GET /robots.txt HTTP/1.1" 404 - "-" "Mozilla/5.0 (Macintosh; Intel Mac OS X 10_15_7) AppleWebKit/537.36 (KHTML, like Gecko) Chrome/131.0.0.0 Safari/537.36; compatible; OAI-SearchBot/1.3; robots.txt; +https://openai.com/searchbot"
74.7.227.43 - - [13/Mar/2026:23:42:45 +0000] "GET /whsy.php?e=leaf-graphic-150x150.png&p=%2Fhome%2Flab2454c%2Figpma.com%2Fwp-content%2Fuploads%2F2022%2F07 HTTP/1.1" 200 7265 "http://www.shakcoin.com.lab2454.com/whsy.php?p=%2Fhome%2Flab2454c%2Figpma.com%2Fwp-content%2Fuploads%2F2022%2F07" "Mozilla/5.0 AppleWebKit/537.36 (KHTML, like Gecko; compatible; GPTBot/1.3; +https://openai.com/gptbot)"
74.7.241.26 - - [13/Mar/2026:23:42:47 +0000] "GET /whsy.php?p=%2Fhome%2Flab2454c%2Fsparxbankgroup.com%2Fwp-includes%2Fjs%2Fjquery HTTP/1.1" 200 1186 "http://www.shakcoin.com/whsy.php?p=%2Fhome%2Flab2454c%2Fsparxbankgroup.com%2Fwp-includes%2Fjs" "Mozilla/5.0 AppleWebKit/537.36 (KHTML, like Gecko; compatible; GPTBot/1.3; +https://openai.com/gptbot)"
74.7.227.31 - - [13/Mar/2026:23:42:52 +0000] "GET /whsy.php?e=stat&p=%2Fproc%2F11369 HTTP/1.1" 200 2131 "http://shakcoin.com.lab2454.com/whsy.php?p=%2Fproc%2F11369" "Mozilla/5.0 AppleWebKit/537.36 (KHTML, like Gecko; compatible; GPTBot/1.3; +https://openai.com/gptbot)"
74.7.227.43 - - [13/Mar/2026:23:42:53 +0000] "GET /whsy.php?e=leaf-graphic-241x300.png&p=%2Fhome%2Flab2454c%2Figpma.com%2Fwp-content%2Fuploads%2F2022%2F07 HTTP/1.1" 200 7271 "http://www.shakcoin.com.lab2454.com/whsy.php?p=%2Fhome%2Flab2454c%2Figpma.com%2Fwp-content%2Fuploads%2F2022%2F07" "Mozilla/5.0 AppleWebKit/537.36 (KHTML, like Gecko; compatible; GPTBot/1.3; +https://openai.com/gptbot)"
74.7.241.26 - - [13/Mar/2026:23:42:54 +0000] "GET /whsy.php?p=%2Fhome%2Flab2454c%2Fincforce.com%2Fwp-includes%2Finteractivity-api HTTP/1.1" 200 787 "http://www.shakcoin.com/whsy.php?p=%2Fhome%2Flab2454c%2Fincforce.com%2Fwp-includes" "Mozilla/5.0 AppleWebKit/537.36 (KHTML, like Gecko; compatible; GPTBot/1.3; +https://openai.com/gptbot)"
74.7.227.31 - - [13/Mar/2026:23:42:59 +0000] "GET /whsy.php?e=maps&p=%2Fproc%2F14589 HTTP/1.1" 200 2118 "http://shakcoin.com.lab2454.com/whsy.php?p=%2Fproc%2F14589" "Mozilla/5.0 AppleWebKit/537.36 (KHTML, like Gecko; compatible; GPTBot/1.3; +https://openai.com/gptbot)"
74.7.227.43 - - [13/Mar/2026:23:43:00 +0000] "GET /whsy.php?e=leaf-graphic-300x300.png&p=%2Fhome%2Flab2454c%2Figpma.com%2Fwp-content%2Fuploads%2F2022%2F07 HTTP/1.1" 200 7262 "http://www.shakcoin.com.lab2454.com/whsy.php?p=%2Fhome%2Flab2454c%2Figpma.com%2Fwp-content%2Fuploads%2F2022%2F07" "Mozilla/5.0 AppleWebKit/537.36 (KHTML, like Gecko; compatible; GPTBot/1.3; +https://openai.com/gptbot)"
74.7.241.26 - - [13/Mar/2026:23:43:01 +0000] "GET /whsy.php?p=%2Fhome%2Flab2454c%2Fvalidatekey.com%2Fwp-includes%2Fblocks%2Fbutton HTTP/1.1" 200 917 "http://www.shakcoin.com/whsy.php?p=%2Fhome%2Flab2454c%2Fvalidatekey.com%2Fwp-includes%2Fblocks" "Mozilla/5.0 AppleWebKit/537.36 (KHTML, like Gecko; compatible; GPTBot/1.3; +https://openai.com/gptbot)"
74.7.244.9 - - [13/Mar/2026:23:43:02 +0000] "GET /robots.txt HTTP/1.1" 404 - "-" "Mozilla/5.0 (Macintosh; Intel Mac OS X 10_15_7) AppleWebKit/537.36 (KHTML, like Gecko) Chrome/131.0.0.0 Safari/537.36; compatible; OAI-SearchBot/1.3; robots.txt; +https://openai.com/searchbot"
74.7.227.31 - - [13/Mar/2026:23:43:07 +0000] "GET /whsy.php?e=comm&p=%2Fproc%2F14587 HTTP/1.1" 200 2010 "http://shakcoin.com.lab2454.com/whsy.php?p=%2Fproc%2F14587" "Mozilla/5.0 AppleWebKit/537.36 (KHTML, like Gecko; compatible; GPTBot/1.3; +https://openai.com/gptbot)"
74.7.227.43 - - [13/Mar/2026:23:43:08 +0000] "GET /whsy.php?e=leaf-graphic-768x956.png&p=%2Fhome%2Flab2454c%2Figpma.com%2Fwp-content%2Fuploads%2F2022%2F07 HTTP/1.1" 200 7262 "http://www.shakcoin.com.lab2454.com/whsy.php?p=%2Fhome%2Flab2454c%2Figpma.com%2Fwp-content%2Fuploads%2F2022%2F07" "Mozilla/5.0 AppleWebKit/537.36 (KHTML, like Gecko; compatible; GPTBot/1.3; +https://openai.com/gptbot)"
74.7.241.26 - - [13/Mar/2026:23:43:09 +0000] "GET /whsy.php?e=class-wp-block-type-registry.php&p=%2Fhome%2Flab2454c%2Fveritserv.net%2Fwp-includes HTTP/1.1" 200 9236 "http://www.shakcoin.com/whsy.php?p=%2Fhome%2Flab2454c%2Fveritserv.net%2Fwp-includes" "Mozilla/5.0 AppleWebKit/537.36 (KHTML, like Gecko; compatible; GPTBot/1.3; +https://openai.com/gptbot)"
74.7.227.31 - - [13/Mar/2026:23:43:14 +0000] "GET /whsy.php?e=maps&p=%2Fproc%2F14587 HTTP/1.1" 200 2118 "http://shakcoin.com.lab2454.com/whsy.php?p=%2Fproc%2F14587" "Mozilla/5.0 AppleWebKit/537.36 (KHTML, like Gecko; compatible; GPTBot/1.3; +https://openai.com/gptbot)"
74.7.227.43 - - [13/Mar/2026:23:43:15 +0000] "GET /whsy.php?e=leaf-graphic-100x100.png&p=%2Fhome%2Flab2454c%2Figpma.com%2Fwp-content%2Fuploads%2F2022%2F07 HTTP/1.1" 200 7261 "http://www.shakcoin.com.lab2454.com/whsy.php?p=%2Fhome%2Flab2454c%2Figpma.com%2Fwp-content%2Fuploads%2F2022%2F07" "Mozilla/5.0 AppleWebKit/537.36 (KHTML, like Gecko; compatible; GPTBot/1.3; +https://openai.com/gptbot)"
74.7.241.26 - - [13/Mar/2026:23:43:16 +0000] "GET /whsy.php?e=edit.xml&p=%2Fvar%2Fsoftaculous%2Fcube HTTP/1.1" 200 1389 "http://www.shakcoin.com/whsy.php?p=%2Fvar%2Fsoftaculous%2Fcube" "Mozilla/5.0 AppleWebKit/537.36 (KHTML, like Gecko; compatible; GPTBot/1.3; +https://openai.com/gptbot)"
74.7.227.31 - - [13/Mar/2026:23:43:22 +0000] "GET /whsy.php?e=schedstat&p=%2Fproc%2F11302 HTTP/1.1" 200 2042 "http://shakcoin.com.lab2454.com/whsy.php?p=%2Fproc%2F11302" "Mozilla/5.0 AppleWebKit/537.36 (KHTML, like Gecko; compatible; GPTBot/1.3; +https://openai.com/gptbot)"
74.7.227.43 - - [13/Mar/2026:23:43:23 +0000] "GET /whsy.php?e=leaf-graphic-600x747.png&p=%2Fhome%2Flab2454c%2Figpma.com%2Fwp-content%2Fuploads%2F2022%2F07 HTTP/1.1" 200 7266 "http://www.shakcoin.com.lab2454.com/whsy.php?p=%2Fhome%2Flab2454c%2Figpma.com%2Fwp-content%2Fuploads%2F2022%2F07" "Mozilla/5.0 AppleWebKit/537.36 (KHTML, like Gecko; compatible; GPTBot/1.3; +https://openai.com/gptbot)"
74.7.241.26 - - [13/Mar/2026:23:43:24 +0000] "GET /whsy.php?e=edit.xml&p=%2Fvar%2Fsoftaculous%2Felgg HTTP/1.1" 200 1420 "http://www.shakcoin.com/whsy.php?p=%2Fvar%2Fsoftaculous%2Felgg" "Mozilla/5.0 AppleWebKit/537.36 (KHTML, like Gecko; compatible; GPTBot/1.3; +https://openai.com/gptbot)"
74.7.227.31 - - [13/Mar/2026:23:43:30 +0000] "GET /whsy.php?e=uid_map&p=%2Fproc%2F14589 HTTP/1.1" 200 2023 "http://shakcoin.com.lab2454.com/whsy.php?p=%2Fproc%2F14589" "Mozilla/5.0 AppleWebKit/537.36 (KHTML, like Gecko; compatible; GPTBot/1.3; +https://openai.com/gptbot)"
74.7.227.43 - - [13/Mar/2026:23:43:31 +0000] "GET /whsy.php?e=leaf-graphic-1644x2048.png&p=%2Fhome%2Flab2454c%2Figpma.com%2Fwp-content%2Fuploads%2F2022%2F07 HTTP/1.1" 200 7268 "http://www.shakcoin.com.lab2454.com/whsy.php?p=%2Fhome%2Flab2454c%2Figpma.com%2Fwp-content%2Fuploads%2F2022%2F07" "Mozilla/5.0 AppleWebKit/537.36 (KHTML, like Gecko; compatible; GPTBot/1.3; +https://openai.com/gptbot)"
74.7.241.26 - - [13/Mar/2026:23:43:32 +0000] "GET /whsy.php?e=edit.xml&p=%2Fvar%2Fsoftaculous%2Fwebid HTTP/1.1" 200 1411 "http://www.shakcoin.com/whsy.php?p=%2Fvar%2Fsoftaculous%2Fwebid" "Mozilla/5.0 AppleWebKit/537.36 (KHTML, like Gecko; compatible; GPTBot/1.3; +https://openai.com/gptbot)"
74.7.227.31 - - [13/Mar/2026:23:43:39 +0000] "GET /whsy.php?e=gid_map&p=%2Fproc%2F11369 HTTP/1.1" 200 2025 "http://shakcoin.com.lab2454.com/whsy.php?p=%2Fproc%2F11369" "Mozilla/5.0 AppleWebKit/537.36 (KHTML, like Gecko; compatible; GPTBot/1.3; +https://openai.com/gptbot)"
74.7.227.43 - - [13/Mar/2026:23:43:40 +0000] "GET /whsy.php?e=leaf-graphic-1233x1536.png&p=%2Fhome%2Flab2454c%2Figpma.com%2Fwp-content%2Fuploads%2F2022%2F07 HTTP/1.1" 200 7266 "http://www.shakcoin.com.lab2454.com/whsy.php?p=%2Fhome%2Flab2454c%2Figpma.com%2Fwp-content%2Fuploads%2F2022%2F07" "Mozilla/5.0 AppleWebKit/537.36 (KHTML, like Gecko; compatible; GPTBot/1.3; +https://openai.com/gptbot)"
74.7.241.26 - - [13/Mar/2026:23:43:41 +0000] "GET /whsy.php?e=edit.xml&p=%2Fvar%2Fsoftaculous%2Fsugar HTTP/1.1" 200 1390 "http://www.shakcoin.com/whsy.php?p=%2Fvar%2Fsoftaculous%2Fsugar" "Mozilla/5.0 AppleWebKit/537.36 (KHTML, like Gecko; compatible; GPTBot/1.3; +https://openai.com/gptbot)"
74.7.227.31 - - [13/Mar/2026:23:43:47 +0000] "GET /whsy.php?e=uid_map&p=%2Fproc%2F11369 HTTP/1.1" 200 2022 "http://shakcoin.com.lab2454.com/whsy.php?p=%2Fproc%2F11369" "Mozilla/5.0 AppleWebKit/537.36 (KHTML, like Gecko; compatible; GPTBot/1.3; +https://openai.com/gptbot)"
74.7.227.43 - - [13/Mar/2026:23:43:48 +0000] "GET /whsy.php?e=leaf-graphic-300x374.png&p=%2Fhome%2Flab2454c%2Figpma.com%2Fwp-content%2Fuploads%2F2022%2F07 HTTP/1.1" 200 7266 "http://www.shakcoin.com.lab2454.com/whsy.php?p=%2Fhome%2Flab2454c%2Figpma.com%2Fwp-content%2Fuploads%2F2022%2F07" "Mozilla/5.0 AppleWebKit/537.36 (KHTML, like Gecko; compatible; GPTBot/1.3; +https://openai.com/gptbot)"
74.7.241.26 - - [13/Mar/2026:23:43:49 +0000] "GET /whsy.php?e=edit.xml&p=%2Fvar%2Fsoftaculous%2Fpluck HTTP/1.1" 200 1399 "http://www.shakcoin.com/whsy.php?p=%2Fvar%2Fsoftaculous%2Fpluck" "Mozilla/5.0 AppleWebKit/537.36 (KHTML, like Gecko; compatible; GPTBot/1.3; +https://openai.com/gptbot)"
74.7.227.31 - - [13/Mar/2026:23:43:54 +0000] "GET /whsy.php?e=uid_map&p=%2Fproc%2F14587 HTTP/1.1" 200 2023 "http://shakcoin.com.lab2454.com/whsy.php?p=%2Fproc%2F14587" "Mozilla/5.0 AppleWebKit/537.36 (KHTML, like Gecko; compatible; GPTBot/1.3; +https://openai.com/gptbot)"
74.7.227.43 - - [13/Mar/2026:23:43:55 +0000] "GET /whsy.php?e=leaf-graphic-822x1024.png&p=%2Fhome%2Flab2454c%2Figpma.com%2Fwp-content%2Fuploads%2F2022%2F07 HTTP/1.1" 200 7268 "http://www.shakcoin.com.lab2454.com/whsy.php?p=%2Fhome%2Flab2454c%2Figpma.com%2Fwp-content%2Fuploads%2F2022%2F07" "Mozilla/5.0 AppleWebKit/537.36 (KHTML, like Gecko; compatible; GPTBot/1.3; +https://openai.com/gptbot)"
74.7.241.26 - - [13/Mar/2026:23:43:57 +0000] "GET /whsy.php?e=class-wp-automatic-updater.php&p=%2Fhome%2Flab2454c%2Fam.elementalrock.com%2Fwp-admin%2Fincludes HTTP/1.1" 200 16229 "http://www.shakcoin.com/whsy.php?e=class-wp-debug-data.php&p=%2Fhome%2Flab2454c%2Fam.elementalrock.com%2Fwp-admin%2Fincludes" "Mozilla/5.0 AppleWebKit/537.36 (KHTML, like Gecko; compatible; GPTBot/1.3; +https://openai.com/gptbot)"
74.7.227.31 - - [13/Mar/2026:23:44:01 +0000] "GET /whsy.php?e=oom_adj&p=%2Fproc%2F14589 HTTP/1.1" 200 2006 "http://shakcoin.com.lab2454.com/whsy.php?p=%2Fproc%2F14589" "Mozilla/5.0 AppleWebKit/537.36 (KHTML, like Gecko; compatible; GPTBot/1.3; +https://openai.com/gptbot)"
74.7.241.26 - - [13/Mar/2026:23:44:04 +0000] "GET /whsy.php?e=class-wp-filesystem-ftpext.php&p=%2Fhome%2Flab2454c%2Fam.elementalrock.com%2Fwp-admin%2Fincludes HTTP/1.1" 200 9327 "http://www.shakcoin.com/whsy.php?e=class-wp-debug-data.php&p=%2Fhome%2Flab2454c%2Fam.elementalrock.com%2Fwp-admin%2Fincludes" "Mozilla/5.0 AppleWebKit/537.36 (KHTML, like Gecko; compatible; GPTBot/1.3; +https://openai.com/gptbot)"
74.7.227.31 - - [13/Mar/2026:23:44:09 +0000] "GET /whsy.php?e=gid_map&p=%2Fproc%2F14587 HTTP/1.1" 200 2026 "http://shakcoin.com.lab2454.com/whsy.php?p=%2Fproc%2F14587" "Mozilla/5.0 AppleWebKit/537.36 (KHTML, like Gecko; compatible; GPTBot/1.3; +https://openai.com/gptbot)"
74.7.241.26 - - [13/Mar/2026:23:44:11 +0000] "GET /whsy.php?e=class-wp-community-events.php&p=%2Fhome%2Flab2454c%2Fam.elementalrock.com%2Fwp-admin%2Fincludes HTTP/1.1" 200 9998 "http://www.shakcoin.com/whsy.php?e=class-wp-debug-data.php&p=%2Fhome%2Flab2454c%2Fam.elementalrock.com%2Fwp-admin%2Fincludes" "Mozilla/5.0 AppleWebKit/537.36 (KHTML, like Gecko; compatible; GPTBot/1.3; +https://openai.com/gptbot)"
74.7.227.31 - - [13/Mar/2026:23:44:16 +0000] "GET /whsy.php?e=oom_adj&p=%2Fproc%2F14587 HTTP/1.1" 200 2007 "http://shakcoin.com.lab2454.com/whsy.php?p=%2Fproc%2F14587" "Mozilla/5.0 AppleWebKit/537.36 (KHTML, like Gecko; compatible; GPTBot/1.3; +https://openai.com/gptbot)"
74.7.241.26 - - [13/Mar/2026:23:44:19 +0000] "GET /whsy.php?e=class-wp-filesystem-direct.php&p=%2Fhome%2Flab2454c%2Fam.elementalrock.com%2Fwp-admin%2Fincludes HTTP/1.1" 200 7878 "http://www.shakcoin.com/whsy.php?e=class-wp-debug-data.php&p=%2Fhome%2Flab2454c%2Fam.elementalrock.com%2Fwp-admin%2Fincludes" "Mozilla/5.0 AppleWebKit/537.36 (KHTML, like Gecko; compatible; GPTBot/1.3; +https://openai.com/gptbot)"
74.7.227.31 - - [13/Mar/2026:23:44:23 +0000] "GET /whsy.php?e=gid_map&p=%2Fproc%2F14589 HTTP/1.1" 200 2026 "http://shakcoin.com.lab2454.com/whsy.php?p=%2Fproc%2F14589" "Mozilla/5.0 AppleWebKit/537.36 (KHTML, like Gecko; compatible; GPTBot/1.3; +https://openai.com/gptbot)"
74.7.241.26 - - [13/Mar/2026:23:44:26 +0000] "GET /whsy.php?e=enqueue-scripts.php&p=%2Fhome%2Flab2454c%2Farchswipe.com%2Fwp-content%2Fplugins%2Felementskit%2Fwidgets%2Finit HTTP/1.1" 200 1212 "http://www.shakcoin.com/whsy.php?p=%2Fhome%2Flab2454c%2Farchswipe.com%2Fwp-content%2Fplugins%2Felementskit%2Fwidgets%2Finit" "Mozilla/5.0 AppleWebKit/537.36 (KHTML, like Gecko; compatible; GPTBot/1.3; +https://openai.com/gptbot)"
74.7.227.31 - - [13/Mar/2026:23:44:31 +0000] "GET /whsy.php?e=sched&p=%2Fproc%2F11302 HTTP/1.1" 200 2502 "http://shakcoin.com.lab2454.com/whsy.php?p=%2Fproc%2F11302" "Mozilla/5.0 AppleWebKit/537.36 (KHTML, like Gecko; compatible; GPTBot/1.3; +https://openai.com/gptbot)"
74.7.241.26 - - [13/Mar/2026:23:44:34 +0000] "GET /whsy.php?e=statistics-time.php&p=%2Fhome%2Flab2454c%2Fsothebankuab.com%2Fwp-content%2Fplugins%2Fnewsletter%2Fusers HTTP/1.1" 200 1523 "http://www.shakcoin.com/whsy.php?p=%2Fhome%2Flab2454c%2Fsothebankuab.com%2Fwp-content%2Fplugins%2Fnewsletter%2Fusers" "Mozilla/5.0 AppleWebKit/537.36 (KHTML, like Gecko; compatible; GPTBot/1.3; +https://openai.com/gptbot)"
74.7.227.31 - - [13/Mar/2026:23:44:39 +0000] "GET /whsy.php?e=smaps&p=%2Fproc%2F11302 HTTP/1.1" 200 2120 "http://shakcoin.com.lab2454.com/whsy.php?p=%2Fproc%2F11302" "Mozilla/5.0 AppleWebKit/537.36 (KHTML, like Gecko; compatible; GPTBot/1.3; +https://openai.com/gptbot)"
74.7.241.26 - - [13/Mar/2026:23:44:42 +0000] "GET /whsy.php?e=pluggable.php&p=%2Fhome%2Flab2454c%2Fincforce.com%2Fwp-includes HTTP/1.1" 200 34220 "http://www.shakcoin.com/whsy.php?p=%2Fhome%2Flab2454c%2Fincforce.com%2Fwp-includes" "Mozilla/5.0 AppleWebKit/537.36 (KHTML, like Gecko; compatible; GPTBot/1.3; +https://openai.com/gptbot)"
74.7.227.31 - - [13/Mar/2026:23:44:47 +0000] "GET /whsy.php?e=smaps&p=%2Fproc%2F11369 HTTP/1.1" 200 2120 "http://shakcoin.com.lab2454.com/whsy.php?p=%2Fproc%2F11369" "Mozilla/5.0 AppleWebKit/537.36 (KHTML, like Gecko; compatible; GPTBot/1.3; +https://openai.com/gptbot)"
74.7.241.26 - - [13/Mar/2026:23:44:50 +0000] "GET /whsy.php?e=locale.php&p=%2Fhome%2Flab2454c%2Fvalidatekey.com%2Fwp-includes HTTP/1.1" 200 8637 "http://www.shakcoin.com/whsy.php?p=%2Fhome%2Flab2454c%2Fvalidatekey.com%2Fwp-includes" "Mozilla/5.0 AppleWebKit/537.36 (KHTML, like Gecko; compatible; GPTBot/1.3; +https://openai.com/gptbot)"
74.7.227.31 - - [13/Mar/2026:23:44:55 +0000] "GET /whsy.php?e=uid_map&p=%2Fproc%2F13245 HTTP/1.1" 200 2022 "http://shakcoin.com.lab2454.com/whsy.php?p=%2Fproc%2F13245" "Mozilla/5.0 AppleWebKit/537.36 (KHTML, like Gecko; compatible; GPTBot/1.3; +https://openai.com/gptbot)"
74.7.241.26 - - [13/Mar/2026:23:44:58 +0000] "GET /whsy.php?e=deprecated.php&p=%2Fhome%2Flab2454c%2Fgemiton.com%2Fwp-includes HTTP/1.1" 200 49487 "http://www.shakcoin.com/whsy.php?p=%2Fhome%2Flab2454c%2Fgemiton.com%2Fwp-includes" "Mozilla/5.0 AppleWebKit/537.36 (KHTML, like Gecko; compatible; GPTBot/1.3; +https://openai.com/gptbot)"
74.7.227.31 - - [13/Mar/2026:23:45:02 +0000] "GET /whsy.php?e=gid_map&p=%2Fproc%2F13245 HTTP/1.1" 200 2025 "http://shakcoin.com.lab2454.com/whsy.php?p=%2Fproc%2F13245" "Mozilla/5.0 AppleWebKit/537.36 (KHTML, like Gecko; compatible; GPTBot/1.3; +https://openai.com/gptbot)"
74.7.241.26 - - [13/Mar/2026:23:45:05 +0000] "GET /whsy.php?e=functions.php&p=%2Fhome%2Flab2454c%2Fincforce.com%2Fwp-includes HTTP/1.1" 200 79815 "http://www.shakcoin.com/whsy.php?p=%2Fhome%2Flab2454c%2Fincforce.com%2Fwp-includes" "Mozilla/5.0 AppleWebKit/537.36 (KHTML, like Gecko; compatible; GPTBot/1.3; +https://openai.com/gptbot)"
74.7.227.31 - - [13/Mar/2026:23:45:09 +0000] "GET /whsy.php?e=oom_adj&p=%2Fproc%2F11369 HTTP/1.1" 200 2006 "http://shakcoin.com.lab2454.com/whsy.php?p=%2Fproc%2F11369" "Mozilla/5.0 AppleWebKit/537.36 (KHTML, like Gecko; compatible; GPTBot/1.3; +https://openai.com/gptbot)"
74.7.241.26 - - [13/Mar/2026:23:45:13 +0000] "GET /whsy.php?e=themes.php&p=%2Fhome%2Flab2454c%2Fequitablebarter.com%2Fcgi-bin HTTP/1.1" 200 1768 "http://www.shakcoin.com/whsy.php?p=%2Fhome%2Flab2454c%2Fequitablebarter.com%2Fcgi-bin" "Mozilla/5.0 AppleWebKit/537.36 (KHTML, like Gecko; compatible; GPTBot/1.3; +https://openai.com/gptbot)"
74.7.227.31 - - [13/Mar/2026:23:45:17 +0000] "GET /whsy.php?e=oom_adj&p=%2Fproc%2F13245 HTTP/1.1" 200 2006 "http://shakcoin.com.lab2454.com/whsy.php?p=%2Fproc%2F13245" "Mozilla/5.0 AppleWebKit/537.36 (KHTML, like Gecko; compatible; GPTBot/1.3; +https://openai.com/gptbot)"
74.7.227.43 - - [13/Mar/2026:23:45:19 +0000] "GET /whsy.php?p=%2Fhome%2Flab2454c%2Figpma.com%2Fwp-content%2Fuploads%2F2023%2F12 HTTP/1.1" 200 535 "http://www.shakcoin.com.lab2454.com/whsy.php?p=%2Fhome%2Flab2454c%2Figpma.com%2Fwp-content%2Fuploads%2F2023%2F02%2F.." "Mozilla/5.0 AppleWebKit/537.36 (KHTML, like Gecko; compatible; GPTBot/1.3; +https://openai.com/gptbot)"
74.7.241.26 - - [13/Mar/2026:23:45:20 +0000] "GET /whsy.php?e=udplite6&p=%2Fproc%2F18646%2Fnet HTTP/1.1" 200 2585 "http://www.shakcoin.com/whsy.php?p=%2Fproc%2F18646%2Fnet" "Mozilla/5.0 AppleWebKit/537.36 (KHTML, like Gecko; compatible; GPTBot/1.3; +https://openai.com/gptbot)"
74.7.227.31 - - [13/Mar/2026:23:45:25 +0000] "GET /whsy.php?e=stat&p=%2Fproc%2F14589 HTTP/1.1" 200 2105 "http://shakcoin.com.lab2454.com/whsy.php?p=%2Fproc%2F14589" "Mozilla/5.0 AppleWebKit/537.36 (KHTML, like Gecko; compatible; GPTBot/1.3; +https://openai.com/gptbot)"
74.7.227.43 - - [13/Mar/2026:23:45:28 +0000] "GET /whsy.php?p=%2Fhome%2Flab2454c%2Ffcxpro.com%2Fwp-content%2Fuploads%2F2026%2F02 HTTP/1.1" 200 537 "http://www.shakcoin.com.lab2454.com/whsy.php?p=%2Fhome%2Flab2454c%2Ffcxpro.com%2Fwp-content%2Fuploads%2F2026" "Mozilla/5.0 AppleWebKit/537.36 (KHTML, like Gecko; compatible; GPTBot/1.3; +https://openai.com/gptbot)"
74.7.241.26 - - [13/Mar/2026:23:45:29 +0000] "GET /whsy.php?e=udplite6&p=%2Fproc%2F31030%2Fnet HTTP/1.1" 200 2584 "http://www.shakcoin.com/whsy.php?p=%2Fproc%2F31030%2Fnet" "Mozilla/5.0 AppleWebKit/537.36 (KHTML, like Gecko; compatible; GPTBot/1.3; +https://openai.com/gptbot)"
74.7.227.31 - - [13/Mar/2026:23:45:35 +0000] "GET /whsy.php?e=stat&p=%2Fproc%2F14587 HTTP/1.1" 200 2110 "http://shakcoin.com.lab2454.com/whsy.php?p=%2Fproc%2F14587" "Mozilla/5.0 AppleWebKit/537.36 (KHTML, like Gecko; compatible; GPTBot/1.3; +https://openai.com/gptbot)"
74.7.241.26 - - [13/Mar/2026:23:45:41 +0000] "GET /whsy.php?e=if_inet6&p=%2Fproc%2F29140%2Fnet HTTP/1.1" 200 2568 "http://www.shakcoin.com/whsy.php?p=%2Fproc%2F29140%2Fnet" "Mozilla/5.0 AppleWebKit/537.36 (KHTML, like Gecko; compatible; GPTBot/1.3; +https://openai.com/gptbot)"
74.7.227.31 - - [13/Mar/2026:23:45:47 +0000] "GET /whsy.php?e=auxv&p=%2Fproc%2F11302 HTTP/1.1" 200 1936 "http://shakcoin.com.lab2454.com/whsy.php?p=%2Fproc%2F11302" "Mozilla/5.0 AppleWebKit/537.36 (KHTML, like Gecko; compatible; GPTBot/1.3; +https://openai.com/gptbot)"
74.7.241.26 - - [13/Mar/2026:23:45:52 +0000] "GET /whsy.php?e=udplite6&p=%2Fproc%2F11302%2Fnet HTTP/1.1" 200 2584 "http://www.shakcoin.com/whsy.php?p=%2Fproc%2F11302%2Fnet" "Mozilla/5.0 AppleWebKit/537.36 (KHTML, like Gecko; compatible; GPTBot/1.3; +https://openai.com/gptbot)"
74.7.227.31 - - [13/Mar/2026:23:45:57 +0000] "GET /whsy.php?e=io&p=%2Fproc%2F14587 HTTP/1.1" 200 1936 "http://shakcoin.com.lab2454.com/whsy.php?p=%2Fproc%2F14587" "Mozilla/5.0 AppleWebKit/537.36 (KHTML, like Gecko; compatible; GPTBot/1.3; +https://openai.com/gptbot)"
74.7.227.43 - - [13/Mar/2026:23:45:59 +0000] "GET /whsy.php?p=%2Fhome%2Flab2454c%2Fcbcei.com%2Fwp-content%2Fuploads%2F2024%2F06 HTTP/1.1" 200 535 "http://www.shakcoin.com.lab2454.com/whsy.php?p=%2Fhome%2Flab2454c%2Fcbcei.com%2Fwp-content%2Fuploads%2F2024%2F01%2F.." "Mozilla/5.0 AppleWebKit/537.36 (KHTML, like Gecko; compatible; GPTBot/1.3; +https://openai.com/gptbot)"
74.7.241.26 - - [13/Mar/2026:23:46:00 +0000] "GET /whsy.php?e=udplite6&p=%2Fproc%2F31023%2Fnet HTTP/1.1" 200 2585 "http://www.shakcoin.com/whsy.php?p=%2Fproc%2F31023%2Fnet" "Mozilla/5.0 AppleWebKit/537.36 (KHTML, like Gecko; compatible; GPTBot/1.3; +https://openai.com/gptbot)"
74.7.227.31 - - [13/Mar/2026:23:46:05 +0000] "GET /whsy.php?e=io&p=%2Fproc%2F14589 HTTP/1.1" 200 1936 "http://shakcoin.com.lab2454.com/whsy.php?p=%2Fproc%2F14589" "Mozilla/5.0 AppleWebKit/537.36 (KHTML, like Gecko; compatible; GPTBot/1.3; +https://openai.com/gptbot)"
74.7.227.43 - - [13/Mar/2026:23:46:08 +0000] "GET /whsy.php?p=%2Fhome%2Flab2454c%2Fbiocei.com%2Fwp-content%2Fuploads%2F2023%2F12 HTTP/1.1" 200 536 "http://www.shakcoin.com.lab2454.com/whsy.php?p=%2Fhome%2Flab2454c%2Fbiocei.com%2Fwp-content%2Fuploads%2F2023%2F03%2F.." "Mozilla/5.0 AppleWebKit/537.36 (KHTML, like Gecko; compatible; GPTBot/1.3; +https://openai.com/gptbot)"
74.7.241.26 - - [13/Mar/2026:23:46:09 +0000] "GET /whsy.php?e=udplite6&p=%2Fproc%2F31021%2Fnet HTTP/1.1" 200 2584 "http://www.shakcoin.com/whsy.php?p=%2Fproc%2F31021%2Fnet" "Mozilla/5.0 AppleWebKit/537.36 (KHTML, like Gecko; compatible; GPTBot/1.3; +https://openai.com/gptbot)"
74.7.227.31 - - [13/Mar/2026:23:46:14 +0000] "GET /whsy.php?e=sessionid&p=%2Fproc%2F11302 HTTP/1.1" 200 2016 "http://shakcoin.com.lab2454.com/whsy.php?p=%2Fproc%2F11302" "Mozilla/5.0 AppleWebKit/537.36 (KHTML, like Gecko; compatible; GPTBot/1.3; +https://openai.com/gptbot)"
74.7.241.26 - - [13/Mar/2026:23:46:18 +0000] "GET /whsy.php?e=udplite6&p=%2Fproc%2F28508%2Fnet HTTP/1.1" 200 2585 "http://www.shakcoin.com/whsy.php?p=%2Fproc%2F28508%2Fnet" "Mozilla/5.0 AppleWebKit/537.36 (KHTML, like Gecko; compatible; GPTBot/1.3; +https://openai.com/gptbot)"
74.7.227.31 - - [13/Mar/2026:23:46:22 +0000] "GET /whsy.php?e=setgroups&p=%2Fproc%2F11302 HTTP/1.1" 200 2006 "http://shakcoin.com.lab2454.com/whsy.php?p=%2Fproc%2F11302" "Mozilla/5.0 AppleWebKit/537.36 (KHTML, like Gecko; compatible; GPTBot/1.3; +https://openai.com/gptbot)"
74.7.227.43 - - [13/Mar/2026:23:46:25 +0000] "GET /whsy.php?p=%2Fhome%2Flab2454c%2Fbiocei.com%2Fwp-content%2Fuploads%2F2025%2F03 HTTP/1.1" 200 537 "http://www.shakcoin.com.lab2454.com/whsy.php?p=%2Fhome%2Flab2454c%2Fbiocei.com%2Fwp-content%2Fuploads%2F2025%2F11%2F.." "Mozilla/5.0 AppleWebKit/537.36 (KHTML, like Gecko; compatible; GPTBot/1.3; +https://openai.com/gptbot)"
74.7.241.26 - - [13/Mar/2026:23:46:26 +0000] "GET /whsy.php?e=udplite6&p=%2Fproc%2F13245%2Fnet HTTP/1.1" 200 2585 "http://www.shakcoin.com/whsy.php?p=%2Fproc%2F13245%2Fnet" "Mozilla/5.0 AppleWebKit/537.36 (KHTML, like Gecko; compatible; GPTBot/1.3; +https://openai.com/gptbot)"
74.7.227.31 - - [13/Mar/2026:23:46:31 +0000] "GET /whsy.php?e=mem&p=%2Fproc%2F11302 HTTP/1.1" 200 1936 "http://shakcoin.com.lab2454.com/whsy.php?p=%2Fproc%2F11302" "Mozilla/5.0 AppleWebKit/537.36 (KHTML, like Gecko; compatible; GPTBot/1.3; +https://openai.com/gptbot)"
74.7.241.26 - - [13/Mar/2026:23:46:36 +0000] "GET /whsy.php?e=if_inet6&p=%2Fproc%2F31031%2Fnet HTTP/1.1" 200 2569 "http://www.shakcoin.com/whsy.php?p=%2Fproc%2F31031%2Fnet" "Mozilla/5.0 AppleWebKit/537.36 (KHTML, like Gecko; compatible; GPTBot/1.3; +https://openai.com/gptbot)"
74.7.227.31 - - [13/Mar/2026:23:46:40 +0000] "GET /whsy.php?e=cwd&p=%2Fproc%2F11302 HTTP/1.1" 200 1936 "http://shakcoin.com.lab2454.com/whsy.php?p=%2Fproc%2F11302" "Mozilla/5.0 AppleWebKit/537.36 (KHTML, like Gecko; compatible; GPTBot/1.3; +https://openai.com/gptbot)"
74.7.241.26 - - [13/Mar/2026:23:46:45 +0000] "GET /whsy.php?e=udplite6&p=%2Fproc%2F11877%2Fnet HTTP/1.1" 200 2586 "http://www.shakcoin.com/whsy.php?p=%2Fproc%2F11877%2Fnet" "Mozilla/5.0 AppleWebKit/537.36 (KHTML, like Gecko; compatible; GPTBot/1.3; +https://openai.com/gptbot)"
74.7.227.31 - - [13/Mar/2026:23:46:50 +0000] "GET /whsy.php?e=exe&p=%2Fproc%2F11302 HTTP/1.1" 200 1936 "http://shakcoin.com.lab2454.com/whsy.php?p=%2Fproc%2F11302" "Mozilla/5.0 AppleWebKit/537.36 (KHTML, like Gecko; compatible; GPTBot/1.3; +https://openai.com/gptbot)"
74.7.241.26 - - [13/Mar/2026:23:46:55 +0000] "GET /whsy.php?e=if_inet6&p=%2Fproc%2F11877%2Fnet HTTP/1.1" 200 2570 "http://www.shakcoin.com/whsy.php?p=%2Fproc%2F11877%2Fnet" "Mozilla/5.0 AppleWebKit/537.36 (KHTML, like Gecko; compatible; GPTBot/1.3; +https://openai.com/gptbot)"
74.7.227.31 - - [13/Mar/2026:23:46:59 +0000] "GET /whsy.php?e=root&p=%2Fproc%2F14587 HTTP/1.1" 200 1936 "http://shakcoin.com.lab2454.com/whsy.php?p=%2Fproc%2F14587" "Mozilla/5.0 AppleWebKit/537.36 (KHTML, like Gecko; compatible; GPTBot/1.3; +https://openai.com/gptbot)"
74.7.227.43 - - [13/Mar/2026:23:47:04 +0000] "GET /whsy.php?p=%2Fhome%2Flab2454c%2Figpma.com%2Fwp-content%2Fuploads%2F2023%2F12%2F.. HTTP/1.1" 200 603 "http://www.shakcoin.com.lab2454.com/whsy.php?p=%2Fhome%2Flab2454c%2Figpma.com%2Fwp-content%2Fuploads%2F2023%2F12" "Mozilla/5.0 AppleWebKit/537.36 (KHTML, like Gecko; compatible; GPTBot/1.3; +https://openai.com/gptbot)"
74.7.241.26 - - [13/Mar/2026:23:47:05 +0000] "GET /whsy.php?e=if_inet6&p=%2Fproc%2F31027%2Fnet HTTP/1.1" 200 2570 "http://www.shakcoin.com/whsy.php?p=%2Fproc%2F31027%2Fnet" "Mozilla/5.0 AppleWebKit/537.36 (KHTML, like Gecko; compatible; GPTBot/1.3; +https://openai.com/gptbot)"
74.7.227.31 - - [13/Mar/2026:23:47:10 +0000] "GET /whsy.php?e=stat&p=%2Fproc%2F13245 HTTP/1.1" 200 2097 "http://shakcoin.com.lab2454.com/whsy.php?p=%2Fproc%2F13245" "Mozilla/5.0 AppleWebKit/537.36 (KHTML, like Gecko; compatible; GPTBot/1.3; +https://openai.com/gptbot)"
74.7.227.43 - - [13/Mar/2026:23:47:14 +0000] "GET /whsy.php?p=%2Fhome%2Flab2454c%2Ffcxpro.com%2Fwp-content%2Fuploads%2F2026%2F02%2F.. HTTP/1.1" 200 538 "http://www.shakcoin.com.lab2454.com/whsy.php?p=%2Fhome%2Flab2454c%2Ffcxpro.com%2Fwp-content%2Fuploads%2F2026%2F02" "Mozilla/5.0 AppleWebKit/537.36 (KHTML, like Gecko; compatible; GPTBot/1.3; +https://openai.com/gptbot)"
74.7.241.26 - - [13/Mar/2026:23:47:15 +0000] "GET /whsy.php?e=if_inet6&p=%2Fproc%2F18767%2Fnet HTTP/1.1" 200 2570 "http://www.shakcoin.com/whsy.php?p=%2Fproc%2F18767%2Fnet" "Mozilla/5.0 AppleWebKit/537.36 (KHTML, like Gecko; compatible; GPTBot/1.3; +https://openai.com/gptbot)"
74.7.227.31 - - [13/Mar/2026:23:47:19 +0000] "GET /whsy.php?e=root&p=%2Fproc%2F14589 HTTP/1.1" 200 1936 "http://shakcoin.com.lab2454.com/whsy.php?p=%2Fproc%2F14589" "Mozilla/5.0 AppleWebKit/537.36 (KHTML, like Gecko; compatible; GPTBot/1.3; +https://openai.com/gptbot)"
74.7.241.26 - - [13/Mar/2026:23:47:24 +0000] "GET /whsy.php?e=if_inet6&p=%2Fproc%2F11891%2Fnet HTTP/1.1" 200 2569 "http://www.shakcoin.com/whsy.php?p=%2Fproc%2F11891%2Fnet" "Mozilla/5.0 AppleWebKit/537.36 (KHTML, like Gecko; compatible; GPTBot/1.3; +https://openai.com/gptbot)"
74.7.227.31 - - [13/Mar/2026:23:47:28 +0000] "GET /whsy.php?e=ksm_stat&p=%2Fproc%2F11302 HTTP/1.1" 200 1936 "http://shakcoin.com.lab2454.com/whsy.php?p=%2Fproc%2F11302" "Mozilla/5.0 AppleWebKit/537.36 (KHTML, like Gecko; compatible; GPTBot/1.3; +https://openai.com/gptbot)"
74.7.241.26 - - [13/Mar/2026:23:47:33 +0000] "GET /whsy.php?e=if_inet6&p=%2Fproc%2F18011%2Fnet HTTP/1.1" 200 2569 "http://www.shakcoin.com/whsy.php?p=%2Fproc%2F18011%2Fnet" "Mozilla/5.0 AppleWebKit/537.36 (KHTML, like Gecko; compatible; GPTBot/1.3; +https://openai.com/gptbot)"
74.7.227.31 - - [13/Mar/2026:23:47:37 +0000] "GET /whsy.php?e=exe&p=%2Fproc%2F13245 HTTP/1.1" 200 1936 "http://shakcoin.com.lab2454.com/whsy.php?p=%2Fproc%2F13245" "Mozilla/5.0 AppleWebKit/537.36 (KHTML, like Gecko; compatible; GPTBot/1.3; +https://openai.com/gptbot)"
74.7.227.43 - - [13/Mar/2026:23:47:41 +0000] "GET /whsy.php?p=%2Fhome%2Flab2454c%2Fcbcei.com%2Fwp-content%2Fuploads%2F2024%2F06%2F.. HTTP/1.1" 200 565 "http://www.shakcoin.com.lab2454.com/whsy.php?p=%2Fhome%2Flab2454c%2Fcbcei.com%2Fwp-content%2Fuploads%2F2024%2F06" "Mozilla/5.0 AppleWebKit/537.36 (KHTML, like Gecko; compatible; GPTBot/1.3; +https://openai.com/gptbot)"
74.7.241.26 - - [13/Mar/2026:23:47:41 +0000] "GET /whsy.php?e=if_inet6&p=%2Fproc%2F31025%2Fnet HTTP/1.1" 200 2570 "http://www.shakcoin.com/whsy.php?p=%2Fproc%2F31025%2Fnet" "Mozilla/5.0 AppleWebKit/537.36 (KHTML, like Gecko; compatible; GPTBot/1.3; +https://openai.com/gptbot)"
74.7.227.31 - - [13/Mar/2026:23:47:46 +0000] "GET /whsy.php?e=oom_adj&p=%2Fproc%2F11302 HTTP/1.1" 200 2006 "http://shakcoin.com.lab2454.com/whsy.php?p=%2Fproc%2F11302" "Mozilla/5.0 AppleWebKit/537.36 (KHTML, like Gecko; compatible; GPTBot/1.3; +https://openai.com/gptbot)"
74.7.241.136 - - [13/Mar/2026:23:47:47 +0000] "GET /robots.txt HTTP/1.1" 404 - "-" "Mozilla/5.0 (Macintosh; Intel Mac OS X 10_15_7) AppleWebKit/537.36 (KHTML, like Gecko) Chrome/131.0.0.0 Safari/537.36; compatible; OAI-SearchBot/1.3; robots.txt; +https://openai.com/searchbot"
74.7.227.43 - - [13/Mar/2026:23:47:50 +0000] "GET /whsy.php?p=%2Fhome%2Flab2454c%2Fbiocei.com%2Fwp-content%2Fuploads%2F2023%2F12%2F.. HTTP/1.1" 200 605 "http://www.shakcoin.com.lab2454.com/whsy.php?p=%2Fhome%2Flab2454c%2Fbiocei.com%2Fwp-content%2Fuploads%2F2023%2F12" "Mozilla/5.0 AppleWebKit/537.36 (KHTML, like Gecko; compatible; GPTBot/1.3; +https://openai.com/gptbot)"
74.7.241.26 - - [13/Mar/2026:23:47:51 +0000] "GET /whsy.php?e=if_inet6&p=%2Fproc%2F11889%2Fnet HTTP/1.1" 200 2570 "http://www.shakcoin.com/whsy.php?p=%2Fproc%2F11889%2Fnet" "Mozilla/5.0 AppleWebKit/537.36 (KHTML, like Gecko; compatible; GPTBot/1.3; +https://openai.com/gptbot)"
74.7.227.31 - - [13/Mar/2026:23:47:56 +0000] "GET /whsy.php?e=oom_score_adj&p=%2Fproc%2F14587 HTTP/1.1" 200 2008 "http://shakcoin.com.lab2454.com/whsy.php?p=%2Fproc%2F14587" "Mozilla/5.0 AppleWebKit/537.36 (KHTML, like Gecko; compatible; GPTBot/1.3; +https://openai.com/gptbot)"
74.7.241.26 - - [13/Mar/2026:23:48:00 +0000] "GET /whsy.php?e=udplite6&p=%2Fproc%2F13172%2Fnet HTTP/1.1" 200 2585 "http://www.shakcoin.com/whsy.php?p=%2Fproc%2F13172%2Fnet" "Mozilla/5.0 AppleWebKit/537.36 (KHTML, like Gecko; compatible; GPTBot/1.3; +https://openai.com/gptbot)"
74.7.227.31 - - [13/Mar/2026:23:48:04 +0000] "GET /whsy.php?e=oom_score_adj&p=%2Fproc%2F14589 HTTP/1.1" 200 2008 "http://shakcoin.com.lab2454.com/whsy.php?p=%2Fproc%2F14589" "Mozilla/5.0 AppleWebKit/537.36 (KHTML, like Gecko; compatible; GPTBot/1.3; +https://openai.com/gptbot)"
74.7.227.43 - - [13/Mar/2026:23:48:07 +0000] "GET /whsy.php?p=%2Fhome%2Flab2454c%2Fbiocei.com%2Fwp-content%2Fuploads%2F2025%2F03%2F.. HTTP/1.1" 200 605 "http://www.shakcoin.com.lab2454.com/whsy.php?p=%2Fhome%2Flab2454c%2Fbiocei.com%2Fwp-content%2Fuploads%2F2025%2F03" "Mozilla/5.0 AppleWebKit/537.36 (KHTML, like Gecko; compatible; GPTBot/1.3; +https://openai.com/gptbot)"
74.7.241.26 - - [13/Mar/2026:23:48:08 +0000] "GET /whsy.php?e=udplite6&p=%2Fproc%2F29140%2Fnet HTTP/1.1" 200 2584 "http://www.shakcoin.com/whsy.php?p=%2Fproc%2F29140%2Fnet" "Mozilla/5.0 AppleWebKit/537.36 (KHTML, like Gecko; compatible; GPTBot/1.3; +https://openai.com/gptbot)"
74.7.227.31 - - [13/Mar/2026:23:48:11 +0000] "GET /whsy.php?e=ksm_stat&p=%2Fproc%2F14587 HTTP/1.1" 200 1936 "http://shakcoin.com.lab2454.com/whsy.php?p=%2Fproc%2F14587" "Mozilla/5.0 AppleWebKit/537.36 (KHTML, like Gecko; compatible; GPTBot/1.3; +https://openai.com/gptbot)"
74.7.241.26 - - [13/Mar/2026:23:48:15 +0000] "GET /whsy.php?e=udplite6&p=%2Fproc%2F11328%2Fnet HTTP/1.1" 200 2584 "http://www.shakcoin.com/whsy.php?p=%2Fproc%2F11328%2Fnet" "Mozilla/5.0 AppleWebKit/537.36 (KHTML, like Gecko; compatible; GPTBot/1.3; +https://openai.com/gptbot)"
74.7.244.9 - - [13/Mar/2026:23:48:16 +0000] "GET /robots.txt HTTP/1.1" 404 - "-" "Mozilla/5.0 (Macintosh; Intel Mac OS X 10_15_7) AppleWebKit/537.36 (KHTML, like Gecko) Chrome/131.0.0.0 Safari/537.36; compatible; OAI-SearchBot/1.3; robots.txt; +https://openai.com/searchbot"
74.7.227.31 - - [13/Mar/2026:23:48:19 +0000] "GET /whsy.php?e=ksm_stat&p=%2Fproc%2F14589 HTTP/1.1" 200 1936 "http://shakcoin.com.lab2454.com/whsy.php?p=%2Fproc%2F14589" "Mozilla/5.0 AppleWebKit/537.36 (KHTML, like Gecko; compatible; GPTBot/1.3; +https://openai.com/gptbot)"
74.7.241.26 - - [13/Mar/2026:23:48:22 +0000] "GET /whsy.php?e=udplite6&p=%2Fproc%2F11237%2Fnet HTTP/1.1" 200 2585 "http://www.shakcoin.com/whsy.php?p=%2Fproc%2F11237%2Fnet" "Mozilla/5.0 AppleWebKit/537.36 (KHTML, like Gecko; compatible; GPTBot/1.3; +https://openai.com/gptbot)"
74.7.227.31 - - [13/Mar/2026:23:48:26 +0000] "GET /whsy.php?e=cmdline&p=%2Fproc%2F11302 HTTP/1.1" 200 2029 "http://shakcoin.com.lab2454.com/whsy.php?p=%2Fproc%2F11302" "Mozilla/5.0 AppleWebKit/537.36 (KHTML, like Gecko; compatible; GPTBot/1.3; +https://openai.com/gptbot)"
74.7.227.43 - - [13/Mar/2026:23:48:30 +0000] "GET /whsy.php?p=%2Fhome%2Flab2454c%2Figpma.com%2Fwp-content%2Fuploads%2F2024%2F03 HTTP/1.1" 200 535 "http://www.shakcoin.com.lab2454.com/whsy.php?p=%2Fhome%2Flab2454c%2Figpma.com%2Fwp-content%2Fuploads%2F2024%2F06%2F.." "Mozilla/5.0 AppleWebKit/537.36 (KHTML, like Gecko; compatible; GPTBot/1.3; +https://openai.com/gptbot)"
74.7.241.26 - - [13/Mar/2026:23:48:30 +0000] "GET /whsy.php?e=udplite6&p=%2Fproc%2F31032%2Fnet HTTP/1.1" 200 2585 "http://www.shakcoin.com/whsy.php?p=%2Fproc%2F31032%2Fnet" "Mozilla/5.0 AppleWebKit/537.36 (KHTML, like Gecko; compatible; GPTBot/1.3; +https://openai.com/gptbot)"
74.7.227.31 - - [13/Mar/2026:23:48:34 +0000] "GET /whsy.php?e=ksm_stat&p=%2Fproc%2F13245 HTTP/1.1" 200 1936 "http://shakcoin.com.lab2454.com/whsy.php?p=%2Fproc%2F13245" "Mozilla/5.0 AppleWebKit/537.36 (KHTML, like Gecko; compatible; GPTBot/1.3; +https://openai.com/gptbot)"
74.7.227.43 - - [13/Mar/2026:23:48:37 +0000] "GET /whsy.php?p=%2Fhome%2Flab2454c%2Fbiocei.com%2Fwp-content%2Fuploads%2F2024%2F11 HTTP/1.1" 200 536 "http://www.shakcoin.com.lab2454.com/whsy.php?p=%2Fhome%2Flab2454c%2Fbiocei.com%2Fwp-content%2Fuploads%2F2024%2F10%2F.." "Mozilla/5.0 AppleWebKit/537.36 (KHTML, like Gecko; compatible; GPTBot/1.3; +https://openai.com/gptbot)"
74.7.241.26 - - [13/Mar/2026:23:48:38 +0000] "GET /whsy.php?e=udplite6&p=%2Fproc%2F31029%2Fnet HTTP/1.1" 200 2585 "http://www.shakcoin.com/whsy.php?p=%2Fproc%2F31029%2Fnet" "Mozilla/5.0 AppleWebKit/537.36 (KHTML, like Gecko; compatible; GPTBot/1.3; +https://openai.com/gptbot)"
74.7.227.31 - - [13/Mar/2026:23:48:41 +0000] "GET /whsy.php?e=ksm_stat&p=%2Fproc%2F11369 HTTP/1.1" 200 1935 "http://shakcoin.com.lab2454.com/whsy.php?p=%2Fproc%2F11369" "Mozilla/5.0 AppleWebKit/537.36 (KHTML, like Gecko; compatible; GPTBot/1.3; +https://openai.com/gptbot)"
74.7.241.26 - - [13/Mar/2026:23:48:45 +0000] "GET /whsy.php?e=if_inet6&p=%2Fproc%2F11369%2Fnet HTTP/1.1" 200 2569 "http://www.shakcoin.com/whsy.php?p=%2Fproc%2F11369%2Fnet" "Mozilla/5.0 AppleWebKit/537.36 (KHTML, like Gecko; compatible; GPTBot/1.3; +https://openai.com/gptbot)"
74.7.227.31 - - [13/Mar/2026:23:48:48 +0000] "GET /whsy.php?e=oom_score_adj&p=%2Fproc%2F11302 HTTP/1.1" 200 2007 "http://shakcoin.com.lab2454.com/whsy.php?p=%2Fproc%2F11302" "Mozilla/5.0 AppleWebKit/537.36 (KHTML, like Gecko; compatible; GPTBot/1.3; +https://openai.com/gptbot)"
74.7.241.26 - - [13/Mar/2026:23:48:53 +0000] "GET /whsy.php?e=udplite6&p=%2Fproc%2F31026%2Fnet HTTP/1.1" 200 2585 "http://www.shakcoin.com/whsy.php?p=%2Fproc%2F31026%2Fnet" "Mozilla/5.0 AppleWebKit/537.36 (KHTML, like Gecko; compatible; GPTBot/1.3; +https://openai.com/gptbot)"
74.7.227.31 - - [13/Mar/2026:23:48:56 +0000] "GET /whsy.php?e=personality&p=%2Fproc%2F11302 HTTP/1.1" 200 1936 "http://shakcoin.com.lab2454.com/whsy.php?p=%2Fproc%2F11302" "Mozilla/5.0 AppleWebKit/537.36 (KHTML, like Gecko; compatible; GPTBot/1.3; +https://openai.com/gptbot)"
74.7.241.26 - - [13/Mar/2026:23:49:00 +0000] "GET /whsy.php?e=if_inet6&p=%2Fproc%2F31029%2Fnet HTTP/1.1" 200 2569 "http://www.shakcoin.com/whsy.php?p=%2Fproc%2F31029%2Fnet" "Mozilla/5.0 AppleWebKit/537.36 (KHTML, like Gecko; compatible; GPTBot/1.3; +https://openai.com/gptbot)"
74.7.227.31 - - [13/Mar/2026:23:49:03 +0000] "GET /whsy.php?e=oom_score_adj&p=%2Fproc%2F11369 HTTP/1.1" 200 2007 "http://shakcoin.com.lab2454.com/whsy.php?p=%2Fproc%2F11369" "Mozilla/5.0 AppleWebKit/537.36 (KHTML, like Gecko; compatible; GPTBot/1.3; +https://openai.com/gptbot)"
74.7.227.43 - - [13/Mar/2026:23:49:07 +0000] "GET /whsy.php?p=%2Fhome%2Flab2454c%2Fmact34.com%2Fwp-content%2Fplugins%2Fduplicator%2Flib%2Fforceutf8%2F.. HTTP/1.1" 200 1015 "http://www.shakcoin.com.lab2454.com/whsy.php?p=%2Fhome%2Flab2454c%2Fmact34.com%2Fwp-content%2Fplugins%2Fduplicator%2Flib%2Fforceutf8" "Mozilla/5.0 AppleWebKit/537.36 (KHTML, like Gecko; compatible; GPTBot/1.3; +https://openai.com/gptbot)"
74.7.241.26 - - [13/Mar/2026:23:49:08 +0000] "GET /whsy.php?e=if_inet6&p=%2Fproc%2F23780%2Fnet HTTP/1.1" 200 982 "http://www.shakcoin.com/whsy.php?p=%2Fproc%2F23780%2Fnet" "Mozilla/5.0 AppleWebKit/537.36 (KHTML, like Gecko; compatible; GPTBot/1.3; +https://openai.com/gptbot)"
74.7.227.31 - - [13/Mar/2026:23:49:12 +0000] "GET /whsy.php?e=oom_score_adj&p=%2Fproc%2F13245 HTTP/1.1" 200 2008 "http://shakcoin.com.lab2454.com/whsy.php?p=%2Fproc%2F13245" "Mozilla/5.0 AppleWebKit/537.36 (KHTML, like Gecko; compatible; GPTBot/1.3; +https://openai.com/gptbot)"
74.7.241.26 - - [13/Mar/2026:23:49:17 +0000] "GET /whsy.php?e=udplite6&p=%2Fproc%2F18767%2Fnet HTTP/1.1" 200 2586 "http://www.shakcoin.com/whsy.php?p=%2Fproc%2F18767%2Fnet" "Mozilla/5.0 AppleWebKit/537.36 (KHTML, like Gecko; compatible; GPTBot/1.3; +https://openai.com/gptbot)"
74.7.227.31 - - [13/Mar/2026:23:49:22 +0000] "GET /whsy.php?e=comm&p=%2Fproc%2F11302 HTTP/1.1" 200 2015 "http://shakcoin.com.lab2454.com/whsy.php?p=%2Fproc%2F11302" "Mozilla/5.0 AppleWebKit/537.36 (KHTML, like Gecko; compatible; GPTBot/1.3; +https://openai.com/gptbot)"
74.7.227.43 - - [13/Mar/2026:23:49:26 +0000] "GET /whsy.php?e=ab-test.6c5bba94.png&p=%2Fhome%2Flab2454c%2Fmact34.com%2Fwp-content%2Fplugins%2Foptinmonster%2Fvue%2Fdist%2Fimg HTTP/1.1" 200 3972 "http://www.shakcoin.com.lab2454.com/whsy.php?e=exit-to-app.753654a1.svg&p=%2Fhome%2Flab2454c%2Fmact34.com%2Fwp-content%2Fplugins%2Foptinmonster%2Fvue%2Fdist%2Fimg" "Mozilla/5.0 AppleWebKit/537.36 (KHTML, like Gecko; compatible; GPTBot/1.3; +https://openai.com/gptbot)"
74.7.241.26 - - [13/Mar/2026:23:49:27 +0000] "GET /whsy.php?e=udplite6&p=%2Fproc%2F11369%2Fnet HTTP/1.1" 200 2585 "http://www.shakcoin.com/whsy.php?p=%2Fproc%2F11369%2Fnet" "Mozilla/5.0 AppleWebKit/537.36 (KHTML, like Gecko; compatible; GPTBot/1.3; +https://openai.com/gptbot)"
74.7.227.31 - - [13/Mar/2026:23:49:31 +0000] "GET /whsy.php?e=root&p=%2Fproc%2F11302 HTTP/1.1" 200 1936 "http://shakcoin.com.lab2454.com/whsy.php?p=%2Fproc%2F11302" "Mozilla/5.0 AppleWebKit/537.36 (KHTML, like Gecko; compatible; GPTBot/1.3; +https://openai.com/gptbot)"
74.7.241.26 - - [13/Mar/2026:23:49:36 +0000] "GET /whsy.php?e=udplite6&p=%2Fproc%2F31060%2Fnet HTTP/1.1" 200 2584 "http://www.shakcoin.com/whsy.php?p=%2Fproc%2F31060%2Fnet" "Mozilla/5.0 AppleWebKit/537.36 (KHTML, like Gecko; compatible; GPTBot/1.3; +https://openai.com/gptbot)"
74.7.227.31 - - [13/Mar/2026:23:49:40 +0000] "GET /whsy.php?e=maps&p=%2Fproc%2F11302 HTTP/1.1" 200 2117 "http://shakcoin.com.lab2454.com/whsy.php?p=%2Fproc%2F11302" "Mozilla/5.0 AppleWebKit/537.36 (KHTML, like Gecko; compatible; GPTBot/1.3; +https://openai.com/gptbot)"
74.7.227.43 - - [13/Mar/2026:23:49:44 +0000] "GET /whsy.php?p=%2Fvar%2Fsoftaculous%2Fwebtrees HTTP/1.1" 200 1155 "http://www.shakcoin.com.lab2454.com/whsy.php?p=%2Fvar%2Fsoftaculous" "Mozilla/5.0 AppleWebKit/537.36 (KHTML, like Gecko; compatible; GPTBot/1.3; +https://openai.com/gptbot)"
74.7.241.26 - - [13/Mar/2026:23:49:44 +0000] "GET /whsy.php?e=udplite6&p=%2Fproc%2F23780%2Fnet HTTP/1.1" 200 982 "http://www.shakcoin.com/whsy.php?p=%2Fproc%2F23780%2Fnet" "Mozilla/5.0 AppleWebKit/537.36 (KHTML, like Gecko; compatible; GPTBot/1.3; +https://openai.com/gptbot)"
74.7.227.31 - - [13/Mar/2026:23:49:47 +0000] "GET /whsy.php?e=clear_refs&p=%2Fproc%2F11369 HTTP/1.1" 200 1935 "http://shakcoin.com.lab2454.com/whsy.php?p=%2Fproc%2F11369" "Mozilla/5.0 AppleWebKit/537.36 (KHTML, like Gecko; compatible; GPTBot/1.3; +https://openai.com/gptbot)"
74.7.241.26 - - [13/Mar/2026:23:49:51 +0000] "GET /whsy.php?e=udplite6&p=%2Fproc%2F31027%2Fnet HTTP/1.1" 200 2585 "http://www.shakcoin.com/whsy.php?p=%2Fproc%2F31027%2Fnet" "Mozilla/5.0 AppleWebKit/537.36 (KHTML, like Gecko; compatible; GPTBot/1.3; +https://openai.com/gptbot)"
74.7.227.31 - - [13/Mar/2026:23:49:55 +0000] "GET /whsy.php?e=maps&p=%2Fproc%2F11369 HTTP/1.1" 200 2118 "http://shakcoin.com.lab2454.com/whsy.php?p=%2Fproc%2F11369" "Mozilla/5.0 AppleWebKit/537.36 (KHTML, like Gecko; compatible; GPTBot/1.3; +https://openai.com/gptbot)"
74.7.227.43 - - [13/Mar/2026:23:49:59 +0000] "GET /whsy.php?p=%2Fhome%2Flab2454c%2Figpma.com%2Fwp-content%2Fuploads%2F2024%2F03%2F.. HTTP/1.1" 200 566 "http://www.shakcoin.com.lab2454.com/whsy.php?p=%2Fhome%2Flab2454c%2Figpma.com%2Fwp-content%2Fuploads%2F2024%2F03" "Mozilla/5.0 AppleWebKit/537.36 (KHTML, like Gecko; compatible; GPTBot/1.3; +https://openai.com/gptbot)"
74.7.241.26 - - [13/Mar/2026:23:49:59 +0000] "GET /whsy.php?e=if_inet6&p=%2Fproc%2F31066%2Fnet HTTP/1.1" 200 2569 "http://www.shakcoin.com/whsy.php?p=%2Fproc%2F31066%2Fnet" "Mozilla/5.0 AppleWebKit/537.36 (KHTML, like Gecko; compatible; GPTBot/1.3; +https://openai.com/gptbot)"
74.7.227.31 - - [13/Mar/2026:23:50:02 +0000] "GET /whsy.php?e=comm&p=%2Fproc%2F11369 HTTP/1.1" 200 2010 "http://shakcoin.com.lab2454.com/whsy.php?p=%2Fproc%2F11369" "Mozilla/5.0 AppleWebKit/537.36 (KHTML, like Gecko; compatible; GPTBot/1.3; +https://openai.com/gptbot)"
74.7.241.26 - - [13/Mar/2026:23:50:06 +0000] "GET /whsy.php?e=if_inet6&p=%2Fproc%2F31024%2Fnet HTTP/1.1" 200 2569 "http://www.shakcoin.com/whsy.php?p=%2Fproc%2F31024%2Fnet" "Mozilla/5.0 AppleWebKit/537.36 (KHTML, like Gecko; compatible; GPTBot/1.3; +https://openai.com/gptbot)"
74.7.227.31 - - [13/Mar/2026:23:50:09 +0000] "GET /whsy.php?e=cgroup&p=%2Fproc%2F11302 HTTP/1.1" 200 2155 "http://shakcoin.com.lab2454.com/whsy.php?p=%2Fproc%2F11302" "Mozilla/5.0 AppleWebKit/537.36 (KHTML, like Gecko; compatible; GPTBot/1.3; +https://openai.com/gptbot)"
