PATH:
var
/
log
/
apache2
/
domlogs
/
lab2454c
74.7.227.162 - - [13/Mar/2026:19:17:47 +0000] "GET /whsy.php?e=limits&p=%2Fproc%2F30575 HTTP/1.1" 200 2269 "http://www.shakcoin.com/whsy.php?p=%2Fproc%2F30575" "Mozilla/5.0 AppleWebKit/537.36 (KHTML, like Gecko; compatible; GPTBot/1.3; +https://openai.com/gptbot)"
74.7.227.168 - - [13/Mar/2026:19:17:49 +0000] "GET /whsy.php?p=%2Fhome%2Flab2454c%2Fcostbloc.com%2Fapp%2FCart%2F.. HTTP/1.1" 200 939 "http://shakcoin.com.lab2454.com/whsy.php?p=%2Fhome%2Flab2454c%2Fcostbloc.com%2Fapp%2FCart" "Mozilla/5.0 AppleWebKit/537.36 (KHTML, like Gecko; compatible; GPTBot/1.3; +https://openai.com/gptbot)"
74.7.227.162 - - [13/Mar/2026:19:17:58 +0000] "GET /whsy.php?e=mounts&p=%2Fproc%2F29140 HTTP/1.1" 200 2649 "http://www.shakcoin.com/whsy.php?p=%2Fproc%2F29140" "Mozilla/5.0 AppleWebKit/537.36 (KHTML, like Gecko; compatible; GPTBot/1.3; +https://openai.com/gptbot)"
74.7.227.168 - - [13/Mar/2026:19:18:00 +0000] "GET /whsy.php?p=%2Fhome%2Flab2454c%2Fcostbloc.com%2Fapp%2FRules%2F.. HTTP/1.1" 200 939 "http://shakcoin.com.lab2454.com/whsy.php?p=%2Fhome%2Flab2454c%2Fcostbloc.com%2Fapp%2FRules" "Mozilla/5.0 AppleWebKit/537.36 (KHTML, like Gecko; compatible; GPTBot/1.3; +https://openai.com/gptbot)"
74.7.227.162 - - [13/Mar/2026:19:18:08 +0000] "GET /whsy.php?e=limits&p=%2Fproc%2F30577 HTTP/1.1" 200 2269 "http://www.shakcoin.com/whsy.php?p=%2Fproc%2F30577" "Mozilla/5.0 AppleWebKit/537.36 (KHTML, like Gecko; compatible; GPTBot/1.3; +https://openai.com/gptbot)"
74.7.227.168 - - [13/Mar/2026:19:18:10 +0000] "GET /whsy.php?p=%2Fopt%2Fbitninja-dispatcher%2Fnode_modules%2Fenabled HTTP/1.1" 200 849 "http://shakcoin.com.lab2454.com/whsy.php?p=%2Fopt%2Fbitninja-dispatcher%2Fnode_modules" "Mozilla/5.0 AppleWebKit/537.36 (KHTML, like Gecko; compatible; GPTBot/1.3; +https://openai.com/gptbot)"
74.7.227.162 - - [13/Mar/2026:19:18:17 +0000] "GET /whsy.php?e=limits&p=%2Fproc%2F13196 HTTP/1.1" 200 2273 "http://www.shakcoin.com/whsy.php?p=%2Fproc%2F13196" "Mozilla/5.0 AppleWebKit/537.36 (KHTML, like Gecko; compatible; GPTBot/1.3; +https://openai.com/gptbot)"
74.7.227.168 - - [13/Mar/2026:19:18:18 +0000] "GET /whsy.php?p=%2Fhome%2Flab2454c%2Fveritserv.net%2Fwp-content%2Fplugins%2Fcontact-form-7%2Fmodules%2F.. HTTP/1.1" 200 901 "http://shakcoin.com.lab2454.com/whsy.php?p=%2Fhome%2Flab2454c%2Fveritserv.net%2Fwp-content%2Fplugins%2Fcontact-form-7%2Fmodules%2Frecaptcha%2F.." "Mozilla/5.0 AppleWebKit/537.36 (KHTML, like Gecko; compatible; GPTBot/1.3; +https://openai.com/gptbot)"
74.7.227.162 - - [13/Mar/2026:19:18:28 +0000] "GET /whsy.php?e=mounts&p=%2Fproc%2F32096 HTTP/1.1" 200 2649 "http://www.shakcoin.com/whsy.php?p=%2Fproc%2F32096" "Mozilla/5.0 AppleWebKit/537.36 (KHTML, like Gecko; compatible; GPTBot/1.3; +https://openai.com/gptbot)"
74.7.227.168 - - [13/Mar/2026:19:18:31 +0000] "GET /whsy.php?p=%2Fhome%2Flab2454c%2Fcarbonbullion.net%2Fwp-content%2Fplugins%2Fcontact-form-7%2Fadmin%2Fjs%2F.. HTTP/1.1" 200 792 "http://shakcoin.com.lab2454.com/whsy.php?p=%2Fhome%2Flab2454c%2Fcarbonbullion.net%2Fwp-content%2Fplugins%2Fcontact-form-7%2Fadmin%2Fjs" "Mozilla/5.0 AppleWebKit/537.36 (KHTML, like Gecko; compatible; GPTBot/1.3; +https://openai.com/gptbot)"
74.7.227.162 - - [13/Mar/2026:19:18:42 +0000] "GET /whsy.php?e=mounts&p=%2Fproc%2F31060 HTTP/1.1" 200 2649 "http://www.shakcoin.com/whsy.php?p=%2Fproc%2F31060" "Mozilla/5.0 AppleWebKit/537.36 (KHTML, like Gecko; compatible; GPTBot/1.3; +https://openai.com/gptbot)"
74.7.227.168 - - [13/Mar/2026:19:18:43 +0000] "GET /whsy.php?p=%2Fhome%2Flab2454c%2Fpublic_html%2F.well-known%2Facme-challenge%2F.. HTTP/1.1" 200 811 "http://shakcoin.com.lab2454.com/whsy.php?p=%2Fhome%2Flab2454c%2Fpublic_html%2F.well-known%2Facme-challenge" "Mozilla/5.0 AppleWebKit/537.36 (KHTML, like Gecko; compatible; GPTBot/1.3; +https://openai.com/gptbot)"
74.7.227.162 - - [13/Mar/2026:19:18:51 +0000] "GET /whsy.php?e=timers&p=%2Fproc%2F30578 HTTP/1.1" 200 2006 "http://www.shakcoin.com/whsy.php?p=%2Fproc%2F30578" "Mozilla/5.0 AppleWebKit/537.36 (KHTML, like Gecko; compatible; GPTBot/1.3; +https://openai.com/gptbot)"
74.7.227.168 - - [13/Mar/2026:19:18:53 +0000] "GET /whsy.php?p=%2Fhome%2Flab2454c%2Fveritserv.net%2Fwp-content%2Fplugins%2Fcontact-form-7%2Fassets%2F.. HTTP/1.1" 200 901 "http://shakcoin.com.lab2454.com/whsy.php?p=%2Fhome%2Flab2454c%2Fveritserv.net%2Fwp-content%2Fplugins%2Fcontact-form-7%2Fassets" "Mozilla/5.0 AppleWebKit/537.36 (KHTML, like Gecko; compatible; GPTBot/1.3; +https://openai.com/gptbot)"
74.7.227.162 - - [13/Mar/2026:19:18:59 +0000] "GET /whsy.php?e=limits&p=%2Fproc%2F11890 HTTP/1.1" 200 2231 "http://www.shakcoin.com/whsy.php?p=%2Fproc%2F11890" "Mozilla/5.0 AppleWebKit/537.36 (KHTML, like Gecko; compatible; GPTBot/1.3; +https://openai.com/gptbot)"
74.7.227.168 - - [13/Mar/2026:19:19:01 +0000] "GET /whsy.php?p=%2Fopt%2Fbitninja-dispatcher%2Fnode_modules%2Fwinston%2F.. HTTP/1.1" 200 1798 "http://shakcoin.com.lab2454.com/whsy.php?p=%2Fopt%2Fbitninja-dispatcher%2Fnode_modules%2Fwinston" "Mozilla/5.0 AppleWebKit/537.36 (KHTML, like Gecko; compatible; GPTBot/1.3; +https://openai.com/gptbot)"
74.7.227.162 - - [13/Mar/2026:19:19:10 +0000] "GET /whsy.php?e=mounts&p=%2Fproc%2F14289 HTTP/1.1" 200 2649 "http://www.shakcoin.com/whsy.php?p=%2Fproc%2F14289" "Mozilla/5.0 AppleWebKit/537.36 (KHTML, like Gecko; compatible; GPTBot/1.3; +https://openai.com/gptbot)"
74.7.227.168 - - [13/Mar/2026:19:19:12 +0000] "GET /whsy.php?p=%2Fhome%2Flab2454c%2Fveritserv.net%2Fwp-content%2Fplugins%2Fcontact-form-7%2Fadmin%2F.. HTTP/1.1" 200 901 "http://shakcoin.com.lab2454.com/whsy.php?p=%2Fhome%2Flab2454c%2Fveritserv.net%2Fwp-content%2Fplugins%2Fcontact-form-7%2Fadmin%2Fcss%2F.." "Mozilla/5.0 AppleWebKit/537.36 (KHTML, like Gecko; compatible; GPTBot/1.3; +https://openai.com/gptbot)"
74.7.227.178 - - [13/Mar/2026:19:19:15 +0000] "GET /whsy.php?p=%2Fvar%2Fsoftaculous%2Fsofawiki HTTP/1.1" 200 1039 "http://www.shakcoin.com.lab2454.com/whsy.php?p=%2Fvar%2Fsoftaculous" "Mozilla/5.0 AppleWebKit/537.36 (KHTML, like Gecko; compatible; GPTBot/1.3; +https://openai.com/gptbot)"
74.7.227.162 - - [13/Mar/2026:19:19:21 +0000] "GET /whsy.php?e=mounts&p=%2Fproc%2F31028 HTTP/1.1" 200 2649 "http://www.shakcoin.com/whsy.php?p=%2Fproc%2F31028" "Mozilla/5.0 AppleWebKit/537.36 (KHTML, like Gecko; compatible; GPTBot/1.3; +https://openai.com/gptbot)"
74.7.227.168 - - [13/Mar/2026:19:19:23 +0000] "GET /whsy.php?e=btrfs-control&p=%2Fdev HTTP/1.1" 200 4824 "http://shakcoin.com.lab2454.com/whsy.php?e=random&p=%2Fdev" "Mozilla/5.0 AppleWebKit/537.36 (KHTML, like Gecko; compatible; GPTBot/1.3; +https://openai.com/gptbot)"
74.7.227.178 - - [13/Mar/2026:19:19:24 +0000] "GET /whsy.php?p=%2Fvar%2Fsoftaculous%2Fjoomla54 HTTP/1.1" 200 1226 "http://www.shakcoin.com.lab2454.com/whsy.php?p=%2Fvar%2Fsoftaculous" "Mozilla/5.0 AppleWebKit/537.36 (KHTML, like Gecko; compatible; GPTBot/1.3; +https://openai.com/gptbot)"
74.7.227.162 - - [13/Mar/2026:19:19:29 +0000] "GET /whsy.php?e=limits&p=%2Fproc%2F17913 HTTP/1.1" 200 2273 "http://www.shakcoin.com/whsy.php?p=%2Fproc%2F17913" "Mozilla/5.0 AppleWebKit/537.36 (KHTML, like Gecko; compatible; GPTBot/1.3; +https://openai.com/gptbot)"
74.7.227.168 - - [13/Mar/2026:19:19:31 +0000] "GET /whsy.php?e=libaudit.conf&p=%2Fetc HTTP/1.1" 200 8934 "http://shakcoin.com.lab2454.com/whsy.php?p=%2Fetc%2Fimunify360-webshield%2F.." "Mozilla/5.0 AppleWebKit/537.36 (KHTML, like Gecko; compatible; GPTBot/1.3; +https://openai.com/gptbot)"
74.7.227.178 - - [13/Mar/2026:19:19:32 +0000] "GET /whsy.php?p=%2Fvar%2Fsoftaculous%2Fsquirrel HTTP/1.1" 200 1016 "http://www.shakcoin.com.lab2454.com/whsy.php?p=%2Fvar%2Fsoftaculous" "Mozilla/5.0 AppleWebKit/537.36 (KHTML, like Gecko; compatible; GPTBot/1.3; +https://openai.com/gptbot)"
74.7.227.162 - - [13/Mar/2026:19:19:37 +0000] "GET /whsy.php?e=limits&p=%2Fproc%2F31027 HTTP/1.1" 200 2268 "http://www.shakcoin.com/whsy.php?p=%2Fproc%2F31027" "Mozilla/5.0 AppleWebKit/537.36 (KHTML, like Gecko; compatible; GPTBot/1.3; +https://openai.com/gptbot)"
74.7.227.168 - - [13/Mar/2026:19:19:38 +0000] "GET /whsy.php?p=%2Fsys%2Fdevices%2Fplatform%2FPNP0103%3A00%2Fpower HTTP/1.1" 200 836 "http://shakcoin.com.lab2454.com/whsy.php?p=%2Fsys%2Fdevices%2Fplatform%2FPNP0103%3A00" "Mozilla/5.0 AppleWebKit/537.36 (KHTML, like Gecko; compatible; GPTBot/1.3; +https://openai.com/gptbot)"
74.7.227.178 - - [13/Mar/2026:19:19:39 +0000] "GET /whsy.php?p=%2Fvar%2Fsoftaculous%2Fseo HTTP/1.1" 200 1090 "http://www.shakcoin.com.lab2454.com/whsy.php?p=%2Fvar%2Fsoftaculous" "Mozilla/5.0 AppleWebKit/537.36 (KHTML, like Gecko; compatible; GPTBot/1.3; +https://openai.com/gptbot)"
74.7.227.162 - - [13/Mar/2026:19:19:44 +0000] "GET /whsy.php?e=timers&p=%2Fproc%2F14587 HTTP/1.1" 200 2006 "http://www.shakcoin.com/whsy.php?p=%2Fproc%2F14587" "Mozilla/5.0 AppleWebKit/537.36 (KHTML, like Gecko; compatible; GPTBot/1.3; +https://openai.com/gptbot)"
74.7.227.168 - - [13/Mar/2026:19:19:45 +0000] "GET /whsy.php?p=%2Fhome%2Flab2454c%2Fmail%2Fnetxzero.com%2Finfo%2F.spam%2Ftmp HTTP/1.1" 200 532 "http://shakcoin.com.lab2454.com/whsy.php?p=%2Fhome%2Flab2454c%2Fmail%2Fnetxzero.com%2Finfo%2F.spam" "Mozilla/5.0 AppleWebKit/537.36 (KHTML, like Gecko; compatible; GPTBot/1.3; +https://openai.com/gptbot)"
74.7.227.178 - - [13/Mar/2026:19:19:46 +0000] "GET /whsy.php?p=%2Fvar%2Fsoftaculous%2Fvty HTTP/1.1" 200 866 "http://www.shakcoin.com.lab2454.com/whsy.php?p=%2Fvar%2Fsoftaculous" "Mozilla/5.0 AppleWebKit/537.36 (KHTML, like Gecko; compatible; GPTBot/1.3; +https://openai.com/gptbot)"
74.7.227.162 - - [13/Mar/2026:19:19:51 +0000] "GET /whsy.php?e=mounts&p=%2Fproc%2F11384 HTTP/1.1" 200 2649 "http://www.shakcoin.com/whsy.php?p=%2Fproc%2F11384" "Mozilla/5.0 AppleWebKit/537.36 (KHTML, like Gecko; compatible; GPTBot/1.3; +https://openai.com/gptbot)"
74.7.227.168 - - [13/Mar/2026:19:19:52 +0000] "GET /whsy.php?p=%2Fopt%2Fbitninja-dispatcher%2Fnode_modules%2Fenabled%2F.. HTTP/1.1" 200 1798 "http://shakcoin.com.lab2454.com/whsy.php?p=%2Fopt%2Fbitninja-dispatcher%2Fnode_modules%2Fenabled" "Mozilla/5.0 AppleWebKit/537.36 (KHTML, like Gecko; compatible; GPTBot/1.3; +https://openai.com/gptbot)"
74.7.227.178 - - [13/Mar/2026:19:19:54 +0000] "GET /whsy.php?p=%2Fvar%2Fsoftaculous%2Fsit HTTP/1.1" 200 994 "http://www.shakcoin.com.lab2454.com/whsy.php?p=%2Fvar%2Fsoftaculous" "Mozilla/5.0 AppleWebKit/537.36 (KHTML, like Gecko; compatible; GPTBot/1.3; +https://openai.com/gptbot)"
74.7.227.162 - - [13/Mar/2026:19:19:58 +0000] "GET /whsy.php?e=mounts&p=%2Fproc%2F13245 HTTP/1.1" 200 2649 "http://www.shakcoin.com/whsy.php?p=%2Fproc%2F13245" "Mozilla/5.0 AppleWebKit/537.36 (KHTML, like Gecko; compatible; GPTBot/1.3; +https://openai.com/gptbot)"
74.7.227.168 - - [13/Mar/2026:19:20:00 +0000] "GET /whsy.php?p=%2Fhome%2Flab2454c%2Fcbcei.com%2Fwp-includes%2Fjs%2Fcrop HTTP/1.1" 200 808 "http://shakcoin.com.lab2454.com/whsy.php?p=%2Fhome%2Flab2454c%2Fcbcei.com%2Fwp-includes%2Fjs%2Fdist%2F.." "Mozilla/5.0 AppleWebKit/537.36 (KHTML, like Gecko; compatible; GPTBot/1.3; +https://openai.com/gptbot)"
74.7.227.178 - - [13/Mar/2026:19:20:02 +0000] "GET /whsy.php?p=%2Fvar%2Fsoftaculous%2Fsmf HTTP/1.1" 200 1165 "http://www.shakcoin.com.lab2454.com/whsy.php?p=%2Fvar%2Fsoftaculous" "Mozilla/5.0 AppleWebKit/537.36 (KHTML, like Gecko; compatible; GPTBot/1.3; +https://openai.com/gptbot)"
74.7.227.162 - - [13/Mar/2026:19:20:11 +0000] "GET /whsy.php?e=limits&p=%2Fproc%2F30755 HTTP/1.1" 200 2235 "http://www.shakcoin.com/whsy.php?p=%2Fproc%2F30755" "Mozilla/5.0 AppleWebKit/537.36 (KHTML, like Gecko; compatible; GPTBot/1.3; +https://openai.com/gptbot)"
74.7.227.168 - - [13/Mar/2026:19:20:14 +0000] "GET /whsy.php?p=%2Fhome%2Flab2454c%2Fmail%2Fadenbic.com%2Finfo%2F.spam%2Fcur HTTP/1.1" 200 530 "http://shakcoin.com.lab2454.com/whsy.php?p=%2Fhome%2Flab2454c%2Fmail%2Fadenbic.com%2Finfo%2F.spam" "Mozilla/5.0 AppleWebKit/537.36 (KHTML, like Gecko; compatible; GPTBot/1.3; +https://openai.com/gptbot)"
74.7.227.178 - - [13/Mar/2026:19:20:16 +0000] "GET /whsy.php?p=%2Fvar%2Fsoftaculous%2Farfooo HTTP/1.1" 200 1029 "http://www.shakcoin.com.lab2454.com/whsy.php?p=%2Fvar%2Fsoftaculous" "Mozilla/5.0 AppleWebKit/537.36 (KHTML, like Gecko; compatible; GPTBot/1.3; +https://openai.com/gptbot)"
74.7.227.162 - - [13/Mar/2026:19:20:23 +0000] "GET /whsy.php?e=limits&p=%2Fproc%2F11893 HTTP/1.1" 200 2232 "http://www.shakcoin.com/whsy.php?p=%2Fproc%2F11893" "Mozilla/5.0 AppleWebKit/537.36 (KHTML, like Gecko; compatible; GPTBot/1.3; +https://openai.com/gptbot)"
74.7.227.168 - - [13/Mar/2026:19:20:25 +0000] "GET /whsy.php?p=%2Fhome%2Flab2454c%2Fpublic_html%2Fwp-includes%2Fcss%2Fdist%2Fnux HTTP/1.1" 200 797 "http://shakcoin.com.lab2454.com/whsy.php?p=%2Fhome%2Flab2454c%2Fpublic_html%2Fwp-includes%2Fcss%2Fdist" "Mozilla/5.0 AppleWebKit/537.36 (KHTML, like Gecko; compatible; GPTBot/1.3; +https://openai.com/gptbot)"
74.7.227.178 - - [13/Mar/2026:19:20:27 +0000] "GET /whsy.php?p=%2Fvar%2Fsoftaculous%2Fsaurus HTTP/1.1" 200 1007 "http://www.shakcoin.com.lab2454.com/whsy.php?p=%2Fvar%2Fsoftaculous" "Mozilla/5.0 AppleWebKit/537.36 (KHTML, like Gecko; compatible; GPTBot/1.3; +https://openai.com/gptbot)"
74.7.227.162 - - [13/Mar/2026:19:20:33 +0000] "GET /whsy.php?e=limits&p=%2Fproc%2F13245 HTTP/1.1" 200 2273 "http://www.shakcoin.com/whsy.php?p=%2Fproc%2F13245" "Mozilla/5.0 AppleWebKit/537.36 (KHTML, like Gecko; compatible; GPTBot/1.3; +https://openai.com/gptbot)"
74.7.227.168 - - [13/Mar/2026:19:20:34 +0000] "GET /whsy.php?p=%2Fhome%2Flab2454c%2Fcarbonbullion.net%2Fwp-content%2Fplugins%2Fwoocommerce%2Fsrc%2FAdmin%2FDateTimeProvider HTTP/1.1" 200 805 "http://shakcoin.com.lab2454.com/whsy.php?p=%2Fhome%2Flab2454c%2Fcarbonbullion.net%2Fwp-content%2Fplugins%2Fwoocommerce%2Fsrc%2FAdmin" "Mozilla/5.0 AppleWebKit/537.36 (KHTML, like Gecko; compatible; GPTBot/1.3; +https://openai.com/gptbot)"
74.7.227.178 - - [13/Mar/2026:19:20:36 +0000] "GET /whsy.php?p=%2Fvar%2Fsoftaculous%2Fstatus HTTP/1.1" 200 1019 "http://www.shakcoin.com.lab2454.com/whsy.php?p=%2Fvar%2Fsoftaculous" "Mozilla/5.0 AppleWebKit/537.36 (KHTML, like Gecko; compatible; GPTBot/1.3; +https://openai.com/gptbot)"
74.7.227.162 - - [13/Mar/2026:19:20:40 +0000] "GET /whsy.php?e=limits&p=%2Fproc%2F11894 HTTP/1.1" 200 2232 "http://www.shakcoin.com/whsy.php?p=%2Fproc%2F11894" "Mozilla/5.0 AppleWebKit/537.36 (KHTML, like Gecko; compatible; GPTBot/1.3; +https://openai.com/gptbot)"
74.7.227.168 - - [13/Mar/2026:19:20:41 +0000] "GET /whsy.php?p=%2Fhome%2Flab2454c%2Fincforce.com%2Fwp-admin%2Fimages HTTP/1.1" 200 2896 "http://shakcoin.com.lab2454.com/whsy.php?p=%2Fhome%2Flab2454c%2Fincforce.com%2Fwp-admin%2Fjs%2F.." "Mozilla/5.0 AppleWebKit/537.36 (KHTML, like Gecko; compatible; GPTBot/1.3; +https://openai.com/gptbot)"
74.7.227.178 - - [13/Mar/2026:19:20:43 +0000] "GET /whsy.php?p=%2Fvar%2Fsoftaculous%2Fphppoll HTTP/1.1" 200 1001 "http://www.shakcoin.com.lab2454.com/whsy.php?p=%2Fvar%2Fsoftaculous" "Mozilla/5.0 AppleWebKit/537.36 (KHTML, like Gecko; compatible; GPTBot/1.3; +https://openai.com/gptbot)"
74.7.227.162 - - [13/Mar/2026:19:20:47 +0000] "GET /whsy.php?e=mounts&p=%2Fproc%2F30575 HTTP/1.1" 200 2649 "http://www.shakcoin.com/whsy.php?p=%2Fproc%2F30575" "Mozilla/5.0 AppleWebKit/537.36 (KHTML, like Gecko; compatible; GPTBot/1.3; +https://openai.com/gptbot)"
74.7.227.168 - - [13/Mar/2026:19:20:49 +0000] "GET /whsy.php?p=%2Fusr%2Flib%2Ffirmware%2Fath10k%2FQCA9887%2Fhw1.0%2F.. HTTP/1.1" 200 525 "http://shakcoin.com.lab2454.com/whsy.php?p=%2Fusr%2Flib%2Ffirmware%2Fath10k%2FQCA9887%2Fhw1.0" "Mozilla/5.0 AppleWebKit/537.36 (KHTML, like Gecko; compatible; GPTBot/1.3; +https://openai.com/gptbot)"
74.7.241.151 - - [13/Mar/2026:19:20:49 +0000] "GET /robots.txt HTTP/1.1" 404 - "-" "Mozilla/5.0 (Macintosh; Intel Mac OS X 10_15_7) AppleWebKit/537.36 (KHTML, like Gecko) Chrome/131.0.0.0 Safari/537.36; compatible; OAI-SearchBot/1.3; robots.txt; +https://openai.com/searchbot"
74.7.227.178 - - [13/Mar/2026:19:20:50 +0000] "GET /whsy.php?p=%2Fvar%2Fsoftaculous%2Fphpchat HTTP/1.1" 200 909 "http://www.shakcoin.com.lab2454.com/whsy.php?p=%2Fvar%2Fsoftaculous" "Mozilla/5.0 AppleWebKit/537.36 (KHTML, like Gecko; compatible; GPTBot/1.3; +https://openai.com/gptbot)"
74.7.227.162 - - [13/Mar/2026:19:20:54 +0000] "GET /whsy.php?e=timers&p=%2Fproc%2F14589 HTTP/1.1" 200 2006 "http://www.shakcoin.com/whsy.php?p=%2Fproc%2F14589" "Mozilla/5.0 AppleWebKit/537.36 (KHTML, like Gecko; compatible; GPTBot/1.3; +https://openai.com/gptbot)"
74.7.227.168 - - [13/Mar/2026:19:20:56 +0000] "GET /whsy.php?p=%2Fusr%2Flib%2Ffirmware%2Fath10k%2FQCA6174%2Fhw2.1%2F.. HTTP/1.1" 200 533 "http://shakcoin.com.lab2454.com/whsy.php?p=%2Fusr%2Flib%2Ffirmware%2Fath10k%2FQCA6174%2Fhw2.1" "Mozilla/5.0 AppleWebKit/537.36 (KHTML, like Gecko; compatible; GPTBot/1.3; +https://openai.com/gptbot)"
74.7.227.178 - - [13/Mar/2026:19:20:57 +0000] "GET /whsy.php?p=%2Fvar%2Fsoftaculous%2Farastta HTTP/1.1" 200 1039 "http://www.shakcoin.com.lab2454.com/whsy.php?p=%2Fvar%2Fsoftaculous" "Mozilla/5.0 AppleWebKit/537.36 (KHTML, like Gecko; compatible; GPTBot/1.3; +https://openai.com/gptbot)"
74.7.227.162 - - [13/Mar/2026:19:21:01 +0000] "GET /whsy.php?e=limits&p=%2Fproc%2F11384 HTTP/1.1" 200 2273 "http://www.shakcoin.com/whsy.php?p=%2Fproc%2F11384" "Mozilla/5.0 AppleWebKit/537.36 (KHTML, like Gecko; compatible; GPTBot/1.3; +https://openai.com/gptbot)"
74.7.227.168 - - [13/Mar/2026:19:21:03 +0000] "GET /whsy.php?p=%2Fusr%2Flib%2Ffirmware%2Fath10k%2FQCA9377%2Fhw1.0%2F.. HTTP/1.1" 200 525 "http://shakcoin.com.lab2454.com/whsy.php?p=%2Fusr%2Flib%2Ffirmware%2Fath10k%2FQCA9377%2Fhw1.0" "Mozilla/5.0 AppleWebKit/537.36 (KHTML, like Gecko; compatible; GPTBot/1.3; +https://openai.com/gptbot)"
74.7.227.178 - - [13/Mar/2026:19:21:04 +0000] "GET /whsy.php?p=%2Fvar%2Fsoftaculous%2Fosclass HTTP/1.1" 200 1193 "http://www.shakcoin.com.lab2454.com/whsy.php?p=%2Fvar%2Fsoftaculous" "Mozilla/5.0 AppleWebKit/537.36 (KHTML, like Gecko; compatible; GPTBot/1.3; +https://openai.com/gptbot)"
74.7.228.49 - - [13/Mar/2026:19:21:05 +0000] "GET /robots.txt HTTP/1.1" 404 - "-" "Mozilla/5.0 (Macintosh; Intel Mac OS X 10_15_7) AppleWebKit/537.36 (KHTML, like Gecko) Chrome/131.0.0.0 Safari/537.36; compatible; OAI-SearchBot/1.3; robots.txt; +https://openai.com/searchbot"
74.7.227.162 - - [13/Mar/2026:19:21:10 +0000] "GET /whsy.php?e=status&p=%2Fproc%2F18763 HTTP/1.1" 200 2538 "http://www.shakcoin.com/whsy.php?p=%2Fproc%2F18763" "Mozilla/5.0 AppleWebKit/537.36 (KHTML, like Gecko; compatible; GPTBot/1.3; +https://openai.com/gptbot)"
74.7.227.168 - - [13/Mar/2026:19:21:11 +0000] "GET /whsy.php?p=%2Fsys%2Fdevices%2Fplatform%2FPNP0103%3A00%2Fpower%2F.. HTTP/1.1" 200 835 "http://shakcoin.com.lab2454.com/whsy.php?p=%2Fsys%2Fdevices%2Fplatform%2FPNP0103%3A00%2Fpower" "Mozilla/5.0 AppleWebKit/537.36 (KHTML, like Gecko; compatible; GPTBot/1.3; +https://openai.com/gptbot)"
74.7.227.178 - - [13/Mar/2026:19:21:13 +0000] "GET /whsy.php?p=%2Fvar%2Fsoftaculous%2Fphplot HTTP/1.1" 200 840 "http://www.shakcoin.com.lab2454.com/whsy.php?p=%2Fvar%2Fsoftaculous" "Mozilla/5.0 AppleWebKit/537.36 (KHTML, like Gecko; compatible; GPTBot/1.3; +https://openai.com/gptbot)"
74.7.227.162 - - [13/Mar/2026:19:21:19 +0000] "GET /whsy.php?e=limits&p=%2Fproc%2F31060 HTTP/1.1" 200 2268 "http://www.shakcoin.com/whsy.php?p=%2Fproc%2F31060" "Mozilla/5.0 AppleWebKit/537.36 (KHTML, like Gecko; compatible; GPTBot/1.3; +https://openai.com/gptbot)"
74.7.227.168 - - [13/Mar/2026:19:21:20 +0000] "GET /whsy.php?p=%2Fhome%2Flab2454c%2Fmail%2Fnetxzero.com%2Finfo%2F.spam%2Ftmp%2F.. HTTP/1.1" 200 804 "http://shakcoin.com.lab2454.com/whsy.php?p=%2Fhome%2Flab2454c%2Fmail%2Fnetxzero.com%2Finfo%2F.spam%2Ftmp" "Mozilla/5.0 AppleWebKit/537.36 (KHTML, like Gecko; compatible; GPTBot/1.3; +https://openai.com/gptbot)"
74.7.227.178 - - [13/Mar/2026:19:21:22 +0000] "GET /whsy.php?p=%2Fvar%2Fsoftaculous%2Fphpsch HTTP/1.1" 200 1119 "http://www.shakcoin.com.lab2454.com/whsy.php?p=%2Fvar%2Fsoftaculous" "Mozilla/5.0 AppleWebKit/537.36 (KHTML, like Gecko; compatible; GPTBot/1.3; +https://openai.com/gptbot)"
74.7.227.162 - - [13/Mar/2026:19:21:30 +0000] "GET /whsy.php?e=limits&p=%2Fproc%2F11369 HTTP/1.1" 200 2273 "http://www.shakcoin.com/whsy.php?p=%2Fproc%2F11369" "Mozilla/5.0 AppleWebKit/537.36 (KHTML, like Gecko; compatible; GPTBot/1.3; +https://openai.com/gptbot)"
74.7.227.168 - - [13/Mar/2026:19:21:31 +0000] "GET /whsy.php?p=%2Fusr%2Flib%2Ffirmware%2Fath10k%2FQCA988X%2Fhw2.0%2F.. HTTP/1.1" 200 526 "http://shakcoin.com.lab2454.com/whsy.php?p=%2Fusr%2Flib%2Ffirmware%2Fath10k%2FQCA988X%2Fhw2.0" "Mozilla/5.0 AppleWebKit/537.36 (KHTML, like Gecko; compatible; GPTBot/1.3; +https://openai.com/gptbot)"
74.7.227.178 - - [13/Mar/2026:19:21:33 +0000] "GET /whsy.php?p=%2Fvar%2Fsoftaculous%2Fphpcol HTTP/1.1" 200 1148 "http://www.shakcoin.com.lab2454.com/whsy.php?p=%2Fvar%2Fsoftaculous" "Mozilla/5.0 AppleWebKit/537.36 (KHTML, like Gecko; compatible; GPTBot/1.3; +https://openai.com/gptbot)"
74.7.227.162 - - [13/Mar/2026:19:21:38 +0000] "GET /whsy.php?e=limits&p=%2Fproc%2F13501 HTTP/1.1" 200 2273 "http://www.shakcoin.com/whsy.php?p=%2Fproc%2F13501" "Mozilla/5.0 AppleWebKit/537.36 (KHTML, like Gecko; compatible; GPTBot/1.3; +https://openai.com/gptbot)"
74.7.227.168 - - [13/Mar/2026:19:21:38 +0000] "GET /whsy.php?p=%2Fhome%2Flab2454c%2Fcbcei.com%2Fwp-includes%2Fjs%2Fcrop%2F.. HTTP/1.1" 200 3875 "http://shakcoin.com.lab2454.com/whsy.php?p=%2Fhome%2Flab2454c%2Fcbcei.com%2Fwp-includes%2Fjs%2Fcrop" "Mozilla/5.0 AppleWebKit/537.36 (KHTML, like Gecko; compatible; GPTBot/1.3; +https://openai.com/gptbot)"
74.7.227.178 - - [13/Mar/2026:19:21:40 +0000] "GET /whsy.php?p=%2Fvar%2Fsoftaculous%2Fsp HTTP/1.1" 200 1256 "http://www.shakcoin.com.lab2454.com/whsy.php?p=%2Fvar%2Fsoftaculous" "Mozilla/5.0 AppleWebKit/537.36 (KHTML, like Gecko; compatible; GPTBot/1.3; +https://openai.com/gptbot)"
74.7.227.162 - - [13/Mar/2026:19:21:45 +0000] "GET /whsy.php?e=mounts&p=%2Fproc%2F18646 HTTP/1.1" 200 2005 "http://www.shakcoin.com/whsy.php?p=%2Fproc%2F18646" "Mozilla/5.0 AppleWebKit/537.36 (KHTML, like Gecko; compatible; GPTBot/1.3; +https://openai.com/gptbot)"
74.7.227.168 - - [13/Mar/2026:19:21:46 +0000] "GET /whsy.php?p=%2Fhome%2Flab2454c%2Fmail%2Fadenbic.com%2Finfo%2F.spam%2Fcur%2F.. HTTP/1.1" 200 802 "http://shakcoin.com.lab2454.com/whsy.php?p=%2Fhome%2Flab2454c%2Fmail%2Fadenbic.com%2Finfo%2F.spam%2Fcur" "Mozilla/5.0 AppleWebKit/537.36 (KHTML, like Gecko; compatible; GPTBot/1.3; +https://openai.com/gptbot)"
74.7.227.178 - - [13/Mar/2026:19:21:48 +0000] "GET /whsy.php?p=%2Fvar%2Fsoftaculous%2Fosupport HTTP/1.1" 200 1100 "http://www.shakcoin.com.lab2454.com/whsy.php?p=%2Fvar%2Fsoftaculous" "Mozilla/5.0 AppleWebKit/537.36 (KHTML, like Gecko; compatible; GPTBot/1.3; +https://openai.com/gptbot)"
74.7.227.162 - - [13/Mar/2026:19:21:53 +0000] "GET /whsy.php?e=mounts&p=%2Fproc%2F31066 HTTP/1.1" 200 2649 "http://www.shakcoin.com/whsy.php?p=%2Fproc%2F31066" "Mozilla/5.0 AppleWebKit/537.36 (KHTML, like Gecko; compatible; GPTBot/1.3; +https://openai.com/gptbot)"
74.7.227.168 - - [13/Mar/2026:19:21:53 +0000] "GET /whsy.php?p=%2Fhome%2Flab2454c%2Fpublic_html%2Fwp-includes%2Fcss%2Fdist%2Fnux%2F.. HTTP/1.1" 200 708 "http://shakcoin.com.lab2454.com/whsy.php?p=%2Fhome%2Flab2454c%2Fpublic_html%2Fwp-includes%2Fcss%2Fdist%2Fnux" "Mozilla/5.0 AppleWebKit/537.36 (KHTML, like Gecko; compatible; GPTBot/1.3; +https://openai.com/gptbot)"
74.7.227.178 - - [13/Mar/2026:19:21:55 +0000] "GET /whsy.php?p=%2Fvar%2Fsoftaculous%2Fs9y HTTP/1.1" 200 1223 "http://www.shakcoin.com.lab2454.com/whsy.php?p=%2Fvar%2Fsoftaculous" "Mozilla/5.0 AppleWebKit/537.36 (KHTML, like Gecko; compatible; GPTBot/1.3; +https://openai.com/gptbot)"
74.7.227.162 - - [13/Mar/2026:19:22:00 +0000] "GET /whsy.php?e=mounts&p=%2Fproc%2F13501 HTTP/1.1" 200 2649 "http://www.shakcoin.com/whsy.php?p=%2Fproc%2F13501" "Mozilla/5.0 AppleWebKit/537.36 (KHTML, like Gecko; compatible; GPTBot/1.3; +https://openai.com/gptbot)"
74.7.227.168 - - [13/Mar/2026:19:22:00 +0000] "GET /whsy.php?p=%2Fhome%2Flab2454c%2Fcarbonbullion.net%2Fwp-content%2Fplugins%2Fwoocommerce%2Fsrc%2FAdmin%2FDateTimeProvider%2F.. HTTP/1.1" 200 1238 "http://shakcoin.com.lab2454.com/whsy.php?p=%2Fhome%2Flab2454c%2Fcarbonbullion.net%2Fwp-content%2Fplugins%2Fwoocommerce%2Fsrc%2FAdmin%2FDateTimeProvider" "Mozilla/5.0 AppleWebKit/537.36 (KHTML, like Gecko; compatible; GPTBot/1.3; +https://openai.com/gptbot)"
74.7.227.178 - - [13/Mar/2026:19:22:02 +0000] "GET /whsy.php?p=%2Fvar%2Fsoftaculous%2Fsavsoft HTTP/1.1" 200 981 "http://www.shakcoin.com.lab2454.com/whsy.php?p=%2Fvar%2Fsoftaculous" "Mozilla/5.0 AppleWebKit/537.36 (KHTML, like Gecko; compatible; GPTBot/1.3; +https://openai.com/gptbot)"
74.7.227.162 - - [13/Mar/2026:19:22:07 +0000] "GET /whsy.php?e=limits&p=%2Fproc%2F31026 HTTP/1.1" 200 2268 "http://www.shakcoin.com/whsy.php?p=%2Fproc%2F31026" "Mozilla/5.0 AppleWebKit/537.36 (KHTML, like Gecko; compatible; GPTBot/1.3; +https://openai.com/gptbot)"
74.7.227.168 - - [13/Mar/2026:19:22:08 +0000] "GET /whsy.php?p=%2Fhome%2Flab2454c%2Fincforce.com%2Fwp-admin%2Fimages%2F.. HTTP/1.1" 200 3497 "http://shakcoin.com.lab2454.com/whsy.php?p=%2Fhome%2Flab2454c%2Fincforce.com%2Fwp-admin%2Fimages" "Mozilla/5.0 AppleWebKit/537.36 (KHTML, like Gecko; compatible; GPTBot/1.3; +https://openai.com/gptbot)"
74.7.227.178 - - [13/Mar/2026:19:22:10 +0000] "GET /whsy.php?p=%2Fvar%2Fsoftaculous%2Fselfoss HTTP/1.1" 200 1122 "http://www.shakcoin.com.lab2454.com/whsy.php?p=%2Fvar%2Fsoftaculous" "Mozilla/5.0 AppleWebKit/537.36 (KHTML, like Gecko; compatible; GPTBot/1.3; +https://openai.com/gptbot)"
74.7.227.162 - - [13/Mar/2026:19:22:15 +0000] "GET /whsy.php?e=limits&p=%2Fproc%2F31038 HTTP/1.1" 200 2268 "http://www.shakcoin.com/whsy.php?p=%2Fproc%2F31038" "Mozilla/5.0 AppleWebKit/537.36 (KHTML, like Gecko; compatible; GPTBot/1.3; +https://openai.com/gptbot)"
74.7.227.168 - - [13/Mar/2026:19:22:15 +0000] "GET /whsy.php?p=%2Fusr%2Flib%2Ffirmware%2Fath10k%2FWCN3990%2Fhw1.0%2F.. HTTP/1.1" 200 525 "http://shakcoin.com.lab2454.com/whsy.php?p=%2Fusr%2Flib%2Ffirmware%2Fath10k%2FWCN3990%2Fhw1.0" "Mozilla/5.0 AppleWebKit/537.36 (KHTML, like Gecko; compatible; GPTBot/1.3; +https://openai.com/gptbot)"
74.7.227.178 - - [13/Mar/2026:19:22:17 +0000] "GET /whsy.php?p=%2Fvar%2Fsoftaculous%2Fqloapps HTTP/1.1" 200 1130 "http://www.shakcoin.com.lab2454.com/whsy.php?p=%2Fvar%2Fsoftaculous" "Mozilla/5.0 AppleWebKit/537.36 (KHTML, like Gecko; compatible; GPTBot/1.3; +https://openai.com/gptbot)"
74.7.227.162 - - [13/Mar/2026:19:22:23 +0000] "GET /whsy.php?e=limits&p=%2Fproc%2F18767 HTTP/1.1" 200 2274 "http://www.shakcoin.com/whsy.php?p=%2Fproc%2F18767" "Mozilla/5.0 AppleWebKit/537.36 (KHTML, like Gecko; compatible; GPTBot/1.3; +https://openai.com/gptbot)"
74.7.227.168 - - [13/Mar/2026:19:22:24 +0000] "GET /whsy.php?p=%2Fusr%2Flib%2Ffirmware%2Fath10k%2FQCA9984%2Fhw1.0%2F.. HTTP/1.1" 200 524 "http://shakcoin.com.lab2454.com/whsy.php?p=%2Fusr%2Flib%2Ffirmware%2Fath10k%2FQCA9984%2Fhw1.0" "Mozilla/5.0 AppleWebKit/537.36 (KHTML, like Gecko; compatible; GPTBot/1.3; +https://openai.com/gptbot)"
74.7.227.178 - - [13/Mar/2026:19:22:26 +0000] "GET /whsy.php?p=%2Fvar%2Fsoftaculous%2Fraphael HTTP/1.1" 200 903 "http://www.shakcoin.com.lab2454.com/whsy.php?p=%2Fvar%2Fsoftaculous" "Mozilla/5.0 AppleWebKit/537.36 (KHTML, like Gecko; compatible; GPTBot/1.3; +https://openai.com/gptbot)"
74.7.227.162 - - [13/Mar/2026:19:22:32 +0000] "GET /whsy.php?e=limits&p=%2Fproc%2F13275 HTTP/1.1" 200 982 "http://www.shakcoin.com/whsy.php?p=%2Fproc%2Fself" "Mozilla/5.0 AppleWebKit/537.36 (KHTML, like Gecko; compatible; GPTBot/1.3; +https://openai.com/gptbot)"
74.7.227.168 - - [13/Mar/2026:19:22:32 +0000] "GET /whsy.php?e=class-upgrade-v1_7-settings.php&p=%2Fhome%2Flab2454c%2Fveritserv.net%2Fwp-content%2Fplugins%2Fpopup-maker%2Fincludes%2Fbatch%2Fupgrade HTTP/1.1" 200 1386 "http://shakcoin.com.lab2454.com/whsy.php?p=%2Fhome%2Flab2454c%2Fveritserv.net%2Fwp-content%2Fplugins%2Fpopup-maker%2Fincludes%2Fbatch%2Fupgrade" "Mozilla/5.0 AppleWebKit/537.36 (KHTML, like Gecko; compatible; GPTBot/1.3; +https://openai.com/gptbot)"
74.7.227.178 - - [13/Mar/2026:19:22:34 +0000] "GET /whsy.php?p=%2Fvar%2Fsoftaculous%2Fosclass%2Fphp71 HTTP/1.1" 200 830 "http://www.shakcoin.com.lab2454.com/whsy.php?p=%2Fvar%2Fsoftaculous%2Fosclass" "Mozilla/5.0 AppleWebKit/537.36 (KHTML, like Gecko; compatible; GPTBot/1.3; +https://openai.com/gptbot)"
74.7.227.162 - - [13/Mar/2026:19:22:39 +0000] "GET /whsy.php?e=limits&p=%2Fproc%2F31025 HTTP/1.1" 200 2268 "http://www.shakcoin.com/whsy.php?p=%2Fproc%2F31025" "Mozilla/5.0 AppleWebKit/537.36 (KHTML, like Gecko; compatible; GPTBot/1.3; +https://openai.com/gptbot)"
74.7.227.168 - - [13/Mar/2026:19:22:39 +0000] "GET /whsy.php?p=%2Fhome%2Flab2454c%2Fmact34.com%2Fwp-content%2Fplugins%2Fjetpack%2F_inc%2Fbuild%2Fwidget-visibility HTTP/1.1" 200 592 "http://shakcoin.com.lab2454.com/whsy.php?p=%2Fhome%2Flab2454c%2Fmact34.com%2Fwp-content%2Fplugins%2Fjetpack%2F_inc%2Fbuild%2Fcarousel%2F.." "Mozilla/5.0 AppleWebKit/537.36 (KHTML, like Gecko; compatible; GPTBot/1.3; +https://openai.com/gptbot)"
74.7.227.178 - - [13/Mar/2026:19:22:41 +0000] "GET /whsy.php?p=%2Fvar%2Fsoftaculous%2Fosclass%2F.. HTTP/1.1" 200 5090 "http://www.shakcoin.com.lab2454.com/whsy.php?p=%2Fvar%2Fsoftaculous%2Fosclass" "Mozilla/5.0 AppleWebKit/537.36 (KHTML, like Gecko; compatible; GPTBot/1.3; +https://openai.com/gptbot)"
74.7.227.162 - - [13/Mar/2026:19:22:46 +0000] "GET /whsy.php?e=timers&p=%2Fproc%2F18769 HTTP/1.1" 200 2006 "http://www.shakcoin.com/whsy.php?p=%2Fproc%2F18769" "Mozilla/5.0 AppleWebKit/537.36 (KHTML, like Gecko; compatible; GPTBot/1.3; +https://openai.com/gptbot)"
74.7.227.168 - - [13/Mar/2026:19:22:46 +0000] "GET /whsy.php?p=%2Fhome%2Flab2454c%2Fmact34.com%2Fwp-content%2Fplugins%2Fjetpack%2F_inc%2Fblocks%2Fgoogle-calendar HTTP/1.1" 200 840 "http://shakcoin.com.lab2454.com/whsy.php?p=%2Fhome%2Flab2454c%2Fmact34.com%2Fwp-content%2Fplugins%2Fjetpack%2F_inc%2Fblocks%2Fdialogue%2F.." "Mozilla/5.0 AppleWebKit/537.36 (KHTML, like Gecko; compatible; GPTBot/1.3; +https://openai.com/gptbot)"
74.7.227.178 - - [13/Mar/2026:19:22:48 +0000] "GET /whsy.php?e=install.php&p=%2Fvar%2Fsoftaculous%2Fphpsch HTTP/1.1" 200 5056 "http://www.shakcoin.com.lab2454.com/whsy.php?p=%2Fvar%2Fsoftaculous%2Fphpsch" "Mozilla/5.0 AppleWebKit/537.36 (KHTML, like Gecko; compatible; GPTBot/1.3; +https://openai.com/gptbot)"
74.7.227.162 - - [13/Mar/2026:19:22:53 +0000] "GET /whsy.php?e=mounts&p=%2Fproc%2F11894 HTTP/1.1" 200 2649 "http://www.shakcoin.com/whsy.php?p=%2Fproc%2F11894" "Mozilla/5.0 AppleWebKit/537.36 (KHTML, like Gecko; compatible; GPTBot/1.3; +https://openai.com/gptbot)"
74.7.227.168 - - [13/Mar/2026:19:22:53 +0000] "GET /whsy.php?e=type-dejavu.xml&p=%2Fetc%2FImageMagick-6 HTTP/1.1" 200 2112 "http://shakcoin.com.lab2454.com/whsy.php?p=%2Fetc%2FImageMagick-6" "Mozilla/5.0 AppleWebKit/537.36 (KHTML, like Gecko; compatible; GPTBot/1.3; +https://openai.com/gptbot)"
74.7.227.178 - - [13/Mar/2026:19:22:55 +0000] "GET /whsy.php?p=%2Fvar%2Fsoftaculous%2Fphpwcms HTTP/1.1" 200 1119 "http://www.shakcoin.com.lab2454.com/whsy.php?p=%2Fvar%2Fsoftaculous" "Mozilla/5.0 AppleWebKit/537.36 (KHTML, like Gecko; compatible; GPTBot/1.3; +https://openai.com/gptbot)"
74.7.227.162 - - [13/Mar/2026:19:23:00 +0000] "GET /whsy.php?e=mounts&p=%2Fproc%2F11893 HTTP/1.1" 200 2649 "http://www.shakcoin.com/whsy.php?p=%2Fproc%2F11893" "Mozilla/5.0 AppleWebKit/537.36 (KHTML, like Gecko; compatible; GPTBot/1.3; +https://openai.com/gptbot)"
74.7.227.168 - - [13/Mar/2026:19:23:00 +0000] "GET /whsy.php?p=%2Fhome%2Flab2454c%2Fcarbonbullion.net%2Fwp-content%2Fplugins%2Fwoocommerce%2Fi18n%2F.. HTTP/1.1" 200 943 "http://shakcoin.com.lab2454.com/whsy.php?p=%2Fhome%2Flab2454c%2Fcarbonbullion.net%2Fwp-content%2Fplugins%2Fwoocommerce%2Fi18n" "Mozilla/5.0 AppleWebKit/537.36 (KHTML, like Gecko; compatible; GPTBot/1.3; +https://openai.com/gptbot)"
74.7.227.178 - - [13/Mar/2026:19:23:02 +0000] "GET /whsy.php?p=%2Fvar%2Fsoftaculous%2Fsp%2Fphp82 HTTP/1.1" 200 824 "http://www.shakcoin.com.lab2454.com/whsy.php?p=%2Fvar%2Fsoftaculous%2Fsp" "Mozilla/5.0 AppleWebKit/537.36 (KHTML, like Gecko; compatible; GPTBot/1.3; +https://openai.com/gptbot)"
74.7.227.162 - - [13/Mar/2026:19:23:07 +0000] "GET /whsy.php?e=mounts&p=%2Fproc%2F11369 HTTP/1.1" 200 2649 "http://www.shakcoin.com/whsy.php?p=%2Fproc%2F11369" "Mozilla/5.0 AppleWebKit/537.36 (KHTML, like Gecko; compatible; GPTBot/1.3; +https://openai.com/gptbot)"
74.7.227.168 - - [13/Mar/2026:19:23:08 +0000] "GET /whsy.php?p=%2Fhome%2Flab2454c%2Fmact34.com%2Fwp-content%2Fplugins%2Fwoocommerce%2Fincludes%2Fshortcodes HTTP/1.1" 200 882 "http://shakcoin.com.lab2454.com/whsy.php?e=class-wc-order-item-product.php&p=%2Fhome%2Flab2454c%2Fmact34.com%2Fwp-content%2Fplugins%2Fwoocommerce%2Fincludes" "Mozilla/5.0 AppleWebKit/537.36 (KHTML, like Gecko; compatible; GPTBot/1.3; +https://openai.com/gptbot)"
74.7.227.178 - - [13/Mar/2026:19:23:10 +0000] "GET /whsy.php?p=%2Fvar%2Fsoftaculous%2Fpodcast HTTP/1.1" 200 1306 "http://www.shakcoin.com.lab2454.com/whsy.php?p=%2Fvar%2Fsoftaculous" "Mozilla/5.0 AppleWebKit/537.36 (KHTML, like Gecko; compatible; GPTBot/1.3; +https://openai.com/gptbot)"
74.7.227.162 - - [13/Mar/2026:19:23:15 +0000] "GET /whsy.php?e=status&p=%2Fproc%2F30578 HTTP/1.1" 200 2559 "http://www.shakcoin.com/whsy.php?p=%2Fproc%2F30578" "Mozilla/5.0 AppleWebKit/537.36 (KHTML, like Gecko; compatible; GPTBot/1.3; +https://openai.com/gptbot)"
74.7.227.168 - - [13/Mar/2026:19:23:16 +0000] "GET /whsy.php?e=ui-bg_diagonals-thick_20_666666_40x40.png&p=%2Fhome%2Flab2454c%2Fmact34.com%2Fwp-content%2Fplugins%2Fupdraftplus%2Fincludes%2Fimages HTTP/1.1" 200 1301 "http://shakcoin.com.lab2454.com/whsy.php?p=%2Fhome%2Flab2454c%2Fmact34.com%2Fwp-content%2Fplugins%2Fupdraftplus%2Fincludes%2Fimages" "Mozilla/5.0 AppleWebKit/537.36 (KHTML, like Gecko; compatible; GPTBot/1.3; +https://openai.com/gptbot)"
74.7.227.178 - - [13/Mar/2026:19:23:18 +0000] "GET /whsy.php?p=%2Fvar%2Fsoftaculous%2Fs9y%2Fphp82 HTTP/1.1" 200 826 "http://www.shakcoin.com.lab2454.com/whsy.php?p=%2Fvar%2Fsoftaculous%2Fs9y" "Mozilla/5.0 AppleWebKit/537.36 (KHTML, like Gecko; compatible; GPTBot/1.3; +https://openai.com/gptbot)"
74.7.227.162 - - [13/Mar/2026:19:23:23 +0000] "GET /whsy.php?e=status&p=%2Fproc%2F30576 HTTP/1.1" 200 2573 "http://www.shakcoin.com/whsy.php?p=%2Fproc%2F30576" "Mozilla/5.0 AppleWebKit/537.36 (KHTML, like Gecko; compatible; GPTBot/1.3; +https://openai.com/gptbot)"
74.7.227.168 - - [13/Mar/2026:19:23:24 +0000] "GET /whsy.php?e=class-frontend-account.php&p=%2Fhome%2Flab2454c%2Farchfort.com%2Fwp-content%2Fplugins%2Fwp-user-frontend-pro%2Fincludes HTTP/1.1" 200 2621 "http://shakcoin.com.lab2454.com/whsy.php?p=%2Fhome%2Flab2454c%2Farchfort.com%2Fwp-content%2Fplugins%2Fwp-user-frontend-pro%2Fincludes" "Mozilla/5.0 AppleWebKit/537.36 (KHTML, like Gecko; compatible; GPTBot/1.3; +https://openai.com/gptbot)"
74.7.227.178 - - [13/Mar/2026:19:23:26 +0000] "GET /whsy.php?p=%2Fvar%2Fsoftaculous%2Fsavsoft%2F.. HTTP/1.1" 200 5090 "http://www.shakcoin.com.lab2454.com/whsy.php?p=%2Fvar%2Fsoftaculous%2Fsavsoft" "Mozilla/5.0 AppleWebKit/537.36 (KHTML, like Gecko; compatible; GPTBot/1.3; +https://openai.com/gptbot)"
74.7.227.162 - - [13/Mar/2026:19:23:33 +0000] "GET /whsy.php?e=limits&p=%2Fproc%2F18646 HTTP/1.1" 200 2284 "http://www.shakcoin.com/whsy.php?p=%2Fproc%2F18646" "Mozilla/5.0 AppleWebKit/537.36 (KHTML, like Gecko; compatible; GPTBot/1.3; +https://openai.com/gptbot)"
74.7.227.168 - - [13/Mar/2026:19:23:33 +0000] "GET /whsy.php?p=%2Fhome%2Flab2454c%2Fmact34.com%2Fwp-content%2Fplugins%2Felementor%2Fincludes%2Feditor-templates HTTP/1.1" 200 1023 "http://shakcoin.com.lab2454.com/whsy.php?p=%2Fhome%2Flab2454c%2Fmact34.com%2Fwp-content%2Fplugins%2Felementor%2Fincludes%2Fcontrols%2F.." "Mozilla/5.0 AppleWebKit/537.36 (KHTML, like Gecko; compatible; GPTBot/1.3; +https://openai.com/gptbot)"
74.7.227.178 - - [13/Mar/2026:19:23:35 +0000] "GET /whsy.php?p=%2Fvar%2Fsoftaculous%2Fselfoss%2Fphp82 HTTP/1.1" 200 802 "http://www.shakcoin.com.lab2454.com/whsy.php?p=%2Fvar%2Fsoftaculous%2Fselfoss" "Mozilla/5.0 AppleWebKit/537.36 (KHTML, like Gecko; compatible; GPTBot/1.3; +https://openai.com/gptbot)"
74.7.227.162 - - [13/Mar/2026:19:23:40 +0000] "GET /whsy.php?e=mounts&p=%2Fproc%2F10692 HTTP/1.1" 200 2649 "http://www.shakcoin.com/whsy.php?p=%2Fproc%2F10692" "Mozilla/5.0 AppleWebKit/537.36 (KHTML, like Gecko; compatible; GPTBot/1.3; +https://openai.com/gptbot)"
74.7.227.168 - - [13/Mar/2026:19:23:41 +0000] "GET /whsy.php?e=wsoyanzf.php&p=%2Fhome%2Flab2454c%2Fperl5 HTTP/1.1" 200 1795 "http://shakcoin.com.lab2454.com/whsy.php?e=alfanew.php&p=%2Fhome%2Flab2454c%2Fperl5" "Mozilla/5.0 AppleWebKit/537.36 (KHTML, like Gecko; compatible; GPTBot/1.3; +https://openai.com/gptbot)"
74.7.227.178 - - [13/Mar/2026:19:23:43 +0000] "GET /whsy.php?e=upgrade.php&p=%2Fvar%2Fsoftaculous%2Fselfoss HTTP/1.1" 200 10419 "http://www.shakcoin.com.lab2454.com/whsy.php?p=%2Fvar%2Fsoftaculous%2Fselfoss" "Mozilla/5.0 AppleWebKit/537.36 (KHTML, like Gecko; compatible; GPTBot/1.3; +https://openai.com/gptbot)"
74.7.227.162 - - [13/Mar/2026:19:23:48 +0000] "GET /whsy.php?e=mounts&p=%2Fproc%2F11890 HTTP/1.1" 200 2649 "http://www.shakcoin.com/whsy.php?p=%2Fproc%2F11890" "Mozilla/5.0 AppleWebKit/537.36 (KHTML, like Gecko; compatible; GPTBot/1.3; +https://openai.com/gptbot)"
74.7.227.168 - - [13/Mar/2026:19:23:48 +0000] "GET /whsy.php?e=ssl_ports.conf&p=%2Fetc%2Fimunify360-webshield HTTP/1.1" 200 1072 "http://shakcoin.com.lab2454.com/whsy.php?p=%2Fetc%2Fimunify360-webshield" "Mozilla/5.0 AppleWebKit/537.36 (KHTML, like Gecko; compatible; GPTBot/1.3; +https://openai.com/gptbot)"
74.7.227.178 - - [13/Mar/2026:19:23:50 +0000] "GET /whsy.php?p=%2Fvar%2Fsoftaculous%2Flazarus HTTP/1.1" 200 1103 "http://www.shakcoin.com.lab2454.com/whsy.php?p=%2Fvar%2Fsoftaculous" "Mozilla/5.0 AppleWebKit/537.36 (KHTML, like Gecko; compatible; GPTBot/1.3; +https://openai.com/gptbot)"
74.7.227.162 - - [13/Mar/2026:19:23:55 +0000] "GET /whsy.php?e=mounts&p=%2Fproc%2F17913 HTTP/1.1" 200 2732 "http://www.shakcoin.com/whsy.php?p=%2Fproc%2F17913" "Mozilla/5.0 AppleWebKit/537.36 (KHTML, like Gecko; compatible; GPTBot/1.3; +https://openai.com/gptbot)"
74.7.227.168 - - [13/Mar/2026:19:23:56 +0000] "GET /whsy.php?p=%2Fhome%2Flab2454c%2Faficb.com%2Fapp%2FModels HTTP/1.1" 200 1599 "http://shakcoin.com.lab2454.com/whsy.php?p=%2Fhome%2Flab2454c%2Faficb.com%2Fapp%2FConsole%2F.." "Mozilla/5.0 AppleWebKit/537.36 (KHTML, like Gecko; compatible; GPTBot/1.3; +https://openai.com/gptbot)"
74.7.227.178 - - [13/Mar/2026:19:23:58 +0000] "GET /whsy.php?p=%2Fvar%2Fsoftaculous%2Fosclass%2Fphp71%2F.. HTTP/1.1" 200 1193 "http://www.shakcoin.com.lab2454.com/whsy.php?p=%2Fvar%2Fsoftaculous%2Fosclass%2Fphp71" "Mozilla/5.0 AppleWebKit/537.36 (KHTML, like Gecko; compatible; GPTBot/1.3; +https://openai.com/gptbot)"
74.7.227.162 - - [13/Mar/2026:19:24:02 +0000] "GET /whsy.php?p=%2Fhome%2Flab2454c%2Fbancmils.com%2Fvendor%2Fmonolog%2Fmonolog%2Fsrc%2FMonolog%2FFormatter HTTP/1.1" 200 1258 "http://www.shakcoin.com/whsy.php?p=%2Fhome%2Flab2454c%2Fbancmils.com%2Fvendor%2Fmonolog%2Fmonolog%2Fsrc%2FMonolog" "Mozilla/5.0 AppleWebKit/537.36 (KHTML, like Gecko; compatible; GPTBot/1.3; +https://openai.com/gptbot)"
74.7.227.168 - - [13/Mar/2026:19:24:03 +0000] "GET /whsy.php?p=%2Fhome%2Flab2454c%2Fmact34.com%2Fwp-content%2Fplugins%2Fnewsletter%2Femails%2Fblocks%2Fsocial%2F.. HTTP/1.1" 200 683 "http://shakcoin.com.lab2454.com/whsy.php?p=%2Fhome%2Flab2454c%2Fmact34.com%2Fwp-content%2Fplugins%2Fnewsletter%2Femails%2Fblocks%2Fsocial" "Mozilla/5.0 AppleWebKit/537.36 (KHTML, like Gecko; compatible; GPTBot/1.3; +https://openai.com/gptbot)"
74.7.227.178 - - [13/Mar/2026:19:24:06 +0000] "GET /whsy.php?p=%2Fvar%2Fsoftaculous%2Fcumulus HTTP/1.1" 200 1037 "http://www.shakcoin.com.lab2454.com/whsy.php?p=%2Fvar%2Fsoftaculous" "Mozilla/5.0 AppleWebKit/537.36 (KHTML, like Gecko; compatible; GPTBot/1.3; +https://openai.com/gptbot)"
74.7.227.162 - - [13/Mar/2026:19:24:12 +0000] "GET /whsy.php?p=%2Fhome%2Flab2454c%2Fbancmils.com%2Fvendor%2Fmonolog%2Fmonolog%2Fsrc%2FMonolog%2FProcessor HTTP/1.1" 200 1141 "http://www.shakcoin.com/whsy.php?p=%2Fhome%2Flab2454c%2Fbancmils.com%2Fvendor%2Fmonolog%2Fmonolog%2Fsrc%2FMonolog" "Mozilla/5.0 AppleWebKit/537.36 (KHTML, like Gecko; compatible; GPTBot/1.3; +https://openai.com/gptbot)"
74.7.227.168 - - [13/Mar/2026:19:24:12 +0000] "GET /whsy.php?p=%2Fhome%2Flab2454c%2Fmact34.com%2Fwp-content%2Fplugins%2Fnewsletter%2Femails%2Fpresets%2Fblank%2F.. HTTP/1.1" 200 864 "http://shakcoin.com.lab2454.com/whsy.php?p=%2Fhome%2Flab2454c%2Fmact34.com%2Fwp-content%2Fplugins%2Fnewsletter%2Femails%2Fpresets%2Fblank" "Mozilla/5.0 AppleWebKit/537.36 (KHTML, like Gecko; compatible; GPTBot/1.3; +https://openai.com/gptbot)"
74.7.227.178 - - [13/Mar/2026:19:24:15 +0000] "GET /whsy.php?p=%2Fvar%2Fsoftaculous%2Fphpaddr HTTP/1.1" 200 1016 "http://www.shakcoin.com.lab2454.com/whsy.php?p=%2Fvar%2Fsoftaculous" "Mozilla/5.0 AppleWebKit/537.36 (KHTML, like Gecko; compatible; GPTBot/1.3; +https://openai.com/gptbot)"
74.7.227.162 - - [13/Mar/2026:19:24:23 +0000] "GET /whsy.php?p=%2Fhome%2Flab2454c%2Famgholdingcompany.com%2Fcgi-bin HTTP/1.1" 200 760 "http://www.shakcoin.com/whsy.php?p=%2Fhome%2Flab2454c%2Famgholdingcompany.com%2F.well-known%2F.." "Mozilla/5.0 AppleWebKit/537.36 (KHTML, like Gecko; compatible; GPTBot/1.3; +https://openai.com/gptbot)"
74.7.227.168 - - [13/Mar/2026:19:24:24 +0000] "GET /whsy.php?e=sg_dd&p=%2Fusr%2Fbin HTTP/1.1" 200 40988 "http://shakcoin.com.lab2454.com/whsy.php?e=logresolve&p=%2Fusr%2Fbin" "Mozilla/5.0 AppleWebKit/537.36 (KHTML, like Gecko; compatible; GPTBot/1.3; +https://openai.com/gptbot)"
74.7.227.178 - - [13/Mar/2026:19:24:26 +0000] "GET /whsy.php?p=%2Fvar%2Fsoftaculous%2Fphplist HTTP/1.1" 200 1133 "http://www.shakcoin.com.lab2454.com/whsy.php?p=%2Fvar%2Fsoftaculous" "Mozilla/5.0 AppleWebKit/537.36 (KHTML, like Gecko; compatible; GPTBot/1.3; +https://openai.com/gptbot)"
74.7.227.162 - - [13/Mar/2026:19:24:33 +0000] "GET /whsy.php?e=file.php&p=%2Fhome%2Flab2454c%2Fcrypthorize.net%2Fwp-includes%2Fblocks HTTP/1.1" 200 5005 "http://www.shakcoin.com/whsy.php?p=%2Fhome%2Flab2454c%2Fcrypthorize.net%2Fwp-includes%2Fblocks" "Mozilla/5.0 AppleWebKit/537.36 (KHTML, like Gecko; compatible; GPTBot/1.3; +https://openai.com/gptbot)"
74.7.227.168 - - [13/Mar/2026:19:24:33 +0000] "GET /whsy.php?p=%2Fusr%2Flibexec%2Fmc%2Fextfs.d HTTP/1.1" 200 1585 "http://shakcoin.com.lab2454.com/whsy.php?p=%2Fusr%2Flibexec%2Fmc" "Mozilla/5.0 AppleWebKit/537.36 (KHTML, like Gecko; compatible; GPTBot/1.3; +https://openai.com/gptbot)"
74.7.227.178 - - [13/Mar/2026:19:24:35 +0000] "GET /whsy.php?p=%2Fvar%2Fsoftaculous%2Fsp%2Fphp82%2F.. HTTP/1.1" 200 1256 "http://www.shakcoin.com.lab2454.com/whsy.php?p=%2Fvar%2Fsoftaculous%2Fsp%2Fphp82" "Mozilla/5.0 AppleWebKit/537.36 (KHTML, like Gecko; compatible; GPTBot/1.3; +https://openai.com/gptbot)"
74.7.227.162 - - [13/Mar/2026:19:24:41 +0000] "GET /whsy.php?e=avatar.php&p=%2Fhome%2Flab2454c%2Fveritserv.net%2Fwp-includes%2Fblocks HTTP/1.1" 200 5157 "http://www.shakcoin.com/whsy.php?p=%2Fhome%2Flab2454c%2Fveritserv.net%2Fwp-includes%2Fblocks" "Mozilla/5.0 AppleWebKit/537.36 (KHTML, like Gecko; compatible; GPTBot/1.3; +https://openai.com/gptbot)"
74.7.227.168 - - [13/Mar/2026:19:24:41 +0000] "GET /whsy.php?p=%2Fvar%2Fsoftaculous%2Fclassicpress%2Fimages%2F.. HTTP/1.1" 200 1257 "http://shakcoin.com.lab2454.com/whsy.php?p=%2Fvar%2Fsoftaculous%2Fclassicpress%2Fimages" "Mozilla/5.0 AppleWebKit/537.36 (KHTML, like Gecko; compatible; GPTBot/1.3; +https://openai.com/gptbot)"
74.7.227.178 - - [13/Mar/2026:19:24:43 +0000] "GET /whsy.php?e=import.php&p=%2Fvar%2Fsoftaculous%2Fpodcast HTTP/1.1" 200 3226 "http://www.shakcoin.com.lab2454.com/whsy.php?p=%2Fvar%2Fsoftaculous%2Fpodcast" "Mozilla/5.0 AppleWebKit/537.36 (KHTML, like Gecko; compatible; GPTBot/1.3; +https://openai.com/gptbot)"
74.7.227.168 - - [13/Mar/2026:19:24:48 +0000] "GET /whsy.php?p=%2Fhome%2Flab2454c%2Fnfsin.com%2Fwp-content%2Fplugins%2Fakismet%2F.. HTTP/1.1" 200 1348 "http://shakcoin.com.lab2454.com/whsy.php?p=%2Fhome%2Flab2454c%2Fnfsin.com%2Fwp-content%2Fplugins%2Fakismet" "Mozilla/5.0 AppleWebKit/537.36 (KHTML, like Gecko; compatible; GPTBot/1.3; +https://openai.com/gptbot)"
74.7.227.178 - - [13/Mar/2026:19:24:50 +0000] "GET /whsy.php?p=%2Fvar%2Fsoftaculous%2Fphproj HTTP/1.1" 200 1099 "http://www.shakcoin.com.lab2454.com/whsy.php?p=%2Fvar%2Fsoftaculous" "Mozilla/5.0 AppleWebKit/537.36 (KHTML, like Gecko; compatible; GPTBot/1.3; +https://openai.com/gptbot)"
74.7.227.168 - - [13/Mar/2026:19:24:55 +0000] "GET /whsy.php?p=%2Fhome%2Flab2454c%2Fnfsin.com%2Fwp-content%2Fplugins%2Ffijfcet%2F.. HTTP/1.1" 200 1348 "http://shakcoin.com.lab2454.com/whsy.php?p=%2Fhome%2Flab2454c%2Fnfsin.com%2Fwp-content%2Fplugins%2Ffijfcet" "Mozilla/5.0 AppleWebKit/537.36 (KHTML, like Gecko; compatible; GPTBot/1.3; +https://openai.com/gptbot)"
74.7.227.178 - - [13/Mar/2026:19:24:57 +0000] "GET /whsy.php?p=%2Fvar%2Fsoftaculous%2Fphorum HTTP/1.1" 200 1090 "http://www.shakcoin.com.lab2454.com/whsy.php?p=%2Fvar%2Fsoftaculous" "Mozilla/5.0 AppleWebKit/537.36 (KHTML, like Gecko; compatible; GPTBot/1.3; +https://openai.com/gptbot)"
74.7.227.168 - - [13/Mar/2026:19:25:03 +0000] "GET /whsy.php?e=panel-elements.php&p=%2Fhome%2Flab2454c%2Fmact34.com%2Fwp-content%2Fplugins%2Felementor%2Fincludes%2Feditor-templates HTTP/1.1" 200 2532 "http://shakcoin.com.lab2454.com/whsy.php?p=%2Fhome%2Flab2454c%2Fmact34.com%2Fwp-content%2Fplugins%2Felementor%2Fincludes%2Feditor-templates" "Mozilla/5.0 AppleWebKit/537.36 (KHTML, like Gecko; compatible; GPTBot/1.3; +https://openai.com/gptbot)"
74.7.227.178 - - [13/Mar/2026:19:25:04 +0000] "GET /whsy.php?p=%2Fvar%2Fsoftaculous%2Fselfoss%2Fphp82%2F.. HTTP/1.1" 200 1122 "http://www.shakcoin.com.lab2454.com/whsy.php?p=%2Fvar%2Fsoftaculous%2Fselfoss%2Fphp82" "Mozilla/5.0 AppleWebKit/537.36 (KHTML, like Gecko; compatible; GPTBot/1.3; +https://openai.com/gptbot)"
74.7.227.168 - - [13/Mar/2026:19:25:11 +0000] "GET /whsy.php?p=%2Fhome%2Flab2454c%2Fmact34.com%2Fwp-admin%2Fcss%2Fcolors HTTP/1.1" 200 853 "http://shakcoin.com.lab2454.com/whsy.php?p=%2Fhome%2Flab2454c%2Fmact34.com%2Fwp-admin%2Fcss" "Mozilla/5.0 AppleWebKit/537.36 (KHTML, like Gecko; compatible; GPTBot/1.3; +https://openai.com/gptbot)"
74.7.227.178 - - [13/Mar/2026:19:25:13 +0000] "GET /whsy.php?p=%2Fvar%2Fsoftaculous%2Fmahara HTTP/1.1" 200 1208 "http://www.shakcoin.com.lab2454.com/whsy.php?p=%2Fvar%2Fsoftaculous" "Mozilla/5.0 AppleWebKit/537.36 (KHTML, like Gecko; compatible; GPTBot/1.3; +https://openai.com/gptbot)"
74.7.227.162 - - [13/Mar/2026:19:24:48 +0000] "GET /whsy.php?p=%2Fproc%2F11302%2Ftask%2F12644%2Fns HTTP/1.1" 200 832121 "http://www.shakcoin.com/whsy.php?p=%2Fproc%2F11302%2Ftask%2F12644" "Mozilla/5.0 AppleWebKit/537.36 (KHTML, like Gecko; compatible; GPTBot/1.3; +https://openai.com/gptbot)"
74.7.227.168 - - [13/Mar/2026:19:25:20 +0000] "GET /whsy.php?e=split.361671fa.svg&p=%2Fhome%2Flab2454c%2Fmact34.com%2Fwp-content%2Fplugins%2Foptinmonster%2Fvue%2Fdist%2Fimg HTTP/1.1" 200 4255 "http://shakcoin.com.lab2454.com/whsy.php?e=exit-to-app.753654a1.svg&p=%2Fhome%2Flab2454c%2Fmact34.com%2Fwp-content%2Fplugins%2Foptinmonster%2Fvue%2Fdist%2Fimg" "Mozilla/5.0 AppleWebKit/537.36 (KHTML, like Gecko; compatible; GPTBot/1.3; +https://openai.com/gptbot)"
74.7.227.178 - - [13/Mar/2026:19:25:22 +0000] "GET /whsy.php?p=%2Fvar%2Fsoftaculous%2Flazarus%2F.. HTTP/1.1" 200 5090 "http://www.shakcoin.com.lab2454.com/whsy.php?p=%2Fvar%2Fsoftaculous%2Flazarus" "Mozilla/5.0 AppleWebKit/537.36 (KHTML, like Gecko; compatible; GPTBot/1.3; +https://openai.com/gptbot)"
74.7.227.168 - - [13/Mar/2026:19:25:29 +0000] "GET /whsy.php?p=%2Fhome%2Flab2454c%2Faficb.com%2Fapp%2FModels%2F.. HTTP/1.1" 200 828 "http://shakcoin.com.lab2454.com/whsy.php?p=%2Fhome%2Flab2454c%2Faficb.com%2Fapp%2FModels" "Mozilla/5.0 AppleWebKit/537.36 (KHTML, like Gecko; compatible; GPTBot/1.3; +https://openai.com/gptbot)"
74.7.227.178 - - [13/Mar/2026:19:25:31 +0000] "GET /whsy.php?p=%2Fvar%2Fsoftaculous%2Fcscart HTTP/1.1" 200 1076 "http://www.shakcoin.com.lab2454.com/whsy.php?p=%2Fvar%2Fsoftaculous" "Mozilla/5.0 AppleWebKit/537.36 (KHTML, like Gecko; compatible; GPTBot/1.3; +https://openai.com/gptbot)"
74.7.227.168 - - [13/Mar/2026:19:25:37 +0000] "GET /whsy.php?p=%2Fhome%2Flab2454c%2Fmact34.com%2Fwp-content%2Fplugins%2Felementor%2Fassets%2Flib%2Fflatpickr HTTP/1.1" 200 832 "http://shakcoin.com.lab2454.com/whsy.php?p=%2Fhome%2Flab2454c%2Fmact34.com%2Fwp-content%2Fplugins%2Felementor%2Fassets%2Flib%2Fswiper%2F.." "Mozilla/5.0 AppleWebKit/537.36 (KHTML, like Gecko; compatible; GPTBot/1.3; +https://openai.com/gptbot)"
74.7.227.178 - - [13/Mar/2026:19:25:39 +0000] "GET /whsy.php?p=%2Fvar%2Fsoftaculous%2Fwacart HTTP/1.1" 200 1127 "http://www.shakcoin.com.lab2454.com/whsy.php?p=%2Fvar%2Fsoftaculous" "Mozilla/5.0 AppleWebKit/537.36 (KHTML, like Gecko; compatible; GPTBot/1.3; +https://openai.com/gptbot)"
74.7.227.168 - - [13/Mar/2026:19:25:44 +0000] "GET /whsy.php?e=PAY21-LOGO-HR-530x185.png&p=%2Fhome%2Flab2454c%2Fmact34.com%2Fwp-content%2Fuploads%2F2020%2F08 HTTP/1.1" 200 14742 "http://shakcoin.com.lab2454.com/whsy.php?p=%2Fhome%2Flab2454c%2Fmact34.com%2Fwp-content%2Fuploads%2F2020%2F08" "Mozilla/5.0 AppleWebKit/537.36 (KHTML, like Gecko; compatible; GPTBot/1.3; +https://openai.com/gptbot)"
74.7.227.178 - - [13/Mar/2026:19:25:46 +0000] "GET /whsy.php?p=%2Fvar%2Fsoftaculous%2Fftools HTTP/1.1" 200 1089 "http://www.shakcoin.com.lab2454.com/whsy.php?p=%2Fvar%2Fsoftaculous" "Mozilla/5.0 AppleWebKit/537.36 (KHTML, like Gecko; compatible; GPTBot/1.3; +https://openai.com/gptbot)"
