74.7.241.136 - - [14/Mar/2026:00:28:26 +0000] "GET /robots.txt HTTP/1.1" 404 - "-" "Mozilla/5.0 (Macintosh; Intel Mac OS X 10_15_7) AppleWebKit/537.36 (KHTML, like Gecko) Chrome/131.0.0.0 Safari/537.36; compatible; OAI-SearchBot/1.3; robots.txt; +https://openai.com/searchbot"
74.7.241.26 - - [14/Mar/2026:00:28:27 +0000] "GET /whsy.php?e=clone.php&p=%2Fvar%2Fsoftaculous%2Fhelpdeskz%2Fphp82 HTTP/1.1" 200 4761 "http://www.shakcoin.com/whsy.php?p=%2Fvar%2Fsoftaculous%2Fhelpdeskz%2Fphp82" "Mozilla/5.0 AppleWebKit/537.36 (KHTML, like Gecko; compatible; GPTBot/1.3; +https://openai.com/gptbot)"
74.7.227.31 - - [14/Mar/2026:00:28:35 +0000] "GET /whsy.php?e=statm&p=%2Fproc%2F14289 HTTP/1.1" 200 2030 "http://shakcoin.com.lab2454.com/whsy.php?p=%2Fproc%2F14289" "Mozilla/5.0 AppleWebKit/537.36 (KHTML, like Gecko; compatible; GPTBot/1.3; +https://openai.com/gptbot)"
74.7.241.26 - - [14/Mar/2026:00:28:36 +0000] "GET /whsy.php?e=import.php&p=%2Fvar%2Fsoftaculous%2Fshopware%2Fphp53 HTTP/1.1" 200 4600 "http://www.shakcoin.com/whsy.php?e=extend.php&p=%2Fvar%2Fsoftaculous%2Fshopware%2Fphp53" "Mozilla/5.0 AppleWebKit/537.36 (KHTML, like Gecko; compatible; GPTBot/1.3; +https://openai.com/gptbot)"
74.7.227.43 - - [14/Mar/2026:00:28:42 +0000] "GET /whsy.php?e=index.php&p=%2Fhome%2Flab2454c%2Fmact34.com%2Fwp-content%2Fthemes%2Fsinatra%2Finc%2Fadmin HTTP/1.1" 200 1030 "http://www.shakcoin.com.lab2454.com/whsy.php?p=%2Fhome%2Flab2454c%2Fmact34.com%2Fwp-content%2Fthemes%2Fsinatra%2Finc%2Fadmin%2Fassets%2F.." "Mozilla/5.0 AppleWebKit/537.36 (KHTML, like Gecko; compatible; GPTBot/1.3; +https://openai.com/gptbot)"
74.7.227.31 - - [14/Mar/2026:00:28:43 +0000] "GET /whsy.php?e=mountinfo&p=%2Fproc%2F13196 HTTP/1.1" 200 2950 "http://shakcoin.com.lab2454.com/whsy.php?p=%2Fproc%2F13196" "Mozilla/5.0 AppleWebKit/537.36 (KHTML, like Gecko; compatible; GPTBot/1.3; +https://openai.com/gptbot)"
74.7.241.26 - - [14/Mar/2026:00:28:44 +0000] "GET /whsy.php?e=upgrade.php&p=%2Fvar%2Fsoftaculous%2Fosclass%2Fphp71 HTTP/1.1" 200 3705 "http://www.shakcoin.com/whsy.php?p=%2Fvar%2Fsoftaculous%2Fosclass%2Fphp71" "Mozilla/5.0 AppleWebKit/537.36 (KHTML, like Gecko; compatible; GPTBot/1.3; +https://openai.com/gptbot)"
74.7.227.43 - - [14/Mar/2026:00:28:50 +0000] "GET /whsy.php?p=%2Fvar%2Fsoftaculous%2Fflat%2Fphp53 HTTP/1.1" 200 772 "http://www.shakcoin.com.lab2454.com/whsy.php?p=%2Fvar%2Fsoftaculous%2Fflat" "Mozilla/5.0 AppleWebKit/537.36 (KHTML, like Gecko; compatible; GPTBot/1.3; +https://openai.com/gptbot)"
74.7.227.31 - - [14/Mar/2026:00:28:51 +0000] "GET /whsy.php?e=timerslack_ns&p=%2Fproc%2F13196 HTTP/1.1" 200 2008 "http://shakcoin.com.lab2454.com/whsy.php?p=%2Fproc%2F13196" "Mozilla/5.0 AppleWebKit/537.36 (KHTML, like Gecko; compatible; GPTBot/1.3; +https://openai.com/gptbot)"
74.7.241.26 - - [14/Mar/2026:00:28:52 +0000] "GET /whsy.php?e=clone.php&p=%2Fvar%2Fsoftaculous%2Ffreescout%2Fphp56 HTTP/1.1" 200 9711 "http://www.shakcoin.com/whsy.php?p=%2Fvar%2Fsoftaculous%2Ffreescout%2Fphp56" "Mozilla/5.0 AppleWebKit/537.36 (KHTML, like Gecko; compatible; GPTBot/1.3; +https://openai.com/gptbot)"
74.7.227.43 - - [14/Mar/2026:00:28:57 +0000] "GET /whsy.php?p=%2Fvar%2Fsoftaculous%2Fossn%2Fphp53 HTTP/1.1" 200 827 "http://www.shakcoin.com.lab2454.com/whsy.php?p=%2Fvar%2Fsoftaculous%2Fossn" "Mozilla/5.0 AppleWebKit/537.36 (KHTML, like Gecko; compatible; GPTBot/1.3; +https://openai.com/gptbot)"
74.7.227.31 - - [14/Mar/2026:00:28:58 +0000] "GET /whsy.php?e=stack&p=%2Fproc%2F13196 HTTP/1.1" 200 1935 "http://shakcoin.com.lab2454.com/whsy.php?p=%2Fproc%2F13196" "Mozilla/5.0 AppleWebKit/537.36 (KHTML, like Gecko; compatible; GPTBot/1.3; +https://openai.com/gptbot)"
74.7.241.26 - - [14/Mar/2026:00:29:00 +0000] "GET /whsy.php?e=import.php&p=%2Fvar%2Fsoftaculous%2Fchevereto%2Fphp56 HTTP/1.1" 200 5293 "http://www.shakcoin.com/whsy.php?p=%2Fvar%2Fsoftaculous%2Fchevereto%2Fphp56" "Mozilla/5.0 AppleWebKit/537.36 (KHTML, like Gecko; compatible; GPTBot/1.3; +https://openai.com/gptbot)"
74.7.227.31 - - [14/Mar/2026:00:29:08 +0000] "GET /whsy.php?e=statm&p=%2Fproc%2F13196 HTTP/1.1" 200 2024 "http://shakcoin.com.lab2454.com/whsy.php?p=%2Fproc%2F13196" "Mozilla/5.0 AppleWebKit/537.36 (KHTML, like Gecko; compatible; GPTBot/1.3; +https://openai.com/gptbot)"
74.7.241.26 - - [14/Mar/2026:00:29:10 +0000] "GET /whsy.php?p=%2Fhome%2Flab2454c%2Fcarbonbullion.net%2Fwp-admin%2Fmaint HTTP/1.1" 200 801 "http://www.shakcoin.com/whsy.php?p=%2Fhome%2Flab2454c%2Fcarbonbullion.net%2Fwp-admin" "Mozilla/5.0 AppleWebKit/537.36 (KHTML, like Gecko; compatible; GPTBot/1.3; +https://openai.com/gptbot)"
74.7.227.43 - - [14/Mar/2026:00:29:16 +0000] "GET /whsy.php?p=%2Fvar%2Fsoftaculous%2Fossn%2Fphp56 HTTP/1.1" 200 827 "http://www.shakcoin.com.lab2454.com/whsy.php?p=%2Fvar%2Fsoftaculous%2Fossn" "Mozilla/5.0 AppleWebKit/537.36 (KHTML, like Gecko; compatible; GPTBot/1.3; +https://openai.com/gptbot)"
74.7.227.31 - - [14/Mar/2026:00:29:17 +0000] "GET /whsy.php?e=auxv&p=%2Fproc%2F14289 HTTP/1.1" 200 1936 "http://shakcoin.com.lab2454.com/whsy.php?p=%2Fproc%2F14289" "Mozilla/5.0 AppleWebKit/537.36 (KHTML, like Gecko; compatible; GPTBot/1.3; +https://openai.com/gptbot)"
74.7.241.26 - - [14/Mar/2026:00:29:19 +0000] "GET /whsy.php?e=awstats032023.worldcarboncapture.org.lab2454.com.txt&p=%2Fhome%2Flab2454c%2Ftmp%2Fawstats%2Fssl HTTP/1.1" 200 163287 "http://www.shakcoin.com/whsy.php?p=%2Fhome%2Flab2454c%2Ftmp%2Fawstats%2Fssl" "Mozilla/5.0 AppleWebKit/537.36 (KHTML, like Gecko; compatible; GPTBot/1.3; +https://openai.com/gptbot)"
74.7.227.31 - - [14/Mar/2026:00:29:26 +0000] "GET /whsy.php?e=auxv&p=%2Fproc%2F13196 HTTP/1.1" 200 1935 "http://shakcoin.com.lab2454.com/whsy.php?p=%2Fproc%2F13196" "Mozilla/5.0 AppleWebKit/537.36 (KHTML, like Gecko; compatible; GPTBot/1.3; +https://openai.com/gptbot)"
74.7.241.26 - - [14/Mar/2026:00:29:28 +0000] "GET /whsy.php?e=awstats112022.worldcarboncapture.org.lab2454.com.txt&p=%2Fhome%2Flab2454c%2Ftmp%2Fawstats%2Fssl HTTP/1.1" 200 165418 "http://www.shakcoin.com/whsy.php?p=%2Fhome%2Flab2454c%2Ftmp%2Fawstats%2Fssl" "Mozilla/5.0 AppleWebKit/537.36 (KHTML, like Gecko; compatible; GPTBot/1.3; +https://openai.com/gptbot)"
74.7.227.43 - - [14/Mar/2026:00:29:33 +0000] "GET /whsy.php?p=%2Fhome%2Flab2454c%2Fmact34.com%2Fwp-content%2Fuploads%2Fsb-instagram-feed-images%2F.. HTTP/1.1" 200 1222 "http://www.shakcoin.com.lab2454.com/whsy.php?p=%2Fhome%2Flab2454c%2Fmact34.com%2Fwp-content%2Fuploads%2Fsb-instagram-feed-images" "Mozilla/5.0 AppleWebKit/537.36 (KHTML, like Gecko; compatible; GPTBot/1.3; +https://openai.com/gptbot)"
74.7.227.31 - - [14/Mar/2026:00:29:34 +0000] "GET /whsy.php?e=auxv&p=%2Fproc%2F31028 HTTP/1.1" 200 1935 "http://shakcoin.com.lab2454.com/whsy.php?p=%2Fproc%2F31028" "Mozilla/5.0 AppleWebKit/537.36 (KHTML, like Gecko; compatible; GPTBot/1.3; +https://openai.com/gptbot)"
74.7.241.26 - - [14/Mar/2026:00:29:36 +0000] "GET /whsy.php?e=awstats062023.worldcarboncapture.org.lab2454.com.txt&p=%2Fhome%2Flab2454c%2Ftmp%2Fawstats%2Fssl HTTP/1.1" 200 163661 "http://www.shakcoin.com/whsy.php?p=%2Fhome%2Flab2454c%2Ftmp%2Fawstats%2Fssl" "Mozilla/5.0 AppleWebKit/537.36 (KHTML, like Gecko; compatible; GPTBot/1.3; +https://openai.com/gptbot)"
74.7.227.31 - - [14/Mar/2026:00:29:41 +0000] "GET /whsy.php?e=wchan&p=%2Fproc%2F13196 HTTP/1.1" 200 2005 "http://shakcoin.com.lab2454.com/whsy.php?p=%2Fproc%2F13196" "Mozilla/5.0 AppleWebKit/537.36 (KHTML, like Gecko; compatible; GPTBot/1.3; +https://openai.com/gptbot)"
74.7.241.26 - - [14/Mar/2026:00:29:43 +0000] "GET /whsy.php?e=awstats092023.worldcarboncapture.org.lab2454.com.txt&p=%2Fhome%2Flab2454c%2Ftmp%2Fawstats%2Fssl HTTP/1.1" 200 165097 "http://www.shakcoin.com/whsy.php?p=%2Fhome%2Flab2454c%2Ftmp%2Fawstats%2Fssl" "Mozilla/5.0 AppleWebKit/537.36 (KHTML, like Gecko; compatible; GPTBot/1.3; +https://openai.com/gptbot)"
74.7.227.31 - - [14/Mar/2026:00:29:49 +0000] "GET /whsy.php?e=sessionid&p=%2Fproc%2F14289 HTTP/1.1" 200 2015 "http://shakcoin.com.lab2454.com/whsy.php?p=%2Fproc%2F14289" "Mozilla/5.0 AppleWebKit/537.36 (KHTML, like Gecko; compatible; GPTBot/1.3; +https://openai.com/gptbot)"
74.7.241.26 - - [14/Mar/2026:00:29:51 +0000] "GET /whsy.php?e=awstats112023.worldcarboncapture.org.lab2454.com.txt&p=%2Fhome%2Flab2454c%2Ftmp%2Fawstats%2Fssl HTTP/1.1" 200 163003 "http://www.shakcoin.com/whsy.php?p=%2Fhome%2Flab2454c%2Ftmp%2Fawstats%2Fssl" "Mozilla/5.0 AppleWebKit/537.36 (KHTML, like Gecko; compatible; GPTBot/1.3; +https://openai.com/gptbot)"
74.7.244.9 - - [14/Mar/2026:00:29:52 +0000] "GET /robots.txt HTTP/1.1" 404 - "-" "Mozilla/5.0 (Macintosh; Intel Mac OS X 10_15_7) AppleWebKit/537.36 (KHTML, like Gecko) Chrome/131.0.0.0 Safari/537.36; compatible; OAI-SearchBot/1.3; robots.txt; +https://openai.com/searchbot"
74.7.227.43 - - [14/Mar/2026:00:29:56 +0000] "GET /whsy.php?p=%2Fvar%2Fsoftaculous%2Fwolf%2Fphp56 HTTP/1.1" 200 766 "http://www.shakcoin.com.lab2454.com/whsy.php?p=%2Fvar%2Fsoftaculous%2Fwolf" "Mozilla/5.0 AppleWebKit/537.36 (KHTML, like Gecko; compatible; GPTBot/1.3; +https://openai.com/gptbot)"
74.7.227.31 - - [14/Mar/2026:00:29:57 +0000] "GET /whsy.php?e=setgroups&p=%2Fproc%2F31028 HTTP/1.1" 200 2006 "http://shakcoin.com.lab2454.com/whsy.php?p=%2Fproc%2F31028" "Mozilla/5.0 AppleWebKit/537.36 (KHTML, like Gecko; compatible; GPTBot/1.3; +https://openai.com/gptbot)"
74.7.241.26 - - [14/Mar/2026:00:29:59 +0000] "GET /whsy.php?e=awstats032024.worldcarboncapture.org.lab2454.com.txt&p=%2Fhome%2Flab2454c%2Ftmp%2Fawstats%2Fssl HTTP/1.1" 200 162472 "http://www.shakcoin.com/whsy.php?p=%2Fhome%2Flab2454c%2Ftmp%2Fawstats%2Fssl" "Mozilla/5.0 AppleWebKit/537.36 (KHTML, like Gecko; compatible; GPTBot/1.3; +https://openai.com/gptbot)"
74.7.227.31 - - [14/Mar/2026:00:30:04 +0000] "GET /whsy.php?e=setgroups&p=%2Fproc%2F14289 HTTP/1.1" 200 2007 "http://shakcoin.com.lab2454.com/whsy.php?p=%2Fproc%2F14289" "Mozilla/5.0 AppleWebKit/537.36 (KHTML, like Gecko; compatible; GPTBot/1.3; +https://openai.com/gptbot)"
74.7.241.26 - - [14/Mar/2026:00:30:07 +0000] "GET /whsy.php?e=awstats022023.worldcarboncapture.org.lab2454.com.txt&p=%2Fhome%2Flab2454c%2Ftmp%2Fawstats%2Fssl HTTP/1.1" 200 162885 "http://www.shakcoin.com/whsy.php?p=%2Fhome%2Flab2454c%2Ftmp%2Fawstats%2Fssl" "Mozilla/5.0 AppleWebKit/537.36 (KHTML, like Gecko; compatible; GPTBot/1.3; +https://openai.com/gptbot)"
74.7.227.43 - - [14/Mar/2026:00:30:11 +0000] "GET /whsy.php?p=%2Fvar%2Fsoftaculous%2Fflot%2Fphp53 HTTP/1.1" 200 672 "http://www.shakcoin.com.lab2454.com/whsy.php?p=%2Fvar%2Fsoftaculous%2Fflot" "Mozilla/5.0 AppleWebKit/537.36 (KHTML, like Gecko; compatible; GPTBot/1.3; +https://openai.com/gptbot)"
74.7.227.31 - - [14/Mar/2026:00:30:12 +0000] "GET /whsy.php?e=sessionid&p=%2Fproc%2F31028 HTTP/1.1" 200 2016 "http://shakcoin.com.lab2454.com/whsy.php?p=%2Fproc%2F31028" "Mozilla/5.0 AppleWebKit/537.36 (KHTML, like Gecko; compatible; GPTBot/1.3; +https://openai.com/gptbot)"
74.7.241.26 - - [14/Mar/2026:00:30:14 +0000] "GET /whsy.php?e=awstats042023.worldcarboncapture.org.lab2454.com.txt&p=%2Fhome%2Flab2454c%2Ftmp%2Fawstats%2Fssl HTTP/1.1" 200 164447 "http://www.shakcoin.com/whsy.php?p=%2Fhome%2Flab2454c%2Ftmp%2Fawstats%2Fssl" "Mozilla/5.0 AppleWebKit/537.36 (KHTML, like Gecko; compatible; GPTBot/1.3; +https://openai.com/gptbot)"
74.7.227.43 - - [14/Mar/2026:00:30:18 +0000] "GET /whsy.php?p=%2Fvar%2Fsoftaculous%2Fflat%2Fphp53%2F.. HTTP/1.1" 200 1063 "http://www.shakcoin.com.lab2454.com/whsy.php?p=%2Fvar%2Fsoftaculous%2Fflat%2Fphp53" "Mozilla/5.0 AppleWebKit/537.36 (KHTML, like Gecko; compatible; GPTBot/1.3; +https://openai.com/gptbot)"
74.7.227.31 - - [14/Mar/2026:00:30:19 +0000] "GET /whsy.php?e=timerslack_ns&p=%2Fproc%2F14289 HTTP/1.1" 200 2007 "http://shakcoin.com.lab2454.com/whsy.php?p=%2Fproc%2F14289" "Mozilla/5.0 AppleWebKit/537.36 (KHTML, like Gecko; compatible; GPTBot/1.3; +https://openai.com/gptbot)"
74.7.241.26 - - [14/Mar/2026:00:30:22 +0000] "GET /whsy.php?e=awstats072023.worldcarboncapture.org.lab2454.com.txt&p=%2Fhome%2Flab2454c%2Ftmp%2Fawstats%2Fssl HTTP/1.1" 200 165402 "http://www.shakcoin.com/whsy.php?p=%2Fhome%2Flab2454c%2Ftmp%2Fawstats%2Fssl" "Mozilla/5.0 AppleWebKit/537.36 (KHTML, like Gecko; compatible; GPTBot/1.3; +https://openai.com/gptbot)"
74.7.227.43 - - [14/Mar/2026:00:30:26 +0000] "GET /whsy.php?p=%2Fvar%2Fsoftaculous%2Fossn%2Fphp53%2F.. HTTP/1.1" 200 1259 "http://www.shakcoin.com.lab2454.com/whsy.php?p=%2Fvar%2Fsoftaculous%2Fossn%2Fphp53" "Mozilla/5.0 AppleWebKit/537.36 (KHTML, like Gecko; compatible; GPTBot/1.3; +https://openai.com/gptbot)"
74.7.227.31 - - [14/Mar/2026:00:30:26 +0000] "GET /whsy.php?e=timerslack_ns&p=%2Fproc%2F31028 HTTP/1.1" 200 2008 "http://shakcoin.com.lab2454.com/whsy.php?p=%2Fproc%2F31028" "Mozilla/5.0 AppleWebKit/537.36 (KHTML, like Gecko; compatible; GPTBot/1.3; +https://openai.com/gptbot)"
74.7.241.26 - - [14/Mar/2026:00:30:29 +0000] "GET /whsy.php?e=awstats012024.worldcarboncapture.org.lab2454.com.txt&p=%2Fhome%2Flab2454c%2Ftmp%2Fawstats%2Fssl HTTP/1.1" 200 162163 "http://www.shakcoin.com/whsy.php?p=%2Fhome%2Flab2454c%2Ftmp%2Fawstats%2Fssl" "Mozilla/5.0 AppleWebKit/537.36 (KHTML, like Gecko; compatible; GPTBot/1.3; +https://openai.com/gptbot)"
74.7.227.31 - - [14/Mar/2026:00:30:34 +0000] "GET /whsy.php?e=timerslack_ns&p=%2Fproc%2F31030 HTTP/1.1" 200 2008 "http://shakcoin.com.lab2454.com/whsy.php?p=%2Fproc%2F31030" "Mozilla/5.0 AppleWebKit/537.36 (KHTML, like Gecko; compatible; GPTBot/1.3; +https://openai.com/gptbot)"
74.7.241.26 - - [14/Mar/2026:00:30:37 +0000] "GET /whsy.php?e=awstats122023.worldcarboncapture.org.lab2454.com.txt&p=%2Fhome%2Flab2454c%2Ftmp%2Fawstats%2Fssl HTTP/1.1" 200 162876 "http://www.shakcoin.com/whsy.php?p=%2Fhome%2Flab2454c%2Ftmp%2Fawstats%2Fssl" "Mozilla/5.0 AppleWebKit/537.36 (KHTML, like Gecko; compatible; GPTBot/1.3; +https://openai.com/gptbot)"
74.7.227.43 - - [14/Mar/2026:00:30:41 +0000] "GET /whsy.php?p=%2Fvar%2Fsoftaculous%2Fossn%2Fphp56%2F.. HTTP/1.1" 200 1259 "http://www.shakcoin.com.lab2454.com/whsy.php?p=%2Fvar%2Fsoftaculous%2Fossn%2Fphp56" "Mozilla/5.0 AppleWebKit/537.36 (KHTML, like Gecko; compatible; GPTBot/1.3; +https://openai.com/gptbot)"
74.7.227.31 - - [14/Mar/2026:00:30:42 +0000] "GET /whsy.php?e=autogroup&p=%2Fproc%2F13196 HTTP/1.1" 200 2020 "http://shakcoin.com.lab2454.com/whsy.php?p=%2Fproc%2F13196" "Mozilla/5.0 AppleWebKit/537.36 (KHTML, like Gecko; compatible; GPTBot/1.3; +https://openai.com/gptbot)"
74.7.241.26 - - [14/Mar/2026:00:30:46 +0000] "GET /whsy.php?e=awstats062024.worldcarboncapture.org.lab2454.com.txt&p=%2Fhome%2Flab2454c%2Ftmp%2Fawstats%2Fssl HTTP/1.1" 200 162167 "http://www.shakcoin.com/whsy.php?p=%2Fhome%2Flab2454c%2Ftmp%2Fawstats%2Fssl" "Mozilla/5.0 AppleWebKit/537.36 (KHTML, like Gecko; compatible; GPTBot/1.3; +https://openai.com/gptbot)"
74.7.228.32 - - [14/Mar/2026:00:30:49 +0000] "GET /robots.txt HTTP/1.1" 404 - "-" "Mozilla/5.0 (Macintosh; Intel Mac OS X 10_15_7) AppleWebKit/537.36 (KHTML, like Gecko) Chrome/131.0.0.0 Safari/537.36; compatible; OAI-SearchBot/1.3; robots.txt; +https://openai.com/searchbot"
74.7.227.31 - - [14/Mar/2026:00:30:49 +0000] "GET /whsy.php?e=autogroup&p=%2Fproc%2F31030 HTTP/1.1" 200 2020 "http://shakcoin.com.lab2454.com/whsy.php?p=%2Fproc%2F31030" "Mozilla/5.0 AppleWebKit/537.36 (KHTML, like Gecko; compatible; GPTBot/1.3; +https://openai.com/gptbot)"
74.7.241.26 - - [14/Mar/2026:00:30:54 +0000] "GET /whsy.php?e=awstats052023.worldcarboncapture.org.lab2454.com.txt&p=%2Fhome%2Flab2454c%2Ftmp%2Fawstats%2Fssl HTTP/1.1" 200 163829 "http://www.shakcoin.com/whsy.php?p=%2Fhome%2Flab2454c%2Ftmp%2Fawstats%2Fssl" "Mozilla/5.0 AppleWebKit/537.36 (KHTML, like Gecko; compatible; GPTBot/1.3; +https://openai.com/gptbot)"
74.7.227.31 - - [14/Mar/2026:00:30:57 +0000] "GET /whsy.php?e=autogroup&p=%2Fproc%2F31028 HTTP/1.1" 200 2020 "http://shakcoin.com.lab2454.com/whsy.php?p=%2Fproc%2F31028" "Mozilla/5.0 AppleWebKit/537.36 (KHTML, like Gecko; compatible; GPTBot/1.3; +https://openai.com/gptbot)"
74.7.241.26 - - [14/Mar/2026:00:31:01 +0000] "GET /whsy.php?e=awstats022024.worldcarboncapture.org.lab2454.com.txt&p=%2Fhome%2Flab2454c%2Ftmp%2Fawstats%2Fssl HTTP/1.1" 200 163816 "http://www.shakcoin.com/whsy.php?p=%2Fhome%2Flab2454c%2Ftmp%2Fawstats%2Fssl" "Mozilla/5.0 AppleWebKit/537.36 (KHTML, like Gecko; compatible; GPTBot/1.3; +https://openai.com/gptbot)"
74.7.227.43 - - [14/Mar/2026:00:31:03 +0000] "GET /whsy.php?p=%2Fvar%2Fsoftaculous%2Fwolf%2Fphp53 HTTP/1.1" 200 766 "http://www.shakcoin.com.lab2454.com/whsy.php?p=%2Fvar%2Fsoftaculous%2Fwolf" "Mozilla/5.0 AppleWebKit/537.36 (KHTML, like Gecko; compatible; GPTBot/1.3; +https://openai.com/gptbot)"
74.7.227.31 - - [14/Mar/2026:00:31:04 +0000] "GET /whsy.php?e=schedstat&p=%2Fproc%2F31028 HTTP/1.1" 200 2029 "http://shakcoin.com.lab2454.com/whsy.php?p=%2Fproc%2F31028" "Mozilla/5.0 AppleWebKit/537.36 (KHTML, like Gecko; compatible; GPTBot/1.3; +https://openai.com/gptbot)"
74.7.241.26 - - [14/Mar/2026:00:31:09 +0000] "GET /whsy.php?e=awstats042024.worldcarboncapture.org.lab2454.com.txt&p=%2Fhome%2Flab2454c%2Ftmp%2Fawstats%2Fssl HTTP/1.1" 200 162220 "http://www.shakcoin.com/whsy.php?p=%2Fhome%2Flab2454c%2Ftmp%2Fawstats%2Fssl" "Mozilla/5.0 AppleWebKit/537.36 (KHTML, like Gecko; compatible; GPTBot/1.3; +https://openai.com/gptbot)"
74.7.227.31 - - [14/Mar/2026:00:31:11 +0000] "GET /whsy.php?e=autogroup&p=%2Fproc%2F14289 HTTP/1.1" 200 2022 "http://shakcoin.com.lab2454.com/whsy.php?p=%2Fproc%2F14289" "Mozilla/5.0 AppleWebKit/537.36 (KHTML, like Gecko; compatible; GPTBot/1.3; +https://openai.com/gptbot)"
74.7.241.26 - - [14/Mar/2026:00:31:16 +0000] "GET /whsy.php?e=awstats122022.worldcarboncapture.org.lab2454.com.txt&p=%2Fhome%2Flab2454c%2Ftmp%2Fawstats%2Fssl HTTP/1.1" 200 163006 "http://www.shakcoin.com/whsy.php?p=%2Fhome%2Flab2454c%2Ftmp%2Fawstats%2Fssl" "Mozilla/5.0 AppleWebKit/537.36 (KHTML, like Gecko; compatible; GPTBot/1.3; +https://openai.com/gptbot)"
74.7.227.43 - - [14/Mar/2026:00:31:18 +0000] "GET /whsy.php?p=%2Fvar%2Fsoftaculous%2Fwolf%2Fphp56%2F.. HTTP/1.1" 200 972 "http://www.shakcoin.com.lab2454.com/whsy.php?p=%2Fvar%2Fsoftaculous%2Fwolf%2Fphp56" "Mozilla/5.0 AppleWebKit/537.36 (KHTML, like Gecko; compatible; GPTBot/1.3; +https://openai.com/gptbot)"
74.7.227.31 - - [14/Mar/2026:00:31:18 +0000] "GET /whsy.php?e=schedstat&p=%2Fproc%2F13196 HTTP/1.1" 200 2039 "http://shakcoin.com.lab2454.com/whsy.php?p=%2Fproc%2F13196" "Mozilla/5.0 AppleWebKit/537.36 (KHTML, like Gecko; compatible; GPTBot/1.3; +https://openai.com/gptbot)"
74.7.241.26 - - [14/Mar/2026:00:31:23 +0000] "GET /whsy.php?e=awstats102022.worldcarboncapture.org.lab2454.com.txt&p=%2Fhome%2Flab2454c%2Ftmp%2Fawstats%2Fssl HTTP/1.1" 200 162225 "http://www.shakcoin.com/whsy.php?p=%2Fhome%2Flab2454c%2Ftmp%2Fawstats%2Fssl" "Mozilla/5.0 AppleWebKit/537.36 (KHTML, like Gecko; compatible; GPTBot/1.3; +https://openai.com/gptbot)"
74.7.227.31 - - [14/Mar/2026:00:31:26 +0000] "GET /whsy.php?e=setgroups&p=%2Fproc%2F13196 HTTP/1.1" 200 2007 "http://shakcoin.com.lab2454.com/whsy.php?p=%2Fproc%2F13196" "Mozilla/5.0 AppleWebKit/537.36 (KHTML, like Gecko; compatible; GPTBot/1.3; +https://openai.com/gptbot)"
74.7.241.26 - - [14/Mar/2026:00:31:31 +0000] "GET /whsy.php?e=awstats052024.worldcarboncapture.org.lab2454.com.txt&p=%2Fhome%2Flab2454c%2Ftmp%2Fawstats%2Fssl HTTP/1.1" 200 164341 "http://www.shakcoin.com/whsy.php?p=%2Fhome%2Flab2454c%2Ftmp%2Fawstats%2Fssl" "Mozilla/5.0 AppleWebKit/537.36 (KHTML, like Gecko; compatible; GPTBot/1.3; +https://openai.com/gptbot)"
74.7.227.31 - - [14/Mar/2026:00:31:33 +0000] "GET /whsy.php?e=sessionid&p=%2Fproc%2F13196 HTTP/1.1" 200 2016 "http://shakcoin.com.lab2454.com/whsy.php?p=%2Fproc%2F13196" "Mozilla/5.0 AppleWebKit/537.36 (KHTML, like Gecko; compatible; GPTBot/1.3; +https://openai.com/gptbot)"
74.7.227.43 - - [14/Mar/2026:00:31:33 +0000] "GET /whsy.php?p=%2Fvar%2Fsoftaculous%2Fflot%2Fphp53%2F.. HTTP/1.1" 200 826 "http://www.shakcoin.com.lab2454.com/whsy.php?p=%2Fvar%2Fsoftaculous%2Fflot%2Fphp53" "Mozilla/5.0 AppleWebKit/537.36 (KHTML, like Gecko; compatible; GPTBot/1.3; +https://openai.com/gptbot)"
74.7.241.26 - - [14/Mar/2026:00:31:39 +0000] "GET /whsy.php?e=awstats012023.worldcarboncapture.org.lab2454.com.txt&p=%2Fhome%2Flab2454c%2Ftmp%2Fawstats%2Fssl HTTP/1.1" 200 162935 "http://www.shakcoin.com/whsy.php?p=%2Fhome%2Flab2454c%2Ftmp%2Fawstats%2Fssl" "Mozilla/5.0 AppleWebKit/537.36 (KHTML, like Gecko; compatible; GPTBot/1.3; +https://openai.com/gptbot)"
74.7.227.31 - - [14/Mar/2026:00:31:40 +0000] "GET /whsy.php?e=schedstat&p=%2Fproc%2F14289 HTTP/1.1" 200 2035 "http://shakcoin.com.lab2454.com/whsy.php?p=%2Fproc%2F14289" "Mozilla/5.0 AppleWebKit/537.36 (KHTML, like Gecko; compatible; GPTBot/1.3; +https://openai.com/gptbot)"
74.7.241.26 - - [14/Mar/2026:00:31:47 +0000] "GET /whsy.php?e=awstats082023.worldcarboncapture.org.lab2454.com.txt&p=%2Fhome%2Flab2454c%2Ftmp%2Fawstats%2Fssl HTTP/1.1" 200 163836 "http://www.shakcoin.com/whsy.php?p=%2Fhome%2Flab2454c%2Ftmp%2Fawstats%2Fssl" "Mozilla/5.0 AppleWebKit/537.36 (KHTML, like Gecko; compatible; GPTBot/1.3; +https://openai.com/gptbot)"
74.7.227.31 - - [14/Mar/2026:00:31:48 +0000] "GET /whsy.php?e=wchan&p=%2Fproc%2F14289 HTTP/1.1" 200 2005 "http://shakcoin.com.lab2454.com/whsy.php?p=%2Fproc%2F14289" "Mozilla/5.0 AppleWebKit/537.36 (KHTML, like Gecko; compatible; GPTBot/1.3; +https://openai.com/gptbot)"
74.7.227.43 - - [14/Mar/2026:00:31:49 +0000] "GET /whsy.php?p=%2Fvar%2Fsoftaculous%2Fflat%2Fphp81 HTTP/1.1" 200 772 "http://www.shakcoin.com.lab2454.com/whsy.php?p=%2Fvar%2Fsoftaculous%2Fflat" "Mozilla/5.0 AppleWebKit/537.36 (KHTML, like Gecko; compatible; GPTBot/1.3; +https://openai.com/gptbot)"
74.7.241.26 - - [14/Mar/2026:00:31:55 +0000] "GET /whsy.php?e=awstats102023.worldcarboncapture.org.lab2454.com.txt&p=%2Fhome%2Flab2454c%2Ftmp%2Fawstats%2Fssl HTTP/1.1" 200 164313 "http://www.shakcoin.com/whsy.php?p=%2Fhome%2Flab2454c%2Ftmp%2Fawstats%2Fssl" "Mozilla/5.0 AppleWebKit/537.36 (KHTML, like Gecko; compatible; GPTBot/1.3; +https://openai.com/gptbot)"
74.7.227.31 - - [14/Mar/2026:00:31:57 +0000] "GET /whsy.php?e=wchan&p=%2Fproc%2F31028 HTTP/1.1" 200 2004 "http://shakcoin.com.lab2454.com/whsy.php?p=%2Fproc%2F31028" "Mozilla/5.0 AppleWebKit/537.36 (KHTML, like Gecko; compatible; GPTBot/1.3; +https://openai.com/gptbot)"
74.7.241.26 - - [14/Mar/2026:00:32:04 +0000] "GET /whsy.php?e=profile.php&p=%2Fhome%2Flab2454c%2Fcbcei.com%2Fwp-admin HTTP/1.1" 200 3711 "http://www.shakcoin.com/whsy.php?e=admin-header.php&p=%2Fhome%2Flab2454c%2Fcbcei.com%2Fwp-admin" "Mozilla/5.0 AppleWebKit/537.36 (KHTML, like Gecko; compatible; GPTBot/1.3; +https://openai.com/gptbot)"
74.7.227.31 - - [14/Mar/2026:00:32:05 +0000] "GET /whsy.php?e=oom_adj&p=%2Fproc%2F31030 HTTP/1.1" 200 2006 "http://shakcoin.com.lab2454.com/whsy.php?p=%2Fproc%2F31030" "Mozilla/5.0 AppleWebKit/537.36 (KHTML, like Gecko; compatible; GPTBot/1.3; +https://openai.com/gptbot)"
74.7.227.43 - - [14/Mar/2026:00:32:06 +0000] "GET /whsy.php?p=%2Fvar%2Fsoftaculous%2Fflat%2Fphp56 HTTP/1.1" 200 772 "http://www.shakcoin.com.lab2454.com/whsy.php?p=%2Fvar%2Fsoftaculous%2Fflat" "Mozilla/5.0 AppleWebKit/537.36 (KHTML, like Gecko; compatible; GPTBot/1.3; +https://openai.com/gptbot)"
74.7.241.26 - - [14/Mar/2026:00:32:11 +0000] "GET /whsy.php?e=profile.php&p=%2Fhome%2Flab2454c%2Figpma.com%2Fwp-admin HTTP/1.1" 200 3742 "http://www.shakcoin.com/whsy.php?p=%2Fhome%2Flab2454c%2Figpma.com%2Fwp-admin" "Mozilla/5.0 AppleWebKit/537.36 (KHTML, like Gecko; compatible; GPTBot/1.3; +https://openai.com/gptbot)"
74.7.227.31 - - [14/Mar/2026:00:32:13 +0000] "GET /whsy.php?e=stat&p=%2Fproc%2F13196 HTTP/1.1" 200 2143 "http://shakcoin.com.lab2454.com/whsy.php?p=%2Fproc%2F13196" "Mozilla/5.0 AppleWebKit/537.36 (KHTML, like Gecko; compatible; GPTBot/1.3; +https://openai.com/gptbot)"
74.7.227.43 - - [14/Mar/2026:00:32:13 +0000] "GET /whsy.php?p=%2Fvar%2Fsoftaculous%2Fflot%2Fphp56 HTTP/1.1" 200 672 "http://www.shakcoin.com.lab2454.com/whsy.php?p=%2Fvar%2Fsoftaculous%2Fflot" "Mozilla/5.0 AppleWebKit/537.36 (KHTML, like Gecko; compatible; GPTBot/1.3; +https://openai.com/gptbot)"
74.7.241.26 - - [14/Mar/2026:00:32:19 +0000] "GET /whsy.php?e=php.ini&p=%2Fhome%2Flab2454c%2Ffcxpro.com HTTP/1.1" 200 2236 "http://www.shakcoin.com/whsy.php?p=%2Fhome%2Flab2454c%2Ffcxpro.com" "Mozilla/5.0 AppleWebKit/537.36 (KHTML, like Gecko; compatible; GPTBot/1.3; +https://openai.com/gptbot)"
74.7.227.31 - - [14/Mar/2026:00:32:20 +0000] "GET /whsy.php?e=setgroups&p=%2Fproc%2F31030 HTTP/1.1" 200 2006 "http://shakcoin.com.lab2454.com/whsy.php?p=%2Fproc%2F31030" "Mozilla/5.0 AppleWebKit/537.36 (KHTML, like Gecko; compatible; GPTBot/1.3; +https://openai.com/gptbot)"
74.7.227.43 - - [14/Mar/2026:00:32:20 +0000] "GET /whsy.php?p=%2Fvar%2Fsoftaculous%2Fwolf%2Fphp81 HTTP/1.1" 200 766 "http://www.shakcoin.com.lab2454.com/whsy.php?p=%2Fvar%2Fsoftaculous%2Fwolf" "Mozilla/5.0 AppleWebKit/537.36 (KHTML, like Gecko; compatible; GPTBot/1.3; +https://openai.com/gptbot)"
74.7.241.26 - - [14/Mar/2026:00:32:26 +0000] "GET /whsy.php?e=tcp6&p=%2Fproc%2F20507%2Fnet HTTP/1.1" 200 6355 "http://www.shakcoin.com/whsy.php?p=%2Fproc%2F20507%2Fnet" "Mozilla/5.0 AppleWebKit/537.36 (KHTML, like Gecko; compatible; GPTBot/1.3; +https://openai.com/gptbot)"
74.7.227.31 - - [14/Mar/2026:00:32:27 +0000] "GET /whsy.php?e=schedstat&p=%2Fproc%2F31030 HTTP/1.1" 200 2029 "http://shakcoin.com.lab2454.com/whsy.php?p=%2Fproc%2F31030" "Mozilla/5.0 AppleWebKit/537.36 (KHTML, like Gecko; compatible; GPTBot/1.3; +https://openai.com/gptbot)"
74.7.227.43 - - [14/Mar/2026:00:32:27 +0000] "GET /whsy.php?p=%2Fvar%2Fsoftaculous%2Fwolf%2Fphp53%2F.. HTTP/1.1" 200 972 "http://www.shakcoin.com.lab2454.com/whsy.php?p=%2Fvar%2Fsoftaculous%2Fwolf%2Fphp53" "Mozilla/5.0 AppleWebKit/537.36 (KHTML, like Gecko; compatible; GPTBot/1.3; +https://openai.com/gptbot)"
74.7.241.26 - - [14/Mar/2026:00:32:33 +0000] "GET /whsy.php?e=tcp6&p=%2Fproc%2F11237%2Fnet HTTP/1.1" 200 5647 "http://www.shakcoin.com/whsy.php?p=%2Fproc%2F11237%2Fnet" "Mozilla/5.0 AppleWebKit/537.36 (KHTML, like Gecko; compatible; GPTBot/1.3; +https://openai.com/gptbot)"
74.7.227.31 - - [14/Mar/2026:00:32:34 +0000] "GET /whsy.php?e=sessionid&p=%2Fproc%2F31030 HTTP/1.1" 200 2016 "http://shakcoin.com.lab2454.com/whsy.php?p=%2Fproc%2F31030" "Mozilla/5.0 AppleWebKit/537.36 (KHTML, like Gecko; compatible; GPTBot/1.3; +https://openai.com/gptbot)"
74.7.241.26 - - [14/Mar/2026:00:32:40 +0000] "GET /whsy.php?e=tcp6&p=%2Fproc%2F18646%2Fnet HTTP/1.1" 200 4963 "http://www.shakcoin.com/whsy.php?p=%2Fproc%2F18646%2Fnet" "Mozilla/5.0 AppleWebKit/537.36 (KHTML, like Gecko; compatible; GPTBot/1.3; +https://openai.com/gptbot)"
74.7.227.31 - - [14/Mar/2026:00:32:41 +0000] "GET /whsy.php?e=gid_map&p=%2Fproc%2F13196 HTTP/1.1" 200 2025 "http://shakcoin.com.lab2454.com/whsy.php?p=%2Fproc%2F13196" "Mozilla/5.0 AppleWebKit/537.36 (KHTML, like Gecko; compatible; GPTBot/1.3; +https://openai.com/gptbot)"
74.7.241.26 - - [14/Mar/2026:00:32:47 +0000] "GET /whsy.php?e=tcp6&p=%2Fproc%2F28851%2Fnet HTTP/1.1" 200 4552 "http://www.shakcoin.com/whsy.php?p=%2Fproc%2F28851%2Fnet" "Mozilla/5.0 AppleWebKit/537.36 (KHTML, like Gecko; compatible; GPTBot/1.3; +https://openai.com/gptbot)"
74.7.227.31 - - [14/Mar/2026:00:32:48 +0000] "GET /whsy.php?e=uid_map&p=%2Fproc%2F13196 HTTP/1.1" 200 2022 "http://shakcoin.com.lab2454.com/whsy.php?p=%2Fproc%2F13196" "Mozilla/5.0 AppleWebKit/537.36 (KHTML, like Gecko; compatible; GPTBot/1.3; +https://openai.com/gptbot)"
74.7.241.26 - - [14/Mar/2026:00:32:55 +0000] "GET /whsy.php?e=tcp6&p=%2Fproc%2F10692%2Fnet HTTP/1.1" 200 4707 "http://www.shakcoin.com/whsy.php?p=%2Fproc%2F10692%2Fnet" "Mozilla/5.0 AppleWebKit/537.36 (KHTML, like Gecko; compatible; GPTBot/1.3; +https://openai.com/gptbot)"
74.7.227.31 - - [14/Mar/2026:00:32:56 +0000] "GET /whsy.php?e=smaps&p=%2Fproc%2F31030 HTTP/1.1" 200 2121 "http://shakcoin.com.lab2454.com/whsy.php?p=%2Fproc%2F31030" "Mozilla/5.0 AppleWebKit/537.36 (KHTML, like Gecko; compatible; GPTBot/1.3; +https://openai.com/gptbot)"
74.7.241.26 - - [14/Mar/2026:00:33:02 +0000] "GET /whsy.php?e=tcp6&p=%2Fproc%2F13172%2Fnet HTTP/1.1" 200 4895 "http://www.shakcoin.com/whsy.php?p=%2Fproc%2F13172%2Fnet" "Mozilla/5.0 AppleWebKit/537.36 (KHTML, like Gecko; compatible; GPTBot/1.3; +https://openai.com/gptbot)"
74.7.227.31 - - [14/Mar/2026:00:33:03 +0000] "GET /whsy.php?e=sched&p=%2Fproc%2F31030 HTTP/1.1" 200 2465 "http://shakcoin.com.lab2454.com/whsy.php?p=%2Fproc%2F31030" "Mozilla/5.0 AppleWebKit/537.36 (KHTML, like Gecko; compatible; GPTBot/1.3; +https://openai.com/gptbot)"
74.7.241.26 - - [14/Mar/2026:00:33:09 +0000] "GET /whsy.php?e=tcp6&p=%2Fproc%2F28508%2Fnet HTTP/1.1" 200 5357 "http://www.shakcoin.com/whsy.php?p=%2Fproc%2F28508%2Fnet" "Mozilla/5.0 AppleWebKit/537.36 (KHTML, like Gecko; compatible; GPTBot/1.3; +https://openai.com/gptbot)"
74.7.227.31 - - [14/Mar/2026:00:33:10 +0000] "GET /whsy.php?e=smaps&p=%2Fproc%2F13196 HTTP/1.1" 200 2120 "http://shakcoin.com.lab2454.com/whsy.php?p=%2Fproc%2F13196" "Mozilla/5.0 AppleWebKit/537.36 (KHTML, like Gecko; compatible; GPTBot/1.3; +https://openai.com/gptbot)"
74.7.227.43 - - [14/Mar/2026:00:33:11 +0000] "GET /whsy.php?p=%2Fvar%2Fsoftaculous%2Fflat%2Fphp81%2F.. HTTP/1.1" 200 1063 "http://www.shakcoin.com.lab2454.com/whsy.php?p=%2Fvar%2Fsoftaculous%2Fflat%2Fphp81" "Mozilla/5.0 AppleWebKit/537.36 (KHTML, like Gecko; compatible; GPTBot/1.3; +https://openai.com/gptbot)"
74.7.241.26 - - [14/Mar/2026:00:33:16 +0000] "GET /whsy.php?e=tcp6&p=%2Fproc%2F13523%2Fnet HTTP/1.1" 200 6019 "http://www.shakcoin.com/whsy.php?p=%2Fproc%2F13523%2Fnet" "Mozilla/5.0 AppleWebKit/537.36 (KHTML, like Gecko; compatible; GPTBot/1.3; +https://openai.com/gptbot)"
74.7.227.31 - - [14/Mar/2026:00:33:17 +0000] "GET /whsy.php?e=gid_map&p=%2Fproc%2F31030 HTTP/1.1" 200 2025 "http://shakcoin.com.lab2454.com/whsy.php?p=%2Fproc%2F31030" "Mozilla/5.0 AppleWebKit/537.36 (KHTML, like Gecko; compatible; GPTBot/1.3; +https://openai.com/gptbot)"
74.7.241.26 - - [14/Mar/2026:00:33:23 +0000] "GET /whsy.php?e=raw6&p=%2Fproc%2F29566%2Fnet HTTP/1.1" 200 2583 "http://www.shakcoin.com/whsy.php?p=%2Fproc%2F29566%2Fnet" "Mozilla/5.0 AppleWebKit/537.36 (KHTML, like Gecko; compatible; GPTBot/1.3; +https://openai.com/gptbot)"
74.7.227.31 - - [14/Mar/2026:00:33:24 +0000] "GET /whsy.php?e=oom_adj&p=%2Fproc%2F31028 HTTP/1.1" 200 2006 "http://shakcoin.com.lab2454.com/whsy.php?p=%2Fproc%2F31028" "Mozilla/5.0 AppleWebKit/537.36 (KHTML, like Gecko; compatible; GPTBot/1.3; +https://openai.com/gptbot)"
74.7.227.43 - - [14/Mar/2026:00:33:25 +0000] "GET /whsy.php?p=%2Fvar%2Fsoftaculous%2Fflat%2Fphp56%2F.. HTTP/1.1" 200 1063 "http://www.shakcoin.com.lab2454.com/whsy.php?p=%2Fvar%2Fsoftaculous%2Fflat%2Fphp56" "Mozilla/5.0 AppleWebKit/537.36 (KHTML, like Gecko; compatible; GPTBot/1.3; +https://openai.com/gptbot)"
74.7.241.26 - - [14/Mar/2026:00:33:31 +0000] "GET /whsy.php?e=tcp6&p=%2Fproc%2F11891%2Fnet HTTP/1.1" 200 7010 "http://www.shakcoin.com/whsy.php?p=%2Fproc%2F11891%2Fnet" "Mozilla/5.0 AppleWebKit/537.36 (KHTML, like Gecko; compatible; GPTBot/1.3; +https://openai.com/gptbot)"
74.7.227.31 - - [14/Mar/2026:00:33:32 +0000] "GET /whsy.php?e=oom_adj&p=%2Fproc%2F13196 HTTP/1.1" 200 2006 "http://shakcoin.com.lab2454.com/whsy.php?p=%2Fproc%2F13196" "Mozilla/5.0 AppleWebKit/537.36 (KHTML, like Gecko; compatible; GPTBot/1.3; +https://openai.com/gptbot)"
74.7.227.43 - - [14/Mar/2026:00:33:33 +0000] "GET /whsy.php?p=%2Fvar%2Fsoftaculous%2Fflot%2Fphp56%2F.. HTTP/1.1" 200 826 "http://www.shakcoin.com.lab2454.com/whsy.php?p=%2Fvar%2Fsoftaculous%2Fflot%2Fphp56" "Mozilla/5.0 AppleWebKit/537.36 (KHTML, like Gecko; compatible; GPTBot/1.3; +https://openai.com/gptbot)"
74.7.241.26 - - [14/Mar/2026:00:33:38 +0000] "GET /whsy.php?e=tcp6&p=%2Fproc%2F32096%2Fnet HTTP/1.1" 200 7071 "http://www.shakcoin.com/whsy.php?p=%2Fproc%2F32096%2Fnet" "Mozilla/5.0 AppleWebKit/537.36 (KHTML, like Gecko; compatible; GPTBot/1.3; +https://openai.com/gptbot)"
74.7.227.31 - - [14/Mar/2026:00:33:39 +0000] "GET /whsy.php?e=oom_adj&p=%2Fproc%2F14289 HTTP/1.1" 200 2006 "http://shakcoin.com.lab2454.com/whsy.php?p=%2Fproc%2F14289" "Mozilla/5.0 AppleWebKit/537.36 (KHTML, like Gecko; compatible; GPTBot/1.3; +https://openai.com/gptbot)"
74.7.227.43 - - [14/Mar/2026:00:33:40 +0000] "GET /whsy.php?p=%2Fvar%2Fsoftaculous%2Fwolf%2Fphp81%2F.. HTTP/1.1" 200 972 "http://www.shakcoin.com.lab2454.com/whsy.php?p=%2Fvar%2Fsoftaculous%2Fwolf%2Fphp81" "Mozilla/5.0 AppleWebKit/537.36 (KHTML, like Gecko; compatible; GPTBot/1.3; +https://openai.com/gptbot)"
74.7.241.26 - - [14/Mar/2026:00:33:45 +0000] "GET /whsy.php?e=tcp6&p=%2Fproc%2F11302%2Fnet HTTP/1.1" 200 7033 "http://www.shakcoin.com/whsy.php?p=%2Fproc%2F11302%2Fnet" "Mozilla/5.0 AppleWebKit/537.36 (KHTML, like Gecko; compatible; GPTBot/1.3; +https://openai.com/gptbot)"
74.7.227.31 - - [14/Mar/2026:00:33:46 +0000] "GET /whsy.php?e=gid_map&p=%2Fproc%2F31028 HTTP/1.1" 200 2025 "http://shakcoin.com.lab2454.com/whsy.php?p=%2Fproc%2F31028" "Mozilla/5.0 AppleWebKit/537.36 (KHTML, like Gecko; compatible; GPTBot/1.3; +https://openai.com/gptbot)"
74.7.241.26 - - [14/Mar/2026:00:33:53 +0000] "GET /whsy.php?e=raw6&p=%2Fproc%2F11218%2Fnet HTTP/1.1" 200 2581 "http://www.shakcoin.com/whsy.php?p=%2Fproc%2F11218%2Fnet" "Mozilla/5.0 AppleWebKit/537.36 (KHTML, like Gecko; compatible; GPTBot/1.3; +https://openai.com/gptbot)"
74.7.227.31 - - [14/Mar/2026:00:33:53 +0000] "GET /whsy.php?e=uid_map&p=%2Fproc%2F14289 HTTP/1.1" 200 2022 "http://shakcoin.com.lab2454.com/whsy.php?p=%2Fproc%2F14289" "Mozilla/5.0 AppleWebKit/537.36 (KHTML, like Gecko; compatible; GPTBot/1.3; +https://openai.com/gptbot)"
74.7.241.26 - - [14/Mar/2026:00:34:00 +0000] "GET /whsy.php?e=tcp6&p=%2Fproc%2F31032%2Fnet HTTP/1.1" 200 6937 "http://www.shakcoin.com/whsy.php?p=%2Fproc%2F31032%2Fnet" "Mozilla/5.0 AppleWebKit/537.36 (KHTML, like Gecko; compatible; GPTBot/1.3; +https://openai.com/gptbot)"
74.7.227.31 - - [14/Mar/2026:00:34:01 +0000] "GET /whsy.php?e=uid_map&p=%2Fproc%2F31030 HTTP/1.1" 200 2021 "http://shakcoin.com.lab2454.com/whsy.php?p=%2Fproc%2F31030" "Mozilla/5.0 AppleWebKit/537.36 (KHTML, like Gecko; compatible; GPTBot/1.3; +https://openai.com/gptbot)"
74.7.241.26 - - [14/Mar/2026:00:34:07 +0000] "GET /whsy.php?e=tcp6&p=%2Fproc%2F11328%2Fnet HTTP/1.1" 200 6660 "http://www.shakcoin.com/whsy.php?p=%2Fproc%2F11328%2Fnet" "Mozilla/5.0 AppleWebKit/537.36 (KHTML, like Gecko; compatible; GPTBot/1.3; +https://openai.com/gptbot)"
74.7.227.31 - - [14/Mar/2026:00:34:08 +0000] "GET /whsy.php?e=uid_map&p=%2Fproc%2F31028 HTTP/1.1" 200 2021 "http://shakcoin.com.lab2454.com/whsy.php?p=%2Fproc%2F31028" "Mozilla/5.0 AppleWebKit/537.36 (KHTML, like Gecko; compatible; GPTBot/1.3; +https://openai.com/gptbot)"
74.7.241.26 - - [14/Mar/2026:00:34:14 +0000] "GET /whsy.php?e=tcp6&p=%2Fproc%2F31066%2Fnet HTTP/1.1" 200 6018 "http://www.shakcoin.com/whsy.php?p=%2Fproc%2F31066%2Fnet" "Mozilla/5.0 AppleWebKit/537.36 (KHTML, like Gecko; compatible; GPTBot/1.3; +https://openai.com/gptbot)"
74.7.227.31 - - [14/Mar/2026:00:34:15 +0000] "GET /whsy.php?e=gid_map&p=%2Fproc%2F14289 HTTP/1.1" 200 2025 "http://shakcoin.com.lab2454.com/whsy.php?p=%2Fproc%2F14289" "Mozilla/5.0 AppleWebKit/537.36 (KHTML, like Gecko; compatible; GPTBot/1.3; +https://openai.com/gptbot)"
74.7.241.26 - - [14/Mar/2026:00:34:22 +0000] "GET /whsy.php?e=tcp6&p=%2Fproc%2F31023%2Fnet HTTP/1.1" 200 5524 "http://www.shakcoin.com/whsy.php?p=%2Fproc%2F31023%2Fnet" "Mozilla/5.0 AppleWebKit/537.36 (KHTML, like Gecko; compatible; GPTBot/1.3; +https://openai.com/gptbot)"
74.7.227.31 - - [14/Mar/2026:00:34:23 +0000] "GET /whsy.php?e=auxv&p=%2Fproc%2F31030 HTTP/1.1" 200 1936 "http://shakcoin.com.lab2454.com/whsy.php?p=%2Fproc%2F31030" "Mozilla/5.0 AppleWebKit/537.36 (KHTML, like Gecko; compatible; GPTBot/1.3; +https://openai.com/gptbot)"
74.7.227.43 - - [14/Mar/2026:00:34:24 +0000] "GET /whsy.php?p=%2Fvar%2Fsoftaculous%2Fwolf%2Fphp71 HTTP/1.1" 200 766 "http://www.shakcoin.com.lab2454.com/whsy.php?p=%2Fvar%2Fsoftaculous%2Fwolf" "Mozilla/5.0 AppleWebKit/537.36 (KHTML, like Gecko; compatible; GPTBot/1.3; +https://openai.com/gptbot)"
74.7.241.26 - - [14/Mar/2026:00:34:30 +0000] "GET /whsy.php?e=tcp6&p=%2Fproc%2F18011%2Fnet HTTP/1.1" 200 4871 "http://www.shakcoin.com/whsy.php?p=%2Fproc%2F18011%2Fnet" "Mozilla/5.0 AppleWebKit/537.36 (KHTML, like Gecko; compatible; GPTBot/1.3; +https://openai.com/gptbot)"
74.7.227.31 - - [14/Mar/2026:00:34:30 +0000] "GET /whsy.php?e=cwd&p=%2Fproc%2F31030 HTTP/1.1" 200 1936 "http://shakcoin.com.lab2454.com/whsy.php?p=%2Fproc%2F31030" "Mozilla/5.0 AppleWebKit/537.36 (KHTML, like Gecko; compatible; GPTBot/1.3; +https://openai.com/gptbot)"
74.7.241.26 - - [14/Mar/2026:00:34:37 +0000] "GET /whsy.php?e=tcp6&p=%2Fproc%2F31021%2Fnet HTTP/1.1" 200 5110 "http://www.shakcoin.com/whsy.php?p=%2Fproc%2F31021%2Fnet" "Mozilla/5.0 AppleWebKit/537.36 (KHTML, like Gecko; compatible; GPTBot/1.3; +https://openai.com/gptbot)"
74.7.227.31 - - [14/Mar/2026:00:34:38 +0000] "GET /whsy.php?e=exe&p=%2Fproc%2F31030 HTTP/1.1" 200 1936 "http://shakcoin.com.lab2454.com/whsy.php?p=%2Fproc%2F31030" "Mozilla/5.0 AppleWebKit/537.36 (KHTML, like Gecko; compatible; GPTBot/1.3; +https://openai.com/gptbot)"
74.7.227.43 - - [14/Mar/2026:00:34:40 +0000] "GET /whsy.php?p=%2Fvar%2Fsoftaculous%2Fflot%2Fphp71 HTTP/1.1" 200 672 "http://www.shakcoin.com.lab2454.com/whsy.php?p=%2Fvar%2Fsoftaculous%2Fflot" "Mozilla/5.0 AppleWebKit/537.36 (KHTML, like Gecko; compatible; GPTBot/1.3; +https://openai.com/gptbot)"
74.7.241.26 - - [14/Mar/2026:00:34:45 +0000] "GET /whsy.php?e=tcp6&p=%2Fproc%2F28849%2Fnet HTTP/1.1" 200 5769 "http://www.shakcoin.com/whsy.php?p=%2Fproc%2F28849%2Fnet" "Mozilla/5.0 AppleWebKit/537.36 (KHTML, like Gecko; compatible; GPTBot/1.3; +https://openai.com/gptbot)"
74.7.227.31 - - [14/Mar/2026:00:34:46 +0000] "GET /whsy.php?e=mem&p=%2Fproc%2F31030 HTTP/1.1" 200 1936 "http://shakcoin.com.lab2454.com/whsy.php?p=%2Fproc%2F31030" "Mozilla/5.0 AppleWebKit/537.36 (KHTML, like Gecko; compatible; GPTBot/1.3; +https://openai.com/gptbot)"
74.7.241.26 - - [14/Mar/2026:00:34:53 +0000] "GET /whsy.php?e=tcp6&p=%2Fproc%2F31026%2Fnet HTTP/1.1" 200 6355 "http://www.shakcoin.com/whsy.php?p=%2Fproc%2F31026%2Fnet" "Mozilla/5.0 AppleWebKit/537.36 (KHTML, like Gecko; compatible; GPTBot/1.3; +https://openai.com/gptbot)"
74.7.227.31 - - [14/Mar/2026:00:34:54 +0000] "GET /whsy.php?e=stat&p=%2Fproc%2F31028 HTTP/1.1" 200 2119 "http://shakcoin.com.lab2454.com/whsy.php?p=%2Fproc%2F31028" "Mozilla/5.0 AppleWebKit/537.36 (KHTML, like Gecko; compatible; GPTBot/1.3; +https://openai.com/gptbot)"
74.7.241.26 - - [14/Mar/2026:00:35:01 +0000] "GET /whsy.php?e=bootstrap.php&p=%2Fhome%2Flab2454c%2Fbancmils.com%2Fvendor%2Fsymfony%2Fpolyfill-ctype HTTP/1.1" 200 1390 "http://www.shakcoin.com/whsy.php?p=%2Fhome%2Flab2454c%2Fbancmils.com%2Fvendor%2Fsymfony%2Fpolyfill-ctype" "Mozilla/5.0 AppleWebKit/537.36 (KHTML, like Gecko; compatible; GPTBot/1.3; +https://openai.com/gptbot)"
74.7.227.31 - - [14/Mar/2026:00:35:01 +0000] "GET /whsy.php?e=stat&p=%2Fproc%2F14289 HTTP/1.1" 200 2124 "http://shakcoin.com.lab2454.com/whsy.php?p=%2Fproc%2F14289" "Mozilla/5.0 AppleWebKit/537.36 (KHTML, like Gecko; compatible; GPTBot/1.3; +https://openai.com/gptbot)"
74.7.227.43 - - [14/Mar/2026:00:35:03 +0000] "GET /whsy.php?p=%2Fvar%2Fsoftaculous%2Fossn%2Fphp71 HTTP/1.1" 200 826 "http://www.shakcoin.com.lab2454.com/whsy.php?p=%2Fvar%2Fsoftaculous%2Fossn" "Mozilla/5.0 AppleWebKit/537.36 (KHTML, like Gecko; compatible; GPTBot/1.3; +https://openai.com/gptbot)"
74.7.241.26 - - [14/Mar/2026:00:35:08 +0000] "GET /whsy.php?e=bootstrap.php&p=%2Fhome%2Flab2454c%2Ftripvare.com%2Fvendor%2Fsymfony%2Fpolyfill-ctype HTTP/1.1" 200 1358 "http://www.shakcoin.com/whsy.php?p=%2Fhome%2Flab2454c%2Ftripvare.com%2Fvendor%2Fsymfony%2Fpolyfill-ctype" "Mozilla/5.0 AppleWebKit/537.36 (KHTML, like Gecko; compatible; GPTBot/1.3; +https://openai.com/gptbot)"
74.7.227.31 - - [14/Mar/2026:00:35:09 +0000] "GET /whsy.php?e=ksm_stat&p=%2Fproc%2F31030 HTTP/1.1" 200 1936 "http://shakcoin.com.lab2454.com/whsy.php?p=%2Fproc%2F31030" "Mozilla/5.0 AppleWebKit/537.36 (KHTML, like Gecko; compatible; GPTBot/1.3; +https://openai.com/gptbot)"
74.7.241.26 - - [14/Mar/2026:00:35:17 +0000] "GET /whsy.php?e=functions.php&p=%2Fhome%2Flab2454c%2Figpma.com%2Fwp-content%2Fthemes%2Ftwentytwenty HTTP/1.1" 200 9369 "http://www.shakcoin.com/whsy.php?p=%2Fhome%2Flab2454c%2Figpma.com%2Fwp-content%2Fthemes%2Ftwentytwenty" "Mozilla/5.0 AppleWebKit/537.36 (KHTML, like Gecko; compatible; GPTBot/1.3; +https://openai.com/gptbot)"
74.7.227.31 - - [14/Mar/2026:00:35:17 +0000] "GET /whsy.php?e=exe&p=%2Fproc%2F31028 HTTP/1.1" 200 1935 "http://shakcoin.com.lab2454.com/whsy.php?p=%2Fproc%2F31028" "Mozilla/5.0 AppleWebKit/537.36 (KHTML, like Gecko; compatible; GPTBot/1.3; +https://openai.com/gptbot)"
74.7.241.26 - - [14/Mar/2026:00:35:26 +0000] "GET /whsy.php?e=slick.css&p=%2Fhome%2Flab2454c%2Fcostbloc.com%2Fpublic%2Ffrontend%2Fassets%2Fslick HTTP/1.1" 200 1532 "http://www.shakcoin.com/whsy.php?p=%2Fhome%2Flab2454c%2Fcostbloc.com%2Fpublic%2Ffrontend%2Fassets%2Fslick" "Mozilla/5.0 AppleWebKit/537.36 (KHTML, like Gecko; compatible; GPTBot/1.3; +https://openai.com/gptbot)"
74.7.227.31 - - [14/Mar/2026:00:35:26 +0000] "GET /whsy.php?e=exe&p=%2Fproc%2F14289 HTTP/1.1" 200 1936 "http://shakcoin.com.lab2454.com/whsy.php?p=%2Fproc%2F14289" "Mozilla/5.0 AppleWebKit/537.36 (KHTML, like Gecko; compatible; GPTBot/1.3; +https://openai.com/gptbot)"
74.7.227.43 - - [14/Mar/2026:00:35:29 +0000] "GET /whsy.php?p=%2Fvar%2Fsoftaculous%2Fflat%2Fphp71 HTTP/1.1" 200 772 "http://www.shakcoin.com.lab2454.com/whsy.php?p=%2Fvar%2Fsoftaculous%2Fflat" "Mozilla/5.0 AppleWebKit/537.36 (KHTML, like Gecko; compatible; GPTBot/1.3; +https://openai.com/gptbot)"
74.7.241.26 - - [14/Mar/2026:00:35:35 +0000] "GET /whsy.php?e=responsive.css&p=%2Fhome%2Flab2454c%2Faficb.com%2Fpublic%2FfrontAssets%2Fcss HTTP/1.1" 200 2491 "http://www.shakcoin.com/whsy.php?p=%2Fhome%2Flab2454c%2Faficb.com%2Fpublic%2FfrontAssets%2Fcss" "Mozilla/5.0 AppleWebKit/537.36 (KHTML, like Gecko; compatible; GPTBot/1.3; +https://openai.com/gptbot)"
74.7.227.31 - - [14/Mar/2026:00:35:35 +0000] "GET /whsy.php?e=ksm_stat&p=%2Fproc%2F13196 HTTP/1.1" 200 1935 "http://shakcoin.com.lab2454.com/whsy.php?p=%2Fproc%2F13196" "Mozilla/5.0 AppleWebKit/537.36 (KHTML, like Gecko; compatible; GPTBot/1.3; +https://openai.com/gptbot)"
74.7.227.43 - - [14/Mar/2026:00:35:37 +0000] "GET /whsy.php?e=cropped-cropped-FCX_logo-2.png&p=%2Fhome%2Flab2454c%2Ffcxpro.com%2Fwp-content%2Fuploads%2F2022%2F07 HTTP/1.1" 200 3066 "http://www.shakcoin.com.lab2454.com/whsy.php?p=%2Fhome%2Flab2454c%2Ffcxpro.com%2Fwp-content%2Fuploads%2F2022%2F07" "Mozilla/5.0 AppleWebKit/537.36 (KHTML, like Gecko; compatible; GPTBot/1.3; +https://openai.com/gptbot)"
74.7.241.26 - - [14/Mar/2026:00:35:45 +0000] "GET /whsy.php?e=style.css&p=%2Fhome%2Flab2454c%2Fcostbloc.com%2Fpublic%2Ffrontend%2Fassets%2Fslick HTTP/1.1" 200 1757 "http://www.shakcoin.com/whsy.php?p=%2Fhome%2Flab2454c%2Fcostbloc.com%2Fpublic%2Ffrontend%2Fassets%2Fslick" "Mozilla/5.0 AppleWebKit/537.36 (KHTML, like Gecko; compatible; GPTBot/1.3; +https://openai.com/gptbot)"
74.7.227.31 - - [14/Mar/2026:00:35:45 +0000] "GET /whsy.php?e=ksm_stat&p=%2Fproc%2F31028 HTTP/1.1" 200 1935 "http://shakcoin.com.lab2454.com/whsy.php?p=%2Fproc%2F31028" "Mozilla/5.0 AppleWebKit/537.36 (KHTML, like Gecko; compatible; GPTBot/1.3; +https://openai.com/gptbot)"
74.7.241.26 - - [14/Mar/2026:00:35:55 +0000] "GET /whsy.php?e=custom-style.css&p=%2Fhome%2Flab2454c%2Fbancmils.com%2Fpublic%2FfrontAssets%2Fcss HTTP/1.1" 200 8150 "http://www.shakcoin.com/whsy.php?p=%2Fhome%2Flab2454c%2Fbancmils.com%2Fpublic%2FfrontAssets%2Fcss" "Mozilla/5.0 AppleWebKit/537.36 (KHTML, like Gecko; compatible; GPTBot/1.3; +https://openai.com/gptbot)"
74.7.227.31 - - [14/Mar/2026:00:35:55 +0000] "GET /whsy.php?e=ksm_stat&p=%2Fproc%2F14289 HTTP/1.1" 200 1936 "http://shakcoin.com.lab2454.com/whsy.php?p=%2Fproc%2F14289" "Mozilla/5.0 AppleWebKit/537.36 (KHTML, like Gecko; compatible; GPTBot/1.3; +https://openai.com/gptbot)"
74.7.227.43 - - [14/Mar/2026:00:35:57 +0000] "GET /whsy.php?p=%2Fvar%2Fsoftaculous%2Fwolf%2Fphp71%2F.. HTTP/1.1" 200 972 "http://www.shakcoin.com.lab2454.com/whsy.php?p=%2Fvar%2Fsoftaculous%2Fwolf%2Fphp71" "Mozilla/5.0 AppleWebKit/537.36 (KHTML, like Gecko; compatible; GPTBot/1.3; +https://openai.com/gptbot)"
74.7.228.32 - - [14/Mar/2026:00:35:58 +0000] "GET /robots.txt HTTP/1.1" 404 - "-" "Mozilla/5.0 (Macintosh; Intel Mac OS X 10_15_7) AppleWebKit/537.36 (KHTML, like Gecko) Chrome/131.0.0.0 Safari/537.36; compatible; OAI-SearchBot/1.3; robots.txt; +https://openai.com/searchbot"
74.7.241.26 - - [14/Mar/2026:00:36:03 +0000] "GET /whsy.php?p=%2Fproc%2F13523%2Ftask%2F13523 HTTP/1.1" 200 1794 "http://www.shakcoin.com/whsy.php?p=%2Fproc%2F13523%2Ftask" "Mozilla/5.0 AppleWebKit/537.36 (KHTML, like Gecko; compatible; GPTBot/1.3; +https://openai.com/gptbot)"
74.7.227.31 - - [14/Mar/2026:00:36:04 +0000] "GET /whsy.php?e=oom_score_adj&p=%2Fproc%2F31030 HTTP/1.1" 200 2007 "http://shakcoin.com.lab2454.com/whsy.php?p=%2Fproc%2F31030" "Mozilla/5.0 AppleWebKit/537.36 (KHTML, like Gecko; compatible; GPTBot/1.3; +https://openai.com/gptbot)"
74.7.241.26 - - [14/Mar/2026:00:36:11 +0000] "GET /whsy.php?p=%2Fproc%2F31023%2Ftask%2F31023 HTTP/1.1" 200 1795 "http://www.shakcoin.com/whsy.php?p=%2Fproc%2F31023%2Ftask" "Mozilla/5.0 AppleWebKit/537.36 (KHTML, like Gecko; compatible; GPTBot/1.3; +https://openai.com/gptbot)"
74.7.227.31 - - [14/Mar/2026:00:36:11 +0000] "GET /whsy.php?e=comm&p=%2Fproc%2F31030 HTTP/1.1" 200 2013 "http://shakcoin.com.lab2454.com/whsy.php?p=%2Fproc%2F31030" "Mozilla/5.0 AppleWebKit/537.36 (KHTML, like Gecko; compatible; GPTBot/1.3; +https://openai.com/gptbot)"
74.7.227.43 - - [14/Mar/2026:00:36:13 +0000] "GET /whsy.php?p=%2Fvar%2Fsoftaculous%2Fflot%2Fphp71%2F.. HTTP/1.1" 200 826 "http://www.shakcoin.com.lab2454.com/whsy.php?p=%2Fvar%2Fsoftaculous%2Fflot%2Fphp71" "Mozilla/5.0 AppleWebKit/537.36 (KHTML, like Gecko; compatible; GPTBot/1.3; +https://openai.com/gptbot)"
74.7.241.26 - - [14/Mar/2026:00:36:18 +0000] "GET /whsy.php?p=%2Fproc%2F11328%2Ftask%2F11328 HTTP/1.1" 200 1794 "http://www.shakcoin.com/whsy.php?p=%2Fproc%2F11328%2Ftask" "Mozilla/5.0 AppleWebKit/537.36 (KHTML, like Gecko; compatible; GPTBot/1.3; +https://openai.com/gptbot)"
74.7.227.31 - - [14/Mar/2026:00:36:18 +0000] "GET /whsy.php?e=root&p=%2Fproc%2F31028 HTTP/1.1" 200 1935 "http://shakcoin.com.lab2454.com/whsy.php?p=%2Fproc%2F31028" "Mozilla/5.0 AppleWebKit/537.36 (KHTML, like Gecko; compatible; GPTBot/1.3; +https://openai.com/gptbot)"
74.7.241.26 - - [14/Mar/2026:00:36:25 +0000] "GET /whsy.php?p=%2Fproc%2F18011%2Ftask%2F18011 HTTP/1.1" 200 1794 "http://www.shakcoin.com/whsy.php?p=%2Fproc%2F18011%2Ftask" "Mozilla/5.0 AppleWebKit/537.36 (KHTML, like Gecko; compatible; GPTBot/1.3; +https://openai.com/gptbot)"
74.7.227.31 - - [14/Mar/2026:00:36:25 +0000] "GET /whsy.php?e=maps&p=%2Fproc%2F31030 HTTP/1.1" 200 2118 "http://shakcoin.com.lab2454.com/whsy.php?p=%2Fproc%2F31030" "Mozilla/5.0 AppleWebKit/537.36 (KHTML, like Gecko; compatible; GPTBot/1.3; +https://openai.com/gptbot)"
74.7.241.26 - - [14/Mar/2026:00:36:32 +0000] "GET /whsy.php?p=%2Fproc%2F31030%2Ftask%2F31030 HTTP/1.1" 200 1795 "http://www.shakcoin.com/whsy.php?p=%2Fproc%2F31030%2Ftask" "Mozilla/5.0 AppleWebKit/537.36 (KHTML, like Gecko; compatible; GPTBot/1.3; +https://openai.com/gptbot)"
74.7.227.31 - - [14/Mar/2026:00:36:32 +0000] "GET /whsy.php?e=root&p=%2Fproc%2F14289 HTTP/1.1" 200 1936 "http://shakcoin.com.lab2454.com/whsy.php?p=%2Fproc%2F14289" "Mozilla/5.0 AppleWebKit/537.36 (KHTML, like Gecko; compatible; GPTBot/1.3; +https://openai.com/gptbot)"
74.7.227.43 - - [14/Mar/2026:00:36:35 +0000] "GET /whsy.php?p=%2Fvar%2Fsoftaculous%2Fossn%2Fphp71%2F.. HTTP/1.1" 200 1259 "http://www.shakcoin.com.lab2454.com/whsy.php?p=%2Fvar%2Fsoftaculous%2Fossn%2Fphp71" "Mozilla/5.0 AppleWebKit/537.36 (KHTML, like Gecko; compatible; GPTBot/1.3; +https://openai.com/gptbot)"
74.7.241.26 - - [14/Mar/2026:00:36:40 +0000] "GET /whsy.php?p=%2Fproc%2F28849%2Ftask%2F28849 HTTP/1.1" 200 1795 "http://www.shakcoin.com/whsy.php?p=%2Fproc%2F28849%2Ftask" "Mozilla/5.0 AppleWebKit/537.36 (KHTML, like Gecko; compatible; GPTBot/1.3; +https://openai.com/gptbot)"
74.7.227.31 - - [14/Mar/2026:00:36:40 +0000] "GET /whsy.php?e=personality&p=%2Fproc%2F31030 HTTP/1.1" 200 1936 "http://shakcoin.com.lab2454.com/whsy.php?p=%2Fproc%2F31030" "Mozilla/5.0 AppleWebKit/537.36 (KHTML, like Gecko; compatible; GPTBot/1.3; +https://openai.com/gptbot)"
74.7.241.26 - - [14/Mar/2026:00:36:47 +0000] "GET /whsy.php?p=%2Fproc%2F11891%2Ftask%2F11891 HTTP/1.1" 200 1794 "http://www.shakcoin.com/whsy.php?p=%2Fproc%2F11891%2Ftask" "Mozilla/5.0 AppleWebKit/537.36 (KHTML, like Gecko; compatible; GPTBot/1.3; +https://openai.com/gptbot)"
74.7.227.31 - - [14/Mar/2026:00:36:47 +0000] "GET /whsy.php?e=oom_score_adj&p=%2Fproc%2F31028 HTTP/1.1" 200 2007 "http://shakcoin.com.lab2454.com/whsy.php?p=%2Fproc%2F31028" "Mozilla/5.0 AppleWebKit/537.36 (KHTML, like Gecko; compatible; GPTBot/1.3; +https://openai.com/gptbot)"
74.7.241.26 - - [14/Mar/2026:00:36:54 +0000] "GET /whsy.php?p=%2Fproc%2F11237%2Ftask%2F11237 HTTP/1.1" 200 1794 "http://www.shakcoin.com/whsy.php?p=%2Fproc%2F11237%2Ftask" "Mozilla/5.0 AppleWebKit/537.36 (KHTML, like Gecko; compatible; GPTBot/1.3; +https://openai.com/gptbot)"
74.7.227.31 - - [14/Mar/2026:00:36:54 +0000] "GET /whsy.php?e=oom_score_adj&p=%2Fproc%2F14289 HTTP/1.1" 200 2008 "http://shakcoin.com.lab2454.com/whsy.php?p=%2Fproc%2F14289" "Mozilla/5.0 AppleWebKit/537.36 (KHTML, like Gecko; compatible; GPTBot/1.3; +https://openai.com/gptbot)"
74.7.227.43 - - [14/Mar/2026:00:36:57 +0000] "GET /whsy.php?e=install.php&p=%2Fvar%2Fsoftaculous%2Fflat%2Fphp71 HTTP/1.1" 200 6064 "http://www.shakcoin.com.lab2454.com/whsy.php?p=%2Fvar%2Fsoftaculous%2Fflat%2Fphp71" "Mozilla/5.0 AppleWebKit/537.36 (KHTML, like Gecko; compatible; GPTBot/1.3; +https://openai.com/gptbot)"
