74.7.243.240 - - [13/Mar/2026:19:51:07 +0000] "GET /category/161910086 HTTP/1.1" 200 27043 "http://elementalmill.com.lab2454.com/shopping/products/1619714444" "Mozilla/5.0 AppleWebKit/537.36 (KHTML, like Gecko; compatible; GPTBot/1.3; +https://openai.com/gptbot)"
74.7.227.40 - - [13/Mar/2026:19:51:14 +0000] "GET /shop/pg/47686 HTTP/1.1" 200 24389 "http://mail.elementalmill.com/shop/pg/46625" "Mozilla/5.0 AppleWebKit/537.36 (KHTML, like Gecko; compatible; GPTBot/1.3; +https://openai.com/gptbot)"
74.7.243.240 - - [13/Mar/2026:19:51:15 +0000] "GET /shopping/products/16222226669 HTTP/1.1" 200 25742 "http://elementalmill.com.lab2454.com/shopping/products/16222221335" "Mozilla/5.0 AppleWebKit/537.36 (KHTML, like Gecko; compatible; GPTBot/1.3; +https://openai.com/gptbot)"
74.7.227.40 - - [13/Mar/2026:19:51:22 +0000] "GET /shop/pg/92766 HTTP/1.1" 200 24590 "http://mail.elementalmill.com/shop/pg/91710" "Mozilla/5.0 AppleWebKit/537.36 (KHTML, like Gecko; compatible; GPTBot/1.3; +https://openai.com/gptbot)"
74.7.243.240 - - [13/Mar/2026:19:51:23 +0000] "GET /shopping/products/1618222244 HTTP/1.1" 200 24967 "http://elementalmill.com.lab2454.com/shopping/products/16222224657" "Mozilla/5.0 AppleWebKit/537.36 (KHTML, like Gecko; compatible; GPTBot/1.3; +https://openai.com/gptbot)"
74.7.227.40 - - [13/Mar/2026:19:51:30 +0000] "GET /shop/pg/57177 HTTP/1.1" 200 25159 "http://mail.elementalmill.com/shop/pg/56118" "Mozilla/5.0 AppleWebKit/537.36 (KHTML, like Gecko; compatible; GPTBot/1.3; +https://openai.com/gptbot)"
74.7.243.240 - - [13/Mar/2026:19:51:31 +0000] "GET /shopping/products/16222226539 HTTP/1.1" 200 25356 "http://elementalmill.com.lab2454.com/shopping/products/16222223872" "Mozilla/5.0 AppleWebKit/537.36 (KHTML, like Gecko; compatible; GPTBot/1.3; +https://openai.com/gptbot)"
74.7.227.40 - - [13/Mar/2026:19:51:38 +0000] "GET /shop/pg/59694 HTTP/1.1" 200 24959 "http://mail.elementalmill.com/shop/pg/58632" "Mozilla/5.0 AppleWebKit/537.36 (KHTML, like Gecko; compatible; GPTBot/1.3; +https://openai.com/gptbot)"
74.7.243.240 - - [13/Mar/2026:19:51:39 +0000] "GET /shopping/products/16222223800 HTTP/1.1" 200 24931 "http://elementalmill.com.lab2454.com/shopping/products/16222221133" "Mozilla/5.0 AppleWebKit/537.36 (KHTML, like Gecko; compatible; GPTBot/1.3; +https://openai.com/gptbot)"
85.208.96.202 - - [13/Mar/2026:19:51:46 +0000] "GET /shop/pg/1618154521 HTTP/1.1" 200 24521 "-" "Mozilla/5.0 (compatible; SemrushBot/7~bl; +http://www.semrush.com/bot.html)"
85.208.96.200 - - [13/Mar/2026:19:51:48 +0000] "GET /shop/pg/634074 HTTP/1.1" 200 24908 "-" "Mozilla/5.0 (compatible; SemrushBot/7~bl; +http://www.semrush.com/bot.html)"
74.7.227.40 - - [13/Mar/2026:19:51:49 +0000] "GET /shop/pg/54124 HTTP/1.1" 200 24924 "http://mail.elementalmill.com/shop/pg/53066" "Mozilla/5.0 AppleWebKit/537.36 (KHTML, like Gecko; compatible; GPTBot/1.3; +https://openai.com/gptbot)"
74.7.243.240 - - [13/Mar/2026:19:51:50 +0000] "GET /shopping/products/16222225161 HTTP/1.1" 200 24649 "http://elementalmill.com.lab2454.com/shopping/products/1619999093" "Mozilla/5.0 AppleWebKit/537.36 (KHTML, like Gecko; compatible; GPTBot/1.3; +https://openai.com/gptbot)"
185.191.171.2 - - [13/Mar/2026:19:51:51 +0000] "GET /shop/pg/293527 HTTP/1.1" 200 24315 "-" "Mozilla/5.0 (compatible; SemrushBot/7~bl; +http://www.semrush.com/bot.html)"
74.7.227.40 - - [13/Mar/2026:19:52:00 +0000] "GET /shop/pg/60384 HTTP/1.1" 200 24475 "http://mail.elementalmill.com/shop/pg/59319" "Mozilla/5.0 AppleWebKit/537.36 (KHTML, like Gecko; compatible; GPTBot/1.3; +https://openai.com/gptbot)"
74.7.243.240 - - [13/Mar/2026:19:52:00 +0000] "GET /shopping/products/16222226660 HTTP/1.1" 200 26183 "http://elementalmill.com.lab2454.com/shopping/products/16222223993" "Mozilla/5.0 AppleWebKit/537.36 (KHTML, like Gecko; compatible; GPTBot/1.3; +https://openai.com/gptbot)"
185.191.171.13 - - [13/Mar/2026:19:52:02 +0000] "GET /shop/pg/1618451544 HTTP/1.1" 200 25539 "-" "Mozilla/5.0 (compatible; SemrushBot/7~bl; +http://www.semrush.com/bot.html)"
57.141.20.44 - - [13/Mar/2026:19:52:05 +0000] "GET /shopping/products/16204061267 HTTP/1.1" 500 2431 "-" "meta-externalagent/1.1 (+https://developers.facebook.com/docs/sharing/webmasters/crawler)"
74.7.227.40 - - [13/Mar/2026:19:52:09 +0000] "GET /shop/pg/77145 HTTP/1.1" 200 25799 "http://mail.elementalmill.com/shop/pg/76083" "Mozilla/5.0 AppleWebKit/537.36 (KHTML, like Gecko; compatible; GPTBot/1.3; +https://openai.com/gptbot)"
74.7.243.240 - - [13/Mar/2026:19:52:10 +0000] "GET /shopping/products/16222225811 HTTP/1.1" 200 26390 "http://elementalmill.com.lab2454.com/shopping/products/16222220477" "Mozilla/5.0 AppleWebKit/537.36 (KHTML, like Gecko; compatible; GPTBot/1.3; +https://openai.com/gptbot)"
85.208.96.198 - - [13/Mar/2026:19:52:11 +0000] "GET /shop/pg/1742610 HTTP/1.1" 200 25272 "-" "Mozilla/5.0 (compatible; SemrushBot/7~bl; +http://www.semrush.com/bot.html)"
74.7.227.40 - - [13/Mar/2026:19:52:17 +0000] "GET /shop/pg/95392 HTTP/1.1" 200 25043 "http://mail.elementalmill.com/shop/pg/94328" "Mozilla/5.0 AppleWebKit/537.36 (KHTML, like Gecko; compatible; GPTBot/1.3; +https://openai.com/gptbot)"
74.7.243.240 - - [13/Mar/2026:19:52:18 +0000] "GET /shopping/products/16222221355 HTTP/1.1" 200 25716 "http://elementalmill.com.lab2454.com/shopping/products/16222229559" "Mozilla/5.0 AppleWebKit/537.36 (KHTML, like Gecko; compatible; GPTBot/1.3; +https://openai.com/gptbot)"
74.7.227.40 - - [13/Mar/2026:19:52:25 +0000] "GET /shop/pg/57273 HTTP/1.1" 200 24797 "http://mail.elementalmill.com/shop/pg/56220" "Mozilla/5.0 AppleWebKit/537.36 (KHTML, like Gecko; compatible; GPTBot/1.3; +https://openai.com/gptbot)"
74.7.243.240 - - [13/Mar/2026:19:52:26 +0000] "GET /shopping/products/16222002200 HTTP/1.1" 200 25672 "http://elementalmill.com.lab2454.com/shopping/products/16222221039" "Mozilla/5.0 AppleWebKit/537.36 (KHTML, like Gecko; compatible; GPTBot/1.3; +https://openai.com/gptbot)"
85.208.96.193 - - [13/Mar/2026:19:52:27 +0000] "GET /shop/pg/1618174999 HTTP/1.1" 200 24600 "-" "Mozilla/5.0 (compatible; SemrushBot/7~bl; +http://www.semrush.com/bot.html)"
74.7.227.40 - - [13/Mar/2026:19:52:33 +0000] "GET /shop/pg/99867 HTTP/1.1" 200 24348 "http://mail.elementalmill.com/shop/pg/98793" "Mozilla/5.0 AppleWebKit/537.36 (KHTML, like Gecko; compatible; GPTBot/1.3; +https://openai.com/gptbot)"
74.7.243.240 - - [13/Mar/2026:19:52:33 +0000] "GET /shopping/products/16222220800 HTTP/1.1" 200 25363 "http://elementalmill.com.lab2454.com/shopping/products/16222220607" "Mozilla/5.0 AppleWebKit/537.36 (KHTML, like Gecko; compatible; GPTBot/1.3; +https://openai.com/gptbot)"
85.208.96.202 - - [13/Mar/2026:19:52:39 +0000] "GET /shop/pg/143518 HTTP/1.1" 200 25334 "-" "Mozilla/5.0 (compatible; SemrushBot/7~bl; +http://www.semrush.com/bot.html)"
74.7.227.40 - - [13/Mar/2026:19:52:41 +0000] "GET /shop/pg/92960 HTTP/1.1" 200 24275 "http://mail.elementalmill.com/shop/pg/91888" "Mozilla/5.0 AppleWebKit/537.36 (KHTML, like Gecko; compatible; GPTBot/1.3; +https://openai.com/gptbot)"
74.7.243.240 - - [13/Mar/2026:19:52:42 +0000] "GET /shopping/products/1619522226 HTTP/1.1" 200 24357 "http://elementalmill.com.lab2454.com/category/161910086" "Mozilla/5.0 AppleWebKit/537.36 (KHTML, like Gecko; compatible; GPTBot/1.3; +https://openai.com/gptbot)"
74.7.227.40 - - [13/Mar/2026:19:52:49 +0000] "GET /shop/pg/48755 HTTP/1.1" 200 24942 "http://mail.elementalmill.com/shop/pg/47686" "Mozilla/5.0 AppleWebKit/537.36 (KHTML, like Gecko; compatible; GPTBot/1.3; +https://openai.com/gptbot)"
74.7.243.240 - - [13/Mar/2026:19:52:50 +0000] "GET /shopping/products/16222226978 HTTP/1.1" 200 24646 "http://elementalmill.com.lab2454.com/shopping/products/16222221644" "Mozilla/5.0 AppleWebKit/537.36 (KHTML, like Gecko; compatible; GPTBot/1.3; +https://openai.com/gptbot)"
85.208.96.205 - - [13/Mar/2026:19:52:56 +0000] "GET /shop/pg/1032077 HTTP/1.1" 200 24689 "-" "Mozilla/5.0 (compatible; SemrushBot/7~bl; +http://www.semrush.com/bot.html)"
74.7.227.40 - - [13/Mar/2026:19:52:57 +0000] "GET /shop/pg/93834 HTTP/1.1" 200 24741 "http://mail.elementalmill.com/shop/pg/92766" "Mozilla/5.0 AppleWebKit/537.36 (KHTML, like Gecko; compatible; GPTBot/1.3; +https://openai.com/gptbot)"
74.7.243.240 - - [13/Mar/2026:19:52:58 +0000] "GET /shopping/products/16222224212 HTTP/1.1" 200 25306 "http://elementalmill.com.lab2454.com/shopping/products/16222221545" "Mozilla/5.0 AppleWebKit/537.36 (KHTML, like Gecko; compatible; GPTBot/1.3; +https://openai.com/gptbot)"
185.191.171.18 - - [13/Mar/2026:19:53:02 +0000] "GET /shop/pg/933525 HTTP/1.1" 200 24536 "-" "Mozilla/5.0 (compatible; SemrushBot/7~bl; +http://www.semrush.com/bot.html)"
74.7.227.40 - - [13/Mar/2026:19:53:06 +0000] "GET /shop/pg/58242 HTTP/1.1" 200 24193 "http://mail.elementalmill.com/shop/pg/57177" "Mozilla/5.0 AppleWebKit/537.36 (KHTML, like Gecko; compatible; GPTBot/1.3; +https://openai.com/gptbot)"
85.208.96.208 - - [13/Mar/2026:19:53:06 +0000] "GET /shop/pg/1677206 HTTP/1.1" 200 25646 "-" "Mozilla/5.0 (compatible; SemrushBot/7~bl; +http://www.semrush.com/bot.html)"
74.7.243.240 - - [13/Mar/2026:19:53:06 +0000] "GET /shopping/products/16222224641 HTTP/1.1" 200 25217 "http://elementalmill.com.lab2454.com/shopping/products/16211770191" "Mozilla/5.0 AppleWebKit/537.36 (KHTML, like Gecko; compatible; GPTBot/1.3; +https://openai.com/gptbot)"
57.141.20.25 - - [13/Mar/2026:19:53:12 +0000] "GET /shopping/products/16227596577 HTTP/1.1" 500 2431 "-" "meta-externalagent/1.1 (+https://developers.facebook.com/docs/sharing/webmasters/crawler)"
74.7.227.40 - - [13/Mar/2026:19:53:14 +0000] "GET /shop/pg/60765 HTTP/1.1" 200 24578 "http://mail.elementalmill.com/shop/pg/59694" "Mozilla/5.0 AppleWebKit/537.36 (KHTML, like Gecko; compatible; GPTBot/1.3; +https://openai.com/gptbot)"
74.7.243.240 - - [13/Mar/2026:19:53:14 +0000] "GET /shopping/products/16222229153 HTTP/1.1" 200 26493 "http://elementalmill.com.lab2454.com/shopping/products/16232615166" "Mozilla/5.0 AppleWebKit/537.36 (KHTML, like Gecko; compatible; GPTBot/1.3; +https://openai.com/gptbot)"
74.7.227.40 - - [13/Mar/2026:19:53:22 +0000] "GET /shop/pg/55178 HTTP/1.1" 200 24078 "http://mail.elementalmill.com/shop/pg/54124" "Mozilla/5.0 AppleWebKit/537.36 (KHTML, like Gecko; compatible; GPTBot/1.3; +https://openai.com/gptbot)"
74.7.243.240 - - [13/Mar/2026:19:53:22 +0000] "GET /shopping/products/16222162271 HTTP/1.1" 200 25392 "http://elementalmill.com.lab2454.com/shopping/products/1619999134" "Mozilla/5.0 AppleWebKit/537.36 (KHTML, like Gecko; compatible; GPTBot/1.3; +https://openai.com/gptbot)"
185.191.171.10 - - [13/Mar/2026:19:53:25 +0000] "GET /shop/pg/912055 HTTP/1.1" 200 25308 "-" "Mozilla/5.0 (compatible; SemrushBot/7~bl; +http://www.semrush.com/bot.html)"
74.7.227.40 - - [13/Mar/2026:19:53:29 +0000] "GET /shop/pg/61443 HTTP/1.1" 200 24263 "http://mail.elementalmill.com/shop/pg/60384" "Mozilla/5.0 AppleWebKit/537.36 (KHTML, like Gecko; compatible; GPTBot/1.3; +https://openai.com/gptbot)"
74.7.243.240 - - [13/Mar/2026:19:53:30 +0000] "GET /shopping/products/16222224284 HTTP/1.1" 200 25014 "http://elementalmill.com.lab2454.com/shopping/products/1618161118" "Mozilla/5.0 AppleWebKit/537.36 (KHTML, like Gecko; compatible; GPTBot/1.3; +https://openai.com/gptbot)"
185.191.171.14 - - [13/Mar/2026:19:53:34 +0000] "GET /shop/pg/1618433214 HTTP/1.1" 200 24592 "-" "Mozilla/5.0 (compatible; SemrushBot/7~bl; +http://www.semrush.com/bot.html)"
74.7.227.40 - - [13/Mar/2026:19:53:37 +0000] "GET /shop/pg/78207 HTTP/1.1" 200 24294 "http://mail.elementalmill.com/shop/pg/77145" "Mozilla/5.0 AppleWebKit/537.36 (KHTML, like Gecko; compatible; GPTBot/1.3; +https://openai.com/gptbot)"
74.7.243.240 - - [13/Mar/2026:19:53:37 +0000] "GET /shopping/products/16222225343 HTTP/1.1" 200 26116 "http://elementalmill.com.lab2454.com/shopping/products/16222225811" "Mozilla/5.0 AppleWebKit/537.36 (KHTML, like Gecko; compatible; GPTBot/1.3; +https://openai.com/gptbot)"
74.7.227.40 - - [13/Mar/2026:19:53:45 +0000] "GET /shop/pg/62220 HTTP/1.1" 200 25308 "http://mail.elementalmill.com/shop/pg/61164" "Mozilla/5.0 AppleWebKit/537.36 (KHTML, like Gecko; compatible; GPTBot/1.3; +https://openai.com/gptbot)"
74.7.243.240 - - [13/Mar/2026:19:53:46 +0000] "GET /shopping/products/16222227711 HTTP/1.1" 200 26338 "http://elementalmill.com.lab2454.com/shopping/products/16222224210" "Mozilla/5.0 AppleWebKit/537.36 (KHTML, like Gecko; compatible; GPTBot/1.3; +https://openai.com/gptbot)"
85.208.96.193 - - [13/Mar/2026:19:53:52 +0000] "GET /shop/pg/495170 HTTP/1.1" 200 24639 "-" "Mozilla/5.0 (compatible; SemrushBot/7~bl; +http://www.semrush.com/bot.html)"
74.7.227.40 - - [13/Mar/2026:19:53:57 +0000] "GET /shop/pg/58335 HTTP/1.1" 200 24900 "http://mail.elementalmill.com/shop/pg/57273" "Mozilla/5.0 AppleWebKit/537.36 (KHTML, like Gecko; compatible; GPTBot/1.3; +https://openai.com/gptbot)"
74.7.243.240 - - [13/Mar/2026:19:53:57 +0000] "GET /shopping/products/1618444400 HTTP/1.1" 200 24872 "http://elementalmill.com.lab2454.com/shopping/products/16222002200" "Mozilla/5.0 AppleWebKit/537.36 (KHTML, like Gecko; compatible; GPTBot/1.3; +https://openai.com/gptbot)"
185.191.171.1 - - [13/Mar/2026:19:54:03 +0000] "GET /shop/pg/1618332472 HTTP/1.1" 200 24465 "-" "Mozilla/5.0 (compatible; SemrushBot/7~bl; +http://www.semrush.com/bot.html)"
74.7.227.40 - - [13/Mar/2026:19:54:07 +0000] "GET /shop/pg/55510 HTTP/1.1" 200 24999 "http://mail.elementalmill.com/shop/pg/54452" "Mozilla/5.0 AppleWebKit/537.36 (KHTML, like Gecko; compatible; GPTBot/1.3; +https://openai.com/gptbot)"
74.7.243.240 - - [13/Mar/2026:19:54:08 +0000] "GET /shopping/products/16222228801 HTTP/1.1" 200 25909 "http://elementalmill.com.lab2454.com/shopping/products/16222220800" "Mozilla/5.0 AppleWebKit/537.36 (KHTML, like Gecko; compatible; GPTBot/1.3; +https://openai.com/gptbot)"
185.191.171.6 - - [13/Mar/2026:19:54:09 +0000] "GET /shop/pg/2047311 HTTP/1.1" 200 24993 "-" "Mozilla/5.0 (compatible; SemrushBot/7~bl; +http://www.semrush.com/bot.html)"
85.208.96.200 - - [13/Mar/2026:19:54:11 +0000] "GET /shop/pg/1618194976 HTTP/1.1" 200 24789 "-" "Mozilla/5.0 (compatible; SemrushBot/7~bl; +http://www.semrush.com/bot.html)"
185.191.171.7 - - [13/Mar/2026:19:54:13 +0000] "GET /shop/pg/865575 HTTP/1.1" 200 24634 "-" "Mozilla/5.0 (compatible; SemrushBot/7~bl; +http://www.semrush.com/bot.html)"
74.7.227.40 - - [13/Mar/2026:19:54:16 +0000] "GET /shop/pg/94024 HTTP/1.1" 200 24615 "http://mail.elementalmill.com/shop/pg/92960" "Mozilla/5.0 AppleWebKit/537.36 (KHTML, like Gecko; compatible; GPTBot/1.3; +https://openai.com/gptbot)"
74.7.243.240 - - [13/Mar/2026:19:54:16 +0000] "GET /shopping/products/1619522225 HTTP/1.1" 200 24955 "http://elementalmill.com.lab2454.com/shopping/products/1619522226" "Mozilla/5.0 AppleWebKit/537.36 (KHTML, like Gecko; compatible; GPTBot/1.3; +https://openai.com/gptbot)"
57.141.20.18 - - [13/Mar/2026:19:54:19 +0000] "GET /shopping/products/16201159197 HTTP/1.1" 500 2431 "-" "meta-externalagent/1.1 (+https://developers.facebook.com/docs/sharing/webmasters/crawler)"
74.7.227.40 - - [13/Mar/2026:19:54:23 +0000] "GET /shop/pg/49822 HTTP/1.1" 200 24641 "http://mail.elementalmill.com/shop/pg/48755" "Mozilla/5.0 AppleWebKit/537.36 (KHTML, like Gecko; compatible; GPTBot/1.3; +https://openai.com/gptbot)"
74.7.243.240 - - [13/Mar/2026:19:54:23 +0000] "GET /shopping/products/16222226134 HTTP/1.1" 200 25472 "http://elementalmill.com.lab2454.com/shopping/products/16222220800" "Mozilla/5.0 AppleWebKit/537.36 (KHTML, like Gecko; compatible; GPTBot/1.3; +https://openai.com/gptbot)"
74.7.227.40 - - [13/Mar/2026:19:54:31 +0000] "GET /shop/pg/94899 HTTP/1.1" 200 24861 "http://mail.elementalmill.com/shop/pg/93834" "Mozilla/5.0 AppleWebKit/537.36 (KHTML, like Gecko; compatible; GPTBot/1.3; +https://openai.com/gptbot)"
74.7.243.240 - - [13/Mar/2026:19:54:31 +0000] "GET /shopping/products/16222223467 HTTP/1.1" 200 25168 "http://elementalmill.com.lab2454.com/shopping/products/16222220800" "Mozilla/5.0 AppleWebKit/537.36 (KHTML, like Gecko; compatible; GPTBot/1.3; +https://openai.com/gptbot)"
74.7.227.40 - - [13/Mar/2026:19:54:39 +0000] "GET /shop/pg/59301 HTTP/1.1" 200 25569 "http://mail.elementalmill.com/shop/pg/58242" "Mozilla/5.0 AppleWebKit/537.36 (KHTML, like Gecko; compatible; GPTBot/1.3; +https://openai.com/gptbot)"
74.7.243.240 - - [13/Mar/2026:19:54:39 +0000] "GET /shopping/products/16222223447 HTTP/1.1" 200 25462 "http://elementalmill.com.lab2454.com/shopping/products/16222220780" "Mozilla/5.0 AppleWebKit/537.36 (KHTML, like Gecko; compatible; GPTBot/1.3; +https://openai.com/gptbot)"
74.7.227.40 - - [13/Mar/2026:19:54:48 +0000] "GET /shop/pg/61827 HTTP/1.1" 200 24201 "http://mail.elementalmill.com/shop/pg/60765" "Mozilla/5.0 AppleWebKit/537.36 (KHTML, like Gecko; compatible; GPTBot/1.3; +https://openai.com/gptbot)"
74.7.243.240 - - [13/Mar/2026:19:54:48 +0000] "GET /shopping/products/16222220664 HTTP/1.1" 200 25012 "http://elementalmill.com.lab2454.com/shopping/products/16222229153" "Mozilla/5.0 AppleWebKit/537.36 (KHTML, like Gecko; compatible; GPTBot/1.3; +https://openai.com/gptbot)"
85.208.96.200 - - [13/Mar/2026:19:54:51 +0000] "GET /shop/pg/2088954 HTTP/1.1" 200 25107 "-" "Mozilla/5.0 (compatible; SemrushBot/7~bl; +http://www.semrush.com/bot.html)"
74.7.227.40 - - [13/Mar/2026:19:54:57 +0000] "GET /shop/pg/56242 HTTP/1.1" 200 24501 "http://mail.elementalmill.com/shop/pg/55178" "Mozilla/5.0 AppleWebKit/537.36 (KHTML, like Gecko; compatible; GPTBot/1.3; +https://openai.com/gptbot)"
74.7.243.240 - - [13/Mar/2026:19:54:57 +0000] "GET /shopping/products/16222226239 HTTP/1.1" 200 24767 "http://elementalmill.com.lab2454.com/shopping/products/16222220905" "Mozilla/5.0 AppleWebKit/537.36 (KHTML, like Gecko; compatible; GPTBot/1.3; +https://openai.com/gptbot)"
185.191.171.16 - - [13/Mar/2026:19:55:03 +0000] "GET /shop/pg/1618290844 HTTP/1.1" 200 24252 "-" "Mozilla/5.0 (compatible; SemrushBot/7~bl; +http://www.semrush.com/bot.html)"
74.7.227.40 - - [13/Mar/2026:19:55:06 +0000] "GET /shop/pg/62499 HTTP/1.1" 200 24266 "http://mail.elementalmill.com/shop/pg/61443" "Mozilla/5.0 AppleWebKit/537.36 (KHTML, like Gecko; compatible; GPTBot/1.3; +https://openai.com/gptbot)"
74.7.243.240 - - [13/Mar/2026:19:55:06 +0000] "GET /shopping/products/1619888844 HTTP/1.1" 200 25122 "http://elementalmill.com.lab2454.com/shopping/products/16222224284" "Mozilla/5.0 AppleWebKit/537.36 (KHTML, like Gecko; compatible; GPTBot/1.3; +https://openai.com/gptbot)"
85.208.96.198 - - [13/Mar/2026:19:55:09 +0000] "GET /shop/pg/259936 HTTP/1.1" 200 24109 "-" "Mozilla/5.0 (compatible; SemrushBot/7~bl; +http://www.semrush.com/bot.html)"
74.7.227.40 - - [13/Mar/2026:19:55:16 +0000] "GET /shop/pg/79269 HTTP/1.1" 200 24519 "http://mail.elementalmill.com/shop/pg/78207" "Mozilla/5.0 AppleWebKit/537.36 (KHTML, like Gecko; compatible; GPTBot/1.3; +https://openai.com/gptbot)"
74.7.243.240 - - [13/Mar/2026:19:55:17 +0000] "GET /shopping/products/16222226951 HTTP/1.1" 200 25611 "http://elementalmill.com.lab2454.com/shopping/products/16222224284" "Mozilla/5.0 AppleWebKit/537.36 (KHTML, like Gecko; compatible; GPTBot/1.3; +https://openai.com/gptbot)"
74.7.227.40 - - [13/Mar/2026:19:55:25 +0000] "GET /shop/pg/63270 HTTP/1.1" 200 24375 "http://mail.elementalmill.com/shop/pg/62220" "Mozilla/5.0 AppleWebKit/537.36 (KHTML, like Gecko; compatible; GPTBot/1.3; +https://openai.com/gptbot)"
57.141.20.19 - - [13/Mar/2026:19:55:26 +0000] "GET /shopping/products/162112463486 HTTP/1.1" 500 2431 "-" "meta-externalagent/1.1 (+https://developers.facebook.com/docs/sharing/webmasters/crawler)"
74.7.243.240 - - [13/Mar/2026:19:55:25 +0000] "GET /shopping/products/16222229618 HTTP/1.1" 200 25383 "http://elementalmill.com.lab2454.com/shopping/products/16222224284" "Mozilla/5.0 AppleWebKit/537.36 (KHTML, like Gecko; compatible; GPTBot/1.3; +https://openai.com/gptbot)"
74.7.227.40 - - [13/Mar/2026:19:55:35 +0000] "GET /shop/pg/59397 HTTP/1.1" 200 25212 "http://mail.elementalmill.com/shop/pg/58335" "Mozilla/5.0 AppleWebKit/537.36 (KHTML, like Gecko; compatible; GPTBot/1.3; +https://openai.com/gptbot)"
74.7.243.240 - - [13/Mar/2026:19:55:36 +0000] "GET /shopping/products/16222227949 HTTP/1.1" 200 25038 "http://elementalmill.com.lab2454.com/shopping/products/16222225282" "Mozilla/5.0 AppleWebKit/537.36 (KHTML, like Gecko; compatible; GPTBot/1.3; +https://openai.com/gptbot)"
185.191.171.6 - - [13/Mar/2026:19:55:44 +0000] "GET /shop/pg/1619866805 HTTP/1.1" 200 24488 "-" "Mozilla/5.0 (compatible; SemrushBot/7~bl; +http://www.semrush.com/bot.html)"
74.7.227.40 - - [13/Mar/2026:19:55:45 +0000] "GET /shop/pg/56564 HTTP/1.1" 200 24169 "http://mail.elementalmill.com/shop/pg/55510" "Mozilla/5.0 AppleWebKit/537.36 (KHTML, like Gecko; compatible; GPTBot/1.3; +https://openai.com/gptbot)"
74.7.243.240 - - [13/Mar/2026:19:55:46 +0000] "GET /shopping/products/16222223071 HTTP/1.1" 200 24980 "http://elementalmill.com.lab2454.com/shopping/products/16222223354" "Mozilla/5.0 AppleWebKit/537.36 (KHTML, like Gecko; compatible; GPTBot/1.3; +https://openai.com/gptbot)"
85.208.96.198 - - [13/Mar/2026:19:55:47 +0000] "GET /shop/pg/16201121028 HTTP/1.1" 200 24995 "-" "Mozilla/5.0 (compatible; SemrushBot/7~bl; +http://www.semrush.com/bot.html)"
74.7.227.40 - - [13/Mar/2026:19:55:54 +0000] "GET /shop/pg/95081 HTTP/1.1" 200 24342 "http://mail.elementalmill.com/shop/pg/94024" "Mozilla/5.0 AppleWebKit/537.36 (KHTML, like Gecko; compatible; GPTBot/1.3; +https://openai.com/gptbot)"
85.208.96.205 - - [13/Mar/2026:19:55:57 +0000] "GET /shop/pg/1458169 HTTP/1.1" 200 24787 "-" "Mozilla/5.0 (compatible; SemrushBot/7~bl; +http://www.semrush.com/bot.html)"
74.7.243.240 - - [13/Mar/2026:19:55:58 +0000] "GET /shop/pg/1619527304 HTTP/1.1" 200 24991 "http://elementalmill.com.lab2454.com/shopping/products/1619522225" "Mozilla/5.0 AppleWebKit/537.36 (KHTML, like Gecko; compatible; GPTBot/1.3; +https://openai.com/gptbot)"
85.208.96.198 - - [13/Mar/2026:19:56:03 +0000] "GET /shop/pg/1619914127 HTTP/1.1" 200 25590 "-" "Mozilla/5.0 (compatible; SemrushBot/7~bl; +http://www.semrush.com/bot.html)"
74.7.227.40 - - [13/Mar/2026:19:56:08 +0000] "GET /shop/pg/50885 HTTP/1.1" 200 24293 "http://mail.elementalmill.com/shop/pg/49822" "Mozilla/5.0 AppleWebKit/537.36 (KHTML, like Gecko; compatible; GPTBot/1.3; +https://openai.com/gptbot)"
74.7.243.240 - - [13/Mar/2026:19:56:11 +0000] "GET /shopping/products/16222228917 HTTP/1.1" 200 24794 "http://elementalmill.com.lab2454.com/shopping/products/16222220916" "Mozilla/5.0 AppleWebKit/537.36 (KHTML, like Gecko; compatible; GPTBot/1.3; +https://openai.com/gptbot)"
74.7.227.40 - - [13/Mar/2026:19:56:20 +0000] "GET /shop/pg/95976 HTTP/1.1" 200 25197 "http://mail.elementalmill.com/shop/pg/94899" "Mozilla/5.0 AppleWebKit/537.36 (KHTML, like Gecko; compatible; GPTBot/1.3; +https://openai.com/gptbot)"
74.7.243.240 - - [13/Mar/2026:19:56:22 +0000] "GET /shopping/products/16222228019 HTTP/1.1" 200 25421 "http://elementalmill.com.lab2454.com/shopping/products/16222223467" "Mozilla/5.0 AppleWebKit/537.36 (KHTML, like Gecko; compatible; GPTBot/1.3; +https://openai.com/gptbot)"
74.7.227.40 - - [13/Mar/2026:19:56:28 +0000] "GET /shop/pg/60357 HTTP/1.1" 200 24208 "http://mail.elementalmill.com/shop/pg/59301" "Mozilla/5.0 AppleWebKit/537.36 (KHTML, like Gecko; compatible; GPTBot/1.3; +https://openai.com/gptbot)"
85.208.96.193 - - [13/Mar/2026:19:56:29 +0000] "GET /shop/pg/1457915 HTTP/1.1" 200 24961 "-" "Mozilla/5.0 (compatible; SemrushBot/7~bl; +http://www.semrush.com/bot.html)"
74.7.243.240 - - [13/Mar/2026:19:56:30 +0000] "GET /shopping/products/16222229896 HTTP/1.1" 200 24607 "http://elementalmill.com.lab2454.com/shopping/products/16211911778" "Mozilla/5.0 AppleWebKit/537.36 (KHTML, like Gecko; compatible; GPTBot/1.3; +https://openai.com/gptbot)"
57.141.20.17 - - [13/Mar/2026:19:56:32 +0000] "GET /shopping/products/1619988163 HTTP/1.1" 500 2431 "-" "meta-externalagent/1.1 (+https://developers.facebook.com/docs/sharing/webmasters/crawler)"
185.191.171.2 - - [13/Mar/2026:19:56:35 +0000] "GET /shop/pg/907595 HTTP/1.1" 200 24453 "-" "Mozilla/5.0 (compatible; SemrushBot/7~bl; +http://www.semrush.com/bot.html)"
74.7.227.40 - - [13/Mar/2026:19:56:36 +0000] "GET /shop/pg/62889 HTTP/1.1" 200 24238 "http://mail.elementalmill.com/shop/pg/61827" "Mozilla/5.0 AppleWebKit/537.36 (KHTML, like Gecko; compatible; GPTBot/1.3; +https://openai.com/gptbot)"
74.7.243.240 - - [13/Mar/2026:19:56:38 +0000] "GET /shopping/products/16222223331 HTTP/1.1" 200 26214 "http://elementalmill.com.lab2454.com/shopping/products/16222220664" "Mozilla/5.0 AppleWebKit/537.36 (KHTML, like Gecko; compatible; GPTBot/1.3; +https://openai.com/gptbot)"
74.7.227.40 - - [13/Mar/2026:19:56:44 +0000] "GET /shop/pg/57299 HTTP/1.1" 200 24458 "http://mail.elementalmill.com/shop/pg/56242" "Mozilla/5.0 AppleWebKit/537.36 (KHTML, like Gecko; compatible; GPTBot/1.3; +https://openai.com/gptbot)"
185.191.171.7 - - [13/Mar/2026:19:56:45 +0000] "GET /shop/pg/313021 HTTP/1.1" 200 24647 "-" "Mozilla/5.0 (compatible; SemrushBot/7~bl; +http://www.semrush.com/bot.html)"
74.7.243.240 - - [13/Mar/2026:19:56:47 +0000] "GET /shopping/products/1619655559 HTTP/1.1" 200 25151 "http://elementalmill.com.lab2454.com/shopping/products/16222226239" "Mozilla/5.0 AppleWebKit/537.36 (KHTML, like Gecko; compatible; GPTBot/1.3; +https://openai.com/gptbot)"
74.7.227.40 - - [13/Mar/2026:19:56:55 +0000] "GET /shop/pg/63567 HTTP/1.1" 200 24395 "http://mail.elementalmill.com/shop/pg/62499" "Mozilla/5.0 AppleWebKit/537.36 (KHTML, like Gecko; compatible; GPTBot/1.3; +https://openai.com/gptbot)"
185.191.171.13 - - [13/Mar/2026:19:56:56 +0000] "GET /shop/pg/1664252 HTTP/1.1" 200 24685 "-" "Mozilla/5.0 (compatible; SemrushBot/7~bl; +http://www.semrush.com/bot.html)"
74.7.243.240 - - [13/Mar/2026:19:56:58 +0000] "GET /shopping/products/16222225998 HTTP/1.1" 200 24542 "http://elementalmill.com.lab2454.com/shopping/products/16222220664" "Mozilla/5.0 AppleWebKit/537.36 (KHTML, like Gecko; compatible; GPTBot/1.3; +https://openai.com/gptbot)"
185.191.171.15 - - [13/Mar/2026:19:57:03 +0000] "GET /shop/pg/1381750 HTTP/1.1" 200 25536 "-" "Mozilla/5.0 (compatible; SemrushBot/7~bl; +http://www.semrush.com/bot.html)"
74.7.227.40 - - [13/Mar/2026:19:57:10 +0000] "GET /shop/pg/80340 HTTP/1.1" 200 24882 "http://mail.elementalmill.com/shop/pg/79269" "Mozilla/5.0 AppleWebKit/537.36 (KHTML, like Gecko; compatible; GPTBot/1.3; +https://openai.com/gptbot)"
74.7.243.240 - - [13/Mar/2026:19:57:14 +0000] "GET /shopping/products/16222221699 HTTP/1.1" 200 25289 "http://elementalmill.com.lab2454.com/shopping/products/16222223793" "Mozilla/5.0 AppleWebKit/537.36 (KHTML, like Gecko; compatible; GPTBot/1.3; +https://openai.com/gptbot)"
74.7.227.40 - - [13/Mar/2026:19:57:23 +0000] "GET /shop/pg/64326 HTTP/1.1" 200 24425 "http://mail.elementalmill.com/shop/pg/63270" "Mozilla/5.0 AppleWebKit/537.36 (KHTML, like Gecko; compatible; GPTBot/1.3; +https://openai.com/gptbot)"
85.208.96.205 - - [13/Mar/2026:19:57:25 +0000] "GET /shop/pg/1618330059 HTTP/1.1" 200 24497 "-" "Mozilla/5.0 (compatible; SemrushBot/7~bl; +http://www.semrush.com/bot.html)"
74.7.243.240 - - [13/Mar/2026:19:57:26 +0000] "GET /shopping/products/16222223685 HTTP/1.1" 200 25368 "http://elementalmill.com.lab2454.com/shopping/products/16222221538" "Mozilla/5.0 AppleWebKit/537.36 (KHTML, like Gecko; compatible; GPTBot/1.3; +https://openai.com/gptbot)"
185.191.171.10 - - [13/Mar/2026:19:57:27 +0000] "GET /shop/pg/1645537 HTTP/1.1" 200 25685 "-" "Mozilla/5.0 (compatible; SemrushBot/7~bl; +http://www.semrush.com/bot.html)"
185.191.171.13 - - [13/Mar/2026:19:57:33 +0000] "GET /shop/pg/563243 HTTP/1.1" 200 24573 "-" "Mozilla/5.0 (compatible; SemrushBot/7~bl; +http://www.semrush.com/bot.html)"
74.7.227.40 - - [13/Mar/2026:19:57:33 +0000] "GET /shop/pg/60468 HTTP/1.1" 200 24454 "http://mail.elementalmill.com/shop/pg/59397" "Mozilla/5.0 AppleWebKit/537.36 (KHTML, like Gecko; compatible; GPTBot/1.3; +https://openai.com/gptbot)"
74.7.243.240 - - [13/Mar/2026:19:57:37 +0000] "GET /shopping/products/1619555596 HTTP/1.1" 200 24642 "http://elementalmill.com.lab2454.com/shopping/products/16222227949" "Mozilla/5.0 AppleWebKit/537.36 (KHTML, like Gecko; compatible; GPTBot/1.3; +https://openai.com/gptbot)"
57.141.20.24 - - [13/Mar/2026:19:57:39 +0000] "GET /shopping/products/16201130807 HTTP/1.1" 500 2431 "-" "meta-externalagent/1.1 (+https://developers.facebook.com/docs/sharing/webmasters/crawler)"
74.7.227.40 - - [13/Mar/2026:19:57:43 +0000] "GET /shop/pg/57628 HTTP/1.1" 200 24543 "http://mail.elementalmill.com/shop/pg/56564" "Mozilla/5.0 AppleWebKit/537.36 (KHTML, like Gecko; compatible; GPTBot/1.3; +https://openai.com/gptbot)"
74.7.243.240 - - [13/Mar/2026:19:57:47 +0000] "GET /shopping/products/16222225997 HTTP/1.1" 200 25124 "http://elementalmill.com.lab2454.com/shopping/products/1619999813" "Mozilla/5.0 AppleWebKit/537.36 (KHTML, like Gecko; compatible; GPTBot/1.3; +https://openai.com/gptbot)"
74.7.227.40 - - [13/Mar/2026:19:57:52 +0000] "GET /shop/pg/96142 HTTP/1.1" 200 25682 "http://mail.elementalmill.com/shop/pg/95081" "Mozilla/5.0 AppleWebKit/537.36 (KHTML, like Gecko; compatible; GPTBot/1.3; +https://openai.com/gptbot)"
85.208.96.209 - - [13/Mar/2026:19:57:53 +0000] "GET /shop/pg/1619929619 HTTP/1.1" 200 25245 "-" "Mozilla/5.0 (compatible; SemrushBot/7~bl; +http://www.semrush.com/bot.html)"
74.7.243.240 - - [13/Mar/2026:19:57:55 +0000] "GET /shopping/products/16222220501 HTTP/1.1" 200 25365 "http://elementalmill.com.lab2454.com/shop/pg/1619527304" "Mozilla/5.0 AppleWebKit/537.36 (KHTML, like Gecko; compatible; GPTBot/1.3; +https://openai.com/gptbot)"
74.7.227.40 - - [13/Mar/2026:19:58:01 +0000] "GET /shop/pg/51949 HTTP/1.1" 200 24831 "http://mail.elementalmill.com/shop/pg/50885" "Mozilla/5.0 AppleWebKit/537.36 (KHTML, like Gecko; compatible; GPTBot/1.3; +https://openai.com/gptbot)"
185.191.171.11 - - [13/Mar/2026:19:58:04 +0000] "GET /shop/pg/1224541 HTTP/1.1" 200 24844 "-" "Mozilla/5.0 (compatible; SemrushBot/7~bl; +http://www.semrush.com/bot.html)"
74.7.243.240 - - [13/Mar/2026:19:58:06 +0000] "GET /shopping/products/16222416226 HTTP/1.1" 200 25990 "http://elementalmill.com.lab2454.com/shopping/products/16222223347" "Mozilla/5.0 AppleWebKit/537.36 (KHTML, like Gecko; compatible; GPTBot/1.3; +https://openai.com/gptbot)"
85.208.96.201 - - [13/Mar/2026:19:58:09 +0000] "GET /shop/pg/1618201945 HTTP/1.1" 200 24989 "-" "Mozilla/5.0 (compatible; SemrushBot/7~bl; +http://www.semrush.com/bot.html)"
74.7.227.40 - - [13/Mar/2026:19:58:14 +0000] "GET /shop/pg/97050 HTTP/1.1" 200 24977 "http://mail.elementalmill.com/shop/pg/95976" "Mozilla/5.0 AppleWebKit/537.36 (KHTML, like Gecko; compatible; GPTBot/1.3; +https://openai.com/gptbot)"
185.191.171.14 - - [13/Mar/2026:19:58:16 +0000] "GET /shop/pg/925582 HTTP/1.1" 200 24450 "-" "Mozilla/5.0 (compatible; SemrushBot/7~bl; +http://www.semrush.com/bot.html)"
85.208.96.193 - - [13/Mar/2026:19:58:20 +0000] "GET /shop/pg/1618280509 HTTP/1.1" 200 24475 "-" "Mozilla/5.0 (compatible; SemrushBot/7~bl; +http://www.semrush.com/bot.html)"
74.7.243.240 - - [13/Mar/2026:19:58:20 +0000] "GET /shopping/products/16222229494 HTTP/1.1" 200 25081 "http://elementalmill.com.lab2454.com/shopping/products/16222224160" "Mozilla/5.0 AppleWebKit/537.36 (KHTML, like Gecko; compatible; GPTBot/1.3; +https://openai.com/gptbot)"
74.7.227.40 - - [13/Mar/2026:19:58:26 +0000] "GET /shop/pg/61416 HTTP/1.1" 200 24566 "http://mail.elementalmill.com/shop/pg/60357" "Mozilla/5.0 AppleWebKit/537.36 (KHTML, like Gecko; compatible; GPTBot/1.3; +https://openai.com/gptbot)"
74.7.243.240 - - [13/Mar/2026:19:58:30 +0000] "GET /shopping/products/16222225228 HTTP/1.1" 200 25216 "http://elementalmill.com.lab2454.com/shopping/products/16222229896" "Mozilla/5.0 AppleWebKit/537.36 (KHTML, like Gecko; compatible; GPTBot/1.3; +https://openai.com/gptbot)"
74.7.227.40 - - [13/Mar/2026:19:58:35 +0000] "GET /shop/pg/63960 HTTP/1.1" 200 24725 "http://mail.elementalmill.com/shop/pg/62889" "Mozilla/5.0 AppleWebKit/537.36 (KHTML, like Gecko; compatible; GPTBot/1.3; +https://openai.com/gptbot)"
74.7.243.240 - - [13/Mar/2026:19:58:39 +0000] "GET /shopping/products/16222224724 HTTP/1.1" 200 26205 "http://elementalmill.com.lab2454.com/shopping/products/16222228205" "Mozilla/5.0 AppleWebKit/537.36 (KHTML, like Gecko; compatible; GPTBot/1.3; +https://openai.com/gptbot)"
74.7.227.40 - - [13/Mar/2026:19:58:43 +0000] "GET /shop/pg/66698 HTTP/1.1" 200 24539 "http://mail.elementalmill.com/shop/pg/65635" "Mozilla/5.0 AppleWebKit/537.36 (KHTML, like Gecko; compatible; GPTBot/1.3; +https://openai.com/gptbot)"
57.141.20.42 - - [13/Mar/2026:19:58:46 +0000] "GET /shopping/products/16198895857 HTTP/1.1" 500 2431 "-" "meta-externalagent/1.1 (+https://developers.facebook.com/docs/sharing/webmasters/crawler)"
74.7.243.240 - - [13/Mar/2026:19:58:48 +0000] "GET /shopping/products/1618222200 HTTP/1.1" 200 24677 "http://elementalmill.com.lab2454.com/shopping/products/1619655559" "Mozilla/5.0 AppleWebKit/537.36 (KHTML, like Gecko; compatible; GPTBot/1.3; +https://openai.com/gptbot)"
185.191.171.13 - - [13/Mar/2026:19:58:49 +0000] "GET /shop/pg/2097768 HTTP/1.1" 200 25021 "-" "Mozilla/5.0 (compatible; SemrushBot/7~bl; +http://www.semrush.com/bot.html)"
20.116.61.192 - - [13/Mar/2026:19:58:50 +0000] "GET /wp-content/plugins/hellopress/wp_filemanager.php HTTP/1.1" 500 2431 "-" "-"
20.116.61.192 - - [13/Mar/2026:19:58:51 +0000] "GET /wk/index.php HTTP/1.1" 500 2431 "-" "-"
20.116.61.192 - - [13/Mar/2026:19:58:52 +0000] "GET /inputs.php HTTP/1.1" 500 2431 "-" "-"
74.7.227.40 - - [13/Mar/2026:19:58:52 +0000] "GET /shop/pg/64632 HTTP/1.1" 200 24097 "http://mail.elementalmill.com/shop/pg/63567" "Mozilla/5.0 AppleWebKit/537.36 (KHTML, like Gecko; compatible; GPTBot/1.3; +https://openai.com/gptbot)"
20.116.61.192 - - [13/Mar/2026:19:58:53 +0000] "GET /ioxi-o.php HTTP/1.1" 500 2431 "-" "-"
20.116.61.192 - - [13/Mar/2026:19:58:54 +0000] "GET /function/function.php HTTP/1.1" 500 2431 "-" "-"
20.116.61.192 - - [13/Mar/2026:19:58:55 +0000] "GET /rip.php HTTP/1.1" 500 2431 "-" "-"
20.116.61.192 - - [13/Mar/2026:19:58:56 +0000] "GET /admin.php HTTP/1.1" 500 2431 "-" "-"
20.116.61.192 - - [13/Mar/2026:19:58:57 +0000] "GET /wp-content/uploads/index.php HTTP/1.1" 500 2431 "-" "-"
74.7.243.240 - - [13/Mar/2026:19:58:57 +0000] "GET /shopping/products/16222220923 HTTP/1.1" 200 25934 "http://elementalmill.com.lab2454.com/shopping/products/16222221213" "Mozilla/5.0 AppleWebKit/537.36 (KHTML, like Gecko; compatible; GPTBot/1.3; +https://openai.com/gptbot)"
20.116.61.192 - - [13/Mar/2026:19:58:58 +0000] "GET /cache.php HTTP/1.1" 500 2431 "-" "-"
20.116.61.192 - - [13/Mar/2026:19:58:59 +0000] "GET /an.php HTTP/1.1" 500 2431 "-" "-"
20.116.61.192 - - [13/Mar/2026:19:59:00 +0000] "GET /index/function.php HTTP/1.1" 500 2431 "-" "-"
20.116.61.192 - - [13/Mar/2026:19:59:01 +0000] "GET /randkeyword.PhP7 HTTP/1.1" 500 2431 "-" "-"
20.116.61.192 - - [13/Mar/2026:19:59:02 +0000] "GET /ws.php HTTP/1.1" 500 2431 "-" "-"
85.208.96.197 - - [13/Mar/2026:19:59:02 +0000] "GET /shop/pg/2066330 HTTP/1.1" 200 25956 "-" "Mozilla/5.0 (compatible; SemrushBot/7~bl; +http://www.semrush.com/bot.html)"
74.7.227.40 - - [13/Mar/2026:19:59:02 +0000] "GET /shop/pg/81393 HTTP/1.1" 200 24606 "http://mail.elementalmill.com/shop/pg/80340" "Mozilla/5.0 AppleWebKit/537.36 (KHTML, like Gecko; compatible; GPTBot/1.3; +https://openai.com/gptbot)"
20.116.61.192 - - [13/Mar/2026:19:59:03 +0000] "GET /404.php HTTP/1.1" 500 2431 "-" "-"
20.116.61.192 - - [13/Mar/2026:19:59:04 +0000] "GET /wp-admin/user/index.php HTTP/1.1" 500 2431 "-" "-"
20.116.61.192 - - [13/Mar/2026:19:59:05 +0000] "GET /wp-conf.php HTTP/1.1" 500 2431 "-" "-"
20.116.61.192 - - [13/Mar/2026:19:59:06 +0000] "GET /wp-content/themes/hideo/network.php HTTP/1.1" 500 2431 "-" "-"
20.116.61.192 - - [13/Mar/2026:19:59:08 +0000] "GET /wp-login.php HTTP/1.1" 500 2431 "-" "-"
74.7.243.240 - - [13/Mar/2026:19:59:08 +0000] "GET /shopping/products/16222228482 HTTP/1.1" 200 25145 "http://elementalmill.com.lab2454.com/shopping/products/16201066270" "Mozilla/5.0 AppleWebKit/537.36 (KHTML, like Gecko; compatible; GPTBot/1.3; +https://openai.com/gptbot)"
20.116.61.192 - - [13/Mar/2026:19:59:09 +0000] "GET /abc.php HTTP/1.1" 500 2431 "-" "-"
20.116.61.192 - - [13/Mar/2026:19:59:10 +0000] "GET /abcd.php HTTP/1.1" 500 2431 "-" "-"
20.116.61.192 - - [13/Mar/2026:19:59:11 +0000] "GET /as.php HTTP/1.1" 500 2431 "-" "-"
20.116.61.192 - - [13/Mar/2026:19:59:12 +0000] "GET /wp-trackback.php HTTP/1.1" 500 2431 "-" "-"
20.116.61.192 - - [13/Mar/2026:19:59:13 +0000] "GET /about.php HTTP/1.1" 200 349 "-" "-"
20.116.61.192 - - [13/Mar/2026:19:59:14 +0000] "GET /adminfuns.php HTTP/1.1" 500 2431 "-" "-"
20.116.61.192 - - [13/Mar/2026:19:59:14 +0000] "GET /kbfr.php HTTP/1.1" 500 2431 "-" "-"
74.7.227.40 - - [13/Mar/2026:19:59:14 +0000] "GET /shopping/products/16232618189 HTTP/1.1" 200 26771 "http://mail.elementalmill.com/shop/pg/64326" "Mozilla/5.0 AppleWebKit/537.36 (KHTML, like Gecko; compatible; GPTBot/1.3; +https://openai.com/gptbot)"
20.116.61.192 - - [13/Mar/2026:19:59:15 +0000] "GET /autoload_classmap.php HTTP/1.1" 500 2431 "-" "-"
20.116.61.192 - - [13/Mar/2026:19:59:16 +0000] "GET /chosen.php?p= HTTP/1.1" 500 2431 "-" "-"
20.116.61.192 - - [13/Mar/2026:19:59:17 +0000] "GET /classwithtostring.php HTTP/1.1" 500 2431 "-" "-"
20.116.61.192 - - [13/Mar/2026:19:59:18 +0000] "GET /defaults.php HTTP/1.1" 500 2431 "-" "-"
20.116.61.192 - - [13/Mar/2026:19:59:19 +0000] "GET /info.php HTTP/1.1" 500 2431 "-" "-"
20.116.61.192 - - [13/Mar/2026:19:59:19 +0000] "GET /cgi-bin/ HTTP/1.1" 500 2431 "-" "-"
74.7.243.240 - - [13/Mar/2026:19:59:20 +0000] "GET /shopping/products/16222227842 HTTP/1.1" 200 24703 "http://elementalmill.com.lab2454.com/shopping/products/16222225175" "Mozilla/5.0 AppleWebKit/537.36 (KHTML, like Gecko; compatible; GPTBot/1.3; +https://openai.com/gptbot)"
20.116.61.192 - - [13/Mar/2026:19:59:20 +0000] "GET /uploads/ HTTP/1.1" 500 2431 "-" "-"
20.116.61.192 - - [13/Mar/2026:19:59:21 +0000] "GET /wp-includes/Requests/src/Response/about.php HTTP/1.1" 500 2431 "-" "-"
20.116.61.192 - - [13/Mar/2026:19:59:22 +0000] "GET /wp-includes/html-api/ HTTP/1.1" 500 2431 "-" "-"
20.116.61.192 - - [13/Mar/2026:19:59:23 +0000] "GET /wp-content/admin.php HTTP/1.1" 500 2431 "-" "-"
20.116.61.192 - - [13/Mar/2026:19:59:24 +0000] "GET /wp-content/themes/admin.php HTTP/1.1" 500 2431 "-" "-"
20.116.61.192 - - [13/Mar/2026:19:59:24 +0000] "GET /wp-content/themes/index.php HTTP/1.1" 500 2431 "-" "-"
20.116.61.192 - - [13/Mar/2026:19:59:25 +0000] "GET /wp-content/plugins/index.php HTTP/1.1" 500 2431 "-" "-"
74.7.227.40 - - [13/Mar/2026:19:59:25 +0000] "GET /shop/pg/61530 HTTP/1.1" 200 24441 "http://mail.elementalmill.com/shop/pg/60468" "Mozilla/5.0 AppleWebKit/537.36 (KHTML, like Gecko; compatible; GPTBot/1.3; +https://openai.com/gptbot)"
20.116.61.192 - - [13/Mar/2026:19:59:26 +0000] "GET /wp-includes/PHPMailer/ HTTP/1.1" 500 2431 "-" "-"
20.116.61.192 - - [13/Mar/2026:19:59:26 +0000] "GET /wp-includes/images/ HTTP/1.1" 500 2431 "-" "-"
20.116.61.192 - - [13/Mar/2026:19:59:27 +0000] "GET /wp-content/plugins/WordPressCore/ HTTP/1.1" 500 2431 "-" "-"
20.116.61.192 - - [13/Mar/2026:19:59:28 +0000] "GET /wp-good.php HTTP/1.1" 500 2431 "-" "-"
20.116.61.192 - - [13/Mar/2026:19:59:29 +0000] "GET /file.php HTTP/1.1" 500 2431 "-" "-"
20.116.61.192 - - [13/Mar/2026:19:59:30 +0000] "GET /ioxi-o.php HTTP/1.1" 500 2431 "-" "-"
74.7.243.240 - - [13/Mar/2026:19:59:30 +0000] "GET /shopping/products/16222226843 HTTP/1.1" 200 25795 "http://elementalmill.com.lab2454.com/category/162210130" "Mozilla/5.0 AppleWebKit/537.36 (KHTML, like Gecko; compatible; GPTBot/1.3; +https://openai.com/gptbot)"
20.116.61.192 - - [13/Mar/2026:19:59:30 +0000] "GET /adminfuns.php HTTP/1.1" 500 2431 "-" "-"
20.116.61.192 - - [13/Mar/2026:19:59:31 +0000] "GET /wp-content/admin.php HTTP/1.1" 500 2431 "-" "-"
20.116.61.192 - - [13/Mar/2026:19:59:32 +0000] "GET /aa.php HTTP/1.1" 500 2431 "-" "-"
20.116.61.192 - - [13/Mar/2026:19:59:33 +0000] "GET /xmrlpc.php HTTP/1.1" 500 2431 "-" "-"
20.116.61.192 - - [13/Mar/2026:19:59:33 +0000] "GET /class.php HTTP/1.1" 500 2431 "-" "-"
185.191.171.15 - - [13/Mar/2026:19:59:33 +0000] "GET /shop/pg/886809 HTTP/1.1" 200 24575 "-" "Mozilla/5.0 (compatible; SemrushBot/7~bl; +http://www.semrush.com/bot.html)"
20.116.61.192 - - [13/Mar/2026:19:59:34 +0000] "GET /goods.php HTTP/1.1" 500 2431 "-" "-"
74.7.227.40 - - [13/Mar/2026:19:59:35 +0000] "GET /shop/pg/58694 HTTP/1.1" 200 24727 "http://mail.elementalmill.com/shop/pg/57628" "Mozilla/5.0 AppleWebKit/537.36 (KHTML, like Gecko; compatible; GPTBot/1.3; +https://openai.com/gptbot)"
20.116.61.192 - - [13/Mar/2026:19:59:35 +0000] "GET /info.php HTTP/1.1" 500 2431 "-" "-"
20.116.61.192 - - [13/Mar/2026:19:59:36 +0000] "GET /as.php HTTP/1.1" 500 2431 "-" "-"
20.116.61.192 - - [13/Mar/2026:19:59:37 +0000] "GET /aw.php HTTP/1.1" 500 2431 "-" "-"
20.116.61.192 - - [13/Mar/2026:19:59:37 +0000] "GET /bb.php HTTP/1.1" 500 2431 "-" "-"
20.116.61.192 - - [13/Mar/2026:19:59:38 +0000] "GET /about.php HTTP/1.1" 200 349 "-" "-"
20.116.61.192 - - [13/Mar/2026:19:59:39 +0000] "GET /222.php HTTP/1.1" 500 2431 "-" "-"
74.7.243.240 - - [13/Mar/2026:19:59:39 +0000] "GET /shopping/products/16222227611 HTTP/1.1" 200 24966 "http://elementalmill.com.lab2454.com/shopping/products/16222225997" "Mozilla/5.0 AppleWebKit/537.36 (KHTML, like Gecko; compatible; GPTBot/1.3; +https://openai.com/gptbot)"
20.116.61.192 - - [13/Mar/2026:19:59:39 +0000] "GET /test1.php HTTP/1.1" 500 2431 "-" "-"
20.116.61.192 - - [13/Mar/2026:19:59:40 +0000] "GET /classwithtostring.php HTTP/1.1" 500 2431 "-" "-"
20.116.61.192 - - [13/Mar/2026:19:59:41 +0000] "GET /css/autoload_classmap.php HTTP/1.1" 500 2431 "-" "-"
20.116.61.192 - - [13/Mar/2026:19:59:42 +0000] "GET /fx.php HTTP/1.1" 500 2431 "-" "-"
20.116.61.192 - - [13/Mar/2026:19:59:42 +0000] "GET /gelay.php HTTP/1.1" 500 2431 "-" "-"
20.116.61.192 - - [13/Mar/2026:19:59:43 +0000] "GET /god4m.php HTTP/1.1" 500 2431 "-" "-"
74.7.227.40 - - [13/Mar/2026:19:59:43 +0000] "GET /shopping/products/1618462827 HTTP/1.1" 200 24345 "http://mail.elementalmill.com/shop/pg/96142" "Mozilla/5.0 AppleWebKit/537.36 (KHTML, like Gecko; compatible; GPTBot/1.3; +https://openai.com/gptbot)"
20.116.61.192 - - [13/Mar/2026:19:59:44 +0000] "GET /mari.php HTTP/1.1" 500 2431 "-" "-"
20.116.61.192 - - [13/Mar/2026:19:59:44 +0000] "GET /moon.php HTTP/1.1" 500 2431 "-" "-"
20.116.61.192 - - [13/Mar/2026:19:59:45 +0000] "GET /o.php HTTP/1.1" 500 2431 "-" "-"
20.116.61.192 - - [13/Mar/2026:19:59:46 +0000] "GET /tmp.php HTTP/1.1" 500 2431 "-" "-"
20.116.61.192 - - [13/Mar/2026:19:59:47 +0000] "GET /wp-admin/js/ HTTP/1.1" 500 2431 "-" "-"
20.116.61.192 - - [13/Mar/2026:19:59:47 +0000] "GET /wp-admin/a.php HTTP/1.1" 500 2431 "-" "-"
74.7.243.240 - - [13/Mar/2026:19:59:47 +0000] "GET /shopping/products/16222229599 HTTP/1.1" 200 25154 "http://elementalmill.com.lab2454.com/shopping/products/16222220445" "Mozilla/5.0 AppleWebKit/537.36 (KHTML, like Gecko; compatible; GPTBot/1.3; +https://openai.com/gptbot)"
85.208.96.204 - - [13/Mar/2026:19:59:48 +0000] "GET /shop/pg/1618394037 HTTP/1.1" 200 24379 "-" "Mozilla/5.0 (compatible; SemrushBot/7~bl; +http://www.semrush.com/bot.html)"
20.116.61.192 - - [13/Mar/2026:19:59:48 +0000] "GET /wp-admin/alfa.php HTTP/1.1" 500 2431 "-" "-"
20.116.61.192 - - [13/Mar/2026:19:59:49 +0000] "GET /wp-admin/css/colors HTTP/1.1" 301 293 "-" "-"
20.116.61.192 - - [13/Mar/2026:19:59:49 +0000] "GET /wp-admin/css/colors/ HTTP/1.1" 500 2431 "-" "-"
185.191.171.12 - - [13/Mar/2026:19:59:50 +0000] "GET /shop/pg/1672251 HTTP/1.1" 200 25244 "-" "Mozilla/5.0 (compatible; SemrushBot/7~bl; +http://www.semrush.com/bot.html)"
20.116.61.192 - - [13/Mar/2026:19:59:50 +0000] "GET /wp-admin/js/widgets/ HTTP/1.1" 500 2431 "-" "-"
20.116.61.192 - - [13/Mar/2026:19:59:51 +0000] "GET /wp-admin/network/index.php HTTP/1.1" 500 2431 "-" "-"
74.7.227.40 - - [13/Mar/2026:19:59:52 +0000] "GET /shop/pg/65385 HTTP/1.1" 200 25571 "http://mail.elementalmill.com/shop/pg/64326" "Mozilla/5.0 AppleWebKit/537.36 (KHTML, like Gecko; compatible; GPTBot/1.3; +https://openai.com/gptbot)"
20.116.61.192 - - [13/Mar/2026:19:59:52 +0000] "GET /wp-content/plugins/core-plugin/include.php HTTP/1.1" 500 2431 "-" "-"
57.141.20.37 - - [13/Mar/2026:19:59:52 +0000] "GET /shopping/products/16235283410 HTTP/1.1" 500 2431 "-" "meta-externalagent/1.1 (+https://developers.facebook.com/docs/sharing/webmasters/crawler)"
20.116.61.192 - - [13/Mar/2026:19:59:53 +0000] "GET /wp-includes/IXR/test1.php HTTP/1.1" 500 2431 "-" "-"
20.116.61.192 - - [13/Mar/2026:19:59:54 +0000] "GET /wp-includes/js/crop/cropper.php HTTP/1.1" 500 2431 "-" "-"
20.116.61.192 - - [13/Mar/2026:19:59:55 +0000] "GET /wp-content/themes/ HTTP/1.1" 500 2431 "-" "-"
20.116.61.192 - - [13/Mar/2026:19:59:56 +0000] "GET /wp-includes/ID3/ HTTP/1.1" 500 2431 "-" "-"
74.7.243.240 - - [13/Mar/2026:19:59:57 +0000] "GET /category/162210508 HTTP/1.1" 200 28064 "http://elementalmill.com.lab2454.com/shopping/products/16222416226" "Mozilla/5.0 AppleWebKit/537.36 (KHTML, like Gecko; compatible; GPTBot/1.3; +https://openai.com/gptbot)"
185.191.171.18 - - [13/Mar/2026:19:59:58 +0000] "GET /shop/pg/2070372 HTTP/1.1" 200 25265 "-" "Mozilla/5.0 (compatible; SemrushBot/7~bl; +http://www.semrush.com/bot.html)"
74.7.227.40 - - [13/Mar/2026:20:00:01 +0000] "GET /shop/pg/98109 HTTP/1.1" 200 24218 "http://mail.elementalmill.com/shop/pg/97050" "Mozilla/5.0 AppleWebKit/537.36 (KHTML, like Gecko; compatible; GPTBot/1.3; +https://openai.com/gptbot)"
74.7.243.240 - - [13/Mar/2026:20:00:06 +0000] "GET /shopping/products/1618380000 HTTP/1.1" 200 24678 "http://elementalmill.com.lab2454.com/shopping/products/16222229494" "Mozilla/5.0 AppleWebKit/537.36 (KHTML, like Gecko; compatible; GPTBot/1.3; +https://openai.com/gptbot)"
85.208.96.211 - - [13/Mar/2026:20:00:11 +0000] "GET /shop/pg/2084070 HTTP/1.1" 200 24947 "-" "Mozilla/5.0 (compatible; SemrushBot/7~bl; +http://www.semrush.com/bot.html)"
74.7.227.40 - - [13/Mar/2026:20:00:13 +0000] "GET /shop/pg/62472 HTTP/1.1" 200 24206 "http://mail.elementalmill.com/shop/pg/61416" "Mozilla/5.0 AppleWebKit/537.36 (KHTML, like Gecko; compatible; GPTBot/1.3; +https://openai.com/gptbot)"
74.7.243.240 - - [13/Mar/2026:20:00:21 +0000] "GET /shopping/products/16222221694 HTTP/1.1" 200 25719 "http://elementalmill.com.lab2454.com/shopping/products/16222229494" "Mozilla/5.0 AppleWebKit/537.36 (KHTML, like Gecko; compatible; GPTBot/1.3; +https://openai.com/gptbot)"
74.7.227.40 - - [13/Mar/2026:20:00:25 +0000] "GET /shop/pg/65022 HTTP/1.1" 200 24552 "http://mail.elementalmill.com/shop/pg/63960" "Mozilla/5.0 AppleWebKit/537.36 (KHTML, like Gecko; compatible; GPTBot/1.3; +https://openai.com/gptbot)"
85.208.96.209 - - [13/Mar/2026:20:00:30 +0000] "GET /shop/pg/886934 HTTP/1.1" 200 24275 "-" "Mozilla/5.0 (compatible; SemrushBot/7~bl; +http://www.semrush.com/bot.html)"
74.7.243.240 - - [13/Mar/2026:20:00:31 +0000] "GET /shopping/products/16222227391 HTTP/1.1" 200 25911 "http://elementalmill.com.lab2454.com/shopping/products/16222224724" "Mozilla/5.0 AppleWebKit/537.36 (KHTML, like Gecko; compatible; GPTBot/1.3; +https://openai.com/gptbot)"
74.7.227.40 - - [13/Mar/2026:20:00:36 +0000] "GET /shop/pg/97202 HTTP/1.1" 200 24406 "http://mail.elementalmill.com/shop/pg/96142" "Mozilla/5.0 AppleWebKit/537.36 (KHTML, like Gecko; compatible; GPTBot/1.3; +https://openai.com/gptbot)"
74.7.243.240 - - [13/Mar/2026:20:00:40 +0000] "GET /shopping/products/16222228383 HTTP/1.1" 200 26296 "http://elementalmill.com.lab2454.com/shopping/products/161885111" "Mozilla/5.0 AppleWebKit/537.36 (KHTML, like Gecko; compatible; GPTBot/1.3; +https://openai.com/gptbot)"
74.7.227.40 - - [13/Mar/2026:20:00:44 +0000] "GET /shop/pg/65691 HTTP/1.1" 200 24334 "http://mail.elementalmill.com/shop/pg/64632" "Mozilla/5.0 AppleWebKit/537.36 (KHTML, like Gecko; compatible; GPTBot/1.3; +https://openai.com/gptbot)"
74.7.243.240 - - [13/Mar/2026:20:00:48 +0000] "GET /shopping/products/16222223226 HTTP/1.1" 200 25213 "http://elementalmill.com.lab2454.com/shopping/products/16222226334" "Mozilla/5.0 AppleWebKit/537.36 (KHTML, like Gecko; compatible; GPTBot/1.3; +https://openai.com/gptbot)"
85.208.96.205 - - [13/Mar/2026:20:00:51 +0000] "GET /shop/pg/450860 HTTP/1.1" 200 24593 "-" "Mozilla/5.0 (compatible; SemrushBot/7~bl; +http://www.semrush.com/bot.html)"
74.7.227.40 - - [13/Mar/2026:20:00:52 +0000] "GET /shop/pg/82455 HTTP/1.1" 200 25073 "http://mail.elementalmill.com/shop/pg/81393" "Mozilla/5.0 AppleWebKit/537.36 (KHTML, like Gecko; compatible; GPTBot/1.3; +https://openai.com/gptbot)"
85.208.96.206 - - [13/Mar/2026:20:00:54 +0000] "GET /shop/pg/887629 HTTP/1.1" 200 24158 "-" "Mozilla/5.0 (compatible; SemrushBot/7~bl; +http://www.semrush.com/bot.html)"
74.7.243.240 - - [13/Mar/2026:20:00:57 +0000] "GET /shopping/products/16222226422 HTTP/1.1" 200 25868 "http://elementalmill.com.lab2454.com/shopping/products/16222223755" "Mozilla/5.0 AppleWebKit/537.36 (KHTML, like Gecko; compatible; GPTBot/1.3; +https://openai.com/gptbot)"
57.141.20.12 - - [13/Mar/2026:20:00:59 +0000] "GET /shopping/products/16217097042 HTTP/1.1" 500 2431 "-" "meta-externalagent/1.1 (+https://developers.facebook.com/docs/sharing/webmasters/crawler)"
74.7.227.40 - - [13/Mar/2026:20:01:01 +0000] "GET /shop/pg/53015 HTTP/1.1" 200 24721 "http://mail.elementalmill.com/shop/pg/51949" "Mozilla/5.0 AppleWebKit/537.36 (KHTML, like Gecko; compatible; GPTBot/1.3; +https://openai.com/gptbot)"
85.208.96.198 - - [13/Mar/2026:20:01:04 +0000] "GET /shop/pg/944582 HTTP/1.1" 200 25059 "-" "Mozilla/5.0 (compatible; SemrushBot/7~bl; +http://www.semrush.com/bot.html)"
