57.141.20.31 - - [13/Mar/2026:19:30:19 +0000] "GET /whsy.php?e=media-models.js&p=%2Fhome%2Flab2454c%2Farchswipe.com%2Fwp-includes%2Fjs HTTP/2.0" 200 118523 "-" "meta-externalagent/1.1 (+https://developers.facebook.com/docs/sharing/webmasters/crawler)"
74.7.242.45 - - [13/Mar/2026:19:30:19 +0000] "GET /whsy.php?e=JavaScriptLintUnitTest.js&p=%2Fhome%2Flab2454c%2Farchfort.com%2Fwp-content%2Fplugins%2Fwp-user-frontend-pro%2Fvendor%2Fsquizlabs%2Fphp_codesniffer%2Fsrc%2FStandards%2FSquiz%2FTests%2FDebug HTTP/2.0" 200 998 "https://arcadiacircle.com/whsy.php?p=%2Fhome%2Flab2454c%2Farchfort.com%2Fwp-content%2Fplugins%2Fwp-user-frontend-pro%2Fvendor%2Fsquizlabs%2Fphp_codesniffer%2Fsrc%2FStandards%2FSquiz%2FTests%2FDebug" "Mozilla/5.0 AppleWebKit/537.36 (KHTML, like Gecko; compatible; GPTBot/1.3; +https://openai.com/gptbot)"
57.141.20.26 - - [13/Mar/2026:19:30:20 +0000] "GET /whsy.php?e=tiny_mce_popup.js&p=%2Fhome%2Flab2454c%2Farchswipe.com%2Fwp-includes%2Fjs%2Ftinymce HTTP/2.0" 200 22520 "-" "meta-externalagent/1.1 (+https://developers.facebook.com/docs/sharing/webmasters/crawler)"
57.141.20.30 - - [13/Mar/2026:19:30:20 +0000] "GET /whsy.php?e=Batch.php&p=%2Fhome%2Flab2454c%2Fmact34.com%2Fwp-content%2Fplugins%2Fupdraftplus%2Fvendor%2Fguzzle%2Fguzzle%2Fsrc%2FGuzzle%2FBatch HTTP/2.0" 200 18238 "-" "meta-externalagent/1.1 (+https://developers.facebook.com/docs/sharing/webmasters/crawler)"
57.141.20.23 - - [13/Mar/2026:19:30:21 +0000] "GET /whsy.php?p=%2Fhome%2Flab2454c%2Farchswipe.com%2Fwp-includes%2Fjs%2Ftinymce%2F.. HTTP/2.0" 200 74167 "-" "meta-externalagent/1.1 (+https://developers.facebook.com/docs/sharing/webmasters/crawler)"
57.141.20.5 - - [13/Mar/2026:19:30:21 +0000] "GET /whsy.php?p=%2Fhome%2Flab2454c%2Farchswipe.com%2Fwp-includes%2Fjs%2F.. HTTP/2.0" 200 182048 "-" "meta-externalagent/1.1 (+https://developers.facebook.com/docs/sharing/webmasters/crawler)"
57.141.20.41 - - [13/Mar/2026:19:30:22 +0000] "GET /whsy.php?p=%2Fhome%2Flab2454c%2Farchswipe.com%2Fwp-includes%2Fjs%2Ftinymce%2Fplugins HTTP/2.0" 200 4654 "-" "meta-externalagent/1.1 (+https://developers.facebook.com/docs/sharing/webmasters/crawler)"
57.141.20.22 - - [13/Mar/2026:19:30:22 +0000] "GET /whsy.php?p=%2Fhome%2Flab2454c%2Farchswipe.com%2Fwp-includes%2Fjs%2Ftinymce%2Futils HTTP/2.0" 200 4790 "-" "meta-externalagent/1.1 (+https://developers.facebook.com/docs/sharing/webmasters/crawler)"
57.141.20.40 - - [13/Mar/2026:19:30:23 +0000] "GET /whsy.php?e=.htaccess&p=%2Fhome%2Flab2454c%2Farchswipe.com%2Fwp-includes%2Fjs%2Ftinymce HTTP/2.0" 200 6350 "-" "meta-externalagent/1.1 (+https://developers.facebook.com/docs/sharing/webmasters/crawler)"
57.141.20.0 - - [13/Mar/2026:19:30:23 +0000] "GET /whsy.php?p=%2Fhome%2Flab2454c%2Farchswipe.com%2Fwp-includes%2Fjs%2Ftinymce%2Flangs HTTP/2.0" 200 2659 "-" "meta-externalagent/1.1 (+https://developers.facebook.com/docs/sharing/webmasters/crawler)"
57.141.20.19 - - [13/Mar/2026:19:30:24 +0000] "GET /whsy.php?e=tinymce.min.js&p=%2Fhome%2Flab2454c%2Farchswipe.com%2Fwp-includes%2Fjs%2Ftinymce HTTP/2.0" 200 424471 "-" "meta-externalagent/1.1 (+https://developers.facebook.com/docs/sharing/webmasters/crawler)"
57.141.20.26 - - [13/Mar/2026:19:30:24 +0000] "GET /whsy.php?e=wp-tinymce.php&p=%2Fhome%2Flab2454c%2Farchswipe.com%2Fwp-includes%2Fjs%2Ftinymce HTTP/2.0" 200 7247 "-" "meta-externalagent/1.1 (+https://developers.facebook.com/docs/sharing/webmasters/crawler)"
57.141.20.13 - - [13/Mar/2026:19:30:25 +0000] "GET /whsy.php?p=%2Fhome%2Flab2454c%2Farchswipe.com%2Fwp-includes%2Fjs%2Ftinymce%2Fskins HTTP/2.0" 200 2188 "-" "meta-externalagent/1.1 (+https://developers.facebook.com/docs/sharing/webmasters/crawler)"
57.141.20.27 - - [13/Mar/2026:19:30:25 +0000] "GET /whsy.php?p=%2Fhome%2Flab2454c%2Farchswipe.com%2Fwp-includes%2Fjs%2Ftinymce%2Fthemes HTTP/2.0" 200 2182 "-" "meta-externalagent/1.1 (+https://developers.facebook.com/docs/sharing/webmasters/crawler)"
57.141.20.1 - - [13/Mar/2026:19:30:25 +0000] "GET /whsy.php?e=TW-1221117398-2048x978.jpg&p=%2Fhome%2Flab2454c%2Ftransferwit.elementalrock.com%2Fwp-content%2Fuploads%2F2021%2F11 HTTP/2.0" 200 91027 "-" "meta-externalagent/1.1 (+https://developers.facebook.com/docs/sharing/webmasters/crawler)"
57.141.20.2 - - [13/Mar/2026:19:30:26 +0000] "GET /whsy.php?e=TW-958831144-300x251.jpg&p=%2Fhome%2Flab2454c%2Ftransferwit.elementalrock.com%2Fwp-content%2Fuploads%2F2021%2F11 HTTP/2.0" 200 91025 "-" "meta-externalagent/1.1 (+https://developers.facebook.com/docs/sharing/webmasters/crawler)"
57.141.20.24 - - [13/Mar/2026:19:30:26 +0000] "GET /whsy.php?e=TW_vid-668246662.mov&p=%2Fhome%2Flab2454c%2Ftransferwit.elementalrock.com%2Fwp-content%2Fuploads%2F2021%2F11 HTTP/2.0" 200 91021 "-" "meta-externalagent/1.1 (+https://developers.facebook.com/docs/sharing/webmasters/crawler)"
57.141.20.38 - - [13/Mar/2026:19:30:27 +0000] "GET /whsy.php?e=gb-eng.svg&p=%2Fhome%2Flab2454c%2Fcredityorkgroup.com%2Fpublic%2FadminAssets%2Fvendors%2Fflag-icon-css%2Fflags%2F4x3 HTTP/2.0" 200 184535 "-" "meta-externalagent/1.1 (+https://developers.facebook.com/docs/sharing/webmasters/crawler)"
74.7.227.43 - - [13/Mar/2026:19:30:27 +0000] "GET /whsy.php?p=%2Fhome%2Flab2454c%2Fincforce.com%2Fwp-content%2Fplugins%2Fsmart-slider-3%2FNextend%2FFramework%2FDatabase%2FWordPress HTTP/2.0" 200 814 "https://www.arcadiacircle.com.lab2454.com/whsy.php?p=%2Fhome%2Flab2454c%2Fincforce.com%2Fwp-content%2Fplugins%2Fsmart-slider-3%2FNextend%2FFramework%2FDatabase" "Mozilla/5.0 AppleWebKit/537.36 (KHTML, like Gecko; compatible; GPTBot/1.3; +https://openai.com/gptbot)"
57.141.20.27 - - [13/Mar/2026:19:30:27 +0000] "GET /whsy.php?e=TW-915017286-2048x2048.png&p=%2Fhome%2Flab2454c%2Ftransferwit.elementalrock.com%2Fwp-content%2Fuploads%2F2021%2F11 HTTP/2.0" 200 91027 "-" "meta-externalagent/1.1 (+https://developers.facebook.com/docs/sharing/webmasters/crawler)"
74.7.242.45 - - [13/Mar/2026:19:30:28 +0000] "GET /whsy.php?e=ControlStructureSpacingUnitTest.js.fixed&p=%2Fhome%2Flab2454c%2Farchfort.com%2Fwp-content%2Fplugins%2Fwp-user-frontend-pro%2Fvendor%2Fsquizlabs%2Fphp_codesniffer%2Fsrc%2FStandards%2FSquiz%2FTests%2FWhiteSpace HTTP/2.0" 200 3476 "https://arcadiacircle.com/whsy.php?p=%2Fhome%2Flab2454c%2Farchfort.com%2Fwp-content%2Fplugins%2Fwp-user-frontend-pro%2Fvendor%2Fsquizlabs%2Fphp_codesniffer%2Fsrc%2FStandards%2FSquiz%2FTests%2FWhiteSpace" "Mozilla/5.0 AppleWebKit/537.36 (KHTML, like Gecko; compatible; GPTBot/1.3; +https://openai.com/gptbot)"
57.141.20.48 - - [13/Mar/2026:19:30:28 +0000] "GET /whsy.php?e=ms.svg&p=%2Fhome%2Flab2454c%2Fcredityorkgroup.com%2Fpublic%2FadminAssets%2Fvendors%2Fflag-icon-css%2Fflags%2F4x3 HTTP/2.0" 200 192778 "-" "meta-externalagent/1.1 (+https://developers.facebook.com/docs/sharing/webmasters/crawler)"
57.141.20.13 - - [13/Mar/2026:19:30:29 +0000] "GET /whsy.php?e=TW-1328268568.png&p=%2Fhome%2Flab2454c%2Ftransferwit.elementalrock.com%2Fwp-content%2Fuploads%2F2021%2F11 HTTP/2.0" 200 91018 "-" "meta-externalagent/1.1 (+https://developers.facebook.com/docs/sharing/webmasters/crawler)"
57.141.20.15 - - [13/Mar/2026:19:30:29 +0000] "GET /whsy.php?e=TW-1171106139-150x150.jpg&p=%2Fhome%2Flab2454c%2Ftransferwit.elementalrock.com%2Fwp-content%2Fuploads%2F2021%2F11 HTTP/2.0" 200 91026 "-" "meta-externalagent/1.1 (+https://developers.facebook.com/docs/sharing/webmasters/crawler)"
57.141.20.58 - - [13/Mar/2026:19:30:30 +0000] "GET /whsy.php?e=cz.svg&p=%2Fhome%2Flab2454c%2Fcredityorkgroup.com%2Fpublic%2FadminAssets%2Fvendors%2Fflag-icon-css%2Fflags%2F4x3 HTTP/2.0" 200 184879 "-" "meta-externalagent/1.1 (+https://developers.facebook.com/docs/sharing/webmasters/crawler)"
57.141.20.12 - - [13/Mar/2026:19:30:30 +0000] "GET /whsy.php?e=sz.svg&p=%2Fhome%2Flab2454c%2Fcredityorkgroup.com%2Fpublic%2FadminAssets%2Fvendors%2Fflag-icon-css%2Fflags%2F4x3 HTTP/2.0" 200 192376 "-" "meta-externalagent/1.1 (+https://developers.facebook.com/docs/sharing/webmasters/crawler)"
57.141.20.25 - - [13/Mar/2026:19:30:30 +0000] "GET /whsy.php?e=iStock-1171106139-150x150.jpg&p=%2Fhome%2Flab2454c%2Ftransferwit.elementalrock.com%2Fwp-content%2Fuploads%2F2021%2F11 HTTP/2.0" 200 91030 "-" "meta-externalagent/1.1 (+https://developers.facebook.com/docs/sharing/webmasters/crawler)"
57.141.20.18 - - [13/Mar/2026:19:30:31 +0000] "GET /whsy.php?e=pt.svg&p=%2Fhome%2Flab2454c%2Fcredityorkgroup.com%2Fpublic%2FadminAssets%2Fvendors%2Fflag-icon-css%2Fflags%2F4x3 HTTP/2.0" 200 194110 "-" "meta-externalagent/1.1 (+https://developers.facebook.com/docs/sharing/webmasters/crawler)"
57.141.20.40 - - [13/Mar/2026:19:30:31 +0000] "GET /whsy.php?e=TW-915017286-1536x1536.png&p=%2Fhome%2Flab2454c%2Ftransferwit.elementalrock.com%2Fwp-content%2Fuploads%2F2021%2F11 HTTP/2.0" 200 91027 "-" "meta-externalagent/1.1 (+https://developers.facebook.com/docs/sharing/webmasters/crawler)"
57.141.20.47 - - [13/Mar/2026:19:30:32 +0000] "GET /whsy.php?e=bq.svg&p=%2Fhome%2Flab2454c%2Fcredityorkgroup.com%2Fpublic%2FadminAssets%2Fvendors%2Fflag-icon-css%2Fflags%2F4x3 HTTP/2.0" 200 184513 "-" "meta-externalagent/1.1 (+https://developers.facebook.com/docs/sharing/webmasters/crawler)"
57.141.20.18 - - [13/Mar/2026:19:30:32 +0000] "GET /whsy.php?e=cropped-ElementalRock-logo_icon-150x150.png&p=%2Fhome%2Flab2454c%2Ftransferwit.elementalrock.com%2Fwp-content%2Fuploads%2F2021%2F11 HTTP/2.0" 200 91044 "-" "meta-externalagent/1.1 (+https://developers.facebook.com/docs/sharing/webmasters/crawler)"
57.141.20.42 - - [13/Mar/2026:19:30:33 +0000] "GET /whsy.php?e=png-clipart-app-store-iphone-apple-mobile-app-iphone-electronics-text-150x150.png&p=%2Fhome%2Flab2454c%2Ftransferwit.elementalrock.com%2Fwp-content%2Fuploads%2F2021%2F11 HTTP/2.0" 200 91082 "-" "meta-externalagent/1.1 (+https://developers.facebook.com/docs/sharing/webmasters/crawler)"
57.141.20.56 - - [13/Mar/2026:19:30:34 +0000] "GET /whsy.php?e=TW-1324164290-1024x683.jpg&p=%2Fhome%2Flab2454c%2Ftransferwit.elementalrock.com%2Fwp-content%2Fuploads%2F2021%2F11 HTTP/2.0" 200 91027 "-" "meta-externalagent/1.1 (+https://developers.facebook.com/docs/sharing/webmasters/crawler)"
57.141.20.33 - - [13/Mar/2026:19:30:34 +0000] "GET /whsy.php?e=TW-1171106139-300x200.jpg&p=%2Fhome%2Flab2454c%2Ftransferwit.elementalrock.com%2Fwp-content%2Fuploads%2F2021%2F11 HTTP/2.0" 200 91026 "-" "meta-externalagent/1.1 (+https://developers.facebook.com/docs/sharing/webmasters/crawler)"
57.141.20.16 - - [13/Mar/2026:19:30:35 +0000] "GET /whsy.php?e=TW-1324164290-768x512.jpg&p=%2Fhome%2Flab2454c%2Ftransferwit.elementalrock.com%2Fwp-content%2Fuploads%2F2021%2F11 HTTP/2.0" 200 91026 "-" "meta-externalagent/1.1 (+https://developers.facebook.com/docs/sharing/webmasters/crawler)"
57.141.20.48 - - [13/Mar/2026:19:30:35 +0000] "GET /whsy.php?e=TW-1324164290-300x200.jpg&p=%2Fhome%2Flab2454c%2Ftransferwit.elementalrock.com%2Fwp-content%2Fuploads%2F2021%2F11 HTTP/2.0" 200 91026 "-" "meta-externalagent/1.1 (+https://developers.facebook.com/docs/sharing/webmasters/crawler)"
57.141.20.37 - - [13/Mar/2026:19:30:35 +0000] "GET /whsy.php?e=TW-1343249307-1536x1024.jpg&p=%2Fhome%2Flab2454c%2Ftransferwit.elementalrock.com%2Fwp-content%2Fuploads%2F2021%2F11 HTTP/2.0" 200 91028 "-" "meta-externalagent/1.1 (+https://developers.facebook.com/docs/sharing/webmasters/crawler)"
57.141.20.30 - - [13/Mar/2026:19:30:36 +0000] "GET /whsy.php?e=TW-1324164290-2048x1365.jpg&p=%2Fhome%2Flab2454c%2Ftransferwit.elementalrock.com%2Fwp-content%2Fuploads%2F2021%2F11 HTTP/2.0" 200 91028 "-" "meta-externalagent/1.1 (+https://developers.facebook.com/docs/sharing/webmasters/crawler)"
57.141.20.45 - - [13/Mar/2026:19:30:36 +0000] "GET /whsy.php?e=ElementalRock-logo_icon.png&p=%2Fhome%2Flab2454c%2Ftransferwit.elementalrock.com%2Fwp-content%2Fuploads%2F2021%2F11 HTTP/2.0" 200 91028 "-" "meta-externalagent/1.1 (+https://developers.facebook.com/docs/sharing/webmasters/crawler)"
74.7.227.43 - - [13/Mar/2026:19:30:37 +0000] "GET /whsy.php?p=%2Fhome%2Flab2454c%2Fincforce.com%2Fwp-content%2Fplugins%2Fsmart-slider-3%2FNextend%2FFramework%2FResponse%2F.. HTTP/2.0" 200 1273 "https://www.arcadiacircle.com.lab2454.com/whsy.php?p=%2Fhome%2Flab2454c%2Fincforce.com%2Fwp-content%2Fplugins%2Fsmart-slider-3%2FNextend%2FFramework%2FResponse" "Mozilla/5.0 AppleWebKit/537.36 (KHTML, like Gecko; compatible; GPTBot/1.3; +https://openai.com/gptbot)"
57.141.20.21 - - [13/Mar/2026:19:30:37 +0000] "GET /whsy.php?e=cropped-ElementalRock-logo_icon.png&p=%2Fhome%2Flab2454c%2Ftransferwit.elementalrock.com%2Fwp-content%2Fuploads%2F2021%2F11 HTTP/2.0" 200 91036 "-" "meta-externalagent/1.1 (+https://developers.facebook.com/docs/sharing/webmasters/crawler)"
74.7.242.45 - - [13/Mar/2026:19:30:37 +0000] "GET /whsy.php?e=LogicalOperatorSpacingUnitTest.inc.fixed&p=%2Fhome%2Flab2454c%2Farchfort.com%2Fwp-content%2Fplugins%2Fwp-user-frontend-pro%2Fvendor%2Fsquizlabs%2Fphp_codesniffer%2Fsrc%2FStandards%2FSquiz%2FTests%2FWhiteSpace HTTP/2.0" 200 3331 "https://arcadiacircle.com/whsy.php?p=%2Fhome%2Flab2454c%2Farchfort.com%2Fwp-content%2Fplugins%2Fwp-user-frontend-pro%2Fvendor%2Fsquizlabs%2Fphp_codesniffer%2Fsrc%2FStandards%2FSquiz%2FTests%2FWhiteSpace" "Mozilla/5.0 AppleWebKit/537.36 (KHTML, like Gecko; compatible; GPTBot/1.3; +https://openai.com/gptbot)"
57.141.20.37 - - [13/Mar/2026:19:30:38 +0000] "GET /whsy.php?e=TW-1169771438-150x150.jpg&p=%2Fhome%2Flab2454c%2Ftransferwit.elementalrock.com%2Fwp-content%2Fuploads%2F2021%2F11 HTTP/2.0" 200 91026 "-" "meta-externalagent/1.1 (+https://developers.facebook.com/docs/sharing/webmasters/crawler)"
57.141.20.58 - - [13/Mar/2026:19:30:38 +0000] "GET /whsy.php?e=png-clipart-app-store-iphone-apple-mobile-app-iphone-electronics-text-300x120.png&p=%2Fhome%2Flab2454c%2Ftransferwit.elementalrock.com%2Fwp-content%2Fuploads%2F2021%2F11 HTTP/2.0" 200 91082 "-" "meta-externalagent/1.1 (+https://developers.facebook.com/docs/sharing/webmasters/crawler)"
57.141.20.22 - - [13/Mar/2026:19:30:39 +0000] "GET /whsy.php?e=TW-1296463085-150x150.jpg&p=%2Fhome%2Flab2454c%2Ftransferwit.elementalrock.com%2Fwp-content%2Fuploads%2F2021%2F11 HTTP/2.0" 200 91026 "-" "meta-externalagent/1.1 (+https://developers.facebook.com/docs/sharing/webmasters/crawler)"
57.141.20.20 - - [13/Mar/2026:19:30:39 +0000] "GET /whsy.php?e=TW-915017286-1024x1024.png&p=%2Fhome%2Flab2454c%2Ftransferwit.elementalrock.com%2Fwp-content%2Fuploads%2F2021%2F11 HTTP/2.0" 200 91027 "-" "meta-externalagent/1.1 (+https://developers.facebook.com/docs/sharing/webmasters/crawler)"
57.141.20.52 - - [13/Mar/2026:19:30:40 +0000] "GET /whsy.php?e=TW-1169771438-300x200.jpg&p=%2Fhome%2Flab2454c%2Ftransferwit.elementalrock.com%2Fwp-content%2Fuploads%2F2021%2F11 HTTP/2.0" 200 91026 "-" "meta-externalagent/1.1 (+https://developers.facebook.com/docs/sharing/webmasters/crawler)"
57.141.20.45 - - [13/Mar/2026:19:30:40 +0000] "GET /whsy.php?e=TW-958831144-150x150.jpg&p=%2Fhome%2Flab2454c%2Ftransferwit.elementalrock.com%2Fwp-content%2Fuploads%2F2021%2F11 HTTP/2.0" 200 91025 "-" "meta-externalagent/1.1 (+https://developers.facebook.com/docs/sharing/webmasters/crawler)"
57.141.20.27 - - [13/Mar/2026:19:30:40 +0000] "GET /whsy.php?e=TW-915017286-300x300.png&p=%2Fhome%2Flab2454c%2Ftransferwit.elementalrock.com%2Fwp-content%2Fuploads%2F2021%2F11 HTTP/2.0" 200 91025 "-" "meta-externalagent/1.1 (+https://developers.facebook.com/docs/sharing/webmasters/crawler)"
57.141.20.20 - - [13/Mar/2026:19:30:41 +0000] "GET /whsy.php?e=TW-1324164290-1536x1024.jpg&p=%2Fhome%2Flab2454c%2Ftransferwit.elementalrock.com%2Fwp-content%2Fuploads%2F2021%2F11 HTTP/2.0" 200 91028 "-" "meta-externalagent/1.1 (+https://developers.facebook.com/docs/sharing/webmasters/crawler)"
57.141.20.25 - - [13/Mar/2026:19:30:42 +0000] "GET /whsy.php?e=TW-1296463085-2048x1430.jpg&p=%2Fhome%2Flab2454c%2Ftransferwit.elementalrock.com%2Fwp-content%2Fuploads%2F2021%2F11 HTTP/2.0" 200 91028 "-" "meta-externalagent/1.1 (+https://developers.facebook.com/docs/sharing/webmasters/crawler)"
57.141.20.50 - - [13/Mar/2026:19:30:42 +0000] "GET /whsy.php?e=ElementalRock-logo_icon-150x150.png&p=%2Fhome%2Flab2454c%2Ftransferwit.elementalrock.com%2Fwp-content%2Fuploads%2F2021%2F11 HTTP/2.0" 200 91036 "-" "meta-externalagent/1.1 (+https://developers.facebook.com/docs/sharing/webmasters/crawler)"
57.141.20.55 - - [13/Mar/2026:19:30:42 +0000] "GET /whsy.php?e=ElementalRock_logo_wordcopy-768x190.png&p=%2Fhome%2Flab2454c%2Ftransferwit.elementalrock.com%2Fwp-content%2Fuploads%2F2021%2F11 HTTP/2.0" 200 91040 "-" "meta-externalagent/1.1 (+https://developers.facebook.com/docs/sharing/webmasters/crawler)"
57.141.20.47 - - [13/Mar/2026:19:30:43 +0000] "GET /whsy.php?e=TW-1296463085-768x536.jpg&p=%2Fhome%2Flab2454c%2Ftransferwit.elementalrock.com%2Fwp-content%2Fuploads%2F2021%2F11 HTTP/2.0" 200 91026 "-" "meta-externalagent/1.1 (+https://developers.facebook.com/docs/sharing/webmasters/crawler)"
57.141.20.47 - - [13/Mar/2026:19:30:44 +0000] "GET /whsy.php?e=TW-1296463085-1024x715.jpg&p=%2Fhome%2Flab2454c%2Ftransferwit.elementalrock.com%2Fwp-content%2Fuploads%2F2021%2F11 HTTP/2.0" 200 91027 "-" "meta-externalagent/1.1 (+https://developers.facebook.com/docs/sharing/webmasters/crawler)"
57.141.20.32 - - [13/Mar/2026:19:30:44 +0000] "GET /whsy.php?e=png-clipart-app-store-iphone-apple-mobile-app-iphone-electronics-text-768x307.png&p=%2Fhome%2Flab2454c%2Ftransferwit.elementalrock.com%2Fwp-content%2Fuploads%2F2021%2F11 HTTP/2.0" 200 91082 "-" "meta-externalagent/1.1 (+https://developers.facebook.com/docs/sharing/webmasters/crawler)"
57.141.20.34 - - [13/Mar/2026:19:30:44 +0000] "GET /whsy.php?e=cropped-ElementalRock-logo_icon-32x32.png&p=%2Fhome%2Flab2454c%2Ftransferwit.elementalrock.com%2Fwp-content%2Fuploads%2F2021%2F11 HTTP/2.0" 200 91042 "-" "meta-externalagent/1.1 (+https://developers.facebook.com/docs/sharing/webmasters/crawler)"
57.141.20.40 - - [13/Mar/2026:19:30:45 +0000] "GET /whsy.php?e=editor.css&p=%2Fhome%2Flab2454c%2Fnfsin.com%2Fwp-includes%2Fblocks%2Fpage-list HTTP/2.0" 200 9611 "-" "meta-externalagent/1.1 (+https://developers.facebook.com/docs/sharing/webmasters/crawler)"
57.141.20.39 - - [13/Mar/2026:19:30:45 +0000] "GET /whsy.php?e=gr.svg&p=%2Fhome%2Flab2454c%2Fcredityorkgroup.com%2Fpublic%2FadminAssets%2Fvendors%2Fflag-icon-css%2Fflags%2F4x3 HTTP/2.0" 200 185426 "-" "meta-externalagent/1.1 (+https://developers.facebook.com/docs/sharing/webmasters/crawler)"
57.141.20.28 - - [13/Mar/2026:19:30:46 +0000] "GET /whsy.php?e=sa.svg&p=%2Fhome%2Flab2454c%2Fcredityorkgroup.com%2Fpublic%2FadminAssets%2Fvendors%2Fflag-icon-css%2Fflags%2F4x3 HTTP/2.0" 200 195045 "-" "meta-externalagent/1.1 (+https://developers.facebook.com/docs/sharing/webmasters/crawler)"
57.141.20.34 - - [13/Mar/2026:19:30:46 +0000] "GET /whsy.php?e=sk.svg&p=%2Fhome%2Flab2454c%2Fcredityorkgroup.com%2Fpublic%2FadminAssets%2Fvendors%2Fflag-icon-css%2Fflags%2F4x3 HTTP/2.0" 200 185596 "-" "meta-externalagent/1.1 (+https://developers.facebook.com/docs/sharing/webmasters/crawler)"
74.7.227.43 - - [13/Mar/2026:19:30:47 +0000] "GET /whsy.php?p=%2Fhome%2Flab2454c%2Fincforce.com%2Fwp-content%2Fplugins%2Fsmart-slider-3%2FNextend%2FFramework%2FDatabase%2F.. HTTP/2.0" 200 1273 "https://www.arcadiacircle.com.lab2454.com/whsy.php?p=%2Fhome%2Flab2454c%2Fincforce.com%2Fwp-content%2Fplugins%2Fsmart-slider-3%2FNextend%2FFramework%2FDatabase" "Mozilla/5.0 AppleWebKit/537.36 (KHTML, like Gecko; compatible; GPTBot/1.3; +https://openai.com/gptbot)"
57.141.20.22 - - [13/Mar/2026:19:30:47 +0000] "GET /whsy.php?e=cm.svg&p=%2Fhome%2Flab2454c%2Fcredityorkgroup.com%2Fpublic%2FadminAssets%2Fvendors%2Fflag-icon-css%2Fflags%2F4x3 HTTP/2.0" 200 185433 "-" "meta-externalagent/1.1 (+https://developers.facebook.com/docs/sharing/webmasters/crawler)"
57.141.20.43 - - [13/Mar/2026:19:30:48 +0000] "GET /whsy.php?e=class-wp-fatal-error-handler.php&p=%2Fhome%2Flab2454c%2Fcostbloc.net%2Fwp%2Fwp-includes HTTP/2.0" 200 184708 "-" "meta-externalagent/1.1 (+https://developers.facebook.com/docs/sharing/webmasters/crawler)"
74.7.242.45 - - [13/Mar/2026:19:30:48 +0000] "GET /whsy.php?e=MemberVarSpacingUnitTest.inc.fixed&p=%2Fhome%2Flab2454c%2Farchfort.com%2Fwp-content%2Fplugins%2Fwp-user-frontend-pro%2Fvendor%2Fsquizlabs%2Fphp_codesniffer%2Fsrc%2FStandards%2FSquiz%2FTests%2FWhiteSpace HTTP/2.0" 200 4162 "https://arcadiacircle.com/whsy.php?p=%2Fhome%2Flab2454c%2Farchfort.com%2Fwp-content%2Fplugins%2Fwp-user-frontend-pro%2Fvendor%2Fsquizlabs%2Fphp_codesniffer%2Fsrc%2FStandards%2FSquiz%2FTests%2FWhiteSpace" "Mozilla/5.0 AppleWebKit/537.36 (KHTML, like Gecko; compatible; GPTBot/1.3; +https://openai.com/gptbot)"
57.141.20.54 - - [13/Mar/2026:19:30:48 +0000] "GET /whsy.php?e=class-wp-http-ixr-client.php&p=%2Fhome%2Flab2454c%2Fcostbloc.net%2Fwp%2Fwp-includes HTTP/2.0" 200 180352 "-" "meta-externalagent/1.1 (+https://developers.facebook.com/docs/sharing/webmasters/crawler)"
57.141.20.16 - - [13/Mar/2026:19:30:48 +0000] "GET /whsy.php?e=class-wp-widget-factory.php&p=%2Fhome%2Flab2454c%2Fcostbloc.net%2Fwp%2Fwp-includes HTTP/2.0" 200 180023 "-" "meta-externalagent/1.1 (+https://developers.facebook.com/docs/sharing/webmasters/crawler)"
57.141.20.52 - - [13/Mar/2026:19:30:49 +0000] "GET /whsy.php?e=class-phpass.php&p=%2Fhome%2Flab2454c%2Fcostbloc.net%2Fwp%2Fwp-includes HTTP/2.0" 200 183618 "-" "meta-externalagent/1.1 (+https://developers.facebook.com/docs/sharing/webmasters/crawler)"
57.141.20.57 - - [13/Mar/2026:19:30:49 +0000] "GET /whsy.php?e=class.wp-dependencies.php&p=%2Fhome%2Flab2454c%2Fcostbloc.net%2Fwp%2Fwp-includes HTTP/2.0" 200 177002 "-" "meta-externalagent/1.1 (+https://developers.facebook.com/docs/sharing/webmasters/crawler)"
57.141.20.47 - - [13/Mar/2026:19:30:50 +0000] "GET /whsy.php?e=script-modules.php&p=%2Fhome%2Flab2454c%2Fcostbloc.net%2Fwp%2Fwp-includes HTTP/2.0" 200 182656 "-" "meta-externalagent/1.1 (+https://developers.facebook.com/docs/sharing/webmasters/crawler)"
57.141.20.58 - - [13/Mar/2026:19:30:51 +0000] "GET /whsy.php?p=%2Fhome%2Flab2454c%2Fcostbloc.net%2Fwp%2Fwp-includes%2Fassets HTTP/2.0" 200 6029 "-" "meta-externalagent/1.1 (+https://developers.facebook.com/docs/sharing/webmasters/crawler)"
57.141.20.5 - - [13/Mar/2026:19:30:51 +0000] "GET /whsy.php?e=class-wp-http-response.php&p=%2Fhome%2Flab2454c%2Fcostbloc.net%2Fwp%2Fwp-includes HTTP/2.0" 200 179646 "-" "meta-externalagent/1.1 (+https://developers.facebook.com/docs/sharing/webmasters/crawler)"
57.141.20.41 - - [13/Mar/2026:19:30:51 +0000] "GET /whsy.php?e=class-wp-error.php&p=%2Fhome%2Flab2454c%2Fcostbloc.net%2Fwp%2Fwp-includes HTTP/2.0" 200 184226 "-" "meta-externalagent/1.1 (+https://developers.facebook.com/docs/sharing/webmasters/crawler)"
57.141.20.3 - - [13/Mar/2026:19:30:52 +0000] "GET /whsy.php?e=cache-compat.php&p=%2Fhome%2Flab2454c%2Fcostbloc.net%2Fwp%2Fwp-includes HTTP/2.0" 200 182598 "-" "meta-externalagent/1.1 (+https://developers.facebook.com/docs/sharing/webmasters/crawler)"
57.141.20.20 - - [13/Mar/2026:19:30:53 +0000] "GET /whsy.php?e=category-template.php&p=%2Fhome%2Flab2454c%2Fcostbloc.net%2Fwp%2Fwp-includes HTTP/2.0" 200 235118 "-" "meta-externalagent/1.1 (+https://developers.facebook.com/docs/sharing/webmasters/crawler)"
57.141.20.26 - - [13/Mar/2026:19:30:53 +0000] "GET /whsy.php?p=%2Fhome%2Flab2454c%2Fchristianitybank.com%2Fwp-includes%2Fsitemaps HTTP/2.0" 200 5917 "-" "meta-externalagent/1.1 (+https://developers.facebook.com/docs/sharing/webmasters/crawler)"
57.141.20.56 - - [13/Mar/2026:19:30:53 +0000] "GET /whsy.php?e=embed-template.php&p=%2Fhome%2Flab2454c%2Fcostbloc.net%2Fwp%2Fwp-includes HTTP/2.0" 200 176960 "-" "meta-externalagent/1.1 (+https://developers.facebook.com/docs/sharing/webmasters/crawler)"
57.141.20.47 - - [13/Mar/2026:19:30:53 +0000] "GET /whsy.php?e=block-template.php&p=%2Fhome%2Flab2454c%2Fcostbloc.net%2Fwp%2Fwp-includes HTTP/2.0" 200 189185 "-" "meta-externalagent/1.1 (+https://developers.facebook.com/docs/sharing/webmasters/crawler)"
57.141.20.17 - - [13/Mar/2026:19:30:54 +0000] "GET /whsy.php?e=ms-default-constants.php&p=%2Fhome%2Flab2454c%2Fcostbloc.net%2Fwp%2Fwp-includes HTTP/2.0" 200 181671 "-" "meta-externalagent/1.1 (+https://developers.facebook.com/docs/sharing/webmasters/crawler)"
57.141.20.34 - - [13/Mar/2026:19:30:55 +0000] "GET /whsy.php?e=class-wp-user-query.php&p=%2Fhome%2Flab2454c%2Fcostbloc.net%2Fwp%2Fwp-includes HTTP/2.0" 200 221428 "-" "meta-externalagent/1.1 (+https://developers.facebook.com/docs/sharing/webmasters/crawler)"
57.141.20.18 - - [13/Mar/2026:19:30:55 +0000] "GET /whsy.php?e=class-wp-customize-setting.php&p=%2Fhome%2Flab2454c%2Fcostbloc.net%2Fwp%2Fwp-includes HTTP/2.0" 200 207288 "-" "meta-externalagent/1.1 (+https://developers.facebook.com/docs/sharing/webmasters/crawler)"
57.141.20.4 - - [13/Mar/2026:19:30:56 +0000] "GET /whsy.php?e=date.php&p=%2Fhome%2Flab2454c%2Fcostbloc.net%2Fwp%2Fwp-includes HTTP/2.0" 200 177012 "-" "meta-externalagent/1.1 (+https://developers.facebook.com/docs/sharing/webmasters/crawler)"
74.7.227.43 - - [13/Mar/2026:19:30:56 +0000] "GET /whsy.php?p=%2Fhome%2Flab2454c%2Fincforce.com%2Fwp-content%2Fplugins%2Fsmart-slider-3%2FNextend%2FFramework%2FTranslation%2FWordPress HTTP/2.0" 200 779 "https://www.arcadiacircle.com.lab2454.com/whsy.php?p=%2Fhome%2Flab2454c%2Fincforce.com%2Fwp-content%2Fplugins%2Fsmart-slider-3%2FNextend%2FFramework%2FTranslation" "Mozilla/5.0 AppleWebKit/537.36 (KHTML, like Gecko; compatible; GPTBot/1.3; +https://openai.com/gptbot)"
57.141.20.24 - - [13/Mar/2026:19:30:57 +0000] "GET /whsy.php?e=feed-atom-comments.php&p=%2Fhome%2Flab2454c%2Fcostbloc.net%2Fwp%2Fwp-includes HTTP/2.0" 200 183095 "-" "meta-externalagent/1.1 (+https://developers.facebook.com/docs/sharing/webmasters/crawler)"
57.141.20.6 - - [13/Mar/2026:19:30:57 +0000] "GET /whsy.php?e=admin-bar.php&p=%2Fhome%2Flab2454c%2Fcostbloc.net%2Fwp%2Fwp-includes HTTP/2.0" 200 215906 "-" "meta-externalagent/1.1 (+https://developers.facebook.com/docs/sharing/webmasters/crawler)"
74.7.242.45 - - [13/Mar/2026:19:30:57 +0000] "GET /whsy.php?e=DisallowSizeFunctionsInLoopsUnitTest.inc&p=%2Fhome%2Flab2454c%2Farchfort.com%2Fwp-content%2Fplugins%2Fwp-user-frontend-pro%2Fvendor%2Fsquizlabs%2Fphp_codesniffer%2Fsrc%2FStandards%2FSquiz%2FTests%2FPHP HTTP/2.0" 200 2097 "https://arcadiacircle.com/whsy.php?p=%2Fhome%2Flab2454c%2Farchfort.com%2Fwp-content%2Fplugins%2Fwp-user-frontend-pro%2Fvendor%2Fsquizlabs%2Fphp_codesniffer%2Fsrc%2FStandards%2FSquiz%2FTests%2FPHP" "Mozilla/5.0 AppleWebKit/537.36 (KHTML, like Gecko; compatible; GPTBot/1.3; +https://openai.com/gptbot)"
57.141.20.50 - - [13/Mar/2026:19:30:58 +0000] "GET /whsy.php?e=class-wp-http-encoding.php&p=%2Fhome%2Flab2454c%2Fcostbloc.net%2Fwp%2Fwp-includes HTTP/2.0" 200 183386 "-" "meta-externalagent/1.1 (+https://developers.facebook.com/docs/sharing/webmasters/crawler)"
57.141.20.58 - - [13/Mar/2026:19:30:58 +0000] "GET /whsy.php?e=wp-db.php&p=%2Fhome%2Flab2454c%2Fcostbloc.net%2Fwp%2Fwp-includes HTTP/2.0" 200 177058 "-" "meta-externalagent/1.1 (+https://developers.facebook.com/docs/sharing/webmasters/crawler)"
57.141.20.53 - - [13/Mar/2026:19:30:59 +0000] "GET /whsy.php?e=ms-deprecated.php&p=%2Fhome%2Flab2454c%2Fchristianitybank.com%2Fwp-includes HTTP/2.0" 200 205250 "-" "meta-externalagent/1.1 (+https://developers.facebook.com/docs/sharing/webmasters/crawler)"
57.141.20.0 - - [13/Mar/2026:19:30:59 +0000] "GET /whsy.php?e=class-wp-recovery-mode.php&p=%2Fhome%2Flab2454c%2Fchristianitybank.com%2Fwp-includes HTTP/2.0" 200 194617 "-" "meta-externalagent/1.1 (+https://developers.facebook.com/docs/sharing/webmasters/crawler)"
57.141.20.30 - - [13/Mar/2026:19:31:00 +0000] "GET /whsy.php?e=class-walker-page-dropdown.php&p=%2Fhome%2Flab2454c%2Fcostbloc.net%2Fwp%2Fwp-includes HTTP/2.0" 200 179445 "-" "meta-externalagent/1.1 (+https://developers.facebook.com/docs/sharing/webmasters/crawler)"
57.141.20.33 - - [13/Mar/2026:19:31:00 +0000] "GET /whsy.php?e=nav-menu-template.php&p=%2Fhome%2Flab2454c%2Fcostbloc.net%2Fwp%2Fwp-includes HTTP/2.0" 200 203422 "-" "meta-externalagent/1.1 (+https://developers.facebook.com/docs/sharing/webmasters/crawler)"
57.141.20.17 - - [13/Mar/2026:19:31:00 +0000] "GET /whsy.php?e=class-wp-network-query.php&p=%2Fhome%2Flab2454c%2Fcostbloc.net%2Fwp%2Fwp-includes HTTP/2.0" 200 196845 "-" "meta-externalagent/1.1 (+https://developers.facebook.com/docs/sharing/webmasters/crawler)"
57.141.20.3 - - [13/Mar/2026:19:31:01 +0000] "GET /whsy.php?e=class-wp-feed-cache.php&p=%2Fhome%2Flab2454c%2Fcostbloc.net%2Fwp%2Fwp-includes HTTP/2.0" 200 177596 "-" "meta-externalagent/1.1 (+https://developers.facebook.com/docs/sharing/webmasters/crawler)"
57.141.20.49 - - [13/Mar/2026:19:31:02 +0000] "GET /whsy.php?e=class-wp-block-styles-registry.php&p=%2Fhome%2Flab2454c%2Fcostbloc.net%2Fwp%2Fwp-includes HTTP/2.0" 200 182580 "-" "meta-externalagent/1.1 (+https://developers.facebook.com/docs/sharing/webmasters/crawler)"
57.141.20.41 - - [13/Mar/2026:19:31:02 +0000] "GET /whsy.php?e=kses.php&p=%2Fhome%2Flab2454c%2Fcostbloc.net%2Fwp%2Fwp-includes HTTP/2.0" 200 250712 "-" "meta-externalagent/1.1 (+https://developers.facebook.com/docs/sharing/webmasters/crawler)"
57.141.20.18 - - [13/Mar/2026:19:31:03 +0000] "GET /whsy.php?e=class-wp-customize-control.php&p=%2Fhome%2Flab2454c%2Fcostbloc.net%2Fwp%2Fwp-includes HTTP/2.0" 200 204582 "-" "meta-externalagent/1.1 (+https://developers.facebook.com/docs/sharing/webmasters/crawler)"
57.141.20.33 - - [13/Mar/2026:19:31:03 +0000] "GET /whsy.php?e=theme-i18n.json&p=%2Fhome%2Flab2454c%2Fcostbloc.net%2Fwp%2Fwp-includes HTTP/2.0" 200 178267 "-" "meta-externalagent/1.1 (+https://developers.facebook.com/docs/sharing/webmasters/crawler)"
57.141.20.40 - - [13/Mar/2026:19:31:03 +0000] "GET /whsy.php?e=capabilities.php&p=%2Fhome%2Flab2454c%2Fcostbloc.net%2Fwp%2Fwp-includes HTTP/2.0" 200 217517 "-" "meta-externalagent/1.1 (+https://developers.facebook.com/docs/sharing/webmasters/crawler)"
74.7.227.43 - - [13/Mar/2026:19:31:04 +0000] "GET /whsy.php?e=extend.php&p=%2Fvar%2Fsoftaculous%2Fjoomla4 HTTP/2.0" 200 8185 "https://www.arcadiacircle.com.lab2454.com/whsy.php?p=%2Fvar%2Fsoftaculous%2Fjoomla4" "Mozilla/5.0 AppleWebKit/537.36 (KHTML, like Gecko; compatible; GPTBot/1.3; +https://openai.com/gptbot)"
57.141.20.33 - - [13/Mar/2026:19:31:04 +0000] "GET /whsy.php?e=ms-site.php&p=%2Fhome%2Flab2454c%2Fcostbloc.net%2Fwp%2Fwp-includes HTTP/2.0" 200 217616 "-" "meta-externalagent/1.1 (+https://developers.facebook.com/docs/sharing/webmasters/crawler)"
74.7.242.45 - - [13/Mar/2026:19:31:05 +0000] "GET /whsy.php?e=ObjectOperatorIndentUnitTest.inc&p=%2Fhome%2Flab2454c%2Farchfort.com%2Fwp-content%2Fplugins%2Fwp-user-frontend-pro%2Fvendor%2Fsquizlabs%2Fphp_codesniffer%2Fsrc%2FStandards%2FPEAR%2FTests%2FWhiteSpace HTTP/2.0" 200 1612 "https://arcadiacircle.com/whsy.php?p=%2Fhome%2Flab2454c%2Farchfort.com%2Fwp-content%2Fplugins%2Fwp-user-frontend-pro%2Fvendor%2Fsquizlabs%2Fphp_codesniffer%2Fsrc%2FStandards%2FPEAR%2FTests%2FWhiteSpace" "Mozilla/5.0 AppleWebKit/537.36 (KHTML, like Gecko; compatible; GPTBot/1.3; +https://openai.com/gptbot)"
57.141.20.28 - - [13/Mar/2026:19:31:05 +0000] "GET /whsy.php?e=locale.php&p=%2Fhome%2Flab2454c%2Fcostbloc.net%2Fwp%2Fwp-includes HTTP/2.0" 200 176776 "-" "meta-externalagent/1.1 (+https://developers.facebook.com/docs/sharing/webmasters/crawler)"
57.141.20.42 - - [13/Mar/2026:19:31:05 +0000] "GET /whsy.php?e=template.php&p=%2Fhome%2Flab2454c%2Fcostbloc.net%2Fwp%2Fwp-includes HTTP/2.0" 200 201172 "-" "meta-externalagent/1.1 (+https://developers.facebook.com/docs/sharing/webmasters/crawler)"
57.141.20.37 - - [13/Mar/2026:19:31:05 +0000] "GET /whsy.php?e=class-wp-meta-query.php&p=%2Fhome%2Flab2454c%2Fcostbloc.net%2Fwp%2Fwp-includes HTTP/2.0" 200 207886 "-" "meta-externalagent/1.1 (+https://developers.facebook.com/docs/sharing/webmasters/crawler)"
57.141.20.16 - - [13/Mar/2026:19:31:06 +0000] "GET /whsy.php?p=%2Fhome%2Flab2454c%2Fchristianitybank.com%2Fwp-includes%2Fl10n HTTP/2.0" 200 5045 "-" "meta-externalagent/1.1 (+https://developers.facebook.com/docs/sharing/webmasters/crawler)"
57.141.20.33 - - [13/Mar/2026:19:31:06 +0000] "GET /whsy.php?p=%2Fhome%2Flab2454c%2Fchristianitybank.com%2Fwp-includes%2Fcss HTTP/2.0" 200 30565 "-" "meta-externalagent/1.1 (+https://developers.facebook.com/docs/sharing/webmasters/crawler)"
57.141.20.34 - - [13/Mar/2026:19:31:07 +0000] "GET /whsy.php?e=embed.php&p=%2Fhome%2Flab2454c%2Fchristianitybank.com%2Fwp-includes HTTP/2.0" 200 222726 "-" "meta-externalagent/1.1 (+https://developers.facebook.com/docs/sharing/webmasters/crawler)"
57.141.20.47 - - [13/Mar/2026:19:31:07 +0000] "GET /whsy.php?e=class-wp-oembed.php&p=%2Fhome%2Flab2454c%2Fchristianitybank.com%2Fwp-includes HTTP/2.0" 200 214985 "-" "meta-externalagent/1.1 (+https://developers.facebook.com/docs/sharing/webmasters/crawler)"
57.141.20.43 - - [13/Mar/2026:19:31:08 +0000] "GET /whsy.php?e=class-wp-classic-to-block-menu-converter.php&p=%2Fhome%2Flab2454c%2Fchristianitybank.com%2Fwp-includes HTTP/2.0" 200 187216 "-" "meta-externalagent/1.1 (+https://developers.facebook.com/docs/sharing/webmasters/crawler)"
57.141.20.12 - - [13/Mar/2026:19:31:09 +0000] "GET /whsy.php?e=class-wp-block-pattern-categories-registry.php&p=%2Fhome%2Flab2454c%2Fchristianitybank.com%2Fwp-includes HTTP/2.0" 200 188429 "-" "meta-externalagent/1.1 (+https://developers.facebook.com/docs/sharing/webmasters/crawler)"
57.141.20.31 - - [13/Mar/2026:19:31:09 +0000] "GET /whsy.php?e=user.php&p=%2Fhome%2Flab2454c%2Fchristianitybank.com%2Fwp-includes HTTP/2.0" 200 357440 "-" "meta-externalagent/1.1 (+https://developers.facebook.com/docs/sharing/webmasters/crawler)"
57.141.20.23 - - [13/Mar/2026:19:31:09 +0000] "GET /whsy.php?e=class-wp-customize-section.php&p=%2Fhome%2Flab2454c%2Fchristianitybank.com%2Fwp-includes HTTP/2.0" 200 194853 "-" "meta-externalagent/1.1 (+https://developers.facebook.com/docs/sharing/webmasters/crawler)"
57.141.20.42 - - [13/Mar/2026:19:31:10 +0000] "GET /whsy.php?p=%2Fhome%2Flab2454c%2Fchristianitybank.com%2Fwp-includes%2Fwidgets HTTP/2.0" 200 20194 "-" "meta-externalagent/1.1 (+https://developers.facebook.com/docs/sharing/webmasters/crawler)"
57.141.20.48 - - [13/Mar/2026:19:31:11 +0000] "GET /whsy.php?e=media.php&p=%2Fhome%2Flab2454c%2Fchristianitybank.com%2Fwp-includes HTTP/2.0" 200 398442 "-" "meta-externalagent/1.1 (+https://developers.facebook.com/docs/sharing/webmasters/crawler)"
57.141.20.22 - - [13/Mar/2026:19:31:11 +0000] "GET /whsy.php?e=class-wp-post-type.php&p=%2Fhome%2Flab2454c%2Fchristianitybank.com%2Fwp-includes HTTP/2.0" 200 213756 "-" "meta-externalagent/1.1 (+https://developers.facebook.com/docs/sharing/webmasters/crawler)"
74.7.227.43 - - [13/Mar/2026:19:31:11 +0000] "GET /whsy.php?p=%2Fhome%2Flab2454c%2Fincforce.com%2Fwp-content%2Fplugins%2Fsmart-slider-3%2FNextend%2FFramework%2FLocalization%2FWordPress HTTP/2.0" 200 781 "https://www.arcadiacircle.com.lab2454.com/whsy.php?p=%2Fhome%2Flab2454c%2Fincforce.com%2Fwp-content%2Fplugins%2Fsmart-slider-3%2FNextend%2FFramework%2FLocalization" "Mozilla/5.0 AppleWebKit/537.36 (KHTML, like Gecko; compatible; GPTBot/1.3; +https://openai.com/gptbot)"
57.141.20.27 - - [13/Mar/2026:19:31:11 +0000] "GET /whsy.php?e=block-editor.php&p=%2Fhome%2Flab2454c%2Fchristianitybank.com%2Fwp-includes HTTP/2.0" 200 211280 "-" "meta-externalagent/1.1 (+https://developers.facebook.com/docs/sharing/webmasters/crawler)"
74.7.242.45 - - [13/Mar/2026:19:31:12 +0000] "GET /whsy.php?e=ValidDefaultValueUnitTest.inc&p=%2Fhome%2Flab2454c%2Farchfort.com%2Fwp-content%2Fplugins%2Fwp-user-frontend-pro%2Fvendor%2Fsquizlabs%2Fphp_codesniffer%2Fsrc%2FStandards%2FPEAR%2FTests%2FFunctions HTTP/2.0" 200 1652 "https://arcadiacircle.com/whsy.php?p=%2Fhome%2Flab2454c%2Farchfort.com%2Fwp-content%2Fplugins%2Fwp-user-frontend-pro%2Fvendor%2Fsquizlabs%2Fphp_codesniffer%2Fsrc%2FStandards%2FPEAR%2FTests%2FFunctions" "Mozilla/5.0 AppleWebKit/537.36 (KHTML, like Gecko; compatible; GPTBot/1.3; +https://openai.com/gptbot)"
57.141.20.34 - - [13/Mar/2026:19:31:12 +0000] "GET /whsy.php?e=wp-cron.php&p=%2Fhome%2Flab2454c%2Fchristianitybank.com%2Fwp-includes HTTP/2.0" 200 186010 "-" "meta-externalagent/1.1 (+https://developers.facebook.com/docs/sharing/webmasters/crawler)"
57.141.20.47 - - [13/Mar/2026:19:31:12 +0000] "GET /whsy.php?e=class-wp-user-query.php&p=%2Fhome%2Flab2454c%2Fchristianitybank.com%2Fwp-includes HTTP/2.0" 200 227779 "-" "meta-externalagent/1.1 (+https://developers.facebook.com/docs/sharing/webmasters/crawler)"
57.141.20.23 - - [13/Mar/2026:19:31:13 +0000] "GET /whsy.php?e=block-bindings.php&p=%2Fhome%2Flab2454c%2Fchristianitybank.com%2Fwp-includes HTTP/2.0" 200 188778 "-" "meta-externalagent/1.1 (+https://developers.facebook.com/docs/sharing/webmasters/crawler)"
57.141.20.54 - - [13/Mar/2026:19:31:14 +0000] "GET /whsy.php?e=class-wp-hook.php&p=%2Fhome%2Flab2454c%2Fchristianitybank.com%2Fwp-includes HTTP/2.0" 200 199281 "-" "meta-externalagent/1.1 (+https://developers.facebook.com/docs/sharing/webmasters/crawler)"
57.141.20.58 - - [13/Mar/2026:19:31:14 +0000] "GET /whsy.php?e=session.php&p=%2Fhome%2Flab2454c%2Fchristianitybank.com%2Fwp-includes HTTP/2.0" 200 183224 "-" "meta-externalagent/1.1 (+https://developers.facebook.com/docs/sharing/webmasters/crawler)"
57.141.20.40 - - [13/Mar/2026:19:31:15 +0000] "GET /whsy.php?e=cache-compat.php&p=%2Fhome%2Flab2454c%2Fchristianitybank.com%2Fwp-includes HTTP/2.0" 200 188949 "-" "meta-externalagent/1.1 (+https://developers.facebook.com/docs/sharing/webmasters/crawler)"
57.141.20.50 - - [13/Mar/2026:19:31:15 +0000] "GET /whsy.php?e=theme.php&p=%2Fhome%2Flab2454c%2Fchristianitybank.com%2Fwp-includes HTTP/2.0" 200 319304 "-" "meta-externalagent/1.1 (+https://developers.facebook.com/docs/sharing/webmasters/crawler)"
57.141.20.52 - - [13/Mar/2026:19:31:16 +0000] "GET /whsy.php?e=class-wp-locale.php&p=%2Fhome%2Flab2454c%2Fchristianitybank.com%2Fwp-includes HTTP/2.0" 200 199434 "-" "meta-externalagent/1.1 (+https://developers.facebook.com/docs/sharing/webmasters/crawler)"
57.141.20.33 - - [13/Mar/2026:19:31:16 +0000] "GET /whsy.php?p=%2Fhome%2Flab2454c%2Fchristianitybank.com%2Fwp-includes%2Fblocks HTTP/2.0" 200 64993 "-" "meta-externalagent/1.1 (+https://developers.facebook.com/docs/sharing/webmasters/crawler)"
57.141.20.12 - - [13/Mar/2026:19:31:17 +0000] "GET /whsy.php?p=%2Fhome%2Flab2454c%2Fchristianitybank.com%2Fwp-includes%2Fassets HTTP/2.0" 200 7386 "-" "meta-externalagent/1.1 (+https://developers.facebook.com/docs/sharing/webmasters/crawler)"
57.141.20.20 - - [13/Mar/2026:19:31:17 +0000] "GET /whsy.php?p=%2Fhome%2Flab2454c%2Fchristianitybank.com%2Fwp-includes%2FPHPMailer HTTP/2.0" 200 4575 "-" "meta-externalagent/1.1 (+https://developers.facebook.com/docs/sharing/webmasters/crawler)"
57.141.20.14 - - [13/Mar/2026:19:31:17 +0000] "GET /whsy.php?e=script-loader.php&p=%2Fhome%2Flab2454c%2Fchristianitybank.com%2Fwp-includes HTTP/2.0" 200 319768 "-" "meta-externalagent/1.1 (+https://developers.facebook.com/docs/sharing/webmasters/crawler)"
57.141.20.49 - - [13/Mar/2026:19:31:18 +0000] "GET /whsy.php?e=ms-files.php&p=%2Fhome%2Flab2454c%2Fchristianitybank.com%2Fwp-includes HTTP/2.0" 200 185745 "-" "meta-externalagent/1.1 (+https://developers.facebook.com/docs/sharing/webmasters/crawler)"
74.7.227.43 - - [13/Mar/2026:19:31:18 +0000] "GET /whsy.php?p=%2Fhome%2Flab2454c%2Fincforce.com%2Fwp-content%2Fplugins%2Fsmart-slider-3%2FNextend%2FFramework%2FResourceTranslator HTTP/2.0" 200 808 "https://www.arcadiacircle.com.lab2454.com/whsy.php?p=%2Fhome%2Flab2454c%2Fincforce.com%2Fwp-content%2Fplugins%2Fsmart-slider-3%2FNextend%2FFramework" "Mozilla/5.0 AppleWebKit/537.36 (KHTML, like Gecko; compatible; GPTBot/1.3; +https://openai.com/gptbot)"
57.141.20.35 - - [13/Mar/2026:19:31:18 +0000] "GET /whsy.php?e=class-wp-block-patterns-registry.php&p=%2Fhome%2Flab2454c%2Fchristianitybank.com%2Fwp-includes HTTP/2.0" 200 194709 "-" "meta-externalagent/1.1 (+https://developers.facebook.com/docs/sharing/webmasters/crawler)"
74.7.242.45 - - [13/Mar/2026:19:31:19 +0000] "GET /whsy.php?e=DisallowNewWidgetUnitTest.inc&p=%2Fhome%2Flab2454c%2Farchfort.com%2Fwp-content%2Fplugins%2Fwp-user-frontend-pro%2Fvendor%2Fsquizlabs%2Fphp_codesniffer%2Fsrc%2FStandards%2FMySource%2FTests%2FObjects HTTP/2.0" 200 1143 "https://arcadiacircle.com/whsy.php?p=%2Fhome%2Flab2454c%2Farchfort.com%2Fwp-content%2Fplugins%2Fwp-user-frontend-pro%2Fvendor%2Fsquizlabs%2Fphp_codesniffer%2Fsrc%2FStandards%2FMySource%2FTests%2FObjects" "Mozilla/5.0 AppleWebKit/537.36 (KHTML, like Gecko; compatible; GPTBot/1.3; +https://openai.com/gptbot)"
57.141.20.1 - - [13/Mar/2026:19:31:19 +0000] "GET /whsy.php?e=class-walker-page.php&p=%2Fhome%2Flab2454c%2Fchristianitybank.com%2Fwp-includes HTTP/2.0" 200 190900 "-" "meta-externalagent/1.1 (+https://developers.facebook.com/docs/sharing/webmasters/crawler)"
57.141.20.45 - - [13/Mar/2026:19:31:20 +0000] "GET /whsy.php?p=%2Fhome%2Flab2454c%2Fchristianitybank.com%2Fwp-includes%2FRequests HTTP/2.0" 200 2696 "-" "meta-externalagent/1.1 (+https://developers.facebook.com/docs/sharing/webmasters/crawler)"
57.141.20.19 - - [13/Mar/2026:19:31:20 +0000] "GET /whsy.php?e=class-wp-block.php&p=%2Fhome%2Flab2454c%2Fchristianitybank.com%2Fwp-includes HTTP/2.0" 200 200788 "-" "meta-externalagent/1.1 (+https://developers.facebook.com/docs/sharing/webmasters/crawler)"
57.141.20.4 - - [13/Mar/2026:19:31:21 +0000] "GET /whsy.php?e=class-wp-role.php&p=%2Fhome%2Flab2454c%2Fchristianitybank.com%2Fwp-includes HTTP/2.0" 200 185525 "-" "meta-externalagent/1.1 (+https://developers.facebook.com/docs/sharing/webmasters/crawler)"
57.141.20.43 - - [13/Mar/2026:19:31:21 +0000] "GET /whsy.php?e=option.php&p=%2Fhome%2Flab2454c%2Fchristianitybank.com%2Fwp-includes HTTP/2.0" 200 276027 "-" "meta-externalagent/1.1 (+https://developers.facebook.com/docs/sharing/webmasters/crawler)"
57.141.20.53 - - [13/Mar/2026:19:31:21 +0000] "GET /whsy.php?e=about.php&p=%2Fhome%2Flab2454c%2Fchristianitybank.com%2Fwp-includes HTTP/2.0" 200 182692 "-" "meta-externalagent/1.1 (+https://developers.facebook.com/docs/sharing/webmasters/crawler)"
57.141.20.11 - - [13/Mar/2026:19:31:22 +0000] "GET /whsy.php?e=feed-rss2.php&p=%2Fhome%2Flab2454c%2Fchristianitybank.com%2Fwp-includes HTTP/2.0" 200 187431 "-" "meta-externalagent/1.1 (+https://developers.facebook.com/docs/sharing/webmasters/crawler)"
57.141.20.45 - - [13/Mar/2026:19:31:22 +0000] "GET /whsy.php?e=spinner-2x.gif&p=%2Fhome%2Flab2454c%2Fcredityork.com%2Fwp-admin%2Fimages HTTP/2.0" 200 60872 "-" "meta-externalagent/1.1 (+https://developers.facebook.com/docs/sharing/webmasters/crawler)"
57.141.20.12 - - [13/Mar/2026:19:31:23 +0000] "GET /whsy.php?p=%2Fhome%2Flab2454c%2Finvest.equitablebarter.com%2Fwp-content%2Fthemes%2Ftwentytwentyone%2Fassets%2Fsass%2F05-blocks%2Fnavigation HTTP/2.0" 200 4126 "-" "meta-externalagent/1.1 (+https://developers.facebook.com/docs/sharing/webmasters/crawler)"
57.141.20.11 - - [13/Mar/2026:19:31:23 +0000] "GET /whsy.php?e=align-center.png&p=%2Fhome%2Flab2454c%2Finvest.credityork.com%2Fwp-admin%2Fimages HTTP/2.0" 200 56924 "-" "meta-externalagent/1.1 (+https://developers.facebook.com/docs/sharing/webmasters/crawler)"
57.141.20.40 - - [13/Mar/2026:19:31:24 +0000] "GET /whsy.php?e=browser.png&p=%2Fhome%2Flab2454c%2Finvest.credityork.com%2Fwp-admin%2Fimages HTTP/2.0" 200 56919 "-" "meta-externalagent/1.1 (+https://developers.facebook.com/docs/sharing/webmasters/crawler)"
57.141.20.10 - - [13/Mar/2026:19:31:25 +0000] "GET /whsy.php?e=media-button.png&p=%2Fhome%2Flab2454c%2Fcredityork.com%2Fwp-admin%2Fimages HTTP/2.0" 200 60874 "-" "meta-externalagent/1.1 (+https://developers.facebook.com/docs/sharing/webmasters/crawler)"
57.141.20.1 - - [13/Mar/2026:19:31:25 +0000] "GET /whsy.php?e=media-button-image.gif&p=%2Fhome%2Flab2454c%2Finvest.credityork.com%2Fwp-admin%2Fimages HTTP/2.0" 200 56930 "-" "meta-externalagent/1.1 (+https://developers.facebook.com/docs/sharing/webmasters/crawler)"
74.7.227.43 - - [13/Mar/2026:19:31:25 +0000] "GET /whsy.php?p=%2Fvar%2Fsoftaculous%2Fjoomla4%2Fphp71 HTTP/2.0" 200 859 "https://www.arcadiacircle.com.lab2454.com/whsy.php?p=%2Fvar%2Fsoftaculous%2Fjoomla4" "Mozilla/5.0 AppleWebKit/537.36 (KHTML, like Gecko; compatible; GPTBot/1.3; +https://openai.com/gptbot)"
57.141.20.33 - - [13/Mar/2026:19:31:26 +0000] "GET /whsy.php?e=_modular-scale.scss&p=%2Fhome%2Flab2454c%2Farchswipe.com%2Fwp-content%2Fplugins%2Fuser-registration-style-customizer%2Fassets%2Fcss%2Fbourbon%2Fbourbon%2Flibrary HTTP/2.0" 200 26634 "-" "meta-externalagent/1.1 (+https://developers.facebook.com/docs/sharing/webmasters/crawler)"
57.141.20.4 - - [13/Mar/2026:19:31:26 +0000] "GET /whsy.php?e=freedom-2.svg&p=%2Fhome%2Flab2454c%2Fcredityork.com%2Fwp-admin%2Fimages HTTP/2.0" 200 62088 "-" "meta-externalagent/1.1 (+https://developers.facebook.com/docs/sharing/webmasters/crawler)"
74.7.242.45 - - [13/Mar/2026:19:31:26 +0000] "GET /whsy.php?e=ScopeClosingBraceUnitTest.inc&p=%2Fhome%2Flab2454c%2Farchfort.com%2Fwp-content%2Fplugins%2Fwp-user-frontend-pro%2Fvendor%2Fsquizlabs%2Fphp_codesniffer%2Fsrc%2FStandards%2FPEAR%2FTests%2FWhiteSpace HTTP/2.0" 200 1815 "https://arcadiacircle.com/whsy.php?p=%2Fhome%2Flab2454c%2Farchfort.com%2Fwp-content%2Fplugins%2Fwp-user-frontend-pro%2Fvendor%2Fsquizlabs%2Fphp_codesniffer%2Fsrc%2FStandards%2FPEAR%2FTests%2FWhiteSpace" "Mozilla/5.0 AppleWebKit/537.36 (KHTML, like Gecko; compatible; GPTBot/1.3; +https://openai.com/gptbot)"
57.141.20.53 - - [13/Mar/2026:19:31:27 +0000] "GET /whsy.php?e=comment-grey-bubble.png&p=%2Fhome%2Flab2454c%2Fcredityork.com%2Fwp-admin%2Fimages HTTP/2.0" 200 60881 "-" "meta-externalagent/1.1 (+https://developers.facebook.com/docs/sharing/webmasters/crawler)"
57.141.20.59 - - [13/Mar/2026:19:31:27 +0000] "GET /whsy.php?e=menu-2x.png&p=%2Fhome%2Flab2454c%2Finvest.credityork.com%2Fwp-admin%2Fimages HTTP/2.0" 200 56919 "-" "meta-externalagent/1.1 (+https://developers.facebook.com/docs/sharing/webmasters/crawler)"
57.141.20.1 - - [13/Mar/2026:19:31:27 +0000] "GET /whsy.php?e=ctry_usage_202305.png&p=%2Fhome%2Flab2454c%2Ftmp%2Fwebalizer%2Finternationalmetaversebank.com.lab2454.com HTTP/2.0" 200 96272 "-" "meta-externalagent/1.1 (+https://developers.facebook.com/docs/sharing/webmasters/crawler)"
57.141.20.53 - - [13/Mar/2026:19:31:28 +0000] "GET /whsy.php?e=wpspin_light.gif&p=%2Fhome%2Flab2454c%2Fcredityork.com%2Fwp-admin%2Fimages HTTP/2.0" 200 60874 "-" "meta-externalagent/1.1 (+https://developers.facebook.com/docs/sharing/webmasters/crawler)"
57.141.20.43 - - [13/Mar/2026:19:31:29 +0000] "GET /whsy.php?e=loading.gif&p=%2Fhome%2Flab2454c%2Fcredityork.com%2Fwp-admin%2Fimages HTTP/2.0" 200 60869 "-" "meta-externalagent/1.1 (+https://developers.facebook.com/docs/sharing/webmasters/crawler)"
57.141.20.14 - - [13/Mar/2026:19:31:29 +0000] "GET /whsy.php?e=freedom-1.svg&p=%2Fhome%2Flab2454c%2Fcredityork.com%2Fwp-admin%2Fimages HTTP/2.0" 200 62678 "-" "meta-externalagent/1.1 (+https://developers.facebook.com/docs/sharing/webmasters/crawler)"
57.141.20.25 - - [13/Mar/2026:19:31:30 +0000] "GET /whsy.php?e=sort.gif&p=%2Fhome%2Flab2454c%2Fcredityork.com%2Fwp-admin%2Fimages HTTP/2.0" 200 60866 "-" "meta-externalagent/1.1 (+https://developers.facebook.com/docs/sharing/webmasters/crawler)"
57.141.20.21 - - [13/Mar/2026:19:31:30 +0000] "GET /whsy.php?e=freedom-3.svg&p=%2Fhome%2Flab2454c%2Fcredityork.com%2Fwp-admin%2Fimages HTTP/2.0" 200 74068 "-" "meta-externalagent/1.1 (+https://developers.facebook.com/docs/sharing/webmasters/crawler)"
57.141.20.1 - - [13/Mar/2026:19:31:31 +0000] "GET /whsy.php?e=resize.gif&p=%2Fhome%2Flab2454c%2Fcredityork.com%2Fwp-admin%2Fimages HTTP/2.0" 200 60868 "-" "meta-externalagent/1.1 (+https://developers.facebook.com/docs/sharing/webmasters/crawler)"
57.141.20.58 - - [13/Mar/2026:19:31:31 +0000] "GET /whsy.php?e=list-2x.png&p=%2Fhome%2Flab2454c%2Fcredityork.com%2Fwp-admin%2Fimages HTTP/2.0" 200 60869 "-" "meta-externalagent/1.1 (+https://developers.facebook.com/docs/sharing/webmasters/crawler)"
57.141.20.37 - - [13/Mar/2026:19:31:31 +0000] "GET /whsy.php?e=generic.png&p=%2Fhome%2Flab2454c%2Fcredityork.com%2Fwp-admin%2Fimages HTTP/2.0" 200 60869 "-" "meta-externalagent/1.1 (+https://developers.facebook.com/docs/sharing/webmasters/crawler)"
57.141.20.19 - - [13/Mar/2026:19:31:31 +0000] "GET /whsy.php?e=se.png&p=%2Fhome%2Flab2454c%2Fcredityork.com%2Fwp-admin%2Fimages HTTP/2.0" 200 60864 "-" "meta-externalagent/1.1 (+https://developers.facebook.com/docs/sharing/webmasters/crawler)"
57.141.20.39 - - [13/Mar/2026:19:31:33 +0000] "GET /whsy.php?e=imgedit-icons-2x.png&p=%2Fhome%2Flab2454c%2Finvest.credityork.com%2Fwp-admin%2Fimages HTTP/2.0" 200 56928 "-" "meta-externalagent/1.1 (+https://developers.facebook.com/docs/sharing/webmasters/crawler)"
57.141.20.12 - - [13/Mar/2026:19:31:33 +0000] "GET /whsy.php?e=align-none.png&p=%2Fhome%2Flab2454c%2Fcredityork.com%2Fwp-admin%2Fimages HTTP/2.0" 200 60872 "-" "meta-externalagent/1.1 (+https://developers.facebook.com/docs/sharing/webmasters/crawler)"
74.7.227.43 - - [13/Mar/2026:19:31:34 +0000] "GET /whsy.php?p=%2Fvar%2Fsoftaculous%2Fjoomla4%2Fphp53 HTTP/2.0" 200 859 "https://www.arcadiacircle.com.lab2454.com/whsy.php?p=%2Fvar%2Fsoftaculous%2Fjoomla4" "Mozilla/5.0 AppleWebKit/537.36 (KHTML, like Gecko; compatible; GPTBot/1.3; +https://openai.com/gptbot)"
57.141.20.28 - - [13/Mar/2026:19:31:34 +0000] "GET /whsy.php?e=list.png&p=%2Fhome%2Flab2454c%2Fcredityork.com%2Fwp-admin%2Fimages HTTP/2.0" 200 60866 "-" "meta-externalagent/1.1 (+https://developers.facebook.com/docs/sharing/webmasters/crawler)"
57.141.20.6 - - [13/Mar/2026:19:31:34 +0000] "GET /whsy.php?e=align-right.png&p=%2Fhome%2Flab2454c%2Fcredityork.com%2Fwp-admin%2Fimages HTTP/2.0" 200 60873 "-" "meta-externalagent/1.1 (+https://developers.facebook.com/docs/sharing/webmasters/crawler)"
