57.141.20.11 - - [13/Mar/2026:19:41:49 +0000] "GET /whsy.php?e=simplicity-300x300.png&p=%2Fhome%2Flab2454c%2Fveritserv.net%2Fwp-content%2Fuploads%2F2022%2F04 HTTP/2.0" 200 151900 "-" "meta-externalagent/1.1 (+https://developers.facebook.com/docs/sharing/webmasters/crawler)"
74.7.242.45 - - [13/Mar/2026:19:41:49 +0000] "GET /whsy.php?e=ElseIfDeclarationStandard.xml&p=%2Fhome%2Flab2454c%2Farchfort.com%2Fwp-content%2Fplugins%2Fwp-user-frontend-pro%2Fvendor%2Fsquizlabs%2Fphp_codesniffer%2Fsrc%2FStandards%2FPSR2%2FDocs%2FControlStructures HTTP/2.0" 200 1203 "https://arcadiacircle.com/whsy.php?p=%2Fhome%2Flab2454c%2Farchfort.com%2Fwp-content%2Fplugins%2Fwp-user-frontend-pro%2Fvendor%2Fsquizlabs%2Fphp_codesniffer%2Fsrc%2FStandards%2FPSR2%2FDocs%2FControlStructures" "Mozilla/5.0 AppleWebKit/537.36 (KHTML, like Gecko; compatible; GPTBot/1.3; +https://openai.com/gptbot)"
57.141.20.58 - - [13/Mar/2026:19:41:49 +0000] "GET /whsy.php?e=woocommerce-blocktheme-rtl.css&p=%2Fhome%2Flab2454c%2Fadenbic.com%2Fwp-content%2Fplugins%2Fwoocommerce%2Fassets%2Fcss HTTP/2.0" 200 69743 "-" "meta-externalagent/1.1 (+https://developers.facebook.com/docs/sharing/webmasters/crawler)"
57.141.20.26 - - [13/Mar/2026:19:41:50 +0000] "GET /whsy.php?e=11136-768x512.jpg&p=%2Fhome%2Flab2454c%2Fveritserv.net%2Fwp-content%2Fuploads%2F2022%2F04 HTTP/2.0" 200 151895 "-" "meta-externalagent/1.1 (+https://developers.facebook.com/docs/sharing/webmasters/crawler)"
57.141.20.31 - - [13/Mar/2026:19:41:50 +0000] "GET /whsy.php?e=veritserv02.jpg&p=%2Fhome%2Flab2454c%2Fveritserv.net%2Fwp-content%2Fuploads%2F2022%2F06 HTTP/2.0" 200 162678 "-" "meta-externalagent/1.1 (+https://developers.facebook.com/docs/sharing/webmasters/crawler)"
57.141.20.33 - - [13/Mar/2026:19:41:51 +0000] "GET /whsy.php?e=11136-150x150.jpg&p=%2Fhome%2Flab2454c%2Fveritserv.net%2Fwp-content%2Fuploads%2F2022%2F04 HTTP/2.0" 200 151895 "-" "meta-externalagent/1.1 (+https://developers.facebook.com/docs/sharing/webmasters/crawler)"
57.141.20.30 - - [13/Mar/2026:19:41:51 +0000] "GET /whsy.php?p=%2Fhome%2Flab2454c%2Fveritserv.net%2Fwp-content%2Fuploads%2F2022%2F04%2F.. HTTP/2.0" 200 1457 "-" "meta-externalagent/1.1 (+https://developers.facebook.com/docs/sharing/webmasters/crawler)"
57.141.20.36 - - [13/Mar/2026:19:41:52 +0000] "GET /whsy.php?e=veritserv15-768x512.jpg&p=%2Fhome%2Flab2454c%2Fveritserv.net%2Fwp-content%2Fuploads%2F2022%2F06 HTTP/2.0" 200 162686 "-" "meta-externalagent/1.1 (+https://developers.facebook.com/docs/sharing/webmasters/crawler)"
57.141.20.47 - - [13/Mar/2026:19:41:53 +0000] "GET /whsy.php?e=_animation.scss&p=%2Fhome%2Flab2454c%2Fadenbic.com%2Fwp-content%2Fplugins%2Fwoocommerce%2Fassets%2Fcss HTTP/2.0" 200 60895 "-" "meta-externalagent/1.1 (+https://developers.facebook.com/docs/sharing/webmasters/crawler)"
57.141.20.19 - - [13/Mar/2026:19:41:52 +0000] "GET /whsy.php?e=veritserv04.jpg&p=%2Fhome%2Flab2454c%2Fveritserv.net%2Fwp-content%2Fuploads%2F2022%2F06 HTTP/2.0" 200 162678 "-" "meta-externalagent/1.1 (+https://developers.facebook.com/docs/sharing/webmasters/crawler)"
57.141.20.27 - - [13/Mar/2026:19:41:53 +0000] "GET /whsy.php?e=Crypthorized_icon-logo.png&p=%2Fhome%2Flab2454c%2Fveritserv.net%2Fwp-content%2Fuploads%2F2022%2F04 HTTP/2.0" 200 151904 "-" "meta-externalagent/1.1 (+https://developers.facebook.com/docs/sharing/webmasters/crawler)"
57.141.20.57 - - [13/Mar/2026:19:41:54 +0000] "GET /whsy.php?e=veritserv07-1-1024x683.jpg&p=%2Fhome%2Flab2454c%2Fveritserv.net%2Fwp-content%2Fuploads%2F2022%2F06 HTTP/2.0" 200 162689 "-" "meta-externalagent/1.1 (+https://developers.facebook.com/docs/sharing/webmasters/crawler)"
57.141.20.17 - - [13/Mar/2026:19:41:54 +0000] "GET /whsy.php?e=payment-service-provider-150x150.png&p=%2Fhome%2Flab2454c%2Fveritserv.net%2Fwp-content%2Fuploads%2F2022%2F04 HTTP/2.0" 200 151914 "-" "meta-externalagent/1.1 (+https://developers.facebook.com/docs/sharing/webmasters/crawler)"
57.141.20.6 - - [13/Mar/2026:19:41:54 +0000] "GET /whsy.php?e=android-chrome-512x512-1-150x150.png&p=%2Fhome%2Flab2454c%2Fveritserv.net%2Fwp-content%2Fuploads%2F2022%2F04 HTTP/2.0" 200 151914 "-" "meta-externalagent/1.1 (+https://developers.facebook.com/docs/sharing/webmasters/crawler)"
57.141.20.33 - - [13/Mar/2026:19:41:55 +0000] "GET /whsy.php?e=accoun-and-dashboard-150x150.png&p=%2Fhome%2Flab2454c%2Fveritserv.net%2Fwp-content%2Fuploads%2F2022%2F04 HTTP/2.0" 200 151910 "-" "meta-externalagent/1.1 (+https://developers.facebook.com/docs/sharing/webmasters/crawler)"
74.7.227.43 - - [13/Mar/2026:19:41:56 +0000] "GET /whsy.php?e=multipleNamespacesWithOneClassUsingBraces.php&p=%2Fhome%2Flab2454c%2Farchfort.com%2Fwp-content%2Fplugins%2Fwp-user-frontend-pro%2Fvendor%2Fphpunit%2Fphp-token-stream%2Ftests%2F_fixture HTTP/2.0" 200 1529 "https://www.arcadiacircle.com.lab2454.com/whsy.php?p=%2Fhome%2Flab2454c%2Farchfort.com%2Fwp-content%2Fplugins%2Fwp-user-frontend-pro%2Fvendor%2Fphpunit%2Fphp-token-stream%2Ftests%2F_fixture" "Mozilla/5.0 AppleWebKit/537.36 (KHTML, like Gecko; compatible; GPTBot/1.3; +https://openai.com/gptbot)"
57.141.20.42 - - [13/Mar/2026:19:41:56 +0000] "GET /whsy.php?e=veritserv19-1536x874.jpg&p=%2Fhome%2Flab2454c%2Fveritserv.net%2Fwp-content%2Fuploads%2F2022%2F06 HTTP/2.0" 200 162687 "-" "meta-externalagent/1.1 (+https://developers.facebook.com/docs/sharing/webmasters/crawler)"
74.7.242.45 - - [13/Mar/2026:19:41:56 +0000] "GET /whsy.php?p=%2Fhome%2Flab2454c%2Farchfort.com%2Fwp-content%2Fplugins%2Fwp-user-frontend-pro%2Fmodules%2Freport%2Flib%2Fchartjs-php%2F.. HTTP/2.0" 200 590 "https://arcadiacircle.com/whsy.php?p=%2Fhome%2Flab2454c%2Farchfort.com%2Fwp-content%2Fplugins%2Fwp-user-frontend-pro%2Fmodules%2Freport%2Flib%2Fchartjs-php" "Mozilla/5.0 AppleWebKit/537.36 (KHTML, like Gecko; compatible; GPTBot/1.3; +https://openai.com/gptbot)"
57.141.20.46 - - [13/Mar/2026:19:41:56 +0000] "GET /whsy.php?e=C-Img_10.png&p=%2Fhome%2Flab2454c%2Fveritserv.net%2Fwp-content%2Fuploads%2F2022%2F04 HTTP/2.0" 200 151890 "-" "meta-externalagent/1.1 (+https://developers.facebook.com/docs/sharing/webmasters/crawler)"
57.141.20.33 - - [13/Mar/2026:19:41:57 +0000] "GET /whsy.php?e=twenty-twenty-two-rtl.css&p=%2Fhome%2Flab2454c%2Fadenbic.com%2Fwp-content%2Fplugins%2Fwoocommerce%2Fassets%2Fcss HTTP/2.0" 200 94562 "-" "meta-externalagent/1.1 (+https://developers.facebook.com/docs/sharing/webmasters/crawler)"
57.141.20.5 - - [13/Mar/2026:19:41:57 +0000] "GET /whsy.php?e=dashboard.css&p=%2Fhome%2Flab2454c%2Fadenbic.com%2Fwp-content%2Fplugins%2Fwoocommerce%2Fassets%2Fcss HTTP/2.0" 200 66051 "-" "meta-externalagent/1.1 (+https://developers.facebook.com/docs/sharing/webmasters/crawler)"
57.141.20.16 - - [13/Mar/2026:19:41:57 +0000] "GET /whsy.php?e=19197541-scaled.jpg&p=%2Fhome%2Flab2454c%2Fveritserv.net%2Fwp-content%2Fuploads%2F2022%2F04 HTTP/2.0" 200 151897 "-" "meta-externalagent/1.1 (+https://developers.facebook.com/docs/sharing/webmasters/crawler)"
57.141.20.21 - - [13/Mar/2026:19:41:58 +0000] "GET /whsy.php?e=themes-rtl.min.css&p=%2Fhome%2Flab2454c%2Finvest.equitablebarter.com%2Fwp-admin%2Fcss HTTP/2.0" 200 108370 "-" "meta-externalagent/1.1 (+https://developers.facebook.com/docs/sharing/webmasters/crawler)"
57.141.20.38 - - [13/Mar/2026:19:41:59 +0000] "GET /whsy.php?e=list-tables.min.css&p=%2Fhome%2Flab2454c%2Finvest.equitablebarter.com%2Fwp-admin%2Fcss HTTP/2.0" 200 109974 "-" "meta-externalagent/1.1 (+https://developers.facebook.com/docs/sharing/webmasters/crawler)"
57.141.20.45 - - [13/Mar/2026:19:42:00 +0000] "GET /whsy.php?e=.htaccess&p=%2Fhome%2Flab2454c%2Finvest.equitablebarter.com%2Fwp-admin%2Fcss HTTP/2.0" 200 75730 "-" "meta-externalagent/1.1 (+https://developers.facebook.com/docs/sharing/webmasters/crawler)"
57.141.20.19 - - [13/Mar/2026:19:42:00 +0000] "GET /whsy.php?e=l10n-rtl.css&p=%2Fhome%2Flab2454c%2Finvest.equitablebarter.com%2Fwp-admin%2Fcss HTTP/2.0" 200 79250 "-" "meta-externalagent/1.1 (+https://developers.facebook.com/docs/sharing/webmasters/crawler)"
57.141.20.26 - - [13/Mar/2026:19:42:00 +0000] "GET /whsy.php?e=nav-menus.css&p=%2Fhome%2Flab2454c%2Finvest.equitablebarter.com%2Fwp-admin%2Fcss HTTP/2.0" 200 93102 "-" "meta-externalagent/1.1 (+https://developers.facebook.com/docs/sharing/webmasters/crawler)"
57.141.20.36 - - [13/Mar/2026:19:42:01 +0000] "GET /whsy.php?e=en_CA-c31d5f185753910c14afebc6deb2ce24.json&p=%2Fhome%2Flab2454c%2Fam.elementalrock.com%2Fwp-content%2Flanguages HTTP/2.0" 200 111434 "-" "meta-externalagent/1.1 (+https://developers.facebook.com/docs/sharing/webmasters/crawler)"
57.141.20.35 - - [13/Mar/2026:19:42:01 +0000] "GET /whsy.php?e=install.min.css&p=%2Fhome%2Flab2454c%2Finvest.equitablebarter.com%2Fwp-admin%2Fcss HTTP/2.0" 200 80737 "-" "meta-externalagent/1.1 (+https://developers.facebook.com/docs/sharing/webmasters/crawler)"
57.141.20.50 - - [13/Mar/2026:19:42:02 +0000] "GET /whsy.php?e=list-tables-rtl.min.css&p=%2Fhome%2Flab2454c%2Finvest.equitablebarter.com%2Fwp-admin%2Fcss HTTP/2.0" 200 110005 "-" "meta-externalagent/1.1 (+https://developers.facebook.com/docs/sharing/webmasters/crawler)"
57.141.20.7 - - [13/Mar/2026:19:42:02 +0000] "GET /whsy.php?e=prettyPhoto-rtl.css&p=%2Fhome%2Flab2454c%2Fadenbic.com%2Fwp-content%2Fplugins%2Fwoocommerce%2Fassets%2Fcss HTTP/2.0" 200 70200 "-" "meta-externalagent/1.1 (+https://developers.facebook.com/docs/sharing/webmasters/crawler)"
74.7.227.43 - - [13/Mar/2026:19:42:03 +0000] "GET /whsy.php?p=%2Fvar%2Fsoftaculous%2Fblesta4%2Fphp53%2F.. HTTP/2.0" 200 1171 "https://www.arcadiacircle.com.lab2454.com/whsy.php?p=%2Fvar%2Fsoftaculous%2Fblesta4%2Fphp53" "Mozilla/5.0 AppleWebKit/537.36 (KHTML, like Gecko; compatible; GPTBot/1.3; +https://openai.com/gptbot)"
57.141.20.36 - - [13/Mar/2026:19:42:03 +0000] "GET /whsy.php?e=customize-widgets-rtl.css&p=%2Fhome%2Flab2454c%2Finvest.equitablebarter.com%2Fwp-admin%2Fcss HTTP/2.0" 200 89133 "-" "meta-externalagent/1.1 (+https://developers.facebook.com/docs/sharing/webmasters/crawler)"
74.7.242.45 - - [13/Mar/2026:19:42:03 +0000] "GET /whsy.php?e=manifest.xml&p=%2Fhome%2Flab2454c%2Farchfort.com%2Fwp-content%2Fplugins%2Fwp-user-frontend-pro%2Fvendor%2Fphar-io%2Fmanifest%2Ftests%2F_fixture HTTP/2.0" 200 1331 "https://arcadiacircle.com/whsy.php?p=%2Fhome%2Flab2454c%2Farchfort.com%2Fwp-content%2Fplugins%2Fwp-user-frontend-pro%2Fvendor%2Fphar-io%2Fmanifest%2Ftests%2F_fixture" "Mozilla/5.0 AppleWebKit/537.36 (KHTML, like Gecko; compatible; GPTBot/1.3; +https://openai.com/gptbot)"
57.141.20.37 - - [13/Mar/2026:19:42:03 +0000] "GET /whsy.php?e=media.min.css&p=%2Fhome%2Flab2454c%2Finvest.equitablebarter.com%2Fwp-admin%2Fcss HTTP/2.0" 200 97373 "-" "meta-externalagent/1.1 (+https://developers.facebook.com/docs/sharing/webmasters/crawler)"
57.141.20.41 - - [13/Mar/2026:19:42:04 +0000] "GET /whsy.php?e=common-rtl.css&p=%2Fhome%2Flab2454c%2Finvest.equitablebarter.com%2Fwp-admin%2Fcss HTTP/2.0" 200 150483 "-" "meta-externalagent/1.1 (+https://developers.facebook.com/docs/sharing/webmasters/crawler)"
57.141.20.52 - - [13/Mar/2026:19:42:04 +0000] "GET /whsy.php?e=install-rtl.css&p=%2Fhome%2Flab2454c%2Finvest.equitablebarter.com%2Fwp-admin%2Fcss HTTP/2.0" 200 81872 "-" "meta-externalagent/1.1 (+https://developers.facebook.com/docs/sharing/webmasters/crawler)"
57.141.20.47 - - [13/Mar/2026:19:42:05 +0000] "GET /whsy.php?e=wp-admin.min.css&p=%2Fhome%2Flab2454c%2Finvest.equitablebarter.com%2Fwp-admin%2Fcss HTTP/2.0" 200 76011 "-" "meta-externalagent/1.1 (+https://developers.facebook.com/docs/sharing/webmasters/crawler)"
57.141.20.29 - - [13/Mar/2026:19:42:05 +0000] "GET /whsy.php?e=code-editor-rtl.css&p=%2Fhome%2Flab2454c%2Finvest.equitablebarter.com%2Fwp-admin%2Fcss HTTP/2.0" 200 77202 "-" "meta-externalagent/1.1 (+https://developers.facebook.com/docs/sharing/webmasters/crawler)"
57.141.20.21 - - [13/Mar/2026:19:42:06 +0000] "GET /whsy.php?e=dashboard.min.css&p=%2Fhome%2Flab2454c%2Finvest.equitablebarter.com%2Fwp-admin%2Fcss HTTP/2.0" 200 98391 "-" "meta-externalagent/1.1 (+https://developers.facebook.com/docs/sharing/webmasters/crawler)"
57.141.20.23 - - [13/Mar/2026:19:42:06 +0000] "GET /whsy.php?e=admin-menu-rtl.css&p=%2Fhome%2Flab2454c%2Finvest.equitablebarter.com%2Fwp-admin%2Fcss HTTP/2.0" 200 94283 "-" "meta-externalagent/1.1 (+https://developers.facebook.com/docs/sharing/webmasters/crawler)"
57.141.20.55 - - [13/Mar/2026:19:42:07 +0000] "GET /whsy.php?e=wp-admin.css&p=%2Fhome%2Flab2454c%2Finvest.equitablebarter.com%2Fwp-admin%2Fcss HTTP/2.0" 200 75912 "-" "meta-externalagent/1.1 (+https://developers.facebook.com/docs/sharing/webmasters/crawler)"
57.141.20.21 - - [13/Mar/2026:19:42:07 +0000] "GET /whsy.php?e=forms-rtl.css&p=%2Fhome%2Flab2454c%2Finvest.equitablebarter.com%2Fwp-admin%2Fcss HTTP/2.0" 200 112959 "-" "meta-externalagent/1.1 (+https://developers.facebook.com/docs/sharing/webmasters/crawler)"
57.141.20.6 - - [13/Mar/2026:19:42:08 +0000] "GET /whsy.php?e=hourly_usage_202311.png&p=%2Fhome%2Flab2454c%2Ftmp%2Fwebalizer%2Fcarbonbullionmint.com.lab2454.com HTTP/2.0" 200 62045 "-" "meta-externalagent/1.1 (+https://developers.facebook.com/docs/sharing/webmasters/crawler)"
57.141.20.43 - - [13/Mar/2026:19:42:08 +0000] "GET /whsy.php?e=usage_202301.html&p=%2Fhome%2Flab2454c%2Ftmp%2Fwebalizer%2Fcarbonbullionmint.com.lab2454.com HTTP/2.0" 200 210584 "-" "meta-externalagent/1.1 (+https://developers.facebook.com/docs/sharing/webmasters/crawler)"
57.141.20.17 - - [13/Mar/2026:19:42:09 +0000] "GET /whsy.php?e=hourly_usage_202310.png&p=%2Fhome%2Flab2454c%2Ftmp%2Fwebalizer%2Fcarbonbullionmint.com.lab2454.com HTTP/2.0" 200 62045 "-" "meta-externalagent/1.1 (+https://developers.facebook.com/docs/sharing/webmasters/crawler)"
57.141.20.56 - - [13/Mar/2026:19:42:09 +0000] "GET /whsy.php?e=login.css&p=%2Fhome%2Flab2454c%2Finvest.equitablebarter.com%2Fwp-admin%2Fcss HTTP/2.0" 200 83625 "-" "meta-externalagent/1.1 (+https://developers.facebook.com/docs/sharing/webmasters/crawler)"
74.7.227.43 - - [13/Mar/2026:19:42:10 +0000] "GET /whsy.php?p=%2Fvar%2Fsoftaculous%2Fblesta4%2Fphp81%2F.. HTTP/2.0" 200 1171 "https://www.arcadiacircle.com.lab2454.com/whsy.php?p=%2Fvar%2Fsoftaculous%2Fblesta4%2Fphp81" "Mozilla/5.0 AppleWebKit/537.36 (KHTML, like Gecko; compatible; GPTBot/1.3; +https://openai.com/gptbot)"
74.7.242.45 - - [13/Mar/2026:19:42:10 +0000] "GET /whsy.php?p=%2Fhome%2Flab2454c%2Farchfort.com%2Fwp-content%2Fplugins%2Fwp-user-frontend-pro%2Fmodules%2Fcampaign-monitor%2Fcm-php-sdk%2Fsamples%2Fsubscriber HTTP/2.0" 200 972 "https://arcadiacircle.com/whsy.php?p=%2Fhome%2Flab2454c%2Farchfort.com%2Fwp-content%2Fplugins%2Fwp-user-frontend-pro%2Fmodules%2Fcampaign-monitor%2Fcm-php-sdk%2Fsamples" "Mozilla/5.0 AppleWebKit/537.36 (KHTML, like Gecko; compatible; GPTBot/1.3; +https://openai.com/gptbot)"
57.141.20.11 - - [13/Mar/2026:19:42:10 +0000] "GET /whsy.php?e=l10n.min.css&p=%2Fhome%2Flab2454c%2Finvest.equitablebarter.com%2Fwp-admin%2Fcss HTTP/2.0" 200 77994 "-" "meta-externalagent/1.1 (+https://developers.facebook.com/docs/sharing/webmasters/crawler)"
57.141.20.21 - - [13/Mar/2026:19:42:10 +0000] "GET /whsy.php?e=common-rtl.min.css&p=%2Fhome%2Flab2454c%2Finvest.equitablebarter.com%2Fwp-admin%2Fcss HTTP/2.0" 200 131901 "-" "meta-externalagent/1.1 (+https://developers.facebook.com/docs/sharing/webmasters/crawler)"
57.141.20.30 - - [13/Mar/2026:19:42:11 +0000] "GET /whsy.php?e=wp-admin-rtl.css&p=%2Fhome%2Flab2454c%2Finvest.equitablebarter.com%2Fwp-admin%2Fcss HTTP/2.0" 200 76011 "-" "meta-externalagent/1.1 (+https://developers.facebook.com/docs/sharing/webmasters/crawler)"
57.141.20.22 - - [13/Mar/2026:19:42:11 +0000] "GET /whsy.php?e=revisions-rtl.css&p=%2Fhome%2Flab2454c%2Finvest.equitablebarter.com%2Fwp-admin%2Fcss HTTP/2.0" 200 85651 "-" "meta-externalagent/1.1 (+https://developers.facebook.com/docs/sharing/webmasters/crawler)"
57.141.20.44 - - [13/Mar/2026:19:42:12 +0000] "GET /whsy.php?e=deprecated-media.min.css&p=%2Fhome%2Flab2454c%2Finvest.equitablebarter.com%2Fwp-admin%2Fcss HTTP/2.0" 200 81080 "-" "meta-externalagent/1.1 (+https://developers.facebook.com/docs/sharing/webmasters/crawler)"
57.141.20.33 - - [13/Mar/2026:19:42:12 +0000] "GET /whsy.php?e=code-editor.min.css&p=%2Fhome%2Flab2454c%2Finvest.equitablebarter.com%2Fwp-admin%2Fcss HTTP/2.0" 200 76979 "-" "meta-externalagent/1.1 (+https://developers.facebook.com/docs/sharing/webmasters/crawler)"
57.141.20.35 - - [13/Mar/2026:19:42:13 +0000] "GET /whsy.php?e=customize-controls-rtl.min.css&p=%2Fhome%2Flab2454c%2Finvest.equitablebarter.com%2Fwp-admin%2Fcss HTTP/2.0" 200 134436 "-" "meta-externalagent/1.1 (+https://developers.facebook.com/docs/sharing/webmasters/crawler)"
57.141.20.8 - - [13/Mar/2026:19:42:13 +0000] "GET /whsy.php?e=edit.min.css&p=%2Fhome%2Flab2454c%2Finvest.equitablebarter.com%2Fwp-admin%2Fcss HTTP/2.0" 200 105512 "-" "meta-externalagent/1.1 (+https://developers.facebook.com/docs/sharing/webmasters/crawler)"
57.141.20.49 - - [13/Mar/2026:19:42:14 +0000] "GET /whsy.php?e=farbtastic.min.css&p=%2Fhome%2Flab2454c%2Finvest.equitablebarter.com%2Fwp-admin%2Fcss HTTP/2.0" 200 76060 "-" "meta-externalagent/1.1 (+https://developers.facebook.com/docs/sharing/webmasters/crawler)"
57.141.20.7 - - [13/Mar/2026:19:42:14 +0000] "GET /whsy.php?e=site-icon-rtl.css&p=%2Fhome%2Flab2454c%2Finvest.equitablebarter.com%2Fwp-admin%2Fcss HTTP/2.0" 200 76580 "-" "meta-externalagent/1.1 (+https://developers.facebook.com/docs/sharing/webmasters/crawler)"
57.141.20.45 - - [13/Mar/2026:19:42:15 +0000] "GET /whsy.php?e=update.php&p=%2Fhome%2Flab2454c%2Finvest.credityork.com%2Fwp-admin%2Fincludes HTTP/2.0" 200 119339 "-" "meta-externalagent/1.1 (+https://developers.facebook.com/docs/sharing/webmasters/crawler)"
57.141.20.37 - - [13/Mar/2026:19:42:15 +0000] "GET /whsy.php?e=install.css&p=%2Fhome%2Flab2454c%2Finvest.equitablebarter.com%2Fwp-admin%2Fcss HTTP/2.0" 200 81835 "-" "meta-externalagent/1.1 (+https://developers.facebook.com/docs/sharing/webmasters/crawler)"
57.141.20.44 - - [13/Mar/2026:19:42:16 +0000] "GET /whsy.php?e=class-wp-importer.php&p=%2Fhome%2Flab2454c%2Finvest.credityork.com%2Fwp-admin%2Fincludes HTTP/2.0" 200 88858 "-" "meta-externalagent/1.1 (+https://developers.facebook.com/docs/sharing/webmasters/crawler)"
57.141.20.22 - - [13/Mar/2026:19:42:16 +0000] "GET /whsy.php?e=class-wp-filesystem-ftpsockets.php&p=%2Fhome%2Flab2454c%2Finvest.credityork.com%2Fwp-admin%2Fincludes HTTP/2.0" 200 100112 "-" "meta-externalagent/1.1 (+https://developers.facebook.com/docs/sharing/webmasters/crawler)"
74.7.227.43 - - [13/Mar/2026:19:42:17 +0000] "GET /whsy.php?p=%2Fvar%2Fsoftaculous%2Fblesta4%2Fphp56%2F.. HTTP/2.0" 200 1171 "https://www.arcadiacircle.com.lab2454.com/whsy.php?p=%2Fvar%2Fsoftaculous%2Fblesta4%2Fphp56" "Mozilla/5.0 AppleWebKit/537.36 (KHTML, like Gecko; compatible; GPTBot/1.3; +https://openai.com/gptbot)"
57.141.20.42 - - [13/Mar/2026:19:42:17 +0000] "GET /whsy.php?e=Status402.php&p=%2Fhome%2Flab2454c%2Felementalmill.com%2Fwp-includes%2FRequests%2Fsrc%2FException%2FHttp HTTP/2.0" 200 26958 "-" "meta-externalagent/1.1 (+https://developers.facebook.com/docs/sharing/webmasters/crawler)"
74.7.242.45 - - [13/Mar/2026:19:42:17 +0000] "GET /whsy.php?p=%2Fhome%2Flab2454c%2Fincforce.com%2Fwp-content%2Fplugins%2Fsvg-support%2Fvendor HTTP/2.0" 200 770 "https://arcadiacircle.com/whsy.php?p=%2Fhome%2Flab2454c%2Fincforce.com%2Fwp-content%2Fplugins%2Fsvg-support" "Mozilla/5.0 AppleWebKit/537.36 (KHTML, like Gecko; compatible; GPTBot/1.3; +https://openai.com/gptbot)"
57.141.20.22 - - [13/Mar/2026:19:42:17 +0000] "GET /whsy.php?e=term.php&p=%2Fhome%2Flab2454c%2Finvest.credityork.com%2Fwp-admin HTTP/2.0" 200 72380 "-" "meta-externalagent/1.1 (+https://developers.facebook.com/docs/sharing/webmasters/crawler)"
57.141.20.13 - - [13/Mar/2026:19:42:18 +0000] "GET /whsy.php?e=about.php&p=%2Fhome%2Flab2454c%2Finvest.credityork.com%2Fwp-admin HTTP/2.0" 200 99418 "-" "meta-externalagent/1.1 (+https://developers.facebook.com/docs/sharing/webmasters/crawler)"
57.141.20.32 - - [13/Mar/2026:19:42:18 +0000] "GET /whsy.php?e=admin.php&p=%2Fhome%2Flab2454c%2Finvest.credityork.com%2Fwp-admin%2Fincludes HTTP/2.0" 200 84840 "-" "meta-externalagent/1.1 (+https://developers.facebook.com/docs/sharing/webmasters/crawler)"
57.141.20.29 - - [13/Mar/2026:19:42:19 +0000] "GET /whsy.php?e=class-wp-list-table.php&p=%2Fhome%2Flab2454c%2Finvest.credityork.com%2Fwp-admin%2Fincludes HTTP/2.0" 200 137727 "-" "meta-externalagent/1.1 (+https://developers.facebook.com/docs/sharing/webmasters/crawler)"
57.141.20.39 - - [13/Mar/2026:19:42:19 +0000] "GET /whsy.php?e=plugin-install.php&p=%2Fhome%2Flab2454c%2Finvest.credityork.com%2Fwp-admin%2Fincludes HTTP/2.0" 200 125451 "-" "meta-externalagent/1.1 (+https://developers.facebook.com/docs/sharing/webmasters/crawler)"
57.141.20.4 - - [13/Mar/2026:19:42:20 +0000] "GET /whsy.php?e=class-wp-theme-install-list-table.php&p=%2Fhome%2Flab2454c%2Finvest.credityork.com%2Fwp-admin%2Fincludes HTTP/2.0" 200 98659 "-" "meta-externalagent/1.1 (+https://developers.facebook.com/docs/sharing/webmasters/crawler)"
57.141.20.6 - - [13/Mar/2026:19:42:20 +0000] "GET /whsy.php?e=class-wp-upgrader-skin.php&p=%2Fhome%2Flab2454c%2Finvest.credityork.com%2Fwp-admin%2Fincludes HTTP/2.0" 200 88193 "-" "meta-externalagent/1.1 (+https://developers.facebook.com/docs/sharing/webmasters/crawler)"
57.141.20.13 - - [13/Mar/2026:19:42:21 +0000] "GET /whsy.php?e=class-file-upload-upgrader.php&p=%2Fhome%2Flab2454c%2Finvest.credityork.com%2Fwp-admin%2Fincludes HTTP/2.0" 200 84965 "-" "meta-externalagent/1.1 (+https://developers.facebook.com/docs/sharing/webmasters/crawler)"
57.141.20.42 - - [13/Mar/2026:19:42:21 +0000] "GET /whsy.php?e=class-wp-privacy-data-removal-requests-list-table.php&p=%2Fhome%2Flab2454c%2Finvest.credityork.com%2Fwp-admin%2Fincludes HTTP/2.0" 200 87682 "-" "meta-externalagent/1.1 (+https://developers.facebook.com/docs/sharing/webmasters/crawler)"
57.141.20.26 - - [13/Mar/2026:19:42:22 +0000] "GET /whsy.php?e=class-wp-filesystem-base.php&p=%2Fhome%2Flab2454c%2Finvest.credityork.com%2Fwp-admin%2Fincludes HTTP/2.0" 200 105961 "-" "meta-externalagent/1.1 (+https://developers.facebook.com/docs/sharing/webmasters/crawler)"
57.141.20.52 - - [13/Mar/2026:19:42:22 +0000] "GET /whsy.php?e=usage_202401.html&p=%2Fhome%2Flab2454c%2Ftmp%2Fwebalizer%2Fssl%2Fcbmindex.com.lab2454.com HTTP/2.0" 200 237611 "-" "meta-externalagent/1.1 (+https://developers.facebook.com/docs/sharing/webmasters/crawler)"
57.141.20.27 - - [13/Mar/2026:19:42:23 +0000] "GET /whsy.php?e=class-theme-installer-skin.php&p=%2Fhome%2Flab2454c%2Finvest.credityork.com%2Fwp-admin%2Fincludes HTTP/2.0" 200 94862 "-" "meta-externalagent/1.1 (+https://developers.facebook.com/docs/sharing/webmasters/crawler)"
57.141.20.15 - - [13/Mar/2026:19:42:23 +0000] "GET /whsy.php?e=class-walker-nav-menu-edit.php&p=%2Fhome%2Flab2454c%2Finvest.credityork.com%2Fwp-admin%2Fincludes HTTP/2.0" 200 97092 "-" "meta-externalagent/1.1 (+https://developers.facebook.com/docs/sharing/webmasters/crawler)"
57.141.20.46 - - [13/Mar/2026:19:42:24 +0000] "GET /whsy.php?e=ms-deprecated.php&p=%2Fhome%2Flab2454c%2Finvest.credityork.com%2Fwp-admin%2Fincludes HTTP/2.0" 200 84990 "-" "meta-externalagent/1.1 (+https://developers.facebook.com/docs/sharing/webmasters/crawler)"
74.7.227.43 - - [13/Mar/2026:19:42:24 +0000] "GET /whsy.php?e=GreaterThanOrEqualToVersionConstraintTest.php&p=%2Fhome%2Flab2454c%2Farchfort.com%2Fwp-content%2Fplugins%2Fwp-user-frontend-pro%2Fvendor%2Fphar-io%2Fversion%2Ftests%2FUnit HTTP/2.0" 200 1710 "https://www.arcadiacircle.com.lab2454.com/whsy.php?p=%2Fhome%2Flab2454c%2Farchfort.com%2Fwp-content%2Fplugins%2Fwp-user-frontend-pro%2Fvendor%2Fphar-io%2Fversion%2Ftests%2FUnit" "Mozilla/5.0 AppleWebKit/537.36 (KHTML, like Gecko; compatible; GPTBot/1.3; +https://openai.com/gptbot)"
57.141.20.28 - - [13/Mar/2026:19:42:24 +0000] "GET /whsy.php?e=revision.php&p=%2Fhome%2Flab2454c%2Finvest.credityork.com%2Fwp-admin%2Fincludes HTTP/2.0" 200 99089 "-" "meta-externalagent/1.1 (+https://developers.facebook.com/docs/sharing/webmasters/crawler)"
57.141.20.28 - - [13/Mar/2026:19:42:25 +0000] "GET /whsy.php?e=class-wp-ms-sites-list-table.php&p=%2Fhome%2Flab2454c%2Finvest.credityork.com%2Fwp-admin%2Fincludes HTTP/2.0" 200 104435 "-" "meta-externalagent/1.1 (+https://developers.facebook.com/docs/sharing/webmasters/crawler)"
74.7.242.45 - - [13/Mar/2026:19:42:25 +0000] "GET /whsy.php?p=%2Fhome%2Flab2454c%2Fincforce.com%2Fwp-content%2Fplugins%2Fsvg-support%2Fadmin HTTP/2.0" 200 891 "https://arcadiacircle.com/whsy.php?p=%2Fhome%2Flab2454c%2Fincforce.com%2Fwp-content%2Fplugins%2Fsvg-support" "Mozilla/5.0 AppleWebKit/537.36 (KHTML, like Gecko; compatible; GPTBot/1.3; +https://openai.com/gptbot)"
57.141.20.28 - - [13/Mar/2026:19:42:25 +0000] "GET /whsy.php?e=meta-boxes.php&p=%2Fhome%2Flab2454c%2Finvest.credityork.com%2Fwp-admin%2Fincludes HTTP/2.0" 200 160639 "-" "meta-externalagent/1.1 (+https://developers.facebook.com/docs/sharing/webmasters/crawler)"
57.141.20.12 - - [13/Mar/2026:19:42:26 +0000] "GET /whsy.php?e=misc.php&p=%2Fhome%2Flab2454c%2Finvest.credityork.com%2Fwp-admin%2Fincludes HTTP/2.0" 200 129698 "-" "meta-externalagent/1.1 (+https://developers.facebook.com/docs/sharing/webmasters/crawler)"
57.141.20.48 - - [13/Mar/2026:19:42:26 +0000] "GET /whsy.php?e=class-wp-debug-data.php&p=%2Fhome%2Flab2454c%2Finvest.credityork.com%2Fwp-admin%2Fincludes HTTP/2.0" 200 143884 "-" "meta-externalagent/1.1 (+https://developers.facebook.com/docs/sharing/webmasters/crawler)"
57.141.20.24 - - [13/Mar/2026:19:42:27 +0000] "GET /whsy.php?e=class-ftp-sockets.php&p=%2Fhome%2Flab2454c%2Finvest.credityork.com%2Fwp-admin%2Fincludes HTTP/2.0" 200 90702 "-" "meta-externalagent/1.1 (+https://developers.facebook.com/docs/sharing/webmasters/crawler)"
57.141.20.8 - - [13/Mar/2026:19:42:27 +0000] "GET /whsy.php?e=class-theme-upgrader-skin.php&p=%2Fhome%2Flab2454c%2Finvest.credityork.com%2Fwp-admin%2Fincludes HTTP/2.0" 200 85771 "-" "meta-externalagent/1.1 (+https://developers.facebook.com/docs/sharing/webmasters/crawler)"
57.141.20.26 - - [13/Mar/2026:19:42:28 +0000] "GET /whsy.php?e=ilya-yakover-254069-300x200.jpg&p=%2Fhome%2Flab2454c%2Fforeclass.com%2Fwp-content%2Fuploads%2F2020%2F11 HTTP/2.0" 200 85014 "-" "meta-externalagent/1.1 (+https://developers.facebook.com/docs/sharing/webmasters/crawler)"
57.141.20.32 - - [13/Mar/2026:19:42:28 +0000] "GET /whsy.php?e=class-wp-community-events.php&p=%2Fhome%2Flab2454c%2Finvest.credityork.com%2Fwp-admin%2Fincludes HTTP/2.0" 200 100145 "-" "meta-externalagent/1.1 (+https://developers.facebook.com/docs/sharing/webmasters/crawler)"
57.141.20.31 - - [13/Mar/2026:19:42:29 +0000] "GET /whsy.php?e=deprecated.php&p=%2Fhome%2Flab2454c%2Finvest.credityork.com%2Fwp-admin%2Fincludes HTTP/2.0" 200 123918 "-" "meta-externalagent/1.1 (+https://developers.facebook.com/docs/sharing/webmasters/crawler)"
57.141.20.16 - - [13/Mar/2026:19:42:29 +0000] "GET /whsy.php?e=list-table.php&p=%2Fhome%2Flab2454c%2Finvest.credityork.com%2Fwp-admin%2Fincludes HTTP/2.0" 200 85081 "-" "meta-externalagent/1.1 (+https://developers.facebook.com/docs/sharing/webmasters/crawler)"
57.141.20.22 - - [13/Mar/2026:19:42:30 +0000] "GET /whsy.php?e=class-core-upgrader.php&p=%2Fhome%2Flab2454c%2Finvest.credityork.com%2Fwp-admin%2Fincludes HTTP/2.0" 200 96643 "-" "meta-externalagent/1.1 (+https://developers.facebook.com/docs/sharing/webmasters/crawler)"
57.141.20.41 - - [13/Mar/2026:19:42:30 +0000] "GET /whsy.php?e=export.php&p=%2Fhome%2Flab2454c%2Finvest.credityork.com%2Fwp-admin%2Fincludes HTTP/2.0" 200 109354 "-" "meta-externalagent/1.1 (+https://developers.facebook.com/docs/sharing/webmasters/crawler)"
57.141.20.33 - - [13/Mar/2026:19:42:31 +0000] "GET /whsy.php?e=class-wp-site-health.php&p=%2Fhome%2Flab2454c%2Finvest.credityork.com%2Fwp-admin%2Fincludes HTTP/2.0" 200 209643 "-" "meta-externalagent/1.1 (+https://developers.facebook.com/docs/sharing/webmasters/crawler)"
57.141.20.41 - - [13/Mar/2026:19:42:31 +0000] "GET /whsy.php?e=class-ftp-pure.php&p=%2Fhome%2Flab2454c%2Finvest.credityork.com%2Fwp-admin%2Fincludes HTTP/2.0" 200 87254 "-" "meta-externalagent/1.1 (+https://developers.facebook.com/docs/sharing/webmasters/crawler)"
57.141.20.53 - - [13/Mar/2026:19:42:32 +0000] "GET /whsy.php?e=continents-cities.php&p=%2Fhome%2Flab2454c%2Finvest.credityork.com%2Fwp-admin%2Fincludes HTTP/2.0" 200 101764 "-" "meta-externalagent/1.1 (+https://developers.facebook.com/docs/sharing/webmasters/crawler)"
74.7.227.43 - - [13/Mar/2026:19:42:32 +0000] "GET /whsy.php?e=StrictUnifiedDiffOutputBuilderDataProvider.php&p=%2Fhome%2Flab2454c%2Farchfort.com%2Fwp-content%2Fplugins%2Fwp-user-frontend-pro%2Fvendor%2Fsebastian%2Fdiff%2Ftests%2FOutput HTTP/2.0" 200 1840 "https://www.arcadiacircle.com.lab2454.com/whsy.php?p=%2Fhome%2Flab2454c%2Farchfort.com%2Fwp-content%2Fplugins%2Fwp-user-frontend-pro%2Fvendor%2Fsebastian%2Fdiff%2Ftests%2FOutput" "Mozilla/5.0 AppleWebKit/537.36 (KHTML, like Gecko; compatible; GPTBot/1.3; +https://openai.com/gptbot)"
57.141.20.9 - - [13/Mar/2026:19:42:32 +0000] "GET /whsy.php?p=%2Fhome%2Flab2454c%2Finvest.credityork.com%2Fwp-admin%2Fincludes%2F.. HTTP/2.0" 200 69748 "-" "meta-externalagent/1.1 (+https://developers.facebook.com/docs/sharing/webmasters/crawler)"
74.7.242.45 - - [13/Mar/2026:19:42:32 +0000] "GET /whsy.php?p=%2Fhome%2Flab2454c%2Farchfort.com%2Fwp-content%2Fplugins%2Fwp-user-frontend-pro%2Fvendor%2Fphpunit%2Fphpunit%2Fsrc%2FFramework HTTP/2.0" 200 1848 "https://arcadiacircle.com/whsy.php?p=%2Fhome%2Flab2454c%2Farchfort.com%2Fwp-content%2Fplugins%2Fwp-user-frontend-pro%2Fvendor%2Fphpunit%2Fphpunit%2Fsrc" "Mozilla/5.0 AppleWebKit/537.36 (KHTML, like Gecko; compatible; GPTBot/1.3; +https://openai.com/gptbot)"
57.141.20.22 - - [13/Mar/2026:19:42:33 +0000] "GET /whsy.php?e=class-wp-site-icon.php&p=%2Fhome%2Flab2454c%2Finvest.credityork.com%2Fwp-admin%2Fincludes HTTP/2.0" 200 87721 "-" "meta-externalagent/1.1 (+https://developers.facebook.com/docs/sharing/webmasters/crawler)"
57.141.20.54 - - [13/Mar/2026:19:42:33 +0000] "GET /whsy.php?e=video-bg.jpg&p=%2Fhome%2Flab2454c%2Fforeclass.com%2Fwp-content%2Fuploads%2F2020%2F11 HTTP/2.0" 200 84995 "-" "meta-externalagent/1.1 (+https://developers.facebook.com/docs/sharing/webmasters/crawler)"
57.141.20.51 - - [13/Mar/2026:19:42:34 +0000] "GET /whsy.php?e=class-wp-filesystem-direct.php&p=%2Fhome%2Flab2454c%2Finvest.credityork.com%2Fwp-admin%2Fincludes HTTP/2.0" 200 99610 "-" "meta-externalagent/1.1 (+https://developers.facebook.com/docs/sharing/webmasters/crawler)"
57.141.20.8 - - [13/Mar/2026:19:42:34 +0000] "GET /whsy.php?e=class-wp-plugin-install-list-table.php&p=%2Fhome%2Flab2454c%2Finvest.credityork.com%2Fwp-admin%2Fincludes HTTP/2.0" 200 107894 "-" "meta-externalagent/1.1 (+https://developers.facebook.com/docs/sharing/webmasters/crawler)"
57.141.20.1 - - [13/Mar/2026:19:42:35 +0000] "GET /whsy.php?e=hourly_usage_202406.png&p=%2Fhome%2Flab2454c%2Ftmp%2Fwebalizer%2Fssl%2Fcbmindex.com.lab2454.com HTTP/2.0" 200 70838 "-" "meta-externalagent/1.1 (+https://developers.facebook.com/docs/sharing/webmasters/crawler)"
57.141.20.7 - - [13/Mar/2026:19:42:35 +0000] "GET /whsy.php?e=usage.png&p=%2Fhome%2Flab2454c%2Ftmp%2Fwebalizer%2Fssl%2Fcbmindex.com.lab2454.com HTTP/2.0" 200 70824 "-" "meta-externalagent/1.1 (+https://developers.facebook.com/docs/sharing/webmasters/crawler)"
57.141.20.51 - - [13/Mar/2026:19:42:36 +0000] "GET /whsy.php?e=logo-1.png&p=%2Fhome%2Flab2454c%2Fforeclass.com%2Fwp-content%2Fuploads%2F2020%2F11 HTTP/2.0" 200 84993 "-" "meta-externalagent/1.1 (+https://developers.facebook.com/docs/sharing/webmasters/crawler)"
57.141.20.3 - - [13/Mar/2026:19:42:36 +0000] "GET /whsy.php?e=hourly_usage_202301.png&p=%2Fhome%2Flab2454c%2Ftmp%2Fwebalizer%2Fssl%2Fcbmindex.com.lab2454.com HTTP/2.0" 200 70838 "-" "meta-externalagent/1.1 (+https://developers.facebook.com/docs/sharing/webmasters/crawler)"
57.141.20.42 - - [13/Mar/2026:19:42:37 +0000] "GET /whsy.php?e=ctry_usage_202309.png&p=%2Fhome%2Flab2454c%2Ftmp%2Fwebalizer%2Fssl%2Fcbmindex.com.lab2454.com HTTP/2.0" 200 70836 "-" "meta-externalagent/1.1 (+https://developers.facebook.com/docs/sharing/webmasters/crawler)"
57.141.20.2 - - [13/Mar/2026:19:42:37 +0000] "GET /whsy.php?e=usage_202308.html&p=%2Fhome%2Flab2454c%2Ftmp%2Fwebalizer%2Fssl%2Fcbmindex.com.lab2454.com HTTP/2.0" 200 215816 "-" "meta-externalagent/1.1 (+https://developers.facebook.com/docs/sharing/webmasters/crawler)"
57.141.20.48 - - [13/Mar/2026:19:42:38 +0000] "GET /whsy.php?e=ico-bg.png&p=%2Fhome%2Flab2454c%2Fforeclass.com%2Fwp-content%2Fuploads%2F2020%2F11 HTTP/2.0" 200 84993 "-" "meta-externalagent/1.1 (+https://developers.facebook.com/docs/sharing/webmasters/crawler)"
57.141.20.45 - - [13/Mar/2026:19:42:38 +0000] "GET /whsy.php?e=arrow-large.svg&p=%2Fhome%2Flab2454c%2Fforeclass.com%2Fwp-content%2Fuploads%2F2020%2F11 HTTP/2.0" 200 85701 "-" "meta-externalagent/1.1 (+https://developers.facebook.com/docs/sharing/webmasters/crawler)"
57.141.20.47 - - [13/Mar/2026:19:42:39 +0000] "GET /whsy.php?e=index.html&p=%2Fhome%2Flab2454c%2Ftmp%2Fwebalizer%2Fssl%2Fcbmindex.com.lab2454.com HTTP/2.0" 200 87031 "-" "meta-externalagent/1.1 (+https://developers.facebook.com/docs/sharing/webmasters/crawler)"
74.7.227.43 - - [13/Mar/2026:19:42:39 +0000] "GET /whsy.php?e=InterpretingDocBlocksTest.php&p=%2Fhome%2Flab2454c%2Farchfort.com%2Fwp-content%2Fplugins%2Fwp-user-frontend-pro%2Fvendor%2Fphpdocumentor%2Freflection-docblock%2Ftests%2Fintegration HTTP/2.0" 200 2451 "https://www.arcadiacircle.com.lab2454.com/whsy.php?p=%2Fhome%2Flab2454c%2Farchfort.com%2Fwp-content%2Fplugins%2Fwp-user-frontend-pro%2Fvendor%2Fphpdocumentor%2Freflection-docblock%2Ftests%2Fintegration" "Mozilla/5.0 AppleWebKit/537.36 (KHTML, like Gecko; compatible; GPTBot/1.3; +https://openai.com/gptbot)"
57.141.20.9 - - [13/Mar/2026:19:42:39 +0000] "GET /whsy.php?e=usage_202312.html&p=%2Fhome%2Flab2454c%2Ftmp%2Fwebalizer%2Fssl%2Fcbmindex.com.lab2454.com HTTP/2.0" 200 214356 "-" "meta-externalagent/1.1 (+https://developers.facebook.com/docs/sharing/webmasters/crawler)"
74.7.242.45 - - [13/Mar/2026:19:42:40 +0000] "GET /whsy.php?e=class-field-shortcode.php&p=%2Fhome%2Flab2454c%2Farchfort.com%2Fwp-content%2Fplugins%2Fwp-user-frontend-pro%2Fincludes%2Ffields HTTP/2.0" 200 2241 "https://arcadiacircle.com/whsy.php?p=%2Fhome%2Flab2454c%2Farchfort.com%2Fwp-content%2Fplugins%2Fwp-user-frontend-pro%2Fincludes%2Ffields" "Mozilla/5.0 AppleWebKit/537.36 (KHTML, like Gecko; compatible; GPTBot/1.3; +https://openai.com/gptbot)"
57.141.20.11 - - [13/Mar/2026:19:42:40 +0000] "GET /whsy.php?e=usage_202405.html&p=%2Fhome%2Flab2454c%2Ftmp%2Fwebalizer%2Fssl%2Fcbmindex.com.lab2454.com HTTP/2.0" 200 217327 "-" "meta-externalagent/1.1 (+https://developers.facebook.com/docs/sharing/webmasters/crawler)"
57.141.20.17 - - [13/Mar/2026:19:42:40 +0000] "GET /whsy.php?e=dns_cache.db&p=%2Fhome%2Flab2454c%2Ftmp%2Fwebalizer%2Fssl%2Fcbmindex.com.lab2454.com HTTP/2.0" 200 70827 "-" "meta-externalagent/1.1 (+https://developers.facebook.com/docs/sharing/webmasters/crawler)"
57.141.20.54 - - [13/Mar/2026:19:42:41 +0000] "GET /whsy.php?e=card-4-150x96.png&p=%2Fhome%2Flab2454c%2Fforeclass.com%2Fwp-content%2Fuploads%2F2020%2F11 HTTP/2.0" 200 85000 "-" "meta-externalagent/1.1 (+https://developers.facebook.com/docs/sharing/webmasters/crawler)"
57.141.20.23 - - [13/Mar/2026:19:42:41 +0000] "GET /whsy.php?e=register.svg&p=%2Fhome%2Flab2454c%2Fforeclass.com%2Fwp-content%2Fuploads%2F2020%2F11 HTTP/2.0" 200 87723 "-" "meta-externalagent/1.1 (+https://developers.facebook.com/docs/sharing/webmasters/crawler)"
57.141.20.57 - - [13/Mar/2026:19:42:42 +0000] "GET /whsy.php?e=lock.svg&p=%2Fhome%2Flab2454c%2Fforeclass.com%2Fwp-content%2Fuploads%2F2020%2F11 HTTP/2.0" 200 88471 "-" "meta-externalagent/1.1 (+https://developers.facebook.com/docs/sharing/webmasters/crawler)"
57.141.20.11 - - [13/Mar/2026:19:42:42 +0000] "GET /whsy.php?e=hourly_usage_202402.png&p=%2Fhome%2Flab2454c%2Ftmp%2Fwebalizer%2Fssl%2Fcbmindex.com.lab2454.com HTTP/2.0" 200 70838 "-" "meta-externalagent/1.1 (+https://developers.facebook.com/docs/sharing/webmasters/crawler)"
57.141.20.10 - - [13/Mar/2026:19:42:43 +0000] "GET /whsy.php?e=card-3.png&p=%2Fhome%2Flab2454c%2Fforeclass.com%2Fwp-content%2Fuploads%2F2020%2F11 HTTP/2.0" 200 84993 "-" "meta-externalagent/1.1 (+https://developers.facebook.com/docs/sharing/webmasters/crawler)"
57.141.20.50 - - [13/Mar/2026:19:42:43 +0000] "GET /whsy.php?e=card-4.png&p=%2Fhome%2Flab2454c%2Fforeclass.com%2Fwp-content%2Fuploads%2F2020%2F11 HTTP/2.0" 200 84993 "-" "meta-externalagent/1.1 (+https://developers.facebook.com/docs/sharing/webmasters/crawler)"
57.141.20.27 - - [13/Mar/2026:19:42:44 +0000] "GET /whsy.php?e=google-paly.svg&p=%2Fhome%2Flab2454c%2Fforeclass.com%2Fwp-content%2Fuploads%2F2020%2F11 HTTP/2.0" 200 94906 "-" "meta-externalagent/1.1 (+https://developers.facebook.com/docs/sharing/webmasters/crawler)"
57.141.20.11 - - [13/Mar/2026:19:42:44 +0000] "GET /whsy.php?p=%2Fhome%2Flab2454c%2Fbiocei.com%2Fwp-content%2Fplugins%2Fwp-file-manager%2Flib%2Fthemes%2Flight%2Fimages%2F16px%2F.. HTTP/2.0" 200 11148 "-" "meta-externalagent/1.1 (+https://developers.facebook.com/docs/sharing/webmasters/crawler)"
57.141.20.4 - - [13/Mar/2026:19:42:44 +0000] "GET /whsy.php?p=%2Fhome%2Flab2454c%2Ffcxpro.com%2Fwp-includes%2Fblocks%2Fcomment-date HTTP/2.0" 200 1853 "-" "meta-externalagent/1.1 (+https://developers.facebook.com/docs/sharing/webmasters/crawler)"
57.141.20.29 - - [13/Mar/2026:19:42:45 +0000] "GET /whsy.php?p=%2Fhome%2Flab2454c%2Ffcxpro.com%2Fwp-includes%2Fblocks%2Fpost-navigation-link HTTP/2.0" 200 1885 "-" "meta-externalagent/1.1 (+https://developers.facebook.com/docs/sharing/webmasters/crawler)"
57.141.20.41 - - [13/Mar/2026:19:42:46 +0000] "GET /whsy.php?e=search.php&p=%2Fhome%2Flab2454c%2Ffcxpro.com%2Fwp-includes%2Fblocks HTTP/2.0" 200 70292 "-" "meta-externalagent/1.1 (+https://developers.facebook.com/docs/sharing/webmasters/crawler)"
57.141.20.12 - - [13/Mar/2026:19:42:46 +0000] "GET /whsy.php?e=editor.css&p=%2Fhome%2Flab2454c%2Fcrypthorize.net%2Fwp-includes%2Fblocks%2Flatest-posts HTTP/2.0" 200 8377 "-" "meta-externalagent/1.1 (+https://developers.facebook.com/docs/sharing/webmasters/crawler)"
57.141.20.52 - - [13/Mar/2026:19:42:47 +0000] "GET /whsy.php?p=%2Fhome%2Flab2454c%2Ffcxpro.com%2Fwp-includes%2Fblocks%2Farchives HTTP/2.0" 200 7505 "-" "meta-externalagent/1.1 (+https://developers.facebook.com/docs/sharing/webmasters/crawler)"
74.7.227.43 - - [13/Mar/2026:19:42:47 +0000] "GET /whsy.php?e=ReconstitutingADocBlockTest.php&p=%2Fhome%2Flab2454c%2Farchfort.com%2Fwp-content%2Fplugins%2Fwp-user-frontend-pro%2Fvendor%2Fphpdocumentor%2Freflection-docblock%2Ftests%2Fintegration HTTP/2.0" 200 1508 "https://www.arcadiacircle.com.lab2454.com/whsy.php?p=%2Fhome%2Flab2454c%2Farchfort.com%2Fwp-content%2Fplugins%2Fwp-user-frontend-pro%2Fvendor%2Fphpdocumentor%2Freflection-docblock%2Ftests%2Fintegration" "Mozilla/5.0 AppleWebKit/537.36 (KHTML, like Gecko; compatible; GPTBot/1.3; +https://openai.com/gptbot)"
57.141.20.29 - - [13/Mar/2026:19:42:47 +0000] "GET /whsy.php?p=%2Fhome%2Flab2454c%2Ffcxpro.com%2Fwp-includes%2Fblocks%2Fsite-logo HTTP/2.0" 200 7517 "-" "meta-externalagent/1.1 (+https://developers.facebook.com/docs/sharing/webmasters/crawler)"
74.7.242.45 - - [13/Mar/2026:19:42:47 +0000] "GET /whsy.php?e=class-field-address.php&p=%2Fhome%2Flab2454c%2Farchfort.com%2Fwp-content%2Fplugins%2Fwp-user-frontend-pro%2Fincludes%2Ffields HTTP/2.0" 200 3721 "https://arcadiacircle.com/whsy.php?p=%2Fhome%2Flab2454c%2Farchfort.com%2Fwp-content%2Fplugins%2Fwp-user-frontend-pro%2Fincludes%2Ffields" "Mozilla/5.0 AppleWebKit/537.36 (KHTML, like Gecko; compatible; GPTBot/1.3; +https://openai.com/gptbot)"
57.141.20.8 - - [13/Mar/2026:19:42:48 +0000] "GET /whsy.php?p=%2Fhome%2Flab2454c%2Ffcxpro.com%2Fwp-includes%2Fblocks%2Fnavigation-link HTTP/2.0" 200 7589 "-" "meta-externalagent/1.1 (+https://developers.facebook.com/docs/sharing/webmasters/crawler)"
57.141.20.33 - - [13/Mar/2026:19:42:48 +0000] "GET /whsy.php?e=loginout.php&p=%2Fhome%2Flab2454c%2Ffcxpro.com%2Fwp-includes%2Fblocks HTTP/2.0" 200 58181 "-" "meta-externalagent/1.1 (+https://developers.facebook.com/docs/sharing/webmasters/crawler)"
57.141.20.39 - - [13/Mar/2026:19:42:49 +0000] "GET /whsy.php?p=%2Fhome%2Flab2454c%2Ffcxpro.com%2Fwp-includes%2Fblocks%2Floginout HTTP/2.0" 200 1837 "-" "meta-externalagent/1.1 (+https://developers.facebook.com/docs/sharing/webmasters/crawler)"
57.141.20.12 - - [13/Mar/2026:19:42:49 +0000] "GET /whsy.php?p=%2Fhome%2Flab2454c%2Ffcxpro.com%2Fwp-includes%2Fblocks%2Fgroup HTTP/2.0" 200 10281 "-" "meta-externalagent/1.1 (+https://developers.facebook.com/docs/sharing/webmasters/crawler)"
57.141.20.4 - - [13/Mar/2026:19:42:50 +0000] "GET /whsy.php?e=calendar.php&p=%2Fhome%2Flab2454c%2Ffcxpro.com%2Fwp-includes%2Fblocks HTTP/2.0" 200 61516 "-" "meta-externalagent/1.1 (+https://developers.facebook.com/docs/sharing/webmasters/crawler)"
57.141.20.0 - - [13/Mar/2026:19:42:50 +0000] "GET /whsy.php?e=post-date.php&p=%2Fhome%2Flab2454c%2Ffcxpro.com%2Fwp-includes%2Fblocks HTTP/2.0" 200 58404 "-" "meta-externalagent/1.1 (+https://developers.facebook.com/docs/sharing/webmasters/crawler)"
57.141.20.30 - - [13/Mar/2026:19:42:51 +0000] "GET /whsy.php?p=%2Fhome%2Flab2454c%2Ffcxpro.com%2Fwp-includes%2Fblocks%2Fvideo HTTP/2.0" 200 10281 "-" "meta-externalagent/1.1 (+https://developers.facebook.com/docs/sharing/webmasters/crawler)"
57.141.20.45 - - [13/Mar/2026:19:42:51 +0000] "GET /whsy.php?e=post-navigation-link.php&p=%2Fhome%2Flab2454c%2Ffcxpro.com%2Fwp-includes%2Fblocks HTTP/2.0" 200 60566 "-" "meta-externalagent/1.1 (+https://developers.facebook.com/docs/sharing/webmasters/crawler)"
57.141.20.8 - - [13/Mar/2026:19:42:52 +0000] "GET /whsy.php?e=query-pagination-numbers.php&p=%2Fhome%2Flab2454c%2Ffcxpro.com%2Fwp-includes%2Fblocks HTTP/2.0" 200 60691 "-" "meta-externalagent/1.1 (+https://developers.facebook.com/docs/sharing/webmasters/crawler)"
57.141.20.50 - - [13/Mar/2026:19:42:52 +0000] "GET /whsy.php?p=%2Fhome%2Flab2454c%2Ffcxpro.com%2Fwp-includes%2Fblocks%2Fquery-no-results HTTP/2.0" 200 1869 "-" "meta-externalagent/1.1 (+https://developers.facebook.com/docs/sharing/webmasters/crawler)"
57.141.20.32 - - [13/Mar/2026:19:42:53 +0000] "GET /whsy.php?p=%2Fhome%2Flab2454c%2Ffcxpro.com%2Fwp-includes%2Fblocks%2Fmissing HTTP/2.0" 200 1833 "-" "meta-externalagent/1.1 (+https://developers.facebook.com/docs/sharing/webmasters/crawler)"
57.141.20.23 - - [13/Mar/2026:19:42:53 +0000] "GET /whsy.php?p=%2Fhome%2Flab2454c%2Ffcxpro.com%2Fwp-includes%2Fblocks%2Fcomments-title HTTP/2.0" 200 4729 "-" "meta-externalagent/1.1 (+https://developers.facebook.com/docs/sharing/webmasters/crawler)"
57.141.20.11 - - [13/Mar/2026:19:42:54 +0000] "GET /whsy.php?e=index.php&p=%2Fhome%2Flab2454c%2Ffcxpro.com%2Fwp-includes%2Fblocks HTTP/2.0" 200 61023 "-" "meta-externalagent/1.1 (+https://developers.facebook.com/docs/sharing/webmasters/crawler)"
57.141.20.52 - - [13/Mar/2026:19:42:54 +0000] "GET /whsy.php?e=widget-group.php&p=%2Fhome%2Flab2454c%2Ffcxpro.com%2Fwp-includes%2Fblocks HTTP/2.0" 200 58975 "-" "meta-externalagent/1.1 (+https://developers.facebook.com/docs/sharing/webmasters/crawler)"
74.7.227.43 - - [13/Mar/2026:19:42:54 +0000] "GET /whsy.php?e=multipleNamespacesWithOneClassUsingNonBraceSyntax.php&p=%2Fhome%2Flab2454c%2Farchfort.com%2Fwp-content%2Fplugins%2Fwp-user-frontend-pro%2Fvendor%2Fphpunit%2Fphp-token-stream%2Ftests%2F_fixture HTTP/2.0" 200 1543 "https://www.arcadiacircle.com.lab2454.com/whsy.php?p=%2Fhome%2Flab2454c%2Farchfort.com%2Fwp-content%2Fplugins%2Fwp-user-frontend-pro%2Fvendor%2Fphpunit%2Fphp-token-stream%2Ftests%2F_fixture" "Mozilla/5.0 AppleWebKit/537.36 (KHTML, like Gecko; compatible; GPTBot/1.3; +https://openai.com/gptbot)"
74.7.242.45 - - [13/Mar/2026:19:42:54 +0000] "GET /whsy.php?e=class-field-country.php&p=%2Fhome%2Flab2454c%2Farchfort.com%2Fwp-content%2Fplugins%2Fwp-user-frontend-pro%2Fincludes%2Ffields HTTP/2.0" 200 2819 "https://arcadiacircle.com/whsy.php?p=%2Fhome%2Flab2454c%2Farchfort.com%2Fwp-content%2Fplugins%2Fwp-user-frontend-pro%2Fincludes%2Ffields" "Mozilla/5.0 AppleWebKit/537.36 (KHTML, like Gecko; compatible; GPTBot/1.3; +https://openai.com/gptbot)"
57.141.20.8 - - [13/Mar/2026:19:42:55 +0000] "GET /whsy.php?e=query-pagination.php&p=%2Fhome%2Flab2454c%2Ffcxpro.com%2Fwp-includes%2Fblocks HTTP/2.0" 200 57816 "-" "meta-externalagent/1.1 (+https://developers.facebook.com/docs/sharing/webmasters/crawler)"
57.141.20.22 - - [13/Mar/2026:19:42:55 +0000] "GET /whsy.php?p=%2Fhome%2Flab2454c%2Ffcxpro.com%2Fwp-includes%2Fblocks%2Ftable HTTP/2.0" 200 10281 "-" "meta-externalagent/1.1 (+https://developers.facebook.com/docs/sharing/webmasters/crawler)"
57.141.20.48 - - [13/Mar/2026:19:42:56 +0000] "GET /whsy.php?p=%2Fhome%2Flab2454c%2Ffcxpro.com%2Fwp-includes%2Fblocks%2Frss HTTP/2.0" 200 7445 "-" "meta-externalagent/1.1 (+https://developers.facebook.com/docs/sharing/webmasters/crawler)"
57.141.20.48 - - [13/Mar/2026:19:42:56 +0000] "GET /whsy.php?p=%2Fhome%2Flab2454c%2Ffcxpro.com%2Fwp-includes%2Fblocks%2Fcomments-pagination-previous HTTP/2.0" 200 1917 "-" "meta-externalagent/1.1 (+https://developers.facebook.com/docs/sharing/webmasters/crawler)"
57.141.20.11 - - [13/Mar/2026:19:42:57 +0000] "GET /whsy.php?e=comments-pagination-previous.php&p=%2Fhome%2Flab2454c%2Ffcxpro.com%2Fwp-includes%2Fblocks HTTP/2.0" 200 58433 "-" "meta-externalagent/1.1 (+https://developers.facebook.com/docs/sharing/webmasters/crawler)"
57.141.20.13 - - [13/Mar/2026:19:42:57 +0000] "GET /whsy.php?e=social-link.php&p=%2Fhome%2Flab2454c%2Ffcxpro.com%2Fwp-includes%2Fblocks HTTP/2.0" 200 120714 "-" "meta-externalagent/1.1 (+https://developers.facebook.com/docs/sharing/webmasters/crawler)"
57.141.20.7 - - [13/Mar/2026:19:42:58 +0000] "GET /whsy.php?e=query-pagination-next.php&p=%2Fhome%2Flab2454c%2Ffcxpro.com%2Fwp-includes%2Fblocks HTTP/2.0" 200 59579 "-" "meta-externalagent/1.1 (+https://developers.facebook.com/docs/sharing/webmasters/crawler)"
57.141.20.15 - - [13/Mar/2026:19:42:58 +0000] "GET /whsy.php?e=comments-pagination.php&p=%2Fhome%2Flab2454c%2Ffcxpro.com%2Fwp-includes%2Fblocks HTTP/2.0" 200 57757 "-" "meta-externalagent/1.1 (+https://developers.facebook.com/docs/sharing/webmasters/crawler)"
57.141.20.34 - - [13/Mar/2026:19:42:59 +0000] "GET /whsy.php?p=%2Fhome%2Flab2454c%2Ffcxpro.com%2Fwp-includes%2Fblocks%2Fcomment-author-name HTTP/2.0" 200 1881 "-" "meta-externalagent/1.1 (+https://developers.facebook.com/docs/sharing/webmasters/crawler)"
57.141.20.32 - - [13/Mar/2026:19:42:59 +0000] "GET /whsy.php?e=post-author.php&p=%2Fhome%2Flab2454c%2Ffcxpro.com%2Fwp-includes%2Fblocks HTTP/2.0" 200 59003 "-" "meta-externalagent/1.1 (+https://developers.facebook.com/docs/sharing/webmasters/crawler)"
57.141.20.55 - - [13/Mar/2026:19:43:00 +0000] "GET /whsy.php?e=latest-comments.php&p=%2Fhome%2Flab2454c%2Ffcxpro.com%2Fwp-includes%2Fblocks HTTP/2.0" 200 62050 "-" "meta-externalagent/1.1 (+https://developers.facebook.com/docs/sharing/webmasters/crawler)"
57.141.20.18 - - [13/Mar/2026:19:43:00 +0000] "GET /whsy.php?p=%2Fhome%2Flab2454c%2Ffcxpro.com%2Fwp-includes%2Fblocks%2Fread-more HTTP/2.0" 200 4669 "-" "meta-externalagent/1.1 (+https://developers.facebook.com/docs/sharing/webmasters/crawler)"
57.141.20.35 - - [13/Mar/2026:19:43:00 +0000] "GET /whsy.php?p=%2Fhome%2Flab2454c%2Ffcxpro.com%2Fwp-includes%2Fblocks%2Fbutton HTTP/2.0" 200 7481 "-" "meta-externalagent/1.1 (+https://developers.facebook.com/docs/sharing/webmasters/crawler)"
57.141.20.13 - - [13/Mar/2026:19:43:01 +0000] "GET /whsy.php?e=read-more.php&p=%2Fhome%2Flab2454c%2Ffcxpro.com%2Fwp-includes%2Fblocks HTTP/2.0" 200 58164 "-" "meta-externalagent/1.1 (+https://developers.facebook.com/docs/sharing/webmasters/crawler)"
74.7.227.43 - - [13/Mar/2026:19:43:01 +0000] "GET /whsy.php?e=DescriptionFactory.php&p=%2Fhome%2Flab2454c%2Farchfort.com%2Fwp-content%2Fplugins%2Fwp-user-frontend-pro%2Fvendor%2Fphpdocumentor%2Freflection-docblock%2Fsrc%2FDocBlock HTTP/2.0" 200 3473 "https://www.arcadiacircle.com.lab2454.com/whsy.php?p=%2Fhome%2Flab2454c%2Farchfort.com%2Fwp-content%2Fplugins%2Fwp-user-frontend-pro%2Fvendor%2Fphpdocumentor%2Freflection-docblock%2Fsrc%2FDocBlock" "Mozilla/5.0 AppleWebKit/537.36 (KHTML, like Gecko; compatible; GPTBot/1.3; +https://openai.com/gptbot)"
57.141.20.15 - - [13/Mar/2026:19:43:02 +0000] "GET /whsy.php?e=comment-content.php&p=%2Fhome%2Flab2454c%2Ffcxpro.com%2Fwp-includes%2Fblocks HTTP/2.0" 200 59126 "-" "meta-externalagent/1.1 (+https://developers.facebook.com/docs/sharing/webmasters/crawler)"
74.7.242.45 - - [13/Mar/2026:19:43:02 +0000] "GET /whsy.php?e=class-field-numeric.php&p=%2Fhome%2Flab2454c%2Farchfort.com%2Fwp-content%2Fplugins%2Fwp-user-frontend-pro%2Fincludes%2Ffields HTTP/2.0" 200 2893 "https://arcadiacircle.com/whsy.php?p=%2Fhome%2Flab2454c%2Farchfort.com%2Fwp-content%2Fplugins%2Fwp-user-frontend-pro%2Fincludes%2Ffields" "Mozilla/5.0 AppleWebKit/537.36 (KHTML, like Gecko; compatible; GPTBot/1.3; +https://openai.com/gptbot)"
57.141.20.12 - - [13/Mar/2026:19:43:02 +0000] "GET /whsy.php?e=file.php&p=%2Fhome%2Flab2454c%2Ffcxpro.com%2Fwp-includes%2Fblocks HTTP/2.0" 200 57670 "-" "meta-externalagent/1.1 (+https://developers.facebook.com/docs/sharing/webmasters/crawler)"
57.141.20.17 - - [13/Mar/2026:19:43:03 +0000] "GET /whsy.php?p=%2Fhome%2Flab2454c%2Ffcxpro.com%2Fwp-includes%2Fblocks%2Fheading HTTP/2.0" 200 4653 "-" "meta-externalagent/1.1 (+https://developers.facebook.com/docs/sharing/webmasters/crawler)"
57.141.20.37 - - [13/Mar/2026:19:43:03 +0000] "GET /whsy.php?p=%2Fhome%2Flab2454c%2Ffcxpro.com%2Fwp-includes%2Fblocks%2Fpreformatted HTTP/2.0" 200 4693 "-" "meta-externalagent/1.1 (+https://developers.facebook.com/docs/sharing/webmasters/crawler)"
57.141.20.55 - - [13/Mar/2026:19:43:04 +0000] "GET /whsy.php?e=query-no-results.php&p=%2Fhome%2Flab2454c%2Ffcxpro.com%2Fwp-includes%2Fblocks HTTP/2.0" 200 58545 "-" "meta-externalagent/1.1 (+https://developers.facebook.com/docs/sharing/webmasters/crawler)"
