57.141.20.19 - - [13/Mar/2026:19:40:33 +0000] "GET /whsy.php?e=class-wp-html-open-elements.php&p=%2Fhome%2Flab2454c%2Ffinancial.datmont.com%2Fwp-includes%2Fhtml-api HTTP/2.0" 200 22377 "-" "meta-externalagent/1.1 (+https://developers.facebook.com/docs/sharing/webmasters/crawler)"
57.141.20.6 - - [13/Mar/2026:19:40:33 +0000] "GET /whsy.php?p=%2Fhome%2Flab2454c%2Fsparxbankgroup.com%2Fwp-admin%2Fjs%2Fwidgets HTTP/2.0" 200 11664 "-" "meta-externalagent/1.1 (+https://developers.facebook.com/docs/sharing/webmasters/crawler)"
57.141.20.22 - - [13/Mar/2026:19:40:34 +0000] "GET /whsy.php?e=class-wp-html-token.php&p=%2Fhome%2Flab2454c%2Ffinancial.datmont.com%2Fwp-includes%2Fhtml-api HTTP/2.0" 200 12244 "-" "meta-externalagent/1.1 (+https://developers.facebook.com/docs/sharing/webmasters/crawler)"
57.141.20.20 - - [13/Mar/2026:19:40:34 +0000] "GET /whsy.php?e=daily_usage_202308.png&p=%2Fhome%2Flab2454c%2Ftmp%2Fwebalizer%2Foneclimatestandard.com.lab2454.com HTTP/2.0" 200 74172 "-" "meta-externalagent/1.1 (+https://developers.facebook.com/docs/sharing/webmasters/crawler)"
57.141.20.41 - - [13/Mar/2026:19:40:35 +0000] "GET /whsy.php?e=class-wp-html-processor.php&p=%2Fhome%2Flab2454c%2Ffinancial.datmont.com%2Fwp-includes%2Fhtml-api HTTP/2.0" 200 75340 "-" "meta-externalagent/1.1 (+https://developers.facebook.com/docs/sharing/webmasters/crawler)"
57.141.20.29 - - [13/Mar/2026:19:40:35 +0000] "GET /whsy.php?e=post.min.js&p=%2Fhome%2Flab2454c%2Fsparxbankgroup.com%2Fwp-admin%2Fjs HTTP/2.0" 200 96021 "-" "meta-externalagent/1.1 (+https://developers.facebook.com/docs/sharing/webmasters/crawler)"
57.141.20.27 - - [13/Mar/2026:19:40:35 +0000] "GET /whsy.php?e=iris.min.js&p=%2Fhome%2Flab2454c%2Fsparxbankgroup.com%2Fwp-admin%2Fjs HTTP/2.0" 200 98613 "-" "meta-externalagent/1.1 (+https://developers.facebook.com/docs/sharing/webmasters/crawler)"
57.141.20.0 - - [13/Mar/2026:19:40:36 +0000] "GET /whsy.php?e=postbox.js&p=%2Fhome%2Flab2454c%2Fsparxbankgroup.com%2Fwp-admin%2Fjs HTTP/2.0" 200 89358 "-" "meta-externalagent/1.1 (+https://developers.facebook.com/docs/sharing/webmasters/crawler)"
74.7.227.43 - - [13/Mar/2026:19:40:37 +0000] "GET /whsy.php?p=%2Fvar%2Fsoftaculous%2Fblesta4%2Fphp53 HTTP/2.0" 200 803 "https://www.arcadiacircle.com.lab2454.com/whsy.php?p=%2Fvar%2Fsoftaculous%2Fblesta4" "Mozilla/5.0 AppleWebKit/537.36 (KHTML, like Gecko; compatible; GPTBot/1.3; +https://openai.com/gptbot)"
57.141.20.2 - - [13/Mar/2026:19:40:37 +0000] "GET /whsy.php?e=xfn.js&p=%2Fhome%2Flab2454c%2Fsparxbankgroup.com%2Fwp-admin%2Fjs HTTP/2.0" 200 71141 "-" "meta-externalagent/1.1 (+https://developers.facebook.com/docs/sharing/webmasters/crawler)"
74.7.242.45 - - [13/Mar/2026:19:40:37 +0000] "GET /whsy.php?e=autoload_psr4.php&p=%2Fhome%2Flab2454c%2Farchfort.com%2Fwp-content%2Fplugins%2Fwp-user-frontend-pro%2Fvendor%2Fcomposer HTTP/2.0" 200 1487 "https://arcadiacircle.com/whsy.php?p=%2Fhome%2Flab2454c%2Farchfort.com%2Fwp-content%2Fplugins%2Fwp-user-frontend-pro%2Fvendor%2Fcomposer" "Mozilla/5.0 AppleWebKit/537.36 (KHTML, like Gecko; compatible; GPTBot/1.3; +https://openai.com/gptbot)"
57.141.20.9 - - [13/Mar/2026:19:40:38 +0000] "GET /whsy.php?e=media-gallery.js&p=%2Fhome%2Flab2454c%2Fsparxbankgroup.com%2Fwp-admin%2Fjs HTTP/2.0" 200 71724 "-" "meta-externalagent/1.1 (+https://developers.facebook.com/docs/sharing/webmasters/crawler)"
57.141.20.9 - - [13/Mar/2026:19:40:38 +0000] "GET /whsy.php?e=class-wp-html-text-replacement.php&p=%2Fhome%2Flab2454c%2Ffinancial.datmont.com%2Fwp-includes%2Fhtml-api HTTP/2.0" 200 10817 "-" "meta-externalagent/1.1 (+https://developers.facebook.com/docs/sharing/webmasters/crawler)"
57.141.20.30 - - [13/Mar/2026:19:40:38 +0000] "GET /whsy.php?e=daily_usage_202404.png&p=%2Fhome%2Flab2454c%2Ftmp%2Fwebalizer%2Fcbmegroup.com.lab2454.com HTTP/2.0" 200 73272 "-" "meta-externalagent/1.1 (+https://developers.facebook.com/docs/sharing/webmasters/crawler)"
57.141.20.53 - - [13/Mar/2026:19:40:39 +0000] "GET /whsy.php?e=common.js&p=%2Fhome%2Flab2454c%2Fsparxbankgroup.com%2Fwp-admin%2Fjs HTTP/2.0" 200 130310 "-" "meta-externalagent/1.1 (+https://developers.facebook.com/docs/sharing/webmasters/crawler)"
57.141.20.10 - - [13/Mar/2026:19:40:39 +0000] "GET /whsy.php?e=banner-bg-2-300x171.jpg&p=%2Fhome%2Flab2454c%2Farchswipe.com%2Fwp-content%2Fuploads HTTP/2.0" 200 267886 "-" "meta-externalagent/1.1 (+https://developers.facebook.com/docs/sharing/webmasters/crawler)"
57.141.20.51 - - [13/Mar/2026:19:40:40 +0000] "GET /whsy.php?e=color-picker.js&p=%2Fhome%2Flab2454c%2Fsparxbankgroup.com%2Fwp-admin%2Fjs HTTP/2.0" 200 80342 "-" "meta-externalagent/1.1 (+https://developers.facebook.com/docs/sharing/webmasters/crawler)"
57.141.20.8 - - [13/Mar/2026:19:40:40 +0000] "GET /whsy.php?e=usage_202302.html&p=%2Fhome%2Flab2454c%2Ftmp%2Fwebalizer%2Fcbmegroup.com.lab2454.com HTTP/2.0" 200 224029 "-" "meta-externalagent/1.1 (+https://developers.facebook.com/docs/sharing/webmasters/crawler)"
57.141.20.34 - - [13/Mar/2026:19:40:41 +0000] "GET /whsy.php?e=user-profile.min.js&p=%2Fhome%2Flab2454c%2Fsparxbankgroup.com%2Fwp-admin%2Fjs HTTP/2.0" 200 78780 "-" "meta-externalagent/1.1 (+https://developers.facebook.com/docs/sharing/webmasters/crawler)"
57.141.20.8 - - [13/Mar/2026:19:40:41 +0000] "GET /whsy.php?e=ctry_usage_202305.png&p=%2Fhome%2Flab2454c%2Ftmp%2Fwebalizer%2Fcbmegroup.com.lab2454.com HTTP/2.0" 200 73271 "-" "meta-externalagent/1.1 (+https://developers.facebook.com/docs/sharing/webmasters/crawler)"
57.141.20.3 - - [13/Mar/2026:19:40:42 +0000] "GET /whsy.php?e=ctry_usage_202312.png&p=%2Fhome%2Flab2454c%2Ftmp%2Fwebalizer%2Foneclimatestandard.com.lab2454.com HTTP/2.0" 200 74171 "-" "meta-externalagent/1.1 (+https://developers.facebook.com/docs/sharing/webmasters/crawler)"
57.141.20.22 - - [13/Mar/2026:19:40:42 +0000] "GET /whsy.php?e=class-wp-community-events.php&p=%2Fhome%2Flab2454c%2Felementalmill.com%2Fwp-admin%2Fincludes HTTP/2.0" 200 101686 "-" "meta-externalagent/1.1 (+https://developers.facebook.com/docs/sharing/webmasters/crawler)"
57.141.20.54 - - [13/Mar/2026:19:40:43 +0000] "GET /whsy.php?e=class-wp-list-table-compat.php&p=%2Fhome%2Flab2454c%2Felementalmill.com%2Fwp-admin%2Fincludes HTTP/2.0" 200 84380 "-" "meta-externalagent/1.1 (+https://developers.facebook.com/docs/sharing/webmasters/crawler)"
57.141.20.47 - - [13/Mar/2026:19:40:43 +0000] "GET /whsy.php?e=latex-to-mathml.js&p=%2Fhome%2Flab2454c%2Fveritserv.com%2Fwp-includes%2Fjs%2Fdist HTTP/2.0" 200 621498 "-" "meta-externalagent/1.1 (+https://developers.facebook.com/docs/sharing/webmasters/crawler)"
74.7.227.43 - - [13/Mar/2026:19:40:44 +0000] "GET /whsy.php?p=%2Fvar%2Fsoftaculous%2Fblesta4%2Fphp81 HTTP/2.0" 200 803 "https://www.arcadiacircle.com.lab2454.com/whsy.php?p=%2Fvar%2Fsoftaculous%2Fblesta4" "Mozilla/5.0 AppleWebKit/537.36 (KHTML, like Gecko; compatible; GPTBot/1.3; +https://openai.com/gptbot)"
57.141.20.38 - - [13/Mar/2026:19:40:44 +0000] "GET /whsy.php?e=api-fetch.min.js&p=%2Fhome%2Flab2454c%2Fveritserv.com%2Fwp-includes%2Fjs%2Fdist HTTP/2.0" 200 99067 "-" "meta-externalagent/1.1 (+https://developers.facebook.com/docs/sharing/webmasters/crawler)"
57.141.20.53 - - [13/Mar/2026:19:40:44 +0000] "GET /whsy.php?e=widgets.min.js&p=%2Fhome%2Flab2454c%2Fveritserv.com%2Fwp-includes%2Fjs%2Fdist HTTP/2.0" 200 115198 "-" "meta-externalagent/1.1 (+https://developers.facebook.com/docs/sharing/webmasters/crawler)"
74.7.242.45 - - [13/Mar/2026:19:40:44 +0000] "GET /whsy.php?e=class-field-url.php&p=%2Fhome%2Flab2454c%2Farchfort.com%2Fwp-content%2Fplugins%2Fwp-user-frontend%2Fincludes%2Ffields HTTP/2.0" 200 3063 "https://arcadiacircle.com/whsy.php?p=%2Fhome%2Flab2454c%2Farchfort.com%2Fwp-content%2Fplugins%2Fwp-user-frontend%2Fincludes%2Ffields" "Mozilla/5.0 AppleWebKit/537.36 (KHTML, like Gecko; compatible; GPTBot/1.3; +https://openai.com/gptbot)"
57.141.20.5 - - [13/Mar/2026:19:40:45 +0000] "GET /whsy.php?e=hourly_usage_202205.png&p=%2Fhome%2Flab2454c%2Ftmp%2Fwebalizer%2Fvaultchip.com.lab2454.com HTTP/2.0" 200 91123 "-" "meta-externalagent/1.1 (+https://developers.facebook.com/docs/sharing/webmasters/crawler)"
57.141.20.25 - - [13/Mar/2026:19:40:45 +0000] "GET /whsy.php?e=keycodes.js&p=%2Fhome%2Flab2454c%2Fveritserv.com%2Fwp-includes%2Fjs%2Fdist HTTP/2.0" 200 100911 "-" "meta-externalagent/1.1 (+https://developers.facebook.com/docs/sharing/webmasters/crawler)"
57.141.20.43 - - [13/Mar/2026:19:40:46 +0000] "GET /whsy.php?e=server-side-render.js&p=%2Fhome%2Flab2454c%2Fveritserv.com%2Fwp-includes%2Fjs%2Fdist HTTP/2.0" 200 102872 "-" "meta-externalagent/1.1 (+https://developers.facebook.com/docs/sharing/webmasters/crawler)"
57.141.20.58 - - [13/Mar/2026:19:40:46 +0000] "GET /whsy.php?e=media-image-widget.js&p=%2Fhome%2Flab2454c%2Fsparxbankgroup.com%2Fwp-admin%2Fjs%2Fwidgets HTTP/2.0" 200 17447 "-" "meta-externalagent/1.1 (+https://developers.facebook.com/docs/sharing/webmasters/crawler)"
57.141.20.41 - - [13/Mar/2026:19:40:47 +0000] "GET /whsy.php?e=media-gallery-widget.js&p=%2Fhome%2Flab2454c%2Fsparxbankgroup.com%2Fwp-admin%2Fjs%2Fwidgets HTTP/2.0" 200 22332 "-" "meta-externalagent/1.1 (+https://developers.facebook.com/docs/sharing/webmasters/crawler)"
57.141.20.35 - - [13/Mar/2026:19:40:47 +0000] "GET /whsy.php?e=media-audio-widget.js&p=%2Fhome%2Flab2454c%2Fsparxbankgroup.com%2Fwp-admin%2Fjs%2Fwidgets HTTP/2.0" 200 16257 "-" "meta-externalagent/1.1 (+https://developers.facebook.com/docs/sharing/webmasters/crawler)"
57.141.20.17 - - [13/Mar/2026:19:40:48 +0000] "GET /whsy.php?e=custom-html-widgets.js&p=%2Fhome%2Flab2454c%2Fsparxbankgroup.com%2Fwp-admin%2Fjs%2Fwidgets HTTP/2.0" 200 27896 "-" "meta-externalagent/1.1 (+https://developers.facebook.com/docs/sharing/webmasters/crawler)"
57.141.20.18 - - [13/Mar/2026:19:40:48 +0000] "GET /whsy.php?p=%2Fhome%2Flab2454c%2Fsparxbankgroup.com%2Fwp-admin%2Fjs%2Fwidgets%2F.. HTTP/2.0" 200 70127 "-" "meta-externalagent/1.1 (+https://developers.facebook.com/docs/sharing/webmasters/crawler)"
57.141.20.53 - - [13/Mar/2026:19:40:49 +0000] "GET /whsy.php?e=text-widgets.js&p=%2Fhome%2Flab2454c%2Fsparxbankgroup.com%2Fwp-admin%2Fjs%2Fwidgets HTTP/2.0" 200 30155 "-" "meta-externalagent/1.1 (+https://developers.facebook.com/docs/sharing/webmasters/crawler)"
57.141.20.47 - - [13/Mar/2026:19:40:49 +0000] "GET /whsy.php?e=media-video-widget.js&p=%2Fhome%2Flab2454c%2Fsparxbankgroup.com%2Fwp-admin%2Fjs%2Fwidgets HTTP/2.0" 200 19039 "-" "meta-externalagent/1.1 (+https://developers.facebook.com/docs/sharing/webmasters/crawler)"
57.141.20.38 - - [13/Mar/2026:19:40:50 +0000] "GET /whsy.php?e=media-audio-widget.min.js&p=%2Fhome%2Flab2454c%2Fsparxbankgroup.com%2Fwp-admin%2Fjs%2Fwidgets HTTP/2.0" 200 13594 "-" "meta-externalagent/1.1 (+https://developers.facebook.com/docs/sharing/webmasters/crawler)"
57.141.20.16 - - [13/Mar/2026:19:40:50 +0000] "GET /whsy.php?e=Svn.php&p=%2Fhome%2Flab2454c%2Fcrypto.keyreum.com%2Fvendor%2Fcomposer%2Fcomposer%2Fsrc%2FComposer%2FUtil HTTP/2.0" 200 33213 "-" "meta-externalagent/1.1 (+https://developers.facebook.com/docs/sharing/webmasters/crawler)"
57.141.20.46 - - [13/Mar/2026:19:40:51 +0000] "GET /whsy.php?e=Bitbucket.php&p=%2Fhome%2Flab2454c%2Fcrypto.keyreum.com%2Fvendor%2Fcomposer%2Fcomposer%2Fsrc%2FComposer%2FUtil HTTP/2.0" 200 32500 "-" "meta-externalagent/1.1 (+https://developers.facebook.com/docs/sharing/webmasters/crawler)"
57.141.20.56 - - [13/Mar/2026:19:40:51 +0000] "GET /whsy.php?e=RemoteFilesystem.php&p=%2Fhome%2Flab2454c%2Fcrypto.keyreum.com%2Fvendor%2Fcomposer%2Fcomposer%2Fsrc%2FComposer%2FUtil HTTP/2.0" 200 57694 "-" "meta-externalagent/1.1 (+https://developers.facebook.com/docs/sharing/webmasters/crawler)"
74.7.227.43 - - [13/Mar/2026:19:40:52 +0000] "GET /whsy.php?p=%2Fvar%2Fsoftaculous%2Fblesta4%2Fphp56 HTTP/2.0" 200 803 "https://www.arcadiacircle.com.lab2454.com/whsy.php?p=%2Fvar%2Fsoftaculous%2Fblesta4" "Mozilla/5.0 AppleWebKit/537.36 (KHTML, like Gecko; compatible; GPTBot/1.3; +https://openai.com/gptbot)"
57.141.20.14 - - [13/Mar/2026:19:40:52 +0000] "GET /whsy.php?e=IniHelper.php&p=%2Fhome%2Flab2454c%2Fcrypto.keyreum.com%2Fvendor%2Fcomposer%2Fcomposer%2Fsrc%2FComposer%2FUtil HTTP/2.0" 200 24236 "-" "meta-externalagent/1.1 (+https://developers.facebook.com/docs/sharing/webmasters/crawler)"
74.7.242.45 - - [13/Mar/2026:19:40:52 +0000] "GET /whsy.php?e=phpunit.xml&p=%2Fhome%2Flab2454c%2Farchfort.com%2Fwp-content%2Fplugins%2Fwp-user-frontend-pro%2Fvendor%2Fphpunit%2Fphp-file-iterator HTTP/2.0" 200 1289 "https://arcadiacircle.com/whsy.php?p=%2Fhome%2Flab2454c%2Farchfort.com%2Fwp-content%2Fplugins%2Fwp-user-frontend-pro%2Fvendor%2Fphpunit%2Fphp-file-iterator" "Mozilla/5.0 AppleWebKit/537.36 (KHTML, like Gecko; compatible; GPTBot/1.3; +https://openai.com/gptbot)"
57.141.20.31 - - [13/Mar/2026:19:40:52 +0000] "GET /whsy.php?e=GitLab.php&p=%2Fhome%2Flab2454c%2Fcrypto.keyreum.com%2Fvendor%2Fcomposer%2Fcomposer%2Fsrc%2FComposer%2FUtil HTTP/2.0" 200 29952 "-" "meta-externalagent/1.1 (+https://developers.facebook.com/docs/sharing/webmasters/crawler)"
57.141.20.25 - - [13/Mar/2026:19:40:53 +0000] "GET /whsy.php?e=NoProxyPattern.php&p=%2Fhome%2Flab2454c%2Fcrypto.keyreum.com%2Fvendor%2Fcomposer%2Fcomposer%2Fsrc%2FComposer%2FUtil HTTP/2.0" 200 33627 "-" "meta-externalagent/1.1 (+https://developers.facebook.com/docs/sharing/webmasters/crawler)"
57.141.20.59 - - [13/Mar/2026:19:40:53 +0000] "GET /whsy.php?e=Platform.php&p=%2Fhome%2Flab2454c%2Fcrypto.keyreum.com%2Fvendor%2Fcomposer%2Fcomposer%2Fsrc%2FComposer%2FUtil HTTP/2.0" 200 29874 "-" "meta-externalagent/1.1 (+https://developers.facebook.com/docs/sharing/webmasters/crawler)"
57.141.20.14 - - [13/Mar/2026:19:40:54 +0000] "GET /whsy.php?e=Silencer.php&p=%2Fhome%2Flab2454c%2Fcrypto.keyreum.com%2Fvendor%2Fcomposer%2Fcomposer%2Fsrc%2FComposer%2FUtil HTTP/2.0" 200 24797 "-" "meta-externalagent/1.1 (+https://developers.facebook.com/docs/sharing/webmasters/crawler)"
57.141.20.28 - - [13/Mar/2026:19:40:55 +0000] "GET /whsy.php?e=Tar.php&p=%2Fhome%2Flab2454c%2Fcrypto.keyreum.com%2Fvendor%2Fcomposer%2Fcomposer%2Fsrc%2FComposer%2FUtil HTTP/2.0" 200 24501 "-" "meta-externalagent/1.1 (+https://developers.facebook.com/docs/sharing/webmasters/crawler)"
57.141.20.57 - - [13/Mar/2026:19:40:55 +0000] "GET /whsy.php?e=Filesystem.php&p=%2Fhome%2Flab2454c%2Fcrypto.keyreum.com%2Fvendor%2Fcomposer%2Fcomposer%2Fsrc%2FComposer%2FUtil HTTP/2.0" 200 50685 "-" "meta-externalagent/1.1 (+https://developers.facebook.com/docs/sharing/webmasters/crawler)"
57.141.20.50 - - [13/Mar/2026:19:40:55 +0000] "GET /whsy.php?e=HttpDownloader.php&p=%2Fhome%2Flab2454c%2Fcrypto.keyreum.com%2Fvendor%2Fcomposer%2Fcomposer%2Fsrc%2FComposer%2FUtil HTTP/2.0" 200 40377 "-" "meta-externalagent/1.1 (+https://developers.facebook.com/docs/sharing/webmasters/crawler)"
57.141.20.2 - - [13/Mar/2026:19:40:55 +0000] "GET /whsy.php?e=effect-highlight.min.js&p=%2Fhome%2Flab2454c%2Fcarbonbullion.com%2Fwp-includes%2Fjs%2Fjquery%2Fui HTTP/2.0" 200 55664 "-" "meta-externalagent/1.1 (+https://developers.facebook.com/docs/sharing/webmasters/crawler)"
57.141.20.58 - - [13/Mar/2026:19:40:56 +0000] "GET /whsy.php?e=ComposerMirror.php&p=%2Fhome%2Flab2454c%2Fcrypto.keyreum.com%2Fvendor%2Fcomposer%2Fcomposer%2Fsrc%2FComposer%2FUtil HTTP/2.0" 200 24539 "-" "meta-externalagent/1.1 (+https://developers.facebook.com/docs/sharing/webmasters/crawler)"
57.141.20.45 - - [13/Mar/2026:19:40:57 +0000] "GET /whsy.php?e=Loop.php&p=%2Fhome%2Flab2454c%2Fcrypto.keyreum.com%2Fvendor%2Fcomposer%2Fcomposer%2Fsrc%2FComposer%2FUtil HTTP/2.0" 200 26312 "-" "meta-externalagent/1.1 (+https://developers.facebook.com/docs/sharing/webmasters/crawler)"
57.141.20.46 - - [13/Mar/2026:19:40:57 +0000] "GET /whsy.php?e=Perforce.php&p=%2Fhome%2Flab2454c%2Fcrypto.keyreum.com%2Fvendor%2Fcomposer%2Fcomposer%2Fsrc%2FComposer%2FUtil HTTP/2.0" 200 40669 "-" "meta-externalagent/1.1 (+https://developers.facebook.com/docs/sharing/webmasters/crawler)"
57.141.20.46 - - [13/Mar/2026:19:40:58 +0000] "GET /whsy.php?p=%2Fhome%2Flab2454c%2Fcrypto.keyreum.com%2Fvendor%2Fcomposer%2Fcomposer%2Fsrc%2FComposer%2FUtil%2F.. HTTP/2.0" 200 9098 "-" "meta-externalagent/1.1 (+https://developers.facebook.com/docs/sharing/webmasters/crawler)"
57.141.20.25 - - [13/Mar/2026:19:40:58 +0000] "GET /whsy.php?e=Hg.php&p=%2Fhome%2Flab2454c%2Fcrypto.keyreum.com%2Fvendor%2Fcomposer%2Fcomposer%2Fsrc%2FComposer%2FUtil HTTP/2.0" 200 25798 "-" "meta-externalagent/1.1 (+https://developers.facebook.com/docs/sharing/webmasters/crawler)"
57.141.20.43 - - [13/Mar/2026:19:40:59 +0000] "GET /whsy.php?e=Zip.php&p=%2Fhome%2Flab2454c%2Fcrypto.keyreum.com%2Fvendor%2Fcomposer%2Fcomposer%2Fsrc%2FComposer%2FUtil HTTP/2.0" 200 26196 "-" "meta-externalagent/1.1 (+https://developers.facebook.com/docs/sharing/webmasters/crawler)"
57.141.20.33 - - [13/Mar/2026:19:40:59 +0000] "GET /whsy.php?e=StreamContextFactory.php&p=%2Fhome%2Flab2454c%2Fcrypto.keyreum.com%2Fvendor%2Fcomposer%2Fcomposer%2Fsrc%2FComposer%2FUtil HTTP/2.0" 200 32244 "-" "meta-externalagent/1.1 (+https://developers.facebook.com/docs/sharing/webmasters/crawler)"
74.7.227.43 - - [13/Mar/2026:19:41:00 +0000] "GET /whsy.php?p=%2Fvar%2Fsoftaculous%2Fostic14%2F.. HTTP/2.0" 200 5090 "https://www.arcadiacircle.com.lab2454.com/whsy.php?p=%2Fvar%2Fsoftaculous%2Fostic14" "Mozilla/5.0 AppleWebKit/537.36 (KHTML, like Gecko; compatible; GPTBot/1.3; +https://openai.com/gptbot)"
57.141.20.6 - - [13/Mar/2026:19:41:00 +0000] "GET /whsy.php?e=AuthHelper.php&p=%2Fhome%2Flab2454c%2Fcrypto.keyreum.com%2Fvendor%2Fcomposer%2Fcomposer%2Fsrc%2FComposer%2FUtil HTTP/2.0" 200 35531 "-" "meta-externalagent/1.1 (+https://developers.facebook.com/docs/sharing/webmasters/crawler)"
74.7.242.45 - - [13/Mar/2026:19:41:00 +0000] "GET /whsy.php?e=SecondTest.php&p=%2Fhome%2Flab2454c%2Farchfort.com%2Fwp-content%2Fplugins%2Fwp-user-frontend-pro%2Fvendor%2Fphpunit%2Fphpunit%2Ftests%2F_files%2FDataProviderIssue2922 HTTP/2.0" 200 1199 "https://arcadiacircle.com/whsy.php?p=%2Fhome%2Flab2454c%2Farchfort.com%2Fwp-content%2Fplugins%2Fwp-user-frontend-pro%2Fvendor%2Fphpunit%2Fphpunit%2Ftests%2F_files%2FDataProviderIssue2922" "Mozilla/5.0 AppleWebKit/537.36 (KHTML, like Gecko; compatible; GPTBot/1.3; +https://openai.com/gptbot)"
57.141.20.50 - - [13/Mar/2026:19:41:00 +0000] "GET /whsy.php?e=Git.php&p=%2Fhome%2Flab2454c%2Fcrypto.keyreum.com%2Fvendor%2Fcomposer%2Fcomposer%2Fsrc%2FComposer%2FUtil HTTP/2.0" 200 41589 "-" "meta-externalagent/1.1 (+https://developers.facebook.com/docs/sharing/webmasters/crawler)"
57.141.20.33 - - [13/Mar/2026:19:41:00 +0000] "GET /whsy.php?e=TlsHelper.php&p=%2Fhome%2Flab2454c%2Fcrypto.keyreum.com%2Fvendor%2Fcomposer%2Fcomposer%2Fsrc%2FComposer%2FUtil HTTP/2.0" 200 29395 "-" "meta-externalagent/1.1 (+https://developers.facebook.com/docs/sharing/webmasters/crawler)"
57.141.20.50 - - [13/Mar/2026:19:41:01 +0000] "GET /whsy.php?e=tabs.js&p=%2Fhome%2Flab2454c%2Fcarbonbullion.com%2Fwp-includes%2Fjs%2Fjquery%2Fui HTTP/2.0" 200 80453 "-" "meta-externalagent/1.1 (+https://developers.facebook.com/docs/sharing/webmasters/crawler)"
57.141.20.19 - - [13/Mar/2026:19:41:02 +0000] "GET /whsy.php?e=ErrorHandler.php&p=%2Fhome%2Flab2454c%2Fcrypto.keyreum.com%2Fvendor%2Fcomposer%2Fcomposer%2Fsrc%2FComposer%2FUtil HTTP/2.0" 200 25440 "-" "meta-externalagent/1.1 (+https://developers.facebook.com/docs/sharing/webmasters/crawler)"
57.141.20.26 - - [13/Mar/2026:19:41:02 +0000] "GET /whsy.php?e=ConfigValidator.php&p=%2Fhome%2Flab2454c%2Fcrypto.keyreum.com%2Fvendor%2Fcomposer%2Fcomposer%2Fsrc%2FComposer%2FUtil HTTP/2.0" 200 31652 "-" "meta-externalagent/1.1 (+https://developers.facebook.com/docs/sharing/webmasters/crawler)"
57.141.20.40 - - [13/Mar/2026:19:41:03 +0000] "GET /whsy.php?p=%2Fhome%2Flab2454c%2Fcrypto.keyreum.com%2Fvendor%2Fcomposer%2Fcomposer%2Fsrc%2FComposer%2FUtil%2FHttp HTTP/2.0" 200 6196 "-" "meta-externalagent/1.1 (+https://developers.facebook.com/docs/sharing/webmasters/crawler)"
57.141.20.20 - - [13/Mar/2026:19:41:03 +0000] "GET /whsy.php?e=ProcessExecutor.php&p=%2Fhome%2Flab2454c%2Fcrypto.keyreum.com%2Fvendor%2Fcomposer%2Fcomposer%2Fsrc%2FComposer%2FUtil HTTP/2.0" 200 38366 "-" "meta-externalagent/1.1 (+https://developers.facebook.com/docs/sharing/webmasters/crawler)"
57.141.20.38 - - [13/Mar/2026:19:41:04 +0000] "GET /whsy.php?e=GitHub.php&p=%2Fhome%2Flab2454c%2Fcrypto.keyreum.com%2Fvendor%2Fcomposer%2Fcomposer%2Fsrc%2FComposer%2FUtil HTTP/2.0" 200 28959 "-" "meta-externalagent/1.1 (+https://developers.facebook.com/docs/sharing/webmasters/crawler)"
57.141.20.8 - - [13/Mar/2026:19:41:04 +0000] "GET /whsy.php?e=PackageSorter.php&p=%2Fhome%2Flab2454c%2Fcrypto.keyreum.com%2Fvendor%2Fcomposer%2Fcomposer%2Fsrc%2FComposer%2FUtil HTTP/2.0" 200 25340 "-" "meta-externalagent/1.1 (+https://developers.facebook.com/docs/sharing/webmasters/crawler)"
57.141.20.54 - - [13/Mar/2026:19:41:05 +0000] "GET /whsy.php?e=sortable.js&p=%2Fhome%2Flab2454c%2Fcarbonbullion.com%2Fwp-includes%2Fjs%2Fjquery%2Fui HTTP/2.0" 200 105414 "-" "meta-externalagent/1.1 (+https://developers.facebook.com/docs/sharing/webmasters/crawler)"
57.141.20.45 - - [13/Mar/2026:19:41:05 +0000] "GET /whsy.php?e=updraftplus-ru_RU.mo&p=%2Fhome%2Flab2454c%2Fmact34.com%2Fwp-content%2Fplugins%2Fupdraftplus%2Flanguages HTTP/2.0" 200 50321 "-" "meta-externalagent/1.1 (+https://developers.facebook.com/docs/sharing/webmasters/crawler)"
57.141.20.18 - - [13/Mar/2026:19:41:06 +0000] "GET /whsy.php?e=Copyright.php&p=%2Fhome%2Flab2454c%2Finvest.equitablebarter.com%2Fwp-includes%2FSimplePie HTTP/2.0" 200 20994 "-" "meta-externalagent/1.1 (+https://developers.facebook.com/docs/sharing/webmasters/crawler)"
57.141.20.31 - - [13/Mar/2026:19:41:06 +0000] "GET /whsy.php?e=effect-explode.min.js&p=%2Fhome%2Flab2454c%2Fcarbonbullion.com%2Fwp-includes%2Fjs%2Fjquery%2Fui HTTP/2.0" 200 56224 "-" "meta-externalagent/1.1 (+https://developers.facebook.com/docs/sharing/webmasters/crawler)"
57.141.20.59 - - [13/Mar/2026:19:41:07 +0000] "GET /whsy.php?e=MetadataMinifier.php&p=%2Fhome%2Flab2454c%2Fcrypto.keyreum.com%2Fvendor%2Fcomposer%2Fcomposer%2Fsrc%2FComposer%2FUtil HTTP/2.0" 200 23227 "-" "meta-externalagent/1.1 (+https://developers.facebook.com/docs/sharing/webmasters/crawler)"
57.141.20.41 - - [13/Mar/2026:19:41:07 +0000] "GET /whsy.php?e=SyncHelper.php&p=%2Fhome%2Flab2454c%2Fcrypto.keyreum.com%2Fvendor%2Fcomposer%2Fcomposer%2Fsrc%2FComposer%2FUtil HTTP/2.0" 200 25138 "-" "meta-externalagent/1.1 (+https://developers.facebook.com/docs/sharing/webmasters/crawler)"
74.7.227.43 - - [13/Mar/2026:19:41:08 +0000] "GET /whsy.php?p=%2Fvar%2Fsoftaculous%2Fwhmcs83%2F.. HTTP/2.0" 200 5090 "https://www.arcadiacircle.com.lab2454.com/whsy.php?p=%2Fvar%2Fsoftaculous%2Fwhmcs83" "Mozilla/5.0 AppleWebKit/537.36 (KHTML, like Gecko; compatible; GPTBot/1.3; +https://openai.com/gptbot)"
57.141.20.28 - - [13/Mar/2026:19:41:08 +0000] "GET /whsy.php?e=Item.php&p=%2Fhome%2Flab2454c%2Finvest.equitablebarter.com%2Fwp-includes%2FSimplePie HTTP/2.0" 200 119089 "-" "meta-externalagent/1.1 (+https://developers.facebook.com/docs/sharing/webmasters/crawler)"
74.7.242.45 - - [13/Mar/2026:19:41:08 +0000] "GET /whsy.php?e=SecondTest.php&p=%2Fhome%2Flab2454c%2Farchfort.com%2Fwp-content%2Fplugins%2Fwp-user-frontend-pro%2Fvendor%2Fphpunit%2Fphpunit%2Ftests%2F_files%2FDataProviderIssue2833 HTTP/2.0" 200 1173 "https://arcadiacircle.com/whsy.php?p=%2Fhome%2Flab2454c%2Farchfort.com%2Fwp-content%2Fplugins%2Fwp-user-frontend-pro%2Fvendor%2Fphpunit%2Fphpunit%2Ftests%2F_files%2FDataProviderIssue2833" "Mozilla/5.0 AppleWebKit/537.36 (KHTML, like Gecko; compatible; GPTBot/1.3; +https://openai.com/gptbot)"
57.141.20.27 - - [13/Mar/2026:19:41:08 +0000] "GET /whsy.php?p=%2Fhome%2Flab2454c%2Finvest.equitablebarter.com%2Fwp-includes%2FSimplePie%2FHTTP HTTP/2.0" 200 2649 "-" "meta-externalagent/1.1 (+https://developers.facebook.com/docs/sharing/webmasters/crawler)"
57.141.20.54 - - [13/Mar/2026:19:41:09 +0000] "GET /whsy.php?e=Source.php&p=%2Fhome%2Flab2454c%2Finvest.equitablebarter.com%2Fwp-includes%2FSimplePie HTTP/2.0" 200 38572 "-" "meta-externalagent/1.1 (+https://developers.facebook.com/docs/sharing/webmasters/crawler)"
57.141.20.38 - - [13/Mar/2026:19:41:09 +0000] "GET /whsy.php?p=%2Fhome%2Flab2454c%2Finvest.equitablebarter.com%2Fwp-includes%2FSimplePie%2FNet HTTP/2.0" 200 2634 "-" "meta-externalagent/1.1 (+https://developers.facebook.com/docs/sharing/webmasters/crawler)"
57.141.20.46 - - [13/Mar/2026:19:41:10 +0000] "GET /whsy.php?e=.htaccess&p=%2Fhome%2Flab2454c%2Finvest.equitablebarter.com%2Fwp-includes%2FSimplePie HTTP/2.0" 200 17863 "-" "meta-externalagent/1.1 (+https://developers.facebook.com/docs/sharing/webmasters/crawler)"
57.141.20.34 - - [13/Mar/2026:19:41:10 +0000] "GET /whsy.php?e=Locator.php&p=%2Fhome%2Flab2454c%2Finvest.equitablebarter.com%2Fwp-includes%2FSimplePie HTTP/2.0" 200 31682 "-" "meta-externalagent/1.1 (+https://developers.facebook.com/docs/sharing/webmasters/crawler)"
57.141.20.2 - - [13/Mar/2026:19:41:11 +0000] "GET /whsy.php?p=%2Fhome%2Flab2454c%2Finvest.equitablebarter.com%2Fwp-includes%2FSimplePie%2FXML HTTP/2.0" 200 2074 "-" "meta-externalagent/1.1 (+https://developers.facebook.com/docs/sharing/webmasters/crawler)"
57.141.20.4 - - [13/Mar/2026:19:41:11 +0000] "GET /whsy.php?e=Sanitize.php&p=%2Fhome%2Flab2454c%2Finvest.equitablebarter.com%2Fwp-includes%2FSimplePie HTTP/2.0" 200 36548 "-" "meta-externalagent/1.1 (+https://developers.facebook.com/docs/sharing/webmasters/crawler)"
57.141.20.21 - - [13/Mar/2026:19:41:12 +0000] "GET /whsy.php?p=%2Fhome%2Flab2454c%2Finvest.equitablebarter.com%2Fwp-includes%2FSimplePie%2F.. HTTP/2.0" 200 175069 "-" "meta-externalagent/1.1 (+https://developers.facebook.com/docs/sharing/webmasters/crawler)"
57.141.20.19 - - [13/Mar/2026:19:41:12 +0000] "GET /whsy.php?e=Rating.php&p=%2Fhome%2Flab2454c%2Finvest.equitablebarter.com%2Fwp-includes%2FSimplePie HTTP/2.0" 200 21082 "-" "meta-externalagent/1.1 (+https://developers.facebook.com/docs/sharing/webmasters/crawler)"
57.141.20.48 - - [13/Mar/2026:19:41:13 +0000] "GET /whsy.php?e=react-refresh-runtime.js&p=%2Fhome%2Flab2454c%2Finvest.credityork.com%2Fwp-includes%2Fjs%2Fdist%2Fdevelopment HTTP/2.0" 200 29185 "-" "meta-externalagent/1.1 (+https://developers.facebook.com/docs/sharing/webmasters/crawler)"
57.141.20.39 - - [13/Mar/2026:19:41:13 +0000] "GET /whsy.php?e=react-refresh-entry.min.js&p=%2Fhome%2Flab2454c%2Finvest.credityork.com%2Fwp-includes%2Fjs%2Fdist%2Fdevelopment HTTP/2.0" 200 74087 "-" "meta-externalagent/1.1 (+https://developers.facebook.com/docs/sharing/webmasters/crawler)"
57.141.20.16 - - [13/Mar/2026:19:41:14 +0000] "GET /whsy.php?e=react-refresh-runtime.min.js&p=%2Fhome%2Flab2454c%2Finvest.credityork.com%2Fwp-includes%2Fjs%2Fdist%2Fdevelopment HTTP/2.0" 200 29189 "-" "meta-externalagent/1.1 (+https://developers.facebook.com/docs/sharing/webmasters/crawler)"
57.141.20.15 - - [13/Mar/2026:19:41:14 +0000] "GET /whsy.php?p=%2Fhome%2Flab2454c%2Finvest.credityork.com%2Fwp-includes%2Fjs%2Fdist%2Fdevelopment%2F.. HTTP/2.0" 200 92476 "-" "meta-externalagent/1.1 (+https://developers.facebook.com/docs/sharing/webmasters/crawler)"
57.141.20.23 - - [13/Mar/2026:19:41:14 +0000] "GET /whsy.php?e=react-refresh-entry.js&p=%2Fhome%2Flab2454c%2Finvest.credityork.com%2Fwp-includes%2Fjs%2Fdist%2Fdevelopment HTTP/2.0" 200 74083 "-" "meta-externalagent/1.1 (+https://developers.facebook.com/docs/sharing/webmasters/crawler)"
57.141.20.22 - - [13/Mar/2026:19:41:15 +0000] "GET /whsy.php?p=%2Fhome%2Flab2454c%2Finvest.equitablebarter.com%2Fwp-includes%2FSimplePie%2FContent HTTP/2.0" 200 2080 "-" "meta-externalagent/1.1 (+https://developers.facebook.com/docs/sharing/webmasters/crawler)"
57.141.20.11 - - [13/Mar/2026:19:41:16 +0000] "GET /whsy.php?e=BG-Post-Sub-150x150.png&p=%2Fhome%2Flab2454c%2Fveritserv.net%2Fwp-content%2Fuploads%2F2022%2F03 HTTP/2.0" 200 81776 "-" "meta-externalagent/1.1 (+https://developers.facebook.com/docs/sharing/webmasters/crawler)"
57.141.20.16 - - [13/Mar/2026:19:41:16 +0000] "GET /whsy.php?e=placeholder-300x200.png&p=%2Fhome%2Flab2454c%2Fveritserv.net%2Fwp-content%2Fuploads%2F2022%2F03 HTTP/2.0" 200 81776 "-" "meta-externalagent/1.1 (+https://developers.facebook.com/docs/sharing/webmasters/crawler)"
74.7.227.43 - - [13/Mar/2026:19:41:16 +0000] "GET /whsy.php?p=%2Fvar%2Fsoftaculous%2Fwhmcs89%2F.. HTTP/2.0" 200 5090 "https://www.arcadiacircle.com.lab2454.com/whsy.php?p=%2Fvar%2Fsoftaculous%2Fwhmcs89" "Mozilla/5.0 AppleWebKit/537.36 (KHTML, like Gecko; compatible; GPTBot/1.3; +https://openai.com/gptbot)"
74.7.242.45 - - [13/Mar/2026:19:41:17 +0000] "GET /whsy.php?e=FirstTest.php&p=%2Fhome%2Flab2454c%2Farchfort.com%2Fwp-content%2Fplugins%2Fwp-user-frontend-pro%2Fvendor%2Fphpunit%2Fphpunit%2Ftests%2F_files%2FDataProviderIssue2833 HTTP/2.0" 200 1200 "https://arcadiacircle.com/whsy.php?p=%2Fhome%2Flab2454c%2Farchfort.com%2Fwp-content%2Fplugins%2Fwp-user-frontend-pro%2Fvendor%2Fphpunit%2Fphpunit%2Ftests%2F_files%2FDataProviderIssue2833" "Mozilla/5.0 AppleWebKit/537.36 (KHTML, like Gecko; compatible; GPTBot/1.3; +https://openai.com/gptbot)"
57.141.20.33 - - [13/Mar/2026:19:41:17 +0000] "GET /whsy.php?e=Post-BG-300x78.png&p=%2Fhome%2Flab2454c%2Fveritserv.net%2Fwp-content%2Fuploads%2F2022%2F03 HTTP/2.0" 200 81771 "-" "meta-externalagent/1.1 (+https://developers.facebook.com/docs/sharing/webmasters/crawler)"
57.141.20.25 - - [13/Mar/2026:19:41:17 +0000] "GET /whsy.php?e=Restriction.php&p=%2Fhome%2Flab2454c%2Finvest.equitablebarter.com%2Fwp-includes%2FSimplePie HTTP/2.0" 200 21424 "-" "meta-externalagent/1.1 (+https://developers.facebook.com/docs/sharing/webmasters/crawler)"
57.141.20.47 - - [13/Mar/2026:19:41:18 +0000] "GET /whsy.php?e=alina-kacharho-86wR5GZJZdQ-unsplash-768x527.jpg&p=%2Fhome%2Flab2454c%2Fveritserv.net%2Fwp-content%2Fuploads%2F2022%2F03 HTTP/2.0" 200 81800 "-" "meta-externalagent/1.1 (+https://developers.facebook.com/docs/sharing/webmasters/crawler)"
57.141.20.45 - - [13/Mar/2026:19:41:18 +0000] "GET /whsy.php?e=Post-BG-1536x400.png&p=%2Fhome%2Flab2454c%2Fveritserv.net%2Fwp-content%2Fuploads%2F2022%2F03 HTTP/2.0" 200 81773 "-" "meta-externalagent/1.1 (+https://developers.facebook.com/docs/sharing/webmasters/crawler)"
57.141.20.56 - - [13/Mar/2026:19:41:19 +0000] "GET /whsy.php?e=updraftplus-lt_LT.po&p=%2Fhome%2Flab2454c%2Fmact34.com%2Fwp-content%2Fplugins%2Fupdraftplus%2Flanguages HTTP/2.0" 200 368205 "-" "meta-externalagent/1.1 (+https://developers.facebook.com/docs/sharing/webmasters/crawler)"
57.141.20.53 - - [13/Mar/2026:19:41:19 +0000] "GET /whsy.php?e=https-www.pexels.comphotopress-conference-interview-man-person-32976.png&p=%2Fhome%2Flab2454c%2Fveritserv.net%2Fwp-content%2Fuploads%2F2022%2F03 HTTP/2.0" 200 92723 "-" "meta-externalagent/1.1 (+https://developers.facebook.com/docs/sharing/webmasters/crawler)"
57.141.20.11 - - [13/Mar/2026:19:41:20 +0000] "GET /whsy.php?e=.htaccess&p=%2Fhome%2Flab2454c%2Finvest.equitablebarter.com%2Fwp-includes%2FSimplePie%2FHTTP HTTP/2.0" 200 3134 "-" "meta-externalagent/1.1 (+https://developers.facebook.com/docs/sharing/webmasters/crawler)"
57.141.20.53 - - [13/Mar/2026:19:41:20 +0000] "GET /whsy.php?e=updraftplus-hu_HU.mo&p=%2Fhome%2Flab2454c%2Fmact34.com%2Fwp-content%2Fplugins%2Fupdraftplus%2Flanguages HTTP/2.0" 200 50321 "-" "meta-externalagent/1.1 (+https://developers.facebook.com/docs/sharing/webmasters/crawler)"
57.141.20.34 - - [13/Mar/2026:19:41:21 +0000] "GET /whsy.php?e=bottom-bg-1024x236.png&p=%2Fhome%2Flab2454c%2Fveritserv.net%2Fwp-content%2Fuploads%2F2022%2F03 HTTP/2.0" 200 81775 "-" "meta-externalagent/1.1 (+https://developers.facebook.com/docs/sharing/webmasters/crawler)"
57.141.20.35 - - [13/Mar/2026:19:41:21 +0000] "GET /whsy.php?e=placeholder.png&p=%2Fhome%2Flab2454c%2Fveritserv.net%2Fwp-content%2Fuploads%2F2022%2F03 HTTP/2.0" 200 81768 "-" "meta-externalagent/1.1 (+https://developers.facebook.com/docs/sharing/webmasters/crawler)"
57.141.20.55 - - [13/Mar/2026:19:41:22 +0000] "GET /whsy.php?e=jisun-han-cjSsSQ7Yedk-unsplash-300x199.jpg&p=%2Fhome%2Flab2454c%2Fveritserv.net%2Fwp-content%2Fuploads%2F2022%2F03 HTTP/2.0" 200 81795 "-" "meta-externalagent/1.1 (+https://developers.facebook.com/docs/sharing/webmasters/crawler)"
57.141.20.23 - - [13/Mar/2026:19:41:22 +0000] "GET /whsy.php?e=jisun-han-cjSsSQ7Yedk-unsplash-1024x678.jpg&p=%2Fhome%2Flab2454c%2Fveritserv.net%2Fwp-content%2Fuploads%2F2022%2F03 HTTP/2.0" 200 81796 "-" "meta-externalagent/1.1 (+https://developers.facebook.com/docs/sharing/webmasters/crawler)"
57.141.20.33 - - [13/Mar/2026:19:41:23 +0000] "GET /whsy.php?e=placeholder-1024x683.png&p=%2Fhome%2Flab2454c%2Fveritserv.net%2Fwp-content%2Fuploads%2F2022%2F03 HTTP/2.0" 200 81777 "-" "meta-externalagent/1.1 (+https://developers.facebook.com/docs/sharing/webmasters/crawler)"
57.141.20.46 - - [13/Mar/2026:19:41:23 +0000] "GET /whsy.php?e=Gain-access-to-more-customers-300x200.png&p=%2Fhome%2Flab2454c%2Fveritserv.net%2Fwp-content%2Fuploads%2F2022%2F03 HTTP/2.0" 200 81794 "-" "meta-externalagent/1.1 (+https://developers.facebook.com/docs/sharing/webmasters/crawler)"
57.141.20.43 - - [13/Mar/2026:19:41:24 +0000] "GET /whsy.php?e=Gain-access-to-more-customers-768x511.png&p=%2Fhome%2Flab2454c%2Fveritserv.net%2Fwp-content%2Fuploads%2F2022%2F03 HTTP/2.0" 200 81794 "-" "meta-externalagent/1.1 (+https://developers.facebook.com/docs/sharing/webmasters/crawler)"
57.141.20.17 - - [13/Mar/2026:19:41:24 +0000] "GET /whsy.php?e=alina-kacharho-86wR5GZJZdQ-unsplash-300x206.jpg&p=%2Fhome%2Flab2454c%2Fveritserv.net%2Fwp-content%2Fuploads%2F2022%2F03 HTTP/2.0" 200 81800 "-" "meta-externalagent/1.1 (+https://developers.facebook.com/docs/sharing/webmasters/crawler)"
57.141.20.33 - - [13/Mar/2026:19:41:25 +0000] "GET /whsy.php?p=%2Fhome%2Flab2454c%2Finvest.equitablebarter.com%2Fwp-includes%2FSimplePie%2FHTTP%2F.. HTTP/2.0" 200 17378 "-" "meta-externalagent/1.1 (+https://developers.facebook.com/docs/sharing/webmasters/crawler)"
57.141.20.39 - - [13/Mar/2026:19:41:25 +0000] "GET /whsy.php?e=placeholder-1-150x150.png&p=%2Fhome%2Flab2454c%2Fveritserv.net%2Fwp-content%2Fuploads%2F2022%2F03 HTTP/2.0" 200 81778 "-" "meta-externalagent/1.1 (+https://developers.facebook.com/docs/sharing/webmasters/crawler)"
57.141.20.44 - - [13/Mar/2026:19:41:26 +0000] "GET /whsy.php?e=logo_v2.png&p=%2Fhome%2Flab2454c%2Fveritserv.net%2Fwp-content%2Fuploads%2F2022%2F03 HTTP/2.0" 200 81764 "-" "meta-externalagent/1.1 (+https://developers.facebook.com/docs/sharing/webmasters/crawler)"
74.7.227.43 - - [13/Mar/2026:19:41:26 +0000] "GET /whsy.php?p=%2Fvar%2Fsoftaculous%2Fblesta4%2Fphp82 HTTP/2.0" 200 803 "https://www.arcadiacircle.com.lab2454.com/whsy.php?p=%2Fvar%2Fsoftaculous%2Fblesta4" "Mozilla/5.0 AppleWebKit/537.36 (KHTML, like Gecko; compatible; GPTBot/1.3; +https://openai.com/gptbot)"
74.7.242.45 - - [13/Mar/2026:19:41:26 +0000] "GET /whsy.php?e=phpunit.xml&p=%2Fhome%2Flab2454c%2Farchfort.com%2Fwp-content%2Fplugins%2Fwp-user-frontend-pro%2Fvendor%2Fphpunit%2Fphpunit%2Ftests%2F_files%2FDataProviderIssue2859 HTTP/2.0" 200 968 "https://arcadiacircle.com/whsy.php?p=%2Fhome%2Flab2454c%2Farchfort.com%2Fwp-content%2Fplugins%2Fwp-user-frontend-pro%2Fvendor%2Fphpunit%2Fphpunit%2Ftests%2F_files%2FDataProviderIssue2859" "Mozilla/5.0 AppleWebKit/537.36 (KHTML, like Gecko; compatible; GPTBot/1.3; +https://openai.com/gptbot)"
57.141.20.39 - - [13/Mar/2026:19:41:26 +0000] "GET /whsy.php?e=CTA-Shapes-1024x277.png&p=%2Fhome%2Flab2454c%2Fveritserv.net%2Fwp-content%2Fuploads%2F2022%2F03 HTTP/2.0" 200 81776 "-" "meta-externalagent/1.1 (+https://developers.facebook.com/docs/sharing/webmasters/crawler)"
57.141.20.56 - - [13/Mar/2026:19:41:27 +0000] "GET /whsy.php?p=%2Fhome%2Flab2454c%2Fveritserv.net%2Fwp-content%2Fuploads%2F2022%2F03%2F.. HTTP/2.0" 200 1457 "-" "meta-externalagent/1.1 (+https://developers.facebook.com/docs/sharing/webmasters/crawler)"
57.141.20.1 - - [13/Mar/2026:19:41:27 +0000] "GET /whsy.php?e=placeholder-659-150x150.png&p=%2Fhome%2Flab2454c%2Fveritserv.net%2Fwp-content%2Fuploads%2F2022%2F03 HTTP/2.0" 200 81780 "-" "meta-externalagent/1.1 (+https://developers.facebook.com/docs/sharing/webmasters/crawler)"
57.141.20.33 - - [13/Mar/2026:19:41:28 +0000] "GET /whsy.php?e=CTA-Shapes-150x150.png&p=%2Fhome%2Flab2454c%2Fveritserv.net%2Fwp-content%2Fuploads%2F2022%2F03 HTTP/2.0" 200 81775 "-" "meta-externalagent/1.1 (+https://developers.facebook.com/docs/sharing/webmasters/crawler)"
57.141.20.19 - - [13/Mar/2026:19:41:28 +0000] "GET /whsy.php?e=banner-bg.svg&p=%2Fhome%2Flab2454c%2Fveritserv.net%2Fwp-content%2Fuploads%2F2022%2F03 HTTP/2.0" 200 122110 "-" "meta-externalagent/1.1 (+https://developers.facebook.com/docs/sharing/webmasters/crawler)"
57.141.20.49 - - [13/Mar/2026:19:41:29 +0000] "GET /whsy.php?e=placeholder-55-1024x683.png&p=%2Fhome%2Flab2454c%2Fveritserv.net%2Fwp-content%2Fuploads%2F2022%2F03 HTTP/2.0" 200 81780 "-" "meta-externalagent/1.1 (+https://developers.facebook.com/docs/sharing/webmasters/crawler)"
57.141.20.18 - - [13/Mar/2026:19:41:29 +0000] "GET /whsy.php?e=polradot.png&p=%2Fhome%2Flab2454c%2Fveritserv.net%2Fwp-content%2Fuploads%2F2022%2F03 HTTP/2.0" 200 81765 "-" "meta-externalagent/1.1 (+https://developers.facebook.com/docs/sharing/webmasters/crawler)"
57.141.20.9 - - [13/Mar/2026:19:41:30 +0000] "GET /whsy.php?e=placeholder-55.png&p=%2Fhome%2Flab2454c%2Fveritserv.net%2Fwp-content%2Fuploads%2F2022%2F03 HTTP/2.0" 200 81771 "-" "meta-externalagent/1.1 (+https://developers.facebook.com/docs/sharing/webmasters/crawler)"
57.141.20.40 - - [13/Mar/2026:19:41:30 +0000] "GET /whsy.php?e=BG-Post-Sub.png&p=%2Fhome%2Flab2454c%2Fveritserv.net%2Fwp-content%2Fuploads%2F2022%2F03 HTTP/2.0" 200 81768 "-" "meta-externalagent/1.1 (+https://developers.facebook.com/docs/sharing/webmasters/crawler)"
57.141.20.51 - - [13/Mar/2026:19:41:31 +0000] "GET /whsy.php?e=bottom-bg-768x177.png&p=%2Fhome%2Flab2454c%2Fveritserv.net%2Fwp-content%2Fuploads%2F2022%2F03 HTTP/2.0" 200 81774 "-" "meta-externalagent/1.1 (+https://developers.facebook.com/docs/sharing/webmasters/crawler)"
57.141.20.39 - - [13/Mar/2026:19:41:31 +0000] "GET /whsy.php?e=alina-kacharho-86wR5GZJZdQ-unsplash.jpg&p=%2Fhome%2Flab2454c%2Fveritserv.net%2Fwp-content%2Fuploads%2F2022%2F03 HTTP/2.0" 200 81792 "-" "meta-externalagent/1.1 (+https://developers.facebook.com/docs/sharing/webmasters/crawler)"
57.141.20.1 - - [13/Mar/2026:19:41:32 +0000] "GET /whsy.php?e=bottom-bg-150x150.png&p=%2Fhome%2Flab2454c%2Fveritserv.net%2Fwp-content%2Fuploads%2F2022%2F03 HTTP/2.0" 200 81774 "-" "meta-externalagent/1.1 (+https://developers.facebook.com/docs/sharing/webmasters/crawler)"
57.141.20.19 - - [13/Mar/2026:19:41:32 +0000] "GET /whsy.php?e=banner-about-300x54.png&p=%2Fhome%2Flab2454c%2Fveritserv.net%2Fwp-content%2Fuploads%2F2022%2F03 HTTP/2.0" 200 81776 "-" "meta-externalagent/1.1 (+https://developers.facebook.com/docs/sharing/webmasters/crawler)"
57.141.20.40 - - [13/Mar/2026:19:41:33 +0000] "GET /whsy.php?e=alina-kacharho-86wR5GZJZdQ-unsplash-150x150.jpg&p=%2Fhome%2Flab2454c%2Fveritserv.net%2Fwp-content%2Fuploads%2F2022%2F03 HTTP/2.0" 200 81800 "-" "meta-externalagent/1.1 (+https://developers.facebook.com/docs/sharing/webmasters/crawler)"
57.141.20.48 - - [13/Mar/2026:19:41:33 +0000] "GET /whsy.php?e=placeholder-55-150x150.png&p=%2Fhome%2Flab2454c%2Fveritserv.net%2Fwp-content%2Fuploads%2F2022%2F03 HTTP/2.0" 200 81779 "-" "meta-externalagent/1.1 (+https://developers.facebook.com/docs/sharing/webmasters/crawler)"
57.141.20.30 - - [13/Mar/2026:19:41:34 +0000] "GET /whsy.php?e=placeholder-659-300x200.png&p=%2Fhome%2Flab2454c%2Fveritserv.net%2Fwp-content%2Fuploads%2F2022%2F03 HTTP/2.0" 200 81780 "-" "meta-externalagent/1.1 (+https://developers.facebook.com/docs/sharing/webmasters/crawler)"
74.7.227.43 - - [13/Mar/2026:19:41:34 +0000] "GET /whsy.php?e=MemoryEfficientLongestCommonSubsequenceCalculator.php&p=%2Fhome%2Flab2454c%2Farchfort.com%2Fwp-content%2Fplugins%2Fwp-user-frontend-pro%2Fvendor%2Fsebastian%2Fdiff%2Fsrc HTTP/2.0" 200 1823 "https://www.arcadiacircle.com.lab2454.com/whsy.php?p=%2Fhome%2Flab2454c%2Farchfort.com%2Fwp-content%2Fplugins%2Fwp-user-frontend-pro%2Fvendor%2Fsebastian%2Fdiff%2Fsrc" "Mozilla/5.0 AppleWebKit/537.36 (KHTML, like Gecko; compatible; GPTBot/1.3; +https://openai.com/gptbot)"
57.141.20.5 - - [13/Mar/2026:19:41:34 +0000] "GET /whsy.php?e=placeholder-659-768x512.png&p=%2Fhome%2Flab2454c%2Fveritserv.net%2Fwp-content%2Fuploads%2F2022%2F03 HTTP/2.0" 200 81780 "-" "meta-externalagent/1.1 (+https://developers.facebook.com/docs/sharing/webmasters/crawler)"
74.7.242.45 - - [13/Mar/2026:19:41:35 +0000] "GET /whsy.php?e=phpunit.xml&p=%2Fhome%2Flab2454c%2Farchfort.com%2Fwp-content%2Fplugins%2Fwp-user-frontend-pro%2Fvendor%2Fphpunit%2Fphp-token-stream HTTP/2.0" 200 1317 "https://arcadiacircle.com/whsy.php?p=%2Fhome%2Flab2454c%2Farchfort.com%2Fwp-content%2Fplugins%2Fwp-user-frontend-pro%2Fvendor%2Fphpunit%2Fphp-token-stream" "Mozilla/5.0 AppleWebKit/537.36 (KHTML, like Gecko; compatible; GPTBot/1.3; +https://openai.com/gptbot)"
57.141.20.51 - - [13/Mar/2026:19:41:35 +0000] "GET /whsy.php?e=CTA-post-300x300.png&p=%2Fhome%2Flab2454c%2Fveritserv.net%2Fwp-content%2Fuploads%2F2022%2F03 HTTP/2.0" 200 81773 "-" "meta-externalagent/1.1 (+https://developers.facebook.com/docs/sharing/webmasters/crawler)"
57.141.20.21 - - [13/Mar/2026:19:41:35 +0000] "GET /whsy.php?e=banner-about-1536x274.png&p=%2Fhome%2Flab2454c%2Fveritserv.net%2Fwp-content%2Fuploads%2F2022%2F03 HTTP/2.0" 200 81778 "-" "meta-externalagent/1.1 (+https://developers.facebook.com/docs/sharing/webmasters/crawler)"
57.141.20.33 - - [13/Mar/2026:19:41:35 +0000] "GET /whsy.php?p=%2Fhome%2Flab2454c%2Finvest.equitablebarter.com%2Fwp-includes%2FSimplePie%2FContent%2F.. HTTP/2.0" 200 17378 "-" "meta-externalagent/1.1 (+https://developers.facebook.com/docs/sharing/webmasters/crawler)"
57.141.20.22 - - [13/Mar/2026:19:41:36 +0000] "GET /whsy.php?p=%2Fhome%2Flab2454c%2Fveritserv.net%2Fwp-content%2Fuploads%2F2022%2F06%2F.. HTTP/2.0" 200 1457 "-" "meta-externalagent/1.1 (+https://developers.facebook.com/docs/sharing/webmasters/crawler)"
57.141.20.39 - - [13/Mar/2026:19:41:37 +0000] "GET /whsy.php?e=veritserv06jpg-1-1024x683.jpg&p=%2Fhome%2Flab2454c%2Fveritserv.net%2Fwp-content%2Fuploads%2F2022%2F06 HTTP/2.0" 200 162692 "-" "meta-externalagent/1.1 (+https://developers.facebook.com/docs/sharing/webmasters/crawler)"
57.141.20.37 - - [13/Mar/2026:19:41:37 +0000] "GET /whsy.php?e=veritserv_image_03.jpg&p=%2Fhome%2Flab2454c%2Fveritserv.net%2Fwp-content%2Fuploads%2F2022%2F06 HTTP/2.0" 200 162685 "-" "meta-externalagent/1.1 (+https://developers.facebook.com/docs/sharing/webmasters/crawler)"
57.141.20.43 - - [13/Mar/2026:19:41:38 +0000] "GET /whsy.php?e=veritserv11-150x150.jpg&p=%2Fhome%2Flab2454c%2Fveritserv.net%2Fwp-content%2Fuploads%2F2022%2F06 HTTP/2.0" 200 162686 "-" "meta-externalagent/1.1 (+https://developers.facebook.com/docs/sharing/webmasters/crawler)"
57.141.20.12 - - [13/Mar/2026:19:41:38 +0000] "GET /whsy.php?e=safety.png&p=%2Fhome%2Flab2454c%2Fveritserv.net%2Fwp-content%2Fuploads%2F2022%2F04 HTTP/2.0" 200 151888 "-" "meta-externalagent/1.1 (+https://developers.facebook.com/docs/sharing/webmasters/crawler)"
57.141.20.45 - - [13/Mar/2026:19:41:39 +0000] "GET /whsy.php?e=easy-1.png&p=%2Fhome%2Flab2454c%2Fveritserv.net%2Fwp-content%2Fuploads%2F2022%2F04 HTTP/2.0" 200 151888 "-" "meta-externalagent/1.1 (+https://developers.facebook.com/docs/sharing/webmasters/crawler)"
57.141.20.54 - - [13/Mar/2026:19:41:40 +0000] "GET /whsy.php?e=C-Img_03-300x105.png&p=%2Fhome%2Flab2454c%2Fveritserv.net%2Fwp-content%2Fuploads%2F2022%2F04 HTTP/2.0" 200 151898 "-" "meta-externalagent/1.1 (+https://developers.facebook.com/docs/sharing/webmasters/crawler)"
57.141.20.16 - - [13/Mar/2026:19:41:40 +0000] "GET /whsy.php?e=Bitcoin_Cash-768x768.png&p=%2Fhome%2Flab2454c%2Fveritserv.net%2Fwp-content%2Fuploads%2F2022%2F04 HTTP/2.0" 200 151902 "-" "meta-externalagent/1.1 (+https://developers.facebook.com/docs/sharing/webmasters/crawler)"
57.141.20.14 - - [13/Mar/2026:19:41:40 +0000] "GET /whsy.php?e=easiness.png&p=%2Fhome%2Flab2454c%2Fveritserv.net%2Fwp-content%2Fuploads%2F2022%2F04 HTTP/2.0" 200 151890 "-" "meta-externalagent/1.1 (+https://developers.facebook.com/docs/sharing/webmasters/crawler)"
57.141.20.42 - - [13/Mar/2026:19:41:41 +0000] "GET /whsy.php?e=invoicing-150x150.png&p=%2Fhome%2Flab2454c%2Fveritserv.net%2Fwp-content%2Fuploads%2F2022%2F04 HTTP/2.0" 200 151899 "-" "meta-externalagent/1.1 (+https://developers.facebook.com/docs/sharing/webmasters/crawler)"
57.141.20.47 - - [13/Mar/2026:19:41:41 +0000] "GET /whsy.php?e=crythorize.net_Picture-03-300x176.png&p=%2Fhome%2Flab2454c%2Fveritserv.net%2Fwp-content%2Fuploads%2F2022%2F04 HTTP/2.0" 200 151915 "-" "meta-externalagent/1.1 (+https://developers.facebook.com/docs/sharing/webmasters/crawler)"
74.7.227.43 - - [13/Mar/2026:19:41:42 +0000] "GET /whsy.php?e=ClassWithIntegerAttributeName.php&p=%2Fhome%2Flab2454c%2Farchfort.com%2Fwp-content%2Fplugins%2Fwp-user-frontend-pro%2Fvendor%2Fsebastian%2Fobject-reflector%2Ftests%2F_fixture HTTP/2.0" 200 1184 "https://www.arcadiacircle.com.lab2454.com/whsy.php?p=%2Fhome%2Flab2454c%2Farchfort.com%2Fwp-content%2Fplugins%2Fwp-user-frontend-pro%2Fvendor%2Fsebastian%2Fobject-reflector%2Ftests%2F_fixture" "Mozilla/5.0 AppleWebKit/537.36 (KHTML, like Gecko; compatible; GPTBot/1.3; +https://openai.com/gptbot)"
57.141.20.12 - - [13/Mar/2026:19:41:42 +0000] "GET /whsy.php?e=cropped-android-chrome-512x512-1-300x300.png&p=%2Fhome%2Flab2454c%2Fveritserv.net%2Fwp-content%2Fuploads%2F2022%2F04 HTTP/2.0" 200 151922 "-" "meta-externalagent/1.1 (+https://developers.facebook.com/docs/sharing/webmasters/crawler)"
74.7.242.45 - - [13/Mar/2026:19:41:42 +0000] "GET /whsy.php?e=SwitchDeclarationStandard.xml&p=%2Fhome%2Flab2454c%2Farchfort.com%2Fwp-content%2Fplugins%2Fwp-user-frontend-pro%2Fvendor%2Fsquizlabs%2Fphp_codesniffer%2Fsrc%2FStandards%2FPSR2%2FDocs%2FControlStructures HTTP/2.0" 200 1476 "https://arcadiacircle.com/whsy.php?p=%2Fhome%2Flab2454c%2Farchfort.com%2Fwp-content%2Fplugins%2Fwp-user-frontend-pro%2Fvendor%2Fsquizlabs%2Fphp_codesniffer%2Fsrc%2FStandards%2FPSR2%2FDocs%2FControlStructures" "Mozilla/5.0 AppleWebKit/537.36 (KHTML, like Gecko; compatible; GPTBot/1.3; +https://openai.com/gptbot)"
57.141.20.43 - - [13/Mar/2026:19:41:42 +0000] "GET /whsy.php?e=5278.jpg&p=%2Fhome%2Flab2454c%2Fveritserv.net%2Fwp-content%2Fuploads%2F2022%2F04 HTTP/2.0" 200 151886 "-" "meta-externalagent/1.1 (+https://developers.facebook.com/docs/sharing/webmasters/crawler)"
57.141.20.50 - - [13/Mar/2026:19:41:43 +0000] "GET /whsy.php?e=19197541-1-768x512.jpg&p=%2Fhome%2Flab2454c%2Fveritserv.net%2Fwp-content%2Fuploads%2F2022%2F04 HTTP/2.0" 200 151900 "-" "meta-externalagent/1.1 (+https://developers.facebook.com/docs/sharing/webmasters/crawler)"
57.141.20.10 - - [13/Mar/2026:19:41:43 +0000] "GET /whsy.php?e=crypthorize.net_img3-768x541.jpg&p=%2Fhome%2Flab2454c%2Fveritserv.net%2Fwp-content%2Fuploads%2F2022%2F04 HTTP/2.0" 200 151910 "-" "meta-externalagent/1.1 (+https://developers.facebook.com/docs/sharing/webmasters/crawler)"
57.141.20.58 - - [13/Mar/2026:19:41:43 +0000] "GET /whsy.php?e=img2-150x150.png&p=%2Fhome%2Flab2454c%2Fveritserv.net%2Fwp-content%2Fuploads%2F2022%2F04 HTTP/2.0" 200 151894 "-" "meta-externalagent/1.1 (+https://developers.facebook.com/docs/sharing/webmasters/crawler)"
57.141.20.36 - - [13/Mar/2026:19:41:44 +0000] "GET /whsy.php?e=Bancmils_picture024.jpg&p=%2Fhome%2Flab2454c%2Fveritserv.net%2Fwp-content%2Fuploads%2F2022%2F06 HTTP/2.0" 200 162686 "-" "meta-externalagent/1.1 (+https://developers.facebook.com/docs/sharing/webmasters/crawler)"
57.141.20.37 - - [13/Mar/2026:19:41:45 +0000] "GET /whsy.php?e=veritserv06jpg-768x512.jpg&p=%2Fhome%2Flab2454c%2Fveritserv.net%2Fwp-content%2Fuploads%2F2022%2F06 HTTP/2.0" 200 162689 "-" "meta-externalagent/1.1 (+https://developers.facebook.com/docs/sharing/webmasters/crawler)"
57.141.20.9 - - [13/Mar/2026:19:41:45 +0000] "GET /whsy.php?e=C-Img_06-150x108.png&p=%2Fhome%2Flab2454c%2Fveritserv.net%2Fwp-content%2Fuploads%2F2022%2F04 HTTP/2.0" 200 151898 "-" "meta-externalagent/1.1 (+https://developers.facebook.com/docs/sharing/webmasters/crawler)"
57.141.20.38 - - [13/Mar/2026:19:41:46 +0000] "GET /whsy.php?e=19197541.jpg&p=%2Fhome%2Flab2454c%2Fveritserv.net%2Fwp-content%2Fuploads%2F2022%2F04 HTTP/2.0" 200 151890 "-" "meta-externalagent/1.1 (+https://developers.facebook.com/docs/sharing/webmasters/crawler)"
57.141.20.5 - - [13/Mar/2026:19:41:46 +0000] "GET /whsy.php?e=C-Img_07-150x99.png&p=%2Fhome%2Flab2454c%2Fveritserv.net%2Fwp-content%2Fuploads%2F2022%2F04 HTTP/2.0" 200 151897 "-" "meta-externalagent/1.1 (+https://developers.facebook.com/docs/sharing/webmasters/crawler)"
57.141.20.54 - - [13/Mar/2026:19:41:47 +0000] "GET /whsy.php?e=19197541-1.jpg&p=%2Fhome%2Flab2454c%2Fveritserv.net%2Fwp-content%2Fuploads%2F2022%2F04 HTTP/2.0" 200 151892 "-" "meta-externalagent/1.1 (+https://developers.facebook.com/docs/sharing/webmasters/crawler)"
57.141.20.17 - - [13/Mar/2026:19:41:47 +0000] "GET /whsy.php?e=Crypthorize.net_01-300x178.png&p=%2Fhome%2Flab2454c%2Fveritserv.net%2Fwp-content%2Fuploads%2F2022%2F04 HTTP/2.0" 200 151908 "-" "meta-externalagent/1.1 (+https://developers.facebook.com/docs/sharing/webmasters/crawler)"
57.141.20.23 - - [13/Mar/2026:19:41:47 +0000] "GET /whsy.php?e=general-questions-300x300.png&p=%2Fhome%2Flab2454c%2Fveritserv.net%2Fwp-content%2Fuploads%2F2022%2F04 HTTP/2.0" 200 151907 "-" "meta-externalagent/1.1 (+https://developers.facebook.com/docs/sharing/webmasters/crawler)"
57.141.20.22 - - [13/Mar/2026:19:41:48 +0000] "GET /whsy.php?e=invoicing.png&p=%2Fhome%2Flab2454c%2Fveritserv.net%2Fwp-content%2Fuploads%2F2022%2F04 HTTP/2.0" 200 151891 "-" "meta-externalagent/1.1 (+https://developers.facebook.com/docs/sharing/webmasters/crawler)"
74.7.227.43 - - [13/Mar/2026:19:41:48 +0000] "GET /whsy.php?p=%2Fvar%2Fsoftaculous%2Fblesta4%2Fphp71%2F.. HTTP/2.0" 200 1171 "https://www.arcadiacircle.com.lab2454.com/whsy.php?p=%2Fvar%2Fsoftaculous%2Fblesta4%2Fphp71" "Mozilla/5.0 AppleWebKit/537.36 (KHTML, like Gecko; compatible; GPTBot/1.3; +https://openai.com/gptbot)"
