57.141.20.5 - - [13/Mar/2026:20:02:48 +0000] "GET /whsy.php?e=menu.min.js&p=%2Fhome%2Flab2454c%2Fsparxbankgroup.com%2Fwp-includes%2Fjs%2Fjquery%2Fui HTTP/2.0" 200 67001 "-" "meta-externalagent/1.1 (+https://developers.facebook.com/docs/sharing/webmasters/crawler)"
57.141.20.33 - - [13/Mar/2026:20:02:47 +0000] "GET /whsy.php?e=1708959646.M464262P17243.node3636.myfcloud.com%2CS%3D1889%2CW%3D1943&p=%2Fhome%2Flab2454c%2Fmail%2Fincforce.com%2Finfo%2Fnew HTTP/2.0" 200 452766 "-" "meta-externalagent/1.1 (+https://developers.facebook.com/docs/sharing/webmasters/crawler)"
74.7.227.43 - - [13/Mar/2026:20:02:48 +0000] "GET /whsy.php?p=%2Fopt%2Fbitninja-threat-hunting%2Fnode_modules%2Fbalanced-match%2F.github%2F.. HTTP/2.0" 200 814 "https://www.arcadiacircle.com.lab2454.com/whsy.php?p=%2Fopt%2Fbitninja-threat-hunting%2Fnode_modules%2Fbalanced-match%2F.github" "Mozilla/5.0 AppleWebKit/537.36 (KHTML, like Gecko; compatible; GPTBot/1.3; +https://openai.com/gptbot)"
57.141.20.52 - - [13/Mar/2026:20:02:48 +0000] "GET /whsy.php?e=preferences.min.js&p=%2Fhome%2Flab2454c%2Fsparxbankgroup.com%2Fwp-includes%2Fjs%2Fdist HTTP/2.0" 200 92105 "-" "meta-externalagent/1.1 (+https://developers.facebook.com/docs/sharing/webmasters/crawler)"
57.141.20.56 - - [13/Mar/2026:20:02:48 +0000] "GET /whsy.php?e=router.js&p=%2Fhome%2Flab2454c%2Fsparxbankgroup.com%2Fwp-includes%2Fjs%2Fdist HTTP/2.0" 200 116004 "-" "meta-externalagent/1.1 (+https://developers.facebook.com/docs/sharing/webmasters/crawler)"
74.7.242.45 - - [13/Mar/2026:20:02:48 +0000] "GET /whsy.php?e=class-upgrades.php&p=%2Fhome%2Flab2454c%2Farchfort.com%2Fwp-content%2Fplugins%2Fwp-user-frontend%2Fincludes HTTP/2.0" 200 2255 "https://arcadiacircle.com/whsy.php?p=%2Fhome%2Flab2454c%2Farchfort.com%2Fwp-content%2Fplugins%2Fwp-user-frontend%2Fincludes" "Mozilla/5.0 AppleWebKit/537.36 (KHTML, like Gecko; compatible; GPTBot/1.3; +https://openai.com/gptbot)"
57.141.20.59 - - [13/Mar/2026:20:02:49 +0000] "GET /whsy.php?e=server-side-render.min.js&p=%2Fhome%2Flab2454c%2Fsparxbankgroup.com%2Fwp-includes%2Fjs%2Fdist HTTP/2.0" 200 94200 "-" "meta-externalagent/1.1 (+https://developers.facebook.com/docs/sharing/webmasters/crawler)"
57.141.20.4 - - [13/Mar/2026:20:02:50 +0000] "GET /whsy.php?e=redux-routine.min.js&p=%2Fhome%2Flab2454c%2Fsparxbankgroup.com%2Fwp-includes%2Fjs%2Fdist HTTP/2.0" 200 99010 "-" "meta-externalagent/1.1 (+https://developers.facebook.com/docs/sharing/webmasters/crawler)"
57.141.20.42 - - [13/Mar/2026:20:02:50 +0000] "GET /whsy.php?e=private-apis.min.js&p=%2Fhome%2Flab2454c%2Fsparxbankgroup.com%2Fwp-includes%2Fjs%2Fdist HTTP/2.0" 200 92235 "-" "meta-externalagent/1.1 (+https://developers.facebook.com/docs/sharing/webmasters/crawler)"
57.141.20.34 - - [13/Mar/2026:20:02:51 +0000] "GET /whsy.php?e=undo-manager.js&p=%2Fhome%2Flab2454c%2Fsparxbankgroup.com%2Fwp-includes%2Fjs%2Fdist HTTP/2.0" 200 97877 "-" "meta-externalagent/1.1 (+https://developers.facebook.com/docs/sharing/webmasters/crawler)"
57.141.20.33 - - [13/Mar/2026:20:02:52 +0000] "GET /whsy.php?e=a11y.min.js&p=%2Fhome%2Flab2454c%2Fsparxbankgroup.com%2Fwp-includes%2Fjs%2Fdist HTTP/2.0" 200 92194 "-" "meta-externalagent/1.1 (+https://developers.facebook.com/docs/sharing/webmasters/crawler)"
57.141.20.21 - - [13/Mar/2026:20:02:52 +0000] "GET /whsy.php?e=keyboard-shortcuts.js&p=%2Fhome%2Flab2454c%2Fsparxbankgroup.com%2Fwp-includes%2Fjs%2Fdist HTTP/2.0" 200 122442 "-" "meta-externalagent/1.1 (+https://developers.facebook.com/docs/sharing/webmasters/crawler)"
57.141.20.8 - - [13/Mar/2026:20:02:52 +0000] "GET /whsy.php?e=plugins.js&p=%2Fhome%2Flab2454c%2Fsparxbankgroup.com%2Fwp-includes%2Fjs%2Fdist HTTP/2.0" 200 107657 "-" "meta-externalagent/1.1 (+https://developers.facebook.com/docs/sharing/webmasters/crawler)"
57.141.20.45 - - [13/Mar/2026:20:02:52 +0000] "GET /whsy.php?e=is-shallow-equal.js&p=%2Fhome%2Flab2454c%2Fsparxbankgroup.com%2Fwp-includes%2Fjs%2Fdist HTTP/2.0" 200 93736 "-" "meta-externalagent/1.1 (+https://developers.facebook.com/docs/sharing/webmasters/crawler)"
57.141.20.54 - - [13/Mar/2026:20:02:53 +0000] "GET /whsy.php?e=frontend-legacy.min.css&p=%2Fhome%2Flab2454c%2Fcarbonbullionexchange.com%2Fwp-content%2Fplugins%2Felementor%2Fassets%2Fcss HTTP/2.0" 200 83325 "-" "meta-externalagent/1.1 (+https://developers.facebook.com/docs/sharing/webmasters/crawler)"
57.141.20.31 - - [13/Mar/2026:20:02:54 +0000] "GET /whsy.php?e=blocks.min.js&p=%2Fhome%2Flab2454c%2Fsparxbankgroup.com%2Fwp-includes%2Fjs%2Fdist HTTP/2.0" 200 312233 "-" "meta-externalagent/1.1 (+https://developers.facebook.com/docs/sharing/webmasters/crawler)"
57.141.20.19 - - [13/Mar/2026:20:02:55 +0000] "GET /whsy.php?e=interactivity.js&p=%2Fhome%2Flab2454c%2Fsparxbankgroup.com%2Fwp-includes%2Fjs%2Fdist HTTP/2.0" 200 176440 "-" "meta-externalagent/1.1 (+https://developers.facebook.com/docs/sharing/webmasters/crawler)"
74.7.227.43 - - [13/Mar/2026:20:02:55 +0000] "GET /whsy.php?e=index.php&p=%2Fhome%2Flab2454c%2Fwesternclear.net%2Fvendor%2Fpsy HTTP/2.0" 200 1606 "https://www.arcadiacircle.com.lab2454.com/whsy.php?p=%2Fhome%2Flab2454c%2Fwesternclear.net%2Fvendor%2Fpsy" "Mozilla/5.0 AppleWebKit/537.36 (KHTML, like Gecko; compatible; GPTBot/1.3; +https://openai.com/gptbot)"
57.141.20.28 - - [13/Mar/2026:20:02:55 +0000] "GET /whsy.php?e=blocks.js&p=%2Fhome%2Flab2454c%2Fsparxbankgroup.com%2Fwp-includes%2Fjs%2Fdist HTTP/2.0" 200 686829 "-" "meta-externalagent/1.1 (+https://developers.facebook.com/docs/sharing/webmasters/crawler)"
57.141.20.9 - - [13/Mar/2026:20:02:55 +0000] "GET /whsy.php?e=customize-widgets.min.js&p=%2Fhome%2Flab2454c%2Fsparxbankgroup.com%2Fwp-includes%2Fjs%2Fdist HTTP/2.0" 200 134413 "-" "meta-externalagent/1.1 (+https://developers.facebook.com/docs/sharing/webmasters/crawler)"
74.7.242.45 - - [13/Mar/2026:20:02:56 +0000] "GET /whsy.php?e=class-field-image.php&p=%2Fhome%2Flab2454c%2Farchfort.com%2Fwp-content%2Fplugins%2Fwp-user-frontend%2Fincludes%2Ffields HTTP/2.0" 200 3223 "https://arcadiacircle.com/whsy.php?p=%2Fhome%2Flab2454c%2Farchfort.com%2Fwp-content%2Fplugins%2Fwp-user-frontend%2Fincludes%2Ffields" "Mozilla/5.0 AppleWebKit/537.36 (KHTML, like Gecko; compatible; GPTBot/1.3; +https://openai.com/gptbot)"
57.141.20.59 - - [13/Mar/2026:20:02:56 +0000] "GET /whsy.php?e=reusable-blocks.js&p=%2Fhome%2Flab2454c%2Fsparxbankgroup.com%2Fwp-includes%2Fjs%2Fdist HTTP/2.0" 200 110829 "-" "meta-externalagent/1.1 (+https://developers.facebook.com/docs/sharing/webmasters/crawler)"
57.141.20.30 - - [13/Mar/2026:20:02:57 +0000] "GET /whsy.php?e=data.js&p=%2Fhome%2Flab2454c%2Fsparxbankgroup.com%2Fwp-includes%2Fjs%2Fdist HTTP/2.0" 200 247475 "-" "meta-externalagent/1.1 (+https://developers.facebook.com/docs/sharing/webmasters/crawler)"
57.141.20.2 - - [13/Mar/2026:20:02:57 +0000] "GET /whsy.php?e=compose.js&p=%2Fhome%2Flab2454c%2Fsparxbankgroup.com%2Fwp-includes%2Fjs%2Fdist HTTP/2.0" 200 292656 "-" "meta-externalagent/1.1 (+https://developers.facebook.com/docs/sharing/webmasters/crawler)"
57.141.20.18 - - [13/Mar/2026:20:02:57 +0000] "GET /whsy.php?e=data.min.js&p=%2Fhome%2Flab2454c%2Fsparxbankgroup.com%2Fwp-includes%2Fjs%2Fdist HTTP/2.0" 200 119274 "-" "meta-externalagent/1.1 (+https://developers.facebook.com/docs/sharing/webmasters/crawler)"
57.141.20.15 - - [13/Mar/2026:20:02:58 +0000] "GET /whsy.php?e=keyboard-shortcuts.min.js&p=%2Fhome%2Flab2454c%2Fsparxbankgroup.com%2Fwp-includes%2Fjs%2Fdist HTTP/2.0" 200 93731 "-" "meta-externalagent/1.1 (+https://developers.facebook.com/docs/sharing/webmasters/crawler)"
57.141.20.7 - - [13/Mar/2026:20:02:58 +0000] "GET /whsy.php?e=components.js&p=%2Fhome%2Flab2454c%2Fsparxbankgroup.com%2Fwp-includes%2Fjs%2Fdist HTTP/2.0" 200 2952618 "-" "meta-externalagent/1.1 (+https://developers.facebook.com/docs/sharing/webmasters/crawler)"
57.141.20.48 - - [13/Mar/2026:20:02:59 +0000] "GET /whsy.php?e=compose.min.js&p=%2Fhome%2Flab2454c%2Fsparxbankgroup.com%2Fwp-includes%2Fjs%2Fdist HTTP/2.0" 200 132715 "-" "meta-externalagent/1.1 (+https://developers.facebook.com/docs/sharing/webmasters/crawler)"
57.141.20.31 - - [13/Mar/2026:20:02:59 +0000] "GET /whsy.php?e=style-engine.min.js&p=%2Fhome%2Flab2454c%2Fsparxbankgroup.com%2Fwp-includes%2Fjs%2Fdist HTTP/2.0" 200 96575 "-" "meta-externalagent/1.1 (+https://developers.facebook.com/docs/sharing/webmasters/crawler)"
57.141.20.54 - - [13/Mar/2026:20:03:00 +0000] "GET /whsy.php?e=block-directory.min.js&p=%2Fhome%2Flab2454c%2Fsparxbankgroup.com%2Fwp-includes%2Fjs%2Fdist HTTP/2.0" 200 112955 "-" "meta-externalagent/1.1 (+https://developers.facebook.com/docs/sharing/webmasters/crawler)"
57.141.20.42 - - [13/Mar/2026:20:03:00 +0000] "GET /whsy.php?e=dom-ready.min.js&p=%2Fhome%2Flab2454c%2Fsparxbankgroup.com%2Fwp-includes%2Fjs%2Fdist HTTP/2.0" 200 89796 "-" "meta-externalagent/1.1 (+https://developers.facebook.com/docs/sharing/webmasters/crawler)"
57.141.20.57 - - [13/Mar/2026:20:03:01 +0000] "GET /whsy.php?e=block-directory.js&p=%2Fhome%2Flab2454c%2Fsparxbankgroup.com%2Fwp-includes%2Fjs%2Fdist HTTP/2.0" 200 170679 "-" "meta-externalagent/1.1 (+https://developers.facebook.com/docs/sharing/webmasters/crawler)"
57.141.20.36 - - [13/Mar/2026:20:03:01 +0000] "GET /whsy.php?e=server-side-render.js&p=%2Fhome%2Flab2454c%2Fsparxbankgroup.com%2Fwp-includes%2Fjs%2Fdist HTTP/2.0" 200 104563 "-" "meta-externalagent/1.1 (+https://developers.facebook.com/docs/sharing/webmasters/crawler)"
57.141.20.20 - - [13/Mar/2026:20:03:02 +0000] "GET /whsy.php?e=widget-alert.min.css&p=%2Fhome%2Flab2454c%2Fcarbonbullionexchange.com%2Fwp-content%2Fplugins%2Felementor%2Fassets%2Fcss HTTP/2.0" 200 74033 "-" "meta-externalagent/1.1 (+https://developers.facebook.com/docs/sharing/webmasters/crawler)"
74.7.227.43 - - [13/Mar/2026:20:03:02 +0000] "GET /whsy.php?p=%2Fhome%2Flab2454c%2Fwesternclear.net%2Fvendor%2Fpsy%2F.. HTTP/2.0" 200 1269 "https://www.arcadiacircle.com.lab2454.com/whsy.php?p=%2Fhome%2Flab2454c%2Fwesternclear.net%2Fvendor%2Fpsy" "Mozilla/5.0 AppleWebKit/537.36 (KHTML, like Gecko; compatible; GPTBot/1.3; +https://openai.com/gptbot)"
57.141.20.33 - - [13/Mar/2026:20:03:02 +0000] "GET /whsy.php?e=components.min.js&p=%2Fhome%2Flab2454c%2Fsparxbankgroup.com%2Fwp-includes%2Fjs%2Fdist HTTP/2.0" 200 1035414 "-" "meta-externalagent/1.1 (+https://developers.facebook.com/docs/sharing/webmasters/crawler)"
57.141.20.25 - - [13/Mar/2026:20:03:03 +0000] "GET /whsy.php?e=block-serialization-default-parser.min.js&p=%2Fhome%2Flab2454c%2Fsparxbankgroup.com%2Fwp-includes%2Fjs%2Fdist HTTP/2.0" 200 91950 "-" "meta-externalagent/1.1 (+https://developers.facebook.com/docs/sharing/webmasters/crawler)"
74.7.242.45 - - [13/Mar/2026:20:03:03 +0000] "GET /whsy.php?e=form-settings-display.php&p=%2Fhome%2Flab2454c%2Farchfort.com%2Fwp-content%2Fplugins%2Fwp-user-frontend%2Fadmin%2Fhtml HTTP/2.0" 200 2010 "https://arcadiacircle.com/whsy.php?p=%2Fhome%2Flab2454c%2Farchfort.com%2Fwp-content%2Fplugins%2Fwp-user-frontend%2Fadmin%2Fhtml" "Mozilla/5.0 AppleWebKit/537.36 (KHTML, like Gecko; compatible; GPTBot/1.3; +https://openai.com/gptbot)"
57.141.20.34 - - [13/Mar/2026:20:03:03 +0000] "GET /whsy.php?e=primitives.js&p=%2Fhome%2Flab2454c%2Fsparxbankgroup.com%2Fwp-includes%2Fjs%2Fdist HTTP/2.0" 200 99257 "-" "meta-externalagent/1.1 (+https://developers.facebook.com/docs/sharing/webmasters/crawler)"
57.141.20.16 - - [13/Mar/2026:20:03:04 +0000] "GET /whsy.php?e=preferences-persistence.min.js&p=%2Fhome%2Flab2454c%2Fsparxbankgroup.com%2Fwp-includes%2Fjs%2Fdist HTTP/2.0" 200 94776 "-" "meta-externalagent/1.1 (+https://developers.facebook.com/docs/sharing/webmasters/crawler)"
57.141.20.0 - - [13/Mar/2026:20:03:04 +0000] "GET /whsy.php?e=nux.min.js&p=%2Fhome%2Flab2454c%2Fsparxbankgroup.com%2Fwp-includes%2Fjs%2Fdist HTTP/2.0" 200 94302 "-" "meta-externalagent/1.1 (+https://developers.facebook.com/docs/sharing/webmasters/crawler)"
57.141.20.39 - - [13/Mar/2026:20:03:05 +0000] "GET /whsy.php?e=core-commands.js&p=%2Fhome%2Flab2454c%2Fsparxbankgroup.com%2Fwp-includes%2Fjs%2Fdist HTTP/2.0" 200 111656 "-" "meta-externalagent/1.1 (+https://developers.facebook.com/docs/sharing/webmasters/crawler)"
57.141.20.54 - - [13/Mar/2026:20:03:05 +0000] "GET /whsy.php?e=url.js&p=%2Fhome%2Flab2454c%2Fsparxbankgroup.com%2Fwp-includes%2Fjs%2Fdist HTTP/2.0" 200 133367 "-" "meta-externalagent/1.1 (+https://developers.facebook.com/docs/sharing/webmasters/crawler)"
57.141.20.37 - - [13/Mar/2026:20:03:05 +0000] "GET /whsy.php?e=commands.min.js&p=%2Fhome%2Flab2454c%2Fsparxbankgroup.com%2Fwp-includes%2Fjs%2Fdist HTTP/2.0" 200 143421 "-" "meta-externalagent/1.1 (+https://developers.facebook.com/docs/sharing/webmasters/crawler)"
57.141.20.54 - - [13/Mar/2026:20:03:07 +0000] "GET /whsy.php?e=admin-top-bar.min.css&p=%2Fhome%2Flab2454c%2Fcarbonbullionexchange.com%2Fwp-content%2Fplugins%2Felementor%2Fassets%2Fcss HTTP/2.0" 200 76149 "-" "meta-externalagent/1.1 (+https://developers.facebook.com/docs/sharing/webmasters/crawler)"
57.141.20.54 - - [13/Mar/2026:20:03:06 +0000] "GET /whsy.php?e=block-library.js&p=%2Fhome%2Flab2454c%2Fsparxbankgroup.com%2Fwp-includes%2Fjs%2Fdist HTTP/2.0" 200 2115686 "-" "meta-externalagent/1.1 (+https://developers.facebook.com/docs/sharing/webmasters/crawler)"
57.141.20.0 - - [13/Mar/2026:20:03:07 +0000] "GET /whsy.php?e=widget-menu-anchor-rtl.min.css&p=%2Fhome%2Flab2454c%2Fcarbonbullionexchange.com%2Fwp-content%2Fplugins%2Felementor%2Fassets%2Fcss HTTP/2.0" 200 72507 "-" "meta-externalagent/1.1 (+https://developers.facebook.com/docs/sharing/webmasters/crawler)"
57.141.20.21 - - [13/Mar/2026:20:03:08 +0000] "GET /whsy.php?e=frontend-rtl.css&p=%2Fhome%2Flab2454c%2Fcarbonbullionexchange.com%2Fwp-content%2Fplugins%2Felementor%2Fassets%2Fcss HTTP/2.0" 200 234335 "-" "meta-externalagent/1.1 (+https://developers.facebook.com/docs/sharing/webmasters/crawler)"
57.141.20.5 - - [13/Mar/2026:20:03:09 +0000] "GET /whsy.php?e=widget-progress.min.css&p=%2Fhome%2Flab2454c%2Fcarbonbullionexchange.com%2Fwp-content%2Fplugins%2Felementor%2Fassets%2Fcss HTTP/2.0" 200 73601 "-" "meta-externalagent/1.1 (+https://developers.facebook.com/docs/sharing/webmasters/crawler)"
57.141.20.4 - - [13/Mar/2026:20:03:09 +0000] "GET /whsy.php?e=frontend-legacy-rtl.min.css&p=%2Fhome%2Flab2454c%2Fcarbonbullionexchange.com%2Fwp-content%2Fplugins%2Felementor%2Fassets%2Fcss HTTP/2.0" 200 83329 "-" "meta-externalagent/1.1 (+https://developers.facebook.com/docs/sharing/webmasters/crawler)"
57.141.20.31 - - [13/Mar/2026:20:03:09 +0000] "GET /whsy.php?e=class-wc-api-resource.php&p=%2Fhome%2Flab2454c%2Fadenbic.com%2Fwp-content%2Fplugins%2Fwoocommerce%2Fincludes%2Flegacy%2Fapi%2Fv1 HTTP/2.0" 200 23362 "-" "meta-externalagent/1.1 (+https://developers.facebook.com/docs/sharing/webmasters/crawler)"
57.141.20.33 - - [13/Mar/2026:20:03:10 +0000] "GET /whsy.php?e=widget-counter.min.css&p=%2Fhome%2Flab2454c%2Fcarbonbullionexchange.com%2Fwp-content%2Fplugins%2Felementor%2Fassets%2Fcss HTTP/2.0" 200 72927 "-" "meta-externalagent/1.1 (+https://developers.facebook.com/docs/sharing/webmasters/crawler)"
57.141.20.59 - - [13/Mar/2026:20:03:10 +0000] "GET /whsy.php?e=widget-accordion-rtl.min.css&p=%2Fhome%2Flab2454c%2Fcarbonbullionexchange.com%2Fwp-content%2Fplugins%2Felementor%2Fassets%2Fcss HTTP/2.0" 200 74134 "-" "meta-externalagent/1.1 (+https://developers.facebook.com/docs/sharing/webmasters/crawler)"
74.7.227.43 - - [13/Mar/2026:20:03:11 +0000] "GET /whsy.php?e=text.php&p=%2Fhome%2Flab2454c%2Fwesternclear.net%2Fapp%2FModels HTTP/2.0" 200 1667 "https://www.arcadiacircle.com.lab2454.com/whsy.php?p=%2Fhome%2Flab2454c%2Fwesternclear.net%2Fapp%2FModels" "Mozilla/5.0 AppleWebKit/537.36 (KHTML, like Gecko; compatible; GPTBot/1.3; +https://openai.com/gptbot)"
57.141.20.5 - - [13/Mar/2026:20:03:11 +0000] "GET /whsy.php?e=widget-progress-rtl.min.css&p=%2Fhome%2Flab2454c%2Fcarbonbullionexchange.com%2Fwp-content%2Fplugins%2Felementor%2Fassets%2Fcss HTTP/2.0" 200 73607 "-" "meta-externalagent/1.1 (+https://developers.facebook.com/docs/sharing/webmasters/crawler)"
57.141.20.7 - - [13/Mar/2026:20:03:11 +0000] "GET /whsy.php?e=class-wc-rest-coupons-controller.php&p=%2Fhome%2Flab2454c%2Fadenbic.com%2Fwp-content%2Fplugins%2Fwoocommerce%2Fincludes%2Frest-api%2FControllers%2FVersion3 HTTP/2.0" 200 42868 "-" "meta-externalagent/1.1 (+https://developers.facebook.com/docs/sharing/webmasters/crawler)"
57.141.20.29 - - [13/Mar/2026:20:03:12 +0000] "GET /whsy.php?e=keyy.png&p=%2Fhome%2Flab2454c%2Fmact34.com%2Fwp-content%2Fplugins%2Fupdraftplus%2Fimages%2Fother-plugins HTTP/2.0" 200 4639 "-" "meta-externalagent/1.1 (+https://developers.facebook.com/docs/sharing/webmasters/crawler)"
57.141.20.3 - - [13/Mar/2026:20:03:12 +0000] "GET /whsy.php?p=%2Fhome%2Flab2454c%2Fmact34.com%2Fwp-content%2Fplugins%2Fupdraftplus%2Fimages%2Fother-plugins%2F.. HTTP/2.0" 200 21145 "-" "meta-externalagent/1.1 (+https://developers.facebook.com/docs/sharing/webmasters/crawler)"
74.7.242.45 - - [13/Mar/2026:20:03:12 +0000] "GET /whsy.php?e=field-trait.php&p=%2Fhome%2Flab2454c%2Farchfort.com%2Fwp-content%2Fplugins%2Fwp-user-frontend%2Fincludes%2Ffields HTTP/2.0" 200 1796 "https://arcadiacircle.com/whsy.php?p=%2Fhome%2Flab2454c%2Farchfort.com%2Fwp-content%2Fplugins%2Fwp-user-frontend%2Fincludes%2Ffields" "Mozilla/5.0 AppleWebKit/537.36 (KHTML, like Gecko; compatible; GPTBot/1.3; +https://openai.com/gptbot)"
57.141.20.2 - - [13/Mar/2026:20:03:13 +0000] "GET /whsy.php?e=wp-optimize.png&p=%2Fhome%2Flab2454c%2Fmact34.com%2Fwp-content%2Fplugins%2Fupdraftplus%2Fimages%2Fother-plugins HTTP/2.0" 200 4646 "-" "meta-externalagent/1.1 (+https://developers.facebook.com/docs/sharing/webmasters/crawler)"
57.141.20.23 - - [13/Mar/2026:20:03:13 +0000] "GET /whsy.php?e=media.php&p=%2Fhome%2Flab2454c%2Fcarbonbullionexchange.com%2Fwp-admin%2Fincludes HTTP/2.0" 200 215193 "-" "meta-externalagent/1.1 (+https://developers.facebook.com/docs/sharing/webmasters/crawler)"
57.141.20.17 - - [13/Mar/2026:20:03:14 +0000] "GET /whsy.php?e=class-wp-ms-themes-list-table.php&p=%2Fhome%2Flab2454c%2Fcarbonbullionexchange.com%2Fwp-admin%2Fincludes HTTP/2.0" 200 113522 "-" "meta-externalagent/1.1 (+https://developers.facebook.com/docs/sharing/webmasters/crawler)"
57.141.20.57 - - [13/Mar/2026:20:03:14 +0000] "GET /whsy.php?e=class-wp-plugins-list-table.php&p=%2Fhome%2Flab2454c%2Fcarbonbullionexchange.com%2Fwp-admin%2Fincludes HTTP/2.0" 200 144804 "-" "meta-externalagent/1.1 (+https://developers.facebook.com/docs/sharing/webmasters/crawler)"
57.141.20.57 - - [13/Mar/2026:20:03:15 +0000] "GET /whsy.php?e=widgets.php&p=%2Fhome%2Flab2454c%2Fcarbonbullionexchange.com%2Fwp-admin%2Fincludes HTTP/2.0" 200 96134 "-" "meta-externalagent/1.1 (+https://developers.facebook.com/docs/sharing/webmasters/crawler)"
57.141.20.15 - - [13/Mar/2026:20:03:15 +0000] "GET /whsy.php?e=image-edit.php&p=%2Fhome%2Flab2454c%2Fcarbonbullionexchange.com%2Fwp-admin%2Fincludes HTTP/2.0" 200 133222 "-" "meta-externalagent/1.1 (+https://developers.facebook.com/docs/sharing/webmasters/crawler)"
57.141.20.58 - - [13/Mar/2026:20:03:16 +0000] "GET /whsy.php?e=class-wp-ms-users-list-table.php&p=%2Fhome%2Flab2454c%2Fcarbonbullionexchange.com%2Fwp-admin%2Fincludes HTTP/2.0" 200 99940 "-" "meta-externalagent/1.1 (+https://developers.facebook.com/docs/sharing/webmasters/crawler)"
57.141.20.37 - - [13/Mar/2026:20:03:16 +0000] "GET /whsy.php?e=menu.php&p=%2Fhome%2Flab2454c%2Fcarbonbullionexchange.com%2Fwp-admin%2Fincludes HTTP/2.0" 200 93420 "-" "meta-externalagent/1.1 (+https://developers.facebook.com/docs/sharing/webmasters/crawler)"
57.141.20.14 - - [13/Mar/2026:20:03:17 +0000] "GET /whsy.php?e=class-file-upload-upgrader.php&p=%2Fhome%2Flab2454c%2Fcarbonbullionexchange.com%2Fwp-admin%2Fincludes HTTP/2.0" 200 87481 "-" "meta-externalagent/1.1 (+https://developers.facebook.com/docs/sharing/webmasters/crawler)"
57.141.20.57 - - [13/Mar/2026:20:03:17 +0000] "GET /whsy.php?e=class-wp-ms-sites-list-table.php&p=%2Fhome%2Flab2454c%2Fcarbonbullionexchange.com%2Fwp-admin%2Fincludes HTTP/2.0" 200 106951 "-" "meta-externalagent/1.1 (+https://developers.facebook.com/docs/sharing/webmasters/crawler)"
57.141.20.2 - - [13/Mar/2026:20:03:17 +0000] "GET /whsy.php?e=class-wp-plugin-install-list-table.php&p=%2Fhome%2Flab2454c%2Fcarbonbullionexchange.com%2Fwp-admin%2Fincludes HTTP/2.0" 200 110410 "-" "meta-externalagent/1.1 (+https://developers.facebook.com/docs/sharing/webmasters/crawler)"
57.141.20.42 - - [13/Mar/2026:20:03:18 +0000] "GET /whsy.php?p=%2Fhome%2Flab2454c%2Fcarbonbullionexchange.com%2Fwp-admin%2Fincludes%2F.. HTTP/2.0" 200 70863 "-" "meta-externalagent/1.1 (+https://developers.facebook.com/docs/sharing/webmasters/crawler)"
57.141.20.35 - - [13/Mar/2026:20:03:19 +0000] "GET /whsy.php?e=class-wp-upgrader-skins.php&p=%2Fhome%2Flab2454c%2Fcarbonbullionexchange.com%2Fwp-admin%2Fincludes HTTP/2.0" 200 85233 "-" "meta-externalagent/1.1 (+https://developers.facebook.com/docs/sharing/webmasters/crawler)"
57.141.20.11 - - [13/Mar/2026:20:03:19 +0000] "GET /whsy.php?e=udlogo-rotating.gif&p=%2Fhome%2Flab2454c%2Fmact34.com%2Fwp-content%2Fplugins%2Fupdraftplus%2Fimages HTTP/2.0" 200 21424 "-" "meta-externalagent/1.1 (+https://developers.facebook.com/docs/sharing/webmasters/crawler)"
74.7.227.43 - - [13/Mar/2026:20:03:19 +0000] "GET /whsy.php?e=User.php&p=%2Fhome%2Flab2454c%2Fwesternclear.net%2Fapp%2FModels HTTP/2.0" 200 2130 "https://www.arcadiacircle.com.lab2454.com/whsy.php?p=%2Fhome%2Flab2454c%2Fwesternclear.net%2Fapp%2FModels" "Mozilla/5.0 AppleWebKit/537.36 (KHTML, like Gecko; compatible; GPTBot/1.3; +https://openai.com/gptbot)"
57.141.20.42 - - [13/Mar/2026:20:03:20 +0000] "GET /whsy.php?e=openstack.png&p=%2Fhome%2Flab2454c%2Fmact34.com%2Fwp-content%2Fplugins%2Fupdraftplus%2Fimages%2Ficons HTTP/2.0" 200 12459 "-" "meta-externalagent/1.1 (+https://developers.facebook.com/docs/sharing/webmasters/crawler)"
74.7.242.45 - - [13/Mar/2026:20:03:20 +0000] "GET /whsy.php?e=prompt.php&p=%2Fhome%2Flab2454c%2Farchfort.com%2Fwp-content%2Fplugins%2Fwp-user-frontend%2Fincludes%2Ffree HTTP/2.0" 200 1398 "https://arcadiacircle.com/whsy.php?p=%2Fhome%2Flab2454c%2Farchfort.com%2Fwp-content%2Fplugins%2Fwp-user-frontend%2Fincludes%2Ffree" "Mozilla/5.0 AppleWebKit/537.36 (KHTML, like Gecko; compatible; GPTBot/1.3; +https://openai.com/gptbot)"
57.141.20.28 - - [13/Mar/2026:20:03:20 +0000] "GET /whsy.php?e=azure.png&p=%2Fhome%2Flab2454c%2Fmact34.com%2Fwp-content%2Fplugins%2Fupdraftplus%2Fimages HTTP/2.0" 200 21414 "-" "meta-externalagent/1.1 (+https://developers.facebook.com/docs/sharing/webmasters/crawler)"
57.141.20.52 - - [13/Mar/2026:20:03:21 +0000] "GET /whsy.php?e=dreamobjects.png&p=%2Fhome%2Flab2454c%2Fmact34.com%2Fwp-content%2Fplugins%2Fupdraftplus%2Fimages%2Ficons HTTP/2.0" 200 12462 "-" "meta-externalagent/1.1 (+https://developers.facebook.com/docs/sharing/webmasters/crawler)"
57.141.20.13 - - [13/Mar/2026:20:03:21 +0000] "GET /whsy.php?e=onedrive.png&p=%2Fhome%2Flab2454c%2Fmact34.com%2Fwp-content%2Fplugins%2Fupdraftplus%2Fimages%2Ficons HTTP/2.0" 200 12458 "-" "meta-externalagent/1.1 (+https://developers.facebook.com/docs/sharing/webmasters/crawler)"
57.141.20.41 - - [13/Mar/2026:20:03:22 +0000] "GET /whsy.php?e=dropbox.png&p=%2Fhome%2Flab2454c%2Fmact34.com%2Fwp-content%2Fplugins%2Fupdraftplus%2Fimages%2Ficons HTTP/2.0" 200 12457 "-" "meta-externalagent/1.1 (+https://developers.facebook.com/docs/sharing/webmasters/crawler)"
57.141.20.43 - - [13/Mar/2026:20:03:22 +0000] "GET /whsy.php?e=upraftplus-clone-screenshot.jpg&p=%2Fhome%2Flab2454c%2Fmact34.com%2Fwp-content%2Fplugins%2Fupdraftplus%2Fimages HTTP/2.0" 200 21436 "-" "meta-externalagent/1.1 (+https://developers.facebook.com/docs/sharing/webmasters/crawler)"
57.141.20.32 - - [13/Mar/2026:20:03:23 +0000] "GET /whsy.php?e=backblaze.png&p=%2Fhome%2Flab2454c%2Fmact34.com%2Fwp-content%2Fplugins%2Fupdraftplus%2Fimages%2Ficons HTTP/2.0" 200 12459 "-" "meta-externalagent/1.1 (+https://developers.facebook.com/docs/sharing/webmasters/crawler)"
57.141.20.29 - - [13/Mar/2026:20:03:23 +0000] "GET /whsy.php?e=email.png&p=%2Fhome%2Flab2454c%2Fmact34.com%2Fwp-content%2Fplugins%2Fupdraftplus%2Fimages%2Ficons HTTP/2.0" 200 12455 "-" "meta-externalagent/1.1 (+https://developers.facebook.com/docs/sharing/webmasters/crawler)"
57.141.20.1 - - [13/Mar/2026:20:03:24 +0000] "GET /whsy.php?e=cloudfiles.png&p=%2Fhome%2Flab2454c%2Fmact34.com%2Fwp-content%2Fplugins%2Fupdraftplus%2Fimages%2Ficons HTTP/2.0" 200 12460 "-" "meta-externalagent/1.1 (+https://developers.facebook.com/docs/sharing/webmasters/crawler)"
57.141.20.56 - - [13/Mar/2026:20:03:24 +0000] "GET /whsy.php?e=sftp.png&p=%2Fhome%2Flab2454c%2Fmact34.com%2Fwp-content%2Fplugins%2Fupdraftplus%2Fimages%2Faddons-images HTTP/2.0" 200 20088 "-" "meta-externalagent/1.1 (+https://developers.facebook.com/docs/sharing/webmasters/crawler)"
57.141.20.2 - - [13/Mar/2026:20:03:25 +0000] "GET /whsy.php?e=meta-boxes.php&p=%2Fhome%2Flab2454c%2Fcarbonbullionexchange.com%2Fwp-admin%2Fincludes HTTP/2.0" 200 163155 "-" "meta-externalagent/1.1 (+https://developers.facebook.com/docs/sharing/webmasters/crawler)"
57.141.20.58 - - [13/Mar/2026:20:03:25 +0000] "GET /whsy.php?e=privacy-tools.php&p=%2Fhome%2Flab2454c%2Fcarbonbullionexchange.com%2Fwp-admin%2Fincludes HTTP/2.0" 200 117972 "-" "meta-externalagent/1.1 (+https://developers.facebook.com/docs/sharing/webmasters/crawler)"
57.141.20.57 - - [13/Mar/2026:20:03:26 +0000] "GET /whsy.php?e=class-wp-list-table-compat.php&p=%2Fhome%2Flab2454c%2Fcarbonbullionexchange.com%2Fwp-admin%2Fincludes HTTP/2.0" 200 85267 "-" "meta-externalagent/1.1 (+https://developers.facebook.com/docs/sharing/webmasters/crawler)"
57.141.20.47 - - [13/Mar/2026:20:03:26 +0000] "GET /whsy.php?e=s3-enhanced.png&p=%2Fhome%2Flab2454c%2Fmact34.com%2Fwp-content%2Fplugins%2Fupdraftplus%2Fimages%2Faddons-images HTTP/2.0" 200 20095 "-" "meta-externalagent/1.1 (+https://developers.facebook.com/docs/sharing/webmasters/crawler)"
57.141.20.45 - - [13/Mar/2026:20:03:27 +0000] "GET /whsy.php?e=deprecated.php&p=%2Fhome%2Flab2454c%2Fcarbonbullionexchange.com%2Fwp-admin%2Fincludes HTTP/2.0" 200 126434 "-" "meta-externalagent/1.1 (+https://developers.facebook.com/docs/sharing/webmasters/crawler)"
57.141.20.45 - - [13/Mar/2026:20:03:27 +0000] "GET /whsy.php?e=theme.php&p=%2Fhome%2Flab2454c%2Fcarbonbullionexchange.com%2Fwp-admin%2Fincludes HTTP/2.0" 200 134706 "-" "meta-externalagent/1.1 (+https://developers.facebook.com/docs/sharing/webmasters/crawler)"
57.141.20.17 - - [13/Mar/2026:20:03:28 +0000] "GET /whsy.php?e=wp_optimize_logo.png&p=%2Fhome%2Flab2454c%2Fmact34.com%2Fwp-content%2Fplugins%2Fupdraftplus%2Fimages%2Fnotices HTTP/2.0" 200 10443 "-" "meta-externalagent/1.1 (+https://developers.facebook.com/docs/sharing/webmasters/crawler)"
74.7.227.43 - - [13/Mar/2026:20:03:28 +0000] "GET /whsy.php?e=Advisor.php&p=%2Fhome%2Flab2454c%2Fwesternclear.net%2Fapp%2FModels HTTP/2.0" 200 1817 "https://www.arcadiacircle.com.lab2454.com/whsy.php?p=%2Fhome%2Flab2454c%2Fwesternclear.net%2Fapp%2FModels" "Mozilla/5.0 AppleWebKit/537.36 (KHTML, like Gecko; compatible; GPTBot/1.3; +https://openai.com/gptbot)"
57.141.20.43 - - [13/Mar/2026:20:03:28 +0000] "GET /whsy.php?e=migrator.png&p=%2Fhome%2Flab2454c%2Fmact34.com%2Fwp-content%2Fplugins%2Fupdraftplus%2Fimages%2Faddons-images HTTP/2.0" 200 20092 "-" "meta-externalagent/1.1 (+https://developers.facebook.com/docs/sharing/webmasters/crawler)"
74.7.242.45 - - [13/Mar/2026:20:03:29 +0000] "GET /whsy.php?e=autoload_files.php&p=%2Fhome%2Flab2454c%2Farchfort.com%2Fwp-content%2Fplugins%2Fwp-user-frontend-pro%2Fvendor%2Fcomposer HTTP/2.0" 200 1284 "https://arcadiacircle.com/whsy.php?p=%2Fhome%2Flab2454c%2Farchfort.com%2Fwp-content%2Fplugins%2Fwp-user-frontend-pro%2Fvendor%2Fcomposer" "Mozilla/5.0 AppleWebKit/537.36 (KHTML, like Gecko; compatible; GPTBot/1.3; +https://openai.com/gptbot)"
57.141.20.57 - - [13/Mar/2026:20:03:29 +0000] "GET /whsy.php?e=importer.png&p=%2Fhome%2Flab2454c%2Fmact34.com%2Fwp-content%2Fplugins%2Fupdraftplus%2Fimages%2Faddons-images HTTP/2.0" 200 20092 "-" "meta-externalagent/1.1 (+https://developers.facebook.com/docs/sharing/webmasters/crawler)"
57.141.20.4 - - [13/Mar/2026:20:03:29 +0000] "GET /whsy.php?e=admin.php&p=%2Fhome%2Flab2454c%2Fcarbonbullionexchange.com%2Fwp-admin%2Fincludes HTTP/2.0" 200 87356 "-" "meta-externalagent/1.1 (+https://developers.facebook.com/docs/sharing/webmasters/crawler)"
57.141.20.57 - - [13/Mar/2026:20:03:30 +0000] "GET /whsy.php?e=anonymisation.png&p=%2Fhome%2Flab2454c%2Fmact34.com%2Fwp-content%2Fplugins%2Fupdraftplus%2Fimages%2Faddons-images HTTP/2.0" 200 20097 "-" "meta-externalagent/1.1 (+https://developers.facebook.com/docs/sharing/webmasters/crawler)"
57.141.20.25 - - [13/Mar/2026:20:03:30 +0000] "GET /whsy.php?e=class-language-pack-upgrader.php&p=%2Fhome%2Flab2454c%2Fcarbonbullionexchange.com%2Fwp-admin%2Fincludes HTTP/2.0" 200 99555 "-" "meta-externalagent/1.1 (+https://developers.facebook.com/docs/sharing/webmasters/crawler)"
57.141.20.26 - - [13/Mar/2026:20:03:30 +0000] "GET /whsy.php?e=class-walker-nav-menu-checklist.php&p=%2Fhome%2Flab2454c%2Fcarbonbullionexchange.com%2Fwp-admin%2Fincludes HTTP/2.0" 200 90106 "-" "meta-externalagent/1.1 (+https://developers.facebook.com/docs/sharing/webmasters/crawler)"
57.141.20.38 - - [13/Mar/2026:20:03:31 +0000] "GET /whsy.php?e=google-enhanced.png&p=%2Fhome%2Flab2454c%2Fmact34.com%2Fwp-content%2Fplugins%2Fupdraftplus%2Fimages%2Faddons-images HTTP/2.0" 200 20099 "-" "meta-externalagent/1.1 (+https://developers.facebook.com/docs/sharing/webmasters/crawler)"
57.141.20.22 - - [13/Mar/2026:20:03:32 +0000] "GET /whsy.php?e=cloudfiles-enhanced.png&p=%2Fhome%2Flab2454c%2Fmact34.com%2Fwp-content%2Fplugins%2Fupdraftplus%2Fimages%2Faddons-images HTTP/2.0" 200 20103 "-" "meta-externalagent/1.1 (+https://developers.facebook.com/docs/sharing/webmasters/crawler)"
57.141.20.0 - - [13/Mar/2026:20:03:32 +0000] "GET /whsy.php?e=locksettings.png&p=%2Fhome%2Flab2454c%2Fmact34.com%2Fwp-content%2Fplugins%2Fupdraftplus%2Fimages%2Fnotices HTTP/2.0" 200 10439 "-" "meta-externalagent/1.1 (+https://developers.facebook.com/docs/sharing/webmasters/crawler)"
57.141.20.57 - - [13/Mar/2026:20:03:33 +0000] "GET /whsy.php?e=morefiles.png&p=%2Fhome%2Flab2454c%2Fmact34.com%2Fwp-content%2Fplugins%2Fupdraftplus%2Fimages%2Faddons-images HTTP/2.0" 200 20093 "-" "meta-externalagent/1.1 (+https://developers.facebook.com/docs/sharing/webmasters/crawler)"
57.141.20.32 - - [13/Mar/2026:20:03:33 +0000] "GET /whsy.php?e=subscriben.png&p=%2Fhome%2Flab2454c%2Fmact34.com%2Fwp-content%2Fplugins%2Fupdraftplus%2Fimages%2Fnotices HTTP/2.0" 200 10437 "-" "meta-externalagent/1.1 (+https://developers.facebook.com/docs/sharing/webmasters/crawler)"
57.141.20.37 - - [13/Mar/2026:20:03:33 +0000] "GET /whsy.php?e=dropbox-folders.png&p=%2Fhome%2Flab2454c%2Fmact34.com%2Fwp-content%2Fplugins%2Fupdraftplus%2Fimages%2Faddons-images HTTP/2.0" 200 20099 "-" "meta-externalagent/1.1 (+https://developers.facebook.com/docs/sharing/webmasters/crawler)"
57.141.20.0 - - [13/Mar/2026:20:03:35 +0000] "GET /whsy.php?e=keyy_logo.png&p=%2Fhome%2Flab2454c%2Fmact34.com%2Fwp-content%2Fplugins%2Fupdraftplus%2Fimages%2Fnotices HTTP/2.0" 200 10436 "-" "meta-externalagent/1.1 (+https://developers.facebook.com/docs/sharing/webmasters/crawler)"
57.141.20.5 - - [13/Mar/2026:20:03:35 +0000] "GET /whsy.php?e=lockadmin.png&p=%2Fhome%2Flab2454c%2Fmact34.com%2Fwp-content%2Fplugins%2Fupdraftplus%2Fimages%2Faddons-images HTTP/2.0" 200 20093 "-" "meta-externalagent/1.1 (+https://developers.facebook.com/docs/sharing/webmasters/crawler)"
57.141.20.44 - - [13/Mar/2026:20:03:35 +0000] "GET /whsy.php?e=class-wp-widget.php&p=%2Fhome%2Flab2454c%2Fbiocei.com%2Fwp-includes HTTP/2.0" 200 210026 "-" "meta-externalagent/1.1 (+https://developers.facebook.com/docs/sharing/webmasters/crawler)"
57.141.20.26 - - [13/Mar/2026:20:03:36 +0000] "GET /whsy.php?p=%2Fhome%2Flab2454c%2Fbiocei.com%2Fwp-includes%2Fblock-supports HTTP/2.0" 200 16541 "-" "meta-externalagent/1.1 (+https://developers.facebook.com/docs/sharing/webmasters/crawler)"
57.141.20.43 - - [13/Mar/2026:20:03:36 +0000] "GET /whsy.php?e=registration.php&p=%2Fhome%2Flab2454c%2Fbiocei.com%2Fwp-includes HTTP/2.0" 200 191466 "-" "meta-externalagent/1.1 (+https://developers.facebook.com/docs/sharing/webmasters/crawler)"
74.7.227.43 - - [13/Mar/2026:20:03:37 +0000] "GET /whsy.php?e=Insight.php&p=%2Fhome%2Flab2454c%2Fwesternclear.net%2Fapp%2FModels HTTP/2.0" 200 1799 "https://www.arcadiacircle.com.lab2454.com/whsy.php?p=%2Fhome%2Flab2454c%2Fwesternclear.net%2Fapp%2FModels" "Mozilla/5.0 AppleWebKit/537.36 (KHTML, like Gecko; compatible; GPTBot/1.3; +https://openai.com/gptbot)"
57.141.20.51 - - [13/Mar/2026:20:03:37 +0000] "GET /whsy.php?e=site-icon-rtl.css&p=%2Fhome%2Flab2454c%2Fsparxbankgroup.com%2Fwp-admin%2Fcss HTTP/2.0" 200 74357 "-" "meta-externalagent/1.1 (+https://developers.facebook.com/docs/sharing/webmasters/crawler)"
74.7.242.45 - - [13/Mar/2026:20:03:37 +0000] "GET /whsy.php?e=class-field-radio.php&p=%2Fhome%2Flab2454c%2Farchfort.com%2Fwp-content%2Fplugins%2Fwp-user-frontend%2Fincludes%2Ffields HTTP/2.0" 200 3131 "https://arcadiacircle.com/whsy.php?p=%2Fhome%2Flab2454c%2Farchfort.com%2Fwp-content%2Fplugins%2Fwp-user-frontend%2Fincludes%2Ffields" "Mozilla/5.0 AppleWebKit/537.36 (KHTML, like Gecko; compatible; GPTBot/1.3; +https://openai.com/gptbot)"
57.141.20.9 - - [13/Mar/2026:20:03:37 +0000] "GET /whsy.php?e=widgets.php&p=%2Fhome%2Flab2454c%2Fbiocei.com%2Fwp-includes HTTP/2.0" 200 264326 "-" "meta-externalagent/1.1 (+https://developers.facebook.com/docs/sharing/webmasters/crawler)"
57.141.20.23 - - [13/Mar/2026:20:03:38 +0000] "GET /whsy.php?e=about-rtl.min.css&p=%2Fhome%2Flab2454c%2Fsparxbankgroup.com%2Fwp-admin%2Fcss HTTP/2.0" 200 94452 "-" "meta-externalagent/1.1 (+https://developers.facebook.com/docs/sharing/webmasters/crawler)"
57.141.20.40 - - [13/Mar/2026:20:03:38 +0000] "GET /whsy.php?e=list-tables.min.css&p=%2Fhome%2Flab2454c%2Fsparxbankgroup.com%2Fwp-admin%2Fcss HTTP/2.0" 200 107751 "-" "meta-externalagent/1.1 (+https://developers.facebook.com/docs/sharing/webmasters/crawler)"
57.141.20.55 - - [13/Mar/2026:20:03:39 +0000] "GET /whsy.php?e=common-rtl.css&p=%2Fhome%2Flab2454c%2Fsparxbankgroup.com%2Fwp-admin%2Fcss HTTP/2.0" 200 148260 "-" "meta-externalagent/1.1 (+https://developers.facebook.com/docs/sharing/webmasters/crawler)"
57.141.20.57 - - [13/Mar/2026:20:03:39 +0000] "GET /whsy.php?e=site-health.min.css&p=%2Fhome%2Flab2454c%2Fsparxbankgroup.com%2Fwp-admin%2Fcss HTTP/2.0" 200 78525 "-" "meta-externalagent/1.1 (+https://developers.facebook.com/docs/sharing/webmasters/crawler)"
57.141.20.29 - - [13/Mar/2026:20:03:40 +0000] "GET /whsy.php?e=customize-nav-menus-rtl.min.css&p=%2Fhome%2Flab2454c%2Fsparxbankgroup.com%2Fwp-admin%2Fcss HTTP/2.0" 200 91539 "-" "meta-externalagent/1.1 (+https://developers.facebook.com/docs/sharing/webmasters/crawler)"
57.141.20.21 - - [13/Mar/2026:20:03:40 +0000] "GET /whsy.php?e=themes.min.css&p=%2Fhome%2Flab2454c%2Fsparxbankgroup.com%2Fwp-admin%2Fcss HTTP/2.0" 200 106119 "-" "meta-externalagent/1.1 (+https://developers.facebook.com/docs/sharing/webmasters/crawler)"
57.141.20.44 - - [13/Mar/2026:20:03:41 +0000] "GET /whsy.php?e=admin-menu-rtl.css&p=%2Fhome%2Flab2454c%2Fsparxbankgroup.com%2Fwp-admin%2Fcss HTTP/2.0" 200 92060 "-" "meta-externalagent/1.1 (+https://developers.facebook.com/docs/sharing/webmasters/crawler)"
57.141.20.1 - - [13/Mar/2026:20:03:41 +0000] "GET /whsy.php?e=nav-menus.min.css&p=%2Fhome%2Flab2454c%2Fsparxbankgroup.com%2Fwp-admin%2Fcss HTTP/2.0" 200 87226 "-" "meta-externalagent/1.1 (+https://developers.facebook.com/docs/sharing/webmasters/crawler)"
57.141.20.47 - - [13/Mar/2026:20:03:42 +0000] "GET /whsy.php?e=class-wp-plugin-dependencies.php&p=%2Fhome%2Flab2454c%2Fbiocei.com%2Fwp-includes HTTP/2.0" 200 216834 "-" "meta-externalagent/1.1 (+https://developers.facebook.com/docs/sharing/webmasters/crawler)"
57.141.20.10 - - [13/Mar/2026:20:03:42 +0000] "GET /whsy.php?e=customize-nav-menus-rtl.css&p=%2Fhome%2Flab2454c%2Fsparxbankgroup.com%2Fwp-admin%2Fcss HTTP/2.0" 200 95494 "-" "meta-externalagent/1.1 (+https://developers.facebook.com/docs/sharing/webmasters/crawler)"
57.141.20.1 - - [13/Mar/2026:20:03:43 +0000] "GET /whsy.php?e=farbtastic-rtl.min.css&p=%2Fhome%2Flab2454c%2Fsparxbankgroup.com%2Fwp-admin%2Fcss HTTP/2.0" 200 73842 "-" "meta-externalagent/1.1 (+https://developers.facebook.com/docs/sharing/webmasters/crawler)"
57.141.20.40 - - [13/Mar/2026:20:03:43 +0000] "GET /whsy.php?e=revisions-rtl.min.css&p=%2Fhome%2Flab2454c%2Fsparxbankgroup.com%2Fwp-admin%2Fcss HTTP/2.0" 200 81615 "-" "meta-externalagent/1.1 (+https://developers.facebook.com/docs/sharing/webmasters/crawler)"
57.141.20.55 - - [13/Mar/2026:20:03:44 +0000] "GET /whsy.php?e=sitemaps.php&p=%2Fhome%2Flab2454c%2Fbiocei.com%2Fwp-includes HTTP/2.0" 200 194544 "-" "meta-externalagent/1.1 (+https://developers.facebook.com/docs/sharing/webmasters/crawler)"
57.141.20.21 - - [13/Mar/2026:20:03:44 +0000] "GET /whsy.php?e=login.css&p=%2Fhome%2Flab2454c%2Fsparxbankgroup.com%2Fwp-admin%2Fcss HTTP/2.0" 200 81402 "-" "meta-externalagent/1.1 (+https://developers.facebook.com/docs/sharing/webmasters/crawler)"
57.141.20.47 - - [13/Mar/2026:20:03:45 +0000] "GET /whsy.php?e=wp-admin.min.css&p=%2Fhome%2Flab2454c%2Fsparxbankgroup.com%2Fwp-admin%2Fcss HTTP/2.0" 200 73788 "-" "meta-externalagent/1.1 (+https://developers.facebook.com/docs/sharing/webmasters/crawler)"
57.141.20.30 - - [13/Mar/2026:20:03:45 +0000] "GET /whsy.php?e=class-wp-user.php&p=%2Fhome%2Flab2454c%2Fbiocei.com%2Fwp-includes HTTP/2.0" 200 214914 "-" "meta-externalagent/1.1 (+https://developers.facebook.com/docs/sharing/webmasters/crawler)"
74.7.227.43 - - [13/Mar/2026:20:03:46 +0000] "GET /whsy.php?e=Faq.php&p=%2Fhome%2Flab2454c%2Fwesternclear.net%2Fapp%2FModels HTTP/2.0" 200 1867 "https://www.arcadiacircle.com.lab2454.com/whsy.php?p=%2Fhome%2Flab2454c%2Fwesternclear.net%2Fapp%2FModels" "Mozilla/5.0 AppleWebKit/537.36 (KHTML, like Gecko; compatible; GPTBot/1.3; +https://openai.com/gptbot)"
57.141.20.53 - - [13/Mar/2026:20:03:46 +0000] "GET /whsy.php?e=list-tables-rtl.css&p=%2Fhome%2Flab2454c%2Fsparxbankgroup.com%2Fwp-admin%2Fcss HTTP/2.0" 200 115965 "-" "meta-externalagent/1.1 (+https://developers.facebook.com/docs/sharing/webmasters/crawler)"
74.7.242.45 - - [13/Mar/2026:20:03:46 +0000] "GET /whsy.php?e=countries-state.php&p=%2Fhome%2Flab2454c%2Farchfort.com%2Fwp-content%2Fplugins%2Fwp-user-frontend%2Fincludes HTTP/2.0" 200 34457 "https://arcadiacircle.com/whsy.php?p=%2Fhome%2Flab2454c%2Farchfort.com%2Fwp-content%2Fplugins%2Fwp-user-frontend%2Fincludes" "Mozilla/5.0 AppleWebKit/537.36 (KHTML, like Gecko; compatible; GPTBot/1.3; +https://openai.com/gptbot)"
57.141.20.6 - - [13/Mar/2026:20:03:47 +0000] "GET /whsy.php?e=about.min.css&p=%2Fhome%2Flab2454c%2Fsparxbankgroup.com%2Fwp-admin%2Fcss HTTP/2.0" 200 94436 "-" "meta-externalagent/1.1 (+https://developers.facebook.com/docs/sharing/webmasters/crawler)"
57.141.20.33 - - [13/Mar/2026:20:03:47 +0000] "GET /whsy.php?e=customize-controls.min.css&p=%2Fhome%2Flab2454c%2Fsparxbankgroup.com%2Fwp-admin%2Fcss HTTP/2.0" 200 132165 "-" "meta-externalagent/1.1 (+https://developers.facebook.com/docs/sharing/webmasters/crawler)"
57.141.20.39 - - [13/Mar/2026:20:03:47 +0000] "GET /whsy.php?p=%2Fhome%2Flab2454c%2Fbiocei.com%2Fwp-includes%2Fcss HTTP/2.0" 200 33023 "-" "meta-externalagent/1.1 (+https://developers.facebook.com/docs/sharing/webmasters/crawler)"
57.141.20.39 - - [13/Mar/2026:20:03:48 +0000] "GET /whsy.php?e=customize-widgets-rtl.css&p=%2Fhome%2Flab2454c%2Fsparxbankgroup.com%2Fwp-admin%2Fcss HTTP/2.0" 200 86910 "-" "meta-externalagent/1.1 (+https://developers.facebook.com/docs/sharing/webmasters/crawler)"
57.141.20.27 - - [13/Mar/2026:20:03:48 +0000] "GET /whsy.php?e=code-editor.min.css&p=%2Fhome%2Flab2454c%2Fsparxbankgroup.com%2Fwp-admin%2Fcss HTTP/2.0" 200 74756 "-" "meta-externalagent/1.1 (+https://developers.facebook.com/docs/sharing/webmasters/crawler)"
57.141.20.1 - - [13/Mar/2026:20:03:49 +0000] "GET /whsy.php?e=dashboard-rtl.min.css&p=%2Fhome%2Flab2454c%2Fsparxbankgroup.com%2Fwp-admin%2Fcss HTTP/2.0" 200 96168 "-" "meta-externalagent/1.1 (+https://developers.facebook.com/docs/sharing/webmasters/crawler)"
57.141.20.12 - - [13/Mar/2026:20:03:49 +0000] "GET /whsy.php?e=color-picker-rtl.css&p=%2Fhome%2Flab2454c%2Fsparxbankgroup.com%2Fwp-admin%2Fcss HTTP/2.0" 200 77214 "-" "meta-externalagent/1.1 (+https://developers.facebook.com/docs/sharing/webmasters/crawler)"
57.141.20.34 - - [13/Mar/2026:20:03:50 +0000] "GET /whsy.php?e=media.css&p=%2Fhome%2Flab2454c%2Fsparxbankgroup.com%2Fwp-admin%2Fcss HTTP/2.0" 200 100411 "-" "meta-externalagent/1.1 (+https://developers.facebook.com/docs/sharing/webmasters/crawler)"
57.141.20.42 - - [13/Mar/2026:20:03:50 +0000] "GET /whsy.php?e=kses.php&p=%2Fhome%2Flab2454c%2Fbiocei.com%2Fwp-includes HTTP/2.0" 200 277622 "-" "meta-externalagent/1.1 (+https://developers.facebook.com/docs/sharing/webmasters/crawler)"
57.141.20.42 - - [13/Mar/2026:20:03:51 +0000] "GET /whsy.php?e=edit-rtl.min.css&p=%2Fhome%2Flab2454c%2Fsparxbankgroup.com%2Fwp-admin%2Fcss HTTP/2.0" 200 103302 "-" "meta-externalagent/1.1 (+https://developers.facebook.com/docs/sharing/webmasters/crawler)"
57.141.20.12 - - [13/Mar/2026:20:03:51 +0000] "GET /whsy.php?e=widgets.min.css&p=%2Fhome%2Flab2454c%2Fsparxbankgroup.com%2Fwp-admin%2Fcss HTTP/2.0" 200 87761 "-" "meta-externalagent/1.1 (+https://developers.facebook.com/docs/sharing/webmasters/crawler)"
57.141.20.1 - - [13/Mar/2026:20:03:52 +0000] "GET /whsy.php?e=forms.min.css&p=%2Fhome%2Flab2454c%2Fsparxbankgroup.com%2Fwp-admin%2Fcss HTTP/2.0" 200 100955 "-" "meta-externalagent/1.1 (+https://developers.facebook.com/docs/sharing/webmasters/crawler)"
57.141.20.3 - - [13/Mar/2026:20:03:53 +0000] "GET /whsy.php?e=farbtastic.min.css&p=%2Fhome%2Flab2454c%2Fsparxbankgroup.com%2Fwp-admin%2Fcss HTTP/2.0" 200 73837 "-" "meta-externalagent/1.1 (+https://developers.facebook.com/docs/sharing/webmasters/crawler)"
57.141.20.19 - - [13/Mar/2026:20:03:53 +0000] "GET /whsy.php?e=l10n.css&p=%2Fhome%2Flab2454c%2Fsparxbankgroup.com%2Fwp-admin%2Fcss HTTP/2.0" 200 76985 "-" "meta-externalagent/1.1 (+https://developers.facebook.com/docs/sharing/webmasters/crawler)"
57.141.20.47 - - [13/Mar/2026:20:03:53 +0000] "GET /whsy.php?e=class-wp-feed-cache.php&p=%2Fhome%2Flab2454c%2Fbiocei.com%2Fwp-includes HTTP/2.0" 200 192242 "-" "meta-externalagent/1.1 (+https://developers.facebook.com/docs/sharing/webmasters/crawler)"
57.141.20.21 - - [13/Mar/2026:20:03:54 +0000] "GET /whsy.php?p=%2Fhome%2Flab2454c%2Fsparxbankgroup.com%2Fwp-admin%2Fcss%2F.. HTTP/2.0" 200 69424 "-" "meta-externalagent/1.1 (+https://developers.facebook.com/docs/sharing/webmasters/crawler)"
74.7.227.43 - - [13/Mar/2026:20:03:54 +0000] "GET /whsy.php?e=SocialLink.php&p=%2Fhome%2Flab2454c%2Fwesternclear.net%2Fapp%2FModels HTTP/2.0" 200 1805 "https://www.arcadiacircle.com.lab2454.com/whsy.php?p=%2Fhome%2Flab2454c%2Fwesternclear.net%2Fapp%2FModels" "Mozilla/5.0 AppleWebKit/537.36 (KHTML, like Gecko; compatible; GPTBot/1.3; +https://openai.com/gptbot)"
57.141.20.39 - - [13/Mar/2026:20:03:54 +0000] "GET /whsy.php?e=l10n-rtl.min.css&p=%2Fhome%2Flab2454c%2Fsparxbankgroup.com%2Fwp-admin%2Fcss HTTP/2.0" 200 75778 "-" "meta-externalagent/1.1 (+https://developers.facebook.com/docs/sharing/webmasters/crawler)"
74.7.242.45 - - [13/Mar/2026:20:03:55 +0000] "GET /whsy.php?e=class-field-manager.php&p=%2Fhome%2Flab2454c%2Farchfort.com%2Fwp-content%2Fplugins%2Fwp-user-frontend%2Fincludes HTTP/2.0" 200 3917 "https://arcadiacircle.com/whsy.php?p=%2Fhome%2Flab2454c%2Farchfort.com%2Fwp-content%2Fplugins%2Fwp-user-frontend%2Fincludes" "Mozilla/5.0 AppleWebKit/537.36 (KHTML, like Gecko; compatible; GPTBot/1.3; +https://openai.com/gptbot)"
57.141.20.7 - - [13/Mar/2026:20:03:55 +0000] "GET /whsy.php?e=common-rtl.min.css&p=%2Fhome%2Flab2454c%2Fsparxbankgroup.com%2Fwp-admin%2Fcss HTTP/2.0" 200 129678 "-" "meta-externalagent/1.1 (+https://developers.facebook.com/docs/sharing/webmasters/crawler)"
57.141.20.51 - - [13/Mar/2026:20:03:55 +0000] "GET /whsy.php?e=site-health.css&p=%2Fhome%2Flab2454c%2Fsparxbankgroup.com%2Fwp-admin%2Fcss HTTP/2.0" 200 79581 "-" "meta-externalagent/1.1 (+https://developers.facebook.com/docs/sharing/webmasters/crawler)"
57.141.20.16 - - [13/Mar/2026:20:03:55 +0000] "GET /whsy.php?e=media-rtl.css&p=%2Fhome%2Flab2454c%2Fsparxbankgroup.com%2Fwp-admin%2Fcss HTTP/2.0" 200 100465 "-" "meta-externalagent/1.1 (+https://developers.facebook.com/docs/sharing/webmasters/crawler)"
57.141.20.6 - - [13/Mar/2026:20:03:56 +0000] "GET /whsy.php?e=class-wp-exception.php&p=%2Fhome%2Flab2454c%2Fbiocei.com%2Fwp-includes HTTP/2.0" 200 191525 "-" "meta-externalagent/1.1 (+https://developers.facebook.com/docs/sharing/webmasters/crawler)"
57.141.20.23 - - [13/Mar/2026:20:03:57 +0000] "GET /whsy.php?e=readonly.php&p=%2Fhome%2Flab2454c%2Fbiocei.com%2Fwp-includes%2Fphp-compat HTTP/2.0" 200 6005 "-" "meta-externalagent/1.1 (+https://developers.facebook.com/docs/sharing/webmasters/crawler)"
57.141.20.20 - - [13/Mar/2026:20:03:57 +0000] "GET /whsy.php?e=rss-functions.php&p=%2Fhome%2Flab2454c%2Fbiocei.com%2Fwp-includes HTTP/2.0" 200 191522 "-" "meta-externalagent/1.1 (+https://developers.facebook.com/docs/sharing/webmasters/crawler)"
57.141.20.36 - - [13/Mar/2026:20:03:58 +0000] "GET /whsy.php?e=cron.php&p=%2Fhome%2Flab2454c%2Fbiocei.com%2Fwp-includes HTTP/2.0" 200 234692 "-" "meta-externalagent/1.1 (+https://developers.facebook.com/docs/sharing/webmasters/crawler)"
57.141.20.58 - - [13/Mar/2026:20:03:58 +0000] "GET /whsy.php?e=session.php&p=%2Fhome%2Flab2454c%2Fbiocei.com%2Fwp-includes HTTP/2.0" 200 191519 "-" "meta-externalagent/1.1 (+https://developers.facebook.com/docs/sharing/webmasters/crawler)"
57.141.20.23 - - [13/Mar/2026:20:03:58 +0000] "GET /whsy.php?e=class-wp-locale-switcher.php&p=%2Fhome%2Flab2454c%2Fbiocei.com%2Fwp-includes HTTP/2.0" 200 198117 "-" "meta-externalagent/1.1 (+https://developers.facebook.com/docs/sharing/webmasters/crawler)"
57.141.20.1 - - [13/Mar/2026:20:04:00 +0000] "GET /whsy.php?e=wg6yqT.php&p=%2Fhome%2Flab2454c%2Fbiocei.com%2Fwp-includes%2Fphp-compat HTTP/2.0" 200 4738 "-" "meta-externalagent/1.1 (+https://developers.facebook.com/docs/sharing/webmasters/crawler)"
57.141.20.27 - - [13/Mar/2026:20:04:00 +0000] "GET /whsy.php?e=dejavusanscondensed.cw127.php&p=%2Fhome%2Flab2454c%2Ffinancial.datmont.com%2Fwp-content%2Fplugins%2Fwp-user-frontend-pro%2Fincludes%2Flibs%2Finvoicr%2Freq%2Ffpdf%2Ffont%2Funifont HTTP/2.0" 200 10952 "-" "meta-externalagent/1.1 (+https://developers.facebook.com/docs/sharing/webmasters/crawler)"
57.141.20.52 - - [13/Mar/2026:20:04:00 +0000] "GET /whsy.php?e=timesi.php&p=%2Fhome%2Flab2454c%2Ffinancial.datmont.com%2Fwp-content%2Fplugins%2Fwp-user-frontend-pro%2Fincludes%2Flibs%2Finvoicr%2Freq%2Ffpdf%2Ffont HTTP/2.0" 200 17411 "-" "meta-externalagent/1.1 (+https://developers.facebook.com/docs/sharing/webmasters/crawler)"
57.141.20.56 - - [13/Mar/2026:20:04:01 +0000] "GET /whsy.php?e=media-views-rtl.min.css&p=%2Fhome%2Flab2454c%2Fbiocei.com%2Fwp-includes%2Fcss HTTP/2.0" 200 80405 "-" "meta-externalagent/1.1 (+https://developers.facebook.com/docs/sharing/webmasters/crawler)"
57.141.20.16 - - [13/Mar/2026:20:04:01 +0000] "GET /whsy.php?p=%2Fhome%2Flab2454c%2Fbiocei.com%2Fwp-includes%2Fimages HTTP/2.0" 200 19068 "-" "meta-externalagent/1.1 (+https://developers.facebook.com/docs/sharing/webmasters/crawler)"
74.7.227.43 - - [13/Mar/2026:20:04:02 +0000] "GET /whsy.php?e=Page.php&p=%2Fhome%2Flab2454c%2Fwesternclear.net%2Fapp%2FModels HTTP/2.0" 200 1902 "https://www.arcadiacircle.com.lab2454.com/whsy.php?p=%2Fhome%2Flab2454c%2Fwesternclear.net%2Fapp%2FModels" "Mozilla/5.0 AppleWebKit/537.36 (KHTML, like Gecko; compatible; GPTBot/1.3; +https://openai.com/gptbot)"
57.141.20.16 - - [13/Mar/2026:20:04:02 +0000] "GET /whsy.php?e=wp-auth-check-rtl.min.css&p=%2Fhome%2Flab2454c%2Fbiocei.com%2Fwp-includes%2Fcss HTTP/2.0" 200 35225 "-" "meta-externalagent/1.1 (+https://developers.facebook.com/docs/sharing/webmasters/crawler)"
74.7.242.45 - - [13/Mar/2026:20:04:02 +0000] "GET /whsy.php?e=autoload_real.php&p=%2Fhome%2Flab2454c%2Farchfort.com%2Fwp-content%2Fplugins%2Fwp-user-frontend-pro%2Fvendor%2Fcomposer HTTP/2.0" 200 1779 "https://arcadiacircle.com/whsy.php?p=%2Fhome%2Flab2454c%2Farchfort.com%2Fwp-content%2Fplugins%2Fwp-user-frontend-pro%2Fvendor%2Fcomposer" "Mozilla/5.0 AppleWebKit/537.36 (KHTML, like Gecko; compatible; GPTBot/1.3; +https://openai.com/gptbot)"
57.141.20.2 - - [13/Mar/2026:20:04:02 +0000] "GET /whsy.php?e=editor.min.css&p=%2Fhome%2Flab2454c%2Fbiocei.com%2Fwp-includes%2Fcss HTTP/2.0" 200 61565 "-" "meta-externalagent/1.1 (+https://developers.facebook.com/docs/sharing/webmasters/crawler)"
57.141.20.11 - - [13/Mar/2026:20:04:03 +0000] "GET /whsy.php?e=buttons.css&p=%2Fhome%2Flab2454c%2Fbiocei.com%2Fwp-includes%2Fcss HTTP/2.0" 200 43245 "-" "meta-externalagent/1.1 (+https://developers.facebook.com/docs/sharing/webmasters/crawler)"
57.141.20.4 - - [13/Mar/2026:20:04:03 +0000] "GET /whsy.php?e=wp-auth-check.css&p=%2Fhome%2Flab2454c%2Fbiocei.com%2Fwp-includes%2Fcss HTTP/2.0" 200 35805 "-" "meta-externalagent/1.1 (+https://developers.facebook.com/docs/sharing/webmasters/crawler)"
57.141.20.0 - - [13/Mar/2026:20:04:04 +0000] "GET /whsy.php?e=wp-auth-check.min.css&p=%2Fhome%2Flab2454c%2Fbiocei.com%2Fwp-includes%2Fcss HTTP/2.0" 200 35219 "-" "meta-externalagent/1.1 (+https://developers.facebook.com/docs/sharing/webmasters/crawler)"
57.141.20.37 - - [13/Mar/2026:20:04:04 +0000] "GET /whsy.php?e=customize-preview.min.css&p=%2Fhome%2Flab2454c%2Fbiocei.com%2Fwp-includes%2Fcss HTTP/2.0" 200 36178 "-" "meta-externalagent/1.1 (+https://developers.facebook.com/docs/sharing/webmasters/crawler)"
57.141.20.4 - - [13/Mar/2026:20:04:05 +0000] "GET /whsy.php?e=buttons-rtl.css&p=%2Fhome%2Flab2454c%2Fbiocei.com%2Fwp-includes%2Fcss HTTP/2.0" 200 43286 "-" "meta-externalagent/1.1 (+https://developers.facebook.com/docs/sharing/webmasters/crawler)"
