57.141.20.56 - - [13/Mar/2026:19:26:35 +0000] "GET /whsy.php?e=native.php&p=%2Fhome%2Flab2454c%2Fveritserv.net%2Fwp-includes%2FText%2FDiff%2FEngine HTTP/2.0" 200 20837 "-" "meta-externalagent/1.1 (+https://developers.facebook.com/docs/sharing/webmasters/crawler)"
57.141.20.20 - - [13/Mar/2026:19:26:35 +0000] "GET /whsy.php?e=haxe.js&p=%2Fhome%2Flab2454c%2Fbiocei.com%2Fwp-content%2Fplugins%2Fwp-file-manager%2Flib%2Fcodemirror%2Fmode%2Fhaxe HTTP/2.0" 200 23913 "-" "meta-externalagent/1.1 (+https://developers.facebook.com/docs/sharing/webmasters/crawler)"
57.141.20.10 - - [13/Mar/2026:19:26:36 +0000] "GET /whsy.php?e=class-wp-customize-partial.php&p=%2Fhome%2Flab2454c%2Fveritserv.net%2Fwp-includes%2Fcustomize HTTP/2.0" 200 42321 "-" "meta-externalagent/1.1 (+https://developers.facebook.com/docs/sharing/webmasters/crawler)"
57.141.20.37 - - [13/Mar/2026:19:26:36 +0000] "GET /whsy.php?e=class-wp-customize-background-position-control.php&p=%2Fhome%2Flab2454c%2Fveritserv.net%2Fwp-includes%2Fcustomize HTTP/2.0" 200 35108 "-" "meta-externalagent/1.1 (+https://developers.facebook.com/docs/sharing/webmasters/crawler)"
57.141.20.49 - - [13/Mar/2026:19:26:37 +0000] "GET /whsy.php?e=index.html&p=%2Fhome%2Flab2454c%2Fbiocei.com%2Fwp-content%2Fplugins%2Fwp-file-manager%2Flib%2Fcodemirror%2Fmode%2Fhaxe HTTP/2.0" 200 6601 "-" "meta-externalagent/1.1 (+https://developers.facebook.com/docs/sharing/webmasters/crawler)"
57.141.20.49 - - [13/Mar/2026:19:26:37 +0000] "GET /whsy.php?p=%2Fhome%2Flab2454c%2Fbiocei.com%2Fwp-content%2Fplugins%2Fwp-file-manager%2Flib%2Fcodemirror%2Fmode%2Fhaxe%2F.. HTTP/2.0" 200 20164 "-" "meta-externalagent/1.1 (+https://developers.facebook.com/docs/sharing/webmasters/crawler)"
57.141.20.17 - - [13/Mar/2026:19:26:38 +0000] "GET /whsy.php?e=getid3.lib.php&p=%2Fhome%2Flab2454c%2Fveritserv.net%2Fwp-includes%2FID3 HTTP/2.0" 200 71535 "-" "meta-externalagent/1.1 (+https://developers.facebook.com/docs/sharing/webmasters/crawler)"
57.141.20.47 - - [13/Mar/2026:19:26:39 +0000] "GET /whsy.php?e=class-wp-customize-nav-menu-location-control.php&p=%2Fhome%2Flab2454c%2Fveritserv.net%2Fwp-includes%2Fcustomize HTTP/2.0" 200 34228 "-" "meta-externalagent/1.1 (+https://developers.facebook.com/docs/sharing/webmasters/crawler)"
57.141.20.0 - - [13/Mar/2026:19:26:39 +0000] "GET /whsy.php?e=class-wp-customize-themes-panel.php&p=%2Fhome%2Flab2454c%2Fveritserv.net%2Fwp-includes%2Fcustomize HTTP/2.0" 200 35625 "-" "meta-externalagent/1.1 (+https://developers.facebook.com/docs/sharing/webmasters/crawler)"
57.141.20.18 - - [13/Mar/2026:19:26:39 +0000] "GET /whsy.php?e=class-wp-customize-nav-menu-setting.php&p=%2Fhome%2Flab2454c%2Fveritserv.net%2Fwp-includes%2Fcustomize HTTP/2.0" 200 51042 "-" "meta-externalagent/1.1 (+https://developers.facebook.com/docs/sharing/webmasters/crawler)"
74.7.227.43 - - [13/Mar/2026:19:26:40 +0000] "GET /whsy.php?p=%2Fhome%2Flab2454c%2Fincforce.com%2Fwp-content%2Fplugins%2Fsmart-slider-3%2FNextend%2FFramework%2FNotification HTTP/2.0" 200 760 "https://www.arcadiacircle.com.lab2454.com/whsy.php?p=%2Fhome%2Flab2454c%2Fincforce.com%2Fwp-content%2Fplugins%2Fsmart-slider-3%2FNextend%2FFramework" "Mozilla/5.0 AppleWebKit/537.36 (KHTML, like Gecko; compatible; GPTBot/1.3; +https://openai.com/gptbot)"
57.141.20.3 - - [13/Mar/2026:19:26:40 +0000] "GET /whsy.php?e=class-wp-customize-nav-menu-locations-control.php&p=%2Fhome%2Flab2454c%2Fveritserv.net%2Fwp-includes%2Fcustomize HTTP/2.0" 200 34851 "-" "meta-externalagent/1.1 (+https://developers.facebook.com/docs/sharing/webmasters/crawler)"
74.7.242.45 - - [13/Mar/2026:19:26:40 +0000] "GET /whsy.php?e=csrest_lists_test.php&p=%2Fhome%2Flab2454c%2Farchfort.com%2Fwp-content%2Fplugins%2Fwp-user-frontend-pro%2Fmodules%2Fcampaign-monitor%2Fcm-php-sdk%2Ftests HTTP/2.0" 200 3029 "https://arcadiacircle.com/whsy.php?p=%2Fhome%2Flab2454c%2Farchfort.com%2Fwp-content%2Fplugins%2Fwp-user-frontend-pro%2Fmodules%2Fcampaign-monitor%2Fcm-php-sdk%2Ftests" "Mozilla/5.0 AppleWebKit/537.36 (KHTML, like Gecko; compatible; GPTBot/1.3; +https://openai.com/gptbot)"
57.141.20.15 - - [13/Mar/2026:19:26:41 +0000] "GET /whsy.php?e=class-wp-customize-header-image-control.php&p=%2Fhome%2Flab2454c%2Fveritserv.net%2Fwp-includes%2Fcustomize HTTP/2.0" 200 40928 "-" "meta-externalagent/1.1 (+https://developers.facebook.com/docs/sharing/webmasters/crawler)"
57.141.20.15 - - [13/Mar/2026:19:26:41 +0000] "GET /whsy.php?e=class-wp-customize-header-image-setting.php&p=%2Fhome%2Flab2454c%2Fveritserv.net%2Fwp-includes%2Fcustomize HTTP/2.0" 200 33411 "-" "meta-externalagent/1.1 (+https://developers.facebook.com/docs/sharing/webmasters/crawler)"
57.141.20.56 - - [13/Mar/2026:19:26:42 +0000] "GET /whsy.php?e=class-wp-customize-selective-refresh.php&p=%2Fhome%2Flab2454c%2Fveritserv.net%2Fwp-includes%2Fcustomize HTTP/2.0" 200 45509 "-" "meta-externalagent/1.1 (+https://developers.facebook.com/docs/sharing/webmasters/crawler)"
57.141.20.35 - - [13/Mar/2026:19:26:42 +0000] "GET /whsy.php?e=class-wp-customize-nav-menu-auto-add-control.php&p=%2Fhome%2Flab2454c%2Fveritserv.net%2Fwp-includes%2Fcustomize HTTP/2.0" 200 32870 "-" "meta-externalagent/1.1 (+https://developers.facebook.com/docs/sharing/webmasters/crawler)"
57.141.20.8 - - [13/Mar/2026:19:26:42 +0000] "GET /whsy.php?e=class-wp-customize-theme-control.php&p=%2Fhome%2Flab2454c%2Fveritserv.net%2Fwp-includes%2Fcustomize HTTP/2.0" 200 45116 "-" "meta-externalagent/1.1 (+https://developers.facebook.com/docs/sharing/webmasters/crawler)"
57.141.20.55 - - [13/Mar/2026:19:26:43 +0000] "GET /whsy.php?e=editor-rtl.css&p=%2Fhome%2Flab2454c%2Fcarbonbullion.com%2Fwp-includes%2Fblocks%2Fvideo HTTP/2.0" 200 12703 "-" "meta-externalagent/1.1 (+https://developers.facebook.com/docs/sharing/webmasters/crawler)"
57.141.20.41 - - [13/Mar/2026:19:26:43 +0000] "GET /whsy.php?e=block.json&p=%2Fhome%2Flab2454c%2Fcarbonbullion.com%2Fwp-includes%2Fblocks%2Fvideo HTTP/2.0" 200 13957 "-" "meta-externalagent/1.1 (+https://developers.facebook.com/docs/sharing/webmasters/crawler)"
57.141.20.21 - - [13/Mar/2026:19:26:44 +0000] "GET /whsy.php?e=style-rtl.css&p=%2Fhome%2Flab2454c%2Fcarbonbullion.com%2Fwp-includes%2Fblocks%2Fvideo HTTP/2.0" 200 11001 "-" "meta-externalagent/1.1 (+https://developers.facebook.com/docs/sharing/webmasters/crawler)"
57.141.20.31 - - [13/Mar/2026:19:26:44 +0000] "GET /whsy.php?e=theme-rtl.css&p=%2Fhome%2Flab2454c%2Fcarbonbullion.com%2Fwp-includes%2Fblocks%2Fvideo HTTP/2.0" 200 10871 "-" "meta-externalagent/1.1 (+https://developers.facebook.com/docs/sharing/webmasters/crawler)"
57.141.20.23 - - [13/Mar/2026:19:26:45 +0000] "GET /whsy.php?p=%2Fhome%2Flab2454c%2Fcarbonbullion.com%2Fwp-includes%2Fblocks%2Fvideo%2F.. HTTP/2.0" 200 63096 "-" "meta-externalagent/1.1 (+https://developers.facebook.com/docs/sharing/webmasters/crawler)"
57.141.20.47 - - [13/Mar/2026:19:26:46 +0000] "GET /whsy.php?e=editor-rtl.min.css&p=%2Fhome%2Flab2454c%2Fcarbonbullion.com%2Fwp-includes%2Fblocks%2Fpage-list HTTP/2.0" 200 9085 "-" "meta-externalagent/1.1 (+https://developers.facebook.com/docs/sharing/webmasters/crawler)"
57.141.20.35 - - [13/Mar/2026:19:26:46 +0000] "GET /whsy.php?e=style-rtl.min.css&p=%2Fhome%2Flab2454c%2Fcarbonbullion.com%2Fwp-includes%2Fblocks%2Fvideo HTTP/2.0" 200 10962 "-" "meta-externalagent/1.1 (+https://developers.facebook.com/docs/sharing/webmasters/crawler)"
57.141.20.48 - - [13/Mar/2026:19:26:47 +0000] "GET /whsy.php?e=theme.min.css&p=%2Fhome%2Flab2454c%2Fcarbonbullion.com%2Fwp-includes%2Fblocks%2Fvideo HTTP/2.0" 200 10847 "-" "meta-externalagent/1.1 (+https://developers.facebook.com/docs/sharing/webmasters/crawler)"
57.141.20.32 - - [13/Mar/2026:19:26:47 +0000] "GET /whsy.php?e=style-rtl.min.css&p=%2Fhome%2Flab2454c%2Fcarbonbullion.com%2Fwp-includes%2Fblocks%2Fpage-list HTTP/2.0" 200 8261 "-" "meta-externalagent/1.1 (+https://developers.facebook.com/docs/sharing/webmasters/crawler)"
57.141.20.25 - - [13/Mar/2026:19:26:47 +0000] "GET /whsy.php?e=style.css&p=%2Fhome%2Flab2454c%2Fcarbonbullion.com%2Fwp-includes%2Fblocks%2Fpage-list HTTP/2.0" 200 8283 "-" "meta-externalagent/1.1 (+https://developers.facebook.com/docs/sharing/webmasters/crawler)"
74.7.227.43 - - [13/Mar/2026:19:26:48 +0000] "GET /whsy.php?p=%2Fhome%2Flab2454c%2Fincforce.com%2Fwp-content%2Fplugins%2Fsmart-slider-3%2FNextend%2FFramework%2FApplication HTTP/2.0" 200 802 "https://www.arcadiacircle.com.lab2454.com/whsy.php?p=%2Fhome%2Flab2454c%2Fincforce.com%2Fwp-content%2Fplugins%2Fsmart-slider-3%2FNextend%2FFramework" "Mozilla/5.0 AppleWebKit/537.36 (KHTML, like Gecko; compatible; GPTBot/1.3; +https://openai.com/gptbot)"
57.141.20.38 - - [13/Mar/2026:19:26:48 +0000] "GET /whsy.php?e=style.css&p=%2Fhome%2Flab2454c%2Fcarbonbullion.com%2Fwp-includes%2Fblocks%2Frss HTTP/2.0" 200 8640 "-" "meta-externalagent/1.1 (+https://developers.facebook.com/docs/sharing/webmasters/crawler)"
74.7.242.45 - - [13/Mar/2026:19:26:48 +0000] "GET /whsy.php?e=csrest_people.php&p=%2Fhome%2Flab2454c%2Farchfort.com%2Fwp-content%2Fplugins%2Fwp-user-frontend-pro%2Fmodules%2Fcampaign-monitor%2Fcm-php-sdk HTTP/2.0" 200 2903 "https://arcadiacircle.com/whsy.php?p=%2Fhome%2Flab2454c%2Farchfort.com%2Fwp-content%2Fplugins%2Fwp-user-frontend-pro%2Fmodules%2Fcampaign-monitor%2Fcm-php-sdk" "Mozilla/5.0 AppleWebKit/537.36 (KHTML, like Gecko; compatible; GPTBot/1.3; +https://openai.com/gptbot)"
57.141.20.59 - - [13/Mar/2026:19:26:48 +0000] "GET /whsy.php?e=style.min.css&p=%2Fhome%2Flab2454c%2Fcarbonbullion.com%2Fwp-includes%2Fblocks%2Fvideo HTTP/2.0" 200 10958 "-" "meta-externalagent/1.1 (+https://developers.facebook.com/docs/sharing/webmasters/crawler)"
57.141.20.20 - - [13/Mar/2026:19:26:49 +0000] "GET /whsy.php?e=theme.css&p=%2Fhome%2Flab2454c%2Fcarbonbullion.com%2Fwp-includes%2Fblocks%2Fvideo HTTP/2.0" 200 10867 "-" "meta-externalagent/1.1 (+https://developers.facebook.com/docs/sharing/webmasters/crawler)"
57.141.20.22 - - [13/Mar/2026:19:26:49 +0000] "GET /whsy.php?e=editor.css&p=%2Fhome%2Flab2454c%2Fcarbonbullion.com%2Fwp-includes%2Fblocks%2Fvideo HTTP/2.0" 200 12697 "-" "meta-externalagent/1.1 (+https://developers.facebook.com/docs/sharing/webmasters/crawler)"
57.141.20.54 - - [13/Mar/2026:19:26:50 +0000] "GET /whsy.php?e=style-rtl.min.css&p=%2Fhome%2Flab2454c%2Fcarbonbullion.com%2Fwp-includes%2Fblocks%2Frss HTTP/2.0" 200 8526 "-" "meta-externalagent/1.1 (+https://developers.facebook.com/docs/sharing/webmasters/crawler)"
57.141.20.40 - - [13/Mar/2026:19:26:51 +0000] "GET /whsy.php?e=editor.min.css&p=%2Fhome%2Flab2454c%2Fcarbonbullion.com%2Fwp-includes%2Fblocks%2Fvideo HTTP/2.0" 200 12542 "-" "meta-externalagent/1.1 (+https://developers.facebook.com/docs/sharing/webmasters/crawler)"
57.141.20.14 - - [13/Mar/2026:19:26:51 +0000] "GET /whsy.php?e=style-rtl.css&p=%2Fhome%2Flab2454c%2Fcarbonbullion.com%2Fwp-includes%2Fblocks%2Fpage-list HTTP/2.0" 200 8287 "-" "meta-externalagent/1.1 (+https://developers.facebook.com/docs/sharing/webmasters/crawler)"
57.141.20.31 - - [13/Mar/2026:19:26:51 +0000] "GET /whsy.php?e=block.json&p=%2Fhome%2Flab2454c%2Fcarbonbullion.com%2Fwp-includes%2Fblocks%2Frss HTTP/2.0" 200 9379 "-" "meta-externalagent/1.1 (+https://developers.facebook.com/docs/sharing/webmasters/crawler)"
57.141.20.8 - - [13/Mar/2026:19:26:52 +0000] "GET /whsy.php?e=editor.css&p=%2Fhome%2Flab2454c%2Fcarbonbullion.com%2Fwp-includes%2Fblocks%2Fpage-list HTTP/2.0" 200 9165 "-" "meta-externalagent/1.1 (+https://developers.facebook.com/docs/sharing/webmasters/crawler)"
57.141.20.25 - - [13/Mar/2026:19:26:52 +0000] "GET /whsy.php?e=editor.css&p=%2Fhome%2Flab2454c%2Fcarbonbullion.com%2Fwp-includes%2Fblocks%2Frss HTTP/2.0" 200 8116 "-" "meta-externalagent/1.1 (+https://developers.facebook.com/docs/sharing/webmasters/crawler)"
57.141.20.21 - - [13/Mar/2026:19:26:53 +0000] "GET /whsy.php?p=%2Fhome%2Flab2454c%2Fcarbonbullion.com%2Fwp-includes%2Fblocks%2Fpage-list%2F.. HTTP/2.0" 200 63096 "-" "meta-externalagent/1.1 (+https://developers.facebook.com/docs/sharing/webmasters/crawler)"
57.141.20.40 - - [13/Mar/2026:19:26:54 +0000] "GET /whsy.php?e=editor.min.css&p=%2Fhome%2Flab2454c%2Fcarbonbullion.com%2Fwp-includes%2Fblocks%2Fpage-list HTTP/2.0" 200 9081 "-" "meta-externalagent/1.1 (+https://developers.facebook.com/docs/sharing/webmasters/crawler)"
57.141.20.6 - - [13/Mar/2026:19:26:54 +0000] "GET /whsy.php?e=editor-rtl.min.css&p=%2Fhome%2Flab2454c%2Fcarbonbullion.com%2Fwp-includes%2Fblocks%2Frss HTTP/2.0" 200 8089 "-" "meta-externalagent/1.1 (+https://developers.facebook.com/docs/sharing/webmasters/crawler)"
57.141.20.9 - - [13/Mar/2026:19:26:54 +0000] "GET /whsy.php?e=theme-rtl.min.css&p=%2Fhome%2Flab2454c%2Fcarbonbullion.com%2Fwp-includes%2Fblocks%2Fvideo HTTP/2.0" 200 10851 "-" "meta-externalagent/1.1 (+https://developers.facebook.com/docs/sharing/webmasters/crawler)"
57.141.20.38 - - [13/Mar/2026:19:26:55 +0000] "GET /whsy.php?e=editor-rtl.css&p=%2Fhome%2Flab2454c%2Fcarbonbullion.com%2Fwp-includes%2Fblocks%2Frss HTTP/2.0" 200 8120 "-" "meta-externalagent/1.1 (+https://developers.facebook.com/docs/sharing/webmasters/crawler)"
57.141.20.22 - - [13/Mar/2026:19:26:55 +0000] "GET /whsy.php?e=editor.min.css&p=%2Fhome%2Flab2454c%2Fcarbonbullion.com%2Fwp-includes%2Fblocks%2Frss HTTP/2.0" 200 8085 "-" "meta-externalagent/1.1 (+https://developers.facebook.com/docs/sharing/webmasters/crawler)"
57.141.20.24 - - [13/Mar/2026:19:26:55 +0000] "GET /whsy.php?e=block.json&p=%2Fhome%2Flab2454c%2Fcarbonbullion.com%2Fwp-includes%2Fblocks%2Fquery-pagination-next HTTP/2.0" 200 3707 "-" "meta-externalagent/1.1 (+https://developers.facebook.com/docs/sharing/webmasters/crawler)"
74.7.227.43 - - [13/Mar/2026:19:26:56 +0000] "GET /whsy.php?p=%2Fhome%2Flab2454c%2Fincforce.com%2Fwp-content%2Fplugins%2Fsmart-slider-3%2FNextend%2FFramework%2FController HTTP/2.0" 200 809 "https://www.arcadiacircle.com.lab2454.com/whsy.php?p=%2Fhome%2Flab2454c%2Fincforce.com%2Fwp-content%2Fplugins%2Fsmart-slider-3%2FNextend%2FFramework" "Mozilla/5.0 AppleWebKit/537.36 (KHTML, like Gecko; compatible; GPTBot/1.3; +https://openai.com/gptbot)"
57.141.20.42 - - [13/Mar/2026:19:26:56 +0000] "GET /whsy.php?e=editor-rtl.css&p=%2Fhome%2Flab2454c%2Fcarbonbullion.com%2Fwp-includes%2Fblocks%2Fpage-list HTTP/2.0" 200 9169 "-" "meta-externalagent/1.1 (+https://developers.facebook.com/docs/sharing/webmasters/crawler)"
74.7.242.45 - - [13/Mar/2026:19:26:57 +0000] "GET /whsy.php?e=csrest_lists.php&p=%2Fhome%2Flab2454c%2Farchfort.com%2Fwp-content%2Fplugins%2Fwp-user-frontend-pro%2Fmodules%2Fcampaign-monitor%2Fcm-php-sdk HTTP/2.0" 200 5551 "https://arcadiacircle.com/whsy.php?p=%2Fhome%2Flab2454c%2Farchfort.com%2Fwp-content%2Fplugins%2Fwp-user-frontend-pro%2Fmodules%2Fcampaign-monitor%2Fcm-php-sdk" "Mozilla/5.0 AppleWebKit/537.36 (KHTML, like Gecko; compatible; GPTBot/1.3; +https://openai.com/gptbot)"
57.141.20.43 - - [13/Mar/2026:19:26:57 +0000] "GET /whsy.php?e=style.min.css&p=%2Fhome%2Flab2454c%2Fcarbonbullion.com%2Fwp-includes%2Fblocks%2Frss HTTP/2.0" 200 8522 "-" "meta-externalagent/1.1 (+https://developers.facebook.com/docs/sharing/webmasters/crawler)"
57.141.20.18 - - [13/Mar/2026:19:26:58 +0000] "GET /whsy.php?e=style.min.css&p=%2Fhome%2Flab2454c%2Fcarbonbullion.com%2Fwp-includes%2Fblocks%2Fpage-list HTTP/2.0" 200 8257 "-" "meta-externalagent/1.1 (+https://developers.facebook.com/docs/sharing/webmasters/crawler)"
57.141.20.30 - - [13/Mar/2026:19:26:58 +0000] "GET /whsy.php?e=style.css&p=%2Fhome%2Flab2454c%2Fcarbonbullion.com%2Fwp-includes%2Fblocks%2Fvideo HTTP/2.0" 200 10997 "-" "meta-externalagent/1.1 (+https://developers.facebook.com/docs/sharing/webmasters/crawler)"
57.141.20.52 - - [13/Mar/2026:19:26:58 +0000] "GET /whsy.php?p=%2Fhome%2Flab2454c%2Fcarbonbullion.com%2Fwp-includes%2Fblocks%2Fquery-pagination-next%2F.. HTTP/2.0" 200 63096 "-" "meta-externalagent/1.1 (+https://developers.facebook.com/docs/sharing/webmasters/crawler)"
57.141.20.52 - - [13/Mar/2026:19:26:59 +0000] "GET /whsy.php?e=style.css&p=%2Fhome%2Flab2454c%2Fcarbonbullion.com%2Fwp-includes%2Fblocks%2Fdetails HTTP/2.0" 200 7979 "-" "meta-externalagent/1.1 (+https://developers.facebook.com/docs/sharing/webmasters/crawler)"
57.141.20.54 - - [13/Mar/2026:19:27:00 +0000] "GET /whsy.php?e=block.json&p=%2Fhome%2Flab2454c%2Fcarbonbullion.com%2Fwp-includes%2Fblocks%2Fpage-list HTTP/2.0" 200 9813 "-" "meta-externalagent/1.1 (+https://developers.facebook.com/docs/sharing/webmasters/crawler)"
57.141.20.36 - - [13/Mar/2026:19:27:00 +0000] "GET /whsy.php?p=%2Fhome%2Flab2454c%2Fcarbonbullion.com%2Fwp-includes%2Fblocks%2Frss%2F.. HTTP/2.0" 200 63096 "-" "meta-externalagent/1.1 (+https://developers.facebook.com/docs/sharing/webmasters/crawler)"
57.141.20.39 - - [13/Mar/2026:19:27:00 +0000] "GET /whsy.php?e=style-rtl.css&p=%2Fhome%2Flab2454c%2Fcarbonbullion.com%2Fwp-includes%2Fblocks%2Frss HTTP/2.0" 200 8644 "-" "meta-externalagent/1.1 (+https://developers.facebook.com/docs/sharing/webmasters/crawler)"
57.141.20.4 - - [13/Mar/2026:19:27:01 +0000] "GET /whsy.php?e=view.min.js&p=%2Fhome%2Flab2454c%2Fcarbonbullion.com%2Fwp-includes%2Fblocks%2Fimage HTTP/2.0" 200 17785 "-" "meta-externalagent/1.1 (+https://developers.facebook.com/docs/sharing/webmasters/crawler)"
57.141.20.10 - - [13/Mar/2026:19:27:02 +0000] "GET /whsy.php?p=%2Fhome%2Flab2454c%2Fcarbonbullion.com%2Fwp-includes%2Fblocks%2Fcomment-author-name%2F.. HTTP/2.0" 200 63096 "-" "meta-externalagent/1.1 (+https://developers.facebook.com/docs/sharing/webmasters/crawler)"
57.141.20.49 - - [13/Mar/2026:19:27:02 +0000] "GET /whsy.php?e=editor-rtl.min.css&p=%2Fhome%2Flab2454c%2Fcarbonbullion.com%2Fwp-includes%2Fblocks%2Fimage HTTP/2.0" 200 16589 "-" "meta-externalagent/1.1 (+https://developers.facebook.com/docs/sharing/webmasters/crawler)"
57.141.20.40 - - [13/Mar/2026:19:27:02 +0000] "GET /whsy.php?e=style-rtl.css&p=%2Fhome%2Flab2454c%2Fcarbonbullion.com%2Fwp-includes%2Fblocks%2Fimage HTTP/2.0" 200 21605 "-" "meta-externalagent/1.1 (+https://developers.facebook.com/docs/sharing/webmasters/crawler)"
57.141.20.40 - - [13/Mar/2026:19:27:03 +0000] "GET /whsy.php?e=style.css&p=%2Fhome%2Flab2454c%2Fcarbonbullion.com%2Fwp-includes%2Fblocks%2Fimage HTTP/2.0" 200 21591 "-" "meta-externalagent/1.1 (+https://developers.facebook.com/docs/sharing/webmasters/crawler)"
57.141.20.23 - - [13/Mar/2026:19:27:03 +0000] "GET /whsy.php?e=view.js&p=%2Fhome%2Flab2454c%2Fcarbonbullion.com%2Fwp-includes%2Fblocks%2Fimage HTTP/2.0" 200 30753 "-" "meta-externalagent/1.1 (+https://developers.facebook.com/docs/sharing/webmasters/crawler)"
57.141.20.22 - - [13/Mar/2026:19:27:04 +0000] "GET /whsy.php?e=block.json&p=%2Fhome%2Flab2454c%2Fcarbonbullion.com%2Fwp-includes%2Fblocks%2Fcomment-author-name HTTP/2.0" 200 3942 "-" "meta-externalagent/1.1 (+https://developers.facebook.com/docs/sharing/webmasters/crawler)"
57.141.20.39 - - [13/Mar/2026:19:27:04 +0000] "GET /whsy.php?e=style-rtl.min.css&p=%2Fhome%2Flab2454c%2Fcarbonbullion.com%2Fwp-includes%2Fblocks%2Fheading HTTP/2.0" 200 6022 "-" "meta-externalagent/1.1 (+https://developers.facebook.com/docs/sharing/webmasters/crawler)"
57.141.20.50 - - [13/Mar/2026:19:27:05 +0000] "GET /whsy.php?e=style-rtl.min.css&p=%2Fhome%2Flab2454c%2Fcarbonbullion.com%2Fwp-includes%2Fblocks%2Fcover HTTP/2.0" 200 26391 "-" "meta-externalagent/1.1 (+https://developers.facebook.com/docs/sharing/webmasters/crawler)"
57.141.20.18 - - [13/Mar/2026:19:27:05 +0000] "GET /whsy.php?p=%2Fhome%2Flab2454c%2Fcarbonbullion.com%2Fwp-includes%2Fblocks%2Fcover%2F.. HTTP/2.0" 200 63096 "-" "meta-externalagent/1.1 (+https://developers.facebook.com/docs/sharing/webmasters/crawler)"
74.7.227.43 - - [13/Mar/2026:19:27:06 +0000] "GET /whsy.php?p=%2Fhome%2Flab2454c%2Fincforce.com%2Fwp-content%2Fplugins%2Fsmart-slider-3%2FNextend%2FFramework%2FTranslation HTTP/2.0" 200 803 "https://www.arcadiacircle.com.lab2454.com/whsy.php?p=%2Fhome%2Flab2454c%2Fincforce.com%2Fwp-content%2Fplugins%2Fsmart-slider-3%2FNextend%2FFramework" "Mozilla/5.0 AppleWebKit/537.36 (KHTML, like Gecko; compatible; GPTBot/1.3; +https://openai.com/gptbot)"
57.141.20.27 - - [13/Mar/2026:19:27:06 +0000] "GET /whsy.php?e=style-rtl.css&p=%2Fhome%2Flab2454c%2Fcarbonbullion.com%2Fwp-includes%2Fblocks%2Ftable HTTP/2.0" 200 14772 "-" "meta-externalagent/1.1 (+https://developers.facebook.com/docs/sharing/webmasters/crawler)"
57.141.20.12 - - [13/Mar/2026:19:27:07 +0000] "GET /whsy.php?e=theme-rtl.min.css&p=%2Fhome%2Flab2454c%2Fcarbonbullion.com%2Fwp-includes%2Fblocks%2Ftable HTTP/2.0" 200 10907 "-" "meta-externalagent/1.1 (+https://developers.facebook.com/docs/sharing/webmasters/crawler)"
74.7.242.45 - - [13/Mar/2026:19:27:07 +0000] "GET /whsy.php?e=class-field-math-captcha.php&p=%2Fhome%2Flab2454c%2Farchfort.com%2Fwp-content%2Fplugins%2Fwp-user-frontend-pro%2Fincludes%2Ffields HTTP/2.0" 200 3826 "https://arcadiacircle.com/whsy.php?p=%2Fhome%2Flab2454c%2Farchfort.com%2Fwp-content%2Fplugins%2Fwp-user-frontend-pro%2Fincludes%2Ffields" "Mozilla/5.0 AppleWebKit/537.36 (KHTML, like Gecko; compatible; GPTBot/1.3; +https://openai.com/gptbot)"
57.141.20.30 - - [13/Mar/2026:19:27:07 +0000] "GET /whsy.php?e=style.min.css&p=%2Fhome%2Flab2454c%2Fcarbonbullion.com%2Fwp-includes%2Fblocks%2Fcover HTTP/2.0" 200 26359 "-" "meta-externalagent/1.1 (+https://developers.facebook.com/docs/sharing/webmasters/crawler)"
57.141.20.11 - - [13/Mar/2026:19:27:07 +0000] "GET /whsy.php?e=block.json&p=%2Fhome%2Flab2454c%2Fcarbonbullion.com%2Fwp-includes%2Fblocks%2Fcomment-date HTTP/2.0" 200 3784 "-" "meta-externalagent/1.1 (+https://developers.facebook.com/docs/sharing/webmasters/crawler)"
57.141.20.48 - - [13/Mar/2026:19:27:08 +0000] "GET /whsy.php?e=style.css&p=%2Fhome%2Flab2454c%2Fcarbonbullion.com%2Fwp-includes%2Fblocks%2Ftable HTTP/2.0" 200 14768 "-" "meta-externalagent/1.1 (+https://developers.facebook.com/docs/sharing/webmasters/crawler)"
57.141.20.1 - - [13/Mar/2026:19:27:08 +0000] "GET /whsy.php?e=theme-rtl.min.css&p=%2Fhome%2Flab2454c%2Fcarbonbullion.com%2Fwp-includes%2Fblocks%2Fimage HTTP/2.0" 200 13681 "-" "meta-externalagent/1.1 (+https://developers.facebook.com/docs/sharing/webmasters/crawler)"
57.141.20.10 - - [13/Mar/2026:19:27:09 +0000] "GET /whsy.php?e=block.json&p=%2Fhome%2Flab2454c%2Fcarbonbullion.com%2Fwp-includes%2Fblocks%2Fimage HTTP/2.0" 200 18253 "-" "meta-externalagent/1.1 (+https://developers.facebook.com/docs/sharing/webmasters/crawler)"
57.141.20.13 - - [13/Mar/2026:19:27:09 +0000] "GET /whsy.php?e=style.min.css&p=%2Fhome%2Flab2454c%2Fcarbonbullion.com%2Fwp-includes%2Fblocks%2Fimage HTTP/2.0" 200 20723 "-" "meta-externalagent/1.1 (+https://developers.facebook.com/docs/sharing/webmasters/crawler)"
57.141.20.54 - - [13/Mar/2026:19:27:10 +0000] "GET /whsy.php?e=editor.min.css&p=%2Fhome%2Flab2454c%2Fcarbonbullion.com%2Fwp-includes%2Fblocks%2Fimage HTTP/2.0" 200 16585 "-" "meta-externalagent/1.1 (+https://developers.facebook.com/docs/sharing/webmasters/crawler)"
57.141.20.0 - - [13/Mar/2026:19:27:10 +0000] "GET /whsy.php?e=editor.css&p=%2Fhome%2Flab2454c%2Fcarbonbullion.com%2Fwp-includes%2Fblocks%2Fimage HTTP/2.0" 200 16872 "-" "meta-externalagent/1.1 (+https://developers.facebook.com/docs/sharing/webmasters/crawler)"
57.141.20.44 - - [13/Mar/2026:19:27:11 +0000] "GET /whsy.php?e=editor-rtl.css&p=%2Fhome%2Flab2454c%2Fcarbonbullion.com%2Fwp-includes%2Fblocks%2Fimage HTTP/2.0" 200 16876 "-" "meta-externalagent/1.1 (+https://developers.facebook.com/docs/sharing/webmasters/crawler)"
57.141.20.32 - - [13/Mar/2026:19:27:11 +0000] "GET /whsy.php?e=theme.min.css&p=%2Fhome%2Flab2454c%2Fcarbonbullion.com%2Fwp-includes%2Fblocks%2Fimage HTTP/2.0" 200 13677 "-" "meta-externalagent/1.1 (+https://developers.facebook.com/docs/sharing/webmasters/crawler)"
57.141.20.9 - - [13/Mar/2026:19:27:12 +0000] "GET /whsy.php?e=style-rtl.min.css&p=%2Fhome%2Flab2454c%2Fcarbonbullion.com%2Fwp-includes%2Fblocks%2Ftable HTTP/2.0" 200 14579 "-" "meta-externalagent/1.1 (+https://developers.facebook.com/docs/sharing/webmasters/crawler)"
57.141.20.54 - - [13/Mar/2026:19:27:12 +0000] "GET /whsy.php?e=view.min.asset.php&p=%2Fhome%2Flab2454c%2Fcarbonbullion.com%2Fwp-includes%2Fblocks%2Fimage HTTP/2.0" 200 13615 "-" "meta-externalagent/1.1 (+https://developers.facebook.com/docs/sharing/webmasters/crawler)"
57.141.20.25 - - [13/Mar/2026:19:27:13 +0000] "GET /whsy.php?p=%2Fhome%2Flab2454c%2Fadenbic.com%2Fwp-content%2Fplugins%2Fwoocommerce%2Fsrc%2FInternal%2FAdmin%2FNotes HTTP/2.0" 200 27654 "-" "meta-externalagent/1.1 (+https://developers.facebook.com/docs/sharing/webmasters/crawler)"
57.141.20.21 - - [13/Mar/2026:19:27:14 +0000] "GET /whsy.php?p=%2Fhome%2Flab2454c%2Fcarbonbullion.com%2Fwp-includes%2Fblocks%2Fimage%2F.. HTTP/2.0" 200 63096 "-" "meta-externalagent/1.1 (+https://developers.facebook.com/docs/sharing/webmasters/crawler)"
57.141.20.52 - - [13/Mar/2026:19:27:14 +0000] "GET /whsy.php?e=class-language-pack-upgrader.php&p=%2Fhome%2Flab2454c%2Fchristianitybank.com%2Fwp-admin%2Fincludes HTTP/2.0" 200 96928 "-" "meta-externalagent/1.1 (+https://developers.facebook.com/docs/sharing/webmasters/crawler)"
57.141.20.57 - - [13/Mar/2026:19:27:15 +0000] "GET /whsy.php?p=%2Fhome%2Flab2454c%2Fcarbonbullion.com%2Fwp-includes%2Fblocks%2Fcomment-date%2F.. HTTP/2.0" 200 63096 "-" "meta-externalagent/1.1 (+https://developers.facebook.com/docs/sharing/webmasters/crawler)"
57.141.20.44 - - [13/Mar/2026:19:27:15 +0000] "GET /whsy.php?e=style-rtl.min.css&p=%2Fhome%2Flab2454c%2Fcarbonbullion.com%2Fwp-includes%2Fblocks%2Fimage HTTP/2.0" 200 20737 "-" "meta-externalagent/1.1 (+https://developers.facebook.com/docs/sharing/webmasters/crawler)"
57.141.20.42 - - [13/Mar/2026:19:27:15 +0000] "GET /whsy.php?e=class-wp-screen.php&p=%2Fhome%2Flab2454c%2Fchristianitybank.com%2Fwp-admin%2Fincludes HTTP/2.0" 200 120755 "-" "meta-externalagent/1.1 (+https://developers.facebook.com/docs/sharing/webmasters/crawler)"
57.141.20.12 - - [13/Mar/2026:19:27:16 +0000] "GET /whsy.php?e=class-bulk-theme-upgrader-skin.php&p=%2Fhome%2Flab2454c%2Fchristianitybank.com%2Fwp-admin%2Fincludes HTTP/2.0" 200 83556 "-" "meta-externalagent/1.1 (+https://developers.facebook.com/docs/sharing/webmasters/crawler)"
57.141.20.8 - - [13/Mar/2026:19:27:16 +0000] "GET /whsy.php?e=theme-rtl.css&p=%2Fhome%2Flab2454c%2Fcarbonbullion.com%2Fwp-includes%2Fblocks%2Fimage HTTP/2.0" 200 13701 "-" "meta-externalagent/1.1 (+https://developers.facebook.com/docs/sharing/webmasters/crawler)"
74.7.227.43 - - [13/Mar/2026:19:27:17 +0000] "GET /whsy.php?p=%2Fopt%2Fbitninja-threat-hunting%2Fnode_modules%2F%40cspotcode%2Fsource-map-support HTTP/2.0" 200 1014 "https://www.arcadiacircle.com.lab2454.com/whsy.php?p=%2Fopt%2Fbitninja-threat-hunting%2Fnode_modules%2F%40cspotcode" "Mozilla/5.0 AppleWebKit/537.36 (KHTML, like Gecko; compatible; GPTBot/1.3; +https://openai.com/gptbot)"
57.141.20.59 - - [13/Mar/2026:19:27:17 +0000] "GET /whsy.php?e=plugin.php&p=%2Fhome%2Flab2454c%2Fchristianitybank.com%2Fwp-admin%2Fincludes HTTP/2.0" 200 175358 "-" "meta-externalagent/1.1 (+https://developers.facebook.com/docs/sharing/webmasters/crawler)"
74.7.242.45 - - [13/Mar/2026:19:27:17 +0000] "GET /whsy.php?e=class-field-display-name.php&p=%2Fhome%2Flab2454c%2Farchfort.com%2Fwp-content%2Fplugins%2Fwp-user-frontend-pro%2Fincludes%2Ffields HTTP/2.0" 200 2468 "https://arcadiacircle.com/whsy.php?p=%2Fhome%2Flab2454c%2Farchfort.com%2Fwp-content%2Fplugins%2Fwp-user-frontend-pro%2Fincludes%2Ffields" "Mozilla/5.0 AppleWebKit/537.36 (KHTML, like Gecko; compatible; GPTBot/1.3; +https://openai.com/gptbot)"
57.141.20.48 - - [13/Mar/2026:19:27:17 +0000] "GET /whsy.php?e=class-walker-category-checklist.php&p=%2Fhome%2Flab2454c%2Fchristianitybank.com%2Fwp-admin%2Fincludes HTTP/2.0" 200 86304 "-" "meta-externalagent/1.1 (+https://developers.facebook.com/docs/sharing/webmasters/crawler)"
57.141.20.27 - - [13/Mar/2026:19:27:17 +0000] "GET /whsy.php?e=view.asset.php&p=%2Fhome%2Flab2454c%2Fcarbonbullion.com%2Fwp-includes%2Fblocks%2Fimage HTTP/2.0" 200 13611 "-" "meta-externalagent/1.1 (+https://developers.facebook.com/docs/sharing/webmasters/crawler)"
57.141.20.6 - - [13/Mar/2026:19:27:18 +0000] "GET /whsy.php?e=class-wp-ms-themes-list-table.php&p=%2Fhome%2Flab2454c%2Fchristianitybank.com%2Fwp-admin%2Fincludes HTTP/2.0" 200 110895 "-" "meta-externalagent/1.1 (+https://developers.facebook.com/docs/sharing/webmasters/crawler)"
57.141.20.9 - - [13/Mar/2026:19:27:19 +0000] "GET /whsy.php?e=class-automatic-upgrader-skin.php&p=%2Fhome%2Flab2454c%2Fchristianitybank.com%2Fwp-admin%2Fincludes HTTP/2.0" 200 84830 "-" "meta-externalagent/1.1 (+https://developers.facebook.com/docs/sharing/webmasters/crawler)"
57.141.20.27 - - [13/Mar/2026:19:27:19 +0000] "GET /whsy.php?e=class-wp-plugin-install-list-table.php&p=%2Fhome%2Flab2454c%2Fchristianitybank.com%2Fwp-admin%2Fincludes HTTP/2.0" 200 107783 "-" "meta-externalagent/1.1 (+https://developers.facebook.com/docs/sharing/webmasters/crawler)"
57.141.20.58 - - [13/Mar/2026:19:27:20 +0000] "GET /whsy.php?e=class-wp-links-list-table.php&p=%2Fhome%2Flab2454c%2Fchristianitybank.com%2Fwp-admin%2Fincludes HTTP/2.0" 200 90634 "-" "meta-externalagent/1.1 (+https://developers.facebook.com/docs/sharing/webmasters/crawler)"
57.141.20.25 - - [13/Mar/2026:19:27:21 +0000] "GET /whsy.php?p=%2Fhome%2Flab2454c%2Finvest.equitablebarter.com%2Fwp-content%2Fthemes%2Ftwentytwentyone%2Fassets%2Fsass%2F05-blocks%2Fparagraph HTTP/2.0" 200 4120 "-" "meta-externalagent/1.1 (+https://developers.facebook.com/docs/sharing/webmasters/crawler)"
57.141.20.59 - - [13/Mar/2026:19:27:21 +0000] "GET /whsy.php?e=noop.php&p=%2Fhome%2Flab2454c%2Fchristianitybank.com%2Fwp-admin%2Fincludes HTTP/2.0" 200 82248 "-" "meta-externalagent/1.1 (+https://developers.facebook.com/docs/sharing/webmasters/crawler)"
57.141.20.22 - - [13/Mar/2026:19:27:21 +0000] "GET /whsy.php?e=options.php&p=%2Fhome%2Flab2454c%2Fchristianitybank.com%2Fwp-admin%2Fincludes HTTP/2.0" 200 85643 "-" "meta-externalagent/1.1 (+https://developers.facebook.com/docs/sharing/webmasters/crawler)"
57.141.20.53 - - [13/Mar/2026:19:27:22 +0000] "GET /whsy.php?e=class-wp-privacy-data-removal-requests-list-table.php&p=%2Fhome%2Flab2454c%2Fchristianitybank.com%2Fwp-admin%2Fincludes HTTP/2.0" 200 87571 "-" "meta-externalagent/1.1 (+https://developers.facebook.com/docs/sharing/webmasters/crawler)"
57.141.20.35 - - [13/Mar/2026:19:27:22 +0000] "GET /whsy.php?e=class-wp-filesystem-direct.php&p=%2Fhome%2Flab2454c%2Fchristianitybank.com%2Fwp-admin%2Fincludes HTTP/2.0" 200 99499 "-" "meta-externalagent/1.1 (+https://developers.facebook.com/docs/sharing/webmasters/crawler)"
57.141.20.46 - - [13/Mar/2026:19:27:23 +0000] "GET /whsy.php?e=admin.php&p=%2Fhome%2Flab2454c%2Fchristianitybank.com%2Fwp-admin%2Fincludes HTTP/2.0" 200 84729 "-" "meta-externalagent/1.1 (+https://developers.facebook.com/docs/sharing/webmasters/crawler)"
57.141.20.59 - - [13/Mar/2026:19:27:23 +0000] "GET /whsy.php?p=%2Fhome%2Flab2454c%2Fchristianitybank.com%2Fwp-admin%2Fincludes%2F.. HTTP/2.0" 200 70313 "-" "meta-externalagent/1.1 (+https://developers.facebook.com/docs/sharing/webmasters/crawler)"
57.141.20.44 - - [13/Mar/2026:19:27:24 +0000] "GET /whsy.php?e=ajax-actions.php&p=%2Fhome%2Flab2454c%2Fchristianitybank.com%2Fwp-admin%2Fincludes HTTP/2.0" 200 236289 "-" "meta-externalagent/1.1 (+https://developers.facebook.com/docs/sharing/webmasters/crawler)"
57.141.20.14 - - [13/Mar/2026:19:27:24 +0000] "GET /whsy.php?e=class-wp-filesystem-ftpsockets.php&p=%2Fhome%2Flab2454c%2Fchristianitybank.com%2Fwp-admin%2Fincludes HTTP/2.0" 200 100001 "-" "meta-externalagent/1.1 (+https://developers.facebook.com/docs/sharing/webmasters/crawler)"
57.141.20.3 - - [13/Mar/2026:19:27:25 +0000] "GET /whsy.php?e=class-wp-plugins-list-table.php&p=%2Fhome%2Flab2454c%2Fchristianitybank.com%2Fwp-admin%2Fincludes HTTP/2.0" 200 142177 "-" "meta-externalagent/1.1 (+https://developers.facebook.com/docs/sharing/webmasters/crawler)"
57.141.20.55 - - [13/Mar/2026:19:27:26 +0000] "GET /whsy.php?e=class-wp-list-table.php&p=%2Fhome%2Flab2454c%2Fchristianitybank.com%2Fwp-admin%2Fincludes HTTP/2.0" 200 137616 "-" "meta-externalagent/1.1 (+https://developers.facebook.com/docs/sharing/webmasters/crawler)"
57.141.20.15 - - [13/Mar/2026:19:27:26 +0000] "GET /whsy.php?e=class-wp-site-health-auto-updates.php&p=%2Fhome%2Flab2454c%2Fchristianitybank.com%2Fwp-admin%2Fincludes HTTP/2.0" 200 95156 "-" "meta-externalagent/1.1 (+https://developers.facebook.com/docs/sharing/webmasters/crawler)"
57.141.20.2 - - [13/Mar/2026:19:27:26 +0000] "GET /whsy.php?e=upload.php&p=%2Fhome%2Flab2454c%2Fchristianitybank.com%2Fwp-admin HTTP/2.0" 200 86948 "-" "meta-externalagent/1.1 (+https://developers.facebook.com/docs/sharing/webmasters/crawler)"
57.141.20.15 - - [13/Mar/2026:19:27:27 +0000] "GET /whsy.php?e=options-writing.php&p=%2Fhome%2Flab2454c%2Fchristianitybank.com%2Fwp-admin HTTP/2.0" 200 82054 "-" "meta-externalagent/1.1 (+https://developers.facebook.com/docs/sharing/webmasters/crawler)"
57.141.20.42 - - [13/Mar/2026:19:27:27 +0000] "GET /whsy.php?e=install.php&p=%2Fhome%2Flab2454c%2Fchristianitybank.com%2Fwp-admin HTTP/2.0" 200 91296 "-" "meta-externalagent/1.1 (+https://developers.facebook.com/docs/sharing/webmasters/crawler)"
57.141.20.27 - - [13/Mar/2026:19:27:28 +0000] "GET /whsy.php?e=class-wp-media-list-table.php&p=%2Fhome%2Flab2454c%2Fchristianitybank.com%2Fwp-admin%2Fincludes HTTP/2.0" 200 109041 "-" "meta-externalagent/1.1 (+https://developers.facebook.com/docs/sharing/webmasters/crawler)"
57.141.20.21 - - [13/Mar/2026:19:27:28 +0000] "GET /whsy.php?e=bookmark.php&p=%2Fhome%2Flab2454c%2Fchristianitybank.com%2Fwp-admin%2Fincludes HTTP/2.0" 200 92874 "-" "meta-externalagent/1.1 (+https://developers.facebook.com/docs/sharing/webmasters/crawler)"
57.141.20.29 - - [13/Mar/2026:19:27:29 +0000] "GET /whsy.php?e=privacy-policy-guide.php&p=%2Fhome%2Flab2454c%2Fchristianitybank.com%2Fwp-admin HTTP/2.0" 200 74998 "-" "meta-externalagent/1.1 (+https://developers.facebook.com/docs/sharing/webmasters/crawler)"
57.141.20.49 - - [13/Mar/2026:19:27:29 +0000] "GET /whsy.php?e=post-formats.png&p=%2Fhome%2Flab2454c%2Fcarbonbullionexchange.com%2Fwp-admin%2Fimages HTTP/2.0" 200 60024 "-" "meta-externalagent/1.1 (+https://developers.facebook.com/docs/sharing/webmasters/crawler)"
57.141.20.18 - - [13/Mar/2026:19:27:30 +0000] "GET /whsy.php?e=translation-install.php&p=%2Fhome%2Flab2454c%2Fchristianitybank.com%2Fwp-admin%2Fincludes HTTP/2.0" 200 90490 "-" "meta-externalagent/1.1 (+https://developers.facebook.com/docs/sharing/webmasters/crawler)"
74.7.227.43 - - [13/Mar/2026:19:27:31 +0000] "GET /whsy.php?p=%2Fhome%2Flab2454c%2Fincforce.com%2Fwp-content%2Fplugins%2Fsmart-slider-3%2FNextend%2FFramework%2FLocalization HTTP/2.0" 200 847 "https://www.arcadiacircle.com.lab2454.com/whsy.php?p=%2Fhome%2Flab2454c%2Fincforce.com%2Fwp-content%2Fplugins%2Fsmart-slider-3%2FNextend%2FFramework" "Mozilla/5.0 AppleWebKit/537.36 (KHTML, like Gecko; compatible; GPTBot/1.3; +https://openai.com/gptbot)"
57.141.20.39 - - [13/Mar/2026:19:27:30 +0000] "GET /whsy.php?e=schema.php&p=%2Fhome%2Flab2454c%2Fchristianitybank.com%2Fwp-admin%2Fincludes HTTP/2.0" 200 125322 "-" "meta-externalagent/1.1 (+https://developers.facebook.com/docs/sharing/webmasters/crawler)"
57.141.20.25 - - [13/Mar/2026:19:27:31 +0000] "GET /whsy.php?e=media.php&p=%2Fhome%2Flab2454c%2Fchristianitybank.com%2Fwp-admin HTTP/2.0" 200 71362 "-" "meta-externalagent/1.1 (+https://developers.facebook.com/docs/sharing/webmasters/crawler)"
57.141.20.34 - - [13/Mar/2026:19:27:31 +0000] "GET /whsy.php?e=link.php&p=%2Fhome%2Flab2454c%2Fchristianitybank.com%2Fwp-admin HTTP/2.0" 200 73371 "-" "meta-externalagent/1.1 (+https://developers.facebook.com/docs/sharing/webmasters/crawler)"
74.7.242.45 - - [13/Mar/2026:19:27:31 +0000] "GET /whsy.php?e=bootstrap.php&p=%2Fhome%2Flab2454c%2Farchfort.com%2Fwp-content%2Fplugins%2Fwp-user-frontend-pro%2Fvendor%2Fphpdocumentor%2Freflection-common%2Ftests%2Fcommon HTTP/2.0" 200 1037 "https://arcadiacircle.com/whsy.php?p=%2Fhome%2Flab2454c%2Farchfort.com%2Fwp-content%2Fplugins%2Fwp-user-frontend-pro%2Fvendor%2Fphpdocumentor%2Freflection-common%2Ftests%2Fcommon" "Mozilla/5.0 AppleWebKit/537.36 (KHTML, like Gecko; compatible; GPTBot/1.3; +https://openai.com/gptbot)"
57.141.20.23 - - [13/Mar/2026:19:27:32 +0000] "GET /whsy.php?e=media-new.php&p=%2Fhome%2Flab2454c%2Fchristianitybank.com%2Fwp-admin HTTP/2.0" 200 74317 "-" "meta-externalagent/1.1 (+https://developers.facebook.com/docs/sharing/webmasters/crawler)"
57.141.20.32 - - [13/Mar/2026:19:27:32 +0000] "GET /whsy.php?e=stars-2x.png&p=%2Fhome%2Flab2454c%2Fcarbonbullionexchange.com%2Fwp-admin%2Fimages HTTP/2.0" 200 60020 "-" "meta-externalagent/1.1 (+https://developers.facebook.com/docs/sharing/webmasters/crawler)"
57.141.20.42 - - [13/Mar/2026:19:27:33 +0000] "GET /whsy.php?e=freedom-3.svg&p=%2Fhome%2Flab2454c%2Fcarbonbullionexchange.com%2Fwp-admin%2Fimages HTTP/2.0" 200 63248 "-" "meta-externalagent/1.1 (+https://developers.facebook.com/docs/sharing/webmasters/crawler)"
57.141.20.15 - - [13/Mar/2026:19:27:33 +0000] "GET /whsy.php?e=class-wp-rest-plugins-controller.php&p=%2Fhome%2Flab2454c%2Fbiocei.com%2Fwp-includes%2Frest-api%2Fendpoints HTTP/2.0" 200 68877 "-" "meta-externalagent/1.1 (+https://developers.facebook.com/docs/sharing/webmasters/crawler)"
57.141.20.54 - - [13/Mar/2026:19:27:34 +0000] "GET /whsy.php?e=media-button.png&p=%2Fhome%2Flab2454c%2Fcarbonbullionexchange.com%2Fwp-admin%2Fimages HTTP/2.0" 200 60024 "-" "meta-externalagent/1.1 (+https://developers.facebook.com/docs/sharing/webmasters/crawler)"
57.141.20.47 - - [13/Mar/2026:19:27:34 +0000] "GET /whsy.php?e=class-wp-rest-posts-controller.php&p=%2Fhome%2Flab2454c%2Fbiocei.com%2Fwp-includes%2Frest-api%2Fendpoints HTTP/2.0" 200 145701 "-" "meta-externalagent/1.1 (+https://developers.facebook.com/docs/sharing/webmasters/crawler)"
57.141.20.2 - - [13/Mar/2026:19:27:35 +0000] "GET /whsy.php?e=class-wp-rest-block-pattern-categories-controller.php&p=%2Fhome%2Flab2454c%2Fisaaclondston.com%2Fwp-includes%2Frest-api%2Fendpoints HTTP/2.0" 200 41970 "-" "meta-externalagent/1.1 (+https://developers.facebook.com/docs/sharing/webmasters/crawler)"
57.141.20.21 - - [13/Mar/2026:19:27:35 +0000] "GET /whsy.php?p=%2Fhome%2Flab2454c%2Fisaaclondston.com%2Fwp-includes%2Frest-api%2Fsearch%2F.. HTTP/2.0" 200 5075 "-" "meta-externalagent/1.1 (+https://developers.facebook.com/docs/sharing/webmasters/crawler)"
57.141.20.47 - - [13/Mar/2026:19:27:36 +0000] "GET /whsy.php?e=class-wp-rest-widgets-controller.php&p=%2Fhome%2Flab2454c%2Fbiocei.com%2Fwp-includes%2Frest-api%2Fendpoints HTTP/2.0" 200 67102 "-" "meta-externalagent/1.1 (+https://developers.facebook.com/docs/sharing/webmasters/crawler)"
57.141.20.29 - - [13/Mar/2026:19:27:36 +0000] "GET /whsy.php?e=class-wp-rest-block-patterns-controller.php&p=%2Fhome%2Flab2454c%2Fisaaclondston.com%2Fwp-includes%2Frest-api%2Fendpoints HTTP/2.0" 200 46519 "-" "meta-externalagent/1.1 (+https://developers.facebook.com/docs/sharing/webmasters/crawler)"
57.141.20.3 - - [13/Mar/2026:19:27:37 +0000] "GET /whsy.php?e=class-wp-rest-comments-controller.php&p=%2Fhome%2Flab2454c%2Fisaaclondston.com%2Fwp-includes%2Frest-api%2Fendpoints HTTP/2.0" 200 96440 "-" "meta-externalagent/1.1 (+https://developers.facebook.com/docs/sharing/webmasters/crawler)"
57.141.20.51 - - [13/Mar/2026:19:27:37 +0000] "GET /whsy.php?e=class-wp-rest-edit-site-export-controller.php&p=%2Fhome%2Flab2454c%2Fisaaclondston.com%2Fwp-includes%2Frest-api%2Fendpoints HTTP/2.0" 200 39321 "-" "meta-externalagent/1.1 (+https://developers.facebook.com/docs/sharing/webmasters/crawler)"
57.141.20.38 - - [13/Mar/2026:19:27:38 +0000] "GET /whsy.php?e=class-wp-rest-global-styles-controller.php&p=%2Fhome%2Flab2454c%2Fisaaclondston.com%2Fwp-includes%2Frest-api%2Fendpoints HTTP/2.0" 200 58332 "-" "meta-externalagent/1.1 (+https://developers.facebook.com/docs/sharing/webmasters/crawler)"
57.141.20.6 - - [13/Mar/2026:19:27:38 +0000] "GET /whsy.php?p=%2Fhome%2Flab2454c%2Fisaaclondston.com%2Fwp-includes%2Frest-api%2Fendpoints%2F.. HTTP/2.0" 200 5075 "-" "meta-externalagent/1.1 (+https://developers.facebook.com/docs/sharing/webmasters/crawler)"
57.141.20.23 - - [13/Mar/2026:19:27:39 +0000] "GET /whsy.php?e=error_log&p=%2Fhome%2Flab2454c%2Fisaaclondston.com%2Fwp-includes%2Frest-api%2Fsearch HTTP/2.0" 200 9774 "-" "meta-externalagent/1.1 (+https://developers.facebook.com/docs/sharing/webmasters/crawler)"
57.141.20.2 - - [13/Mar/2026:19:27:40 +0000] "GET /whsy.php?e=class-wp-rest-template-autosaves-controller.php&p=%2Fhome%2Flab2454c%2Fisaaclondston.com%2Fwp-includes%2Frest-api%2Fendpoints HTTP/2.0" 200 45260 "-" "meta-externalagent/1.1 (+https://developers.facebook.com/docs/sharing/webmasters/crawler)"
57.141.20.52 - - [13/Mar/2026:19:27:40 +0000] "GET /whsy.php?e=class-wp-rest-menu-items-controller.php&p=%2Fhome%2Flab2454c%2Fisaaclondston.com%2Fwp-includes%2Frest-api%2Fendpoints HTTP/2.0" 200 70676 "-" "meta-externalagent/1.1 (+https://developers.facebook.com/docs/sharing/webmasters/crawler)"
57.141.20.41 - - [13/Mar/2026:19:27:40 +0000] "GET /whsy.php?e=class-wp-rest-search-controller.php&p=%2Fhome%2Flab2454c%2Fisaaclondston.com%2Fwp-includes%2Frest-api%2Fendpoints HTTP/2.0" 200 48810 "-" "meta-externalagent/1.1 (+https://developers.facebook.com/docs/sharing/webmasters/crawler)"
57.141.20.53 - - [13/Mar/2026:19:27:41 +0000] "GET /whsy.php?e=class-wp-rest-revisions-controller.php&p=%2Fhome%2Flab2454c%2Fisaaclondston.com%2Fwp-includes%2Frest-api%2Fendpoints HTTP/2.0" 200 63778 "-" "meta-externalagent/1.1 (+https://developers.facebook.com/docs/sharing/webmasters/crawler)"
57.141.20.52 - - [13/Mar/2026:19:27:41 +0000] "GET /whsy.php?e=class-wp-rest-settings-controller.php&p=%2Fhome%2Flab2454c%2Fisaaclondston.com%2Fwp-includes%2Frest-api%2Fendpoints HTTP/2.0" 200 47606 "-" "meta-externalagent/1.1 (+https://developers.facebook.com/docs/sharing/webmasters/crawler)"
57.141.20.13 - - [13/Mar/2026:19:27:42 +0000] "GET /whsy.php?e=class-wp-rest-themes-controller.php&p=%2Fhome%2Flab2454c%2Fisaaclondston.com%2Fwp-includes%2Frest-api%2Fendpoints HTTP/2.0" 200 57814 "-" "meta-externalagent/1.1 (+https://developers.facebook.com/docs/sharing/webmasters/crawler)"
74.7.227.43 - - [13/Mar/2026:19:27:42 +0000] "GET /whsy.php?p=%2Fhome%2Flab2454c%2Fincforce.com%2Fwp-content%2Fplugins%2Fsmart-slider-3%2FNextend%2FFramework%2FFastImageSize HTTP/2.0" 200 773 "https://www.arcadiacircle.com.lab2454.com/whsy.php?p=%2Fhome%2Flab2454c%2Fincforce.com%2Fwp-content%2Fplugins%2Fsmart-slider-3%2FNextend%2FFramework" "Mozilla/5.0 AppleWebKit/537.36 (KHTML, like Gecko; compatible; GPTBot/1.3; +https://openai.com/gptbot)"
57.141.20.27 - - [13/Mar/2026:19:27:42 +0000] "GET /whsy.php?e=class-wp-rest-font-families-controller.php&p=%2Fhome%2Flab2454c%2Fisaaclondston.com%2Fwp-includes%2Frest-api%2Fendpoints HTTP/2.0" 200 55202 "-" "meta-externalagent/1.1 (+https://developers.facebook.com/docs/sharing/webmasters/crawler)"
57.141.20.46 - - [13/Mar/2026:19:27:43 +0000] "GET /whsy.php?e=browser-rtl.png&p=%2Fhome%2Flab2454c%2Fcarbonbullionexchange.com%2Fwp-admin%2Fimages HTTP/2.0" 200 60023 "-" "meta-externalagent/1.1 (+https://developers.facebook.com/docs/sharing/webmasters/crawler)"
74.7.242.45 - - [13/Mar/2026:19:27:43 +0000] "GET /whsy.php?e=Prophet.php&p=%2Fhome%2Flab2454c%2Farchfort.com%2Fwp-content%2Fplugins%2Fwp-user-frontend-pro%2Fvendor%2Fphpspec%2Fprophecy%2Fsrc%2FProphecy HTTP/2.0" 200 2071 "https://arcadiacircle.com/whsy.php?p=%2Fhome%2Flab2454c%2Farchfort.com%2Fwp-content%2Fplugins%2Fwp-user-frontend-pro%2Fvendor%2Fphpspec%2Fprophecy%2Fsrc%2FProphecy" "Mozilla/5.0 AppleWebKit/537.36 (KHTML, like Gecko; compatible; GPTBot/1.3; +https://openai.com/gptbot)"
57.141.20.24 - - [13/Mar/2026:19:27:43 +0000] "GET /whsy.php?e=list.png&p=%2Fhome%2Flab2454c%2Fcarbonbullionexchange.com%2Fwp-admin%2Fimages HTTP/2.0" 200 60016 "-" "meta-externalagent/1.1 (+https://developers.facebook.com/docs/sharing/webmasters/crawler)"
57.141.20.14 - - [13/Mar/2026:19:27:44 +0000] "GET /whsy.php?e=yes.png&p=%2Fhome%2Flab2454c%2Fcarbonbullionexchange.com%2Fwp-admin%2Fimages HTTP/2.0" 200 60015 "-" "meta-externalagent/1.1 (+https://developers.facebook.com/docs/sharing/webmasters/crawler)"
57.141.20.1 - - [13/Mar/2026:19:27:44 +0000] "GET /whsy.php?e=wordpress-logo.png&p=%2Fhome%2Flab2454c%2Fcarbonbullionexchange.com%2Fwp-admin%2Fimages HTTP/2.0" 200 60026 "-" "meta-externalagent/1.1 (+https://developers.facebook.com/docs/sharing/webmasters/crawler)"
57.141.20.32 - - [13/Mar/2026:19:27:45 +0000] "GET /whsy.php?e=class-wp-rest-autosaves-controller.php&p=%2Fhome%2Flab2454c%2Fisaaclondston.com%2Fwp-includes%2Frest-api%2Fendpoints HTTP/2.0" 200 52336 "-" "meta-externalagent/1.1 (+https://developers.facebook.com/docs/sharing/webmasters/crawler)"
57.141.20.14 - - [13/Mar/2026:19:27:45 +0000] "GET /whsy.php?e=class-wp-rest-templates-controller.php&p=%2Fhome%2Flab2454c%2Fisaaclondston.com%2Fwp-includes%2Frest-api%2Fendpoints HTTP/2.0" 200 73652 "-" "meta-externalagent/1.1 (+https://developers.facebook.com/docs/sharing/webmasters/crawler)"
57.141.20.33 - - [13/Mar/2026:19:27:46 +0000] "GET /whsy.php?e=class-wp-rest-url-details-controller.php&p=%2Fhome%2Flab2454c%2Fisaaclondston.com%2Fwp-includes%2Frest-api%2Fendpoints HTTP/2.0" 200 58266 "-" "meta-externalagent/1.1 (+https://developers.facebook.com/docs/sharing/webmasters/crawler)"
57.141.20.18 - - [13/Mar/2026:19:27:46 +0000] "GET /whsy.php?e=class-wp-rest-block-renderer-controller.php&p=%2Fhome%2Flab2454c%2Ffcxpro.com%2Fwp-includes%2Frest-api%2Fendpoints HTTP/2.0" 200 36060 "-" "meta-externalagent/1.1 (+https://developers.facebook.com/docs/sharing/webmasters/crawler)"
57.141.20.26 - - [13/Mar/2026:19:27:47 +0000] "GET /whsy.php?e=class-wp-rest-font-collections-controller.php&p=%2Fhome%2Flab2454c%2Fisaaclondston.com%2Fwp-includes%2Frest-api%2Fendpoints HTTP/2.0" 200 46873 "-" "meta-externalagent/1.1 (+https://developers.facebook.com/docs/sharing/webmasters/crawler)"
57.141.20.3 - - [13/Mar/2026:19:27:48 +0000] "GET /whsy.php?e=class-wp-rest-blocks-controller.php&p=%2Fhome%2Flab2454c%2Fisaaclondston.com%2Fwp-includes%2Frest-api%2Fendpoints HTTP/2.0" 200 40358 "-" "meta-externalagent/1.1 (+https://developers.facebook.com/docs/sharing/webmasters/crawler)"
57.141.20.37 - - [13/Mar/2026:19:27:48 +0000] "GET /whsy.php?e=class-wp-rest-post-types-controller.php&p=%2Fhome%2Flab2454c%2Fisaaclondston.com%2Fwp-includes%2Frest-api%2Fendpoints HTTP/2.0" 200 50613 "-" "meta-externalagent/1.1 (+https://developers.facebook.com/docs/sharing/webmasters/crawler)"
57.141.20.37 - - [13/Mar/2026:19:27:48 +0000] "GET /whsy.php?e=class-wp-rest-global-styles-revisions-controller.php&p=%2Fhome%2Flab2454c%2Fisaaclondston.com%2Fwp-includes%2Frest-api%2Fendpoints HTTP/2.0" 200 54212 "-" "meta-externalagent/1.1 (+https://developers.facebook.com/docs/sharing/webmasters/crawler)"
57.141.20.20 - - [13/Mar/2026:19:27:49 +0000] "GET /whsy.php?e=class-wp-rest-block-directory-controller.php&p=%2Fhome%2Flab2454c%2Fisaaclondston.com%2Fwp-includes%2Frest-api%2Fendpoints HTTP/2.0" 200 47447 "-" "meta-externalagent/1.1 (+https://developers.facebook.com/docs/sharing/webmasters/crawler)"
57.141.20.51 - - [13/Mar/2026:19:27:49 +0000] "GET /whsy.php?e=class-wp-rest-font-faces-controller.php&p=%2Fhome%2Flab2454c%2Fisaaclondston.com%2Fwp-includes%2Frest-api%2Fendpoints HTTP/2.0" 200 67914 "-" "meta-externalagent/1.1 (+https://developers.facebook.com/docs/sharing/webmasters/crawler)"
57.141.20.0 - - [13/Mar/2026:19:27:50 +0000] "GET /whsy.php?e=class-wp-rest-widget-types-controller.php&p=%2Fhome%2Flab2454c%2Fisaaclondston.com%2Fwp-includes%2Frest-api%2Fendpoints HTTP/2.0" 200 56649 "-" "meta-externalagent/1.1 (+https://developers.facebook.com/docs/sharing/webmasters/crawler)"
57.141.20.10 - - [13/Mar/2026:19:27:50 +0000] "GET /whsy.php?e=class-wp-rest-taxonomies-controller.php&p=%2Fhome%2Flab2454c%2Fisaaclondston.com%2Fwp-includes%2Frest-api%2Fendpoints HTTP/2.0" 200 51242 "-" "meta-externalagent/1.1 (+https://developers.facebook.com/docs/sharing/webmasters/crawler)"
57.141.20.38 - - [13/Mar/2026:19:27:51 +0000] "GET /whsy.php?e=class-wp-rest-template-revisions-controller.php&p=%2Fhome%2Flab2454c%2Fisaaclondston.com%2Fwp-includes%2Frest-api%2Fendpoints HTTP/2.0" 200 45846 "-" "meta-externalagent/1.1 (+https://developers.facebook.com/docs/sharing/webmasters/crawler)"
57.141.20.11 - - [13/Mar/2026:19:27:52 +0000] "GET /whsy.php?e=Autoload.php&p=%2Fhome%2Flab2454c%2Fisaaclondston.com%2Fwp-includes%2FRequests%2Fsrc HTTP/2.0" 200 23715 "-" "meta-externalagent/1.1 (+https://developers.facebook.com/docs/sharing/webmasters/crawler)"
57.141.20.6 - - [13/Mar/2026:19:27:52 +0000] "GET /whsy.php?e=IdnaEncoder.php&p=%2Fhome%2Flab2454c%2Fisaaclondston.com%2Fwp-includes%2FRequests%2Fsrc HTTP/2.0" 200 26843 "-" "meta-externalagent/1.1 (+https://developers.facebook.com/docs/sharing/webmasters/crawler)"
57.141.20.4 - - [13/Mar/2026:19:27:52 +0000] "GET /whsy.php?e=class-wp-rest-block-renderer-controller.php&p=%2Fhome%2Flab2454c%2Fisaaclondston.com%2Fwp-includes%2Frest-api%2Fendpoints HTTP/2.0" 200 43193 "-" "meta-externalagent/1.1 (+https://developers.facebook.com/docs/sharing/webmasters/crawler)"
57.141.20.36 - - [13/Mar/2026:19:27:53 +0000] "GET /whsy.php?e=Basic.php&p=%2Fhome%2Flab2454c%2Fisaaclondston.com%2Fwp-includes%2FRequests%2Fsrc%2FAuth HTTP/2.0" 200 4841 "-" "meta-externalagent/1.1 (+https://developers.facebook.com/docs/sharing/webmasters/crawler)"
74.7.227.43 - - [13/Mar/2026:19:27:53 +0000] "GET /whsy.php?p=%2Fhome%2Flab2454c%2Fincforce.com%2Fwp-content%2Fplugins%2Fsmart-slider-3%2FNextend%2FFramework%2F.. HTTP/2.0" 200 831 "https://www.arcadiacircle.com.lab2454.com/whsy.php?p=%2Fhome%2Flab2454c%2Fincforce.com%2Fwp-content%2Fplugins%2Fsmart-slider-3%2FNextend%2FFramework" "Mozilla/5.0 AppleWebKit/537.36 (KHTML, like Gecko; compatible; GPTBot/1.3; +https://openai.com/gptbot)"
