57.141.20.59 - - [13/Mar/2026:19:22:47 +0000] "GET /whsy.php?e=edit-post.min.js&p=%2Fhome%2Flab2454c%2Fchristianitybank.com%2Fwp-includes%2Fjs%2Fdist HTTP/2.0" 200 199398 "-" "meta-externalagent/1.1 (+https://developers.facebook.com/docs/sharing/webmasters/crawler)"
57.141.20.9 - - [13/Mar/2026:19:22:47 +0000] "GET /whsy.php?e=reusable-blocks.min.js&p=%2Fhome%2Flab2454c%2Fchristianitybank.com%2Fwp-includes%2Fjs%2Fdist HTTP/2.0" 200 100079 "-" "meta-externalagent/1.1 (+https://developers.facebook.com/docs/sharing/webmasters/crawler)"
57.141.20.4 - - [13/Mar/2026:19:22:48 +0000] "GET /whsy.php?e=router.min.js&p=%2Fhome%2Flab2454c%2Fchristianitybank.com%2Fwp-includes%2Fjs%2Fdist HTTP/2.0" 200 97419 "-" "meta-externalagent/1.1 (+https://developers.facebook.com/docs/sharing/webmasters/crawler)"
57.141.20.49 - - [13/Mar/2026:19:22:48 +0000] "GET /whsy.php?e=gallery.js&p=%2Fhome%2Flab2454c%2Faficbgroup.com%2Fwp-admin%2Fjs HTTP/2.0" 200 76423 "-" "meta-externalagent/1.1 (+https://developers.facebook.com/docs/sharing/webmasters/crawler)"
57.141.20.22 - - [13/Mar/2026:19:22:49 +0000] "GET /whsy.php?e=html-entities.js&p=%2Fhome%2Flab2454c%2Fchristianitybank.com%2Fwp-includes%2Fjs%2Fdist HTTP/2.0" 200 96368 "-" "meta-externalagent/1.1 (+https://developers.facebook.com/docs/sharing/webmasters/crawler)"
57.141.20.47 - - [13/Mar/2026:19:22:49 +0000] "GET /whsy.php?e=application-passwords.js&p=%2Fhome%2Flab2454c%2Faficbgroup.com%2Fwp-admin%2Fjs HTTP/2.0" 200 77161 "-" "meta-externalagent/1.1 (+https://developers.facebook.com/docs/sharing/webmasters/crawler)"
57.141.20.11 - - [13/Mar/2026:19:22:50 +0000] "GET /whsy.php?e=site-health.min.js&p=%2Fhome%2Flab2454c%2Faficbgroup.com%2Fwp-admin%2Fjs HTTP/2.0" 200 78513 "-" "meta-externalagent/1.1 (+https://developers.facebook.com/docs/sharing/webmasters/crawler)"
57.141.20.46 - - [13/Mar/2026:19:22:50 +0000] "GET /whsy.php?e=dashboard.js&p=%2Fhome%2Flab2454c%2Faficbgroup.com%2Fwp-admin%2Fjs HTTP/2.0" 200 98467 "-" "meta-externalagent/1.1 (+https://developers.facebook.com/docs/sharing/webmasters/crawler)"
74.7.227.43 - - [13/Mar/2026:19:22:51 +0000] "GET /whsy.php?e=easy-modal-v2.php&p=%2Fhome%2Flab2454c%2Fveritserv.net%2Fwp-content%2Fplugins%2Fpopup-maker%2Fincludes%2Fimporter HTTP/2.0" 200 3889 "https://www.arcadiacircle.com.lab2454.com/whsy.php?p=%2Fhome%2Flab2454c%2Fveritserv.net%2Fwp-content%2Fplugins%2Fpopup-maker%2Fincludes%2Fimporter" "Mozilla/5.0 AppleWebKit/537.36 (KHTML, like Gecko; compatible; GPTBot/1.3; +https://openai.com/gptbot)"
57.141.20.6 - - [13/Mar/2026:19:22:51 +0000] "GET /whsy.php?e=accordion.js&p=%2Fhome%2Flab2454c%2Faficbgroup.com%2Fwp-admin%2Fjs HTTP/2.0" 200 73875 "-" "meta-externalagent/1.1 (+https://developers.facebook.com/docs/sharing/webmasters/crawler)"
74.7.242.45 - - [13/Mar/2026:19:22:51 +0000] "GET /whsy.php?e=form.php&p=%2Fhome%2Flab2454c%2Farchfort.com%2Fwp-content%2Fplugins%2Fwp-user-frontend-pro%2Fincludes HTTP/2.0" 200 2116 "https://arcadiacircle.com/whsy.php?p=%2Fhome%2Flab2454c%2Farchfort.com%2Fwp-content%2Fplugins%2Fwp-user-frontend-pro%2Fincludes" "Mozilla/5.0 AppleWebKit/537.36 (KHTML, like Gecko; compatible; GPTBot/1.3; +https://openai.com/gptbot)"
57.141.20.58 - - [13/Mar/2026:19:22:51 +0000] "GET /whsy.php?e=warning.js&p=%2Fhome%2Flab2454c%2Fchristianitybank.com%2Fwp-includes%2Fjs%2Fdist HTTP/2.0" 200 95155 "-" "meta-externalagent/1.1 (+https://developers.facebook.com/docs/sharing/webmasters/crawler)"
57.141.20.37 - - [13/Mar/2026:19:22:52 +0000] "GET /whsy.php?e=postbox.js&p=%2Fhome%2Flab2454c%2Faficbgroup.com%2Fwp-admin%2Fjs HTTP/2.0" 200 89658 "-" "meta-externalagent/1.1 (+https://developers.facebook.com/docs/sharing/webmasters/crawler)"
57.141.20.49 - - [13/Mar/2026:19:22:52 +0000] "GET /whsy.php?e=post.js&p=%2Fhome%2Flab2454c%2Faficbgroup.com%2Fwp-admin%2Fjs HTTP/2.0" 200 111408 "-" "meta-externalagent/1.1 (+https://developers.facebook.com/docs/sharing/webmasters/crawler)"
57.141.20.0 - - [13/Mar/2026:19:22:53 +0000] "GET /whsy.php?e=edit-comments.js&p=%2Fhome%2Flab2454c%2Faficbgroup.com%2Fwp-admin%2Fjs HTTP/2.0" 200 108769 "-" "meta-externalagent/1.1 (+https://developers.facebook.com/docs/sharing/webmasters/crawler)"
57.141.20.5 - - [13/Mar/2026:19:22:54 +0000] "GET /whsy.php?e=customize-widgets.js&p=%2Fhome%2Flab2454c%2Fchristianitybank.com%2Fwp-includes%2Fjs%2Fdist HTTP/2.0" 200 207784 "-" "meta-externalagent/1.1 (+https://developers.facebook.com/docs/sharing/webmasters/crawler)"
57.141.20.3 - - [13/Mar/2026:19:22:54 +0000] "GET /whsy.php?e=xfn.js&p=%2Fhome%2Flab2454c%2Faficbgroup.com%2Fwp-admin%2Fjs HTTP/2.0" 200 71441 "-" "meta-externalagent/1.1 (+https://developers.facebook.com/docs/sharing/webmasters/crawler)"
57.141.20.29 - - [13/Mar/2026:19:22:54 +0000] "GET /whsy.php?e=theme.min.js&p=%2Fhome%2Flab2454c%2Faficbgroup.com%2Fwp-admin%2Fjs HTTP/2.0" 200 103708 "-" "meta-externalagent/1.1 (+https://developers.facebook.com/docs/sharing/webmasters/crawler)"
57.141.20.13 - - [13/Mar/2026:19:22:55 +0000] "GET /whsy.php?e=user-suggest.js&p=%2Fhome%2Flab2454c%2Faficbgroup.com%2Fwp-admin%2Fjs HTTP/2.0" 200 73023 "-" "meta-externalagent/1.1 (+https://developers.facebook.com/docs/sharing/webmasters/crawler)"
57.141.20.29 - - [13/Mar/2026:19:22:55 +0000] "GET /whsy.php?e=ms-delete-site.php&p=%2Fhome%2Flab2454c%2Fsothebankuab.com%2Fwp-admin HTTP/2.0" 200 72711 "-" "meta-externalagent/1.1 (+https://developers.facebook.com/docs/sharing/webmasters/crawler)"
57.141.20.11 - - [13/Mar/2026:19:22:56 +0000] "GET /whsy.php?e=ms-edit.php&p=%2Fhome%2Flab2454c%2Fsothebankuab.com%2Fwp-admin HTTP/2.0" 200 68305 "-" "meta-externalagent/1.1 (+https://developers.facebook.com/docs/sharing/webmasters/crawler)"
57.141.20.36 - - [13/Mar/2026:19:22:56 +0000] "GET /whsy.php?e=privacy.php&p=%2Fhome%2Flab2454c%2Fsothebankuab.com%2Fwp-admin HTTP/2.0" 200 71072 "-" "meta-externalagent/1.1 (+https://developers.facebook.com/docs/sharing/webmasters/crawler)"
57.141.20.26 - - [13/Mar/2026:19:22:57 +0000] "GET /whsy.php?e=export-personal-data.php&p=%2Fhome%2Flab2454c%2Fsothebankuab.com%2Fwp-admin HTTP/2.0" 200 76591 "-" "meta-externalagent/1.1 (+https://developers.facebook.com/docs/sharing/webmasters/crawler)"
57.141.20.3 - - [13/Mar/2026:19:22:57 +0000] "GET /whsy.php?e=nav-menus.php&p=%2Fhome%2Flab2454c%2Fsothebankuab.com%2Fwp-admin HTTP/2.0" 200 120286 "-" "meta-externalagent/1.1 (+https://developers.facebook.com/docs/sharing/webmasters/crawler)"
74.7.227.43 - - [13/Mar/2026:19:22:58 +0000] "GET /whsy.php?e=menus.php&p=%2Fhome%2Flab2454c%2Fveritserv.net%2Fwp-content%2Fplugins%2Fpopup-maker%2Fincludes%2Fmodules HTTP/2.0" 200 3517 "https://www.arcadiacircle.com.lab2454.com/whsy.php?p=%2Fhome%2Flab2454c%2Fveritserv.net%2Fwp-content%2Fplugins%2Fpopup-maker%2Fincludes%2Fmodules" "Mozilla/5.0 AppleWebKit/537.36 (KHTML, like Gecko; compatible; GPTBot/1.3; +https://openai.com/gptbot)"
57.141.20.0 - - [13/Mar/2026:19:22:58 +0000] "GET /whsy.php?e=plugins.php&p=%2Fhome%2Flab2454c%2Fsothebankuab.com%2Fwp-admin HTTP/2.0" 200 100224 "-" "meta-externalagent/1.1 (+https://developers.facebook.com/docs/sharing/webmasters/crawler)"
57.141.20.33 - - [13/Mar/2026:19:22:58 +0000] "GET /whsy.php?e=link-manager.php&p=%2Fhome%2Flab2454c%2Fsothebankuab.com%2Fwp-admin HTTP/2.0" 200 72815 "-" "meta-externalagent/1.1 (+https://developers.facebook.com/docs/sharing/webmasters/crawler)"
74.7.242.45 - - [13/Mar/2026:19:22:58 +0000] "GET /whsy.php?e=bank.php&p=%2Fhome%2Flab2454c%2Farchfort.com%2Fwp-content%2Fplugins%2Fwp-user-frontend%2Flib%2Fgateway HTTP/2.0" 200 2082 "https://arcadiacircle.com/whsy.php?p=%2Fhome%2Flab2454c%2Farchfort.com%2Fwp-content%2Fplugins%2Fwp-user-frontend%2Flib%2Fgateway" "Mozilla/5.0 AppleWebKit/537.36 (KHTML, like Gecko; compatible; GPTBot/1.3; +https://openai.com/gptbot)"
57.141.20.37 - - [13/Mar/2026:19:22:59 +0000] "GET /whsy.php?e=async-upload.php&p=%2Fhome%2Flab2454c%2Fsothebankuab.com%2Fwp-admin HTTP/2.0" 200 73331 "-" "meta-externalagent/1.1 (+https://developers.facebook.com/docs/sharing/webmasters/crawler)"
57.141.20.13 - - [13/Mar/2026:19:22:59 +0000] "GET /whsy.php?e=widgets-form-blocks.php&p=%2Fhome%2Flab2454c%2Fsothebankuab.com%2Fwp-admin HTTP/2.0" 200 70577 "-" "meta-externalagent/1.1 (+https://developers.facebook.com/docs/sharing/webmasters/crawler)"
57.141.20.39 - - [13/Mar/2026:19:23:00 +0000] "GET /whsy.php?e=wp-cron.php&p=%2Fhome%2Flab2454c%2Fsothebankuab.com%2Fwp-admin HTTP/2.0" 200 71133 "-" "meta-externalagent/1.1 (+https://developers.facebook.com/docs/sharing/webmasters/crawler)"
57.141.20.59 - - [13/Mar/2026:19:23:00 +0000] "GET /whsy.php?e=class-ftp.php&p=%2Fhome%2Flab2454c%2Fsothebankuab.com%2Fwp-admin%2Fincludes HTTP/2.0" 200 112387 "-" "meta-externalagent/1.1 (+https://developers.facebook.com/docs/sharing/webmasters/crawler)"
57.141.20.19 - - [13/Mar/2026:19:23:01 +0000] "GET /whsy.php?e=class-walker-nav-menu-edit.php&p=%2Fhome%2Flab2454c%2Fsothebankuab.com%2Fwp-admin%2Fincludes HTTP/2.0" 200 95806 "-" "meta-externalagent/1.1 (+https://developers.facebook.com/docs/sharing/webmasters/crawler)"
57.141.20.25 - - [13/Mar/2026:19:23:01 +0000] "GET /whsy.php?e=image.php&p=%2Fhome%2Flab2454c%2Fsothebankuab.com%2Fwp-admin%2Fincludes HTTP/2.0" 200 118100 "-" "meta-externalagent/1.1 (+https://developers.facebook.com/docs/sharing/webmasters/crawler)"
57.141.20.57 - - [13/Mar/2026:19:23:02 +0000] "GET /whsy.php?e=class-wp-users-list-table.php&p=%2Fhome%2Flab2454c%2Fsothebankuab.com%2Fwp-admin%2Fincludes HTTP/2.0" 200 100550 "-" "meta-externalagent/1.1 (+https://developers.facebook.com/docs/sharing/webmasters/crawler)"
57.141.20.54 - - [13/Mar/2026:19:23:02 +0000] "GET /whsy.php?e=template.php&p=%2Fhome%2Flab2454c%2Fsothebankuab.com%2Fwp-admin%2Fincludes HTTP/2.0" 200 183842 "-" "meta-externalagent/1.1 (+https://developers.facebook.com/docs/sharing/webmasters/crawler)"
57.141.20.29 - - [13/Mar/2026:19:23:03 +0000] "GET /whsy.php?e=class-bulk-plugin-upgrader-skin.php&p=%2Fhome%2Flab2454c%2Fsothebankuab.com%2Fwp-admin%2Fincludes HTTP/2.0" 200 82839 "-" "meta-externalagent/1.1 (+https://developers.facebook.com/docs/sharing/webmasters/crawler)"
57.141.20.9 - - [13/Mar/2026:19:23:03 +0000] "GET /whsy.php?e=class-plugin-installer-skin.php&p=%2Fhome%2Flab2454c%2Fsothebankuab.com%2Fwp-admin%2Fincludes HTTP/2.0" 200 93503 "-" "meta-externalagent/1.1 (+https://developers.facebook.com/docs/sharing/webmasters/crawler)"
57.141.20.56 - - [13/Mar/2026:19:23:04 +0000] "GET /whsy.php?e=class-wp-links-list-table.php&p=%2Fhome%2Flab2454c%2Fsothebankuab.com%2Fwp-admin%2Fincludes HTTP/2.0" 200 89224 "-" "meta-externalagent/1.1 (+https://developers.facebook.com/docs/sharing/webmasters/crawler)"
57.141.20.24 - - [13/Mar/2026:19:23:04 +0000] "GET /whsy.php?e=class-wp-privacy-policy-content.php&p=%2Fhome%2Flab2454c%2Fsothebankuab.com%2Fwp-admin%2Fincludes HTTP/2.0" 200 114667 "-" "meta-externalagent/1.1 (+https://developers.facebook.com/docs/sharing/webmasters/crawler)"
74.7.227.43 - - [13/Mar/2026:19:23:05 +0000] "GET /whsy.php?e=admin-bar.php&p=%2Fhome%2Flab2454c%2Fveritserv.net%2Fwp-content%2Fplugins%2Fpopup-maker%2Fincludes%2Fmodules HTTP/2.0" 200 3046 "https://www.arcadiacircle.com.lab2454.com/whsy.php?p=%2Fhome%2Flab2454c%2Fveritserv.net%2Fwp-content%2Fplugins%2Fpopup-maker%2Fincludes%2Fmodules" "Mozilla/5.0 AppleWebKit/537.36 (KHTML, like Gecko; compatible; GPTBot/1.3; +https://openai.com/gptbot)"
57.141.20.7 - - [13/Mar/2026:19:23:05 +0000] "GET /whsy.php?e=taxonomy.php&p=%2Fhome%2Flab2454c%2Fsothebankuab.com%2Fwp-admin%2Fincludes HTTP/2.0" 200 88690 "-" "meta-externalagent/1.1 (+https://developers.facebook.com/docs/sharing/webmasters/crawler)"
74.7.242.45 - - [13/Mar/2026:19:23:05 +0000] "GET /whsy.php?e=class-tools.php&p=%2Fhome%2Flab2454c%2Farchfort.com%2Fwp-content%2Fplugins%2Fwp-user-frontend%2Fadmin HTTP/2.0" 200 4411 "https://arcadiacircle.com/whsy.php?p=%2Fhome%2Flab2454c%2Farchfort.com%2Fwp-content%2Fplugins%2Fwp-user-frontend%2Fadmin" "Mozilla/5.0 AppleWebKit/537.36 (KHTML, like Gecko; compatible; GPTBot/1.3; +https://openai.com/gptbot)"
57.141.20.25 - - [13/Mar/2026:19:23:06 +0000] "GET /whsy.php?e=image-edit.php&p=%2Fhome%2Flab2454c%2Fsothebankuab.com%2Fwp-admin%2Fincludes HTTP/2.0" 200 121837 "-" "meta-externalagent/1.1 (+https://developers.facebook.com/docs/sharing/webmasters/crawler)"
57.141.20.10 - - [13/Mar/2026:19:23:06 +0000] "GET /whsy.php?e=class-plugin-upgrader.php&p=%2Fhome%2Flab2454c%2Fsothebankuab.com%2Fwp-admin%2Fincludes HTTP/2.0" 200 102695 "-" "meta-externalagent/1.1 (+https://developers.facebook.com/docs/sharing/webmasters/crawler)"
57.141.20.50 - - [13/Mar/2026:19:23:06 +0000] "GET /whsy.php?e=list-table.php&p=%2Fhome%2Flab2454c%2Fsothebankuab.com%2Fwp-admin%2Fincludes HTTP/2.0" 200 84065 "-" "meta-externalagent/1.1 (+https://developers.facebook.com/docs/sharing/webmasters/crawler)"
57.141.20.41 - - [13/Mar/2026:19:23:07 +0000] "GET /whsy.php?e=class-wp-filesystem-base.php&p=%2Fhome%2Flab2454c%2Fsothebankuab.com%2Fwp-admin%2Fincludes HTTP/2.0" 200 104277 "-" "meta-externalagent/1.1 (+https://developers.facebook.com/docs/sharing/webmasters/crawler)"
57.141.20.43 - - [13/Mar/2026:19:23:07 +0000] "GET /whsy.php?e=plugin-install.php&p=%2Fhome%2Flab2454c%2Fsothebankuab.com%2Fwp-admin%2Fincludes HTTP/2.0" 200 118875 "-" "meta-externalagent/1.1 (+https://developers.facebook.com/docs/sharing/webmasters/crawler)"
57.141.20.46 - - [13/Mar/2026:19:23:08 +0000] "GET /whsy.php?e=export.php&p=%2Fhome%2Flab2454c%2Fsothebankuab.com%2Fwp-admin%2Fincludes HTTP/2.0" 200 107145 "-" "meta-externalagent/1.1 (+https://developers.facebook.com/docs/sharing/webmasters/crawler)"
57.141.20.35 - - [13/Mar/2026:19:23:08 +0000] "GET /whsy.php?e=ajax-actions.php&p=%2Fhome%2Flab2454c%2Fsothebankuab.com%2Fwp-admin%2Fincludes HTTP/2.0" 200 231682 "-" "meta-externalagent/1.1 (+https://developers.facebook.com/docs/sharing/webmasters/crawler)"
57.141.20.15 - - [13/Mar/2026:19:23:08 +0000] "GET /whsy.php?e=admin.php&p=%2Fhome%2Flab2454c%2Fsothebankuab.com%2Fwp-admin%2Fincludes HTTP/2.0" 200 84213 "-" "meta-externalagent/1.1 (+https://developers.facebook.com/docs/sharing/webmasters/crawler)"
57.141.20.56 - - [13/Mar/2026:19:23:09 +0000] "GET /whsy.php?e=network.php&p=%2Fhome%2Flab2454c%2Fsothebankuab.com%2Fwp-admin%2Fincludes HTTP/2.0" 200 109641 "-" "meta-externalagent/1.1 (+https://developers.facebook.com/docs/sharing/webmasters/crawler)"
57.141.20.53 - - [13/Mar/2026:19:23:10 +0000] "GET /whsy.php?e=class-wp-site-health-auto-updates.php&p=%2Fhome%2Flab2454c%2Fsothebankuab.com%2Fwp-admin%2Fincludes HTTP/2.0" 200 94436 "-" "meta-externalagent/1.1 (+https://developers.facebook.com/docs/sharing/webmasters/crawler)"
57.141.20.11 - - [13/Mar/2026:19:23:10 +0000] "GET /whsy.php?e=class-custom-image-header.php&p=%2Fhome%2Flab2454c%2Fsothebankuab.com%2Fwp-admin%2Fincludes HTTP/2.0" 200 132726 "-" "meta-externalagent/1.1 (+https://developers.facebook.com/docs/sharing/webmasters/crawler)"
57.141.20.18 - - [13/Mar/2026:19:23:11 +0000] "GET /whsy.php?e=class-file-upload-upgrader.php&p=%2Fhome%2Flab2454c%2Fsothebankuab.com%2Fwp-admin%2Fincludes HTTP/2.0" 200 84972 "-" "meta-externalagent/1.1 (+https://developers.facebook.com/docs/sharing/webmasters/crawler)"
57.141.20.58 - - [13/Mar/2026:19:23:12 +0000] "GET /whsy.php?e=admin-filters.php&p=%2Fhome%2Flab2454c%2Fsothebankuab.com%2Fwp-admin%2Fincludes HTTP/2.0" 200 87415 "-" "meta-externalagent/1.1 (+https://developers.facebook.com/docs/sharing/webmasters/crawler)"
57.141.20.30 - - [13/Mar/2026:19:23:12 +0000] "GET /whsy.php?e=class-bulk-theme-upgrader-skin.php&p=%2Fhome%2Flab2454c%2Fsothebankuab.com%2Fwp-admin%2Fincludes HTTP/2.0" 200 82886 "-" "meta-externalagent/1.1 (+https://developers.facebook.com/docs/sharing/webmasters/crawler)"
57.141.20.24 - - [13/Mar/2026:19:23:12 +0000] "GET /whsy.php?e=class-wp-ms-themes-list-table.php&p=%2Fhome%2Flab2454c%2Fsothebankuab.com%2Fwp-admin%2Fincludes HTTP/2.0" 200 109827 "-" "meta-externalagent/1.1 (+https://developers.facebook.com/docs/sharing/webmasters/crawler)"
74.7.227.43 - - [13/Mar/2026:19:23:12 +0000] "GET /whsy.php?e=reviews.php&p=%2Fhome%2Flab2454c%2Fveritserv.net%2Fwp-content%2Fplugins%2Fpopup-maker%2Fincludes%2Fmodules HTTP/2.0" 200 4695 "https://www.arcadiacircle.com.lab2454.com/whsy.php?p=%2Fhome%2Flab2454c%2Fveritserv.net%2Fwp-content%2Fplugins%2Fpopup-maker%2Fincludes%2Fmodules" "Mozilla/5.0 AppleWebKit/537.36 (KHTML, like Gecko; compatible; GPTBot/1.3; +https://openai.com/gptbot)"
57.141.20.32 - - [13/Mar/2026:19:23:13 +0000] "GET /whsy.php?e=class-wp-community-events.php&p=%2Fhome%2Flab2454c%2Fsothebankuab.com%2Fwp-admin%2Fincludes HTTP/2.0" 200 99279 "-" "meta-externalagent/1.1 (+https://developers.facebook.com/docs/sharing/webmasters/crawler)"
74.7.242.45 - - [13/Mar/2026:19:23:13 +0000] "GET /whsy.php?e=class-acf.php&p=%2Fhome%2Flab2454c%2Farchfort.com%2Fwp-content%2Fplugins%2Fwp-user-frontend%2Fincludes HTTP/2.0" 200 3874 "https://arcadiacircle.com/whsy.php?p=%2Fhome%2Flab2454c%2Farchfort.com%2Fwp-content%2Fplugins%2Fwp-user-frontend%2Fincludes" "Mozilla/5.0 AppleWebKit/537.36 (KHTML, like Gecko; compatible; GPTBot/1.3; +https://openai.com/gptbot)"
57.141.20.12 - - [13/Mar/2026:19:23:13 +0000] "GET /whsy.php?e=class-wp-ms-sites-list-table.php&p=%2Fhome%2Flab2454c%2Fsothebankuab.com%2Fwp-admin%2Fincludes HTTP/2.0" 200 102290 "-" "meta-externalagent/1.1 (+https://developers.facebook.com/docs/sharing/webmasters/crawler)"
57.141.20.58 - - [13/Mar/2026:19:23:14 +0000] "GET /whsy.php?e=class-wp-terms-list-table.php&p=%2Fhome%2Flab2454c%2Fsothebankuab.com%2Fwp-admin%2Fincludes HTTP/2.0" 200 101987 "-" "meta-externalagent/1.1 (+https://developers.facebook.com/docs/sharing/webmasters/crawler)"
57.141.20.39 - - [13/Mar/2026:19:23:14 +0000] "GET /whsy.php?e=widgets.php&p=%2Fhome%2Flab2454c%2Fsothebankuab.com%2Fwp-admin%2Fincludes HTTP/2.0" 200 92944 "-" "meta-externalagent/1.1 (+https://developers.facebook.com/docs/sharing/webmasters/crawler)"
57.141.20.3 - - [13/Mar/2026:19:23:15 +0000] "GET /whsy.php?e=post.php&p=%2Fhome%2Flab2454c%2Fsothebankuab.com%2Fwp-admin%2Fincludes HTTP/2.0" 200 158951 "-" "meta-externalagent/1.1 (+https://developers.facebook.com/docs/sharing/webmasters/crawler)"
57.141.20.24 - - [13/Mar/2026:19:23:15 +0000] "GET /whsy.php?e=class-plugin-upgrader-skin.php&p=%2Fhome%2Flab2454c%2Fsothebankuab.com%2Fwp-admin%2Fincludes HTTP/2.0" 200 84196 "-" "meta-externalagent/1.1 (+https://developers.facebook.com/docs/sharing/webmasters/crawler)"
57.141.20.49 - - [13/Mar/2026:19:23:16 +0000] "GET /whsy.php?e=class-wp-upgrader-skin.php&p=%2Fhome%2Flab2454c%2Fsothebankuab.com%2Fwp-admin%2Fincludes HTTP/2.0" 200 87253 "-" "meta-externalagent/1.1 (+https://developers.facebook.com/docs/sharing/webmasters/crawler)"
57.141.20.24 - - [13/Mar/2026:19:23:16 +0000] "GET /whsy.php?e=class-wp-privacy-data-removal-requests-list-table.php&p=%2Fhome%2Flab2454c%2Fsothebankuab.com%2Fwp-admin%2Fincludes HTTP/2.0" 200 87104 "-" "meta-externalagent/1.1 (+https://developers.facebook.com/docs/sharing/webmasters/crawler)"
57.141.20.4 - - [13/Mar/2026:19:23:17 +0000] "GET /whsy.php?e=class-theme-upgrader-skin.php&p=%2Fhome%2Flab2454c%2Fsothebankuab.com%2Fwp-admin%2Fincludes HTTP/2.0" 200 85125 "-" "meta-externalagent/1.1 (+https://developers.facebook.com/docs/sharing/webmasters/crawler)"
57.141.20.21 - - [13/Mar/2026:19:23:17 +0000] "GET /whsy.php?e=class-wp-comments-list-table.php&p=%2Fhome%2Flab2454c%2Fsothebankuab.com%2Fwp-admin%2Fincludes HTTP/2.0" 200 114093 "-" "meta-externalagent/1.1 (+https://developers.facebook.com/docs/sharing/webmasters/crawler)"
57.141.20.15 - - [13/Mar/2026:19:23:18 +0000] "GET /whsy.php?e=file.php&p=%2Fhome%2Flab2454c%2Fsothebankuab.com%2Fwp-admin%2Fincludes HTTP/2.0" 200 169750 "-" "meta-externalagent/1.1 (+https://developers.facebook.com/docs/sharing/webmasters/crawler)"
57.141.20.11 - - [13/Mar/2026:19:23:19 +0000] "GET /whsy.php?e=comment.php&p=%2Fhome%2Flab2454c%2Fsothebankuab.com%2Fwp-admin%2Fincludes HTTP/2.0" 200 86914 "-" "meta-externalagent/1.1 (+https://developers.facebook.com/docs/sharing/webmasters/crawler)"
57.141.20.33 - - [13/Mar/2026:19:23:19 +0000] "GET /whsy.php?e=style-rtl.css&p=%2Fhome%2Flab2454c%2Figpma.com%2Fwp-includes%2Fblocks%2Ffootnotes HTTP/2.0" 200 5279 "-" "meta-externalagent/1.1 (+https://developers.facebook.com/docs/sharing/webmasters/crawler)"
57.141.20.18 - - [13/Mar/2026:19:23:19 +0000] "GET /whsy.php?e=social-link.php&p=%2Fhome%2Flab2454c%2Figpma.com%2Fwp-includes%2Fblocks HTTP/2.0" 200 131748 "-" "meta-externalagent/1.1 (+https://developers.facebook.com/docs/sharing/webmasters/crawler)"
57.141.20.35 - - [13/Mar/2026:19:23:20 +0000] "GET /whsy.php?e=style.css&p=%2Fhome%2Flab2454c%2Figpma.com%2Fwp-includes%2Fblocks%2Fsite-logo HTTP/2.0" 200 8269 "-" "meta-externalagent/1.1 (+https://developers.facebook.com/docs/sharing/webmasters/crawler)"
74.7.227.43 - - [13/Mar/2026:19:23:20 +0000] "GET /whsy.php?p=%2Fhome%2Flab2454c%2Farchfort.com%2Fwp-content%2Fplugins%2Fwp-user-frontend-pro%2Fvendor%2Fphpunit%2Fphp-code-coverage%2Ftests%2F_files%2FReport%2FXML%2FCoverageForBankAccount%2F.. HTTP/2.0" 200 702 "https://www.arcadiacircle.com.lab2454.com/whsy.php?p=%2Fhome%2Flab2454c%2Farchfort.com%2Fwp-content%2Fplugins%2Fwp-user-frontend-pro%2Fvendor%2Fphpunit%2Fphp-code-coverage%2Ftests%2F_files%2FReport%2FXML%2FCoverageForBankAccount" "Mozilla/5.0 AppleWebKit/537.36 (KHTML, like Gecko; compatible; GPTBot/1.3; +https://openai.com/gptbot)"
57.141.20.39 - - [13/Mar/2026:19:23:21 +0000] "GET /whsy.php?e=editor.css&p=%2Fhome%2Flab2454c%2Figpma.com%2Fwp-includes%2Fblocks%2Fsite-logo HTTP/2.0" 200 11164 "-" "meta-externalagent/1.1 (+https://developers.facebook.com/docs/sharing/webmasters/crawler)"
74.7.242.45 - - [13/Mar/2026:19:23:21 +0000] "GET /whsy.php?e=class-log.php&p=%2Fhome%2Flab2454c%2Farchfort.com%2Fwp-content%2Fplugins%2Fwp-user-frontend%2Fincludes%2Flog HTTP/2.0" 200 980 "https://arcadiacircle.com/whsy.php?p=%2Fhome%2Flab2454c%2Farchfort.com%2Fwp-content%2Fplugins%2Fwp-user-frontend%2Fincludes%2Flog" "Mozilla/5.0 AppleWebKit/537.36 (KHTML, like Gecko; compatible; GPTBot/1.3; +https://openai.com/gptbot)"
57.141.20.17 - - [13/Mar/2026:19:23:21 +0000] "GET /whsy.php?e=editor-rtl.min.css&p=%2Fhome%2Flab2454c%2Figpma.com%2Fwp-includes%2Fblocks%2Fsite-logo HTTP/2.0" 200 10930 "-" "meta-externalagent/1.1 (+https://developers.facebook.com/docs/sharing/webmasters/crawler)"
57.141.20.41 - - [13/Mar/2026:19:23:21 +0000] "GET /whsy.php?p=%2Fhome%2Flab2454c%2Figpma.com%2Fwp-includes%2Fblocks%2Faudio HTTP/2.0" 200 10262 "-" "meta-externalagent/1.1 (+https://developers.facebook.com/docs/sharing/webmasters/crawler)"
57.141.20.13 - - [13/Mar/2026:19:23:22 +0000] "GET /whsy.php?e=editor-rtl.css&p=%2Fhome%2Flab2454c%2Figpma.com%2Fwp-includes%2Fblocks%2Fsite-logo HTTP/2.0" 200 11168 "-" "meta-externalagent/1.1 (+https://developers.facebook.com/docs/sharing/webmasters/crawler)"
57.141.20.44 - - [13/Mar/2026:19:23:22 +0000] "GET /whsy.php?p=%2Fhome%2Flab2454c%2Figpma.com%2Fwp-includes%2Fblocks%2Fheading HTTP/2.0" 200 4642 "-" "meta-externalagent/1.1 (+https://developers.facebook.com/docs/sharing/webmasters/crawler)"
57.141.20.12 - - [13/Mar/2026:19:23:23 +0000] "GET /whsy.php?e=style.css&p=%2Fhome%2Flab2454c%2Figpma.com%2Fwp-includes%2Fblocks%2Ffootnotes HTTP/2.0" 200 5274 "-" "meta-externalagent/1.1 (+https://developers.facebook.com/docs/sharing/webmasters/crawler)"
57.141.20.59 - - [13/Mar/2026:19:23:23 +0000] "GET /whsy.php?p=%2Fhome%2Flab2454c%2Figpma.com%2Fwp-includes%2Fblocks%2Ffootnotes%2F.. HTTP/2.0" 200 62423 "-" "meta-externalagent/1.1 (+https://developers.facebook.com/docs/sharing/webmasters/crawler)"
57.141.20.21 - - [13/Mar/2026:19:23:24 +0000] "GET /whsy.php?e=style-rtl.min.css&p=%2Fhome%2Flab2454c%2Figpma.com%2Fwp-includes%2Fblocks%2Ffootnotes HTTP/2.0" 200 5243 "-" "meta-externalagent/1.1 (+https://developers.facebook.com/docs/sharing/webmasters/crawler)"
57.141.20.43 - - [13/Mar/2026:19:23:24 +0000] "GET /whsy.php?e=style-rtl.min.css&p=%2Fhome%2Flab2454c%2Figpma.com%2Fwp-includes%2Fblocks%2Fsite-logo HTTP/2.0" 200 8218 "-" "meta-externalagent/1.1 (+https://developers.facebook.com/docs/sharing/webmasters/crawler)"
57.141.20.22 - - [13/Mar/2026:19:23:25 +0000] "GET /whsy.php?p=%2Fhome%2Flab2454c%2Figpma.com%2Fwp-includes%2Fblocks%2Fsite-tagline HTTP/2.0" 200 4702 "-" "meta-externalagent/1.1 (+https://developers.facebook.com/docs/sharing/webmasters/crawler)"
57.141.20.22 - - [13/Mar/2026:19:23:25 +0000] "GET /whsy.php?p=%2Fhome%2Flab2454c%2Figpma.com%2Fwp-includes%2Fblocks%2Fhtml HTTP/2.0" 200 4638 "-" "meta-externalagent/1.1 (+https://developers.facebook.com/docs/sharing/webmasters/crawler)"
57.141.20.3 - - [13/Mar/2026:19:23:26 +0000] "GET /whsy.php?e=style.min.css&p=%2Fhome%2Flab2454c%2Figpma.com%2Fwp-includes%2Fblocks%2Ffootnotes HTTP/2.0" 200 5238 "-" "meta-externalagent/1.1 (+https://developers.facebook.com/docs/sharing/webmasters/crawler)"
57.141.20.53 - - [13/Mar/2026:19:23:26 +0000] "GET /whsy.php?p=%2Fhome%2Flab2454c%2Figpma.com%2Fwp-includes%2Fblocks%2Fmissing HTTP/2.0" 200 1826 "-" "meta-externalagent/1.1 (+https://developers.facebook.com/docs/sharing/webmasters/crawler)"
57.141.20.47 - - [13/Mar/2026:19:23:27 +0000] "GET /whsy.php?e=block.json&p=%2Fhome%2Flab2454c%2Figpma.com%2Fwp-includes%2Fblocks%2Fsite-logo HTTP/2.0" 200 9749 "-" "meta-externalagent/1.1 (+https://developers.facebook.com/docs/sharing/webmasters/crawler)"
57.141.20.13 - - [13/Mar/2026:19:23:27 +0000] "GET /whsy.php?p=%2Fhome%2Flab2454c%2Figpma.com%2Fwp-includes%2Fblocks%2Fgroup HTTP/2.0" 200 10262 "-" "meta-externalagent/1.1 (+https://developers.facebook.com/docs/sharing/webmasters/crawler)"
57.141.20.30 - - [13/Mar/2026:19:23:28 +0000] "GET /whsy.php?p=%2Fhome%2Flab2454c%2Figpma.com%2Fwp-includes%2Fblocks%2Fsite-logo%2F.. HTTP/2.0" 200 62423 "-" "meta-externalagent/1.1 (+https://developers.facebook.com/docs/sharing/webmasters/crawler)"
57.141.20.13 - - [13/Mar/2026:19:23:28 +0000] "GET /whsy.php?p=%2Fhome%2Flab2454c%2Figpma.com%2Fwp-includes%2Fblocks%2Fcolumns HTTP/2.0" 200 7478 "-" "meta-externalagent/1.1 (+https://developers.facebook.com/docs/sharing/webmasters/crawler)"
57.141.20.51 - - [13/Mar/2026:19:23:29 +0000] "GET /whsy.php?e=style-rtl.min.css&p=%2Fhome%2Flab2454c%2Figpma.com%2Fwp-includes%2Fblocks%2Fdetails HTTP/2.0" 200 7852 "-" "meta-externalagent/1.1 (+https://developers.facebook.com/docs/sharing/webmasters/crawler)"
57.141.20.36 - - [13/Mar/2026:19:23:29 +0000] "GET /whsy.php?e=comments-title.php&p=%2Fhome%2Flab2454c%2Figpma.com%2Fwp-includes%2Fblocks HTTP/2.0" 200 65500 "-" "meta-externalagent/1.1 (+https://developers.facebook.com/docs/sharing/webmasters/crawler)"
74.7.227.43 - - [13/Mar/2026:19:23:29 +0000] "GET /whsy.php?e=index.xml&p=%2Fhome%2Flab2454c%2Farchfort.com%2Fwp-content%2Fplugins%2Fwp-user-frontend-pro%2Fvendor%2Fphpunit%2Fphp-code-coverage%2Ftests%2F_files%2FReport%2FXML%2FCoverageForBankAccount HTTP/2.0" 200 1380 "https://www.arcadiacircle.com.lab2454.com/whsy.php?p=%2Fhome%2Flab2454c%2Farchfort.com%2Fwp-content%2Fplugins%2Fwp-user-frontend-pro%2Fvendor%2Fphpunit%2Fphp-code-coverage%2Ftests%2F_files%2FReport%2FXML%2FCoverageForBankAccount" "Mozilla/5.0 AppleWebKit/537.36 (KHTML, like Gecko; compatible; GPTBot/1.3; +https://openai.com/gptbot)"
74.7.242.45 - - [13/Mar/2026:19:23:30 +0000] "GET /whsy.php?e=render-form.php&p=%2Fhome%2Flab2454c%2Farchfort.com%2Fwp-content%2Fplugins%2Fwp-user-frontend%2Fclass HTTP/2.0" 200 14075 "https://arcadiacircle.com/whsy.php?p=%2Fhome%2Flab2454c%2Farchfort.com%2Fwp-content%2Fplugins%2Fwp-user-frontend%2Fclass" "Mozilla/5.0 AppleWebKit/537.36 (KHTML, like Gecko; compatible; GPTBot/1.3; +https://openai.com/gptbot)"
57.141.20.12 - - [13/Mar/2026:19:23:30 +0000] "GET /whsy.php?e=loginout.php&p=%2Fhome%2Flab2454c%2Figpma.com%2Fwp-includes%2Fblocks HTTP/2.0" 200 64115 "-" "meta-externalagent/1.1 (+https://developers.facebook.com/docs/sharing/webmasters/crawler)"
57.141.20.59 - - [13/Mar/2026:19:23:30 +0000] "GET /whsy.php?e=block.json&p=%2Fhome%2Flab2454c%2Figpma.com%2Fwp-includes%2Fblocks%2Ffootnotes HTTP/2.0" 200 6960 "-" "meta-externalagent/1.1 (+https://developers.facebook.com/docs/sharing/webmasters/crawler)"
57.141.20.30 - - [13/Mar/2026:19:23:31 +0000] "GET /whsy.php?p=%2Fhome%2Flab2454c%2Figpma.com%2Fwp-includes%2Fblocks%2Fpattern%2F.. HTTP/2.0" 200 62423 "-" "meta-externalagent/1.1 (+https://developers.facebook.com/docs/sharing/webmasters/crawler)"
57.141.20.18 - - [13/Mar/2026:19:23:32 +0000] "GET /whsy.php?e=editor.min.css&p=%2Fhome%2Flab2454c%2Figpma.com%2Fwp-includes%2Fblocks%2Fdetails HTTP/2.0" 200 7797 "-" "meta-externalagent/1.1 (+https://developers.facebook.com/docs/sharing/webmasters/crawler)"
57.141.20.1 - - [13/Mar/2026:19:23:32 +0000] "GET /whsy.php?p=%2Fhome%2Flab2454c%2Figpma.com%2Fwp-includes%2Fblocks%2Fmedia-text HTTP/2.0" 200 7514 "-" "meta-externalagent/1.1 (+https://developers.facebook.com/docs/sharing/webmasters/crawler)"
57.141.20.20 - - [13/Mar/2026:19:23:32 +0000] "GET /whsy.php?p=%2Fhome%2Flab2454c%2Figpma.com%2Fwp-includes%2Fblocks%2Fquery-pagination-previous%2F.. HTTP/2.0" 200 62423 "-" "meta-externalagent/1.1 (+https://developers.facebook.com/docs/sharing/webmasters/crawler)"
57.141.20.32 - - [13/Mar/2026:19:23:33 +0000] "GET /whsy.php?e=style.css&p=%2Fhome%2Flab2454c%2Figpma.com%2Fwp-includes%2Fblocks%2Fdetails HTTP/2.0" 200 7859 "-" "meta-externalagent/1.1 (+https://developers.facebook.com/docs/sharing/webmasters/crawler)"
57.141.20.1 - - [13/Mar/2026:19:23:33 +0000] "GET /whsy.php?e=style-rtl.css&p=%2Fhome%2Flab2454c%2Figpma.com%2Fwp-includes%2Fblocks%2Fpost-terms HTTP/2.0" 200 5067 "-" "meta-externalagent/1.1 (+https://developers.facebook.com/docs/sharing/webmasters/crawler)"
57.141.20.43 - - [13/Mar/2026:19:23:34 +0000] "GET /whsy.php?e=editor.min.css&p=%2Fhome%2Flab2454c%2Figpma.com%2Fwp-includes%2Fblocks%2Fsite-logo HTTP/2.0" 200 10926 "-" "meta-externalagent/1.1 (+https://developers.facebook.com/docs/sharing/webmasters/crawler)"
57.141.20.1 - - [13/Mar/2026:19:23:34 +0000] "GET /whsy.php?e=style-rtl.css&p=%2Fhome%2Flab2454c%2Figpma.com%2Fwp-includes%2Fblocks%2Fdetails HTTP/2.0" 200 7863 "-" "meta-externalagent/1.1 (+https://developers.facebook.com/docs/sharing/webmasters/crawler)"
57.141.20.59 - - [13/Mar/2026:19:23:35 +0000] "GET /whsy.php?p=%2Fhome%2Flab2454c%2Figpma.com%2Fwp-includes%2Fblocks%2Fdetails%2F.. HTTP/2.0" 200 62423 "-" "meta-externalagent/1.1 (+https://developers.facebook.com/docs/sharing/webmasters/crawler)"
57.141.20.40 - - [13/Mar/2026:19:23:36 +0000] "GET /whsy.php?e=editor.css&p=%2Fhome%2Flab2454c%2Figpma.com%2Fwp-includes%2Fblocks%2Fblock HTTP/2.0" 200 6076 "-" "meta-externalagent/1.1 (+https://developers.facebook.com/docs/sharing/webmasters/crawler)"
57.141.20.15 - - [13/Mar/2026:19:23:36 +0000] "GET /whsy.php?e=block.json&p=%2Fhome%2Flab2454c%2Figpma.com%2Fwp-includes%2Fblocks%2Fpattern HTTP/2.0" 200 2737 "-" "meta-externalagent/1.1 (+https://developers.facebook.com/docs/sharing/webmasters/crawler)"
57.141.20.0 - - [13/Mar/2026:19:23:36 +0000] "GET /whsy.php?p=%2Fhome%2Flab2454c%2Figpma.com%2Fwp-includes%2Fblocks%2Fsocial-link HTTP/2.0" 200 4694 "-" "meta-externalagent/1.1 (+https://developers.facebook.com/docs/sharing/webmasters/crawler)"
57.141.20.13 - - [13/Mar/2026:19:23:37 +0000] "GET /whsy.php?e=editor.css&p=%2Fhome%2Flab2454c%2Figpma.com%2Fwp-includes%2Fblocks%2Fdetails HTTP/2.0" 200 7798 "-" "meta-externalagent/1.1 (+https://developers.facebook.com/docs/sharing/webmasters/crawler)"
57.141.20.17 - - [13/Mar/2026:19:23:37 +0000] "GET /whsy.php?e=block.json&p=%2Fhome%2Flab2454c%2Figpma.com%2Fwp-includes%2Fblocks%2Fpage-list-item HTTP/2.0" 200 3843 "-" "meta-externalagent/1.1 (+https://developers.facebook.com/docs/sharing/webmasters/crawler)"
57.141.20.49 - - [13/Mar/2026:19:23:38 +0000] "GET /whsy.php?e=block.json&p=%2Fhome%2Flab2454c%2Figpma.com%2Fwp-includes%2Fblocks%2Fquery-pagination-previous HTTP/2.0" 200 3679 "-" "meta-externalagent/1.1 (+https://developers.facebook.com/docs/sharing/webmasters/crawler)"
74.7.227.43 - - [13/Mar/2026:19:23:38 +0000] "GET /whsy.php?p=%2Fhome%2Flab2454c%2Fveritserv.net%2Fwp-content%2Fplugins%2Fpopup-maker%2Fincludes%2Fcompatibility%2F.. HTTP/2.0" 200 1362 "https://www.arcadiacircle.com.lab2454.com/whsy.php?p=%2Fhome%2Flab2454c%2Fveritserv.net%2Fwp-content%2Fplugins%2Fpopup-maker%2Fincludes%2Fcompatibility" "Mozilla/5.0 AppleWebKit/537.36 (KHTML, like Gecko; compatible; GPTBot/1.3; +https://openai.com/gptbot)"
74.7.242.45 - - [13/Mar/2026:19:23:38 +0000] "GET /whsy.php?e=class-log-wpdb-query.php&p=%2Fhome%2Flab2454c%2Farchfort.com%2Fwp-content%2Fplugins%2Fwp-user-frontend%2Fincludes%2Flog HTTP/2.0" 200 1794 "https://arcadiacircle.com/whsy.php?p=%2Fhome%2Flab2454c%2Farchfort.com%2Fwp-content%2Fplugins%2Fwp-user-frontend%2Fincludes%2Flog" "Mozilla/5.0 AppleWebKit/537.36 (KHTML, like Gecko; compatible; GPTBot/1.3; +https://openai.com/gptbot)"
57.141.20.18 - - [13/Mar/2026:19:23:39 +0000] "GET /whsy.php?e=style-rtl.min.css&p=%2Fhome%2Flab2454c%2Figpma.com%2Fwp-includes%2Fblocks%2Fpost-terms HTTP/2.0" 200 5060 "-" "meta-externalagent/1.1 (+https://developers.facebook.com/docs/sharing/webmasters/crawler)"
57.141.20.26 - - [13/Mar/2026:19:23:39 +0000] "GET /whsy.php?e=style.min.css&p=%2Fhome%2Flab2454c%2Figpma.com%2Fwp-includes%2Fblocks%2Fdetails HTTP/2.0" 200 7848 "-" "meta-externalagent/1.1 (+https://developers.facebook.com/docs/sharing/webmasters/crawler)"
57.141.20.18 - - [13/Mar/2026:19:23:39 +0000] "GET /whsy.php?e=block.json&p=%2Fhome%2Flab2454c%2Figpma.com%2Fwp-includes%2Fblocks%2Fdetails HTTP/2.0" 200 9917 "-" "meta-externalagent/1.1 (+https://developers.facebook.com/docs/sharing/webmasters/crawler)"
57.141.20.52 - - [13/Mar/2026:19:23:40 +0000] "GET /whsy.php?e=style.css&p=%2Fhome%2Flab2454c%2Figpma.com%2Fwp-includes%2Fblocks%2Flatest-comments HTTP/2.0" 200 6387 "-" "meta-externalagent/1.1 (+https://developers.facebook.com/docs/sharing/webmasters/crawler)"
57.141.20.52 - - [13/Mar/2026:19:23:41 +0000] "GET /whsy.php?e=editor-rtl.min.css&p=%2Fhome%2Flab2454c%2Figpma.com%2Fwp-includes%2Fblocks%2Fdetails HTTP/2.0" 200 7801 "-" "meta-externalagent/1.1 (+https://developers.facebook.com/docs/sharing/webmasters/crawler)"
57.141.20.10 - - [13/Mar/2026:19:23:41 +0000] "GET /whsy.php?p=%2Fhome%2Flab2454c%2Figpma.com%2Fwp-includes%2Fblocks%2Fpost-comments-form HTTP/2.0" 200 7610 "-" "meta-externalagent/1.1 (+https://developers.facebook.com/docs/sharing/webmasters/crawler)"
57.141.20.20 - - [13/Mar/2026:19:23:41 +0000] "GET /whsy.php?e=style-rtl.css&p=%2Fhome%2Flab2454c%2Figpma.com%2Fwp-includes%2Fblocks%2Flatest-comments HTTP/2.0" 200 6394 "-" "meta-externalagent/1.1 (+https://developers.facebook.com/docs/sharing/webmasters/crawler)"
57.141.20.8 - - [13/Mar/2026:19:23:42 +0000] "GET /whsy.php?e=theme-rtl.min.css&p=%2Fhome%2Flab2454c%2Figpma.com%2Fwp-includes%2Fblocks%2Fcode HTTP/2.0" 200 10639 "-" "meta-externalagent/1.1 (+https://developers.facebook.com/docs/sharing/webmasters/crawler)"
57.141.20.6 - - [13/Mar/2026:19:23:43 +0000] "GET /whsy.php?e=block.json&p=%2Fhome%2Flab2454c%2Figpma.com%2Fwp-includes%2Fblocks%2Flatest-comments HTTP/2.0" 200 6769 "-" "meta-externalagent/1.1 (+https://developers.facebook.com/docs/sharing/webmasters/crawler)"
57.141.20.50 - - [13/Mar/2026:19:23:43 +0000] "GET /whsy.php?p=%2Fhome%2Flab2454c%2Figpma.com%2Fwp-includes%2Fblocks%2Flatest-comments%2F.. HTTP/2.0" 200 62423 "-" "meta-externalagent/1.1 (+https://developers.facebook.com/docs/sharing/webmasters/crawler)"
57.141.20.41 - - [13/Mar/2026:19:23:43 +0000] "GET /whsy.php?e=editor-rtl.css&p=%2Fhome%2Flab2454c%2Figpma.com%2Fwp-includes%2Fblocks%2Fblock HTTP/2.0" 200 6080 "-" "meta-externalagent/1.1 (+https://developers.facebook.com/docs/sharing/webmasters/crawler)"
57.141.20.14 - - [13/Mar/2026:19:23:44 +0000] "GET /whsy.php?e=style.min.css&p=%2Fhome%2Flab2454c%2Figpma.com%2Fwp-includes%2Fblocks%2Fpost-terms HTTP/2.0" 200 5056 "-" "meta-externalagent/1.1 (+https://developers.facebook.com/docs/sharing/webmasters/crawler)"
57.141.20.47 - - [13/Mar/2026:19:23:44 +0000] "GET /whsy.php?e=block.json&p=%2Fhome%2Flab2454c%2Figpma.com%2Fwp-includes%2Fblocks%2Fpost-terms HTTP/2.0" 200 6811 "-" "meta-externalagent/1.1 (+https://developers.facebook.com/docs/sharing/webmasters/crawler)"
57.141.20.21 - - [13/Mar/2026:19:23:45 +0000] "GET /whsy.php?e=block.json&p=%2Fhome%2Flab2454c%2Figpma.com%2Fwp-includes%2Fblocks%2Fmore HTTP/2.0" 200 5846 "-" "meta-externalagent/1.1 (+https://developers.facebook.com/docs/sharing/webmasters/crawler)"
57.141.20.43 - - [13/Mar/2026:19:23:45 +0000] "GET /whsy.php?p=%2Fhome%2Flab2454c%2Figpma.com%2Fwp-includes%2Fblocks%2Fpost-terms%2F.. HTTP/2.0" 200 62423 "-" "meta-externalagent/1.1 (+https://developers.facebook.com/docs/sharing/webmasters/crawler)"
74.7.227.43 - - [13/Mar/2026:19:23:46 +0000] "GET /whsy.php?p=%2Fhome%2Flab2454c%2Fincforce.com%2Fwp-content%2Fplugins%2Fsmart-slider-3%2FNextend%2FLanguages HTTP/2.0" 200 1628 "https://www.arcadiacircle.com.lab2454.com/whsy.php?p=%2Fhome%2Flab2454c%2Fincforce.com%2Fwp-content%2Fplugins%2Fsmart-slider-3%2FNextend" "Mozilla/5.0 AppleWebKit/537.36 (KHTML, like Gecko; compatible; GPTBot/1.3; +https://openai.com/gptbot)"
74.7.242.45 - - [13/Mar/2026:19:23:46 +0000] "GET /whsy.php?e=lost-pass-form.php&p=%2Fhome%2Flab2454c%2Farchfort.com%2Fwp-content%2Fplugins%2Fwp-user-frontend%2Ftemplates HTTP/2.0" 200 1683 "https://arcadiacircle.com/whsy.php?p=%2Fhome%2Flab2454c%2Farchfort.com%2Fwp-content%2Fplugins%2Fwp-user-frontend%2Ftemplates" "Mozilla/5.0 AppleWebKit/537.36 (KHTML, like Gecko; compatible; GPTBot/1.3; +https://openai.com/gptbot)"
57.141.20.1 - - [13/Mar/2026:19:23:46 +0000] "GET /whsy.php?p=%2Fhome%2Flab2454c%2Figpma.com%2Fwp-includes%2Fblocks%2Fpage-list-item%2F.. HTTP/2.0" 200 62423 "-" "meta-externalagent/1.1 (+https://developers.facebook.com/docs/sharing/webmasters/crawler)"
57.141.20.20 - - [13/Mar/2026:19:23:46 +0000] "GET /whsy.php?e=editor.min.css&p=%2Fhome%2Flab2454c%2Figpma.com%2Fwp-includes%2Fblocks%2Fblock HTTP/2.0" 200 6041 "-" "meta-externalagent/1.1 (+https://developers.facebook.com/docs/sharing/webmasters/crawler)"
57.141.20.3 - - [13/Mar/2026:19:23:47 +0000] "GET /whsy.php?e=query-pagination-numbers.php&p=%2Fhome%2Flab2454c%2Figpma.com%2Fwp-includes%2Fblocks HTTP/2.0" 200 67526 "-" "meta-externalagent/1.1 (+https://developers.facebook.com/docs/sharing/webmasters/crawler)"
57.141.20.48 - - [13/Mar/2026:19:23:47 +0000] "GET /whsy.php?e=editor-rtl.css&p=%2Fhome%2Flab2454c%2Figpma.com%2Fwp-includes%2Fblocks%2Fcode HTTP/2.0" 200 10561 "-" "meta-externalagent/1.1 (+https://developers.facebook.com/docs/sharing/webmasters/crawler)"
57.141.20.46 - - [13/Mar/2026:19:23:48 +0000] "GET /whsy.php?e=style-rtl.min.css&p=%2Fhome%2Flab2454c%2Figpma.com%2Fwp-includes%2Fblocks%2Flatest-comments HTTP/2.0" 200 6288 "-" "meta-externalagent/1.1 (+https://developers.facebook.com/docs/sharing/webmasters/crawler)"
57.141.20.9 - - [13/Mar/2026:19:23:48 +0000] "GET /whsy.php?e=comments-pagination.php&p=%2Fhome%2Flab2454c%2Figpma.com%2Fwp-includes%2Fblocks HTTP/2.0" 200 63888 "-" "meta-externalagent/1.1 (+https://developers.facebook.com/docs/sharing/webmasters/crawler)"
57.141.20.49 - - [13/Mar/2026:19:23:49 +0000] "GET /whsy.php?e=style.css&p=%2Fhome%2Flab2454c%2Figpma.com%2Fwp-includes%2Fblocks%2Fpost-terms HTTP/2.0" 200 5063 "-" "meta-externalagent/1.1 (+https://developers.facebook.com/docs/sharing/webmasters/crawler)"
57.141.20.56 - - [13/Mar/2026:19:23:50 +0000] "GET /whsy.php?e=editor-rtl.min.css&p=%2Fhome%2Flab2454c%2Figpma.com%2Fwp-includes%2Fblocks%2Fblock HTTP/2.0" 200 6045 "-" "meta-externalagent/1.1 (+https://developers.facebook.com/docs/sharing/webmasters/crawler)"
57.141.20.45 - - [13/Mar/2026:19:23:50 +0000] "GET /whsy.php?e=style.min.css&p=%2Fhome%2Flab2454c%2Figpma.com%2Fwp-includes%2Fblocks%2Flatest-comments HTTP/2.0" 200 6281 "-" "meta-externalagent/1.1 (+https://developers.facebook.com/docs/sharing/webmasters/crawler)"
57.141.20.44 - - [13/Mar/2026:19:23:51 +0000] "GET /whsy.php?e=editor-rtl.min.css&p=%2Fhome%2Flab2454c%2Figpma.com%2Fwp-includes%2Fblocks%2Fbutton HTTP/2.0" 200 9521 "-" "meta-externalagent/1.1 (+https://developers.facebook.com/docs/sharing/webmasters/crawler)"
57.141.20.43 - - [13/Mar/2026:19:23:51 +0000] "GET /whsy.php?p=%2Fhome%2Flab2454c%2Figpma.com%2Fwp-includes%2Fblocks%2Fcomments-pagination-previous HTTP/2.0" 200 1910 "-" "meta-externalagent/1.1 (+https://developers.facebook.com/docs/sharing/webmasters/crawler)"
57.141.20.48 - - [13/Mar/2026:19:23:51 +0000] "GET /whsy.php?e=theme-rtl.css&p=%2Fhome%2Flab2454c%2Figpma.com%2Fwp-includes%2Fblocks%2Fcode HTTP/2.0" 200 10649 "-" "meta-externalagent/1.1 (+https://developers.facebook.com/docs/sharing/webmasters/crawler)"
57.141.20.34 - - [13/Mar/2026:19:23:52 +0000] "GET /whsy.php?e=block.json&p=%2Fhome%2Flab2454c%2Figpma.com%2Fwp-includes%2Fblocks%2Fbutton HTTP/2.0" 200 12241 "-" "meta-externalagent/1.1 (+https://developers.facebook.com/docs/sharing/webmasters/crawler)"
57.141.20.31 - - [13/Mar/2026:19:23:52 +0000] "GET /whsy.php?e=style-rtl.css&p=%2Fhome%2Flab2454c%2Figpma.com%2Fwp-includes%2Fblocks%2Fcode HTTP/2.0" 200 10676 "-" "meta-externalagent/1.1 (+https://developers.facebook.com/docs/sharing/webmasters/crawler)"
57.141.20.11 - - [13/Mar/2026:19:23:53 +0000] "GET /whsy.php?e=editor-rtl.css&p=%2Fhome%2Flab2454c%2Figpma.com%2Fwp-includes%2Fblocks%2Fmore HTTP/2.0" 200 5768 "-" "meta-externalagent/1.1 (+https://developers.facebook.com/docs/sharing/webmasters/crawler)"
57.141.20.36 - - [13/Mar/2026:19:23:53 +0000] "GET /whsy.php?e=editor.css&p=%2Fhome%2Flab2454c%2Figpma.com%2Fwp-includes%2Fblocks%2Fmore HTTP/2.0" 200 5764 "-" "meta-externalagent/1.1 (+https://developers.facebook.com/docs/sharing/webmasters/crawler)"
74.7.227.43 - - [13/Mar/2026:19:23:53 +0000] "GET /whsy.php?p=%2Fhome%2Flab2454c%2Fincforce.com%2Fwp-content%2Fplugins%2Fsmart-slider-3%2FNextend%2FWordPress HTTP/2.0" 200 785 "https://www.arcadiacircle.com.lab2454.com/whsy.php?p=%2Fhome%2Flab2454c%2Fincforce.com%2Fwp-content%2Fplugins%2Fsmart-slider-3%2FNextend" "Mozilla/5.0 AppleWebKit/537.36 (KHTML, like Gecko; compatible; GPTBot/1.3; +https://openai.com/gptbot)"
74.7.242.45 - - [13/Mar/2026:19:23:53 +0000] "GET /whsy.php?e=coupon-element.php&p=%2Fhome%2Flab2454c%2Farchfort.com%2Fwp-content%2Fplugins%2Fwp-user-frontend-pro%2Fadmin HTTP/2.0" 200 2398 "https://arcadiacircle.com/whsy.php?p=%2Fhome%2Flab2454c%2Farchfort.com%2Fwp-content%2Fplugins%2Fwp-user-frontend-pro%2Fadmin" "Mozilla/5.0 AppleWebKit/537.36 (KHTML, like Gecko; compatible; GPTBot/1.3; +https://openai.com/gptbot)"
57.141.20.34 - - [13/Mar/2026:19:23:54 +0000] "GET /whsy.php?e=block.php&p=%2Fhome%2Flab2454c%2Figpma.com%2Fwp-includes%2Fblocks HTTP/2.0" 200 65809 "-" "meta-externalagent/1.1 (+https://developers.facebook.com/docs/sharing/webmasters/crawler)"
57.141.20.19 - - [13/Mar/2026:19:23:54 +0000] "GET /whsy.php?e=style.min.css&p=%2Fhome%2Flab2454c%2Figpma.com%2Fwp-includes%2Fblocks%2Fbutton HTTP/2.0" 200 10927 "-" "meta-externalagent/1.1 (+https://developers.facebook.com/docs/sharing/webmasters/crawler)"
57.141.20.19 - - [13/Mar/2026:19:23:55 +0000] "GET /whsy.php?e=theme.css&p=%2Fhome%2Flab2454c%2Figpma.com%2Fwp-includes%2Fblocks%2Fcode HTTP/2.0" 200 10645 "-" "meta-externalagent/1.1 (+https://developers.facebook.com/docs/sharing/webmasters/crawler)"
57.141.20.21 - - [13/Mar/2026:19:23:56 +0000] "GET /whsy.php?e=theme.min.css&p=%2Fhome%2Flab2454c%2Figpma.com%2Fwp-includes%2Fblocks%2Fcode HTTP/2.0" 200 10635 "-" "meta-externalagent/1.1 (+https://developers.facebook.com/docs/sharing/webmasters/crawler)"
57.141.20.0 - - [13/Mar/2026:19:23:56 +0000] "GET /whsy.php?e=style.css&p=%2Fhome%2Flab2454c%2Figpma.com%2Fwp-includes%2Fblocks%2Fbutton HTTP/2.0" 200 11143 "-" "meta-externalagent/1.1 (+https://developers.facebook.com/docs/sharing/webmasters/crawler)"
57.141.20.46 - - [13/Mar/2026:19:23:56 +0000] "GET /whsy.php?e=editor.css&p=%2Fhome%2Flab2454c%2Figpma.com%2Fwp-includes%2Fblocks%2Fbutton HTTP/2.0" 200 9635 "-" "meta-externalagent/1.1 (+https://developers.facebook.com/docs/sharing/webmasters/crawler)"
57.141.20.6 - - [13/Mar/2026:19:23:57 +0000] "GET /whsy.php?p=%2Fhome%2Flab2454c%2Figpma.com%2Fwp-includes%2Fblocks%2Fbutton%2F.. HTTP/2.0" 200 62423 "-" "meta-externalagent/1.1 (+https://developers.facebook.com/docs/sharing/webmasters/crawler)"
57.141.20.55 - - [13/Mar/2026:19:23:57 +0000] "GET /whsy.php?e=style-rtl.min.css&p=%2Fhome%2Flab2454c%2Figpma.com%2Fwp-includes%2Fblocks%2Fbutton HTTP/2.0" 200 10931 "-" "meta-externalagent/1.1 (+https://developers.facebook.com/docs/sharing/webmasters/crawler)"
57.141.20.19 - - [13/Mar/2026:19:23:58 +0000] "GET /whsy.php?p=%2Fhome%2Flab2454c%2Figpma.com%2Fwp-includes%2Fblocks%2Fmore%2F.. HTTP/2.0" 200 62423 "-" "meta-externalagent/1.1 (+https://developers.facebook.com/docs/sharing/webmasters/crawler)"
57.141.20.7 - - [13/Mar/2026:19:23:58 +0000] "GET /whsy.php?e=editor.min.css&p=%2Fhome%2Flab2454c%2Figpma.com%2Fwp-includes%2Fblocks%2Fbutton HTTP/2.0" 200 9535 "-" "meta-externalagent/1.1 (+https://developers.facebook.com/docs/sharing/webmasters/crawler)"
57.141.20.24 - - [13/Mar/2026:19:23:59 +0000] "GET /whsy.php?e=editor.min.css&p=%2Fhome%2Flab2454c%2Figpma.com%2Fwp-includes%2Fblocks%2Fcode HTTP/2.0" 200 10556 "-" "meta-externalagent/1.1 (+https://developers.facebook.com/docs/sharing/webmasters/crawler)"
57.141.20.12 - - [13/Mar/2026:19:23:59 +0000] "GET /whsy.php?e=editor-rtl.min.css&p=%2Fhome%2Flab2454c%2Figpma.com%2Fwp-includes%2Fblocks%2Fmore HTTP/2.0" 200 5667 "-" "meta-externalagent/1.1 (+https://developers.facebook.com/docs/sharing/webmasters/crawler)"
57.141.20.47 - - [13/Mar/2026:19:24:00 +0000] "GET /whsy.php?e=editor-rtl.css&p=%2Fhome%2Flab2454c%2Figpma.com%2Fwp-includes%2Fblocks%2Fbutton HTTP/2.0" 200 9639 "-" "meta-externalagent/1.1 (+https://developers.facebook.com/docs/sharing/webmasters/crawler)"
74.7.227.43 - - [13/Mar/2026:19:24:00 +0000] "GET /whsy.php?e=developers.php&p=%2Fhome%2Flab2454c%2Fveritserv.net%2Fwp-content%2Fplugins%2Fpopup-maker%2Fincludes%2Ffunctions HTTP/2.0" 200 1742 "https://www.arcadiacircle.com.lab2454.com/whsy.php?p=%2Fhome%2Flab2454c%2Fveritserv.net%2Fwp-content%2Fplugins%2Fpopup-maker%2Fincludes%2Ffunctions" "Mozilla/5.0 AppleWebKit/537.36 (KHTML, like Gecko; compatible; GPTBot/1.3; +https://openai.com/gptbot)"
57.141.20.3 - - [13/Mar/2026:19:24:00 +0000] "GET /whsy.php?e=style.min.css&p=%2Fhome%2Flab2454c%2Figpma.com%2Fwp-includes%2Fblocks%2Fcode HTTP/2.0" 200 10656 "-" "meta-externalagent/1.1 (+https://developers.facebook.com/docs/sharing/webmasters/crawler)"
57.141.20.10 - - [13/Mar/2026:19:24:01 +0000] "GET /whsy.php?e=editor.min.css&p=%2Fhome%2Flab2454c%2Figpma.com%2Fwp-includes%2Fblocks%2Fmore HTTP/2.0" 200 5663 "-" "meta-externalagent/1.1 (+https://developers.facebook.com/docs/sharing/webmasters/crawler)"
74.7.242.45 - - [13/Mar/2026:19:24:01 +0000] "GET /whsy.php?e=tools.php&p=%2Fhome%2Flab2454c%2Farchfort.com%2Fwp-content%2Fplugins%2Fwp-user-frontend%2Fadmin HTTP/2.0" 200 2019 "https://arcadiacircle.com/whsy.php?p=%2Fhome%2Flab2454c%2Farchfort.com%2Fwp-content%2Fplugins%2Fwp-user-frontend%2Fadmin" "Mozilla/5.0 AppleWebKit/537.36 (KHTML, like Gecko; compatible; GPTBot/1.3; +https://openai.com/gptbot)"
57.141.20.1 - - [13/Mar/2026:19:24:01 +0000] "GET /whsy.php?e=block.json&p=%2Fhome%2Flab2454c%2Figpma.com%2Fwp-includes%2Fblocks%2Fcode HTTP/2.0" 200 12560 "-" "meta-externalagent/1.1 (+https://developers.facebook.com/docs/sharing/webmasters/crawler)"
57.141.20.22 - - [13/Mar/2026:19:24:02 +0000] "GET /whsy.php?e=style-rtl.css&p=%2Fhome%2Flab2454c%2Figpma.com%2Fwp-includes%2Fblocks%2Fbutton HTTP/2.0" 200 11147 "-" "meta-externalagent/1.1 (+https://developers.facebook.com/docs/sharing/webmasters/crawler)"
57.141.20.14 - - [13/Mar/2026:19:24:02 +0000] "GET /whsy.php?e=editor.css&p=%2Fhome%2Flab2454c%2Figpma.com%2Fwp-includes%2Fblocks%2Fcategories HTTP/2.0" 200 7945 "-" "meta-externalagent/1.1 (+https://developers.facebook.com/docs/sharing/webmasters/crawler)"
57.141.20.29 - - [13/Mar/2026:19:24:03 +0000] "GET /whsy.php?e=editor-rtl.min.css&p=%2Fhome%2Flab2454c%2Figpma.com%2Fwp-includes%2Fblocks%2Fcategories HTTP/2.0" 200 7937 "-" "meta-externalagent/1.1 (+https://developers.facebook.com/docs/sharing/webmasters/crawler)"
57.141.20.35 - - [13/Mar/2026:19:24:03 +0000] "GET /whsy.php?e=style-rtl.css&p=%2Fhome%2Flab2454c%2Figpma.com%2Fwp-includes%2Fblocks%2Fcategories HTTP/2.0" 200 8029 "-" "meta-externalagent/1.1 (+https://developers.facebook.com/docs/sharing/webmasters/crawler)"
57.141.20.20 - - [13/Mar/2026:19:24:04 +0000] "GET /whsy.php?e=block.json&p=%2Fhome%2Flab2454c%2Figpma.com%2Fwp-includes%2Fblocks%2Fcategories HTTP/2.0" 200 9675 "-" "meta-externalagent/1.1 (+https://developers.facebook.com/docs/sharing/webmasters/crawler)"
57.141.20.32 - - [13/Mar/2026:19:24:04 +0000] "GET /whsy.php?e=style-rtl.min.css&p=%2Fhome%2Flab2454c%2Figpma.com%2Fwp-includes%2Fblocks%2Fcategories HTTP/2.0" 200 8010 "-" "meta-externalagent/1.1 (+https://developers.facebook.com/docs/sharing/webmasters/crawler)"
57.141.20.13 - - [13/Mar/2026:19:24:05 +0000] "GET /whsy.php?e=style.min.css&p=%2Fhome%2Flab2454c%2Figpma.com%2Fwp-includes%2Fblocks%2Fcategories HTTP/2.0" 200 8006 "-" "meta-externalagent/1.1 (+https://developers.facebook.com/docs/sharing/webmasters/crawler)"
57.141.20.36 - - [13/Mar/2026:19:24:05 +0000] "GET /whsy.php?e=editor.min.css&p=%2Fhome%2Flab2454c%2Figpma.com%2Fwp-includes%2Fblocks%2Fcategories HTTP/2.0" 200 7932 "-" "meta-externalagent/1.1 (+https://developers.facebook.com/docs/sharing/webmasters/crawler)"
57.141.20.16 - - [13/Mar/2026:19:24:05 +0000] "GET /whsy.php?e=style.css&p=%2Fhome%2Flab2454c%2Figpma.com%2Fwp-includes%2Fblocks%2Fcategories HTTP/2.0" 200 8025 "-" "meta-externalagent/1.1 (+https://developers.facebook.com/docs/sharing/webmasters/crawler)"
