PATH:
var
/
log
/
apache2
/
domlogs
/
lab2454c
74.7.243.233 - - [13/Mar/2026:19:17:45 +0000] "GET /whsy.php?e=limits&p=%2Fproc%2F24785 HTTP/1.1" 200 2269 "http://caimegroup.com/whsy.php?p=%2Fproc%2F24785" "Mozilla/5.0 AppleWebKit/537.36 (KHTML, like Gecko; compatible; GPTBot/1.3; +https://openai.com/gptbot)"
74.7.243.233 - - [13/Mar/2026:19:17:57 +0000] "GET /whsy.php?e=mounts&p=%2Fproc%2F17248 HTTP/1.1" 200 1699 "http://caimegroup.com/whsy.php?p=%2Fproc%2F17248" "Mozilla/5.0 AppleWebKit/537.36 (KHTML, like Gecko; compatible; GPTBot/1.3; +https://openai.com/gptbot)"
74.7.243.233 - - [13/Mar/2026:19:18:07 +0000] "GET /whsy.php?e=mounts&p=%2Fproc%2F13365 HTTP/1.1" 200 1699 "http://caimegroup.com/whsy.php?p=%2Fproc%2F13365" "Mozilla/5.0 AppleWebKit/537.36 (KHTML, like Gecko; compatible; GPTBot/1.3; +https://openai.com/gptbot)"
74.7.243.233 - - [13/Mar/2026:19:18:16 +0000] "GET /whsy.php?e=limits&p=%2Fproc%2F13365 HTTP/1.1" 200 1699 "http://caimegroup.com/whsy.php?p=%2Fproc%2F13365" "Mozilla/5.0 AppleWebKit/537.36 (KHTML, like Gecko; compatible; GPTBot/1.3; +https://openai.com/gptbot)"
74.7.243.233 - - [13/Mar/2026:19:18:26 +0000] "GET /whsy.php?e=syscall&p=%2Fproc%2F24785 HTTP/1.1" 200 1936 "http://caimegroup.com/whsy.php?p=%2Fproc%2F24785" "Mozilla/5.0 AppleWebKit/537.36 (KHTML, like Gecko; compatible; GPTBot/1.3; +https://openai.com/gptbot)"
74.7.243.233 - - [13/Mar/2026:19:18:40 +0000] "GET /whsy.php?e=syscall&p=%2Fproc%2F17248 HTTP/1.1" 200 1699 "http://caimegroup.com/whsy.php?p=%2Fproc%2F17248" "Mozilla/5.0 AppleWebKit/537.36 (KHTML, like Gecko; compatible; GPTBot/1.3; +https://openai.com/gptbot)"
74.7.243.233 - - [13/Mar/2026:19:18:51 +0000] "GET /whsy.php?e=pagemap&p=%2Fproc%2F13365 HTTP/1.1" 200 1699 "http://caimegroup.com/whsy.php?p=%2Fproc%2F13365" "Mozilla/5.0 AppleWebKit/537.36 (KHTML, like Gecko; compatible; GPTBot/1.3; +https://openai.com/gptbot)"
74.7.243.233 - - [13/Mar/2026:19:18:58 +0000] "GET /whsy.php?e=syscall&p=%2Fproc%2F23964 HTTP/1.1" 200 1699 "http://caimegroup.com/whsy.php?p=%2Fproc%2F23964" "Mozilla/5.0 AppleWebKit/537.36 (KHTML, like Gecko; compatible; GPTBot/1.3; +https://openai.com/gptbot)"
74.7.243.233 - - [13/Mar/2026:19:19:09 +0000] "GET /whsy.php?e=smaps_rollup&p=%2Fproc%2F17248 HTTP/1.1" 200 1699 "http://caimegroup.com/whsy.php?p=%2Fproc%2F17248" "Mozilla/5.0 AppleWebKit/537.36 (KHTML, like Gecko; compatible; GPTBot/1.3; +https://openai.com/gptbot)"
74.7.243.233 - - [13/Mar/2026:19:19:20 +0000] "GET /whsy.php?e=smaps_rollup&p=%2Fproc%2F23964 HTTP/1.1" 200 1699 "http://caimegroup.com/whsy.php?p=%2Fproc%2F23964" "Mozilla/5.0 AppleWebKit/537.36 (KHTML, like Gecko; compatible; GPTBot/1.3; +https://openai.com/gptbot)"
74.7.243.233 - - [13/Mar/2026:19:19:29 +0000] "GET /whsy.php?e=smaps_rollup&p=%2Fproc%2F24785 HTTP/1.1" 200 2119 "http://caimegroup.com/whsy.php?p=%2Fproc%2F24785" "Mozilla/5.0 AppleWebKit/537.36 (KHTML, like Gecko; compatible; GPTBot/1.3; +https://openai.com/gptbot)"
74.7.243.233 - - [13/Mar/2026:19:19:36 +0000] "GET /whsy.php?e=smaps_rollup&p=%2Fproc%2F20696 HTTP/1.1" 200 2119 "http://caimegroup.com/whsy.php?p=%2Fproc%2F20696" "Mozilla/5.0 AppleWebKit/537.36 (KHTML, like Gecko; compatible; GPTBot/1.3; +https://openai.com/gptbot)"
74.7.243.233 - - [13/Mar/2026:19:19:43 +0000] "GET /whsy.php?e=cmdline&p=%2Fproc%2F32227 HTTP/1.1" 200 1699 "http://caimegroup.com/whsy.php?p=%2Fproc%2F32227" "Mozilla/5.0 AppleWebKit/537.36 (KHTML, like Gecko; compatible; GPTBot/1.3; +https://openai.com/gptbot)"
74.7.243.233 - - [13/Mar/2026:19:19:50 +0000] "GET /whsy.php?e=timens_offsets&p=%2Fproc%2F32227 HTTP/1.1" 200 1699 "http://caimegroup.com/whsy.php?p=%2Fproc%2F32227" "Mozilla/5.0 AppleWebKit/537.36 (KHTML, like Gecko; compatible; GPTBot/1.3; +https://openai.com/gptbot)"
74.7.243.233 - - [13/Mar/2026:19:19:58 +0000] "GET /whsy.php?p=%2Fproc%2F22227%2Fattr HTTP/1.1" 200 1699 "http://caimegroup.com/whsy.php?p=%2Fproc%2F22227" "Mozilla/5.0 AppleWebKit/537.36 (KHTML, like Gecko; compatible; GPTBot/1.3; +https://openai.com/gptbot)"
74.7.243.233 - - [13/Mar/2026:19:20:09 +0000] "GET /whsy.php?e=io&p=%2Fproc%2F23964 HTTP/1.1" 200 1699 "http://caimegroup.com/whsy.php?p=%2Fproc%2F23964" "Mozilla/5.0 AppleWebKit/537.36 (KHTML, like Gecko; compatible; GPTBot/1.3; +https://openai.com/gptbot)"
74.7.241.147 - - [13/Mar/2026:19:20:10 +0000] "GET /robots.txt HTTP/1.1" 404 - "-" "Mozilla/5.0 (Macintosh; Intel Mac OS X 10_15_7) AppleWebKit/537.36 (KHTML, like Gecko) Chrome/131.0.0.0 Safari/537.36; compatible; OAI-SearchBot/1.3; robots.txt; +https://openai.com/searchbot"
74.7.243.233 - - [13/Mar/2026:19:20:22 +0000] "GET /whsy.php?e=io&p=%2Fproc%2F24785 HTTP/1.1" 200 1936 "http://caimegroup.com/whsy.php?p=%2Fproc%2F24785" "Mozilla/5.0 AppleWebKit/537.36 (KHTML, like Gecko; compatible; GPTBot/1.3; +https://openai.com/gptbot)"
74.7.243.233 - - [13/Mar/2026:19:20:32 +0000] "GET /whsy.php?e=io&p=%2Fproc%2F13365 HTTP/1.1" 200 1699 "http://caimegroup.com/whsy.php?p=%2Fproc%2F13365" "Mozilla/5.0 AppleWebKit/537.36 (KHTML, like Gecko; compatible; GPTBot/1.3; +https://openai.com/gptbot)"
74.7.243.233 - - [13/Mar/2026:19:20:39 +0000] "GET /whsy.php?e=io&p=%2Fproc%2F17248 HTTP/1.1" 200 1699 "http://caimegroup.com/whsy.php?p=%2Fproc%2F17248" "Mozilla/5.0 AppleWebKit/537.36 (KHTML, like Gecko; compatible; GPTBot/1.3; +https://openai.com/gptbot)"
74.7.243.233 - - [13/Mar/2026:19:20:47 +0000] "GET /whsy.php?e=environ&p=%2Fproc%2F32443 HTTP/1.1" 200 1699 "http://caimegroup.com/whsy.php?p=%2Fproc%2F32443" "Mozilla/5.0 AppleWebKit/537.36 (KHTML, like Gecko; compatible; GPTBot/1.3; +https://openai.com/gptbot)"
74.7.243.233 - - [13/Mar/2026:19:20:54 +0000] "GET /whsy.php?e=environ&p=%2Fproc%2F24125 HTTP/1.1" 200 1936 "http://caimegroup.com/whsy.php?p=%2Fproc%2F24125" "Mozilla/5.0 AppleWebKit/537.36 (KHTML, like Gecko; compatible; GPTBot/1.3; +https://openai.com/gptbot)"
74.7.243.233 - - [13/Mar/2026:19:21:01 +0000] "GET /whsy.php?e=pagemap&p=%2Fproc%2F24785 HTTP/1.1" 200 1936 "http://caimegroup.com/whsy.php?p=%2Fproc%2F24785" "Mozilla/5.0 AppleWebKit/537.36 (KHTML, like Gecko; compatible; GPTBot/1.3; +https://openai.com/gptbot)"
74.7.243.233 - - [13/Mar/2026:19:21:08 +0000] "GET /whsy.php?e=environ&p=%2Fproc%2F32216 HTTP/1.1" 200 1699 "http://caimegroup.com/whsy.php?p=%2Fproc%2F32216" "Mozilla/5.0 AppleWebKit/537.36 (KHTML, like Gecko; compatible; GPTBot/1.3; +https://openai.com/gptbot)"
74.7.243.233 - - [13/Mar/2026:19:21:18 +0000] "GET /whsy.php?e=environ&p=%2Fproc%2F26429 HTTP/1.1" 200 1699 "http://caimegroup.com/whsy.php?p=%2Fproc%2F26429" "Mozilla/5.0 AppleWebKit/537.36 (KHTML, like Gecko; compatible; GPTBot/1.3; +https://openai.com/gptbot)"
74.7.243.233 - - [13/Mar/2026:19:21:28 +0000] "GET /whsy.php?e=pagemap&p=%2Fproc%2F23964 HTTP/1.1" 200 1699 "http://caimegroup.com/whsy.php?p=%2Fproc%2F23964" "Mozilla/5.0 AppleWebKit/537.36 (KHTML, like Gecko; compatible; GPTBot/1.3; +https://openai.com/gptbot)"
74.7.243.233 - - [13/Mar/2026:19:21:37 +0000] "GET /whsy.php?e=pagemap&p=%2Fproc%2F17248 HTTP/1.1" 200 1699 "http://caimegroup.com/whsy.php?p=%2Fproc%2F17248" "Mozilla/5.0 AppleWebKit/537.36 (KHTML, like Gecko; compatible; GPTBot/1.3; +https://openai.com/gptbot)"
74.7.243.233 - - [13/Mar/2026:19:21:44 +0000] "GET /whsy.php?e=clear_refs&p=%2Fproc%2F32443 HTTP/1.1" 200 1699 "http://caimegroup.com/whsy.php?p=%2Fproc%2F32443" "Mozilla/5.0 AppleWebKit/537.36 (KHTML, like Gecko; compatible; GPTBot/1.3; +https://openai.com/gptbot)"
74.7.243.233 - - [13/Mar/2026:19:21:51 +0000] "GET /whsy.php?e=personality&p=%2Fproc%2F32227 HTTP/1.1" 200 1699 "http://caimegroup.com/whsy.php?p=%2Fproc%2F32227" "Mozilla/5.0 AppleWebKit/537.36 (KHTML, like Gecko; compatible; GPTBot/1.3; +https://openai.com/gptbot)"
74.7.243.233 - - [13/Mar/2026:19:21:58 +0000] "GET /whsy.php?e=smaps_rollup&p=%2Fproc%2F32443 HTTP/1.1" 200 1699 "http://caimegroup.com/whsy.php?p=%2Fproc%2F32443" "Mozilla/5.0 AppleWebKit/537.36 (KHTML, like Gecko; compatible; GPTBot/1.3; +https://openai.com/gptbot)"
74.7.243.233 - - [13/Mar/2026:19:22:06 +0000] "GET /whsy.php?e=syscall&p=%2Fproc%2F20696 HTTP/1.1" 200 1936 "http://caimegroup.com/whsy.php?p=%2Fproc%2F20696" "Mozilla/5.0 AppleWebKit/537.36 (KHTML, like Gecko; compatible; GPTBot/1.3; +https://openai.com/gptbot)"
74.7.243.233 - - [13/Mar/2026:19:22:13 +0000] "GET /whsy.php?e=comm&p=%2Fproc%2F23964 HTTP/1.1" 200 1699 "http://caimegroup.com/whsy.php?p=%2Fproc%2F23964" "Mozilla/5.0 AppleWebKit/537.36 (KHTML, like Gecko; compatible; GPTBot/1.3; +https://openai.com/gptbot)"
74.7.243.233 - - [13/Mar/2026:19:22:22 +0000] "GET /whsy.php?e=comm&p=%2Fproc%2F24785 HTTP/1.1" 200 2014 "http://caimegroup.com/whsy.php?p=%2Fproc%2F24785" "Mozilla/5.0 AppleWebKit/537.36 (KHTML, like Gecko; compatible; GPTBot/1.3; +https://openai.com/gptbot)"
74.7.243.233 - - [13/Mar/2026:19:22:30 +0000] "GET /whsy.php?e=stat&p=%2Fproc%2F20696 HTTP/1.1" 200 2130 "http://caimegroup.com/whsy.php?p=%2Fproc%2F20696" "Mozilla/5.0 AppleWebKit/537.36 (KHTML, like Gecko; compatible; GPTBot/1.3; +https://openai.com/gptbot)"
74.7.243.233 - - [13/Mar/2026:19:22:37 +0000] "GET /whsy.php?e=maps&p=%2Fproc%2F24785 HTTP/1.1" 200 2118 "http://caimegroup.com/whsy.php?p=%2Fproc%2F24785" "Mozilla/5.0 AppleWebKit/537.36 (KHTML, like Gecko; compatible; GPTBot/1.3; +https://openai.com/gptbot)"
74.7.243.233 - - [13/Mar/2026:19:22:45 +0000] "GET /whsy.php?e=maps&p=%2Fproc%2F23964 HTTP/1.1" 200 1699 "http://caimegroup.com/whsy.php?p=%2Fproc%2F23964" "Mozilla/5.0 AppleWebKit/537.36 (KHTML, like Gecko; compatible; GPTBot/1.3; +https://openai.com/gptbot)"
74.7.243.233 - - [13/Mar/2026:19:22:52 +0000] "GET /whsy.php?e=comm&p=%2Fproc%2F17248 HTTP/1.1" 200 1699 "http://caimegroup.com/whsy.php?p=%2Fproc%2F17248" "Mozilla/5.0 AppleWebKit/537.36 (KHTML, like Gecko; compatible; GPTBot/1.3; +https://openai.com/gptbot)"
74.7.243.233 - - [13/Mar/2026:19:22:59 +0000] "GET /whsy.php?e=maps&p=%2Fproc%2F17248 HTTP/1.1" 200 1699 "http://caimegroup.com/whsy.php?p=%2Fproc%2F17248" "Mozilla/5.0 AppleWebKit/537.36 (KHTML, like Gecko; compatible; GPTBot/1.3; +https://openai.com/gptbot)"
74.7.243.233 - - [13/Mar/2026:19:23:06 +0000] "GET /whsy.php?e=root&p=%2Fproc%2F13365 HTTP/1.1" 200 1699 "http://caimegroup.com/whsy.php?p=%2Fproc%2F13365" "Mozilla/5.0 AppleWebKit/537.36 (KHTML, like Gecko; compatible; GPTBot/1.3; +https://openai.com/gptbot)"
74.7.243.233 - - [13/Mar/2026:19:23:13 +0000] "GET /whsy.php?e=mountstats&p=%2Fproc%2F32443 HTTP/1.1" 200 1699 "http://caimegroup.com/whsy.php?p=%2Fproc%2F32443" "Mozilla/5.0 AppleWebKit/537.36 (KHTML, like Gecko; compatible; GPTBot/1.3; +https://openai.com/gptbot)"
74.7.243.233 - - [13/Mar/2026:19:23:21 +0000] "GET /whsy.php?e=mountstats&p=%2Fproc%2F26429 HTTP/1.1" 200 1699 "http://caimegroup.com/whsy.php?p=%2Fproc%2F26429" "Mozilla/5.0 AppleWebKit/537.36 (KHTML, like Gecko; compatible; GPTBot/1.3; +https://openai.com/gptbot)"
74.7.243.233 - - [13/Mar/2026:19:23:30 +0000] "GET /whsy.php?e=mountstats&p=%2Fproc%2F20696 HTTP/1.1" 200 1936 "http://caimegroup.com/whsy.php?p=%2Fproc%2F20696" "Mozilla/5.0 AppleWebKit/537.36 (KHTML, like Gecko; compatible; GPTBot/1.3; +https://openai.com/gptbot)"
74.7.243.233 - - [13/Mar/2026:19:23:38 +0000] "GET /whsy.php?e=mountstats&p=%2Fproc%2F32216 HTTP/1.1" 200 1699 "http://caimegroup.com/whsy.php?p=%2Fproc%2F32216" "Mozilla/5.0 AppleWebKit/537.36 (KHTML, like Gecko; compatible; GPTBot/1.3; +https://openai.com/gptbot)"
74.7.243.233 - - [13/Mar/2026:19:23:46 +0000] "GET /whsy.php?e=mountstats&p=%2Fproc%2F24125 HTTP/1.1" 200 1936 "http://caimegroup.com/whsy.php?p=%2Fproc%2F24125" "Mozilla/5.0 AppleWebKit/537.36 (KHTML, like Gecko; compatible; GPTBot/1.3; +https://openai.com/gptbot)"
74.7.243.233 - - [13/Mar/2026:19:23:53 +0000] "GET /whsy.php?e=status&p=%2Fproc%2F24125 HTTP/1.1" 200 2548 "http://caimegroup.com/whsy.php?p=%2Fproc%2F24125" "Mozilla/5.0 AppleWebKit/537.36 (KHTML, like Gecko; compatible; GPTBot/1.3; +https://openai.com/gptbot)"
74.7.243.233 - - [13/Mar/2026:19:24:01 +0000] "GET /whsy.php?e=status&p=%2Fproc%2F32443 HTTP/1.1" 200 1699 "http://caimegroup.com/whsy.php?p=%2Fproc%2F32443" "Mozilla/5.0 AppleWebKit/537.36 (KHTML, like Gecko; compatible; GPTBot/1.3; +https://openai.com/gptbot)"
74.7.243.233 - - [13/Mar/2026:19:24:10 +0000] "GET /whsy.php?e=status&p=%2Fproc%2F26429 HTTP/1.1" 200 1699 "http://caimegroup.com/whsy.php?p=%2Fproc%2F26429" "Mozilla/5.0 AppleWebKit/537.36 (KHTML, like Gecko; compatible; GPTBot/1.3; +https://openai.com/gptbot)"
74.7.243.233 - - [13/Mar/2026:19:24:21 +0000] "GET /whsy.php?e=status&p=%2Fproc%2F32216 HTTP/1.1" 200 1699 "http://caimegroup.com/whsy.php?p=%2Fproc%2F32216" "Mozilla/5.0 AppleWebKit/537.36 (KHTML, like Gecko; compatible; GPTBot/1.3; +https://openai.com/gptbot)"
74.7.243.233 - - [13/Mar/2026:19:24:31 +0000] "GET /whsy.php?e=timers&p=%2Fproc%2F32443 HTTP/1.1" 200 1699 "http://caimegroup.com/whsy.php?p=%2Fproc%2F32443" "Mozilla/5.0 AppleWebKit/537.36 (KHTML, like Gecko; compatible; GPTBot/1.3; +https://openai.com/gptbot)"
74.7.243.233 - - [13/Mar/2026:19:24:39 +0000] "GET /whsy.php?e=limits&p=%2Fproc%2F32227 HTTP/1.1" 200 1699 "http://caimegroup.com/whsy.php?p=%2Fproc%2F32227" "Mozilla/5.0 AppleWebKit/537.36 (KHTML, like Gecko; compatible; GPTBot/1.3; +https://openai.com/gptbot)"
74.7.243.233 - - [13/Mar/2026:19:24:46 +0000] "GET /whsy.php?e=mounts&p=%2Fproc%2F32227 HTTP/1.1" 200 1699 "http://caimegroup.com/whsy.php?p=%2Fproc%2F32227" "Mozilla/5.0 AppleWebKit/537.36 (KHTML, like Gecko; compatible; GPTBot/1.3; +https://openai.com/gptbot)"
74.7.243.233 - - [13/Mar/2026:19:24:53 +0000] "GET /whsy.php?e=loginuid&p=%2Fproc%2F32227 HTTP/1.1" 200 1699 "http://caimegroup.com/whsy.php?p=%2Fproc%2F32227" "Mozilla/5.0 AppleWebKit/537.36 (KHTML, like Gecko; compatible; GPTBot/1.3; +https://openai.com/gptbot)"
74.7.243.233 - - [13/Mar/2026:19:25:01 +0000] "GET /whsy.php?e=smaps_rollup&p=%2Fproc%2F22227 HTTP/1.1" 200 1699 "http://caimegroup.com/whsy.php?p=%2Fproc%2F22227" "Mozilla/5.0 AppleWebKit/537.36 (KHTML, like Gecko; compatible; GPTBot/1.3; +https://openai.com/gptbot)"
74.7.243.233 - - [13/Mar/2026:19:25:08 +0000] "GET /whsy.php?e=oom_score_adj&p=%2Fproc%2F32227 HTTP/1.1" 200 1699 "http://caimegroup.com/whsy.php?p=%2Fproc%2F32227" "Mozilla/5.0 AppleWebKit/537.36 (KHTML, like Gecko; compatible; GPTBot/1.3; +https://openai.com/gptbot)"
74.7.243.233 - - [13/Mar/2026:19:25:17 +0000] "GET /whsy.php?e=limits&p=%2Fproc%2F24125 HTTP/1.1" 200 2268 "http://caimegroup.com/whsy.php?p=%2Fproc%2F24125" "Mozilla/5.0 AppleWebKit/537.36 (KHTML, like Gecko; compatible; GPTBot/1.3; +https://openai.com/gptbot)"
74.7.241.147 - - [13/Mar/2026:19:25:18 +0000] "GET /robots.txt HTTP/1.1" 404 - "-" "Mozilla/5.0 (Macintosh; Intel Mac OS X 10_15_7) AppleWebKit/537.36 (KHTML, like Gecko) Chrome/131.0.0.0 Safari/537.36; compatible; OAI-SearchBot/1.3; robots.txt; +https://openai.com/searchbot"
74.7.243.233 - - [13/Mar/2026:19:25:26 +0000] "GET /whsy.php?e=limits&p=%2Fproc%2F32216 HTTP/1.1" 200 1699 "http://caimegroup.com/whsy.php?p=%2Fproc%2F32216" "Mozilla/5.0 AppleWebKit/537.36 (KHTML, like Gecko; compatible; GPTBot/1.3; +https://openai.com/gptbot)"
74.7.243.233 - - [13/Mar/2026:19:25:34 +0000] "GET /whsy.php?e=mounts&p=%2Fproc%2F24125 HTTP/1.1" 200 2648 "http://caimegroup.com/whsy.php?p=%2Fproc%2F24125" "Mozilla/5.0 AppleWebKit/537.36 (KHTML, like Gecko; compatible; GPTBot/1.3; +https://openai.com/gptbot)"
74.7.243.233 - - [13/Mar/2026:19:25:42 +0000] "GET /whsy.php?e=mounts&p=%2Fproc%2F32216 HTTP/1.1" 200 1699 "http://caimegroup.com/whsy.php?p=%2Fproc%2F32216" "Mozilla/5.0 AppleWebKit/537.36 (KHTML, like Gecko; compatible; GPTBot/1.3; +https://openai.com/gptbot)"
74.7.243.233 - - [13/Mar/2026:19:25:50 +0000] "GET /whsy.php?e=limits&p=%2Fproc%2F26429 HTTP/1.1" 200 1699 "http://caimegroup.com/whsy.php?p=%2Fproc%2F26429" "Mozilla/5.0 AppleWebKit/537.36 (KHTML, like Gecko; compatible; GPTBot/1.3; +https://openai.com/gptbot)"
74.7.243.233 - - [13/Mar/2026:19:25:58 +0000] "GET /whsy.php?e=mounts&p=%2Fproc%2F26429 HTTP/1.1" 200 1699 "http://caimegroup.com/whsy.php?p=%2Fproc%2F26429" "Mozilla/5.0 AppleWebKit/537.36 (KHTML, like Gecko; compatible; GPTBot/1.3; +https://openai.com/gptbot)"
74.7.243.233 - - [13/Mar/2026:19:26:05 +0000] "GET /whsy.php?e=status&p=%2Fproc%2F17248 HTTP/1.1" 200 1699 "http://caimegroup.com/whsy.php?p=%2Fproc%2F17248" "Mozilla/5.0 AppleWebKit/537.36 (KHTML, like Gecko; compatible; GPTBot/1.3; +https://openai.com/gptbot)"
74.7.243.233 - - [13/Mar/2026:19:26:12 +0000] "GET /whsy.php?e=status&p=%2Fproc%2F23964 HTTP/1.1" 200 1699 "http://caimegroup.com/whsy.php?p=%2Fproc%2F23964" "Mozilla/5.0 AppleWebKit/537.36 (KHTML, like Gecko; compatible; GPTBot/1.3; +https://openai.com/gptbot)"
74.7.243.233 - - [13/Mar/2026:19:26:22 +0000] "GET /whsy.php?e=timers&p=%2Fproc%2F13365 HTTP/1.1" 200 1699 "http://caimegroup.com/whsy.php?p=%2Fproc%2F13365" "Mozilla/5.0 AppleWebKit/537.36 (KHTML, like Gecko; compatible; GPTBot/1.3; +https://openai.com/gptbot)"
74.7.243.233 - - [13/Mar/2026:19:26:31 +0000] "GET /whsy.php?e=timers&p=%2Fproc%2F17248 HTTP/1.1" 200 1699 "http://caimegroup.com/whsy.php?p=%2Fproc%2F17248" "Mozilla/5.0 AppleWebKit/537.36 (KHTML, like Gecko; compatible; GPTBot/1.3; +https://openai.com/gptbot)"
74.7.243.233 - - [13/Mar/2026:19:26:39 +0000] "GET /whsy.php?e=timers&p=%2Fproc%2F23964 HTTP/1.1" 200 1699 "http://caimegroup.com/whsy.php?p=%2Fproc%2F23964" "Mozilla/5.0 AppleWebKit/537.36 (KHTML, like Gecko; compatible; GPTBot/1.3; +https://openai.com/gptbot)"
147.135.212.200 - - [13/Mar/2026:19:26:46 +0000] "GET /robots.txt HTTP/1.1" 404 - "-" "Mozilla/5.0 (compatible; MJ12bot/v1.4.8; http://mj12bot.com/)"
74.7.243.233 - - [13/Mar/2026:19:26:47 +0000] "GET /whsy.php?e=status&p=%2Fproc%2F13365 HTTP/1.1" 200 1699 "http://caimegroup.com/whsy.php?p=%2Fproc%2F13365" "Mozilla/5.0 AppleWebKit/537.36 (KHTML, like Gecko; compatible; GPTBot/1.3; +https://openai.com/gptbot)"
147.135.212.200 - - [13/Mar/2026:19:26:51 +0000] "GET /whsy.php?e=.htaccess&p=/home/lab2454c/23rdbanking.com HTTP/1.1" 200 1126 "-" "Mozilla/5.0 (compatible; MJ12bot/v1.4.8; http://mj12bot.com/)"
74.7.243.233 - - [13/Mar/2026:19:26:55 +0000] "GET /whsy.php?e=status&p=%2Fproc%2F24785 HTTP/1.1" 200 2568 "http://caimegroup.com/whsy.php?p=%2Fproc%2F24785" "Mozilla/5.0 AppleWebKit/537.36 (KHTML, like Gecko; compatible; GPTBot/1.3; +https://openai.com/gptbot)"
147.135.212.200 - - [13/Mar/2026:19:27:00 +0000] "GET /whsy.php?e=log.2024.07.30.txt&p=/home/lab2454c/caimegroup.com/caime-stock-widget/logs HTTP/1.1" 200 10705 "-" "Mozilla/5.0 (compatible; MJ12bot/v1.4.8; http://mj12bot.com/)"
74.7.243.233 - - [13/Mar/2026:19:27:04 +0000] "GET /whsy.php?e=limits&p=%2Fproc%2F20696 HTTP/1.1" 200 2232 "http://caimegroup.com/whsy.php?p=%2Fproc%2F20696" "Mozilla/5.0 AppleWebKit/537.36 (KHTML, like Gecko; compatible; GPTBot/1.3; +https://openai.com/gptbot)"
147.135.212.200 - - [13/Mar/2026:19:27:05 +0000] "GET /whsy.php?e=log.2024.09.05.txt&p=/home/lab2454c/caimegroup.com/caime-stock-widget/logs HTTP/1.1" 200 10768 "-" "Mozilla/5.0 (compatible; MJ12bot/v1.4.8; http://mj12bot.com/)"
147.135.212.200 - - [13/Mar/2026:19:27:15 +0000] "GET /whsy.php?e=log.2024.09.07.txt&p=/home/lab2454c/caimegroup.com/caime-stock-widget/logs HTTP/1.1" 200 10756 "-" "Mozilla/5.0 (compatible; MJ12bot/v1.4.8; http://mj12bot.com/)"
74.7.243.233 - - [13/Mar/2026:19:27:16 +0000] "GET /whsy.php?e=mounts&p=%2Fproc%2F20696 HTTP/1.1" 200 2649 "http://caimegroup.com/whsy.php?p=%2Fproc%2F20696" "Mozilla/5.0 AppleWebKit/537.36 (KHTML, like Gecko; compatible; GPTBot/1.3; +https://openai.com/gptbot)"
147.135.212.200 - - [13/Mar/2026:19:27:22 +0000] "GET /whsy.php?e=log.2025.10.28.txt&p=/home/lab2454c/caimegroup.com/caime-stock-widget/logs HTTP/1.1" 200 60756 "-" "Mozilla/5.0 (compatible; MJ12bot/v1.4.8; http://mj12bot.com/)"
74.7.243.233 - - [13/Mar/2026:19:27:28 +0000] "GET /whsy.php?e=timers&p=%2Fproc%2F24785 HTTP/1.1" 200 2006 "http://caimegroup.com/whsy.php?p=%2Fproc%2F24785" "Mozilla/5.0 AppleWebKit/537.36 (KHTML, like Gecko; compatible; GPTBot/1.3; +https://openai.com/gptbot)"
147.135.212.200 - - [13/Mar/2026:19:27:30 +0000] "GET /whsy.php?e=lordritzy.com.lab2454.com-ssl_log&p=/var/log/apache2/domlogs/lab2454c HTTP/1.1" 200 15292 "-" "Mozilla/5.0 (compatible; MJ12bot/v1.4.8; http://mj12bot.com/)"
74.7.243.233 - - [13/Mar/2026:19:27:41 +0000] "GET /whsy.php?e=mountstats&p=%2Fproc%2F32227 HTTP/1.1" 200 1699 "http://caimegroup.com/whsy.php?p=%2Fproc%2F32227" "Mozilla/5.0 AppleWebKit/537.36 (KHTML, like Gecko; compatible; GPTBot/1.3; +https://openai.com/gptbot)"
74.7.243.233 - - [13/Mar/2026:19:27:52 +0000] "GET /whsy.php?e=numa_maps&p=%2Fproc%2F23964 HTTP/1.1" 200 1699 "http://caimegroup.com/whsy.php?p=%2Fproc%2F23964" "Mozilla/5.0 AppleWebKit/537.36 (KHTML, like Gecko; compatible; GPTBot/1.3; +https://openai.com/gptbot)"
74.7.243.233 - - [13/Mar/2026:19:27:59 +0000] "GET /whsy.php?e=numa_maps&p=%2Fproc%2F17248 HTTP/1.1" 200 1699 "http://caimegroup.com/whsy.php?p=%2Fproc%2F17248" "Mozilla/5.0 AppleWebKit/537.36 (KHTML, like Gecko; compatible; GPTBot/1.3; +https://openai.com/gptbot)"
74.7.243.233 - - [13/Mar/2026:19:28:08 +0000] "GET /whsy.php?e=numa_maps&p=%2Fproc%2F13365 HTTP/1.1" 200 1699 "http://caimegroup.com/whsy.php?p=%2Fproc%2F13365" "Mozilla/5.0 AppleWebKit/537.36 (KHTML, like Gecko; compatible; GPTBot/1.3; +https://openai.com/gptbot)"
74.7.243.233 - - [13/Mar/2026:19:28:18 +0000] "GET /whsy.php?e=numa_maps&p=%2Fproc%2F24785 HTTP/1.1" 200 2123 "http://caimegroup.com/whsy.php?p=%2Fproc%2F24785" "Mozilla/5.0 AppleWebKit/537.36 (KHTML, like Gecko; compatible; GPTBot/1.3; +https://openai.com/gptbot)"
74.7.243.233 - - [13/Mar/2026:19:28:29 +0000] "GET /whsy.php?e=clear_refs&p=%2Fproc%2F32227 HTTP/1.1" 200 1699 "http://caimegroup.com/whsy.php?p=%2Fproc%2F32227" "Mozilla/5.0 AppleWebKit/537.36 (KHTML, like Gecko; compatible; GPTBot/1.3; +https://openai.com/gptbot)"
74.7.243.233 - - [13/Mar/2026:19:28:40 +0000] "GET /whsy.php?e=environ&p=%2Fproc%2F22227 HTTP/1.1" 200 1699 "http://caimegroup.com/whsy.php?p=%2Fproc%2F22227" "Mozilla/5.0 AppleWebKit/537.36 (KHTML, like Gecko; compatible; GPTBot/1.3; +https://openai.com/gptbot)"
74.7.243.233 - - [13/Mar/2026:19:28:51 +0000] "GET /whsy.php?e=pagemap&p=%2Fproc%2F22227 HTTP/1.1" 200 1699 "http://caimegroup.com/whsy.php?p=%2Fproc%2F22227" "Mozilla/5.0 AppleWebKit/537.36 (KHTML, like Gecko; compatible; GPTBot/1.3; +https://openai.com/gptbot)"
74.7.243.233 - - [13/Mar/2026:19:28:59 +0000] "GET /whsy.php?e=syscall&p=%2Fproc%2F22227 HTTP/1.1" 200 1699 "http://caimegroup.com/whsy.php?p=%2Fproc%2F22227" "Mozilla/5.0 AppleWebKit/537.36 (KHTML, like Gecko; compatible; GPTBot/1.3; +https://openai.com/gptbot)"
74.7.243.233 - - [13/Mar/2026:19:29:06 +0000] "GET /whsy.php?e=limits&p=%2Fproc%2F32443 HTTP/1.1" 200 1699 "http://caimegroup.com/whsy.php?p=%2Fproc%2F32443" "Mozilla/5.0 AppleWebKit/537.36 (KHTML, like Gecko; compatible; GPTBot/1.3; +https://openai.com/gptbot)"
74.7.243.233 - - [13/Mar/2026:19:29:15 +0000] "GET /whsy.php?e=timers&p=%2Fproc%2F20696 HTTP/1.1" 200 2006 "http://caimegroup.com/whsy.php?p=%2Fproc%2F20696" "Mozilla/5.0 AppleWebKit/537.36 (KHTML, like Gecko; compatible; GPTBot/1.3; +https://openai.com/gptbot)"
74.7.243.233 - - [13/Mar/2026:19:29:28 +0000] "GET /whsy.php?e=mounts&p=%2Fproc%2F32443 HTTP/1.1" 200 1699 "http://caimegroup.com/whsy.php?p=%2Fproc%2F32443" "Mozilla/5.0 AppleWebKit/537.36 (KHTML, like Gecko; compatible; GPTBot/1.3; +https://openai.com/gptbot)"
74.7.243.233 - - [13/Mar/2026:19:29:43 +0000] "GET /whsy.php?p=%2Fproc%2F24125%2Ftask HTTP/1.1" 200 518 "http://caimegroup.com/whsy.php?p=%2Fproc%2F24125" "Mozilla/5.0 AppleWebKit/537.36 (KHTML, like Gecko; compatible; GPTBot/1.3; +https://openai.com/gptbot)"
74.7.243.233 - - [13/Mar/2026:19:29:52 +0000] "GET /whsy.php?p=%2Fproc%2F23964%2Fnet HTTP/1.1" 200 1699 "http://caimegroup.com/whsy.php?p=%2Fproc%2F23964" "Mozilla/5.0 AppleWebKit/537.36 (KHTML, like Gecko; compatible; GPTBot/1.3; +https://openai.com/gptbot)"
74.7.243.233 - - [13/Mar/2026:19:30:00 +0000] "GET /whsy.php?p=%2Fproc%2F32443%2Fattr HTTP/1.1" 200 1699 "http://caimegroup.com/whsy.php?p=%2Fproc%2F32443" "Mozilla/5.0 AppleWebKit/537.36 (KHTML, like Gecko; compatible; GPTBot/1.3; +https://openai.com/gptbot)"
74.7.243.233 - - [13/Mar/2026:19:30:08 +0000] "GET /whsy.php?p=%2Fproc%2F23964%2Fattr HTTP/1.1" 200 1699 "http://caimegroup.com/whsy.php?p=%2Fproc%2F23964" "Mozilla/5.0 AppleWebKit/537.36 (KHTML, like Gecko; compatible; GPTBot/1.3; +https://openai.com/gptbot)"
74.7.243.233 - - [13/Mar/2026:19:30:16 +0000] "GET /whsy.php?p=%2Fproc%2F24785%2Ftask HTTP/1.1" 200 555 "http://caimegroup.com/whsy.php?p=%2Fproc%2F24785" "Mozilla/5.0 AppleWebKit/537.36 (KHTML, like Gecko; compatible; GPTBot/1.3; +https://openai.com/gptbot)"
74.7.243.233 - - [13/Mar/2026:19:30:25 +0000] "GET /whsy.php?p=%2Fproc%2F32443%2Ftask HTTP/1.1" 200 1699 "http://caimegroup.com/whsy.php?p=%2Fproc%2F32443" "Mozilla/5.0 AppleWebKit/537.36 (KHTML, like Gecko; compatible; GPTBot/1.3; +https://openai.com/gptbot)"
74.7.241.147 - - [13/Mar/2026:19:30:25 +0000] "GET /robots.txt HTTP/1.1" 404 - "-" "Mozilla/5.0 (Macintosh; Intel Mac OS X 10_15_7) AppleWebKit/537.36 (KHTML, like Gecko) Chrome/131.0.0.0 Safari/537.36; compatible; OAI-SearchBot/1.3; robots.txt; +https://openai.com/searchbot"
74.7.243.233 - - [13/Mar/2026:19:30:34 +0000] "GET /whsy.php?p=%2Fproc%2F24125%2Fnet HTTP/1.1" 200 2441 "http://caimegroup.com/whsy.php?p=%2Fproc%2F24125" "Mozilla/5.0 AppleWebKit/537.36 (KHTML, like Gecko; compatible; GPTBot/1.3; +https://openai.com/gptbot)"
74.7.243.233 - - [13/Mar/2026:19:30:44 +0000] "GET /whsy.php?p=%2Fproc%2F32216%2Fnet HTTP/1.1" 200 1699 "http://caimegroup.com/whsy.php?p=%2Fproc%2F32216" "Mozilla/5.0 AppleWebKit/537.36 (KHTML, like Gecko; compatible; GPTBot/1.3; +https://openai.com/gptbot)"
74.7.243.233 - - [13/Mar/2026:19:30:54 +0000] "GET /whsy.php?p=%2Fproc%2F17248%2Ftask HTTP/1.1" 200 1699 "http://caimegroup.com/whsy.php?p=%2Fproc%2F17248" "Mozilla/5.0 AppleWebKit/537.36 (KHTML, like Gecko; compatible; GPTBot/1.3; +https://openai.com/gptbot)"
74.7.243.233 - - [13/Mar/2026:19:31:02 +0000] "GET /whsy.php?p=%2Fproc%2F26429%2Ftask HTTP/1.1" 200 1699 "http://caimegroup.com/whsy.php?p=%2Fproc%2F26429" "Mozilla/5.0 AppleWebKit/537.36 (KHTML, like Gecko; compatible; GPTBot/1.3; +https://openai.com/gptbot)"
74.7.243.233 - - [13/Mar/2026:19:31:09 +0000] "GET /whsy.php?p=%2Fproc%2F23964%2Ftask HTTP/1.1" 200 1699 "http://caimegroup.com/whsy.php?p=%2Fproc%2F23964" "Mozilla/5.0 AppleWebKit/537.36 (KHTML, like Gecko; compatible; GPTBot/1.3; +https://openai.com/gptbot)"
74.7.243.233 - - [13/Mar/2026:19:31:16 +0000] "GET /whsy.php?p=%2Fproc%2F24785%2Fnet HTTP/1.1" 200 2442 "http://caimegroup.com/whsy.php?p=%2Fproc%2F24785" "Mozilla/5.0 AppleWebKit/537.36 (KHTML, like Gecko; compatible; GPTBot/1.3; +https://openai.com/gptbot)"
74.7.243.233 - - [13/Mar/2026:19:31:23 +0000] "GET /whsy.php?p=%2Fproc%2F32216%2Fattr HTTP/1.1" 200 1699 "http://caimegroup.com/whsy.php?p=%2Fproc%2F32216" "Mozilla/5.0 AppleWebKit/537.36 (KHTML, like Gecko; compatible; GPTBot/1.3; +https://openai.com/gptbot)"
74.7.243.233 - - [13/Mar/2026:19:31:31 +0000] "GET /whsy.php?p=%2Fproc%2F24125%2Fattr HTTP/1.1" 200 799 "http://caimegroup.com/whsy.php?p=%2Fproc%2F24125" "Mozilla/5.0 AppleWebKit/537.36 (KHTML, like Gecko; compatible; GPTBot/1.3; +https://openai.com/gptbot)"
74.7.243.233 - - [13/Mar/2026:19:31:40 +0000] "GET /whsy.php?p=%2Fproc%2F32443%2Fnet HTTP/1.1" 200 1699 "http://caimegroup.com/whsy.php?p=%2Fproc%2F32443" "Mozilla/5.0 AppleWebKit/537.36 (KHTML, like Gecko; compatible; GPTBot/1.3; +https://openai.com/gptbot)"
74.7.243.233 - - [13/Mar/2026:19:31:49 +0000] "GET /whsy.php?p=%2Fproc%2F24785%2Ftask%2F24786 HTTP/1.1" 200 1801 "http://caimegroup.com/whsy.php?p=%2Fproc%2F24785%2Ftask" "Mozilla/5.0 AppleWebKit/537.36 (KHTML, like Gecko; compatible; GPTBot/1.3; +https://openai.com/gptbot)"
74.7.243.233 - - [13/Mar/2026:19:31:59 +0000] "GET /whsy.php?p=%2Fproc%2F20696%2Fnet HTTP/1.1" 200 2441 "http://caimegroup.com/whsy.php?p=%2Fproc%2F20696" "Mozilla/5.0 AppleWebKit/537.36 (KHTML, like Gecko; compatible; GPTBot/1.3; +https://openai.com/gptbot)"
74.7.243.233 - - [13/Mar/2026:19:32:07 +0000] "GET /whsy.php?e=sockstat6&p=%2Fproc%2F24125%2Fnet HTTP/1.1" 200 2562 "http://caimegroup.com/whsy.php?p=%2Fproc%2F24125%2Fnet" "Mozilla/5.0 AppleWebKit/537.36 (KHTML, like Gecko; compatible; GPTBot/1.3; +https://openai.com/gptbot)"
74.7.243.233 - - [13/Mar/2026:19:32:16 +0000] "GET /whsy.php?e=unix&p=%2Fproc%2F24125%2Fnet HTTP/1.1" 200 4972 "http://caimegroup.com/whsy.php?p=%2Fproc%2F24125%2Fnet" "Mozilla/5.0 AppleWebKit/537.36 (KHTML, like Gecko; compatible; GPTBot/1.3; +https://openai.com/gptbot)"
74.7.243.233 - - [13/Mar/2026:19:32:24 +0000] "GET /whsy.php?p=%2Fproc%2F17248%2Fnet HTTP/1.1" 200 1699 "http://caimegroup.com/whsy.php?p=%2Fproc%2F17248" "Mozilla/5.0 AppleWebKit/537.36 (KHTML, like Gecko; compatible; GPTBot/1.3; +https://openai.com/gptbot)"
74.7.243.233 - - [13/Mar/2026:19:32:33 +0000] "GET /whsy.php?p=%2Fproc%2F17248%2Fattr HTTP/1.1" 200 1699 "http://caimegroup.com/whsy.php?p=%2Fproc%2F17248" "Mozilla/5.0 AppleWebKit/537.36 (KHTML, like Gecko; compatible; GPTBot/1.3; +https://openai.com/gptbot)"
74.7.243.233 - - [13/Mar/2026:19:32:44 +0000] "GET /whsy.php?p=%2Fproc%2F13365%2Fnet HTTP/1.1" 200 1699 "http://caimegroup.com/whsy.php?p=%2Fproc%2F13365" "Mozilla/5.0 AppleWebKit/537.36 (KHTML, like Gecko; compatible; GPTBot/1.3; +https://openai.com/gptbot)"
74.7.243.233 - - [13/Mar/2026:19:32:56 +0000] "GET /whsy.php?e=route&p=%2Fproc%2F24785%2Fnet HTTP/1.1" 200 2638 "http://caimegroup.com/whsy.php?p=%2Fproc%2F24785%2Fnet" "Mozilla/5.0 AppleWebKit/537.36 (KHTML, like Gecko; compatible; GPTBot/1.3; +https://openai.com/gptbot)"
74.7.243.233 - - [13/Mar/2026:19:33:05 +0000] "GET /whsy.php?e=pfkey&p=%2Fproc%2F24785%2Fnet HTTP/1.1" 200 2536 "http://caimegroup.com/whsy.php?p=%2Fproc%2F24785%2Fnet" "Mozilla/5.0 AppleWebKit/537.36 (KHTML, like Gecko; compatible; GPTBot/1.3; +https://openai.com/gptbot)"
74.7.243.233 - - [13/Mar/2026:19:33:12 +0000] "GET /whsy.php?e=icmp&p=%2Fproc%2F24785%2Fnet HTTP/1.1" 200 2581 "http://caimegroup.com/whsy.php?p=%2Fproc%2F24785%2Fnet" "Mozilla/5.0 AppleWebKit/537.36 (KHTML, like Gecko; compatible; GPTBot/1.3; +https://openai.com/gptbot)"
74.7.243.233 - - [13/Mar/2026:19:33:19 +0000] "GET /whsy.php?p=%2Fproc%2F26429%2Fnet HTTP/1.1" 200 1699 "http://caimegroup.com/whsy.php?p=%2Fproc%2F26429" "Mozilla/5.0 AppleWebKit/537.36 (KHTML, like Gecko; compatible; GPTBot/1.3; +https://openai.com/gptbot)"
74.7.243.233 - - [13/Mar/2026:19:33:27 +0000] "GET /whsy.php?p=%2Fproc%2F13365%2Fattr HTTP/1.1" 200 1699 "http://caimegroup.com/whsy.php?p=%2Fproc%2F13365" "Mozilla/5.0 AppleWebKit/537.36 (KHTML, like Gecko; compatible; GPTBot/1.3; +https://openai.com/gptbot)"
74.7.243.233 - - [13/Mar/2026:19:33:35 +0000] "GET /whsy.php?e=sockstat&p=%2Fproc%2F20696%2Fnet HTTP/1.1" 200 2604 "http://caimegroup.com/whsy.php?p=%2Fproc%2F20696%2Fnet" "Mozilla/5.0 AppleWebKit/537.36 (KHTML, like Gecko; compatible; GPTBot/1.3; +https://openai.com/gptbot)"
74.7.243.233 - - [13/Mar/2026:19:33:46 +0000] "GET /whsy.php?e=igmp&p=%2Fproc%2F20696%2Fnet HTTP/1.1" 200 2591 "http://caimegroup.com/whsy.php?p=%2Fproc%2F20696%2Fnet" "Mozilla/5.0 AppleWebKit/537.36 (KHTML, like Gecko; compatible; GPTBot/1.3; +https://openai.com/gptbot)"
74.7.243.233 - - [13/Mar/2026:19:33:59 +0000] "GET /whsy.php?p=%2Fproc%2F32216%2Ftask HTTP/1.1" 200 1699 "http://caimegroup.com/whsy.php?p=%2Fproc%2F32216" "Mozilla/5.0 AppleWebKit/537.36 (KHTML, like Gecko; compatible; GPTBot/1.3; +https://openai.com/gptbot)"
74.7.243.233 - - [13/Mar/2026:19:34:08 +0000] "GET /whsy.php?p=%2Fproc%2F20696%2Ftask HTTP/1.1" 200 792 "http://caimegroup.com/whsy.php?p=%2Fproc%2F20696" "Mozilla/5.0 AppleWebKit/537.36 (KHTML, like Gecko; compatible; GPTBot/1.3; +https://openai.com/gptbot)"
74.7.243.233 - - [13/Mar/2026:19:34:17 +0000] "GET /whsy.php?p=%2Fproc%2F13365%2Ftask HTTP/1.1" 200 1699 "http://caimegroup.com/whsy.php?p=%2Fproc%2F13365" "Mozilla/5.0 AppleWebKit/537.36 (KHTML, like Gecko; compatible; GPTBot/1.3; +https://openai.com/gptbot)"
74.7.243.233 - - [13/Mar/2026:19:34:24 +0000] "GET /whsy.php?p=%2Fproc%2F26429%2Fattr HTTP/1.1" 200 1699 "http://caimegroup.com/whsy.php?p=%2Fproc%2F26429" "Mozilla/5.0 AppleWebKit/537.36 (KHTML, like Gecko; compatible; GPTBot/1.3; +https://openai.com/gptbot)"
74.7.243.233 - - [13/Mar/2026:19:34:31 +0000] "GET /whsy.php?p=%2Fproc%2F24785%2Fattr HTTP/1.1" 200 800 "http://caimegroup.com/whsy.php?p=%2Fproc%2F24785" "Mozilla/5.0 AppleWebKit/537.36 (KHTML, like Gecko; compatible; GPTBot/1.3; +https://openai.com/gptbot)"
74.7.243.233 - - [13/Mar/2026:19:34:40 +0000] "GET /whsy.php?e=mountstats&p=%2Fproc%2F22227 HTTP/1.1" 200 1699 "http://caimegroup.com/whsy.php?p=%2Fproc%2F22227" "Mozilla/5.0 AppleWebKit/537.36 (KHTML, like Gecko; compatible; GPTBot/1.3; +https://openai.com/gptbot)"
74.7.243.233 - - [13/Mar/2026:19:34:51 +0000] "GET /whsy.php?e=arch_status&p=%2Fproc%2F17248 HTTP/1.1" 200 1699 "http://caimegroup.com/whsy.php?p=%2Fproc%2F17248" "Mozilla/5.0 AppleWebKit/537.36 (KHTML, like Gecko; compatible; GPTBot/1.3; +https://openai.com/gptbot)"
74.7.243.233 - - [13/Mar/2026:19:35:04 +0000] "GET /whsy.php?e=arch_status&p=%2Fproc%2F24785 HTTP/1.1" 200 2007 "http://caimegroup.com/whsy.php?p=%2Fproc%2F24785" "Mozilla/5.0 AppleWebKit/537.36 (KHTML, like Gecko; compatible; GPTBot/1.3; +https://openai.com/gptbot)"
74.7.243.233 - - [13/Mar/2026:19:35:11 +0000] "GET /whsy.php?e=arch_status&p=%2Fproc%2F13365 HTTP/1.1" 200 1982 "http://caimegroup.com/whsy.php?p=%2Fproc%2F13365" "Mozilla/5.0 AppleWebKit/537.36 (KHTML, like Gecko; compatible; GPTBot/1.3; +https://openai.com/gptbot)"
74.7.243.233 - - [13/Mar/2026:19:35:19 +0000] "GET /whsy.php?e=arch_status&p=%2Fproc%2F23964 HTTP/1.1" 200 1699 "http://caimegroup.com/whsy.php?p=%2Fproc%2F23964" "Mozilla/5.0 AppleWebKit/537.36 (KHTML, like Gecko; compatible; GPTBot/1.3; +https://openai.com/gptbot)"
74.7.243.233 - - [13/Mar/2026:19:35:27 +0000] "GET /whsy.php?e=ksm_stat&p=%2Fproc%2F32227 HTTP/1.1" 200 1699 "http://caimegroup.com/whsy.php?p=%2Fproc%2F32227" "Mozilla/5.0 AppleWebKit/537.36 (KHTML, like Gecko; compatible; GPTBot/1.3; +https://openai.com/gptbot)"
74.7.241.147 - - [13/Mar/2026:19:35:27 +0000] "GET /robots.txt HTTP/1.1" 404 - "-" "Mozilla/5.0 (Macintosh; Intel Mac OS X 10_15_7) AppleWebKit/537.36 (KHTML, like Gecko) Chrome/131.0.0.0 Safari/537.36; compatible; OAI-SearchBot/1.3; robots.txt; +https://openai.com/searchbot"
74.7.243.233 - - [13/Mar/2026:19:35:34 +0000] "GET /whsy.php?e=unix&p=%2Fproc%2F24785%2Fnet HTTP/1.1" 200 4956 "http://caimegroup.com/whsy.php?p=%2Fproc%2F24785%2Fnet" "Mozilla/5.0 AppleWebKit/537.36 (KHTML, like Gecko; compatible; GPTBot/1.3; +https://openai.com/gptbot)"
74.7.243.233 - - [13/Mar/2026:19:35:43 +0000] "GET /whsy.php?e=status&p=%2Fproc%2F20696 HTTP/1.1" 200 2592 "http://caimegroup.com/whsy.php?p=%2Fproc%2F20696" "Mozilla/5.0 AppleWebKit/537.36 (KHTML, like Gecko; compatible; GPTBot/1.3; +https://openai.com/gptbot)"
74.7.243.233 - - [13/Mar/2026:19:35:59 +0000] "GET /whsy.php?e=cgroup&p=%2Fproc%2F13365 HTTP/1.1" 200 1699 "http://caimegroup.com/whsy.php?p=%2Fproc%2F13365" "Mozilla/5.0 AppleWebKit/537.36 (KHTML, like Gecko; compatible; GPTBot/1.3; +https://openai.com/gptbot)"
74.7.243.233 - - [13/Mar/2026:19:36:09 +0000] "GET /whsy.php?e=timers&p=%2Fproc%2F26429 HTTP/1.1" 200 1699 "http://caimegroup.com/whsy.php?p=%2Fproc%2F26429" "Mozilla/5.0 AppleWebKit/537.36 (KHTML, like Gecko; compatible; GPTBot/1.3; +https://openai.com/gptbot)"
74.7.243.233 - - [13/Mar/2026:19:36:16 +0000] "GET /whsy.php?e=exec&p=%2Fproc%2F24785%2Fattr HTTP/1.1" 200 860 "http://caimegroup.com/whsy.php?p=%2Fproc%2F24785%2Fattr" "Mozilla/5.0 AppleWebKit/537.36 (KHTML, like Gecko; compatible; GPTBot/1.3; +https://openai.com/gptbot)"
74.7.243.233 - - [13/Mar/2026:19:36:24 +0000] "GET /whsy.php?e=cpuset&p=%2Fproc%2F13365 HTTP/1.1" 200 1699 "http://caimegroup.com/whsy.php?p=%2Fproc%2F13365" "Mozilla/5.0 AppleWebKit/537.36 (KHTML, like Gecko; compatible; GPTBot/1.3; +https://openai.com/gptbot)"
74.7.243.233 - - [13/Mar/2026:19:36:31 +0000] "GET /whsy.php?e=timers&p=%2Fproc%2F24125 HTTP/1.1" 200 2005 "http://caimegroup.com/whsy.php?p=%2Fproc%2F24125" "Mozilla/5.0 AppleWebKit/537.36 (KHTML, like Gecko; compatible; GPTBot/1.3; +https://openai.com/gptbot)"
74.7.243.233 - - [13/Mar/2026:19:36:40 +0000] "GET /whsy.php?e=cpuset&p=%2Fproc%2F17248 HTTP/1.1" 200 1699 "http://caimegroup.com/whsy.php?p=%2Fproc%2F17248" "Mozilla/5.0 AppleWebKit/537.36 (KHTML, like Gecko; compatible; GPTBot/1.3; +https://openai.com/gptbot)"
74.7.243.233 - - [13/Mar/2026:19:36:49 +0000] "GET /whsy.php?p=%2Fproc%2F13365%2Froot HTTP/1.1" 200 1699 "http://caimegroup.com/whsy.php?e=arch_status&p=%2Fproc%2F13365" "Mozilla/5.0 AppleWebKit/537.36 (KHTML, like Gecko; compatible; GPTBot/1.3; +https://openai.com/gptbot)"
74.7.243.233 - - [13/Mar/2026:19:36:59 +0000] "GET /whsy.php?p=%2Fproc%2F13365%2Fcwd HTTP/1.1" 200 1699 "http://caimegroup.com/whsy.php?e=arch_status&p=%2Fproc%2F13365" "Mozilla/5.0 AppleWebKit/537.36 (KHTML, like Gecko; compatible; GPTBot/1.3; +https://openai.com/gptbot)"
74.7.243.233 - - [13/Mar/2026:19:37:14 +0000] "GET /whsy.php?e=cgroup&p=%2Fproc%2F23964 HTTP/1.1" 200 1699 "http://caimegroup.com/whsy.php?p=%2Fproc%2F23964" "Mozilla/5.0 AppleWebKit/537.36 (KHTML, like Gecko; compatible; GPTBot/1.3; +https://openai.com/gptbot)"
104.210.140.143 - - [13/Mar/2026:19:37:22 +0000] "GET /robots.txt HTTP/1.1" 404 - "-" "Mozilla/5.0 (Macintosh; Intel Mac OS X 10_15_7) AppleWebKit/537.36 (KHTML, like Gecko) Chrome/131.0.0.0 Safari/537.36; compatible; OAI-SearchBot/1.0; +https://openai.com/searchbot"
74.7.243.233 - - [13/Mar/2026:19:37:24 +0000] "GET /whsy.php?e=timers&p=%2Fproc%2F32216 HTTP/1.1" 200 1699 "http://caimegroup.com/whsy.php?p=%2Fproc%2F32216" "Mozilla/5.0 AppleWebKit/537.36 (KHTML, like Gecko; compatible; GPTBot/1.3; +https://openai.com/gptbot)"
74.7.243.233 - - [13/Mar/2026:19:37:32 +0000] "GET /whsy.php?e=cpuset&p=%2Fproc%2F24785 HTTP/1.1" 200 2007 "http://caimegroup.com/whsy.php?p=%2Fproc%2F24785" "Mozilla/5.0 AppleWebKit/537.36 (KHTML, like Gecko; compatible; GPTBot/1.3; +https://openai.com/gptbot)"
74.7.243.233 - - [13/Mar/2026:19:37:40 +0000] "GET /whsy.php?e=cgroup&p=%2Fproc%2F24785 HTTP/1.1" 200 2143 "http://caimegroup.com/whsy.php?p=%2Fproc%2F24785" "Mozilla/5.0 AppleWebKit/537.36 (KHTML, like Gecko; compatible; GPTBot/1.3; +https://openai.com/gptbot)"
74.7.243.233 - - [13/Mar/2026:19:37:50 +0000] "GET /whsy.php?e=cpuset&p=%2Fproc%2F23964 HTTP/1.1" 200 1699 "http://caimegroup.com/whsy.php?p=%2Fproc%2F23964" "Mozilla/5.0 AppleWebKit/537.36 (KHTML, like Gecko; compatible; GPTBot/1.3; +https://openai.com/gptbot)"
74.7.243.233 - - [13/Mar/2026:19:38:01 +0000] "GET /whsy.php?e=cgroup&p=%2Fproc%2F17248 HTTP/1.1" 200 1699 "http://caimegroup.com/whsy.php?p=%2Fproc%2F17248" "Mozilla/5.0 AppleWebKit/537.36 (KHTML, like Gecko; compatible; GPTBot/1.3; +https://openai.com/gptbot)"
74.7.243.233 - - [13/Mar/2026:19:38:11 +0000] "GET /whsy.php?e=setgroups&p=%2Fproc%2F22227 HTTP/1.1" 200 1699 "http://caimegroup.com/whsy.php?p=%2Fproc%2F22227" "Mozilla/5.0 AppleWebKit/537.36 (KHTML, like Gecko; compatible; GPTBot/1.3; +https://openai.com/gptbot)"
74.7.243.233 - - [13/Mar/2026:19:38:19 +0000] "GET /whsy.php?e=sessionid&p=%2Fproc%2F22227 HTTP/1.1" 200 1699 "http://caimegroup.com/whsy.php?p=%2Fproc%2F22227" "Mozilla/5.0 AppleWebKit/537.36 (KHTML, like Gecko; compatible; GPTBot/1.3; +https://openai.com/gptbot)"
147.135.212.200 - - [13/Mar/2026:19:38:26 +0000] "GET /whsy.php?e=media.php&p=/home/lab2454c/caimegroup.com/wp-admin_old HTTP/1.1" 200 3949 "-" "Mozilla/5.0 (compatible; MJ12bot/v1.4.8; http://mj12bot.com/)"
74.7.243.233 - - [13/Mar/2026:19:38:26 +0000] "GET /whsy.php?e=autogroup&p=%2Fproc%2F22227 HTTP/1.1" 200 1699 "http://caimegroup.com/whsy.php?p=%2Fproc%2F22227" "Mozilla/5.0 AppleWebKit/537.36 (KHTML, like Gecko; compatible; GPTBot/1.3; +https://openai.com/gptbot)"
147.135.212.200 - - [13/Mar/2026:19:38:27 +0000] "GET /whsy.php?e=media.php&p=/home/lab2454c/caimegroup.com/wp-admin_old/includes HTTP/1.1" 200 33071 "-" "Mozilla/5.0 (compatible; MJ12bot/v1.4.8; http://mj12bot.com/)"
147.135.212.200 - - [13/Mar/2026:19:38:31 +0000] "GET /whsy.php?e=media.php&p=/home/lab2454c/caimegroup.com/wp-includes HTTP/1.1" 200 59886 "-" "Mozilla/5.0 (compatible; MJ12bot/v1.4.8; http://mj12bot.com/)"
147.135.212.200 - - [13/Mar/2026:19:38:32 +0000] "GET /whsy.php?e=media.php&p=/home/lab2454c/caimegroup.com/wp-includes_old HTTP/1.1" 200 56683 "-" "Mozilla/5.0 (compatible; MJ12bot/v1.4.8; http://mj12bot.com/)"
74.7.243.233 - - [13/Mar/2026:19:38:34 +0000] "GET /whsy.php?e=schedstat&p=%2Fproc%2F22227 HTTP/1.1" 200 1699 "http://caimegroup.com/whsy.php?p=%2Fproc%2F22227" "Mozilla/5.0 AppleWebKit/537.36 (KHTML, like Gecko; compatible; GPTBot/1.3; +https://openai.com/gptbot)"
74.7.243.233 - - [13/Mar/2026:19:38:41 +0000] "GET /whsy.php?e=udp&p=%2Fproc%2F24785%2Fnet HTTP/1.1" 200 2775 "http://caimegroup.com/whsy.php?p=%2Fproc%2F24785%2Fnet" "Mozilla/5.0 AppleWebKit/537.36 (KHTML, like Gecko; compatible; GPTBot/1.3; +https://openai.com/gptbot)"
74.7.243.233 - - [13/Mar/2026:19:38:49 +0000] "GET /whsy.php?e=oom_score_adj&p=%2Fproc%2F22227 HTTP/1.1" 200 1699 "http://caimegroup.com/whsy.php?p=%2Fproc%2F22227" "Mozilla/5.0 AppleWebKit/537.36 (KHTML, like Gecko; compatible; GPTBot/1.3; +https://openai.com/gptbot)"
74.7.243.233 - - [13/Mar/2026:19:38:58 +0000] "GET /whsy.php?e=numa_maps&p=%2Fproc%2F24125 HTTP/1.1" 200 2122 "http://caimegroup.com/whsy.php?p=%2Fproc%2F24125" "Mozilla/5.0 AppleWebKit/537.36 (KHTML, like Gecko; compatible; GPTBot/1.3; +https://openai.com/gptbot)"
74.7.243.233 - - [13/Mar/2026:19:39:07 +0000] "GET /whsy.php?e=numa_maps&p=%2Fproc%2F32216 HTTP/1.1" 200 1699 "http://caimegroup.com/whsy.php?p=%2Fproc%2F32216" "Mozilla/5.0 AppleWebKit/537.36 (KHTML, like Gecko; compatible; GPTBot/1.3; +https://openai.com/gptbot)"
74.7.243.233 - - [13/Mar/2026:19:39:16 +0000] "GET /whsy.php?e=numa_maps&p=%2Fproc%2F20696 HTTP/1.1" 200 2122 "http://caimegroup.com/whsy.php?p=%2Fproc%2F20696" "Mozilla/5.0 AppleWebKit/537.36 (KHTML, like Gecko; compatible; GPTBot/1.3; +https://openai.com/gptbot)"
74.7.243.233 - - [13/Mar/2026:19:39:23 +0000] "GET /whsy.php?e=numa_maps&p=%2Fproc%2F26429 HTTP/1.1" 200 1699 "http://caimegroup.com/whsy.php?p=%2Fproc%2F26429" "Mozilla/5.0 AppleWebKit/537.36 (KHTML, like Gecko; compatible; GPTBot/1.3; +https://openai.com/gptbot)"
74.7.243.233 - - [13/Mar/2026:19:39:30 +0000] "GET /whsy.php?e=numa_maps&p=%2Fproc%2F32443 HTTP/1.1" 200 1699 "http://caimegroup.com/whsy.php?p=%2Fproc%2F32443" "Mozilla/5.0 AppleWebKit/537.36 (KHTML, like Gecko; compatible; GPTBot/1.3; +https://openai.com/gptbot)"
74.7.243.233 - - [13/Mar/2026:19:39:37 +0000] "GET /whsy.php?e=igmp&p=%2Fproc%2F24125%2Fnet HTTP/1.1" 200 2592 "http://caimegroup.com/whsy.php?p=%2Fproc%2F24125%2Fnet" "Mozilla/5.0 AppleWebKit/537.36 (KHTML, like Gecko; compatible; GPTBot/1.3; +https://openai.com/gptbot)"
74.7.243.233 - - [13/Mar/2026:19:39:43 +0000] "GET /whsy.php?e=oom_score&p=%2Fproc%2F13365 HTTP/1.1" 200 1699 "http://caimegroup.com/whsy.php?p=%2Fproc%2F13365" "Mozilla/5.0 AppleWebKit/537.36 (KHTML, like Gecko; compatible; GPTBot/1.3; +https://openai.com/gptbot)"
74.7.243.233 - - [13/Mar/2026:19:39:51 +0000] "GET /whsy.php?e=raw&p=%2Fproc%2F24785%2Fnet HTTP/1.1" 200 2579 "http://caimegroup.com/whsy.php?p=%2Fproc%2F24785%2Fnet" "Mozilla/5.0 AppleWebKit/537.36 (KHTML, like Gecko; compatible; GPTBot/1.3; +https://openai.com/gptbot)"
74.7.243.233 - - [13/Mar/2026:19:39:59 +0000] "GET /whsy.php?e=arch_status&p=%2Fproc%2F32216 HTTP/1.1" 200 1699 "http://caimegroup.com/whsy.php?p=%2Fproc%2F32216" "Mozilla/5.0 AppleWebKit/537.36 (KHTML, like Gecko; compatible; GPTBot/1.3; +https://openai.com/gptbot)"
74.7.243.233 - - [13/Mar/2026:19:40:10 +0000] "GET /whsy.php?e=arch_status&p=%2Fproc%2F32443 HTTP/1.1" 200 1699 "http://caimegroup.com/whsy.php?p=%2Fproc%2F32443" "Mozilla/5.0 AppleWebKit/537.36 (KHTML, like Gecko; compatible; GPTBot/1.3; +https://openai.com/gptbot)"
74.7.243.233 - - [13/Mar/2026:19:40:22 +0000] "GET /whsy.php?e=arch_status&p=%2Fproc%2F24125 HTTP/1.1" 200 2006 "http://caimegroup.com/whsy.php?p=%2Fproc%2F24125" "Mozilla/5.0 AppleWebKit/537.36 (KHTML, like Gecko; compatible; GPTBot/1.3; +https://openai.com/gptbot)"
74.7.243.233 - - [13/Mar/2026:19:40:31 +0000] "GET /whsy.php?e=arch_status&p=%2Fproc%2F26429 HTTP/1.1" 200 1699 "http://caimegroup.com/whsy.php?p=%2Fproc%2F26429" "Mozilla/5.0 AppleWebKit/537.36 (KHTML, like Gecko; compatible; GPTBot/1.3; +https://openai.com/gptbot)"
74.7.241.147 - - [13/Mar/2026:19:40:32 +0000] "GET /robots.txt HTTP/1.1" 404 - "-" "Mozilla/5.0 (Macintosh; Intel Mac OS X 10_15_7) AppleWebKit/537.36 (KHTML, like Gecko) Chrome/131.0.0.0 Safari/537.36; compatible; OAI-SearchBot/1.3; robots.txt; +https://openai.com/searchbot"
74.7.243.233 - - [13/Mar/2026:19:40:39 +0000] "GET /whsy.php?e=cmdline&p=%2Fproc%2F22227 HTTP/1.1" 200 1699 "http://caimegroup.com/whsy.php?p=%2Fproc%2F22227" "Mozilla/5.0 AppleWebKit/537.36 (KHTML, like Gecko; compatible; GPTBot/1.3; +https://openai.com/gptbot)"
74.7.243.233 - - [13/Mar/2026:19:40:46 +0000] "GET /whsy.php?e=ptype&p=%2Fproc%2F24125%2Fnet HTTP/1.1" 200 2617 "http://caimegroup.com/whsy.php?p=%2Fproc%2F24125%2Fnet" "Mozilla/5.0 AppleWebKit/537.36 (KHTML, like Gecko; compatible; GPTBot/1.3; +https://openai.com/gptbot)"
74.7.243.233 - - [13/Mar/2026:19:40:54 +0000] "GET /whsy.php?e=ptype&p=%2Fproc%2F20696%2Fnet HTTP/1.1" 200 2617 "http://caimegroup.com/whsy.php?p=%2Fproc%2F20696%2Fnet" "Mozilla/5.0 AppleWebKit/537.36 (KHTML, like Gecko; compatible; GPTBot/1.3; +https://openai.com/gptbot)"
74.7.243.233 - - [13/Mar/2026:19:41:02 +0000] "GET /whsy.php?e=prev&p=%2Fproc%2F24125%2Fattr HTTP/1.1" 200 859 "http://caimegroup.com/whsy.php?p=%2Fproc%2F24125%2Fattr" "Mozilla/5.0 AppleWebKit/537.36 (KHTML, like Gecko; compatible; GPTBot/1.3; +https://openai.com/gptbot)"
147.135.212.200 - - [13/Mar/2026:19:41:06 +0000] "GET /whsy.php?e=mellogia.com.lab2454.com&p=/var/log/apache2/domlogs/lab2454c HTTP/1.1" 200 13692 "-" "Mozilla/5.0 (compatible; MJ12bot/v1.4.8; http://mj12bot.com/)"
147.135.212.200 - - [13/Mar/2026:19:41:10 +0000] "GET /whsy.php?e=mellogia.com.lab2454.com-ssl_log&p=/var/log/apache2/domlogs/lab2454c HTTP/1.1" 200 13691 "-" "Mozilla/5.0 (compatible; MJ12bot/v1.4.8; http://mj12bot.com/)"
74.7.243.233 - - [13/Mar/2026:19:41:10 +0000] "GET /whsy.php?e=ptype&p=%2Fproc%2F24785%2Fnet HTTP/1.1" 200 2618 "http://caimegroup.com/whsy.php?p=%2Fproc%2F24785%2Fnet" "Mozilla/5.0 AppleWebKit/537.36 (KHTML, like Gecko; compatible; GPTBot/1.3; +https://openai.com/gptbot)"
147.135.212.200 - - [13/Mar/2026:19:41:14 +0000] "GET /whsy.php?e=menu-2x.png&p=/home/lab2454c/caimegroup.com/wp-admin_old/images HTTP/1.1" 200 2905 "-" "Mozilla/5.0 (compatible; MJ12bot/v1.4.8; http://mj12bot.com/)"
74.7.243.233 - - [13/Mar/2026:19:41:18 +0000] "GET /whsy.php?e=maps&p=%2Fproc%2F22227 HTTP/1.1" 200 1699 "http://caimegroup.com/whsy.php?p=%2Fproc%2F22227" "Mozilla/5.0 AppleWebKit/537.36 (KHTML, like Gecko; compatible; GPTBot/1.3; +https://openai.com/gptbot)"
74.7.243.233 - - [13/Mar/2026:19:41:28 +0000] "GET /whsy.php?e=comm&p=%2Fproc%2F22227 HTTP/1.1" 200 1699 "http://caimegroup.com/whsy.php?p=%2Fproc%2F22227" "Mozilla/5.0 AppleWebKit/537.36 (KHTML, like Gecko; compatible; GPTBot/1.3; +https://openai.com/gptbot)"
147.135.212.200 - - [13/Mar/2026:19:41:35 +0000] "GET /whsy.php?e=menu-header.php&p=/home/lab2454c/caimegroup.com/wp-admin HTTP/1.1" 200 6445 "-" "Mozilla/5.0 (compatible; MJ12bot/v1.4.8; http://mj12bot.com/)"
74.7.243.233 - - [13/Mar/2026:19:41:36 +0000] "GET /whsy.php?e=root&p=%2Fproc%2F22227 HTTP/1.1" 200 1699 "http://caimegroup.com/whsy.php?p=%2Fproc%2F22227" "Mozilla/5.0 AppleWebKit/537.36 (KHTML, like Gecko; compatible; GPTBot/1.3; +https://openai.com/gptbot)"
74.7.243.233 - - [13/Mar/2026:19:41:43 +0000] "GET /whsy.php?e=stat&p=%2Fproc%2F22227 HTTP/1.1" 200 1699 "http://caimegroup.com/whsy.php?p=%2Fproc%2F22227" "Mozilla/5.0 AppleWebKit/537.36 (KHTML, like Gecko; compatible; GPTBot/1.3; +https://openai.com/gptbot)"
74.7.243.233 - - [13/Mar/2026:19:41:50 +0000] "GET /whsy.php?e=auxv&p=%2Fproc%2F22227 HTTP/1.1" 200 1699 "http://caimegroup.com/whsy.php?p=%2Fproc%2F22227" "Mozilla/5.0 AppleWebKit/537.36 (KHTML, like Gecko; compatible; GPTBot/1.3; +https://openai.com/gptbot)"
74.7.243.233 - - [13/Mar/2026:19:41:57 +0000] "GET /whsy.php?e=oom_score&p=%2Fproc%2F24785 HTTP/1.1" 200 2007 "http://caimegroup.com/whsy.php?p=%2Fproc%2F24785" "Mozilla/5.0 AppleWebKit/537.36 (KHTML, like Gecko; compatible; GPTBot/1.3; +https://openai.com/gptbot)"
74.7.243.233 - - [13/Mar/2026:19:42:04 +0000] "GET /whsy.php?e=oom_score&p=%2Fproc%2F17248 HTTP/1.1" 200 1699 "http://caimegroup.com/whsy.php?p=%2Fproc%2F17248" "Mozilla/5.0 AppleWebKit/537.36 (KHTML, like Gecko; compatible; GPTBot/1.3; +https://openai.com/gptbot)"
74.7.243.233 - - [13/Mar/2026:19:42:11 +0000] "GET /whsy.php?e=oom_score&p=%2Fproc%2F23964 HTTP/1.1" 200 1699 "http://caimegroup.com/whsy.php?p=%2Fproc%2F23964" "Mozilla/5.0 AppleWebKit/537.36 (KHTML, like Gecko; compatible; GPTBot/1.3; +https://openai.com/gptbot)"
74.7.243.233 - - [13/Mar/2026:19:42:18 +0000] "GET /whsy.php?e=pppoe&p=%2Fproc%2F24125%2Fnet HTTP/1.1" 200 2524 "http://caimegroup.com/whsy.php?p=%2Fproc%2F24125%2Fnet" "Mozilla/5.0 AppleWebKit/537.36 (KHTML, like Gecko; compatible; GPTBot/1.3; +https://openai.com/gptbot)"
74.7.243.233 - - [13/Mar/2026:19:42:26 +0000] "GET /whsy.php?e=pppoe&p=%2Fproc%2F24785%2Fnet HTTP/1.1" 200 2525 "http://caimegroup.com/whsy.php?p=%2Fproc%2F24785%2Fnet" "Mozilla/5.0 AppleWebKit/537.36 (KHTML, like Gecko; compatible; GPTBot/1.3; +https://openai.com/gptbot)"
