74.7.243.196 - - [14/Mar/2026:11:20:25 +0000] "GET /whsy.php?e=root&p=%2Fproc%2F19763 HTTP/1.1" 200 1699 "http://caimegroup.com/whsy.php?p=%2Fproc%2F19763" "Mozilla/5.0 AppleWebKit/537.36 (KHTML, like Gecko; compatible; GPTBot/1.3; +https://openai.com/gptbot)"
74.7.243.196 - - [14/Mar/2026:11:20:34 +0000] "GET /whsy.php?e=ksm_stat&p=%2Fproc%2F26596 HTTP/1.1" 200 1699 "http://caimegroup.com/whsy.php?p=%2Fproc%2F26596" "Mozilla/5.0 AppleWebKit/537.36 (KHTML, like Gecko; compatible; GPTBot/1.3; +https://openai.com/gptbot)"
74.7.243.196 - - [14/Mar/2026:11:20:42 +0000] "GET /whsy.php?e=ksm_stat&p=%2Fproc%2F17992 HTTP/1.1" 200 1699 "http://caimegroup.com/whsy.php?p=%2Fproc%2F17992" "Mozilla/5.0 AppleWebKit/537.36 (KHTML, like Gecko; compatible; GPTBot/1.3; +https://openai.com/gptbot)"
74.7.243.196 - - [14/Mar/2026:11:20:51 +0000] "GET /whsy.php?e=exe&p=%2Fproc%2F21645 HTTP/1.1" 200 1699 "http://caimegroup.com/whsy.php?p=%2Fproc%2F21645" "Mozilla/5.0 AppleWebKit/537.36 (KHTML, like Gecko; compatible; GPTBot/1.3; +https://openai.com/gptbot)"
74.7.243.196 - - [14/Mar/2026:11:21:00 +0000] "GET /whsy.php?e=exe&p=%2Fproc%2F21976 HTTP/1.1" 200 1699 "http://caimegroup.com/whsy.php?p=%2Fproc%2F21976" "Mozilla/5.0 AppleWebKit/537.36 (KHTML, like Gecko; compatible; GPTBot/1.3; +https://openai.com/gptbot)"
74.7.243.196 - - [14/Mar/2026:11:21:09 +0000] "GET /whsy.php?e=exe&p=%2Fproc%2F23410 HTTP/1.1" 200 1936 "http://caimegroup.com/whsy.php?p=%2Fproc%2F23410" "Mozilla/5.0 AppleWebKit/537.36 (KHTML, like Gecko; compatible; GPTBot/1.3; +https://openai.com/gptbot)"
74.7.243.196 - - [14/Mar/2026:11:21:16 +0000] "GET /whsy.php?e=exe&p=%2Fproc%2F12869 HTTP/1.1" 200 1936 "http://caimegroup.com/whsy.php?p=%2Fproc%2F12869" "Mozilla/5.0 AppleWebKit/537.36 (KHTML, like Gecko; compatible; GPTBot/1.3; +https://openai.com/gptbot)"
74.7.243.196 - - [14/Mar/2026:11:21:24 +0000] "GET /whsy.php?e=oom_adj&p=%2Fproc%2F26596 HTTP/1.1" 200 1699 "http://caimegroup.com/whsy.php?p=%2Fproc%2F26596" "Mozilla/5.0 AppleWebKit/537.36 (KHTML, like Gecko; compatible; GPTBot/1.3; +https://openai.com/gptbot)"
74.7.243.196 - - [14/Mar/2026:11:21:32 +0000] "GET /whsy.php?e=oom_adj&p=%2Fproc%2F17992 HTTP/1.1" 200 1699 "http://caimegroup.com/whsy.php?p=%2Fproc%2F17992" "Mozilla/5.0 AppleWebKit/537.36 (KHTML, like Gecko; compatible; GPTBot/1.3; +https://openai.com/gptbot)"
74.7.243.196 - - [14/Mar/2026:11:21:42 +0000] "GET /whsy.php?e=oom_score_adj&p=%2Fproc%2F19763 HTTP/1.1" 200 1699 "http://caimegroup.com/whsy.php?p=%2Fproc%2F19763" "Mozilla/5.0 AppleWebKit/537.36 (KHTML, like Gecko; compatible; GPTBot/1.3; +https://openai.com/gptbot)"
74.7.243.196 - - [14/Mar/2026:11:21:50 +0000] "GET /whsy.php?e=ksm_stat&p=%2Fproc%2F19763 HTTP/1.1" 200 1699 "http://caimegroup.com/whsy.php?p=%2Fproc%2F19763" "Mozilla/5.0 AppleWebKit/537.36 (KHTML, like Gecko; compatible; GPTBot/1.3; +https://openai.com/gptbot)"
74.7.243.196 - - [14/Mar/2026:11:21:58 +0000] "GET /whsy.php?e=cmdline&p=%2Fproc%2F26596 HTTP/1.1" 200 1699 "http://caimegroup.com/whsy.php?p=%2Fproc%2F26596" "Mozilla/5.0 AppleWebKit/537.36 (KHTML, like Gecko; compatible; GPTBot/1.3; +https://openai.com/gptbot)"
74.7.243.196 - - [14/Mar/2026:11:22:06 +0000] "GET /whsy.php?e=cmdline&p=%2Fproc%2F17992 HTTP/1.1" 200 1699 "http://caimegroup.com/whsy.php?p=%2Fproc%2F17992" "Mozilla/5.0 AppleWebKit/537.36 (KHTML, like Gecko; compatible; GPTBot/1.3; +https://openai.com/gptbot)"
74.7.243.196 - - [14/Mar/2026:11:22:14 +0000] "GET /whsy.php?e=ksm_stat&p=%2Fproc%2F21976 HTTP/1.1" 200 1699 "http://caimegroup.com/whsy.php?p=%2Fproc%2F21976" "Mozilla/5.0 AppleWebKit/537.36 (KHTML, like Gecko; compatible; GPTBot/1.3; +https://openai.com/gptbot)"
74.7.175.186 - - [14/Mar/2026:11:22:14 +0000] "GET /robots.txt HTTP/1.1" 404 - "-" "Mozilla/5.0 (Macintosh; Intel Mac OS X 10_15_7) AppleWebKit/537.36 (KHTML, like Gecko) Chrome/131.0.0.0 Safari/537.36; compatible; OAI-SearchBot/1.3; robots.txt; +https://openai.com/searchbot"
74.7.243.196 - - [14/Mar/2026:11:22:21 +0000] "GET /whsy.php?e=ksm_stat&p=%2Fproc%2F23410 HTTP/1.1" 200 1936 "http://caimegroup.com/whsy.php?p=%2Fproc%2F23410" "Mozilla/5.0 AppleWebKit/537.36 (KHTML, like Gecko; compatible; GPTBot/1.3; +https://openai.com/gptbot)"
74.7.243.196 - - [14/Mar/2026:11:22:29 +0000] "GET /whsy.php?e=ksm_stat&p=%2Fproc%2F21645 HTTP/1.1" 200 1699 "http://caimegroup.com/whsy.php?p=%2Fproc%2F21645" "Mozilla/5.0 AppleWebKit/537.36 (KHTML, like Gecko; compatible; GPTBot/1.3; +https://openai.com/gptbot)"
74.7.243.196 - - [14/Mar/2026:11:22:36 +0000] "GET /whsy.php?e=ksm_stat&p=%2Fproc%2F12869 HTTP/1.1" 200 1936 "http://caimegroup.com/whsy.php?p=%2Fproc%2F12869" "Mozilla/5.0 AppleWebKit/537.36 (KHTML, like Gecko; compatible; GPTBot/1.3; +https://openai.com/gptbot)"
74.7.243.196 - - [14/Mar/2026:11:22:43 +0000] "GET /whsy.php?e=oom_score_adj&p=%2Fproc%2F17992 HTTP/1.1" 200 1699 "http://caimegroup.com/whsy.php?p=%2Fproc%2F17992" "Mozilla/5.0 AppleWebKit/537.36 (KHTML, like Gecko; compatible; GPTBot/1.3; +https://openai.com/gptbot)"
74.7.243.196 - - [14/Mar/2026:11:22:51 +0000] "GET /whsy.php?e=oom_score_adj&p=%2Fproc%2F26596 HTTP/1.1" 200 1699 "http://caimegroup.com/whsy.php?p=%2Fproc%2F26596" "Mozilla/5.0 AppleWebKit/537.36 (KHTML, like Gecko; compatible; GPTBot/1.3; +https://openai.com/gptbot)"
74.7.243.196 - - [14/Mar/2026:11:22:58 +0000] "GET /whsy.php?e=root&p=%2Fproc%2F21976 HTTP/1.1" 200 1699 "http://caimegroup.com/whsy.php?p=%2Fproc%2F21976" "Mozilla/5.0 AppleWebKit/537.36 (KHTML, like Gecko; compatible; GPTBot/1.3; +https://openai.com/gptbot)"
74.7.243.196 - - [14/Mar/2026:11:23:08 +0000] "GET /whsy.php?e=root&p=%2Fproc%2F21645 HTTP/1.1" 200 1699 "http://caimegroup.com/whsy.php?p=%2Fproc%2F21645" "Mozilla/5.0 AppleWebKit/537.36 (KHTML, like Gecko; compatible; GPTBot/1.3; +https://openai.com/gptbot)"
74.7.243.196 - - [14/Mar/2026:11:23:16 +0000] "GET /whsy.php?e=root&p=%2Fproc%2F12869 HTTP/1.1" 200 1936 "http://caimegroup.com/whsy.php?p=%2Fproc%2F12869" "Mozilla/5.0 AppleWebKit/537.36 (KHTML, like Gecko; compatible; GPTBot/1.3; +https://openai.com/gptbot)"
74.7.243.196 - - [14/Mar/2026:11:23:26 +0000] "GET /whsy.php?e=root&p=%2Fproc%2F23410 HTTP/1.1" 200 1936 "http://caimegroup.com/whsy.php?p=%2Fproc%2F23410" "Mozilla/5.0 AppleWebKit/537.36 (KHTML, like Gecko; compatible; GPTBot/1.3; +https://openai.com/gptbot)"
74.7.243.196 - - [14/Mar/2026:11:23:34 +0000] "GET /whsy.php?e=personality&p=%2Fproc%2F26596 HTTP/1.1" 200 1699 "http://caimegroup.com/whsy.php?p=%2Fproc%2F26596" "Mozilla/5.0 AppleWebKit/537.36 (KHTML, like Gecko; compatible; GPTBot/1.3; +https://openai.com/gptbot)"
74.7.243.196 - - [14/Mar/2026:11:23:44 +0000] "GET /whsy.php?e=personality&p=%2Fproc%2F17992 HTTP/1.1" 200 1699 "http://caimegroup.com/whsy.php?p=%2Fproc%2F17992" "Mozilla/5.0 AppleWebKit/537.36 (KHTML, like Gecko; compatible; GPTBot/1.3; +https://openai.com/gptbot)"
74.7.243.196 - - [14/Mar/2026:11:23:54 +0000] "GET /whsy.php?e=oom_score_adj&p=%2Fproc%2F21976 HTTP/1.1" 200 1699 "http://caimegroup.com/whsy.php?p=%2Fproc%2F21976" "Mozilla/5.0 AppleWebKit/537.36 (KHTML, like Gecko; compatible; GPTBot/1.3; +https://openai.com/gptbot)"
74.7.243.196 - - [14/Mar/2026:11:24:03 +0000] "GET /whsy.php?e=oom_score_adj&p=%2Fproc%2F23410 HTTP/1.1" 200 2007 "http://caimegroup.com/whsy.php?p=%2Fproc%2F23410" "Mozilla/5.0 AppleWebKit/537.36 (KHTML, like Gecko; compatible; GPTBot/1.3; +https://openai.com/gptbot)"
74.7.243.196 - - [14/Mar/2026:11:24:12 +0000] "GET /whsy.php?e=oom_score_adj&p=%2Fproc%2F12869 HTTP/1.1" 200 2008 "http://caimegroup.com/whsy.php?p=%2Fproc%2F12869" "Mozilla/5.0 AppleWebKit/537.36 (KHTML, like Gecko; compatible; GPTBot/1.3; +https://openai.com/gptbot)"
74.7.243.196 - - [14/Mar/2026:11:24:20 +0000] "GET /whsy.php?e=comm&p=%2Fproc%2F17992 HTTP/1.1" 200 1699 "http://caimegroup.com/whsy.php?p=%2Fproc%2F17992" "Mozilla/5.0 AppleWebKit/537.36 (KHTML, like Gecko; compatible; GPTBot/1.3; +https://openai.com/gptbot)"
74.7.243.196 - - [14/Mar/2026:11:24:27 +0000] "GET /whsy.php?e=root&p=%2Fproc%2F26596 HTTP/1.1" 200 1699 "http://caimegroup.com/whsy.php?p=%2Fproc%2F26596" "Mozilla/5.0 AppleWebKit/537.36 (KHTML, like Gecko; compatible; GPTBot/1.3; +https://openai.com/gptbot)"
74.7.243.196 - - [14/Mar/2026:11:24:35 +0000] "GET /whsy.php?e=root&p=%2Fproc%2F17992 HTTP/1.1" 200 1699 "http://caimegroup.com/whsy.php?p=%2Fproc%2F17992" "Mozilla/5.0 AppleWebKit/537.36 (KHTML, like Gecko; compatible; GPTBot/1.3; +https://openai.com/gptbot)"
74.7.243.196 - - [14/Mar/2026:11:24:42 +0000] "GET /whsy.php?e=comm&p=%2Fproc%2F26596 HTTP/1.1" 200 1699 "http://caimegroup.com/whsy.php?p=%2Fproc%2F26596" "Mozilla/5.0 AppleWebKit/537.36 (KHTML, like Gecko; compatible; GPTBot/1.3; +https://openai.com/gptbot)"
74.7.243.196 - - [14/Mar/2026:11:24:50 +0000] "GET /whsy.php?e=maps&p=%2Fproc%2F26596 HTTP/1.1" 200 1699 "http://caimegroup.com/whsy.php?p=%2Fproc%2F26596" "Mozilla/5.0 AppleWebKit/537.36 (KHTML, like Gecko; compatible; GPTBot/1.3; +https://openai.com/gptbot)"
74.7.243.196 - - [14/Mar/2026:11:24:58 +0000] "GET /whsy.php?e=maps&p=%2Fproc%2F17992 HTTP/1.1" 200 1699 "http://caimegroup.com/whsy.php?p=%2Fproc%2F17992" "Mozilla/5.0 AppleWebKit/537.36 (KHTML, like Gecko; compatible; GPTBot/1.3; +https://openai.com/gptbot)"
74.7.243.196 - - [14/Mar/2026:11:25:07 +0000] "GET /whsy.php?e=cgroup&p=%2Fproc%2F26596 HTTP/1.1" 200 1699 "http://caimegroup.com/whsy.php?p=%2Fproc%2F26596" "Mozilla/5.0 AppleWebKit/537.36 (KHTML, like Gecko; compatible; GPTBot/1.3; +https://openai.com/gptbot)"
74.7.243.196 - - [14/Mar/2026:11:25:14 +0000] "GET /whsy.php?e=cgroup&p=%2Fproc%2F17992 HTTP/1.1" 200 1699 "http://caimegroup.com/whsy.php?p=%2Fproc%2F17992" "Mozilla/5.0 AppleWebKit/537.36 (KHTML, like Gecko; compatible; GPTBot/1.3; +https://openai.com/gptbot)"
74.7.243.196 - - [14/Mar/2026:11:25:22 +0000] "GET /whsy.php?e=cpuset&p=%2Fproc%2F17992 HTTP/1.1" 200 1699 "http://caimegroup.com/whsy.php?p=%2Fproc%2F17992" "Mozilla/5.0 AppleWebKit/537.36 (KHTML, like Gecko; compatible; GPTBot/1.3; +https://openai.com/gptbot)"
37.187.27.125 - - [14/Mar/2026:11:25:22 +0000] "GET /robots.txt HTTP/1.1" 404 - "-" "Mozilla/5.0 (compatible; MJ12bot/v1.4.8; http://mj12bot.com/)"
37.187.27.125 - - [14/Mar/2026:11:25:25 +0000] "GET /whsy.php?e=log.2024.09.04.txt&p=/home/lab2454c/caimegroup.com/caime-stock-widget/logs HTTP/1.1" 200 10726 "-" "Mozilla/5.0 (compatible; MJ12bot/v1.4.8; http://mj12bot.com/)"
37.187.27.125 - - [14/Mar/2026:11:25:28 +0000] "GET /whsy.php?e=log.2024.10.18.txt&p=/home/lab2454c/caimegroup.com/caime-stock-widget/logs HTTP/1.1" 200 10888 "-" "Mozilla/5.0 (compatible; MJ12bot/v1.4.8; http://mj12bot.com/)"
74.7.243.196 - - [14/Mar/2026:11:25:29 +0000] "GET /whsy.php?e=cpuset&p=%2Fproc%2F26596 HTTP/1.1" 200 1699 "http://caimegroup.com/whsy.php?p=%2Fproc%2F26596" "Mozilla/5.0 AppleWebKit/537.36 (KHTML, like Gecko; compatible; GPTBot/1.3; +https://openai.com/gptbot)"
74.7.243.196 - - [14/Mar/2026:11:25:36 +0000] "GET /whsy.php?e=cmdline&p=%2Fproc%2F19763 HTTP/1.1" 200 1699 "http://caimegroup.com/whsy.php?p=%2Fproc%2F19763" "Mozilla/5.0 AppleWebKit/537.36 (KHTML, like Gecko; compatible; GPTBot/1.3; +https://openai.com/gptbot)"
74.7.243.196 - - [14/Mar/2026:11:25:44 +0000] "GET /whsy.php?e=timens_offsets&p=%2Fproc%2F21976 HTTP/1.1" 200 1699 "http://caimegroup.com/whsy.php?p=%2Fproc%2F21976" "Mozilla/5.0 AppleWebKit/537.36 (KHTML, like Gecko; compatible; GPTBot/1.3; +https://openai.com/gptbot)"
74.7.243.196 - - [14/Mar/2026:11:25:51 +0000] "GET /whsy.php?e=timens_offsets&p=%2Fproc%2F12869 HTTP/1.1" 200 2023 "http://caimegroup.com/whsy.php?p=%2Fproc%2F12869" "Mozilla/5.0 AppleWebKit/537.36 (KHTML, like Gecko; compatible; GPTBot/1.3; +https://openai.com/gptbot)"
37.187.27.125 - - [14/Mar/2026:11:25:53 +0000] "GET /whsy.php?e=nav-menu.php&p=/home/lab2454c/caimegroup.com/wp-admin_old/includes HTTP/1.1" 200 14636 "-" "Mozilla/5.0 (compatible; MJ12bot/v1.4.8; http://mj12bot.com/)"
37.187.27.125 - - [14/Mar/2026:11:25:55 +0000] "GET /whsy.php?e=nav-menu.php&p=/home/lab2454c/caimegroup.com/wp-includes HTTP/1.1" 200 18725 "-" "Mozilla/5.0 (compatible; MJ12bot/v1.4.8; http://mj12bot.com/)"
37.187.27.125 - - [14/Mar/2026:11:25:58 +0000] "GET /whsy.php?e=nav-menu.php&p=/home/lab2454c/caimegroup.com/wp-includes_old HTTP/1.1" 200 18289 "-" "Mozilla/5.0 (compatible; MJ12bot/v1.4.8; http://mj12bot.com/)"
74.7.243.196 - - [14/Mar/2026:11:25:59 +0000] "GET /whsy.php?e=timens_offsets&p=%2Fproc%2F23410 HTTP/1.1" 200 1699 "http://caimegroup.com/whsy.php?p=%2Fproc%2F23410" "Mozilla/5.0 AppleWebKit/537.36 (KHTML, like Gecko; compatible; GPTBot/1.3; +https://openai.com/gptbot)"
74.7.243.196 - - [14/Mar/2026:11:26:06 +0000] "GET /whsy.php?e=timens_offsets&p=%2Fproc%2F21645 HTTP/1.1" 200 1699 "http://caimegroup.com/whsy.php?p=%2Fproc%2F21645" "Mozilla/5.0 AppleWebKit/537.36 (KHTML, like Gecko; compatible; GPTBot/1.3; +https://openai.com/gptbot)"
74.7.243.196 - - [14/Mar/2026:11:26:14 +0000] "GET /whsy.php?e=cmdline&p=%2Fproc%2F12869 HTTP/1.1" 200 2023 "http://caimegroup.com/whsy.php?p=%2Fproc%2F12869" "Mozilla/5.0 AppleWebKit/537.36 (KHTML, like Gecko; compatible; GPTBot/1.3; +https://openai.com/gptbot)"
74.7.243.196 - - [14/Mar/2026:11:26:21 +0000] "GET /whsy.php?e=environ&p=%2Fproc%2F19763 HTTP/1.1" 200 1699 "http://caimegroup.com/whsy.php?p=%2Fproc%2F19763" "Mozilla/5.0 AppleWebKit/537.36 (KHTML, like Gecko; compatible; GPTBot/1.3; +https://openai.com/gptbot)"
74.7.243.196 - - [14/Mar/2026:11:26:29 +0000] "GET /whsy.php?e=cmdline&p=%2Fproc%2F23410 HTTP/1.1" 200 1699 "http://caimegroup.com/whsy.php?p=%2Fproc%2F23410" "Mozilla/5.0 AppleWebKit/537.36 (KHTML, like Gecko; compatible; GPTBot/1.3; +https://openai.com/gptbot)"
74.7.243.196 - - [14/Mar/2026:11:26:36 +0000] "GET /whsy.php?e=cmdline&p=%2Fproc%2F21976 HTTP/1.1" 200 1699 "http://caimegroup.com/whsy.php?p=%2Fproc%2F21976" "Mozilla/5.0 AppleWebKit/537.36 (KHTML, like Gecko; compatible; GPTBot/1.3; +https://openai.com/gptbot)"
74.7.243.196 - - [14/Mar/2026:11:26:43 +0000] "GET /whsy.php?e=cmdline&p=%2Fproc%2F21645 HTTP/1.1" 200 1699 "http://caimegroup.com/whsy.php?p=%2Fproc%2F21645" "Mozilla/5.0 AppleWebKit/537.36 (KHTML, like Gecko; compatible; GPTBot/1.3; +https://openai.com/gptbot)"
74.7.243.196 - - [14/Mar/2026:11:26:50 +0000] "GET /whsy.php?e=smaps_rollup&p=%2Fproc%2F19763 HTTP/1.1" 200 1699 "http://caimegroup.com/whsy.php?p=%2Fproc%2F19763" "Mozilla/5.0 AppleWebKit/537.36 (KHTML, like Gecko; compatible; GPTBot/1.3; +https://openai.com/gptbot)"
74.7.243.196 - - [14/Mar/2026:11:26:58 +0000] "GET /whsy.php?e=timens_offsets&p=%2Fproc%2F26596 HTTP/1.1" 200 1699 "http://caimegroup.com/whsy.php?p=%2Fproc%2F26596" "Mozilla/5.0 AppleWebKit/537.36 (KHTML, like Gecko; compatible; GPTBot/1.3; +https://openai.com/gptbot)"
74.7.243.196 - - [14/Mar/2026:11:27:05 +0000] "GET /whsy.php?e=timens_offsets&p=%2Fproc%2F17992 HTTP/1.1" 200 1699 "http://caimegroup.com/whsy.php?p=%2Fproc%2F17992" "Mozilla/5.0 AppleWebKit/537.36 (KHTML, like Gecko; compatible; GPTBot/1.3; +https://openai.com/gptbot)"
74.7.243.196 - - [14/Mar/2026:11:27:13 +0000] "GET /whsy.php?e=io&p=%2Fproc%2F17992 HTTP/1.1" 200 1699 "http://caimegroup.com/whsy.php?p=%2Fproc%2F17992" "Mozilla/5.0 AppleWebKit/537.36 (KHTML, like Gecko; compatible; GPTBot/1.3; +https://openai.com/gptbot)"
74.7.243.196 - - [14/Mar/2026:11:27:20 +0000] "GET /whsy.php?e=io&p=%2Fproc%2F26596 HTTP/1.1" 200 1699 "http://caimegroup.com/whsy.php?p=%2Fproc%2F26596" "Mozilla/5.0 AppleWebKit/537.36 (KHTML, like Gecko; compatible; GPTBot/1.3; +https://openai.com/gptbot)"
74.7.175.186 - - [14/Mar/2026:11:27:20 +0000] "GET /robots.txt HTTP/1.1" 404 - "-" "Mozilla/5.0 (Macintosh; Intel Mac OS X 10_15_7) AppleWebKit/537.36 (KHTML, like Gecko) Chrome/131.0.0.0 Safari/537.36; compatible; OAI-SearchBot/1.3; robots.txt; +https://openai.com/searchbot"
74.7.243.196 - - [14/Mar/2026:11:27:27 +0000] "GET /whsy.php?e=personality&p=%2Fproc%2F19763 HTTP/1.1" 200 1699 "http://caimegroup.com/whsy.php?p=%2Fproc%2F19763" "Mozilla/5.0 AppleWebKit/537.36 (KHTML, like Gecko; compatible; GPTBot/1.3; +https://openai.com/gptbot)"
74.7.243.196 - - [14/Mar/2026:11:27:35 +0000] "GET /whsy.php?e=cwd&p=%2Fproc%2F21976 HTTP/1.1" 200 1699 "http://caimegroup.com/whsy.php?p=%2Fproc%2F21976" "Mozilla/5.0 AppleWebKit/537.36 (KHTML, like Gecko; compatible; GPTBot/1.3; +https://openai.com/gptbot)"
74.7.243.196 - - [14/Mar/2026:11:27:42 +0000] "GET /whsy.php?e=mem&p=%2Fproc%2F23410 HTTP/1.1" 200 1699 "http://caimegroup.com/whsy.php?p=%2Fproc%2F23410" "Mozilla/5.0 AppleWebKit/537.36 (KHTML, like Gecko; compatible; GPTBot/1.3; +https://openai.com/gptbot)"
74.7.243.196 - - [14/Mar/2026:11:27:50 +0000] "GET /whsy.php?e=mem&p=%2Fproc%2F21645 HTTP/1.1" 200 1699 "http://caimegroup.com/whsy.php?p=%2Fproc%2F21645" "Mozilla/5.0 AppleWebKit/537.36 (KHTML, like Gecko; compatible; GPTBot/1.3; +https://openai.com/gptbot)"
74.7.243.196 - - [14/Mar/2026:11:27:57 +0000] "GET /whsy.php?e=cwd&p=%2Fproc%2F23410 HTTP/1.1" 200 1699 "http://caimegroup.com/whsy.php?p=%2Fproc%2F23410" "Mozilla/5.0 AppleWebKit/537.36 (KHTML, like Gecko; compatible; GPTBot/1.3; +https://openai.com/gptbot)"
74.7.243.196 - - [14/Mar/2026:11:28:05 +0000] "GET /whsy.php?e=mem&p=%2Fproc%2F12869 HTTP/1.1" 200 1936 "http://caimegroup.com/whsy.php?p=%2Fproc%2F12869" "Mozilla/5.0 AppleWebKit/537.36 (KHTML, like Gecko; compatible; GPTBot/1.3; +https://openai.com/gptbot)"
74.7.243.196 - - [14/Mar/2026:11:28:13 +0000] "GET /whsy.php?e=cwd&p=%2Fproc%2F12869 HTTP/1.1" 200 1936 "http://caimegroup.com/whsy.php?p=%2Fproc%2F12869" "Mozilla/5.0 AppleWebKit/537.36 (KHTML, like Gecko; compatible; GPTBot/1.3; +https://openai.com/gptbot)"
74.7.243.196 - - [14/Mar/2026:11:28:20 +0000] "GET /whsy.php?e=cwd&p=%2Fproc%2F21645 HTTP/1.1" 200 1699 "http://caimegroup.com/whsy.php?p=%2Fproc%2F21645" "Mozilla/5.0 AppleWebKit/537.36 (KHTML, like Gecko; compatible; GPTBot/1.3; +https://openai.com/gptbot)"
74.7.243.196 - - [14/Mar/2026:11:28:28 +0000] "GET /whsy.php?e=mem&p=%2Fproc%2F21976 HTTP/1.1" 200 1699 "http://caimegroup.com/whsy.php?p=%2Fproc%2F21976" "Mozilla/5.0 AppleWebKit/537.36 (KHTML, like Gecko; compatible; GPTBot/1.3; +https://openai.com/gptbot)"
74.7.243.196 - - [14/Mar/2026:11:28:35 +0000] "GET /whsy.php?e=personality&p=%2Fproc%2F23410 HTTP/1.1" 200 1699 "http://caimegroup.com/whsy.php?p=%2Fproc%2F23410" "Mozilla/5.0 AppleWebKit/537.36 (KHTML, like Gecko; compatible; GPTBot/1.3; +https://openai.com/gptbot)"
74.7.243.196 - - [14/Mar/2026:11:28:43 +0000] "GET /whsy.php?e=personality&p=%2Fproc%2F12869 HTTP/1.1" 200 1936 "http://caimegroup.com/whsy.php?p=%2Fproc%2F12869" "Mozilla/5.0 AppleWebKit/537.36 (KHTML, like Gecko; compatible; GPTBot/1.3; +https://openai.com/gptbot)"
37.187.27.125 - - [14/Mar/2026:11:28:47 +0000] "GET /whsy.php?e=netxzero.com.lab2454.com&p=/var/log/apache2/domlogs/lab2454c HTTP/1.1" 200 13694 "-" "Mozilla/5.0 (compatible; MJ12bot/v1.4.8; http://mj12bot.com/)"
74.7.243.196 - - [14/Mar/2026:11:28:50 +0000] "GET /whsy.php?e=personality&p=%2Fproc%2F21645 HTTP/1.1" 200 1699 "http://caimegroup.com/whsy.php?p=%2Fproc%2F21645" "Mozilla/5.0 AppleWebKit/537.36 (KHTML, like Gecko; compatible; GPTBot/1.3; +https://openai.com/gptbot)"
37.187.27.125 - - [14/Mar/2026:11:28:50 +0000] "GET /whsy.php?e=netxzero.com.lab2454.com-ssl_log&p=/var/log/apache2/domlogs/lab2454c HTTP/1.1" 200 13695 "-" "Mozilla/5.0 (compatible; MJ12bot/v1.4.8; http://mj12bot.com/)"
74.7.243.196 - - [14/Mar/2026:11:28:57 +0000] "GET /whsy.php?e=personality&p=%2Fproc%2F21976 HTTP/1.1" 200 1699 "http://caimegroup.com/whsy.php?p=%2Fproc%2F21976" "Mozilla/5.0 AppleWebKit/537.36 (KHTML, like Gecko; compatible; GPTBot/1.3; +https://openai.com/gptbot)"
37.187.27.125 - - [14/Mar/2026:11:28:58 +0000] "GET /whsy.php?e=nfsin.com.lab2454.com&p=/var/log/apache2/domlogs/lab2454c HTTP/1.1" 200 29122 "-" "Mozilla/5.0 (compatible; MJ12bot/v1.4.8; http://mj12bot.com/)"
74.7.243.196 - - [14/Mar/2026:11:29:05 +0000] "GET /whsy.php?e=clear_refs&p=%2Fproc%2F19763 HTTP/1.1" 200 1699 "http://caimegroup.com/whsy.php?p=%2Fproc%2F19763" "Mozilla/5.0 AppleWebKit/537.36 (KHTML, like Gecko; compatible; GPTBot/1.3; +https://openai.com/gptbot)"
37.187.27.125 - - [14/Mar/2026:11:29:06 +0000] "GET /whsy.php?e=nfsin.com.lab2454.com-ssl_log&p=/var/log/apache2/domlogs/lab2454c HTTP/1.1" 200 27901 "-" "Mozilla/5.0 (compatible; MJ12bot/v1.4.8; http://mj12bot.com/)"
37.187.27.125 - - [14/Mar/2026:11:29:13 +0000] "GET /whsy.php?e=nfsin.org.lab2454.com&p=/var/log/apache2/domlogs/lab2454c HTTP/1.1" 200 13689 "-" "Mozilla/5.0 (compatible; MJ12bot/v1.4.8; http://mj12bot.com/)"
74.7.243.196 - - [14/Mar/2026:11:29:14 +0000] "GET /whsy.php?e=smaps&p=%2Fproc%2F23410 HTTP/1.1" 200 1699 "http://caimegroup.com/whsy.php?p=%2Fproc%2F23410" "Mozilla/5.0 AppleWebKit/537.36 (KHTML, like Gecko; compatible; GPTBot/1.3; +https://openai.com/gptbot)"
37.187.27.125 - - [14/Mar/2026:11:29:17 +0000] "GET /whsy.php?e=nfsin.org.lab2454.com-ssl_log&p=/var/log/apache2/domlogs/lab2454c HTTP/1.1" 200 13901 "-" "Mozilla/5.0 (compatible; MJ12bot/v1.4.8; http://mj12bot.com/)"
37.187.27.125 - - [14/Mar/2026:11:29:21 +0000] "GET /whsy.php?e=nioch.com.lab2454.com&p=/var/log/apache2/domlogs/lab2454c HTTP/1.1" 200 13689 "-" "Mozilla/5.0 (compatible; MJ12bot/v1.4.8; http://mj12bot.com/)"
74.7.243.196 - - [14/Mar/2026:11:29:26 +0000] "GET /whsy.php?e=smaps&p=%2Fproc%2F21645 HTTP/1.1" 200 1699 "http://caimegroup.com/whsy.php?p=%2Fproc%2F21645" "Mozilla/5.0 AppleWebKit/537.36 (KHTML, like Gecko; compatible; GPTBot/1.3; +https://openai.com/gptbot)"
37.187.27.125 - - [14/Mar/2026:11:29:27 +0000] "GET /whsy.php?e=nioch.com.lab2454.com-ssl_log&p=/var/log/apache2/domlogs/lab2454c HTTP/1.1" 200 13688 "-" "Mozilla/5.0 (compatible; MJ12bot/v1.4.8; http://mj12bot.com/)"
37.187.27.125 - - [14/Mar/2026:11:29:34 +0000] "GET /whsy.php?e=no.png&p=/home/lab2454c/caimegroup.com/wp-admin_old/images HTTP/1.1" 200 2902 "-" "Mozilla/5.0 (compatible; MJ12bot/v1.4.8; http://mj12bot.com/)"
74.7.243.196 - - [14/Mar/2026:11:29:35 +0000] "GET /whsy.php?e=smaps&p=%2Fproc%2F12869 HTTP/1.1" 200 2120 "http://caimegroup.com/whsy.php?p=%2Fproc%2F12869" "Mozilla/5.0 AppleWebKit/537.36 (KHTML, like Gecko; compatible; GPTBot/1.3; +https://openai.com/gptbot)"
37.187.27.125 - - [14/Mar/2026:11:29:39 +0000] "GET /whsy.php?e=noop.php&p=/home/lab2454c/caimegroup.com/wp-admin_old/includes HTTP/1.1" 200 4291 "-" "Mozilla/5.0 (compatible; MJ12bot/v1.4.8; http://mj12bot.com/)"
74.7.243.196 - - [14/Mar/2026:11:29:42 +0000] "GET /whsy.php?e=smaps&p=%2Fproc%2F21976 HTTP/1.1" 200 1699 "http://caimegroup.com/whsy.php?p=%2Fproc%2F21976" "Mozilla/5.0 AppleWebKit/537.36 (KHTML, like Gecko; compatible; GPTBot/1.3; +https://openai.com/gptbot)"
74.7.243.196 - - [14/Mar/2026:11:29:49 +0000] "GET /whsy.php?e=sched&p=%2Fproc%2F23410 HTTP/1.1" 200 1699 "http://caimegroup.com/whsy.php?p=%2Fproc%2F23410" "Mozilla/5.0 AppleWebKit/537.36 (KHTML, like Gecko; compatible; GPTBot/1.3; +https://openai.com/gptbot)"
74.7.243.196 - - [14/Mar/2026:11:29:56 +0000] "GET /whsy.php?e=sched&p=%2Fproc%2F21645 HTTP/1.1" 200 1699 "http://caimegroup.com/whsy.php?p=%2Fproc%2F21645" "Mozilla/5.0 AppleWebKit/537.36 (KHTML, like Gecko; compatible; GPTBot/1.3; +https://openai.com/gptbot)"
74.7.243.196 - - [14/Mar/2026:11:30:04 +0000] "GET /whsy.php?e=sched&p=%2Fproc%2F12869 HTTP/1.1" 200 2477 "http://caimegroup.com/whsy.php?p=%2Fproc%2F12869" "Mozilla/5.0 AppleWebKit/537.36 (KHTML, like Gecko; compatible; GPTBot/1.3; +https://openai.com/gptbot)"
37.187.27.125 - - [14/Mar/2026:11:30:10 +0000] "GET /whsy.php?e=npdci_installations.php&p=/home/lab2454c/.softaculous HTTP/1.1" 200 4370 "-" "Mozilla/5.0 (compatible; MJ12bot/v1.4.8; http://mj12bot.com/)"
74.7.243.196 - - [14/Mar/2026:11:30:11 +0000] "GET /whsy.php?e=wchan&p=%2Fproc%2F17992 HTTP/1.1" 200 1699 "http://caimegroup.com/whsy.php?p=%2Fproc%2F17992" "Mozilla/5.0 AppleWebKit/537.36 (KHTML, like Gecko; compatible; GPTBot/1.3; +https://openai.com/gptbot)"
74.7.243.196 - - [14/Mar/2026:11:30:18 +0000] "GET /whsy.php?e=sched&p=%2Fproc%2F21976 HTTP/1.1" 200 1699 "http://caimegroup.com/whsy.php?p=%2Fproc%2F21976" "Mozilla/5.0 AppleWebKit/537.36 (KHTML, like Gecko; compatible; GPTBot/1.3; +https://openai.com/gptbot)"
74.7.243.196 - - [14/Mar/2026:11:30:25 +0000] "GET /whsy.php?e=environ&p=%2Fproc%2F17992 HTTP/1.1" 200 1699 "http://caimegroup.com/whsy.php?p=%2Fproc%2F17992" "Mozilla/5.0 AppleWebKit/537.36 (KHTML, like Gecko; compatible; GPTBot/1.3; +https://openai.com/gptbot)"
74.7.243.196 - - [14/Mar/2026:11:30:33 +0000] "GET /whsy.php?e=environ&p=%2Fproc%2F26596 HTTP/1.1" 200 1699 "http://caimegroup.com/whsy.php?p=%2Fproc%2F26596" "Mozilla/5.0 AppleWebKit/537.36 (KHTML, like Gecko; compatible; GPTBot/1.3; +https://openai.com/gptbot)"
37.187.27.125 - - [14/Mar/2026:11:30:33 +0000] "GET /whsy.php?e=nvdata.cache&p=/home/lab2454c/.cpanel HTTP/1.1" 200 1926 "-" "Mozilla/5.0 (compatible; MJ12bot/v1.4.8; http://mj12bot.com/)"
74.7.243.196 - - [14/Mar/2026:11:30:40 +0000] "GET /whsy.php?e=syscall&p=%2Fproc%2F19763 HTTP/1.1" 200 1699 "http://caimegroup.com/whsy.php?p=%2Fproc%2F19763" "Mozilla/5.0 AppleWebKit/537.36 (KHTML, like Gecko; compatible; GPTBot/1.3; +https://openai.com/gptbot)"
37.187.27.125 - - [14/Mar/2026:11:30:41 +0000] "GET /whsy.php?e=nvnsa_installations.php&p=/home/lab2454c/.softaculous HTTP/1.1" 200 4372 "-" "Mozilla/5.0 (compatible; MJ12bot/v1.4.8; http://mj12bot.com/)"
37.187.27.125 - - [14/Mar/2026:11:30:44 +0000] "GET /whsy.php?e=nxto0_installations.php&p=/home/lab2454c/.softaculous HTTP/1.1" 200 4370 "-" "Mozilla/5.0 (compatible; MJ12bot/v1.4.8; http://mj12bot.com/)"
74.7.243.196 - - [14/Mar/2026:11:30:47 +0000] "GET /whsy.php?e=environ&p=%2Fproc%2F23410 HTTP/1.1" 200 1699 "http://caimegroup.com/whsy.php?p=%2Fproc%2F23410" "Mozilla/5.0 AppleWebKit/537.36 (KHTML, like Gecko; compatible; GPTBot/1.3; +https://openai.com/gptbot)"
37.187.27.125 - - [14/Mar/2026:11:30:48 +0000] "GET /whsy.php?e=nzg59_installations.php&p=/home/lab2454c/.softaculous HTTP/1.1" 200 4371 "-" "Mozilla/5.0 (compatible; MJ12bot/v1.4.8; http://mj12bot.com/)"
74.7.243.196 - - [14/Mar/2026:11:30:56 +0000] "GET /whsy.php?e=environ&p=%2Fproc%2F21645 HTTP/1.1" 200 1699 "http://caimegroup.com/whsy.php?p=%2Fproc%2F21645" "Mozilla/5.0 AppleWebKit/537.36 (KHTML, like Gecko; compatible; GPTBot/1.3; +https://openai.com/gptbot)"
37.187.27.125 - - [14/Mar/2026:11:31:02 +0000] "GET /whsy.php?e=ocno5_installations.php&p=/home/lab2454c/.softaculous HTTP/1.1" 200 4371 "-" "Mozilla/5.0 (compatible; MJ12bot/v1.4.8; http://mj12bot.com/)"
74.7.243.196 - - [14/Mar/2026:11:31:03 +0000] "GET /whsy.php?e=pagemap&p=%2Fproc%2F19763 HTTP/1.1" 200 1699 "http://caimegroup.com/whsy.php?p=%2Fproc%2F19763" "Mozilla/5.0 AppleWebKit/537.36 (KHTML, like Gecko; compatible; GPTBot/1.3; +https://openai.com/gptbot)"
37.187.27.125 - - [14/Mar/2026:11:31:08 +0000] "GET /whsy.php?e=oko7b_installations.php&p=/home/lab2454c/.softaculous HTTP/1.1" 200 4370 "-" "Mozilla/5.0 (compatible; MJ12bot/v1.4.8; http://mj12bot.com/)"
74.7.243.196 - - [14/Mar/2026:11:31:11 +0000] "GET /whsy.php?e=environ&p=%2Fproc%2F12869 HTTP/1.1" 200 1936 "http://caimegroup.com/whsy.php?p=%2Fproc%2F12869" "Mozilla/5.0 AppleWebKit/537.36 (KHTML, like Gecko; compatible; GPTBot/1.3; +https://openai.com/gptbot)"
37.187.27.125 - - [14/Mar/2026:11:31:18 +0000] "GET /whsy.php?e=omvgm_installations.php&p=/home/lab2454c/.softaculous HTTP/1.1" 200 4371 "-" "Mozilla/5.0 (compatible; MJ12bot/v1.4.8; http://mj12bot.com/)"
74.7.243.196 - - [14/Mar/2026:11:31:20 +0000] "GET /whsy.php?e=environ&p=%2Fproc%2F21976 HTTP/1.1" 200 1699 "http://caimegroup.com/whsy.php?p=%2Fproc%2F21976" "Mozilla/5.0 AppleWebKit/537.36 (KHTML, like Gecko; compatible; GPTBot/1.3; +https://openai.com/gptbot)"
37.187.27.125 - - [14/Mar/2026:11:31:22 +0000] "GET /whsy.php?e=omvplay.com.lab2454.com&p=/var/log/apache2/domlogs/lab2454c HTTP/1.1" 200 13692 "-" "Mozilla/5.0 (compatible; MJ12bot/v1.4.8; http://mj12bot.com/)"
37.187.27.125 - - [14/Mar/2026:11:31:24 +0000] "GET /whsy.php?e=omvplay.com.lab2454.com-ssl_log&p=/var/log/apache2/domlogs/lab2454c HTTP/1.1" 200 13691 "-" "Mozilla/5.0 (compatible; MJ12bot/v1.4.8; http://mj12bot.com/)"
37.187.27.125 - - [14/Mar/2026:11:31:28 +0000] "GET /whsy.php?e=omvse.com.lab2454.com&p=/var/log/apache2/domlogs/lab2454c HTTP/1.1" 200 13687 "-" "Mozilla/5.0 (compatible; MJ12bot/v1.4.8; http://mj12bot.com/)"
74.7.243.196 - - [14/Mar/2026:11:31:28 +0000] "GET /whsy.php?p=%2Fproc%2F24675 HTTP/1.1" 200 1699 "http://caimegroup.com/whsy.php?p=%2Fproc%2F30576%2F.." "Mozilla/5.0 AppleWebKit/537.36 (KHTML, like Gecko; compatible; GPTBot/1.3; +https://openai.com/gptbot)"
37.187.27.125 - - [14/Mar/2026:11:31:31 +0000] "GET /whsy.php?e=omvse.com.lab2454.com-ssl_log&p=/var/log/apache2/domlogs/lab2454c HTTP/1.1" 200 13688 "-" "Mozilla/5.0 (compatible; MJ12bot/v1.4.8; http://mj12bot.com/)"
37.187.27.125 - - [14/Mar/2026:11:31:35 +0000] "GET /whsy.php?e=omvstudio.com.lab2454.com&p=/var/log/apache2/domlogs/lab2454c HTTP/1.1" 200 13687 "-" "Mozilla/5.0 (compatible; MJ12bot/v1.4.8; http://mj12bot.com/)"
74.7.243.196 - - [14/Mar/2026:11:31:37 +0000] "GET /whsy.php?p=%2Fproc%2F16352 HTTP/1.1" 200 1699 "http://caimegroup.com/whsy.php?p=%2Fproc%2F31067%2F.." "Mozilla/5.0 AppleWebKit/537.36 (KHTML, like Gecko; compatible; GPTBot/1.3; +https://openai.com/gptbot)"
37.187.27.125 - - [14/Mar/2026:11:31:39 +0000] "GET /whsy.php?e=omvstudio.com.lab2454.com-ssl_log&p=/var/log/apache2/domlogs/lab2454c HTTP/1.1" 200 13687 "-" "Mozilla/5.0 (compatible; MJ12bot/v1.4.8; http://mj12bot.com/)"
37.187.27.125 - - [14/Mar/2026:11:31:43 +0000] "GET /whsy.php?e=omvstudioentertainment.com.lab2454.com&p=/var/log/apache2/domlogs/lab2454c HTTP/1.1" 200 13694 "-" "Mozilla/5.0 (compatible; MJ12bot/v1.4.8; http://mj12bot.com/)"
74.7.243.196 - - [14/Mar/2026:11:31:44 +0000] "GET /whsy.php?p=%2Fproc%2F24782 HTTP/1.1" 200 1699 "http://caimegroup.com/whsy.php?p=%2Fproc%2F30576%2F.." "Mozilla/5.0 AppleWebKit/537.36 (KHTML, like Gecko; compatible; GPTBot/1.3; +https://openai.com/gptbot)"
37.187.27.125 - - [14/Mar/2026:11:31:46 +0000] "GET /whsy.php?e=omvstudioentertainment.com.lab2454.com-ssl_log&p=/var/log/apache2/domlogs/lab2454c HTTP/1.1" 200 13694 "-" "Mozilla/5.0 (compatible; MJ12bot/v1.4.8; http://mj12bot.com/)"
37.187.27.125 - - [14/Mar/2026:11:31:50 +0000] "GET /whsy.php?e=omvstudios.com.lab2454.com&p=/var/log/apache2/domlogs/lab2454c HTTP/1.1" 200 13691 "-" "Mozilla/5.0 (compatible; MJ12bot/v1.4.8; http://mj12bot.com/)"
74.7.243.196 - - [14/Mar/2026:11:31:52 +0000] "GET /whsy.php?p=%2Fproc%2F22390 HTTP/1.1" 200 1699 "http://caimegroup.com/whsy.php?p=%2Fproc%2F14351%2F.." "Mozilla/5.0 AppleWebKit/537.36 (KHTML, like Gecko; compatible; GPTBot/1.3; +https://openai.com/gptbot)"
37.187.27.125 - - [14/Mar/2026:11:31:53 +0000] "GET /whsy.php?e=omvstudios.com.lab2454.com-ssl_log&p=/var/log/apache2/domlogs/lab2454c HTTP/1.1" 200 13904 "-" "Mozilla/5.0 (compatible; MJ12bot/v1.4.8; http://mj12bot.com/)"
74.7.243.196 - - [14/Mar/2026:11:31:59 +0000] "GET /whsy.php?p=%2Fproc%2F25703 HTTP/1.1" 200 1699 "http://caimegroup.com/whsy.php?p=%2Fproc%2F31067%2F.." "Mozilla/5.0 AppleWebKit/537.36 (KHTML, like Gecko; compatible; GPTBot/1.3; +https://openai.com/gptbot)"
37.187.27.125 - - [14/Mar/2026:11:31:59 +0000] "GET /whsy.php?e=oneclimatestandard.com.lab2454.com&p=/var/log/apache2/domlogs/lab2454c HTTP/1.1" 200 13699 "-" "Mozilla/5.0 (compatible; MJ12bot/v1.4.8; http://mj12bot.com/)"
37.187.27.125 - - [14/Mar/2026:11:32:03 +0000] "GET /whsy.php?e=oneclimatestandard.com.lab2454.com-ssl_log&p=/var/log/apache2/domlogs/lab2454c HTTP/1.1" 200 13699 "-" "Mozilla/5.0 (compatible; MJ12bot/v1.4.8; http://mj12bot.com/)"
37.187.27.125 - - [14/Mar/2026:11:32:05 +0000] "GET /whsy.php?e=oneclimatestandards.com.lab2454.com&p=/var/log/apache2/domlogs/lab2454c HTTP/1.1" 200 13698 "-" "Mozilla/5.0 (compatible; MJ12bot/v1.4.8; http://mj12bot.com/)"
74.7.243.196 - - [14/Mar/2026:11:32:07 +0000] "GET /whsy.php?p=%2Fproc%2F32488 HTTP/1.1" 200 1699 "http://caimegroup.com/whsy.php?p=%2Fproc%2F31067%2F.." "Mozilla/5.0 AppleWebKit/537.36 (KHTML, like Gecko; compatible; GPTBot/1.3; +https://openai.com/gptbot)"
37.187.27.125 - - [14/Mar/2026:11:32:10 +0000] "GET /whsy.php?e=oneclimatestandards.com.lab2454.com-ssl_log&p=/var/log/apache2/domlogs/lab2454c HTTP/1.1" 200 13698 "-" "Mozilla/5.0 (compatible; MJ12bot/v1.4.8; http://mj12bot.com/)"
37.187.27.125 - - [14/Mar/2026:11:32:13 +0000] "GET /whsy.php?e=onemediaverse.com.lab2454.com&p=/var/log/apache2/domlogs/lab2454c HTTP/1.1" 200 13692 "-" "Mozilla/5.0 (compatible; MJ12bot/v1.4.8; http://mj12bot.com/)"
74.7.243.196 - - [14/Mar/2026:11:32:14 +0000] "GET /whsy.php?p=%2Fproc%2F22973 HTTP/1.1" 200 1699 "http://caimegroup.com/whsy.php?p=%2Fproc%2F14351%2F.." "Mozilla/5.0 AppleWebKit/537.36 (KHTML, like Gecko; compatible; GPTBot/1.3; +https://openai.com/gptbot)"
37.187.27.125 - - [14/Mar/2026:11:32:16 +0000] "GET /whsy.php?e=onemediaverse.com.lab2454.com-ssl_log&p=/var/log/apache2/domlogs/lab2454c HTTP/1.1" 200 13692 "-" "Mozilla/5.0 (compatible; MJ12bot/v1.4.8; http://mj12bot.com/)"
74.7.243.196 - - [14/Mar/2026:11:32:21 +0000] "GET /whsy.php?p=%2Fproc%2F24765 HTTP/1.1" 200 1699 "http://caimegroup.com/whsy.php?p=%2Fproc%2F30576%2F.." "Mozilla/5.0 AppleWebKit/537.36 (KHTML, like Gecko; compatible; GPTBot/1.3; +https://openai.com/gptbot)"
74.7.175.186 - - [14/Mar/2026:11:32:22 +0000] "GET /robots.txt HTTP/1.1" 404 - "-" "Mozilla/5.0 (Macintosh; Intel Mac OS X 10_15_7) AppleWebKit/537.36 (KHTML, like Gecko) Chrome/131.0.0.0 Safari/537.36; compatible; OAI-SearchBot/1.3; robots.txt; +https://openai.com/searchbot"
37.187.27.125 - - [14/Mar/2026:11:32:25 +0000] "GET /whsy.php?e=op6cl_installations.php&p=/home/lab2454c/.softaculous HTTP/1.1" 200 4372 "-" "Mozilla/5.0 (compatible; MJ12bot/v1.4.8; http://mj12bot.com/)"
74.7.243.196 - - [14/Mar/2026:11:32:29 +0000] "GET /whsy.php?p=%2Fproc%2F22375 HTTP/1.1" 200 1699 "http://caimegroup.com/whsy.php?p=%2Fproc%2F14351%2F.." "Mozilla/5.0 AppleWebKit/537.36 (KHTML, like Gecko; compatible; GPTBot/1.3; +https://openai.com/gptbot)"
74.7.243.196 - - [14/Mar/2026:11:32:36 +0000] "GET /whsy.php?p=%2Fproc%2F24784 HTTP/1.1" 200 1699 "http://caimegroup.com/whsy.php?p=%2Fproc%2F30576%2F.." "Mozilla/5.0 AppleWebKit/537.36 (KHTML, like Gecko; compatible; GPTBot/1.3; +https://openai.com/gptbot)"
74.7.243.196 - - [14/Mar/2026:11:32:43 +0000] "GET /whsy.php?p=%2Fproc%2F13465 HTTP/1.1" 200 1699 "http://caimegroup.com/whsy.php?p=%2Fproc%2F31067%2F.." "Mozilla/5.0 AppleWebKit/537.36 (KHTML, like Gecko; compatible; GPTBot/1.3; +https://openai.com/gptbot)"
74.7.243.196 - - [14/Mar/2026:11:32:51 +0000] "GET /whsy.php?p=%2Fproc%2F11036 HTTP/1.1" 200 1699 "http://caimegroup.com/whsy.php?p=%2Fproc%2F31067%2F.." "Mozilla/5.0 AppleWebKit/537.36 (KHTML, like Gecko; compatible; GPTBot/1.3; +https://openai.com/gptbot)"
74.7.243.196 - - [14/Mar/2026:11:32:58 +0000] "GET /whsy.php?p=%2Fproc%2F21317 HTTP/1.1" 200 1699 "http://caimegroup.com/whsy.php?p=%2Fproc%2F31067%2F.." "Mozilla/5.0 AppleWebKit/537.36 (KHTML, like Gecko; compatible; GPTBot/1.3; +https://openai.com/gptbot)"
74.7.243.196 - - [14/Mar/2026:11:33:06 +0000] "GET /whsy.php?p=%2Fproc%2F22960 HTTP/1.1" 200 1699 "http://caimegroup.com/whsy.php?p=%2Fproc%2F14351%2F.." "Mozilla/5.0 AppleWebKit/537.36 (KHTML, like Gecko; compatible; GPTBot/1.3; +https://openai.com/gptbot)"
74.7.243.196 - - [14/Mar/2026:11:33:13 +0000] "GET /whsy.php?p=%2Fproc%2F15664 HTTP/1.1" 200 1699 "http://caimegroup.com/whsy.php?p=%2Fproc%2F31067%2F.." "Mozilla/5.0 AppleWebKit/537.36 (KHTML, like Gecko; compatible; GPTBot/1.3; +https://openai.com/gptbot)"
37.187.27.125 - - [14/Mar/2026:11:33:14 +0000] "GET /whsy.php?e=option.php&p=/home/lab2454c/caimegroup.com/wp-includes HTTP/1.1" 200 28000 "-" "Mozilla/5.0 (compatible; MJ12bot/v1.4.8; http://mj12bot.com/)"
37.187.27.125 - - [14/Mar/2026:11:33:16 +0000] "GET /whsy.php?e=option.php&p=/home/lab2454c/caimegroup.com/wp-includes_old HTTP/1.1" 200 25230 "-" "Mozilla/5.0 (compatible; MJ12bot/v1.4.8; http://mj12bot.com/)"
74.7.243.196 - - [14/Mar/2026:11:33:21 +0000] "GET /whsy.php?p=%2Fproc%2F21832 HTTP/1.1" 200 1699 "http://caimegroup.com/whsy.php?p=%2Fproc%2F31067%2F.." "Mozilla/5.0 AppleWebKit/537.36 (KHTML, like Gecko; compatible; GPTBot/1.3; +https://openai.com/gptbot)"
74.7.243.196 - - [14/Mar/2026:11:33:28 +0000] "GET /whsy.php?p=%2Fproc%2F22516 HTTP/1.1" 200 1699 "http://caimegroup.com/whsy.php?p=%2Fproc%2F14351%2F.." "Mozilla/5.0 AppleWebKit/537.36 (KHTML, like Gecko; compatible; GPTBot/1.3; +https://openai.com/gptbot)"
74.7.243.196 - - [14/Mar/2026:11:33:35 +0000] "GET /whsy.php?p=%2Fproc%2F24526 HTTP/1.1" 200 1699 "http://caimegroup.com/whsy.php?p=%2Fproc%2F30576%2F.." "Mozilla/5.0 AppleWebKit/537.36 (KHTML, like Gecko; compatible; GPTBot/1.3; +https://openai.com/gptbot)"
74.7.243.196 - - [14/Mar/2026:11:33:43 +0000] "GET /whsy.php?p=%2Fproc%2F21750 HTTP/1.1" 200 1699 "http://caimegroup.com/whsy.php?p=%2Fproc%2F31067%2F.." "Mozilla/5.0 AppleWebKit/537.36 (KHTML, like Gecko; compatible; GPTBot/1.3; +https://openai.com/gptbot)"
74.7.243.196 - - [14/Mar/2026:11:33:50 +0000] "GET /whsy.php?p=%2Fproc%2F17724 HTTP/1.1" 200 1699 "http://caimegroup.com/whsy.php?p=%2Fproc%2F31067%2F.." "Mozilla/5.0 AppleWebKit/537.36 (KHTML, like Gecko; compatible; GPTBot/1.3; +https://openai.com/gptbot)"
74.7.243.196 - - [14/Mar/2026:11:33:57 +0000] "GET /whsy.php?p=%2Fproc%2F32336 HTTP/1.1" 200 1699 "http://caimegroup.com/whsy.php?p=%2Fproc%2F31067%2F.." "Mozilla/5.0 AppleWebKit/537.36 (KHTML, like Gecko; compatible; GPTBot/1.3; +https://openai.com/gptbot)"
74.7.243.196 - - [14/Mar/2026:11:34:04 +0000] "GET /whsy.php?p=%2Fproc%2F14862 HTTP/1.1" 200 1699 "http://caimegroup.com/whsy.php?p=%2Fproc%2F31067%2F.." "Mozilla/5.0 AppleWebKit/537.36 (KHTML, like Gecko; compatible; GPTBot/1.3; +https://openai.com/gptbot)"
74.7.243.196 - - [14/Mar/2026:11:34:12 +0000] "GET /whsy.php?p=%2Fproc%2F21017 HTTP/1.1" 200 1699 "http://caimegroup.com/whsy.php?p=%2Fproc%2F31067%2F.." "Mozilla/5.0 AppleWebKit/537.36 (KHTML, like Gecko; compatible; GPTBot/1.3; +https://openai.com/gptbot)"
74.7.243.196 - - [14/Mar/2026:11:34:20 +0000] "GET /whsy.php?p=%2Fproc%2F21594 HTTP/1.1" 200 1699 "http://caimegroup.com/whsy.php?p=%2Fproc%2F31067%2F.." "Mozilla/5.0 AppleWebKit/537.36 (KHTML, like Gecko; compatible; GPTBot/1.3; +https://openai.com/gptbot)"
74.7.243.196 - - [14/Mar/2026:11:34:27 +0000] "GET /whsy.php?p=%2Fproc%2F24363 HTTP/1.1" 200 1699 "http://caimegroup.com/whsy.php?p=%2Fproc%2F30576%2F.." "Mozilla/5.0 AppleWebKit/537.36 (KHTML, like Gecko; compatible; GPTBot/1.3; +https://openai.com/gptbot)"
74.7.243.196 - - [14/Mar/2026:11:34:35 +0000] "GET /whsy.php?p=%2Fproc%2F27718 HTTP/1.1" 200 1699 "http://caimegroup.com/whsy.php?p=%2Fproc%2F31067%2F.." "Mozilla/5.0 AppleWebKit/537.36 (KHTML, like Gecko; compatible; GPTBot/1.3; +https://openai.com/gptbot)"
74.7.243.196 - - [14/Mar/2026:11:34:42 +0000] "GET /whsy.php?p=%2Fproc%2F22971 HTTP/1.1" 200 1699 "http://caimegroup.com/whsy.php?p=%2Fproc%2F14351%2F.." "Mozilla/5.0 AppleWebKit/537.36 (KHTML, like Gecko; compatible; GPTBot/1.3; +https://openai.com/gptbot)"
74.7.243.196 - - [14/Mar/2026:11:34:49 +0000] "GET /whsy.php?p=%2Fproc%2F30855 HTTP/1.1" 200 1699 "http://caimegroup.com/whsy.php?p=%2Fproc%2F31067%2F.." "Mozilla/5.0 AppleWebKit/537.36 (KHTML, like Gecko; compatible; GPTBot/1.3; +https://openai.com/gptbot)"
74.7.243.196 - - [14/Mar/2026:11:34:57 +0000] "GET /whsy.php?p=%2Fproc%2F23214 HTTP/1.1" 200 1699 "http://caimegroup.com/whsy.php?p=%2Fproc%2F31067%2F.." "Mozilla/5.0 AppleWebKit/537.36 (KHTML, like Gecko; compatible; GPTBot/1.3; +https://openai.com/gptbot)"
74.7.243.196 - - [14/Mar/2026:11:35:04 +0000] "GET /whsy.php?p=%2Fproc%2F31830 HTTP/1.1" 200 1699 "http://caimegroup.com/whsy.php?p=%2Fproc%2F31067%2F.." "Mozilla/5.0 AppleWebKit/537.36 (KHTML, like Gecko; compatible; GPTBot/1.3; +https://openai.com/gptbot)"
74.7.243.196 - - [14/Mar/2026:11:35:11 +0000] "GET /whsy.php?p=%2Fproc%2F16025 HTTP/1.1" 200 1699 "http://caimegroup.com/whsy.php?p=%2Fproc%2F31067%2F.." "Mozilla/5.0 AppleWebKit/537.36 (KHTML, like Gecko; compatible; GPTBot/1.3; +https://openai.com/gptbot)"
74.7.243.196 - - [14/Mar/2026:11:35:19 +0000] "GET /whsy.php?p=%2Fproc%2F19495 HTTP/1.1" 200 1699 "http://caimegroup.com/whsy.php?p=%2Fproc%2F31067%2F.." "Mozilla/5.0 AppleWebKit/537.36 (KHTML, like Gecko; compatible; GPTBot/1.3; +https://openai.com/gptbot)"
74.7.243.196 - - [14/Mar/2026:11:35:26 +0000] "GET /whsy.php?p=%2Fproc%2F21403 HTTP/1.1" 200 1699 "http://caimegroup.com/whsy.php?p=%2Fproc%2F31067%2F.." "Mozilla/5.0 AppleWebKit/537.36 (KHTML, like Gecko; compatible; GPTBot/1.3; +https://openai.com/gptbot)"
74.7.243.196 - - [14/Mar/2026:11:35:33 +0000] "GET /whsy.php?p=%2Fproc%2F10694 HTTP/1.1" 200 1699 "http://caimegroup.com/whsy.php?p=%2Fproc%2F31067%2F.." "Mozilla/5.0 AppleWebKit/537.36 (KHTML, like Gecko; compatible; GPTBot/1.3; +https://openai.com/gptbot)"
74.7.243.196 - - [14/Mar/2026:11:35:40 +0000] "GET /whsy.php?p=%2Fproc%2F22159 HTTP/1.1" 200 1699 "http://caimegroup.com/whsy.php?p=%2Fproc%2F31067%2F.." "Mozilla/5.0 AppleWebKit/537.36 (KHTML, like Gecko; compatible; GPTBot/1.3; +https://openai.com/gptbot)"
74.7.243.196 - - [14/Mar/2026:11:35:48 +0000] "GET /whsy.php?p=%2Fproc%2F23671 HTTP/1.1" 200 1699 "http://caimegroup.com/whsy.php?p=%2Fproc%2F30576%2F.." "Mozilla/5.0 AppleWebKit/537.36 (KHTML, like Gecko; compatible; GPTBot/1.3; +https://openai.com/gptbot)"
74.7.243.196 - - [14/Mar/2026:11:35:55 +0000] "GET /whsy.php?p=%2Fproc%2F24518 HTTP/1.1" 200 1699 "http://caimegroup.com/whsy.php?p=%2Fproc%2F30576%2F.." "Mozilla/5.0 AppleWebKit/537.36 (KHTML, like Gecko; compatible; GPTBot/1.3; +https://openai.com/gptbot)"
74.7.243.196 - - [14/Mar/2026:11:36:03 +0000] "GET /whsy.php?p=%2Fproc%2F25824 HTTP/1.1" 200 1938 "http://caimegroup.com/whsy.php?p=%2Fproc%2F31067%2F.." "Mozilla/5.0 AppleWebKit/537.36 (KHTML, like Gecko; compatible; GPTBot/1.3; +https://openai.com/gptbot)"
74.7.243.196 - - [14/Mar/2026:11:36:10 +0000] "GET /whsy.php?p=%2Fproc%2F22970 HTTP/1.1" 200 1699 "http://caimegroup.com/whsy.php?p=%2Fproc%2F14351%2F.." "Mozilla/5.0 AppleWebKit/537.36 (KHTML, like Gecko; compatible; GPTBot/1.3; +https://openai.com/gptbot)"
74.7.243.196 - - [14/Mar/2026:11:36:17 +0000] "GET /whsy.php?e=mountstats&p=%2Fproc%2F19763 HTTP/1.1" 200 1699 "http://caimegroup.com/whsy.php?p=%2Fproc%2F19763" "Mozilla/5.0 AppleWebKit/537.36 (KHTML, like Gecko; compatible; GPTBot/1.3; +https://openai.com/gptbot)"
74.7.243.196 - - [14/Mar/2026:11:36:25 +0000] "GET /whsy.php?e=loginuid&p=%2Fproc%2F23410 HTTP/1.1" 200 1699 "http://caimegroup.com/whsy.php?p=%2Fproc%2F23410" "Mozilla/5.0 AppleWebKit/537.36 (KHTML, like Gecko; compatible; GPTBot/1.3; +https://openai.com/gptbot)"
74.7.243.196 - - [14/Mar/2026:11:36:32 +0000] "GET /whsy.php?e=loginuid&p=%2Fproc%2F21976 HTTP/1.1" 200 1699 "http://caimegroup.com/whsy.php?p=%2Fproc%2F21976" "Mozilla/5.0 AppleWebKit/537.36 (KHTML, like Gecko; compatible; GPTBot/1.3; +https://openai.com/gptbot)"
74.7.243.196 - - [14/Mar/2026:11:36:39 +0000] "GET /whsy.php?e=loginuid&p=%2Fproc%2F12869 HTTP/1.1" 200 1699 "http://caimegroup.com/whsy.php?p=%2Fproc%2F12869" "Mozilla/5.0 AppleWebKit/537.36 (KHTML, like Gecko; compatible; GPTBot/1.3; +https://openai.com/gptbot)"
74.7.243.196 - - [14/Mar/2026:11:36:46 +0000] "GET /whsy.php?e=loginuid&p=%2Fproc%2F19763 HTTP/1.1" 200 1699 "http://caimegroup.com/whsy.php?p=%2Fproc%2F19763" "Mozilla/5.0 AppleWebKit/537.36 (KHTML, like Gecko; compatible; GPTBot/1.3; +https://openai.com/gptbot)"
74.7.243.196 - - [14/Mar/2026:11:36:54 +0000] "GET /whsy.php?e=loginuid&p=%2Fproc%2F21645 HTTP/1.1" 200 1699 "http://caimegroup.com/whsy.php?p=%2Fproc%2F21645" "Mozilla/5.0 AppleWebKit/537.36 (KHTML, like Gecko; compatible; GPTBot/1.3; +https://openai.com/gptbot)"
74.7.243.196 - - [14/Mar/2026:11:37:01 +0000] "GET /whsy.php?e=mountstats&p=%2Fproc%2F21976 HTTP/1.1" 200 1699 "http://caimegroup.com/whsy.php?p=%2Fproc%2F21976" "Mozilla/5.0 AppleWebKit/537.36 (KHTML, like Gecko; compatible; GPTBot/1.3; +https://openai.com/gptbot)"
74.7.243.196 - - [14/Mar/2026:11:37:09 +0000] "GET /whsy.php?e=mountstats&p=%2Fproc%2F23410 HTTP/1.1" 200 1699 "http://caimegroup.com/whsy.php?p=%2Fproc%2F23410" "Mozilla/5.0 AppleWebKit/537.36 (KHTML, like Gecko; compatible; GPTBot/1.3; +https://openai.com/gptbot)"
74.7.243.196 - - [14/Mar/2026:11:37:16 +0000] "GET /whsy.php?e=mountstats&p=%2Fproc%2F12869 HTTP/1.1" 200 1699 "http://caimegroup.com/whsy.php?p=%2Fproc%2F12869" "Mozilla/5.0 AppleWebKit/537.36 (KHTML, like Gecko; compatible; GPTBot/1.3; +https://openai.com/gptbot)"
74.7.243.196 - - [14/Mar/2026:11:37:23 +0000] "GET /whsy.php?e=mountinfo&p=%2Fproc%2F25824 HTTP/1.1" 200 2952 "http://caimegroup.com/whsy.php?p=%2Fproc%2F25824" "Mozilla/5.0 AppleWebKit/537.36 (KHTML, like Gecko; compatible; GPTBot/1.3; +https://openai.com/gptbot)"
74.7.175.186 - - [14/Mar/2026:11:37:24 +0000] "GET /robots.txt HTTP/1.1" 404 - "-" "Mozilla/5.0 (Macintosh; Intel Mac OS X 10_15_7) AppleWebKit/537.36 (KHTML, like Gecko) Chrome/131.0.0.0 Safari/537.36; compatible; OAI-SearchBot/1.3; robots.txt; +https://openai.com/searchbot"
74.7.243.196 - - [14/Mar/2026:11:37:31 +0000] "GET /whsy.php?e=syscall&p=%2Fproc%2F25824 HTTP/1.1" 200 1938 "http://caimegroup.com/whsy.php?p=%2Fproc%2F25824" "Mozilla/5.0 AppleWebKit/537.36 (KHTML, like Gecko; compatible; GPTBot/1.3; +https://openai.com/gptbot)"
74.7.243.196 - - [14/Mar/2026:11:37:38 +0000] "GET /whsy.php?e=pagemap&p=%2Fproc%2F25824 HTTP/1.1" 200 1938 "http://caimegroup.com/whsy.php?p=%2Fproc%2F25824" "Mozilla/5.0 AppleWebKit/537.36 (KHTML, like Gecko; compatible; GPTBot/1.3; +https://openai.com/gptbot)"
74.7.243.196 - - [14/Mar/2026:11:37:45 +0000] "GET /whsy.php?e=auxv&p=%2Fproc%2F25824 HTTP/1.1" 200 1938 "http://caimegroup.com/whsy.php?p=%2Fproc%2F25824" "Mozilla/5.0 AppleWebKit/537.36 (KHTML, like Gecko; compatible; GPTBot/1.3; +https://openai.com/gptbot)"
74.7.243.196 - - [14/Mar/2026:11:37:53 +0000] "GET /whsy.php?e=autogroup&p=%2Fproc%2F25824 HTTP/1.1" 200 2006 "http://caimegroup.com/whsy.php?p=%2Fproc%2F25824" "Mozilla/5.0 AppleWebKit/537.36 (KHTML, like Gecko; compatible; GPTBot/1.3; +https://openai.com/gptbot)"
74.7.243.196 - - [14/Mar/2026:11:38:00 +0000] "GET /whsy.php?e=smaps&p=%2Fproc%2F25824 HTTP/1.1" 200 2009 "http://caimegroup.com/whsy.php?p=%2Fproc%2F25824" "Mozilla/5.0 AppleWebKit/537.36 (KHTML, like Gecko; compatible; GPTBot/1.3; +https://openai.com/gptbot)"
74.7.243.196 - - [14/Mar/2026:11:38:08 +0000] "GET /whsy.php?e=sched&p=%2Fproc%2F25824 HTTP/1.1" 200 2458 "http://caimegroup.com/whsy.php?p=%2Fproc%2F25824" "Mozilla/5.0 AppleWebKit/537.36 (KHTML, like Gecko; compatible; GPTBot/1.3; +https://openai.com/gptbot)"
74.7.243.196 - - [14/Mar/2026:11:38:15 +0000] "GET /whsy.php?e=wchan&p=%2Fproc%2F25824 HTTP/1.1" 200 2007 "http://caimegroup.com/whsy.php?p=%2Fproc%2F25824" "Mozilla/5.0 AppleWebKit/537.36 (KHTML, like Gecko; compatible; GPTBot/1.3; +https://openai.com/gptbot)"
74.7.243.196 - - [14/Mar/2026:11:38:23 +0000] "GET /whsy.php?e=statm&p=%2Fproc%2F25824 HTTP/1.1" 200 2010 "http://caimegroup.com/whsy.php?p=%2Fproc%2F25824" "Mozilla/5.0 AppleWebKit/537.36 (KHTML, like Gecko; compatible; GPTBot/1.3; +https://openai.com/gptbot)"
74.7.243.196 - - [14/Mar/2026:11:38:30 +0000] "GET /whsy.php?e=stack&p=%2Fproc%2F25824 HTTP/1.1" 200 1938 "http://caimegroup.com/whsy.php?p=%2Fproc%2F25824" "Mozilla/5.0 AppleWebKit/537.36 (KHTML, like Gecko; compatible; GPTBot/1.3; +https://openai.com/gptbot)"
74.7.243.196 - - [14/Mar/2026:11:38:38 +0000] "GET /whsy.php?e=schedstat&p=%2Fproc%2F25824 HTTP/1.1" 200 2034 "http://caimegroup.com/whsy.php?p=%2Fproc%2F25824" "Mozilla/5.0 AppleWebKit/537.36 (KHTML, like Gecko; compatible; GPTBot/1.3; +https://openai.com/gptbot)"
74.7.243.196 - - [14/Mar/2026:11:38:45 +0000] "GET /whsy.php?e=mem&p=%2Fproc%2F25824 HTTP/1.1" 200 1938 "http://caimegroup.com/whsy.php?p=%2Fproc%2F25824" "Mozilla/5.0 AppleWebKit/537.36 (KHTML, like Gecko; compatible; GPTBot/1.3; +https://openai.com/gptbot)"
74.7.243.196 - - [14/Mar/2026:11:38:53 +0000] "GET /whsy.php?e=exe&p=%2Fproc%2F25824 HTTP/1.1" 200 1938 "http://caimegroup.com/whsy.php?p=%2Fproc%2F25824" "Mozilla/5.0 AppleWebKit/537.36 (KHTML, like Gecko; compatible; GPTBot/1.3; +https://openai.com/gptbot)"
42.83.147.53 - - [14/Mar/2026:11:38:57 +0000] "GET / HTTP/1.1" 200 20 "-" "Mozilla/5.0 (Windows NT 6.1; Win64; x64) AppleWebKit/537.36 (KHTML, like Gecko)Chrome/74.0.3729.169 Safari/537.36"
74.7.243.196 - - [14/Mar/2026:11:39:01 +0000] "GET /whsy.php?e=cwd&p=%2Fproc%2F25824 HTTP/1.1" 200 1938 "http://caimegroup.com/whsy.php?p=%2Fproc%2F25824" "Mozilla/5.0 AppleWebKit/537.36 (KHTML, like Gecko; compatible; GPTBot/1.3; +https://openai.com/gptbot)"
74.7.243.196 - - [14/Mar/2026:11:39:10 +0000] "GET /whsy.php?e=uid_map&p=%2Fproc%2F25824 HTTP/1.1" 200 2025 "http://caimegroup.com/whsy.php?p=%2Fproc%2F25824" "Mozilla/5.0 AppleWebKit/537.36 (KHTML, like Gecko; compatible; GPTBot/1.3; +https://openai.com/gptbot)"
74.7.243.196 - - [14/Mar/2026:11:39:18 +0000] "GET /whsy.php?e=oom_adj&p=%2Fproc%2F25824 HTTP/1.1" 200 2009 "http://caimegroup.com/whsy.php?p=%2Fproc%2F25824" "Mozilla/5.0 AppleWebKit/537.36 (KHTML, like Gecko; compatible; GPTBot/1.3; +https://openai.com/gptbot)"
74.7.243.196 - - [14/Mar/2026:11:39:26 +0000] "GET /whsy.php?e=gid_map&p=%2Fproc%2F25824 HTTP/1.1" 200 2028 "http://caimegroup.com/whsy.php?p=%2Fproc%2F25824" "Mozilla/5.0 AppleWebKit/537.36 (KHTML, like Gecko; compatible; GPTBot/1.3; +https://openai.com/gptbot)"
74.7.243.196 - - [14/Mar/2026:11:39:34 +0000] "GET /whsy.php?e=setgroups&p=%2Fproc%2F25824 HTTP/1.1" 200 2010 "http://caimegroup.com/whsy.php?p=%2Fproc%2F25824" "Mozilla/5.0 AppleWebKit/537.36 (KHTML, like Gecko; compatible; GPTBot/1.3; +https://openai.com/gptbot)"
