74.7.243.196 - - [14/Mar/2026:04:07:11 +0000] "GET /whsy.php?e=mcfilter&p=%2Fproc%2F16500%2Fnet HTTP/1.1" 200 1699 "http://caimegroup.com/whsy.php?p=%2Fproc%2F16500%2Fnet" "Mozilla/5.0 AppleWebKit/537.36 (KHTML, like Gecko; compatible; GPTBot/1.3; +https://openai.com/gptbot)"
74.7.243.196 - - [14/Mar/2026:04:07:19 +0000] "GET /whsy.php?e=mcfilter&p=%2Fproc%2F15610%2Fnet HTTP/1.1" 200 2537 "http://caimegroup.com/whsy.php?p=%2Fproc%2F15610%2Fnet" "Mozilla/5.0 AppleWebKit/537.36 (KHTML, like Gecko; compatible; GPTBot/1.3; +https://openai.com/gptbot)"
74.7.243.196 - - [14/Mar/2026:04:07:26 +0000] "GET /whsy.php?e=fib_trie&p=%2Fproc%2F15931%2Fnet HTTP/1.1" 200 2694 "http://caimegroup.com/whsy.php?p=%2Fproc%2F15931%2Fnet" "Mozilla/5.0 AppleWebKit/537.36 (KHTML, like Gecko; compatible; GPTBot/1.3; +https://openai.com/gptbot)"
74.7.243.196 - - [14/Mar/2026:04:07:33 +0000] "GET /whsy.php?e=fib_trie&p=%2Fproc%2F15610%2Fnet HTTP/1.1" 200 2693 "http://caimegroup.com/whsy.php?p=%2Fproc%2F15610%2Fnet" "Mozilla/5.0 AppleWebKit/537.36 (KHTML, like Gecko; compatible; GPTBot/1.3; +https://openai.com/gptbot)"
74.7.243.196 - - [14/Mar/2026:04:07:40 +0000] "GET /whsy.php?e=udplite&p=%2Fproc%2F16500%2Fnet HTTP/1.1" 200 1699 "http://caimegroup.com/whsy.php?p=%2Fproc%2F16500%2Fnet" "Mozilla/5.0 AppleWebKit/537.36 (KHTML, like Gecko; compatible; GPTBot/1.3; +https://openai.com/gptbot)"
74.7.243.196 - - [14/Mar/2026:04:07:47 +0000] "GET /whsy.php?e=fib_trie&p=%2Fproc%2F24876%2Fnet HTTP/1.1" 200 2694 "http://caimegroup.com/whsy.php?p=%2Fproc%2F24876%2Fnet" "Mozilla/5.0 AppleWebKit/537.36 (KHTML, like Gecko; compatible; GPTBot/1.3; +https://openai.com/gptbot)"
74.7.243.196 - - [14/Mar/2026:04:07:55 +0000] "GET /whsy.php?e=tls_stat&p=%2Fproc%2F14857%2Fnet HTTP/1.1" 200 2602 "http://caimegroup.com/whsy.php?p=%2Fproc%2F14857%2Fnet" "Mozilla/5.0 AppleWebKit/537.36 (KHTML, like Gecko; compatible; GPTBot/1.3; +https://openai.com/gptbot)"
74.7.243.196 - - [14/Mar/2026:04:08:03 +0000] "GET /whsy.php?e=udplite&p=%2Fproc%2F15610%2Fnet HTTP/1.1" 200 2582 "http://caimegroup.com/whsy.php?p=%2Fproc%2F15610%2Fnet" "Mozilla/5.0 AppleWebKit/537.36 (KHTML, like Gecko; compatible; GPTBot/1.3; +https://openai.com/gptbot)"
74.7.243.196 - - [14/Mar/2026:04:08:11 +0000] "GET /whsy.php?e=sockstat&p=%2Fproc%2F14857%2Fnet HTTP/1.1" 200 2604 "http://caimegroup.com/whsy.php?p=%2Fproc%2F14857%2Fnet" "Mozilla/5.0 AppleWebKit/537.36 (KHTML, like Gecko; compatible; GPTBot/1.3; +https://openai.com/gptbot)"
74.7.243.196 - - [14/Mar/2026:04:08:19 +0000] "GET /whsy.php?e=netlink&p=%2Fproc%2F14857%2Fnet HTTP/1.1" 200 2813 "http://caimegroup.com/whsy.php?p=%2Fproc%2F14857%2Fnet" "Mozilla/5.0 AppleWebKit/537.36 (KHTML, like Gecko; compatible; GPTBot/1.3; +https://openai.com/gptbot)"
74.7.243.196 - - [14/Mar/2026:04:08:28 +0000] "GET /whsy.php?e=mcfilter&p=%2Fproc%2F24876%2Fnet HTTP/1.1" 200 2538 "http://caimegroup.com/whsy.php?p=%2Fproc%2F24876%2Fnet" "Mozilla/5.0 AppleWebKit/537.36 (KHTML, like Gecko; compatible; GPTBot/1.3; +https://openai.com/gptbot)"
74.7.243.196 - - [14/Mar/2026:04:08:38 +0000] "GET /whsy.php?e=udplite&p=%2Fproc%2F15931%2Fnet HTTP/1.1" 200 2582 "http://caimegroup.com/whsy.php?p=%2Fproc%2F15931%2Fnet" "Mozilla/5.0 AppleWebKit/537.36 (KHTML, like Gecko; compatible; GPTBot/1.3; +https://openai.com/gptbot)"
74.7.243.196 - - [14/Mar/2026:04:08:48 +0000] "GET /whsy.php?e=udplite&p=%2Fproc%2F14351%2Fnet HTTP/1.1" 200 2583 "http://caimegroup.com/whsy.php?p=%2Fproc%2F14351%2Fnet" "Mozilla/5.0 AppleWebKit/537.36 (KHTML, like Gecko; compatible; GPTBot/1.3; +https://openai.com/gptbot)"
74.7.243.196 - - [14/Mar/2026:04:08:56 +0000] "GET /whsy.php?e=packet&p=%2Fproc%2F24876%2Fnet HTTP/1.1" 200 2572 "http://caimegroup.com/whsy.php?p=%2Fproc%2F24876%2Fnet" "Mozilla/5.0 AppleWebKit/537.36 (KHTML, like Gecko; compatible; GPTBot/1.3; +https://openai.com/gptbot)"
74.7.243.196 - - [14/Mar/2026:04:09:03 +0000] "GET /whsy.php?e=numa_maps&p=%2Fproc%2F22444 HTTP/1.1" 200 1699 "http://caimegroup.com/whsy.php?p=%2Fproc%2F22444" "Mozilla/5.0 AppleWebKit/537.36 (KHTML, like Gecko; compatible; GPTBot/1.3; +https://openai.com/gptbot)"
74.7.243.196 - - [14/Mar/2026:04:09:10 +0000] "GET /whsy.php?e=netstat&p=%2Fproc%2F24876%2Fnet HTTP/1.1" 200 4245 "http://caimegroup.com/whsy.php?p=%2Fproc%2F24876%2Fnet" "Mozilla/5.0 AppleWebKit/537.36 (KHTML, like Gecko; compatible; GPTBot/1.3; +https://openai.com/gptbot)"
74.7.243.196 - - [14/Mar/2026:04:09:17 +0000] "GET /whsy.php?e=ip_vs&p=%2Fproc%2F14351%2Fnet HTTP/1.1" 200 2615 "http://caimegroup.com/whsy.php?p=%2Fproc%2F14351%2Fnet" "Mozilla/5.0 AppleWebKit/537.36 (KHTML, like Gecko; compatible; GPTBot/1.3; +https://openai.com/gptbot)"
74.7.243.196 - - [14/Mar/2026:04:09:25 +0000] "GET /whsy.php?e=ip_vs&p=%2Fproc%2F15610%2Fnet HTTP/1.1" 200 2614 "http://caimegroup.com/whsy.php?p=%2Fproc%2F15610%2Fnet" "Mozilla/5.0 AppleWebKit/537.36 (KHTML, like Gecko; compatible; GPTBot/1.3; +https://openai.com/gptbot)"
74.7.243.196 - - [14/Mar/2026:04:09:32 +0000] "GET /whsy.php?e=ip_vs&p=%2Fproc%2F15931%2Fnet HTTP/1.1" 200 2615 "http://caimegroup.com/whsy.php?p=%2Fproc%2F15931%2Fnet" "Mozilla/5.0 AppleWebKit/537.36 (KHTML, like Gecko; compatible; GPTBot/1.3; +https://openai.com/gptbot)"
74.7.243.196 - - [14/Mar/2026:04:09:39 +0000] "GET /whsy.php?e=ip_vs&p=%2Fproc%2F16500%2Fnet HTTP/1.1" 200 1699 "http://caimegroup.com/whsy.php?p=%2Fproc%2F16500%2Fnet" "Mozilla/5.0 AppleWebKit/537.36 (KHTML, like Gecko; compatible; GPTBot/1.3; +https://openai.com/gptbot)"
74.7.243.196 - - [14/Mar/2026:04:09:47 +0000] "GET /whsy.php?e=prev&p=%2Fproc%2F24876%2Fattr HTTP/1.1" 200 859 "http://caimegroup.com/whsy.php?p=%2Fproc%2F24876%2Fattr" "Mozilla/5.0 AppleWebKit/537.36 (KHTML, like Gecko; compatible; GPTBot/1.3; +https://openai.com/gptbot)"
74.7.243.196 - - [14/Mar/2026:04:09:55 +0000] "GET /whsy.php?e=ptype&p=%2Fproc%2F14857%2Fnet HTTP/1.1" 200 2618 "http://caimegroup.com/whsy.php?p=%2Fproc%2F14857%2Fnet" "Mozilla/5.0 AppleWebKit/537.36 (KHTML, like Gecko; compatible; GPTBot/1.3; +https://openai.com/gptbot)"
74.7.243.196 - - [14/Mar/2026:04:10:02 +0000] "GET /whsy.php?e=packet&p=%2Fproc%2F14857%2Fnet HTTP/1.1" 200 2572 "http://caimegroup.com/whsy.php?p=%2Fproc%2F14857%2Fnet" "Mozilla/5.0 AppleWebKit/537.36 (KHTML, like Gecko; compatible; GPTBot/1.3; +https://openai.com/gptbot)"
74.7.243.196 - - [14/Mar/2026:04:10:09 +0000] "GET /whsy.php?e=tcp&p=%2Fproc%2F24876%2Fnet HTTP/1.1" 200 17821 "http://caimegroup.com/whsy.php?p=%2Fproc%2F24876%2Fnet" "Mozilla/5.0 AppleWebKit/537.36 (KHTML, like Gecko; compatible; GPTBot/1.3; +https://openai.com/gptbot)"
74.7.243.196 - - [14/Mar/2026:04:10:16 +0000] "GET /whsy.php?e=psched&p=%2Fproc%2F15931%2Fnet HTTP/1.1" 200 2532 "http://caimegroup.com/whsy.php?p=%2Fproc%2F15931%2Fnet" "Mozilla/5.0 AppleWebKit/537.36 (KHTML, like Gecko; compatible; GPTBot/1.3; +https://openai.com/gptbot)"
74.7.243.196 - - [14/Mar/2026:04:10:23 +0000] "GET /whsy.php?e=psched&p=%2Fproc%2F16500%2Fnet HTTP/1.1" 200 1699 "http://caimegroup.com/whsy.php?p=%2Fproc%2F16500%2Fnet" "Mozilla/5.0 AppleWebKit/537.36 (KHTML, like Gecko; compatible; GPTBot/1.3; +https://openai.com/gptbot)"
74.7.243.196 - - [14/Mar/2026:04:10:31 +0000] "GET /whsy.php?e=psched&p=%2Fproc%2F14351%2Fnet HTTP/1.1" 200 2532 "http://caimegroup.com/whsy.php?p=%2Fproc%2F14351%2Fnet" "Mozilla/5.0 AppleWebKit/537.36 (KHTML, like Gecko; compatible; GPTBot/1.3; +https://openai.com/gptbot)"
74.7.243.196 - - [14/Mar/2026:04:10:38 +0000] "GET /whsy.php?e=psched&p=%2Fproc%2F15610%2Fnet HTTP/1.1" 200 2531 "http://caimegroup.com/whsy.php?p=%2Fproc%2F15610%2Fnet" "Mozilla/5.0 AppleWebKit/537.36 (KHTML, like Gecko; compatible; GPTBot/1.3; +https://openai.com/gptbot)"
74.7.243.196 - - [14/Mar/2026:04:10:45 +0000] "GET /whsy.php?e=rt_acct&p=%2Fproc%2F14857%2Fnet HTTP/1.1" 200 2531 "http://caimegroup.com/whsy.php?p=%2Fproc%2F14857%2Fnet" "Mozilla/5.0 AppleWebKit/537.36 (KHTML, like Gecko; compatible; GPTBot/1.3; +https://openai.com/gptbot)"
74.7.243.196 - - [14/Mar/2026:04:10:52 +0000] "GET /whsy.php?e=psched&p=%2Fproc%2F24876%2Fnet HTTP/1.1" 200 2531 "http://caimegroup.com/whsy.php?p=%2Fproc%2F24876%2Fnet" "Mozilla/5.0 AppleWebKit/537.36 (KHTML, like Gecko; compatible; GPTBot/1.3; +https://openai.com/gptbot)"
74.7.243.196 - - [14/Mar/2026:04:10:59 +0000] "GET /whsy.php?p=%2Fproc%2F28621%2Ffdinfo HTTP/1.1" 200 1699 "http://caimegroup.com/whsy.php?p=%2Fproc%2F28621" "Mozilla/5.0 AppleWebKit/537.36 (KHTML, like Gecko; compatible; GPTBot/1.3; +https://openai.com/gptbot)"
74.7.243.196 - - [14/Mar/2026:04:11:06 +0000] "GET /whsy.php?p=%2Fproc%2F22436%2Ffdinfo HTTP/1.1" 200 1699 "http://caimegroup.com/whsy.php?p=%2Fproc%2F22436" "Mozilla/5.0 AppleWebKit/537.36 (KHTML, like Gecko; compatible; GPTBot/1.3; +https://openai.com/gptbot)"
74.7.243.196 - - [14/Mar/2026:04:11:14 +0000] "GET /whsy.php?p=%2Fproc%2F22341%2Ffdinfo HTTP/1.1" 200 1699 "http://caimegroup.com/whsy.php?p=%2Fproc%2F22341" "Mozilla/5.0 AppleWebKit/537.36 (KHTML, like Gecko; compatible; GPTBot/1.3; +https://openai.com/gptbot)"
74.7.175.186 - - [14/Mar/2026:04:11:14 +0000] "GET /robots.txt HTTP/1.1" 404 - "-" "Mozilla/5.0 (Macintosh; Intel Mac OS X 10_15_7) AppleWebKit/537.36 (KHTML, like Gecko) Chrome/131.0.0.0 Safari/537.36; compatible; OAI-SearchBot/1.3; robots.txt; +https://openai.com/searchbot"
74.7.243.196 - - [14/Mar/2026:04:11:21 +0000] "GET /whsy.php?p=%2Fproc%2F11280%2Ffdinfo HTTP/1.1" 200 1699 "http://caimegroup.com/whsy.php?p=%2Fproc%2F11280" "Mozilla/5.0 AppleWebKit/537.36 (KHTML, like Gecko; compatible; GPTBot/1.3; +https://openai.com/gptbot)"
74.7.243.196 - - [14/Mar/2026:04:11:28 +0000] "GET /whsy.php?p=%2Fproc%2F23931%2Ffdinfo HTTP/1.1" 200 1699 "http://caimegroup.com/whsy.php?p=%2Fproc%2F23931" "Mozilla/5.0 AppleWebKit/537.36 (KHTML, like Gecko; compatible; GPTBot/1.3; +https://openai.com/gptbot)"
74.7.243.196 - - [14/Mar/2026:04:11:36 +0000] "GET /whsy.php?p=%2Fproc%2F22437%2Ffdinfo HTTP/1.1" 200 1699 "http://caimegroup.com/whsy.php?p=%2Fproc%2F22437" "Mozilla/5.0 AppleWebKit/537.36 (KHTML, like Gecko; compatible; GPTBot/1.3; +https://openai.com/gptbot)"
74.7.243.196 - - [14/Mar/2026:04:11:43 +0000] "GET /whsy.php?p=%2Fproc%2F14351%2Fnet%2Fip6t_hashlimit HTTP/1.1" 200 502 "http://caimegroup.com/whsy.php?p=%2Fproc%2F14351%2Fnet" "Mozilla/5.0 AppleWebKit/537.36 (KHTML, like Gecko; compatible; GPTBot/1.3; +https://openai.com/gptbot)"
74.7.243.196 - - [14/Mar/2026:04:11:50 +0000] "GET /whsy.php?p=%2Fproc%2F15931%2Fnet%2Fip6t_hashlimit HTTP/1.1" 200 501 "http://caimegroup.com/whsy.php?p=%2Fproc%2F15931%2Fnet" "Mozilla/5.0 AppleWebKit/537.36 (KHTML, like Gecko; compatible; GPTBot/1.3; +https://openai.com/gptbot)"
74.7.243.196 - - [14/Mar/2026:04:11:59 +0000] "GET /whsy.php?e=ip_vs&p=%2Fproc%2F14857%2Fnet HTTP/1.1" 200 2615 "http://caimegroup.com/whsy.php?p=%2Fproc%2F14857%2Fnet" "Mozilla/5.0 AppleWebKit/537.36 (KHTML, like Gecko; compatible; GPTBot/1.3; +https://openai.com/gptbot)"
74.7.243.196 - - [14/Mar/2026:04:12:06 +0000] "GET /whsy.php?e=current&p=%2Fproc%2F15610%2Fattr HTTP/1.1" 200 849 "http://caimegroup.com/whsy.php?p=%2Fproc%2F15610%2Fattr" "Mozilla/5.0 AppleWebKit/537.36 (KHTML, like Gecko; compatible; GPTBot/1.3; +https://openai.com/gptbot)"
74.7.243.196 - - [14/Mar/2026:04:12:16 +0000] "GET /whsy.php?e=sockstat&p=%2Fproc%2F15610%2Fnet HTTP/1.1" 200 2603 "http://caimegroup.com/whsy.php?p=%2Fproc%2F15610%2Fnet" "Mozilla/5.0 AppleWebKit/537.36 (KHTML, like Gecko; compatible; GPTBot/1.3; +https://openai.com/gptbot)"
74.7.243.196 - - [14/Mar/2026:04:12:23 +0000] "GET /whsy.php?e=sockstat&p=%2Fproc%2F14351%2Fnet HTTP/1.1" 200 2604 "http://caimegroup.com/whsy.php?p=%2Fproc%2F14351%2Fnet" "Mozilla/5.0 AppleWebKit/537.36 (KHTML, like Gecko; compatible; GPTBot/1.3; +https://openai.com/gptbot)"
74.7.243.196 - - [14/Mar/2026:04:12:31 +0000] "GET /whsy.php?e=current&p=%2Fproc%2F14351%2Fattr HTTP/1.1" 200 847 "http://caimegroup.com/whsy.php?p=%2Fproc%2F14351%2Fattr" "Mozilla/5.0 AppleWebKit/537.36 (KHTML, like Gecko; compatible; GPTBot/1.3; +https://openai.com/gptbot)"
74.7.243.196 - - [14/Mar/2026:04:12:38 +0000] "GET /whsy.php?e=current&p=%2Fproc%2F15931%2Fattr HTTP/1.1" 200 848 "http://caimegroup.com/whsy.php?p=%2Fproc%2F15931%2Fattr" "Mozilla/5.0 AppleWebKit/537.36 (KHTML, like Gecko; compatible; GPTBot/1.3; +https://openai.com/gptbot)"
74.7.243.196 - - [14/Mar/2026:04:12:45 +0000] "GET /whsy.php?e=rt_cache&p=%2Fproc%2F16500%2Fnet HTTP/1.1" 200 1699 "http://caimegroup.com/whsy.php?p=%2Fproc%2F16500%2Fnet" "Mozilla/5.0 AppleWebKit/537.36 (KHTML, like Gecko; compatible; GPTBot/1.3; +https://openai.com/gptbot)"
74.7.243.196 - - [14/Mar/2026:04:12:53 +0000] "GET /whsy.php?e=sockstat&p=%2Fproc%2F15931%2Fnet HTTP/1.1" 200 2605 "http://caimegroup.com/whsy.php?p=%2Fproc%2F15931%2Fnet" "Mozilla/5.0 AppleWebKit/537.36 (KHTML, like Gecko; compatible; GPTBot/1.3; +https://openai.com/gptbot)"
74.7.243.196 - - [14/Mar/2026:04:13:00 +0000] "GET /whsy.php?e=sockstat&p=%2Fproc%2F16500%2Fnet HTTP/1.1" 200 1699 "http://caimegroup.com/whsy.php?p=%2Fproc%2F16500%2Fnet" "Mozilla/5.0 AppleWebKit/537.36 (KHTML, like Gecko; compatible; GPTBot/1.3; +https://openai.com/gptbot)"
74.7.243.196 - - [14/Mar/2026:04:13:08 +0000] "GET /whsy.php?e=tls_stat&p=%2Fproc%2F24876%2Fnet HTTP/1.1" 200 2601 "http://caimegroup.com/whsy.php?p=%2Fproc%2F24876%2Fnet" "Mozilla/5.0 AppleWebKit/537.36 (KHTML, like Gecko; compatible; GPTBot/1.3; +https://openai.com/gptbot)"
74.7.243.196 - - [14/Mar/2026:04:13:17 +0000] "GET /whsy.php?e=rt_cache&p=%2Fproc%2F15610%2Fnet HTTP/1.1" 200 2597 "http://caimegroup.com/whsy.php?p=%2Fproc%2F15610%2Fnet" "Mozilla/5.0 AppleWebKit/537.36 (KHTML, like Gecko; compatible; GPTBot/1.3; +https://openai.com/gptbot)"
74.7.243.196 - - [14/Mar/2026:04:13:25 +0000] "GET /whsy.php?e=netstat&p=%2Fproc%2F14857%2Fnet HTTP/1.1" 200 4244 "http://caimegroup.com/whsy.php?p=%2Fproc%2F14857%2Fnet" "Mozilla/5.0 AppleWebKit/537.36 (KHTML, like Gecko; compatible; GPTBot/1.3; +https://openai.com/gptbot)"
74.7.243.196 - - [14/Mar/2026:04:13:33 +0000] "GET /whsy.php?e=rt_cache&p=%2Fproc%2F15931%2Fnet HTTP/1.1" 200 2598 "http://caimegroup.com/whsy.php?p=%2Fproc%2F15931%2Fnet" "Mozilla/5.0 AppleWebKit/537.36 (KHTML, like Gecko; compatible; GPTBot/1.3; +https://openai.com/gptbot)"
74.7.243.196 - - [14/Mar/2026:04:13:41 +0000] "GET /whsy.php?e=rt_cache&p=%2Fproc%2F24876%2Fnet HTTP/1.1" 200 2598 "http://caimegroup.com/whsy.php?p=%2Fproc%2F24876%2Fnet" "Mozilla/5.0 AppleWebKit/537.36 (KHTML, like Gecko; compatible; GPTBot/1.3; +https://openai.com/gptbot)"
74.7.243.196 - - [14/Mar/2026:04:13:48 +0000] "GET /whsy.php?e=current&p=%2Fproc%2F16500%2Fattr HTTP/1.1" 200 1699 "http://caimegroup.com/whsy.php?p=%2Fproc%2F16500%2Fattr" "Mozilla/5.0 AppleWebKit/537.36 (KHTML, like Gecko; compatible; GPTBot/1.3; +https://openai.com/gptbot)"
74.7.243.196 - - [14/Mar/2026:04:13:56 +0000] "GET /whsy.php?e=rt_cache&p=%2Fproc%2F14351%2Fnet HTTP/1.1" 200 2598 "http://caimegroup.com/whsy.php?p=%2Fproc%2F14351%2Fnet" "Mozilla/5.0 AppleWebKit/537.36 (KHTML, like Gecko; compatible; GPTBot/1.3; +https://openai.com/gptbot)"
74.7.243.196 - - [14/Mar/2026:04:14:04 +0000] "GET /whsy.php?e=current&p=%2Fproc%2F24876%2Fattr HTTP/1.1" 200 849 "http://caimegroup.com/whsy.php?p=%2Fproc%2F24876%2Fattr" "Mozilla/5.0 AppleWebKit/537.36 (KHTML, like Gecko; compatible; GPTBot/1.3; +https://openai.com/gptbot)"
74.7.243.196 - - [14/Mar/2026:04:14:13 +0000] "GET /whsy.php?e=sockstat&p=%2Fproc%2F24876%2Fnet HTTP/1.1" 200 2603 "http://caimegroup.com/whsy.php?p=%2Fproc%2F24876%2Fnet" "Mozilla/5.0 AppleWebKit/537.36 (KHTML, like Gecko; compatible; GPTBot/1.3; +https://openai.com/gptbot)"
74.7.243.196 - - [14/Mar/2026:04:14:21 +0000] "GET /whsy.php?p=%2Fproc%2F14857%2Fnet%2Fip6t_hashlimit HTTP/1.1" 200 502 "http://caimegroup.com/whsy.php?p=%2Fproc%2F14857%2Fnet" "Mozilla/5.0 AppleWebKit/537.36 (KHTML, like Gecko; compatible; GPTBot/1.3; +https://openai.com/gptbot)"
74.7.243.196 - - [14/Mar/2026:04:14:31 +0000] "GET /whsy.php?e=udplite6&p=%2Fproc%2F14857%2Fnet HTTP/1.1" 200 2586 "http://caimegroup.com/whsy.php?p=%2Fproc%2F14857%2Fnet" "Mozilla/5.0 AppleWebKit/537.36 (KHTML, like Gecko; compatible; GPTBot/1.3; +https://openai.com/gptbot)"
74.7.243.196 - - [14/Mar/2026:04:14:40 +0000] "GET /whsy.php?p=%2Fproc%2F14351%2Fnet%2Fipt_hashlimit HTTP/1.1" 200 500 "http://caimegroup.com/whsy.php?p=%2Fproc%2F14351%2Fnet" "Mozilla/5.0 AppleWebKit/537.36 (KHTML, like Gecko; compatible; GPTBot/1.3; +https://openai.com/gptbot)"
74.7.243.196 - - [14/Mar/2026:04:14:50 +0000] "GET /whsy.php?p=%2Fproc%2F15931%2Fnet%2Fipt_hashlimit HTTP/1.1" 200 501 "http://caimegroup.com/whsy.php?p=%2Fproc%2F15931%2Fnet" "Mozilla/5.0 AppleWebKit/537.36 (KHTML, like Gecko; compatible; GPTBot/1.3; +https://openai.com/gptbot)"
74.7.243.196 - - [14/Mar/2026:04:14:59 +0000] "GET /whsy.php?p=%2Fproc%2F24876%2Fnet%2Fipt_hashlimit HTTP/1.1" 200 500 "http://caimegroup.com/whsy.php?p=%2Fproc%2F24876%2Fnet" "Mozilla/5.0 AppleWebKit/537.36 (KHTML, like Gecko; compatible; GPTBot/1.3; +https://openai.com/gptbot)"
74.7.243.196 - - [14/Mar/2026:04:15:06 +0000] "GET /whsy.php?p=%2Fproc%2F16500%2Fnet%2Fipt_hashlimit HTTP/1.1" 200 1699 "http://caimegroup.com/whsy.php?p=%2Fproc%2F16500%2Fnet" "Mozilla/5.0 AppleWebKit/537.36 (KHTML, like Gecko; compatible; GPTBot/1.3; +https://openai.com/gptbot)"
74.7.243.196 - - [14/Mar/2026:04:15:13 +0000] "GET /whsy.php?p=%2Fproc%2F15610%2Fnet%2Fipt_hashlimit HTTP/1.1" 200 501 "http://caimegroup.com/whsy.php?p=%2Fproc%2F15610%2Fnet" "Mozilla/5.0 AppleWebKit/537.36 (KHTML, like Gecko; compatible; GPTBot/1.3; +https://openai.com/gptbot)"
74.7.243.196 - - [14/Mar/2026:04:15:21 +0000] "GET /whsy.php?p=%2Fproc%2F15610%2Fnet%2Fnetfilter HTTP/1.1" 200 732 "http://caimegroup.com/whsy.php?p=%2Fproc%2F15610%2Fnet" "Mozilla/5.0 AppleWebKit/537.36 (KHTML, like Gecko; compatible; GPTBot/1.3; +https://openai.com/gptbot)"
74.7.243.196 - - [14/Mar/2026:04:15:30 +0000] "GET /whsy.php?p=%2Fproc%2F15931%2Fnet%2Fnetfilter HTTP/1.1" 200 732 "http://caimegroup.com/whsy.php?p=%2Fproc%2F15931%2Fnet" "Mozilla/5.0 AppleWebKit/537.36 (KHTML, like Gecko; compatible; GPTBot/1.3; +https://openai.com/gptbot)"
74.7.243.196 - - [14/Mar/2026:04:15:37 +0000] "GET /whsy.php?p=%2Fproc%2F14351%2Fnet%2Fnetfilter HTTP/1.1" 200 732 "http://caimegroup.com/whsy.php?p=%2Fproc%2F14351%2Fnet" "Mozilla/5.0 AppleWebKit/537.36 (KHTML, like Gecko; compatible; GPTBot/1.3; +https://openai.com/gptbot)"
74.7.243.196 - - [14/Mar/2026:04:15:44 +0000] "GET /whsy.php?p=%2Fproc%2F16500%2Fnet%2Fnetfilter HTTP/1.1" 200 1699 "http://caimegroup.com/whsy.php?p=%2Fproc%2F16500%2Fnet" "Mozilla/5.0 AppleWebKit/537.36 (KHTML, like Gecko; compatible; GPTBot/1.3; +https://openai.com/gptbot)"
74.7.243.196 - - [14/Mar/2026:04:15:53 +0000] "GET /whsy.php?e=if_inet6&p=%2Fproc%2F14857%2Fnet HTTP/1.1" 200 2571 "http://caimegroup.com/whsy.php?p=%2Fproc%2F14857%2Fnet" "Mozilla/5.0 AppleWebKit/537.36 (KHTML, like Gecko; compatible; GPTBot/1.3; +https://openai.com/gptbot)"
74.7.243.196 - - [14/Mar/2026:04:16:06 +0000] "GET /whsy.php?p=%2Fproc%2F22444%2Fmap_files HTTP/1.1" 200 1699 "http://caimegroup.com/whsy.php?p=%2Fproc%2F22444" "Mozilla/5.0 AppleWebKit/537.36 (KHTML, like Gecko; compatible; GPTBot/1.3; +https://openai.com/gptbot)"
74.7.243.196 - - [14/Mar/2026:04:16:16 +0000] "GET /whsy.php?p=%2Fproc%2F24876%2Fns HTTP/1.1" 200 721937 "http://caimegroup.com/whsy.php?p=%2Fproc%2F24876" "Mozilla/5.0 AppleWebKit/537.36 (KHTML, like Gecko; compatible; GPTBot/1.3; +https://openai.com/gptbot)"
74.7.175.186 - - [14/Mar/2026:04:16:46 +0000] "GET /robots.txt HTTP/1.1" 404 - "-" "Mozilla/5.0 (Macintosh; Intel Mac OS X 10_15_7) AppleWebKit/537.36 (KHTML, like Gecko) Chrome/131.0.0.0 Safari/537.36; compatible; OAI-SearchBot/1.3; robots.txt; +https://openai.com/searchbot"
74.7.243.196 - - [14/Mar/2026:04:16:53 +0000] "GET /whsy.php?p=%2Fproc%2F10608%2Fns HTTP/1.1" 200 1699 "http://caimegroup.com/whsy.php?p=%2Fproc%2F10608" "Mozilla/5.0 AppleWebKit/537.36 (KHTML, like Gecko; compatible; GPTBot/1.3; +https://openai.com/gptbot)"
74.7.243.196 - - [14/Mar/2026:04:17:00 +0000] "GET /whsy.php?p=%2Fproc%2F22341%2Fns HTTP/1.1" 200 1699 "http://caimegroup.com/whsy.php?p=%2Fproc%2F22341" "Mozilla/5.0 AppleWebKit/537.36 (KHTML, like Gecko; compatible; GPTBot/1.3; +https://openai.com/gptbot)"
74.7.243.196 - - [14/Mar/2026:04:17:08 +0000] "GET /whsy.php?p=%2Fproc%2F15931%2Fns HTTP/1.1" 200 579557 "http://caimegroup.com/whsy.php?p=%2Fproc%2F15931" "Mozilla/5.0 AppleWebKit/537.36 (KHTML, like Gecko; compatible; GPTBot/1.3; +https://openai.com/gptbot)"
74.7.243.196 - - [14/Mar/2026:04:17:47 +0000] "GET /whsy.php?p=%2Fproc%2F23931%2Fns HTTP/1.1" 200 1699 "http://caimegroup.com/whsy.php?p=%2Fproc%2F23931" "Mozilla/5.0 AppleWebKit/537.36 (KHTML, like Gecko; compatible; GPTBot/1.3; +https://openai.com/gptbot)"
74.7.243.196 - - [14/Mar/2026:04:17:56 +0000] "GET /whsy.php?p=%2Fproc%2F14351%2Fns HTTP/1.1" 200 473297 "http://caimegroup.com/whsy.php?p=%2Fproc%2F14351" "Mozilla/5.0 AppleWebKit/537.36 (KHTML, like Gecko; compatible; GPTBot/1.3; +https://openai.com/gptbot)"
74.7.243.196 - - [14/Mar/2026:04:18:37 +0000] "GET /whsy.php?p=%2Fproc%2F16500%2Fns HTTP/1.1" 200 1699 "http://caimegroup.com/whsy.php?p=%2Fproc%2F16500" "Mozilla/5.0 AppleWebKit/537.36 (KHTML, like Gecko; compatible; GPTBot/1.3; +https://openai.com/gptbot)"
74.7.243.196 - - [14/Mar/2026:04:18:46 +0000] "GET /whsy.php?p=%2Fproc%2F14058%2Fns HTTP/1.1" 200 1699 "http://caimegroup.com/whsy.php?p=%2Fproc%2F14058" "Mozilla/5.0 AppleWebKit/537.36 (KHTML, like Gecko; compatible; GPTBot/1.3; +https://openai.com/gptbot)"
74.7.243.196 - - [14/Mar/2026:04:18:57 +0000] "GET /whsy.php?p=%2Fproc%2F17901%2Ffd HTTP/1.1" 200 1699 "http://caimegroup.com/whsy.php?p=%2Fproc%2F17901" "Mozilla/5.0 AppleWebKit/537.36 (KHTML, like Gecko; compatible; GPTBot/1.3; +https://openai.com/gptbot)"
74.7.243.196 - - [14/Mar/2026:04:19:08 +0000] "GET /whsy.php?p=%2Fproc%2F22436%2Ffd HTTP/1.1" 200 1699 "http://caimegroup.com/whsy.php?p=%2Fproc%2F22436" "Mozilla/5.0 AppleWebKit/537.36 (KHTML, like Gecko; compatible; GPTBot/1.3; +https://openai.com/gptbot)"
74.7.243.196 - - [14/Mar/2026:04:19:19 +0000] "GET /whsy.php?p=%2Fproc%2F17901%2Fns HTTP/1.1" 200 1699 "http://caimegroup.com/whsy.php?p=%2Fproc%2F17901" "Mozilla/5.0 AppleWebKit/537.36 (KHTML, like Gecko; compatible; GPTBot/1.3; +https://openai.com/gptbot)"
74.7.243.196 - - [14/Mar/2026:04:19:26 +0000] "GET /whsy.php?p=%2Fproc%2F10608%2Ffd HTTP/1.1" 200 1699 "http://caimegroup.com/whsy.php?p=%2Fproc%2F10608" "Mozilla/5.0 AppleWebKit/537.36 (KHTML, like Gecko; compatible; GPTBot/1.3; +https://openai.com/gptbot)"
74.7.243.196 - - [14/Mar/2026:04:19:35 +0000] "GET /whsy.php?p=%2Fproc%2F22436%2Fns HTTP/1.1" 200 1699 "http://caimegroup.com/whsy.php?p=%2Fproc%2F22436" "Mozilla/5.0 AppleWebKit/537.36 (KHTML, like Gecko; compatible; GPTBot/1.3; +https://openai.com/gptbot)"
74.7.243.196 - - [14/Mar/2026:04:19:45 +0000] "GET /whsy.php?p=%2Fproc%2F14058%2Ffd HTTP/1.1" 200 1699 "http://caimegroup.com/whsy.php?p=%2Fproc%2F14058" "Mozilla/5.0 AppleWebKit/537.36 (KHTML, like Gecko; compatible; GPTBot/1.3; +https://openai.com/gptbot)"
74.7.243.196 - - [14/Mar/2026:04:19:54 +0000] "GET /whsy.php?p=%2Fproc%2F16500%2Ffd HTTP/1.1" 200 1699 "http://caimegroup.com/whsy.php?p=%2Fproc%2F16500" "Mozilla/5.0 AppleWebKit/537.36 (KHTML, like Gecko; compatible; GPTBot/1.3; +https://openai.com/gptbot)"
74.7.243.196 - - [14/Mar/2026:04:20:01 +0000] "GET /whsy.php?p=%2Fproc%2F23931%2Ffd HTTP/1.1" 200 1699 "http://caimegroup.com/whsy.php?p=%2Fproc%2F23931" "Mozilla/5.0 AppleWebKit/537.36 (KHTML, like Gecko; compatible; GPTBot/1.3; +https://openai.com/gptbot)"
43.156.109.53 - - [14/Mar/2026:04:20:09 +0000] "GET / HTTP/1.1" 200 20 "-" "Mozilla/5.0 (iPhone; CPU iPhone OS 13_2_3 like Mac OS X) AppleWebKit/605.1.15 (KHTML, like Gecko) Version/13.0.3 Mobile/15E148 Safari/604.1"
74.7.243.196 - - [14/Mar/2026:04:20:09 +0000] "GET /whsy.php?p=%2Fproc%2F15610%2Fns HTTP/1.1" 200 631553 "http://caimegroup.com/whsy.php?p=%2Fproc%2F15610" "Mozilla/5.0 AppleWebKit/537.36 (KHTML, like Gecko; compatible; GPTBot/1.3; +https://openai.com/gptbot)"
74.7.243.196 - - [14/Mar/2026:04:20:46 +0000] "GET /whsy.php?p=%2Fproc%2F22437%2Fns HTTP/1.1" 200 1699 "http://caimegroup.com/whsy.php?p=%2Fproc%2F22437" "Mozilla/5.0 AppleWebKit/537.36 (KHTML, like Gecko; compatible; GPTBot/1.3; +https://openai.com/gptbot)"
43.135.144.81 - - [14/Mar/2026:04:21:39 +0000] "GET / HTTP/1.1" 200 20 "-" "Mozilla/5.0 (iPhone; CPU iPhone OS 13_2_3 like Mac OS X) AppleWebKit/605.1.15 (KHTML, like Gecko) Version/13.0.3 Mobile/15E148 Safari/604.1"
74.7.243.196 - - [14/Mar/2026:04:21:22 +0000] "GET /whsy.php?p=%2Fproc%2F14857%2Ffd HTTP/1.1" 200 548309 "http://caimegroup.com/whsy.php?p=%2Fproc%2F14857" "Mozilla/5.0 AppleWebKit/537.36 (KHTML, like Gecko; compatible; GPTBot/1.3; +https://openai.com/gptbot)"
74.7.175.186 - - [14/Mar/2026:04:21:52 +0000] "GET /robots.txt HTTP/1.1" 404 - "-" "Mozilla/5.0 (Macintosh; Intel Mac OS X 10_15_7) AppleWebKit/537.36 (KHTML, like Gecko) Chrome/131.0.0.0 Safari/537.36; compatible; OAI-SearchBot/1.3; robots.txt; +https://openai.com/searchbot"
74.7.243.196 - - [14/Mar/2026:04:21:58 +0000] "GET /whsy.php?p=%2Fproc%2F28621%2Ffd HTTP/1.1" 200 1699 "http://caimegroup.com/whsy.php?p=%2Fproc%2F28621" "Mozilla/5.0 AppleWebKit/537.36 (KHTML, like Gecko; compatible; GPTBot/1.3; +https://openai.com/gptbot)"
74.7.243.196 - - [14/Mar/2026:04:22:28 +0000] "GET /whsy.php?p=%2Fproc%2F15610%2Ffd HTTP/1.1" 200 664565 "http://caimegroup.com/whsy.php?p=%2Fproc%2F15610" "Mozilla/5.0 AppleWebKit/537.36 (KHTML, like Gecko; compatible; GPTBot/1.3; +https://openai.com/gptbot)"
74.7.243.196 - - [14/Mar/2026:04:23:04 +0000] "GET /whsy.php?p=%2Fproc%2F11280%2Ffd HTTP/1.1" 200 1699 "http://caimegroup.com/whsy.php?p=%2Fproc%2F11280" "Mozilla/5.0 AppleWebKit/537.36 (KHTML, like Gecko; compatible; GPTBot/1.3; +https://openai.com/gptbot)"
74.7.243.196 - - [14/Mar/2026:04:24:08 +0000] "GET /whsy.php?p=%2Fproc%2F11280%2Fns HTTP/1.1" 200 1699 "http://caimegroup.com/whsy.php?p=%2Fproc%2F11280" "Mozilla/5.0 AppleWebKit/537.36 (KHTML, like Gecko; compatible; GPTBot/1.3; +https://openai.com/gptbot)"
74.7.243.196 - - [14/Mar/2026:04:25:02 +0000] "GET /whsy.php?p=%2Fproc%2F14351%2Ffd HTTP/1.1" 200 670025 "http://caimegroup.com/whsy.php?p=%2Fproc%2F14351" "Mozilla/5.0 AppleWebKit/537.36 (KHTML, like Gecko; compatible; GPTBot/1.3; +https://openai.com/gptbot)"
74.7.243.196 - - [14/Mar/2026:04:25:53 +0000] "GET /whsy.php?p=%2Fproc%2F15931%2Ffd HTTP/1.1" 200 748229 "http://caimegroup.com/whsy.php?p=%2Fproc%2F15931" "Mozilla/5.0 AppleWebKit/537.36 (KHTML, like Gecko; compatible; GPTBot/1.3; +https://openai.com/gptbot)"
74.7.243.196 - - [14/Mar/2026:04:26:54 +0000] "GET /whsy.php?p=%2Fproc%2F22437%2Ffd HTTP/1.1" 200 1699 "http://caimegroup.com/whsy.php?p=%2Fproc%2F22437" "Mozilla/5.0 AppleWebKit/537.36 (KHTML, like Gecko; compatible; GPTBot/1.3; +https://openai.com/gptbot)"
74.7.175.186 - - [14/Mar/2026:04:26:54 +0000] "GET /robots.txt HTTP/1.1" 404 - "-" "Mozilla/5.0 (Macintosh; Intel Mac OS X 10_15_7) AppleWebKit/537.36 (KHTML, like Gecko) Chrome/131.0.0.0 Safari/537.36; compatible; OAI-SearchBot/1.3; robots.txt; +https://openai.com/searchbot"
74.7.243.196 - - [14/Mar/2026:04:27:57 +0000] "GET /whsy.php?p=%2Fproc%2F24876%2Ffd HTTP/1.1" 200 588209 "http://caimegroup.com/whsy.php?p=%2Fproc%2F24876" "Mozilla/5.0 AppleWebKit/537.36 (KHTML, like Gecko; compatible; GPTBot/1.3; +https://openai.com/gptbot)"
74.7.243.196 - - [14/Mar/2026:04:28:52 +0000] "GET /whsy.php?p=%2Fproc%2F14857%2Fns HTTP/1.1" 200 704129 "http://caimegroup.com/whsy.php?p=%2Fproc%2F14857" "Mozilla/5.0 AppleWebKit/537.36 (KHTML, like Gecko; compatible; GPTBot/1.3; +https://openai.com/gptbot)"
74.7.243.196 - - [14/Mar/2026:04:29:55 +0000] "GET /whsy.php?p=%2Fproc%2F28621%2Fns HTTP/1.1" 200 1699 "http://caimegroup.com/whsy.php?p=%2Fproc%2F28621" "Mozilla/5.0 AppleWebKit/537.36 (KHTML, like Gecko; compatible; GPTBot/1.3; +https://openai.com/gptbot)"
74.7.243.196 - - [14/Mar/2026:04:30:55 +0000] "GET /whsy.php?e=ip_vs&p=%2Fproc%2F24876%2Fnet HTTP/1.1" 200 2615 "http://caimegroup.com/whsy.php?p=%2Fproc%2F24876%2Fnet" "Mozilla/5.0 AppleWebKit/537.36 (KHTML, like Gecko; compatible; GPTBot/1.3; +https://openai.com/gptbot)"
74.7.243.196 - - [14/Mar/2026:04:31:53 +0000] "GET /whsy.php?e=anycast6&p=%2Fproc%2F14351%2Fnet HTTP/1.1" 200 2506 "http://caimegroup.com/whsy.php?p=%2Fproc%2F14351%2Fnet" "Mozilla/5.0 AppleWebKit/537.36 (KHTML, like Gecko; compatible; GPTBot/1.3; +https://openai.com/gptbot)"
74.7.243.196 - - [14/Mar/2026:04:32:46 +0000] "GET /whsy.php?e=if_inet6&p=%2Fproc%2F24876%2Fnet HTTP/1.1" 200 2569 "http://caimegroup.com/whsy.php?p=%2Fproc%2F24876%2Fnet" "Mozilla/5.0 AppleWebKit/537.36 (KHTML, like Gecko; compatible; GPTBot/1.3; +https://openai.com/gptbot)"
74.7.175.186 - - [14/Mar/2026:04:32:47 +0000] "GET /robots.txt HTTP/1.1" 404 - "-" "Mozilla/5.0 (Macintosh; Intel Mac OS X 10_15_7) AppleWebKit/537.36 (KHTML, like Gecko) Chrome/131.0.0.0 Safari/537.36; compatible; OAI-SearchBot/1.3; robots.txt; +https://openai.com/searchbot"
74.7.243.196 - - [14/Mar/2026:04:33:31 +0000] "GET /whsy.php?e=anycast6&p=%2Fproc%2F15931%2Fnet HTTP/1.1" 200 2506 "http://caimegroup.com/whsy.php?p=%2Fproc%2F15931%2Fnet" "Mozilla/5.0 AppleWebKit/537.36 (KHTML, like Gecko; compatible; GPTBot/1.3; +https://openai.com/gptbot)"
74.7.243.196 - - [14/Mar/2026:04:34:15 +0000] "GET /whsy.php?e=packet&p=%2Fproc%2F15610%2Fnet HTTP/1.1" 200 2571 "http://caimegroup.com/whsy.php?p=%2Fproc%2F15610%2Fnet" "Mozilla/5.0 AppleWebKit/537.36 (KHTML, like Gecko; compatible; GPTBot/1.3; +https://openai.com/gptbot)"
74.7.243.196 - - [14/Mar/2026:04:34:52 +0000] "GET /whsy.php?e=packet&p=%2Fproc%2F15931%2Fnet HTTP/1.1" 200 2572 "http://caimegroup.com/whsy.php?p=%2Fproc%2F15931%2Fnet" "Mozilla/5.0 AppleWebKit/537.36 (KHTML, like Gecko; compatible; GPTBot/1.3; +https://openai.com/gptbot)"
74.7.243.196 - - [14/Mar/2026:04:35:27 +0000] "GET /whsy.php?e=psched&p=%2Fproc%2F14857%2Fnet HTTP/1.1" 200 2533 "http://caimegroup.com/whsy.php?p=%2Fproc%2F14857%2Fnet" "Mozilla/5.0 AppleWebKit/537.36 (KHTML, like Gecko; compatible; GPTBot/1.3; +https://openai.com/gptbot)"
74.7.243.196 - - [14/Mar/2026:04:35:57 +0000] "GET /whsy.php?e=packet&p=%2Fproc%2F16500%2Fnet HTTP/1.1" 200 1699 "http://caimegroup.com/whsy.php?p=%2Fproc%2F16500%2Fnet" "Mozilla/5.0 AppleWebKit/537.36 (KHTML, like Gecko; compatible; GPTBot/1.3; +https://openai.com/gptbot)"
74.7.243.196 - - [14/Mar/2026:04:36:25 +0000] "GET /whsy.php?e=packet&p=%2Fproc%2F14351%2Fnet HTTP/1.1" 200 2572 "http://caimegroup.com/whsy.php?p=%2Fproc%2F14351%2Fnet" "Mozilla/5.0 AppleWebKit/537.36 (KHTML, like Gecko; compatible; GPTBot/1.3; +https://openai.com/gptbot)"
74.7.243.196 - - [14/Mar/2026:04:36:47 +0000] "GET /whsy.php?p=%2Fproc%2F24876%2Ffdinfo HTTP/1.1" 200 533240 "http://caimegroup.com/whsy.php?p=%2Fproc%2F24876" "Mozilla/5.0 AppleWebKit/537.36 (KHTML, like Gecko; compatible; GPTBot/1.3; +https://openai.com/gptbot)"
74.7.243.196 - - [14/Mar/2026:04:37:25 +0000] "GET /whsy.php?e=udplite6&p=%2Fproc%2F15931%2Fnet HTTP/1.1" 200 2585 "http://caimegroup.com/whsy.php?p=%2Fproc%2F15931%2Fnet" "Mozilla/5.0 AppleWebKit/537.36 (KHTML, like Gecko; compatible; GPTBot/1.3; +https://openai.com/gptbot)"
74.7.243.196 - - [14/Mar/2026:04:38:30 +0000] "GET /whsy.php?e=udplite6&p=%2Fproc%2F14351%2Fnet HTTP/1.1" 200 2585 "http://caimegroup.com/whsy.php?p=%2Fproc%2F14351%2Fnet" "Mozilla/5.0 AppleWebKit/537.36 (KHTML, like Gecko; compatible; GPTBot/1.3; +https://openai.com/gptbot)"
74.7.175.186 - - [14/Mar/2026:04:38:30 +0000] "GET /robots.txt HTTP/1.1" 404 - "-" "Mozilla/5.0 (Macintosh; Intel Mac OS X 10_15_7) AppleWebKit/537.36 (KHTML, like Gecko) Chrome/131.0.0.0 Safari/537.36; compatible; OAI-SearchBot/1.3; robots.txt; +https://openai.com/searchbot"
74.7.243.196 - - [14/Mar/2026:04:39:25 +0000] "GET /whsy.php?e=if_inet6&p=%2Fproc%2F14351%2Fnet HTTP/1.1" 200 2570 "http://caimegroup.com/whsy.php?p=%2Fproc%2F14351%2Fnet" "Mozilla/5.0 AppleWebKit/537.36 (KHTML, like Gecko; compatible; GPTBot/1.3; +https://openai.com/gptbot)"
74.7.243.196 - - [14/Mar/2026:04:40:15 +0000] "GET /whsy.php?e=if_inet6&p=%2Fproc%2F15931%2Fnet HTTP/1.1" 200 2570 "http://caimegroup.com/whsy.php?p=%2Fproc%2F15931%2Fnet" "Mozilla/5.0 AppleWebKit/537.36 (KHTML, like Gecko; compatible; GPTBot/1.3; +https://openai.com/gptbot)"
74.7.243.196 - - [14/Mar/2026:04:41:03 +0000] "GET /whsy.php?e=udplite6&p=%2Fproc%2F24876%2Fnet HTTP/1.1" 200 2586 "http://caimegroup.com/whsy.php?p=%2Fproc%2F24876%2Fnet" "Mozilla/5.0 AppleWebKit/537.36 (KHTML, like Gecko; compatible; GPTBot/1.3; +https://openai.com/gptbot)"
74.7.243.196 - - [14/Mar/2026:04:41:44 +0000] "GET /whsy.php?e=udplite6&p=%2Fproc%2F16500%2Fnet HTTP/1.1" 200 1699 "http://caimegroup.com/whsy.php?p=%2Fproc%2F16500%2Fnet" "Mozilla/5.0 AppleWebKit/537.36 (KHTML, like Gecko; compatible; GPTBot/1.3; +https://openai.com/gptbot)"
74.7.243.196 - - [14/Mar/2026:04:42:20 +0000] "GET /whsy.php?e=if_inet6&p=%2Fproc%2F16500%2Fnet HTTP/1.1" 200 1699 "http://caimegroup.com/whsy.php?p=%2Fproc%2F16500%2Fnet" "Mozilla/5.0 AppleWebKit/537.36 (KHTML, like Gecko; compatible; GPTBot/1.3; +https://openai.com/gptbot)"
74.7.243.196 - - [14/Mar/2026:04:42:53 +0000] "GET /whsy.php?e=anycast6&p=%2Fproc%2F14857%2Fnet HTTP/1.1" 200 2507 "http://caimegroup.com/whsy.php?p=%2Fproc%2F14857%2Fnet" "Mozilla/5.0 AppleWebKit/537.36 (KHTML, like Gecko; compatible; GPTBot/1.3; +https://openai.com/gptbot)"
74.7.243.196 - - [14/Mar/2026:04:43:23 +0000] "GET /whsy.php?e=udplite6&p=%2Fproc%2F15610%2Fnet HTTP/1.1" 200 2584 "http://caimegroup.com/whsy.php?p=%2Fproc%2F15610%2Fnet" "Mozilla/5.0 AppleWebKit/537.36 (KHTML, like Gecko; compatible; GPTBot/1.3; +https://openai.com/gptbot)"
74.7.243.196 - - [14/Mar/2026:04:43:51 +0000] "GET /whsy.php?e=snmp&p=%2Fproc%2F24876%2Fnet HTTP/1.1" 200 3236 "http://caimegroup.com/whsy.php?p=%2Fproc%2F24876%2Fnet" "Mozilla/5.0 AppleWebKit/537.36 (KHTML, like Gecko; compatible; GPTBot/1.3; +https://openai.com/gptbot)"
74.7.175.186 - - [14/Mar/2026:04:43:51 +0000] "GET /robots.txt HTTP/1.1" 404 - "-" "Mozilla/5.0 (Macintosh; Intel Mac OS X 10_15_7) AppleWebKit/537.36 (KHTML, like Gecko) Chrome/131.0.0.0 Safari/537.36; compatible; OAI-SearchBot/1.3; robots.txt; +https://openai.com/searchbot"
74.7.243.196 - - [14/Mar/2026:04:44:15 +0000] "GET /whsy.php?p=%2Fproc%2F24876%2Fnet%2Fnetfilter HTTP/1.1" 200 732 "http://caimegroup.com/whsy.php?p=%2Fproc%2F24876%2Fnet" "Mozilla/5.0 AppleWebKit/537.36 (KHTML, like Gecko; compatible; GPTBot/1.3; +https://openai.com/gptbot)"
74.7.243.196 - - [14/Mar/2026:04:44:37 +0000] "GET /whsy.php?e=rt_acct&p=%2Fproc%2F16500%2Fnet HTTP/1.1" 200 1699 "http://caimegroup.com/whsy.php?p=%2Fproc%2F16500%2Fnet" "Mozilla/5.0 AppleWebKit/537.36 (KHTML, like Gecko; compatible; GPTBot/1.3; +https://openai.com/gptbot)"
74.7.243.196 - - [14/Mar/2026:04:44:56 +0000] "GET /whsy.php?e=rt_acct&p=%2Fproc%2F14351%2Fnet HTTP/1.1" 200 2530 "http://caimegroup.com/whsy.php?p=%2Fproc%2F14351%2Fnet" "Mozilla/5.0 AppleWebKit/537.36 (KHTML, like Gecko; compatible; GPTBot/1.3; +https://openai.com/gptbot)"
74.7.243.196 - - [14/Mar/2026:04:45:14 +0000] "GET /whsy.php?e=rt_acct&p=%2Fproc%2F15931%2Fnet HTTP/1.1" 200 2529 "http://caimegroup.com/whsy.php?p=%2Fproc%2F15931%2Fnet" "Mozilla/5.0 AppleWebKit/537.36 (KHTML, like Gecko; compatible; GPTBot/1.3; +https://openai.com/gptbot)"
74.7.243.196 - - [14/Mar/2026:04:45:31 +0000] "GET /whsy.php?e=rt_acct&p=%2Fproc%2F24876%2Fnet HTTP/1.1" 200 2531 "http://caimegroup.com/whsy.php?p=%2Fproc%2F24876%2Fnet" "Mozilla/5.0 AppleWebKit/537.36 (KHTML, like Gecko; compatible; GPTBot/1.3; +https://openai.com/gptbot)"
74.7.243.196 - - [14/Mar/2026:04:45:45 +0000] "GET /whsy.php?e=rt_acct&p=%2Fproc%2F15610%2Fnet HTTP/1.1" 200 2528 "http://caimegroup.com/whsy.php?p=%2Fproc%2F15610%2Fnet" "Mozilla/5.0 AppleWebKit/537.36 (KHTML, like Gecko; compatible; GPTBot/1.3; +https://openai.com/gptbot)"
74.7.243.196 - - [14/Mar/2026:04:45:59 +0000] "GET /whsy.php?p=%2Fproc%2F23931%2Fmap_files HTTP/1.1" 200 1699 "http://caimegroup.com/whsy.php?p=%2Fproc%2F23931" "Mozilla/5.0 AppleWebKit/537.36 (KHTML, like Gecko; compatible; GPTBot/1.3; +https://openai.com/gptbot)"
74.7.243.196 - - [14/Mar/2026:04:46:11 +0000] "GET /whsy.php?p=%2Fproc%2F11280%2Fmap_files HTTP/1.1" 200 1699 "http://caimegroup.com/whsy.php?p=%2Fproc%2F11280" "Mozilla/5.0 AppleWebKit/537.36 (KHTML, like Gecko; compatible; GPTBot/1.3; +https://openai.com/gptbot)"
74.7.243.196 - - [14/Mar/2026:04:46:21 +0000] "GET /whsy.php?e=coredump_filter&p=%2Fproc%2F14857 HTTP/1.1" 200 2009 "http://caimegroup.com/whsy.php?p=%2Fproc%2F14857" "Mozilla/5.0 AppleWebKit/537.36 (KHTML, like Gecko; compatible; GPTBot/1.3; +https://openai.com/gptbot)"
74.7.243.196 - - [14/Mar/2026:04:46:29 +0000] "GET /whsy.php?e=coredump_filter&p=%2Fproc%2F14058 HTTP/1.1" 200 1699 "http://caimegroup.com/whsy.php?p=%2Fproc%2F14058" "Mozilla/5.0 AppleWebKit/537.36 (KHTML, like Gecko; compatible; GPTBot/1.3; +https://openai.com/gptbot)"
74.7.243.196 - - [14/Mar/2026:04:46:38 +0000] "GET /whsy.php?e=projid_map&p=%2Fproc%2F14058 HTTP/1.1" 200 1699 "http://caimegroup.com/whsy.php?p=%2Fproc%2F14058" "Mozilla/5.0 AppleWebKit/537.36 (KHTML, like Gecko; compatible; GPTBot/1.3; +https://openai.com/gptbot)"
74.7.243.196 - - [14/Mar/2026:04:46:45 +0000] "GET /whsy.php?e=projid_map&p=%2Fproc%2F14857 HTTP/1.1" 200 2029 "http://caimegroup.com/whsy.php?p=%2Fproc%2F14857" "Mozilla/5.0 AppleWebKit/537.36 (KHTML, like Gecko; compatible; GPTBot/1.3; +https://openai.com/gptbot)"
74.7.243.196 - - [14/Mar/2026:04:46:53 +0000] "GET /whsy.php?p=%2Fproc%2F22341%2Fmap_files HTTP/1.1" 200 1699 "http://caimegroup.com/whsy.php?p=%2Fproc%2F22341" "Mozilla/5.0 AppleWebKit/537.36 (KHTML, like Gecko; compatible; GPTBot/1.3; +https://openai.com/gptbot)"
74.7.243.196 - - [14/Mar/2026:04:47:00 +0000] "GET /whsy.php?p=%2Fproc%2F28621%2Fmap_files HTTP/1.1" 200 1699 "http://caimegroup.com/whsy.php?p=%2Fproc%2F28621" "Mozilla/5.0 AppleWebKit/537.36 (KHTML, like Gecko; compatible; GPTBot/1.3; +https://openai.com/gptbot)"
74.7.243.196 - - [14/Mar/2026:04:47:07 +0000] "GET /whsy.php?p=%2Fproc%2F22436%2Fmap_files HTTP/1.1" 200 1699 "http://caimegroup.com/whsy.php?p=%2Fproc%2F22436" "Mozilla/5.0 AppleWebKit/537.36 (KHTML, like Gecko; compatible; GPTBot/1.3; +https://openai.com/gptbot)"
74.7.243.196 - - [14/Mar/2026:04:47:14 +0000] "GET /whsy.php?p=%2Fproc%2F22437%2Fmap_files HTTP/1.1" 200 1699 "http://caimegroup.com/whsy.php?p=%2Fproc%2F22437" "Mozilla/5.0 AppleWebKit/537.36 (KHTML, like Gecko; compatible; GPTBot/1.3; +https://openai.com/gptbot)"
74.7.243.196 - - [14/Mar/2026:04:47:22 +0000] "GET /whsy.php?e=projid_map&p=%2Fproc%2F24876 HTTP/1.1" 200 2028 "http://caimegroup.com/whsy.php?p=%2Fproc%2F24876" "Mozilla/5.0 AppleWebKit/537.36 (KHTML, like Gecko; compatible; GPTBot/1.3; +https://openai.com/gptbot)"
74.7.243.196 - - [14/Mar/2026:04:47:29 +0000] "GET /whsy.php?e=projid_map&p=%2Fproc%2F15931 HTTP/1.1" 200 2028 "http://caimegroup.com/whsy.php?p=%2Fproc%2F15931" "Mozilla/5.0 AppleWebKit/537.36 (KHTML, like Gecko; compatible; GPTBot/1.3; +https://openai.com/gptbot)"
74.7.243.196 - - [14/Mar/2026:04:47:36 +0000] "GET /whsy.php?e=projid_map&p=%2Fproc%2F15610 HTTP/1.1" 200 2027 "http://caimegroup.com/whsy.php?p=%2Fproc%2F15610" "Mozilla/5.0 AppleWebKit/537.36 (KHTML, like Gecko; compatible; GPTBot/1.3; +https://openai.com/gptbot)"
74.7.243.196 - - [14/Mar/2026:04:47:43 +0000] "GET /whsy.php?e=projid_map&p=%2Fproc%2F14351 HTTP/1.1" 200 2028 "http://caimegroup.com/whsy.php?p=%2Fproc%2F14351" "Mozilla/5.0 AppleWebKit/537.36 (KHTML, like Gecko; compatible; GPTBot/1.3; +https://openai.com/gptbot)"
74.7.243.196 - - [14/Mar/2026:04:47:51 +0000] "GET /whsy.php?e=projid_map&p=%2Fproc%2F10608 HTTP/1.1" 200 1699 "http://caimegroup.com/whsy.php?p=%2Fproc%2F10608" "Mozilla/5.0 AppleWebKit/537.36 (KHTML, like Gecko; compatible; GPTBot/1.3; +https://openai.com/gptbot)"
74.7.243.196 - - [14/Mar/2026:04:47:58 +0000] "GET /whsy.php?e=projid_map&p=%2Fproc%2F16500 HTTP/1.1" 200 1699 "http://caimegroup.com/whsy.php?p=%2Fproc%2F16500" "Mozilla/5.0 AppleWebKit/537.36 (KHTML, like Gecko; compatible; GPTBot/1.3; +https://openai.com/gptbot)"
74.7.243.196 - - [14/Mar/2026:04:48:06 +0000] "GET /whsy.php?e=projid_map&p=%2Fproc%2F17901 HTTP/1.1" 200 1699 "http://caimegroup.com/whsy.php?p=%2Fproc%2F17901" "Mozilla/5.0 AppleWebKit/537.36 (KHTML, like Gecko; compatible; GPTBot/1.3; +https://openai.com/gptbot)"
74.7.243.196 - - [14/Mar/2026:04:48:13 +0000] "GET /whsy.php?e=arp&p=%2Fproc%2F24876%2Fnet HTTP/1.1" 200 2580 "http://caimegroup.com/whsy.php?p=%2Fproc%2F24876%2Fnet" "Mozilla/5.0 AppleWebKit/537.36 (KHTML, like Gecko; compatible; GPTBot/1.3; +https://openai.com/gptbot)"
74.7.243.196 - - [14/Mar/2026:04:48:20 +0000] "GET /whsy.php?p=%2Fproc%2F14351%2Fmap_files HTTP/1.1" 200 757557 "http://caimegroup.com/whsy.php?p=%2Fproc%2F14351" "Mozilla/5.0 AppleWebKit/537.36 (KHTML, like Gecko; compatible; GPTBot/1.3; +https://openai.com/gptbot)"
74.7.243.196 - - [14/Mar/2026:04:48:57 +0000] "GET /whsy.php?p=%2Fproc%2F15931%2Fmap_files HTTP/1.1" 200 814507 "http://caimegroup.com/whsy.php?p=%2Fproc%2F15931" "Mozilla/5.0 AppleWebKit/537.36 (KHTML, like Gecko; compatible; GPTBot/1.3; +https://openai.com/gptbot)"
74.7.243.196 - - [14/Mar/2026:04:49:34 +0000] "GET /whsy.php?p=%2Fproc%2F17901%2Fmap_files HTTP/1.1" 200 1699 "http://caimegroup.com/whsy.php?p=%2Fproc%2F17901" "Mozilla/5.0 AppleWebKit/537.36 (KHTML, like Gecko; compatible; GPTBot/1.3; +https://openai.com/gptbot)"
74.7.243.196 - - [14/Mar/2026:04:49:50 +0000] "GET /whsy.php?p=%2Fproc%2F10608%2Fmap_files HTTP/1.1" 200 1699 "http://caimegroup.com/whsy.php?p=%2Fproc%2F10608" "Mozilla/5.0 AppleWebKit/537.36 (KHTML, like Gecko; compatible; GPTBot/1.3; +https://openai.com/gptbot)"
74.7.243.196 - - [14/Mar/2026:04:50:04 +0000] "GET /whsy.php?p=%2Fproc%2F16500%2Fmap_files HTTP/1.1" 200 1699 "http://caimegroup.com/whsy.php?p=%2Fproc%2F16500" "Mozilla/5.0 AppleWebKit/537.36 (KHTML, like Gecko; compatible; GPTBot/1.3; +https://openai.com/gptbot)"
74.7.243.196 - - [14/Mar/2026:04:50:16 +0000] "GET /whsy.php?p=%2Fproc%2F15610%2Fmap_files HTTP/1.1" 200 826067 "http://caimegroup.com/whsy.php?p=%2Fproc%2F15610" "Mozilla/5.0 AppleWebKit/537.36 (KHTML, like Gecko; compatible; GPTBot/1.3; +https://openai.com/gptbot)"
74.7.243.196 - - [14/Mar/2026:04:50:54 +0000] "GET /whsy.php?p=%2Fproc%2F14857%2Fnet%2Fnetfilter HTTP/1.1" 200 732 "http://caimegroup.com/whsy.php?p=%2Fproc%2F14857%2Fnet" "Mozilla/5.0 AppleWebKit/537.36 (KHTML, like Gecko; compatible; GPTBot/1.3; +https://openai.com/gptbot)"
74.7.243.196 - - [14/Mar/2026:04:51:26 +0000] "GET /whsy.php?e=tcp&p=%2Fproc%2F16500%2Fnet HTTP/1.1" 200 1699 "http://caimegroup.com/whsy.php?p=%2Fproc%2F16500%2Fnet" "Mozilla/5.0 AppleWebKit/537.36 (KHTML, like Gecko; compatible; GPTBot/1.3; +https://openai.com/gptbot)"
74.7.243.196 - - [14/Mar/2026:04:51:57 +0000] "GET /whsy.php?e=tcp&p=%2Fproc%2F15610%2Fnet HTTP/1.1" 200 15854 "http://caimegroup.com/whsy.php?p=%2Fproc%2F15610%2Fnet" "Mozilla/5.0 AppleWebKit/537.36 (KHTML, like Gecko; compatible; GPTBot/1.3; +https://openai.com/gptbot)"
74.7.243.196 - - [14/Mar/2026:04:52:25 +0000] "GET /whsy.php?e=tcp&p=%2Fproc%2F14351%2Fnet HTTP/1.1" 200 16276 "http://caimegroup.com/whsy.php?p=%2Fproc%2F14351%2Fnet" "Mozilla/5.0 AppleWebKit/537.36 (KHTML, like Gecko; compatible; GPTBot/1.3; +https://openai.com/gptbot)"
74.7.243.196 - - [14/Mar/2026:04:52:51 +0000] "GET /whsy.php?e=tcp&p=%2Fproc%2F15931%2Fnet HTTP/1.1" 200 16182 "http://caimegroup.com/whsy.php?p=%2Fproc%2F15931%2Fnet" "Mozilla/5.0 AppleWebKit/537.36 (KHTML, like Gecko; compatible; GPTBot/1.3; +https://openai.com/gptbot)"
74.7.243.196 - - [14/Mar/2026:04:53:12 +0000] "GET /whsy.php?p=%2Fproc%2F22444%2Ffdinfo HTTP/1.1" 200 1699 "http://caimegroup.com/whsy.php?p=%2Fproc%2F22444" "Mozilla/5.0 AppleWebKit/537.36 (KHTML, like Gecko; compatible; GPTBot/1.3; +https://openai.com/gptbot)"
74.7.243.196 - - [14/Mar/2026:04:53:34 +0000] "GET /whsy.php?p=%2Fproc%2F14058%2Ffdinfo HTTP/1.1" 200 1699 "http://caimegroup.com/whsy.php?p=%2Fproc%2F14058" "Mozilla/5.0 AppleWebKit/537.36 (KHTML, like Gecko; compatible; GPTBot/1.3; +https://openai.com/gptbot)"
74.7.243.196 - - [14/Mar/2026:04:53:52 +0000] "GET /whsy.php?p=%2Fproc%2F14857%2Ffdinfo HTTP/1.1" 200 814419 "http://caimegroup.com/whsy.php?p=%2Fproc%2F14857" "Mozilla/5.0 AppleWebKit/537.36 (KHTML, like Gecko; compatible; GPTBot/1.3; +https://openai.com/gptbot)"
74.7.243.196 - - [14/Mar/2026:04:54:30 +0000] "GET /whsy.php?p=%2Fproc%2F15610%2Fnet%2Fip6t_hashlimit HTTP/1.1" 200 502 "http://caimegroup.com/whsy.php?p=%2Fproc%2F15610%2Fnet" "Mozilla/5.0 AppleWebKit/537.36 (KHTML, like Gecko; compatible; GPTBot/1.3; +https://openai.com/gptbot)"
74.7.243.196 - - [14/Mar/2026:04:55:18 +0000] "GET /whsy.php?p=%2Fproc%2F16500%2Fnet%2Fip6t_hashlimit HTTP/1.1" 200 1699 "http://caimegroup.com/whsy.php?p=%2Fproc%2F16500%2Fnet" "Mozilla/5.0 AppleWebKit/537.36 (KHTML, like Gecko; compatible; GPTBot/1.3; +https://openai.com/gptbot)"
74.7.243.196 - - [14/Mar/2026:04:56:02 +0000] "GET /whsy.php?p=%2Fproc%2F24876%2Fnet%2Fip6t_hashlimit HTTP/1.1" 200 501 "http://caimegroup.com/whsy.php?p=%2Fproc%2F24876%2Fnet" "Mozilla/5.0 AppleWebKit/537.36 (KHTML, like Gecko; compatible; GPTBot/1.3; +https://openai.com/gptbot)"
74.7.243.196 - - [14/Mar/2026:04:56:43 +0000] "GET /whsy.php?e=anycast6&p=%2Fproc%2F16500%2Fnet HTTP/1.1" 200 1699 "http://caimegroup.com/whsy.php?p=%2Fproc%2F16500%2Fnet" "Mozilla/5.0 AppleWebKit/537.36 (KHTML, like Gecko; compatible; GPTBot/1.3; +https://openai.com/gptbot)"
74.7.243.196 - - [14/Mar/2026:04:57:20 +0000] "GET /whsy.php?e=anycast6&p=%2Fproc%2F24876%2Fnet HTTP/1.1" 200 2507 "http://caimegroup.com/whsy.php?p=%2Fproc%2F24876%2Fnet" "Mozilla/5.0 AppleWebKit/537.36 (KHTML, like Gecko; compatible; GPTBot/1.3; +https://openai.com/gptbot)"
74.7.243.196 - - [14/Mar/2026:04:57:52 +0000] "GET /whsy.php?e=anycast6&p=%2Fproc%2F15610%2Fnet HTTP/1.1" 200 2506 "http://caimegroup.com/whsy.php?p=%2Fproc%2F15610%2Fnet" "Mozilla/5.0 AppleWebKit/537.36 (KHTML, like Gecko; compatible; GPTBot/1.3; +https://openai.com/gptbot)"
74.7.243.196 - - [14/Mar/2026:04:58:20 +0000] "GET /whsy.php?e=sockcreate&p=%2Fproc%2F24876%2Fattr HTTP/1.1" 200 864 "http://caimegroup.com/whsy.php?p=%2Fproc%2F24876%2Fattr" "Mozilla/5.0 AppleWebKit/537.36 (KHTML, like Gecko; compatible; GPTBot/1.3; +https://openai.com/gptbot)"
74.7.243.196 - - [14/Mar/2026:04:58:47 +0000] "GET /whsy.php?p=%2Fproc%2F14058%2Fmap_files HTTP/1.1" 200 1699 "http://caimegroup.com/whsy.php?p=%2Fproc%2F14058" "Mozilla/5.0 AppleWebKit/537.36 (KHTML, like Gecko; compatible; GPTBot/1.3; +https://openai.com/gptbot)"
74.7.243.196 - - [14/Mar/2026:04:59:44 +0000] "GET /whsy.php?p=%2Fproc%2F14857%2Fmap_files HTTP/1.1" 200 809322 "http://caimegroup.com/whsy.php?p=%2Fproc%2F14857" "Mozilla/5.0 AppleWebKit/537.36 (KHTML, like Gecko; compatible; GPTBot/1.3; +https://openai.com/gptbot)"
74.7.175.186 - - [14/Mar/2026:05:00:14 +0000] "GET /robots.txt HTTP/1.1" 404 - "-" "Mozilla/5.0 (Macintosh; Intel Mac OS X 10_15_7) AppleWebKit/537.36 (KHTML, like Gecko) Chrome/131.0.0.0 Safari/537.36; compatible; OAI-SearchBot/1.3; robots.txt; +https://openai.com/searchbot"
74.7.243.196 - - [14/Mar/2026:05:00:21 +0000] "GET /whsy.php?p=%2Fproc%2F17901%2Ffdinfo HTTP/1.1" 200 1699 "http://caimegroup.com/whsy.php?p=%2Fproc%2F17901" "Mozilla/5.0 AppleWebKit/537.36 (KHTML, like Gecko; compatible; GPTBot/1.3; +https://openai.com/gptbot)"
74.7.243.196 - - [14/Mar/2026:05:01:23 +0000] "GET /whsy.php?p=%2Fproc%2F14351%2Ffdinfo HTTP/1.1" 200 847570 "http://caimegroup.com/whsy.php?p=%2Fproc%2F14351" "Mozilla/5.0 AppleWebKit/537.36 (KHTML, like Gecko; compatible; GPTBot/1.3; +https://openai.com/gptbot)"
74.7.243.196 - - [14/Mar/2026:05:02:20 +0000] "GET /whsy.php?p=%2Fproc%2F15931%2Ffdinfo HTTP/1.1" 200 746760 "http://caimegroup.com/whsy.php?p=%2Fproc%2F15931" "Mozilla/5.0 AppleWebKit/537.36 (KHTML, like Gecko; compatible; GPTBot/1.3; +https://openai.com/gptbot)"
74.7.243.196 - - [14/Mar/2026:05:03:26 +0000] "GET /whsy.php?p=%2Fproc%2F15610%2Ffdinfo HTTP/1.1" 200 806345 "http://caimegroup.com/whsy.php?p=%2Fproc%2F15610" "Mozilla/5.0 AppleWebKit/537.36 (KHTML, like Gecko; compatible; GPTBot/1.3; +https://openai.com/gptbot)"
74.7.243.196 - - [14/Mar/2026:05:04:27 +0000] "GET /whsy.php?p=%2Fproc%2F10608%2Ffdinfo HTTP/1.1" 200 1699 "http://caimegroup.com/whsy.php?p=%2Fproc%2F10608" "Mozilla/5.0 AppleWebKit/537.36 (KHTML, like Gecko; compatible; GPTBot/1.3; +https://openai.com/gptbot)"
74.7.243.196 - - [14/Mar/2026:05:05:32 +0000] "GET /whsy.php?p=%2Fproc%2F16500%2Ffdinfo HTTP/1.1" 200 1699 "http://caimegroup.com/whsy.php?p=%2Fproc%2F16500" "Mozilla/5.0 AppleWebKit/537.36 (KHTML, like Gecko; compatible; GPTBot/1.3; +https://openai.com/gptbot)"
74.7.175.186 - - [14/Mar/2026:05:05:32 +0000] "GET /robots.txt HTTP/1.1" 404 - "-" "Mozilla/5.0 (Macintosh; Intel Mac OS X 10_15_7) AppleWebKit/537.36 (KHTML, like Gecko) Chrome/131.0.0.0 Safari/537.36; compatible; OAI-SearchBot/1.3; robots.txt; +https://openai.com/searchbot"
74.7.243.196 - - [14/Mar/2026:05:06:28 +0000] "GET /whsy.php?e=projid_map&p=%2Fproc%2F28621 HTTP/1.1" 200 1699 "http://caimegroup.com/whsy.php?p=%2Fproc%2F28621" "Mozilla/5.0 AppleWebKit/537.36 (KHTML, like Gecko; compatible; GPTBot/1.3; +https://openai.com/gptbot)"
74.7.243.196 - - [14/Mar/2026:05:07:22 +0000] "GET /whsy.php?e=projid_map&p=%2Fproc%2F23931 HTTP/1.1" 200 1699 "http://caimegroup.com/whsy.php?p=%2Fproc%2F23931" "Mozilla/5.0 AppleWebKit/537.36 (KHTML, like Gecko; compatible; GPTBot/1.3; +https://openai.com/gptbot)"
