74.7.243.196 - - [14/Mar/2026:08:39:45 +0000] "GET /whsy.php?p=%2Fproc%2F19919%2Fattr HTTP/1.1" 200 1699 "http://caimegroup.com/whsy.php?p=%2Fproc%2F19919" "Mozilla/5.0 AppleWebKit/537.36 (KHTML, like Gecko; compatible; GPTBot/1.3; +https://openai.com/gptbot)"
74.7.175.186 - - [14/Mar/2026:08:39:45 +0000] "GET /robots.txt HTTP/1.1" 404 - "-" "Mozilla/5.0 (Macintosh; Intel Mac OS X 10_15_7) AppleWebKit/537.36 (KHTML, like Gecko) Chrome/131.0.0.0 Safari/537.36; compatible; OAI-SearchBot/1.3; robots.txt; +https://openai.com/searchbot"
74.7.243.196 - - [14/Mar/2026:08:39:52 +0000] "GET /whsy.php?p=%2Fproc%2F11565%2Fnet HTTP/1.1" 200 1699 "http://caimegroup.com/whsy.php?p=%2Fproc%2F11565" "Mozilla/5.0 AppleWebKit/537.36 (KHTML, like Gecko; compatible; GPTBot/1.3; +https://openai.com/gptbot)"
74.7.243.196 - - [14/Mar/2026:08:40:00 +0000] "GET /whsy.php?p=%2Fproc%2F19919%2Fnet HTTP/1.1" 200 1699 "http://caimegroup.com/whsy.php?p=%2Fproc%2F19919" "Mozilla/5.0 AppleWebKit/537.36 (KHTML, like Gecko; compatible; GPTBot/1.3; +https://openai.com/gptbot)"
74.7.243.196 - - [14/Mar/2026:08:40:08 +0000] "GET /whsy.php?p=%2Fproc%2F25635%2Fattr HTTP/1.1" 200 1699 "http://caimegroup.com/whsy.php?p=%2Fproc%2F25635" "Mozilla/5.0 AppleWebKit/537.36 (KHTML, like Gecko; compatible; GPTBot/1.3; +https://openai.com/gptbot)"
74.7.243.196 - - [14/Mar/2026:08:40:17 +0000] "GET /whsy.php?p=%2Fproc%2F11565%2Ftask HTTP/1.1" 200 1699 "http://caimegroup.com/whsy.php?p=%2Fproc%2F11565" "Mozilla/5.0 AppleWebKit/537.36 (KHTML, like Gecko; compatible; GPTBot/1.3; +https://openai.com/gptbot)"
74.7.243.196 - - [14/Mar/2026:08:40:25 +0000] "GET /whsy.php?p=%2Fproc%2F11565%2Fattr HTTP/1.1" 200 1699 "http://caimegroup.com/whsy.php?p=%2Fproc%2F11565" "Mozilla/5.0 AppleWebKit/537.36 (KHTML, like Gecko; compatible; GPTBot/1.3; +https://openai.com/gptbot)"
74.7.243.196 - - [14/Mar/2026:08:40:34 +0000] "GET /whsy.php?p=%2Fproc%2F17005%2Fnet HTTP/1.1" 200 1699 "http://caimegroup.com/whsy.php?p=%2Fproc%2F17005" "Mozilla/5.0 AppleWebKit/537.36 (KHTML, like Gecko; compatible; GPTBot/1.3; +https://openai.com/gptbot)"
74.7.243.196 - - [14/Mar/2026:08:40:43 +0000] "GET /whsy.php?p=%2Fproc%2F24371%2Fattr HTTP/1.1" 200 1699 "http://caimegroup.com/whsy.php?p=%2Fproc%2F24371" "Mozilla/5.0 AppleWebKit/537.36 (KHTML, like Gecko; compatible; GPTBot/1.3; +https://openai.com/gptbot)"
74.7.243.196 - - [14/Mar/2026:08:40:52 +0000] "GET /whsy.php?p=%2Fproc%2F10246%2Ftask HTTP/1.1" 200 490 "http://caimegroup.com/whsy.php?p=%2Fproc%2F10246" "Mozilla/5.0 AppleWebKit/537.36 (KHTML, like Gecko; compatible; GPTBot/1.3; +https://openai.com/gptbot)"
74.7.243.196 - - [14/Mar/2026:08:40:59 +0000] "GET /whsy.php?p=%2Fproc%2F18095%2Fattr HTTP/1.1" 200 1699 "http://caimegroup.com/whsy.php?p=%2Fproc%2F18095" "Mozilla/5.0 AppleWebKit/537.36 (KHTML, like Gecko; compatible; GPTBot/1.3; +https://openai.com/gptbot)"
74.7.243.196 - - [14/Mar/2026:08:41:07 +0000] "GET /whsy.php?e=exec&p=%2Fproc%2F10246%2Fattr HTTP/1.1" 200 859 "http://caimegroup.com/whsy.php?p=%2Fproc%2F10246%2Fattr" "Mozilla/5.0 AppleWebKit/537.36 (KHTML, like Gecko; compatible; GPTBot/1.3; +https://openai.com/gptbot)"
74.7.243.196 - - [14/Mar/2026:08:41:14 +0000] "GET /whsy.php?p=%2Fproc%2F17005%2Fattr HTTP/1.1" 200 1699 "http://caimegroup.com/whsy.php?p=%2Fproc%2F17005" "Mozilla/5.0 AppleWebKit/537.36 (KHTML, like Gecko; compatible; GPTBot/1.3; +https://openai.com/gptbot)"
74.7.243.196 - - [14/Mar/2026:08:41:22 +0000] "GET /whsy.php?p=%2Fproc%2F19919%2Ftask HTTP/1.1" 200 1699 "http://caimegroup.com/whsy.php?p=%2Fproc%2F19919" "Mozilla/5.0 AppleWebKit/537.36 (KHTML, like Gecko; compatible; GPTBot/1.3; +https://openai.com/gptbot)"
74.7.243.196 - - [14/Mar/2026:08:41:31 +0000] "GET /whsy.php?p=%2Fproc%2F25635%2Ftask HTTP/1.1" 200 1699 "http://caimegroup.com/whsy.php?p=%2Fproc%2F25635" "Mozilla/5.0 AppleWebKit/537.36 (KHTML, like Gecko; compatible; GPTBot/1.3; +https://openai.com/gptbot)"
74.7.243.196 - - [14/Mar/2026:08:41:40 +0000] "GET /whsy.php?p=%2Fproc%2F10246%2Fnet HTTP/1.1" 200 2441 "http://caimegroup.com/whsy.php?p=%2Fproc%2F10246" "Mozilla/5.0 AppleWebKit/537.36 (KHTML, like Gecko; compatible; GPTBot/1.3; +https://openai.com/gptbot)"
74.7.243.196 - - [14/Mar/2026:08:41:48 +0000] "GET /whsy.php?p=%2Fproc%2F24371%2Fnet HTTP/1.1" 200 1699 "http://caimegroup.com/whsy.php?p=%2Fproc%2F24371" "Mozilla/5.0 AppleWebKit/537.36 (KHTML, like Gecko; compatible; GPTBot/1.3; +https://openai.com/gptbot)"
74.7.243.196 - - [14/Mar/2026:08:41:56 +0000] "GET /whsy.php?e=timers&p=%2Fproc%2F31999 HTTP/1.1" 200 1699 "http://caimegroup.com/whsy.php?p=%2Fproc%2F31999" "Mozilla/5.0 AppleWebKit/537.36 (KHTML, like Gecko; compatible; GPTBot/1.3; +https://openai.com/gptbot)"
74.7.243.196 - - [14/Mar/2026:08:42:04 +0000] "GET /whsy.php?e=arch_status&p=%2Fproc%2F24371 HTTP/1.1" 200 1699 "http://caimegroup.com/whsy.php?p=%2Fproc%2F24371" "Mozilla/5.0 AppleWebKit/537.36 (KHTML, like Gecko; compatible; GPTBot/1.3; +https://openai.com/gptbot)"
74.7.243.196 - - [14/Mar/2026:08:42:12 +0000] "GET /whsy.php?e=arch_status&p=%2Fproc%2F10246 HTTP/1.1" 200 2005 "http://caimegroup.com/whsy.php?p=%2Fproc%2F10246" "Mozilla/5.0 AppleWebKit/537.36 (KHTML, like Gecko; compatible; GPTBot/1.3; +https://openai.com/gptbot)"
74.7.243.196 - - [14/Mar/2026:08:42:22 +0000] "GET /whsy.php?e=arch_status&p=%2Fproc%2F17005 HTTP/1.1" 200 1699 "http://caimegroup.com/whsy.php?p=%2Fproc%2F17005" "Mozilla/5.0 AppleWebKit/537.36 (KHTML, like Gecko; compatible; GPTBot/1.3; +https://openai.com/gptbot)"
74.7.243.196 - - [14/Mar/2026:08:42:31 +0000] "GET /whsy.php?e=stat&p=%2Fproc%2F31999 HTTP/1.1" 200 1699 "http://caimegroup.com/whsy.php?p=%2Fproc%2F31999" "Mozilla/5.0 AppleWebKit/537.36 (KHTML, like Gecko; compatible; GPTBot/1.3; +https://openai.com/gptbot)"
74.7.243.196 - - [14/Mar/2026:08:42:41 +0000] "GET /whsy.php?e=cpuset&p=%2Fproc%2F24371 HTTP/1.1" 200 1699 "http://caimegroup.com/whsy.php?p=%2Fproc%2F24371" "Mozilla/5.0 AppleWebKit/537.36 (KHTML, like Gecko; compatible; GPTBot/1.3; +https://openai.com/gptbot)"
74.7.243.196 - - [14/Mar/2026:08:42:54 +0000] "GET /whsy.php?e=cpuset&p=%2Fproc%2F17005 HTTP/1.1" 200 1699 "http://caimegroup.com/whsy.php?p=%2Fproc%2F17005" "Mozilla/5.0 AppleWebKit/537.36 (KHTML, like Gecko; compatible; GPTBot/1.3; +https://openai.com/gptbot)"
74.7.243.196 - - [14/Mar/2026:08:43:06 +0000] "GET /whsy.php?e=cgroup&p=%2Fproc%2F17005 HTTP/1.1" 200 1699 "http://caimegroup.com/whsy.php?p=%2Fproc%2F17005" "Mozilla/5.0 AppleWebKit/537.36 (KHTML, like Gecko; compatible; GPTBot/1.3; +https://openai.com/gptbot)"
74.7.243.196 - - [14/Mar/2026:08:43:14 +0000] "GET /whsy.php?e=cpuset&p=%2Fproc%2F10246 HTTP/1.1" 200 2005 "http://caimegroup.com/whsy.php?p=%2Fproc%2F10246" "Mozilla/5.0 AppleWebKit/537.36 (KHTML, like Gecko; compatible; GPTBot/1.3; +https://openai.com/gptbot)"
74.7.243.196 - - [14/Mar/2026:08:43:22 +0000] "GET /whsy.php?e=route&p=%2Fproc%2F10246%2Fnet HTTP/1.1" 200 2637 "http://caimegroup.com/whsy.php?p=%2Fproc%2F10246%2Fnet" "Mozilla/5.0 AppleWebKit/537.36 (KHTML, like Gecko; compatible; GPTBot/1.3; +https://openai.com/gptbot)"
74.7.243.196 - - [14/Mar/2026:08:43:34 +0000] "GET /whsy.php?e=pfkey&p=%2Fproc%2F10246%2Fnet HTTP/1.1" 200 2534 "http://caimegroup.com/whsy.php?p=%2Fproc%2F10246%2Fnet" "Mozilla/5.0 AppleWebKit/537.36 (KHTML, like Gecko; compatible; GPTBot/1.3; +https://openai.com/gptbot)"
74.7.243.196 - - [14/Mar/2026:08:43:46 +0000] "GET /whsy.php?e=icmp&p=%2Fproc%2F10246%2Fnet HTTP/1.1" 200 2580 "http://caimegroup.com/whsy.php?p=%2Fproc%2F10246%2Fnet" "Mozilla/5.0 AppleWebKit/537.36 (KHTML, like Gecko; compatible; GPTBot/1.3; +https://openai.com/gptbot)"
74.7.243.196 - - [14/Mar/2026:08:43:54 +0000] "GET /whsy.php?e=unix&p=%2Fproc%2F10246%2Fnet HTTP/1.1" 200 5022 "http://caimegroup.com/whsy.php?p=%2Fproc%2F10246%2Fnet" "Mozilla/5.0 AppleWebKit/537.36 (KHTML, like Gecko; compatible; GPTBot/1.3; +https://openai.com/gptbot)"
74.7.243.196 - - [14/Mar/2026:08:44:01 +0000] "GET /whsy.php?e=cgroup&p=%2Fproc%2F24371 HTTP/1.1" 200 1699 "http://caimegroup.com/whsy.php?p=%2Fproc%2F24371" "Mozilla/5.0 AppleWebKit/537.36 (KHTML, like Gecko; compatible; GPTBot/1.3; +https://openai.com/gptbot)"
74.7.243.196 - - [14/Mar/2026:08:44:09 +0000] "GET /whsy.php?e=status&p=%2Fproc%2F25635 HTTP/1.1" 200 1699 "http://caimegroup.com/whsy.php?p=%2Fproc%2F25635" "Mozilla/5.0 AppleWebKit/537.36 (KHTML, like Gecko; compatible; GPTBot/1.3; +https://openai.com/gptbot)"
74.7.243.196 - - [14/Mar/2026:08:44:19 +0000] "GET /whsy.php?e=cgroup&p=%2Fproc%2F10246 HTTP/1.1" 200 2139 "http://caimegroup.com/whsy.php?p=%2Fproc%2F10246" "Mozilla/5.0 AppleWebKit/537.36 (KHTML, like Gecko; compatible; GPTBot/1.3; +https://openai.com/gptbot)"
74.7.243.196 - - [14/Mar/2026:08:44:28 +0000] "GET /whsy.php?e=status&p=%2Fproc%2F31999 HTTP/1.1" 200 1699 "http://caimegroup.com/whsy.php?p=%2Fproc%2F31999" "Mozilla/5.0 AppleWebKit/537.36 (KHTML, like Gecko; compatible; GPTBot/1.3; +https://openai.com/gptbot)"
74.7.243.196 - - [14/Mar/2026:08:44:36 +0000] "GET /whsy.php?e=udp&p=%2Fproc%2F10246%2Fnet HTTP/1.1" 200 2774 "http://caimegroup.com/whsy.php?p=%2Fproc%2F10246%2Fnet" "Mozilla/5.0 AppleWebKit/537.36 (KHTML, like Gecko; compatible; GPTBot/1.3; +https://openai.com/gptbot)"
74.7.243.196 - - [14/Mar/2026:08:44:45 +0000] "GET /whsy.php?e=arch_status&p=%2Fproc%2F18095 HTTP/1.1" 200 1699 "http://caimegroup.com/whsy.php?p=%2Fproc%2F18095" "Mozilla/5.0 AppleWebKit/537.36 (KHTML, like Gecko; compatible; GPTBot/1.3; +https://openai.com/gptbot)"
74.7.175.186 - - [14/Mar/2026:08:44:45 +0000] "GET /robots.txt HTTP/1.1" 404 - "-" "Mozilla/5.0 (Macintosh; Intel Mac OS X 10_15_7) AppleWebKit/537.36 (KHTML, like Gecko) Chrome/131.0.0.0 Safari/537.36; compatible; OAI-SearchBot/1.3; robots.txt; +https://openai.com/searchbot"
74.7.243.196 - - [14/Mar/2026:08:44:53 +0000] "GET /whsy.php?e=numa_maps&p=%2Fproc%2F19919 HTTP/1.1" 200 1699 "http://caimegroup.com/whsy.php?p=%2Fproc%2F19919" "Mozilla/5.0 AppleWebKit/537.36 (KHTML, like Gecko; compatible; GPTBot/1.3; +https://openai.com/gptbot)"
74.7.243.196 - - [14/Mar/2026:08:45:01 +0000] "GET /whsy.php?e=numa_maps&p=%2Fproc%2F25635 HTTP/1.1" 200 1699 "http://caimegroup.com/whsy.php?p=%2Fproc%2F25635" "Mozilla/5.0 AppleWebKit/537.36 (KHTML, like Gecko; compatible; GPTBot/1.3; +https://openai.com/gptbot)"
74.7.243.196 - - [14/Mar/2026:08:45:09 +0000] "GET /whsy.php?e=oom_score&p=%2Fproc%2F18095 HTTP/1.1" 200 1699 "http://caimegroup.com/whsy.php?p=%2Fproc%2F18095" "Mozilla/5.0 AppleWebKit/537.36 (KHTML, like Gecko; compatible; GPTBot/1.3; +https://openai.com/gptbot)"
74.7.243.196 - - [14/Mar/2026:08:45:16 +0000] "GET /whsy.php?p=%2Fproc%2F18095%2Fnet HTTP/1.1" 200 1699 "http://caimegroup.com/whsy.php?p=%2Fproc%2F18095" "Mozilla/5.0 AppleWebKit/537.36 (KHTML, like Gecko; compatible; GPTBot/1.3; +https://openai.com/gptbot)"
74.7.243.196 - - [14/Mar/2026:08:45:23 +0000] "GET /whsy.php?p=%2Fproc%2F18095%2Ftask HTTP/1.1" 200 1699 "http://caimegroup.com/whsy.php?p=%2Fproc%2F18095" "Mozilla/5.0 AppleWebKit/537.36 (KHTML, like Gecko; compatible; GPTBot/1.3; +https://openai.com/gptbot)"
74.7.243.196 - - [14/Mar/2026:08:45:30 +0000] "GET /whsy.php?e=oom_score&p=%2Fproc%2F17005 HTTP/1.1" 200 1699 "http://caimegroup.com/whsy.php?p=%2Fproc%2F17005" "Mozilla/5.0 AppleWebKit/537.36 (KHTML, like Gecko; compatible; GPTBot/1.3; +https://openai.com/gptbot)"
74.7.243.196 - - [14/Mar/2026:08:45:37 +0000] "GET /whsy.php?e=raw&p=%2Fproc%2F10246%2Fnet HTTP/1.1" 200 2577 "http://caimegroup.com/whsy.php?p=%2Fproc%2F10246%2Fnet" "Mozilla/5.0 AppleWebKit/537.36 (KHTML, like Gecko; compatible; GPTBot/1.3; +https://openai.com/gptbot)"
74.7.243.196 - - [14/Mar/2026:08:45:44 +0000] "GET /whsy.php?e=arch_status&p=%2Fproc%2F19919 HTTP/1.1" 200 1699 "http://caimegroup.com/whsy.php?p=%2Fproc%2F19919" "Mozilla/5.0 AppleWebKit/537.36 (KHTML, like Gecko; compatible; GPTBot/1.3; +https://openai.com/gptbot)"
74.7.243.196 - - [14/Mar/2026:08:45:51 +0000] "GET /whsy.php?e=ptype&p=%2Fproc%2F10246%2Fnet HTTP/1.1" 200 2617 "http://caimegroup.com/whsy.php?p=%2Fproc%2F10246%2Fnet" "Mozilla/5.0 AppleWebKit/537.36 (KHTML, like Gecko; compatible; GPTBot/1.3; +https://openai.com/gptbot)"
74.7.243.196 - - [14/Mar/2026:08:45:58 +0000] "GET /whsy.php?e=oom_score&p=%2Fproc%2F24371 HTTP/1.1" 200 1699 "http://caimegroup.com/whsy.php?p=%2Fproc%2F24371" "Mozilla/5.0 AppleWebKit/537.36 (KHTML, like Gecko; compatible; GPTBot/1.3; +https://openai.com/gptbot)"
74.7.243.196 - - [14/Mar/2026:08:46:05 +0000] "GET /whsy.php?e=oom_score&p=%2Fproc%2F10246 HTTP/1.1" 200 2006 "http://caimegroup.com/whsy.php?p=%2Fproc%2F10246" "Mozilla/5.0 AppleWebKit/537.36 (KHTML, like Gecko; compatible; GPTBot/1.3; +https://openai.com/gptbot)"
74.7.243.196 - - [14/Mar/2026:08:46:12 +0000] "GET /whsy.php?e=pppoe&p=%2Fproc%2F10246%2Fnet HTTP/1.1" 200 2523 "http://caimegroup.com/whsy.php?p=%2Fproc%2F10246%2Fnet" "Mozilla/5.0 AppleWebKit/537.36 (KHTML, like Gecko; compatible; GPTBot/1.3; +https://openai.com/gptbot)"
74.7.243.196 - - [14/Mar/2026:08:46:19 +0000] "GET /whsy.php?e=arch_status&p=%2Fproc%2F25635 HTTP/1.1" 200 1699 "http://caimegroup.com/whsy.php?p=%2Fproc%2F25635" "Mozilla/5.0 AppleWebKit/537.36 (KHTML, like Gecko; compatible; GPTBot/1.3; +https://openai.com/gptbot)"
74.7.243.196 - - [14/Mar/2026:08:46:27 +0000] "GET /whsy.php?e=arch_status&p=%2Fproc%2F11565 HTTP/1.1" 200 1699 "http://caimegroup.com/whsy.php?p=%2Fproc%2F11565" "Mozilla/5.0 AppleWebKit/537.36 (KHTML, like Gecko; compatible; GPTBot/1.3; +https://openai.com/gptbot)"
74.7.243.196 - - [14/Mar/2026:08:46:35 +0000] "GET /whsy.php?e=arch_status&p=%2Fproc%2F31999 HTTP/1.1" 200 1699 "http://caimegroup.com/whsy.php?p=%2Fproc%2F31999" "Mozilla/5.0 AppleWebKit/537.36 (KHTML, like Gecko; compatible; GPTBot/1.3; +https://openai.com/gptbot)"
74.7.243.196 - - [14/Mar/2026:08:46:45 +0000] "GET /whsy.php?e=numa_maps&p=%2Fproc%2F31999 HTTP/1.1" 200 1699 "http://caimegroup.com/whsy.php?p=%2Fproc%2F31999" "Mozilla/5.0 AppleWebKit/537.36 (KHTML, like Gecko; compatible; GPTBot/1.3; +https://openai.com/gptbot)"
74.7.243.196 - - [14/Mar/2026:08:46:54 +0000] "GET /whsy.php?e=igmp&p=%2Fproc%2F10246%2Fnet HTTP/1.1" 200 2591 "http://caimegroup.com/whsy.php?p=%2Fproc%2F10246%2Fnet" "Mozilla/5.0 AppleWebKit/537.36 (KHTML, like Gecko; compatible; GPTBot/1.3; +https://openai.com/gptbot)"
74.7.243.196 - - [14/Mar/2026:08:47:02 +0000] "GET /whsy.php?p=%2Fproc%2F31999%2Fnet HTTP/1.1" 200 1699 "http://caimegroup.com/whsy.php?p=%2Fproc%2F31999" "Mozilla/5.0 AppleWebKit/537.36 (KHTML, like Gecko; compatible; GPTBot/1.3; +https://openai.com/gptbot)"
74.7.243.196 - - [14/Mar/2026:08:47:09 +0000] "GET /whsy.php?p=%2Fproc%2F31999%2Fattr HTTP/1.1" 200 1699 "http://caimegroup.com/whsy.php?p=%2Fproc%2F31999" "Mozilla/5.0 AppleWebKit/537.36 (KHTML, like Gecko; compatible; GPTBot/1.3; +https://openai.com/gptbot)"
74.7.243.196 - - [14/Mar/2026:08:47:17 +0000] "GET /whsy.php?p=%2Fproc%2F31999%2Ftask HTTP/1.1" 200 1699 "http://caimegroup.com/whsy.php?p=%2Fproc%2F31999" "Mozilla/5.0 AppleWebKit/537.36 (KHTML, like Gecko; compatible; GPTBot/1.3; +https://openai.com/gptbot)"
74.7.243.196 - - [14/Mar/2026:08:47:25 +0000] "GET /whsy.php?e=oom_score&p=%2Fproc%2F11565 HTTP/1.1" 200 1699 "http://caimegroup.com/whsy.php?p=%2Fproc%2F11565" "Mozilla/5.0 AppleWebKit/537.36 (KHTML, like Gecko; compatible; GPTBot/1.3; +https://openai.com/gptbot)"
74.7.243.196 - - [14/Mar/2026:08:47:34 +0000] "GET /whsy.php?e=oom_score&p=%2Fproc%2F25635 HTTP/1.1" 200 1699 "http://caimegroup.com/whsy.php?p=%2Fproc%2F25635" "Mozilla/5.0 AppleWebKit/537.36 (KHTML, like Gecko; compatible; GPTBot/1.3; +https://openai.com/gptbot)"
74.7.243.196 - - [14/Mar/2026:08:47:43 +0000] "GET /whsy.php?e=netlink&p=%2Fproc%2F10246%2Fnet HTTP/1.1" 200 2812 "http://caimegroup.com/whsy.php?p=%2Fproc%2F10246%2Fnet" "Mozilla/5.0 AppleWebKit/537.36 (KHTML, like Gecko; compatible; GPTBot/1.3; +https://openai.com/gptbot)"
74.7.243.196 - - [14/Mar/2026:08:47:51 +0000] "GET /whsy.php?e=udplite&p=%2Fproc%2F10246%2Fnet HTTP/1.1" 200 2583 "http://caimegroup.com/whsy.php?p=%2Fproc%2F10246%2Fnet" "Mozilla/5.0 AppleWebKit/537.36 (KHTML, like Gecko; compatible; GPTBot/1.3; +https://openai.com/gptbot)"
74.7.243.196 - - [14/Mar/2026:08:48:00 +0000] "GET /whsy.php?e=fib_trie&p=%2Fproc%2F10246%2Fnet HTTP/1.1" 200 2693 "http://caimegroup.com/whsy.php?p=%2Fproc%2F10246%2Fnet" "Mozilla/5.0 AppleWebKit/537.36 (KHTML, like Gecko; compatible; GPTBot/1.3; +https://openai.com/gptbot)"
74.7.243.196 - - [14/Mar/2026:08:48:07 +0000] "GET /whsy.php?e=mcfilter&p=%2Fproc%2F10246%2Fnet HTTP/1.1" 200 2537 "http://caimegroup.com/whsy.php?p=%2Fproc%2F10246%2Fnet" "Mozilla/5.0 AppleWebKit/537.36 (KHTML, like Gecko; compatible; GPTBot/1.3; +https://openai.com/gptbot)"
74.7.243.196 - - [14/Mar/2026:08:48:15 +0000] "GET /whsy.php?e=packet&p=%2Fproc%2F10246%2Fnet HTTP/1.1" 200 2571 "http://caimegroup.com/whsy.php?p=%2Fproc%2F10246%2Fnet" "Mozilla/5.0 AppleWebKit/537.36 (KHTML, like Gecko; compatible; GPTBot/1.3; +https://openai.com/gptbot)"
74.7.243.196 - - [14/Mar/2026:08:48:23 +0000] "GET /whsy.php?e=oom_score&p=%2Fproc%2F31999 HTTP/1.1" 200 1699 "http://caimegroup.com/whsy.php?p=%2Fproc%2F31999" "Mozilla/5.0 AppleWebKit/537.36 (KHTML, like Gecko; compatible; GPTBot/1.3; +https://openai.com/gptbot)"
74.7.243.196 - - [14/Mar/2026:08:48:32 +0000] "GET /whsy.php?e=netstat&p=%2Fproc%2F10246%2Fnet HTTP/1.1" 200 4251 "http://caimegroup.com/whsy.php?p=%2Fproc%2F10246%2Fnet" "Mozilla/5.0 AppleWebKit/537.36 (KHTML, like Gecko; compatible; GPTBot/1.3; +https://openai.com/gptbot)"
74.7.243.196 - - [14/Mar/2026:08:48:42 +0000] "GET /whsy.php?e=prev&p=%2Fproc%2F10246%2Fattr HTTP/1.1" 200 858 "http://caimegroup.com/whsy.php?p=%2Fproc%2F10246%2Fattr" "Mozilla/5.0 AppleWebKit/537.36 (KHTML, like Gecko; compatible; GPTBot/1.3; +https://openai.com/gptbot)"
74.7.243.196 - - [14/Mar/2026:08:48:49 +0000] "GET /whsy.php?e=tcp&p=%2Fproc%2F10246%2Fnet HTTP/1.1" 200 14553 "http://caimegroup.com/whsy.php?p=%2Fproc%2F10246%2Fnet" "Mozilla/5.0 AppleWebKit/537.36 (KHTML, like Gecko; compatible; GPTBot/1.3; +https://openai.com/gptbot)"
74.7.243.196 - - [14/Mar/2026:08:48:56 +0000] "GET /whsy.php?p=%2Fproc%2F11565%2Ffdinfo HTTP/1.1" 200 1699 "http://caimegroup.com/whsy.php?p=%2Fproc%2F11565" "Mozilla/5.0 AppleWebKit/537.36 (KHTML, like Gecko; compatible; GPTBot/1.3; +https://openai.com/gptbot)"
74.7.243.196 - - [14/Mar/2026:08:49:04 +0000] "GET /whsy.php?e=psched&p=%2Fproc%2F10246%2Fnet HTTP/1.1" 200 2532 "http://caimegroup.com/whsy.php?p=%2Fproc%2F10246%2Fnet" "Mozilla/5.0 AppleWebKit/537.36 (KHTML, like Gecko; compatible; GPTBot/1.3; +https://openai.com/gptbot)"
74.7.243.196 - - [14/Mar/2026:08:49:11 +0000] "GET /whsy.php?p=%2Fproc%2F25635%2Ffdinfo HTTP/1.1" 200 1699 "http://caimegroup.com/whsy.php?p=%2Fproc%2F25635" "Mozilla/5.0 AppleWebKit/537.36 (KHTML, like Gecko; compatible; GPTBot/1.3; +https://openai.com/gptbot)"
74.7.243.196 - - [14/Mar/2026:08:49:19 +0000] "GET /whsy.php?p=%2Fproc%2F19919%2Ffdinfo HTTP/1.1" 200 1699 "http://caimegroup.com/whsy.php?p=%2Fproc%2F19919" "Mozilla/5.0 AppleWebKit/537.36 (KHTML, like Gecko; compatible; GPTBot/1.3; +https://openai.com/gptbot)"
74.7.243.196 - - [14/Mar/2026:08:49:26 +0000] "GET /whsy.php?e=current&p=%2Fproc%2F10246%2Fattr HTTP/1.1" 200 848 "http://caimegroup.com/whsy.php?p=%2Fproc%2F10246%2Fattr" "Mozilla/5.0 AppleWebKit/537.36 (KHTML, like Gecko; compatible; GPTBot/1.3; +https://openai.com/gptbot)"
74.7.243.196 - - [14/Mar/2026:08:49:33 +0000] "GET /whsy.php?e=rt_cache&p=%2Fproc%2F10246%2Fnet HTTP/1.1" 200 2597 "http://caimegroup.com/whsy.php?p=%2Fproc%2F10246%2Fnet" "Mozilla/5.0 AppleWebKit/537.36 (KHTML, like Gecko; compatible; GPTBot/1.3; +https://openai.com/gptbot)"
74.7.243.196 - - [14/Mar/2026:08:49:41 +0000] "GET /whsy.php?e=tls_stat&p=%2Fproc%2F10246%2Fnet HTTP/1.1" 200 2600 "http://caimegroup.com/whsy.php?p=%2Fproc%2F10246%2Fnet" "Mozilla/5.0 AppleWebKit/537.36 (KHTML, like Gecko; compatible; GPTBot/1.3; +https://openai.com/gptbot)"
74.7.243.196 - - [14/Mar/2026:08:49:49 +0000] "GET /whsy.php?e=sockstat&p=%2Fproc%2F10246%2Fnet HTTP/1.1" 200 2604 "http://caimegroup.com/whsy.php?p=%2Fproc%2F10246%2Fnet" "Mozilla/5.0 AppleWebKit/537.36 (KHTML, like Gecko; compatible; GPTBot/1.3; +https://openai.com/gptbot)"
74.7.175.186 - - [14/Mar/2026:08:49:49 +0000] "GET /robots.txt HTTP/1.1" 404 - "-" "Mozilla/5.0 (Macintosh; Intel Mac OS X 10_15_7) AppleWebKit/537.36 (KHTML, like Gecko) Chrome/131.0.0.0 Safari/537.36; compatible; OAI-SearchBot/1.3; robots.txt; +https://openai.com/searchbot"
74.7.243.196 - - [14/Mar/2026:08:49:56 +0000] "GET /whsy.php?p=%2Fproc%2F10246%2Fnet%2Fipt_hashlimit HTTP/1.1" 200 499 "http://caimegroup.com/whsy.php?p=%2Fproc%2F10246%2Fnet" "Mozilla/5.0 AppleWebKit/537.36 (KHTML, like Gecko; compatible; GPTBot/1.3; +https://openai.com/gptbot)"
74.7.243.196 - - [14/Mar/2026:08:50:03 +0000] "GET /whsy.php?p=%2Fproc%2F19919%2Ffd HTTP/1.1" 200 1699 "http://caimegroup.com/whsy.php?p=%2Fproc%2F19919" "Mozilla/5.0 AppleWebKit/537.36 (KHTML, like Gecko; compatible; GPTBot/1.3; +https://openai.com/gptbot)"
74.7.243.196 - - [14/Mar/2026:08:50:10 +0000] "GET /whsy.php?p=%2Fproc%2F24371%2Fns HTTP/1.1" 200 1699 "http://caimegroup.com/whsy.php?p=%2Fproc%2F24371" "Mozilla/5.0 AppleWebKit/537.36 (KHTML, like Gecko; compatible; GPTBot/1.3; +https://openai.com/gptbot)"
74.7.243.196 - - [14/Mar/2026:08:50:17 +0000] "GET /whsy.php?p=%2Fproc%2F10246%2Fns HTTP/1.1" 200 658852 "http://caimegroup.com/whsy.php?p=%2Fproc%2F10246" "Mozilla/5.0 AppleWebKit/537.36 (KHTML, like Gecko; compatible; GPTBot/1.3; +https://openai.com/gptbot)"
74.7.243.196 - - [14/Mar/2026:08:50:54 +0000] "GET /whsy.php?p=%2Fproc%2F18095%2Fns HTTP/1.1" 200 1699 "http://caimegroup.com/whsy.php?p=%2Fproc%2F18095" "Mozilla/5.0 AppleWebKit/537.36 (KHTML, like Gecko; compatible; GPTBot/1.3; +https://openai.com/gptbot)"
74.7.243.196 - - [14/Mar/2026:08:51:02 +0000] "GET /whsy.php?p=%2Fproc%2F17005%2Fns HTTP/1.1" 200 1699 "http://caimegroup.com/whsy.php?p=%2Fproc%2F17005" "Mozilla/5.0 AppleWebKit/537.36 (KHTML, like Gecko; compatible; GPTBot/1.3; +https://openai.com/gptbot)"
74.7.243.196 - - [14/Mar/2026:08:51:09 +0000] "GET /whsy.php?p=%2Fproc%2F11565%2Fns HTTP/1.1" 200 1699 "http://caimegroup.com/whsy.php?p=%2Fproc%2F11565" "Mozilla/5.0 AppleWebKit/537.36 (KHTML, like Gecko; compatible; GPTBot/1.3; +https://openai.com/gptbot)"
74.7.243.196 - - [14/Mar/2026:08:51:16 +0000] "GET /whsy.php?p=%2Fproc%2F24371%2Ffd HTTP/1.1" 200 1699 "http://caimegroup.com/whsy.php?p=%2Fproc%2F24371" "Mozilla/5.0 AppleWebKit/537.36 (KHTML, like Gecko; compatible; GPTBot/1.3; +https://openai.com/gptbot)"
74.7.243.196 - - [14/Mar/2026:08:51:23 +0000] "GET /whsy.php?p=%2Fproc%2F11565%2Ffd HTTP/1.1" 200 1699 "http://caimegroup.com/whsy.php?p=%2Fproc%2F11565" "Mozilla/5.0 AppleWebKit/537.36 (KHTML, like Gecko; compatible; GPTBot/1.3; +https://openai.com/gptbot)"
74.7.243.196 - - [14/Mar/2026:08:51:30 +0000] "GET /whsy.php?p=%2Fproc%2F18095%2Ffd HTTP/1.1" 200 1699 "http://caimegroup.com/whsy.php?p=%2Fproc%2F18095" "Mozilla/5.0 AppleWebKit/537.36 (KHTML, like Gecko; compatible; GPTBot/1.3; +https://openai.com/gptbot)"
74.7.243.196 - - [14/Mar/2026:08:51:37 +0000] "GET /whsy.php?p=%2Fproc%2F25635%2Ffd HTTP/1.1" 200 1699 "http://caimegroup.com/whsy.php?p=%2Fproc%2F25635" "Mozilla/5.0 AppleWebKit/537.36 (KHTML, like Gecko; compatible; GPTBot/1.3; +https://openai.com/gptbot)"
74.7.243.196 - - [14/Mar/2026:08:51:44 +0000] "GET /whsy.php?p=%2Fproc%2F19919%2Fns HTTP/1.1" 200 1699 "http://caimegroup.com/whsy.php?p=%2Fproc%2F19919" "Mozilla/5.0 AppleWebKit/537.36 (KHTML, like Gecko; compatible; GPTBot/1.3; +https://openai.com/gptbot)"
74.7.243.196 - - [14/Mar/2026:08:51:51 +0000] "GET /whsy.php?p=%2Fproc%2F25635%2Fns HTTP/1.1" 200 1699 "http://caimegroup.com/whsy.php?p=%2Fproc%2F25635" "Mozilla/5.0 AppleWebKit/537.36 (KHTML, like Gecko; compatible; GPTBot/1.3; +https://openai.com/gptbot)"
74.7.243.196 - - [14/Mar/2026:08:51:59 +0000] "GET /whsy.php?p=%2Fproc%2F10246%2Ffd HTTP/1.1" 200 653224 "http://caimegroup.com/whsy.php?p=%2Fproc%2F10246" "Mozilla/5.0 AppleWebKit/537.36 (KHTML, like Gecko; compatible; GPTBot/1.3; +https://openai.com/gptbot)"
74.7.243.196 - - [14/Mar/2026:08:52:36 +0000] "GET /whsy.php?p=%2Fproc%2F17005%2Ffd HTTP/1.1" 200 1699 "http://caimegroup.com/whsy.php?p=%2Fproc%2F17005" "Mozilla/5.0 AppleWebKit/537.36 (KHTML, like Gecko; compatible; GPTBot/1.3; +https://openai.com/gptbot)"
74.7.243.196 - - [14/Mar/2026:08:52:43 +0000] "GET /whsy.php?e=ip_vs&p=%2Fproc%2F10246%2Fnet HTTP/1.1" 200 2614 "http://caimegroup.com/whsy.php?p=%2Fproc%2F10246%2Fnet" "Mozilla/5.0 AppleWebKit/537.36 (KHTML, like Gecko; compatible; GPTBot/1.3; +https://openai.com/gptbot)"
74.7.243.196 - - [14/Mar/2026:08:52:51 +0000] "GET /whsy.php?e=if_inet6&p=%2Fproc%2F10246%2Fnet HTTP/1.1" 200 2569 "http://caimegroup.com/whsy.php?p=%2Fproc%2F10246%2Fnet" "Mozilla/5.0 AppleWebKit/537.36 (KHTML, like Gecko; compatible; GPTBot/1.3; +https://openai.com/gptbot)"
74.7.243.196 - - [14/Mar/2026:08:52:58 +0000] "GET /whsy.php?e=projid_map&p=%2Fproc%2F11565 HTTP/1.1" 200 1699 "http://caimegroup.com/whsy.php?p=%2Fproc%2F11565" "Mozilla/5.0 AppleWebKit/537.36 (KHTML, like Gecko; compatible; GPTBot/1.3; +https://openai.com/gptbot)"
74.7.243.196 - - [14/Mar/2026:08:53:06 +0000] "GET /whsy.php?p=%2Fproc%2F10246%2Ffdinfo HTTP/1.1" 200 548114 "http://caimegroup.com/whsy.php?p=%2Fproc%2F10246" "Mozilla/5.0 AppleWebKit/537.36 (KHTML, like Gecko; compatible; GPTBot/1.3; +https://openai.com/gptbot)"
74.7.243.196 - - [14/Mar/2026:08:53:44 +0000] "GET /whsy.php?p=%2Fproc%2F24371%2Ffdinfo HTTP/1.1" 200 1699 "http://caimegroup.com/whsy.php?p=%2Fproc%2F24371" "Mozilla/5.0 AppleWebKit/537.36 (KHTML, like Gecko; compatible; GPTBot/1.3; +https://openai.com/gptbot)"
74.7.243.196 - - [14/Mar/2026:08:53:51 +0000] "GET /whsy.php?e=udplite6&p=%2Fproc%2F10246%2Fnet HTTP/1.1" 200 2585 "http://caimegroup.com/whsy.php?p=%2Fproc%2F10246%2Fnet" "Mozilla/5.0 AppleWebKit/537.36 (KHTML, like Gecko; compatible; GPTBot/1.3; +https://openai.com/gptbot)"
74.7.243.196 - - [14/Mar/2026:08:54:00 +0000] "GET /whsy.php?e=snmp&p=%2Fproc%2F10246%2Fnet HTTP/1.1" 200 3231 "http://caimegroup.com/whsy.php?p=%2Fproc%2F10246%2Fnet" "Mozilla/5.0 AppleWebKit/537.36 (KHTML, like Gecko; compatible; GPTBot/1.3; +https://openai.com/gptbot)"
74.7.243.196 - - [14/Mar/2026:08:54:11 +0000] "GET /whsy.php?p=%2Fproc%2F10246%2Fnet%2Fnetfilter HTTP/1.1" 200 731 "http://caimegroup.com/whsy.php?p=%2Fproc%2F10246%2Fnet" "Mozilla/5.0 AppleWebKit/537.36 (KHTML, like Gecko; compatible; GPTBot/1.3; +https://openai.com/gptbot)"
74.7.243.196 - - [14/Mar/2026:08:54:18 +0000] "GET /whsy.php?e=rt_acct&p=%2Fproc%2F10246%2Fnet HTTP/1.1" 200 2529 "http://caimegroup.com/whsy.php?p=%2Fproc%2F10246%2Fnet" "Mozilla/5.0 AppleWebKit/537.36 (KHTML, like Gecko; compatible; GPTBot/1.3; +https://openai.com/gptbot)"
74.7.243.196 - - [14/Mar/2026:08:54:26 +0000] "GET /whsy.php?p=%2Fproc%2F25635%2Fmap_files HTTP/1.1" 200 1699 "http://caimegroup.com/whsy.php?p=%2Fproc%2F25635" "Mozilla/5.0 AppleWebKit/537.36 (KHTML, like Gecko; compatible; GPTBot/1.3; +https://openai.com/gptbot)"
74.7.243.196 - - [14/Mar/2026:08:54:33 +0000] "GET /whsy.php?e=coredump_filter&p=%2Fproc%2F18095 HTTP/1.1" 200 1699 "http://caimegroup.com/whsy.php?p=%2Fproc%2F18095" "Mozilla/5.0 AppleWebKit/537.36 (KHTML, like Gecko; compatible; GPTBot/1.3; +https://openai.com/gptbot)"
74.7.243.196 - - [14/Mar/2026:08:54:40 +0000] "GET /whsy.php?p=%2Fproc%2F31999%2Fmap_files HTTP/1.1" 200 1699 "http://caimegroup.com/whsy.php?p=%2Fproc%2F31999" "Mozilla/5.0 AppleWebKit/537.36 (KHTML, like Gecko; compatible; GPTBot/1.3; +https://openai.com/gptbot)"
74.7.243.196 - - [14/Mar/2026:08:54:48 +0000] "GET /whsy.php?e=projid_map&p=%2Fproc%2F18095 HTTP/1.1" 200 1699 "http://caimegroup.com/whsy.php?p=%2Fproc%2F18095" "Mozilla/5.0 AppleWebKit/537.36 (KHTML, like Gecko; compatible; GPTBot/1.3; +https://openai.com/gptbot)"
74.7.243.196 - - [14/Mar/2026:08:54:55 +0000] "GET /whsy.php?p=%2Fproc%2F19919%2Fmap_files HTTP/1.1" 200 1699 "http://caimegroup.com/whsy.php?p=%2Fproc%2F19919" "Mozilla/5.0 AppleWebKit/537.36 (KHTML, like Gecko; compatible; GPTBot/1.3; +https://openai.com/gptbot)"
74.7.243.196 - - [14/Mar/2026:08:55:03 +0000] "GET /whsy.php?e=projid_map&p=%2Fproc%2F10246 HTTP/1.1" 200 2028 "http://caimegroup.com/whsy.php?p=%2Fproc%2F10246" "Mozilla/5.0 AppleWebKit/537.36 (KHTML, like Gecko; compatible; GPTBot/1.3; +https://openai.com/gptbot)"
74.7.243.196 - - [14/Mar/2026:08:55:11 +0000] "GET /whsy.php?e=projid_map&p=%2Fproc%2F17005 HTTP/1.1" 200 1699 "http://caimegroup.com/whsy.php?p=%2Fproc%2F17005" "Mozilla/5.0 AppleWebKit/537.36 (KHTML, like Gecko; compatible; GPTBot/1.3; +https://openai.com/gptbot)"
74.7.243.196 - - [14/Mar/2026:08:55:19 +0000] "GET /whsy.php?e=projid_map&p=%2Fproc%2F24371 HTTP/1.1" 200 1699 "http://caimegroup.com/whsy.php?p=%2Fproc%2F24371" "Mozilla/5.0 AppleWebKit/537.36 (KHTML, like Gecko; compatible; GPTBot/1.3; +https://openai.com/gptbot)"
74.7.243.196 - - [14/Mar/2026:08:55:27 +0000] "GET /whsy.php?e=arp&p=%2Fproc%2F10246%2Fnet HTTP/1.1" 200 2579 "http://caimegroup.com/whsy.php?p=%2Fproc%2F10246%2Fnet" "Mozilla/5.0 AppleWebKit/537.36 (KHTML, like Gecko; compatible; GPTBot/1.3; +https://openai.com/gptbot)"
74.7.243.196 - - [14/Mar/2026:08:55:34 +0000] "GET /whsy.php?p=%2Fproc%2F17005%2Fmap_files HTTP/1.1" 200 1699 "http://caimegroup.com/whsy.php?p=%2Fproc%2F17005" "Mozilla/5.0 AppleWebKit/537.36 (KHTML, like Gecko; compatible; GPTBot/1.3; +https://openai.com/gptbot)"
74.7.243.196 - - [14/Mar/2026:08:55:42 +0000] "GET /whsy.php?p=%2Fproc%2F31999%2Ffdinfo HTTP/1.1" 200 1699 "http://caimegroup.com/whsy.php?p=%2Fproc%2F31999" "Mozilla/5.0 AppleWebKit/537.36 (KHTML, like Gecko; compatible; GPTBot/1.3; +https://openai.com/gptbot)"
74.7.243.196 - - [14/Mar/2026:08:55:49 +0000] "GET /whsy.php?p=%2Fproc%2F18095%2Ffdinfo HTTP/1.1" 200 1699 "http://caimegroup.com/whsy.php?p=%2Fproc%2F18095" "Mozilla/5.0 AppleWebKit/537.36 (KHTML, like Gecko; compatible; GPTBot/1.3; +https://openai.com/gptbot)"
74.7.243.196 - - [14/Mar/2026:08:55:56 +0000] "GET /whsy.php?p=%2Fproc%2F10246%2Fnet%2Fip6t_hashlimit HTTP/1.1" 200 501 "http://caimegroup.com/whsy.php?p=%2Fproc%2F10246%2Fnet" "Mozilla/5.0 AppleWebKit/537.36 (KHTML, like Gecko; compatible; GPTBot/1.3; +https://openai.com/gptbot)"
74.7.243.196 - - [14/Mar/2026:08:56:04 +0000] "GET /whsy.php?e=anycast6&p=%2Fproc%2F10246%2Fnet HTTP/1.1" 200 2506 "http://caimegroup.com/whsy.php?p=%2Fproc%2F10246%2Fnet" "Mozilla/5.0 AppleWebKit/537.36 (KHTML, like Gecko; compatible; GPTBot/1.3; +https://openai.com/gptbot)"
74.7.243.196 - - [14/Mar/2026:08:56:13 +0000] "GET /whsy.php?e=sockcreate&p=%2Fproc%2F10246%2Fattr HTTP/1.1" 200 863 "http://caimegroup.com/whsy.php?p=%2Fproc%2F10246%2Fattr" "Mozilla/5.0 AppleWebKit/537.36 (KHTML, like Gecko; compatible; GPTBot/1.3; +https://openai.com/gptbot)"
74.7.243.196 - - [14/Mar/2026:08:56:21 +0000] "GET /whsy.php?p=%2Fproc%2F18095%2Fmap_files HTTP/1.1" 200 1699 "http://caimegroup.com/whsy.php?p=%2Fproc%2F18095" "Mozilla/5.0 AppleWebKit/537.36 (KHTML, like Gecko; compatible; GPTBot/1.3; +https://openai.com/gptbot)"
74.7.243.196 - - [14/Mar/2026:08:56:30 +0000] "GET /whsy.php?p=%2Fproc%2F17005%2Ffdinfo HTTP/1.1" 200 1699 "http://caimegroup.com/whsy.php?p=%2Fproc%2F17005" "Mozilla/5.0 AppleWebKit/537.36 (KHTML, like Gecko; compatible; GPTBot/1.3; +https://openai.com/gptbot)"
74.7.243.196 - - [14/Mar/2026:08:56:37 +0000] "GET /whsy.php?e=projid_map&p=%2Fproc%2F25635 HTTP/1.1" 200 1699 "http://caimegroup.com/whsy.php?p=%2Fproc%2F25635" "Mozilla/5.0 AppleWebKit/537.36 (KHTML, like Gecko; compatible; GPTBot/1.3; +https://openai.com/gptbot)"
74.7.243.196 - - [14/Mar/2026:08:56:44 +0000] "GET /whsy.php?e=projid_map&p=%2Fproc%2F19919 HTTP/1.1" 200 1699 "http://caimegroup.com/whsy.php?p=%2Fproc%2F19919" "Mozilla/5.0 AppleWebKit/537.36 (KHTML, like Gecko; compatible; GPTBot/1.3; +https://openai.com/gptbot)"
74.7.243.196 - - [14/Mar/2026:08:56:53 +0000] "GET /whsy.php?e=ksm_merging_pages&p=%2Fproc%2F18095 HTTP/1.1" 200 1699 "http://caimegroup.com/whsy.php?p=%2Fproc%2F18095" "Mozilla/5.0 AppleWebKit/537.36 (KHTML, like Gecko; compatible; GPTBot/1.3; +https://openai.com/gptbot)"
74.7.243.196 - - [14/Mar/2026:08:57:02 +0000] "GET /whsy.php?e=projid_map&p=%2Fproc%2F31999 HTTP/1.1" 200 1699 "http://caimegroup.com/whsy.php?p=%2Fproc%2F31999" "Mozilla/5.0 AppleWebKit/537.36 (KHTML, like Gecko; compatible; GPTBot/1.3; +https://openai.com/gptbot)"
74.7.243.196 - - [14/Mar/2026:08:57:11 +0000] "GET /whsy.php?p=%2Fproc%2F10246%2Fmap_files HTTP/1.1" 200 593252 "http://caimegroup.com/whsy.php?p=%2Fproc%2F10246" "Mozilla/5.0 AppleWebKit/537.36 (KHTML, like Gecko; compatible; GPTBot/1.3; +https://openai.com/gptbot)"
74.7.243.196 - - [14/Mar/2026:08:57:48 +0000] "GET /whsy.php?p=%2Fproc%2F11565%2Fmap_files HTTP/1.1" 200 1699 "http://caimegroup.com/whsy.php?p=%2Fproc%2F11565" "Mozilla/5.0 AppleWebKit/537.36 (KHTML, like Gecko; compatible; GPTBot/1.3; +https://openai.com/gptbot)"
74.7.243.196 - - [14/Mar/2026:08:57:56 +0000] "GET /whsy.php?p=%2Fproc%2F24371%2Fmap_files HTTP/1.1" 200 1699 "http://caimegroup.com/whsy.php?p=%2Fproc%2F24371" "Mozilla/5.0 AppleWebKit/537.36 (KHTML, like Gecko; compatible; GPTBot/1.3; +https://openai.com/gptbot)"
74.7.243.196 - - [14/Mar/2026:08:58:04 +0000] "GET /whsy.php?e=coredump_filter&p=%2Fproc%2F10246 HTTP/1.1" 200 2008 "http://caimegroup.com/whsy.php?p=%2Fproc%2F10246" "Mozilla/5.0 AppleWebKit/537.36 (KHTML, like Gecko; compatible; GPTBot/1.3; +https://openai.com/gptbot)"
74.7.243.196 - - [14/Mar/2026:08:58:16 +0000] "GET /whsy.php?e=coredump_filter&p=%2Fproc%2F17005 HTTP/1.1" 200 1699 "http://caimegroup.com/whsy.php?p=%2Fproc%2F17005" "Mozilla/5.0 AppleWebKit/537.36 (KHTML, like Gecko; compatible; GPTBot/1.3; +https://openai.com/gptbot)"
74.7.243.196 - - [14/Mar/2026:08:58:29 +0000] "GET /whsy.php?e=coredump_filter&p=%2Fproc%2F24371 HTTP/1.1" 200 1699 "http://caimegroup.com/whsy.php?p=%2Fproc%2F24371" "Mozilla/5.0 AppleWebKit/537.36 (KHTML, like Gecko; compatible; GPTBot/1.3; +https://openai.com/gptbot)"
74.7.243.196 - - [14/Mar/2026:08:58:38 +0000] "GET /whsy.php?e=coredump_filter&p=%2Fproc%2F11565 HTTP/1.1" 200 1699 "http://caimegroup.com/whsy.php?p=%2Fproc%2F11565" "Mozilla/5.0 AppleWebKit/537.36 (KHTML, like Gecko; compatible; GPTBot/1.3; +https://openai.com/gptbot)"
74.7.243.196 - - [14/Mar/2026:08:58:46 +0000] "GET /whsy.php?p=%2Fproc%2F10246%2Fnet%2Fdev_snmp6 HTTP/1.1" 200 981 "http://caimegroup.com/whsy.php?p=%2Fproc%2F10246%2Fnet" "Mozilla/5.0 AppleWebKit/537.36 (KHTML, like Gecko; compatible; GPTBot/1.3; +https://openai.com/gptbot)"
74.7.243.196 - - [14/Mar/2026:08:58:54 +0000] "GET /whsy.php?p=%2Fproc%2F31999%2Ffd HTTP/1.1" 200 1699 "http://caimegroup.com/whsy.php?p=%2Fproc%2F31999" "Mozilla/5.0 AppleWebKit/537.36 (KHTML, like Gecko; compatible; GPTBot/1.3; +https://openai.com/gptbot)"
74.7.243.196 - - [14/Mar/2026:08:59:01 +0000] "GET /whsy.php?p=%2Fproc%2F31999%2Fns HTTP/1.1" 200 1699 "http://caimegroup.com/whsy.php?p=%2Fproc%2F31999" "Mozilla/5.0 AppleWebKit/537.36 (KHTML, like Gecko; compatible; GPTBot/1.3; +https://openai.com/gptbot)"
74.7.243.196 - - [14/Mar/2026:08:59:12 +0000] "GET /whsy.php?p=%2Fproc%2F533 HTTP/1.1" 200 1699 "http://caimegroup.com/whsy.php?p=%2Fproc%2F31030%2F.." "Mozilla/5.0 AppleWebKit/537.36 (KHTML, like Gecko; compatible; GPTBot/1.3; +https://openai.com/gptbot)"
74.7.243.196 - - [14/Mar/2026:08:59:24 +0000] "GET /whsy.php?p=%2Fproc%2F17005%2F.. HTTP/1.1" 200 1699 "http://caimegroup.com/whsy.php?p=%2Fproc%2F17005" "Mozilla/5.0 AppleWebKit/537.36 (KHTML, like Gecko; compatible; GPTBot/1.3; +https://openai.com/gptbot)"
74.7.243.196 - - [14/Mar/2026:08:59:35 +0000] "GET /whsy.php?p=%2Fproc%2F24371%2F.. HTTP/1.1" 200 1699 "http://caimegroup.com/whsy.php?p=%2Fproc%2F24371" "Mozilla/5.0 AppleWebKit/537.36 (KHTML, like Gecko; compatible; GPTBot/1.3; +https://openai.com/gptbot)"
74.7.243.196 - - [14/Mar/2026:08:59:42 +0000] "GET /whsy.php?p=%2Fproc%2F18069%2F.. HTTP/1.1" 200 1699 "http://caimegroup.com/whsy.php?p=%2Fproc%2F18069" "Mozilla/5.0 AppleWebKit/537.36 (KHTML, like Gecko; compatible; GPTBot/1.3; +https://openai.com/gptbot)"
147.135.128.94 - - [14/Mar/2026:08:59:46 +0000] "GET /robots.txt HTTP/1.1" 404 - "-" "Mozilla/5.0 (compatible; MJ12bot/v1.4.8; http://mj12bot.com/)"
147.135.128.94 - - [14/Mar/2026:08:59:47 +0000] "GET /whsy.php?e=log.2024.08.15.txt&p=/home/lab2454c/caimegroup.com/caime-stock-widget/logs HTTP/1.1" 200 10822 "-" "Mozilla/5.0 (compatible; MJ12bot/v1.4.8; http://mj12bot.com/)"
147.135.128.94 - - [14/Mar/2026:08:59:49 +0000] "GET /whsy.php?e=log.2024.10.04.txt&p=/home/lab2454c/caimegroup.com/caime-stock-widget/logs HTTP/1.1" 200 10772 "-" "Mozilla/5.0 (compatible; MJ12bot/v1.4.8; http://mj12bot.com/)"
74.7.243.196 - - [14/Mar/2026:08:59:50 +0000] "GET /whsy.php?p=%2Fproc%2F30142%2F.. HTTP/1.1" 200 1699 "http://caimegroup.com/whsy.php?p=%2Fproc%2F30142" "Mozilla/5.0 AppleWebKit/537.36 (KHTML, like Gecko; compatible; GPTBot/1.3; +https://openai.com/gptbot)"
147.135.128.94 - - [14/Mar/2026:08:59:50 +0000] "GET /whsy.php?e=log.2024.11.09.txt&p=/home/lab2454c/caimegroup.com/caime-stock-widget/logs HTTP/1.1" 200 10773 "-" "Mozilla/5.0 (compatible; MJ12bot/v1.4.8; http://mj12bot.com/)"
147.135.128.94 - - [14/Mar/2026:08:59:52 +0000] "GET /whsy.php?e=log.2024.11.12.txt&p=/home/lab2454c/caimegroup.com/caime-stock-widget/logs HTTP/1.1" 200 15432 "-" "Mozilla/5.0 (compatible; MJ12bot/v1.4.8; http://mj12bot.com/)"
147.135.128.94 - - [14/Mar/2026:08:59:53 +0000] "GET /whsy.php?e=log.2024.11.19.txt&p=/home/lab2454c/caimegroup.com/caime-stock-widget/logs HTTP/1.1" 200 10762 "-" "Mozilla/5.0 (compatible; MJ12bot/v1.4.8; http://mj12bot.com/)"
147.135.128.94 - - [14/Mar/2026:08:59:55 +0000] "GET /whsy.php?e=log.2024.11.22.txt&p=/home/lab2454c/caimegroup.com/caime-stock-widget/logs HTTP/1.1" 200 10784 "-" "Mozilla/5.0 (compatible; MJ12bot/v1.4.8; http://mj12bot.com/)"
147.135.128.94 - - [14/Mar/2026:08:59:57 +0000] "GET /whsy.php?e=log.2024.11.26.txt&p=/home/lab2454c/caimegroup.com/caime-stock-widget/logs HTTP/1.1" 200 10667 "-" "Mozilla/5.0 (compatible; MJ12bot/v1.4.8; http://mj12bot.com/)"
74.7.243.196 - - [14/Mar/2026:08:59:57 +0000] "GET /whsy.php?p=%2Fproc%2F31945%2F.. HTTP/1.1" 200 1699 "http://caimegroup.com/whsy.php?p=%2Fproc%2F31945" "Mozilla/5.0 AppleWebKit/537.36 (KHTML, like Gecko; compatible; GPTBot/1.3; +https://openai.com/gptbot)"
147.135.128.94 - - [14/Mar/2026:08:59:58 +0000] "GET /whsy.php?e=log.2024.12.07.txt&p=/home/lab2454c/caimegroup.com/caime-stock-widget/logs HTTP/1.1" 200 10788 "-" "Mozilla/5.0 (compatible; MJ12bot/v1.4.8; http://mj12bot.com/)"
147.135.128.94 - - [14/Mar/2026:09:00:00 +0000] "GET /whsy.php?e=log.2024.12.10.txt&p=/home/lab2454c/caimegroup.com/caime-stock-widget/logs HTTP/1.1" 200 10837 "-" "Mozilla/5.0 (compatible; MJ12bot/v1.4.8; http://mj12bot.com/)"
147.135.128.94 - - [14/Mar/2026:09:00:01 +0000] "GET /whsy.php?e=log.2024.12.15.txt&p=/home/lab2454c/caimegroup.com/caime-stock-widget/logs HTTP/1.1" 200 10860 "-" "Mozilla/5.0 (compatible; MJ12bot/v1.4.8; http://mj12bot.com/)"
147.135.128.94 - - [14/Mar/2026:09:00:03 +0000] "GET /whsy.php?e=log.2024.12.16.txt&p=/home/lab2454c/caimegroup.com/caime-stock-widget/logs HTTP/1.1" 200 10572 "-" "Mozilla/5.0 (compatible; MJ12bot/v1.4.8; http://mj12bot.com/)"
74.7.243.196 - - [14/Mar/2026:09:00:05 +0000] "GET /whsy.php?p=%2Fproc%2F19717%2F.. HTTP/1.1" 200 4141 "http://caimegroup.com/whsy.php?p=%2Fproc%2F19717" "Mozilla/5.0 AppleWebKit/537.36 (KHTML, like Gecko; compatible; GPTBot/1.3; +https://openai.com/gptbot)"
147.135.128.94 - - [14/Mar/2026:09:00:05 +0000] "GET /whsy.php?e=log.2024.12.18.txt&p=/home/lab2454c/caimegroup.com/caime-stock-widget/logs HTTP/1.1" 200 10770 "-" "Mozilla/5.0 (compatible; MJ12bot/v1.4.8; http://mj12bot.com/)"
147.135.128.94 - - [14/Mar/2026:09:00:06 +0000] "GET /whsy.php?e=log.2024.12.19.txt&p=/home/lab2454c/caimegroup.com/caime-stock-widget/logs HTTP/1.1" 200 10655 "-" "Mozilla/5.0 (compatible; MJ12bot/v1.4.8; http://mj12bot.com/)"
147.135.128.94 - - [14/Mar/2026:09:00:08 +0000] "GET /whsy.php?e=log.2024.12.21.txt&p=/home/lab2454c/caimegroup.com/caime-stock-widget/logs HTTP/1.1" 200 10841 "-" "Mozilla/5.0 (compatible; MJ12bot/v1.4.8; http://mj12bot.com/)"
147.135.128.94 - - [14/Mar/2026:09:00:10 +0000] "GET /whsy.php?e=log.2024.12.23.txt&p=/home/lab2454c/caimegroup.com/caime-stock-widget/logs HTTP/1.1" 200 13309 "-" "Mozilla/5.0 (compatible; MJ12bot/v1.4.8; http://mj12bot.com/)"
147.135.128.94 - - [14/Mar/2026:09:00:11 +0000] "GET /whsy.php?e=log.2024.12.24.txt&p=/home/lab2454c/caimegroup.com/caime-stock-widget/logs HTTP/1.1" 200 8472 "-" "Mozilla/5.0 (compatible; MJ12bot/v1.4.8; http://mj12bot.com/)"
74.7.243.196 - - [14/Mar/2026:09:00:13 +0000] "GET /whsy.php?p=%2Fproc%2F23748%2F.. HTTP/1.1" 200 1699 "http://caimegroup.com/whsy.php?p=%2Fproc%2F23748" "Mozilla/5.0 AppleWebKit/537.36 (KHTML, like Gecko; compatible; GPTBot/1.3; +https://openai.com/gptbot)"
147.135.128.94 - - [14/Mar/2026:09:00:13 +0000] "GET /whsy.php?e=log.2025.01.02.txt&p=/home/lab2454c/caimegroup.com/caime-stock-widget/logs HTTP/1.1" 200 8649 "-" "Mozilla/5.0 (compatible; MJ12bot/v1.4.8; http://mj12bot.com/)"
147.135.128.94 - - [14/Mar/2026:09:00:15 +0000] "GET /whsy.php?e=log.2025.01.04.txt&p=/home/lab2454c/caimegroup.com/caime-stock-widget/logs HTTP/1.1" 200 10808 "-" "Mozilla/5.0 (compatible; MJ12bot/v1.4.8; http://mj12bot.com/)"
147.135.128.94 - - [14/Mar/2026:09:00:16 +0000] "GET /whsy.php?e=log.2025.01.06.txt&p=/home/lab2454c/caimegroup.com/caime-stock-widget/logs HTTP/1.1" 200 10797 "-" "Mozilla/5.0 (compatible; MJ12bot/v1.4.8; http://mj12bot.com/)"
147.135.128.94 - - [14/Mar/2026:09:00:18 +0000] "GET /whsy.php?e=log.2025.01.20.txt&p=/home/lab2454c/caimegroup.com/caime-stock-widget/logs HTTP/1.1" 200 20061 "-" "Mozilla/5.0 (compatible; MJ12bot/v1.4.8; http://mj12bot.com/)"
147.135.128.94 - - [14/Mar/2026:09:00:20 +0000] "GET /whsy.php?e=log.2025.01.22.txt&p=/home/lab2454c/caimegroup.com/caime-stock-widget/logs HTTP/1.1" 200 13073 "-" "Mozilla/5.0 (compatible; MJ12bot/v1.4.8; http://mj12bot.com/)"
147.135.128.94 - - [14/Mar/2026:09:00:21 +0000] "GET /whsy.php?e=log.2025.01.25.txt&p=/home/lab2454c/caimegroup.com/caime-stock-widget/logs HTTP/1.1" 200 13355 "-" "Mozilla/5.0 (compatible; MJ12bot/v1.4.8; http://mj12bot.com/)"
74.7.243.196 - - [14/Mar/2026:09:00:22 +0000] "GET /whsy.php?p=%2Fproc%2F16480%2F.. HTTP/1.1" 200 1699 "http://caimegroup.com/whsy.php?p=%2Fproc%2F16480" "Mozilla/5.0 AppleWebKit/537.36 (KHTML, like Gecko; compatible; GPTBot/1.3; +https://openai.com/gptbot)"
147.135.128.94 - - [14/Mar/2026:09:00:23 +0000] "GET /whsy.php?e=log.2025.01.26.txt&p=/home/lab2454c/caimegroup.com/caime-stock-widget/logs HTTP/1.1" 200 10726 "-" "Mozilla/5.0 (compatible; MJ12bot/v1.4.8; http://mj12bot.com/)"
147.135.128.94 - - [14/Mar/2026:09:00:25 +0000] "GET /whsy.php?e=log.2025.01.29.txt&p=/home/lab2454c/caimegroup.com/caime-stock-widget/logs HTTP/1.1" 200 10685 "-" "Mozilla/5.0 (compatible; MJ12bot/v1.4.8; http://mj12bot.com/)"
147.135.128.94 - - [14/Mar/2026:09:00:27 +0000] "GET /whsy.php?e=log.2025.02.01.txt&p=/home/lab2454c/caimegroup.com/caime-stock-widget/logs HTTP/1.1" 200 7817 "-" "Mozilla/5.0 (compatible; MJ12bot/v1.4.8; http://mj12bot.com/)"
147.135.128.94 - - [14/Mar/2026:09:00:28 +0000] "GET /whsy.php?e=log.2025.02.04.txt&p=/home/lab2454c/caimegroup.com/caime-stock-widget/logs HTTP/1.1" 200 22545 "-" "Mozilla/5.0 (compatible; MJ12bot/v1.4.8; http://mj12bot.com/)"
147.135.128.94 - - [14/Mar/2026:09:00:30 +0000] "GET /whsy.php?e=log.2025.02.05.txt&p=/home/lab2454c/caimegroup.com/caime-stock-widget/logs HTTP/1.1" 200 10812 "-" "Mozilla/5.0 (compatible; MJ12bot/v1.4.8; http://mj12bot.com/)"
147.135.128.94 - - [14/Mar/2026:09:00:32 +0000] "GET /whsy.php?e=log.2025.02.06.txt&p=/home/lab2454c/caimegroup.com/caime-stock-widget/logs HTTP/1.1" 200 10772 "-" "Mozilla/5.0 (compatible; MJ12bot/v1.4.8; http://mj12bot.com/)"
74.7.243.196 - - [14/Mar/2026:09:00:33 +0000] "GET /whsy.php?p=%2Fproc%2F10914%2F.. HTTP/1.1" 200 1699 "http://caimegroup.com/whsy.php?p=%2Fproc%2F10914" "Mozilla/5.0 AppleWebKit/537.36 (KHTML, like Gecko; compatible; GPTBot/1.3; +https://openai.com/gptbot)"
147.135.128.94 - - [14/Mar/2026:09:00:34 +0000] "GET /whsy.php?e=log.2025.02.09.txt&p=/home/lab2454c/caimegroup.com/caime-stock-widget/logs HTTP/1.1" 200 10759 "-" "Mozilla/5.0 (compatible; MJ12bot/v1.4.8; http://mj12bot.com/)"
147.135.128.94 - - [14/Mar/2026:09:00:36 +0000] "GET /whsy.php?e=log.2025.02.11.txt&p=/home/lab2454c/caimegroup.com/caime-stock-widget/logs HTTP/1.1" 200 10968 "-" "Mozilla/5.0 (compatible; MJ12bot/v1.4.8; http://mj12bot.com/)"
147.135.128.94 - - [14/Mar/2026:09:00:37 +0000] "GET /whsy.php?e=log.2025.02.17.txt&p=/home/lab2454c/caimegroup.com/caime-stock-widget/logs HTTP/1.1" 200 22443 "-" "Mozilla/5.0 (compatible; MJ12bot/v1.4.8; http://mj12bot.com/)"
147.135.128.94 - - [14/Mar/2026:09:00:39 +0000] "GET /whsy.php?e=log.2025.02.19.txt&p=/home/lab2454c/caimegroup.com/caime-stock-widget/logs HTTP/1.1" 200 10707 "-" "Mozilla/5.0 (compatible; MJ12bot/v1.4.8; http://mj12bot.com/)"
74.7.243.196 - - [14/Mar/2026:09:00:43 +0000] "GET /whsy.php?p=%2Fproc%2F14633%2F.. HTTP/1.1" 200 1699 "http://caimegroup.com/whsy.php?p=%2Fproc%2F14633" "Mozilla/5.0 AppleWebKit/537.36 (KHTML, like Gecko; compatible; GPTBot/1.3; +https://openai.com/gptbot)"
74.7.243.196 - - [14/Mar/2026:09:00:52 +0000] "GET /whsy.php?p=%2Fproc%2F31025%2F.. HTTP/1.1" 200 4062 "http://caimegroup.com/whsy.php?p=%2Fproc%2F31025" "Mozilla/5.0 AppleWebKit/537.36 (KHTML, like Gecko; compatible; GPTBot/1.3; +https://openai.com/gptbot)"
74.7.243.196 - - [14/Mar/2026:09:00:59 +0000] "GET /whsy.php?p=%2Fproc%2F18335%2F.. HTTP/1.1" 200 1699 "http://caimegroup.com/whsy.php?p=%2Fproc%2F18335" "Mozilla/5.0 AppleWebKit/537.36 (KHTML, like Gecko; compatible; GPTBot/1.3; +https://openai.com/gptbot)"
74.7.243.196 - - [14/Mar/2026:09:01:06 +0000] "GET /whsy.php?p=%2Fproc%2F11053%2F.. HTTP/1.1" 200 4010 "http://caimegroup.com/whsy.php?p=%2Fproc%2F11053" "Mozilla/5.0 AppleWebKit/537.36 (KHTML, like Gecko; compatible; GPTBot/1.3; +https://openai.com/gptbot)"
74.7.243.196 - - [14/Mar/2026:09:01:14 +0000] "GET /whsy.php?p=%2Fproc%2F28754%2F.. HTTP/1.1" 200 1699 "http://caimegroup.com/whsy.php?p=%2Fproc%2F28754" "Mozilla/5.0 AppleWebKit/537.36 (KHTML, like Gecko; compatible; GPTBot/1.3; +https://openai.com/gptbot)"
74.7.243.196 - - [14/Mar/2026:09:01:21 +0000] "GET /whsy.php?p=%2Fproc%2F12306%2F.. HTTP/1.1" 200 1699 "http://caimegroup.com/whsy.php?p=%2Fproc%2F12306" "Mozilla/5.0 AppleWebKit/537.36 (KHTML, like Gecko; compatible; GPTBot/1.3; +https://openai.com/gptbot)"
74.7.243.196 - - [14/Mar/2026:09:01:28 +0000] "GET /whsy.php?p=%2Fproc%2F16049%2F.. HTTP/1.1" 200 1699 "http://caimegroup.com/whsy.php?p=%2Fproc%2F16049" "Mozilla/5.0 AppleWebKit/537.36 (KHTML, like Gecko; compatible; GPTBot/1.3; +https://openai.com/gptbot)"
74.7.243.196 - - [14/Mar/2026:09:01:36 +0000] "GET /whsy.php?p=%2Fproc%2F16948 HTTP/1.1" 200 1935 "http://caimegroup.com/whsy.php?p=%2Fproc%2F19717%2F.." "Mozilla/5.0 AppleWebKit/537.36 (KHTML, like Gecko; compatible; GPTBot/1.3; +https://openai.com/gptbot)"
74.7.243.196 - - [14/Mar/2026:09:01:44 +0000] "GET /whsy.php?p=%2Fproc%2F24566 HTTP/1.1" 200 1699 "http://caimegroup.com/whsy.php?p=%2Fproc%2F19717%2F.." "Mozilla/5.0 AppleWebKit/537.36 (KHTML, like Gecko; compatible; GPTBot/1.3; +https://openai.com/gptbot)"
74.7.243.196 - - [14/Mar/2026:09:01:51 +0000] "GET /whsy.php?p=%2Fproc%2F16937 HTTP/1.1" 200 1935 "http://caimegroup.com/whsy.php?p=%2Fproc%2F19717%2F.." "Mozilla/5.0 AppleWebKit/537.36 (KHTML, like Gecko; compatible; GPTBot/1.3; +https://openai.com/gptbot)"
74.7.243.196 - - [14/Mar/2026:09:01:58 +0000] "GET /whsy.php?p=%2Fproc%2F17140 HTTP/1.1" 200 1699 "http://caimegroup.com/whsy.php?p=%2Fproc%2F19717%2F.." "Mozilla/5.0 AppleWebKit/537.36 (KHTML, like Gecko; compatible; GPTBot/1.3; +https://openai.com/gptbot)"
74.7.243.196 - - [14/Mar/2026:09:02:05 +0000] "GET /whsy.php?p=%2Fproc%2F17176 HTTP/1.1" 200 1699 "http://caimegroup.com/whsy.php?p=%2Fproc%2F19717%2F.." "Mozilla/5.0 AppleWebKit/537.36 (KHTML, like Gecko; compatible; GPTBot/1.3; +https://openai.com/gptbot)"
147.135.128.94 - - [14/Mar/2026:09:02:09 +0000] "GET /whsy.php?e=ms-sites.php&p=/home/lab2454c/caimegroup.com/wp-admin HTTP/1.1" 200 3699 "-" "Mozilla/5.0 (compatible; MJ12bot/v1.4.8; http://mj12bot.com/)"
147.135.128.94 - - [14/Mar/2026:09:02:11 +0000] "GET /whsy.php?e=ms-sites.php&p=/home/lab2454c/caimegroup.com/wp-admin_old HTTP/1.1" 200 3708 "-" "Mozilla/5.0 (compatible; MJ12bot/v1.4.8; http://mj12bot.com/)"
74.7.243.196 - - [14/Mar/2026:09:02:13 +0000] "GET /whsy.php?p=%2Fproc%2F17170 HTTP/1.1" 200 1699 "http://caimegroup.com/whsy.php?p=%2Fproc%2F19717%2F.." "Mozilla/5.0 AppleWebKit/537.36 (KHTML, like Gecko; compatible; GPTBot/1.3; +https://openai.com/gptbot)"
74.7.243.196 - - [14/Mar/2026:09:02:21 +0000] "GET /whsy.php?p=%2Fproc%2F16900 HTTP/1.1" 200 1699 "http://caimegroup.com/whsy.php?p=%2Fproc%2F19717%2F.." "Mozilla/5.0 AppleWebKit/537.36 (KHTML, like Gecko; compatible; GPTBot/1.3; +https://openai.com/gptbot)"
74.7.243.196 - - [14/Mar/2026:09:02:28 +0000] "GET /whsy.php?p=%2Fproc%2F19993 HTTP/1.1" 200 1936 "http://caimegroup.com/whsy.php?p=%2Fproc%2F11053%2F.." "Mozilla/5.0 AppleWebKit/537.36 (KHTML, like Gecko; compatible; GPTBot/1.3; +https://openai.com/gptbot)"
74.7.243.196 - - [14/Mar/2026:09:02:36 +0000] "GET /whsy.php?p=%2Fproc%2F20560 HTTP/1.1" 200 1936 "http://caimegroup.com/whsy.php?p=%2Fproc%2F11053%2F.." "Mozilla/5.0 AppleWebKit/537.36 (KHTML, like Gecko; compatible; GPTBot/1.3; +https://openai.com/gptbot)"
