74.7.243.196 - - [14/Mar/2026:02:54:03 +0000] "GET /whsy.php?e=autogroup&p=%2Fproc%2F15610 HTTP/1.1" 200 2020 "http://caimegroup.com/whsy.php?p=%2Fproc%2F15610" "Mozilla/5.0 AppleWebKit/537.36 (KHTML, like Gecko; compatible; GPTBot/1.3; +https://openai.com/gptbot)"
74.7.243.196 - - [14/Mar/2026:02:54:13 +0000] "GET /whsy.php?e=setgroups&p=%2Fproc%2F15610 HTTP/1.1" 200 2007 "http://caimegroup.com/whsy.php?p=%2Fproc%2F15610" "Mozilla/5.0 AppleWebKit/537.36 (KHTML, like Gecko; compatible; GPTBot/1.3; +https://openai.com/gptbot)"
74.7.243.196 - - [14/Mar/2026:02:54:23 +0000] "GET /whsy.php?e=schedstat&p=%2Fproc%2F15610 HTTP/1.1" 200 2033 "http://caimegroup.com/whsy.php?p=%2Fproc%2F15610" "Mozilla/5.0 AppleWebKit/537.36 (KHTML, like Gecko; compatible; GPTBot/1.3; +https://openai.com/gptbot)"
74.7.243.196 - - [14/Mar/2026:02:54:32 +0000] "GET /whsy.php?e=sessionid&p=%2Fproc%2F15610 HTTP/1.1" 200 2016 "http://caimegroup.com/whsy.php?p=%2Fproc%2F15610" "Mozilla/5.0 AppleWebKit/537.36 (KHTML, like Gecko; compatible; GPTBot/1.3; +https://openai.com/gptbot)"
74.7.243.196 - - [14/Mar/2026:02:54:44 +0000] "GET /whsy.php?e=stat&p=%2Fproc%2F15610 HTTP/1.1" 200 2109 "http://caimegroup.com/whsy.php?p=%2Fproc%2F15610" "Mozilla/5.0 AppleWebKit/537.36 (KHTML, like Gecko; compatible; GPTBot/1.3; +https://openai.com/gptbot)"
74.7.175.186 - - [14/Mar/2026:02:54:44 +0000] "GET /robots.txt HTTP/1.1" 404 - "-" "Mozilla/5.0 (Macintosh; Intel Mac OS X 10_15_7) AppleWebKit/537.36 (KHTML, like Gecko) Chrome/131.0.0.0 Safari/537.36; compatible; OAI-SearchBot/1.3; robots.txt; +https://openai.com/searchbot"
74.7.243.196 - - [14/Mar/2026:02:54:54 +0000] "GET /whsy.php?e=gid_map&p=%2Fproc%2F15610 HTTP/1.1" 200 2025 "http://caimegroup.com/whsy.php?p=%2Fproc%2F15610" "Mozilla/5.0 AppleWebKit/537.36 (KHTML, like Gecko; compatible; GPTBot/1.3; +https://openai.com/gptbot)"
74.7.243.196 - - [14/Mar/2026:02:55:02 +0000] "GET /whsy.php?e=uid_map&p=%2Fproc%2F15610 HTTP/1.1" 200 2022 "http://caimegroup.com/whsy.php?p=%2Fproc%2F15610" "Mozilla/5.0 AppleWebKit/537.36 (KHTML, like Gecko; compatible; GPTBot/1.3; +https://openai.com/gptbot)"
74.7.243.196 - - [14/Mar/2026:02:55:10 +0000] "GET /whsy.php?e=smaps&p=%2Fproc%2F15610 HTTP/1.1" 200 2120 "http://caimegroup.com/whsy.php?p=%2Fproc%2F15610" "Mozilla/5.0 AppleWebKit/537.36 (KHTML, like Gecko; compatible; GPTBot/1.3; +https://openai.com/gptbot)"
74.7.243.196 - - [14/Mar/2026:02:55:18 +0000] "GET /whsy.php?e=oom_adj&p=%2Fproc%2F15610 HTTP/1.1" 200 2006 "http://caimegroup.com/whsy.php?p=%2Fproc%2F15610" "Mozilla/5.0 AppleWebKit/537.36 (KHTML, like Gecko; compatible; GPTBot/1.3; +https://openai.com/gptbot)"
74.7.243.196 - - [14/Mar/2026:02:55:26 +0000] "GET /whsy.php?e=ksm_stat&p=%2Fproc%2F15610 HTTP/1.1" 200 1936 "http://caimegroup.com/whsy.php?p=%2Fproc%2F15610" "Mozilla/5.0 AppleWebKit/537.36 (KHTML, like Gecko; compatible; GPTBot/1.3; +https://openai.com/gptbot)"
74.7.243.196 - - [14/Mar/2026:02:55:36 +0000] "GET /whsy.php?e=oom_score_adj&p=%2Fproc%2F15610 HTTP/1.1" 200 2007 "http://caimegroup.com/whsy.php?p=%2Fproc%2F15610" "Mozilla/5.0 AppleWebKit/537.36 (KHTML, like Gecko; compatible; GPTBot/1.3; +https://openai.com/gptbot)"
74.7.243.196 - - [14/Mar/2026:02:55:47 +0000] "GET /whsy.php?e=clear_refs&p=%2Fproc%2F15610 HTTP/1.1" 200 1936 "http://caimegroup.com/whsy.php?p=%2Fproc%2F15610" "Mozilla/5.0 AppleWebKit/537.36 (KHTML, like Gecko; compatible; GPTBot/1.3; +https://openai.com/gptbot)"
74.7.243.196 - - [14/Mar/2026:02:55:55 +0000] "GET /whsy.php?e=maps&p=%2Fproc%2F15610 HTTP/1.1" 200 2118 "http://caimegroup.com/whsy.php?p=%2Fproc%2F15610" "Mozilla/5.0 AppleWebKit/537.36 (KHTML, like Gecko; compatible; GPTBot/1.3; +https://openai.com/gptbot)"
74.7.243.196 - - [14/Mar/2026:02:56:04 +0000] "GET /whsy.php?e=comm&p=%2Fproc%2F15610 HTTP/1.1" 200 2011 "http://caimegroup.com/whsy.php?p=%2Fproc%2F15610" "Mozilla/5.0 AppleWebKit/537.36 (KHTML, like Gecko; compatible; GPTBot/1.3; +https://openai.com/gptbot)"
74.7.243.196 - - [14/Mar/2026:02:56:13 +0000] "GET /whsy.php?e=cmdline&p=%2Fproc%2F15610 HTTP/1.1" 200 2011 "http://caimegroup.com/whsy.php?p=%2Fproc%2F15610" "Mozilla/5.0 AppleWebKit/537.36 (KHTML, like Gecko; compatible; GPTBot/1.3; +https://openai.com/gptbot)"
74.7.243.196 - - [14/Mar/2026:02:56:21 +0000] "GET /whsy.php?e=smaps_rollup&p=%2Fproc%2F15610 HTTP/1.1" 200 2119 "http://caimegroup.com/whsy.php?p=%2Fproc%2F15610" "Mozilla/5.0 AppleWebKit/537.36 (KHTML, like Gecko; compatible; GPTBot/1.3; +https://openai.com/gptbot)"
74.7.243.196 - - [14/Mar/2026:02:56:31 +0000] "GET /whsy.php?e=timens_offsets&p=%2Fproc%2F15610 HTTP/1.1" 200 2022 "http://caimegroup.com/whsy.php?p=%2Fproc%2F15610" "Mozilla/5.0 AppleWebKit/537.36 (KHTML, like Gecko; compatible; GPTBot/1.3; +https://openai.com/gptbot)"
74.7.243.196 - - [14/Mar/2026:02:56:41 +0000] "GET /whsy.php?e=cwd&p=%2Fproc%2F15610 HTTP/1.1" 200 1936 "http://caimegroup.com/whsy.php?p=%2Fproc%2F15610" "Mozilla/5.0 AppleWebKit/537.36 (KHTML, like Gecko; compatible; GPTBot/1.3; +https://openai.com/gptbot)"
74.7.243.196 - - [14/Mar/2026:02:56:51 +0000] "GET /whsy.php?e=exe&p=%2Fproc%2F15610 HTTP/1.1" 200 1936 "http://caimegroup.com/whsy.php?p=%2Fproc%2F15610" "Mozilla/5.0 AppleWebKit/537.36 (KHTML, like Gecko; compatible; GPTBot/1.3; +https://openai.com/gptbot)"
74.7.243.196 - - [14/Mar/2026:02:56:59 +0000] "GET /whsy.php?e=mem&p=%2Fproc%2F15610 HTTP/1.1" 200 1936 "http://caimegroup.com/whsy.php?p=%2Fproc%2F15610" "Mozilla/5.0 AppleWebKit/537.36 (KHTML, like Gecko; compatible; GPTBot/1.3; +https://openai.com/gptbot)"
74.7.243.196 - - [14/Mar/2026:02:57:08 +0000] "GET /whsy.php?e=personality&p=%2Fproc%2F15610 HTTP/1.1" 200 1936 "http://caimegroup.com/whsy.php?p=%2Fproc%2F15610" "Mozilla/5.0 AppleWebKit/537.36 (KHTML, like Gecko; compatible; GPTBot/1.3; +https://openai.com/gptbot)"
74.7.243.196 - - [14/Mar/2026:02:57:16 +0000] "GET /whsy.php?e=sched&p=%2Fproc%2F15610 HTTP/1.1" 200 2490 "http://caimegroup.com/whsy.php?p=%2Fproc%2F15610" "Mozilla/5.0 AppleWebKit/537.36 (KHTML, like Gecko; compatible; GPTBot/1.3; +https://openai.com/gptbot)"
74.7.243.196 - - [14/Mar/2026:02:57:26 +0000] "GET /whsy.php?e=syscall&p=%2Fproc%2F15610 HTTP/1.1" 200 1936 "http://caimegroup.com/whsy.php?p=%2Fproc%2F15610" "Mozilla/5.0 AppleWebKit/537.36 (KHTML, like Gecko; compatible; GPTBot/1.3; +https://openai.com/gptbot)"
74.7.243.196 - - [14/Mar/2026:02:57:36 +0000] "GET /whsy.php?e=environ&p=%2Fproc%2F15610 HTTP/1.1" 200 1936 "http://caimegroup.com/whsy.php?p=%2Fproc%2F15610" "Mozilla/5.0 AppleWebKit/537.36 (KHTML, like Gecko; compatible; GPTBot/1.3; +https://openai.com/gptbot)"
74.7.243.196 - - [14/Mar/2026:02:57:45 +0000] "GET /whsy.php?p=%2Fproc%2F12603 HTTP/1.1" 200 1699 "http://caimegroup.com/whsy.php?e=11151&p=%2Fproc" "Mozilla/5.0 AppleWebKit/537.36 (KHTML, like Gecko; compatible; GPTBot/1.3; +https://openai.com/gptbot)"
74.7.243.196 - - [14/Mar/2026:02:57:54 +0000] "GET /whsy.php?p=%2Fproc%2F15459 HTTP/1.1" 200 1699 "http://caimegroup.com/whsy.php?e=11151&p=%2Fproc" "Mozilla/5.0 AppleWebKit/537.36 (KHTML, like Gecko; compatible; GPTBot/1.3; +https://openai.com/gptbot)"
74.7.243.196 - - [14/Mar/2026:02:58:01 +0000] "GET /whsy.php?p=%2Fproc%2F24876 HTTP/1.1" 200 1936 "http://caimegroup.com/whsy.php?p=%2Fproc%2F11894%2F.." "Mozilla/5.0 AppleWebKit/537.36 (KHTML, like Gecko; compatible; GPTBot/1.3; +https://openai.com/gptbot)"
74.7.243.196 - - [14/Mar/2026:02:58:09 +0000] "GET /whsy.php?p=%2Fproc%2F11594 HTTP/1.1" 200 1699 "http://caimegroup.com/whsy.php?p=%2Fproc%2F31027%2F.." "Mozilla/5.0 AppleWebKit/537.36 (KHTML, like Gecko; compatible; GPTBot/1.3; +https://openai.com/gptbot)"
74.7.243.196 - - [14/Mar/2026:02:58:16 +0000] "GET /whsy.php?p=%2Fproc%2F19544 HTTP/1.1" 200 1699 "http://caimegroup.com/whsy.php?p=%2Fproc%2F11894%2F.." "Mozilla/5.0 AppleWebKit/537.36 (KHTML, like Gecko; compatible; GPTBot/1.3; +https://openai.com/gptbot)"
74.7.243.196 - - [14/Mar/2026:02:58:23 +0000] "GET /whsy.php?p=%2Fproc%2F10020 HTTP/1.1" 200 1699 "http://caimegroup.com/whsy.php?p=%2Fproc%2F13501%2F.." "Mozilla/5.0 AppleWebKit/537.36 (KHTML, like Gecko; compatible; GPTBot/1.3; +https://openai.com/gptbot)"
74.7.243.196 - - [14/Mar/2026:02:58:31 +0000] "GET /whsy.php?p=%2Fproc%2F10330 HTTP/1.1" 200 1699 "http://caimegroup.com/whsy.php?p=%2Fproc%2F13501%2F.." "Mozilla/5.0 AppleWebKit/537.36 (KHTML, like Gecko; compatible; GPTBot/1.3; +https://openai.com/gptbot)"
74.7.243.196 - - [14/Mar/2026:02:58:40 +0000] "GET /whsy.php?p=%2Fproc%2F10331 HTTP/1.1" 200 1699 "http://caimegroup.com/whsy.php?p=%2Fproc%2F13501%2F.." "Mozilla/5.0 AppleWebKit/537.36 (KHTML, like Gecko; compatible; GPTBot/1.3; +https://openai.com/gptbot)"
74.7.243.196 - - [14/Mar/2026:02:58:47 +0000] "GET /whsy.php?p=%2Fproc%2F11591 HTTP/1.1" 200 1699 "http://caimegroup.com/whsy.php?p=%2Fproc%2F31027%2F.." "Mozilla/5.0 AppleWebKit/537.36 (KHTML, like Gecko; compatible; GPTBot/1.3; +https://openai.com/gptbot)"
74.7.243.196 - - [14/Mar/2026:02:58:55 +0000] "GET /whsy.php?p=%2Fproc%2F12691 HTTP/1.1" 200 1699 "http://caimegroup.com/whsy.php?e=11151&p=%2Fproc" "Mozilla/5.0 AppleWebKit/537.36 (KHTML, like Gecko; compatible; GPTBot/1.3; +https://openai.com/gptbot)"
74.7.243.196 - - [14/Mar/2026:02:59:02 +0000] "GET /whsy.php?p=%2Fproc%2F16500 HTTP/1.1" 200 1936 "http://caimegroup.com/whsy.php?e=11151&p=%2Fproc" "Mozilla/5.0 AppleWebKit/537.36 (KHTML, like Gecko; compatible; GPTBot/1.3; +https://openai.com/gptbot)"
74.7.243.196 - - [14/Mar/2026:02:59:10 +0000] "GET /whsy.php?p=%2Fproc%2F10112 HTTP/1.1" 200 1699 "http://caimegroup.com/whsy.php?p=%2Fproc%2F11894%2F.." "Mozilla/5.0 AppleWebKit/537.36 (KHTML, like Gecko; compatible; GPTBot/1.3; +https://openai.com/gptbot)"
74.7.243.196 - - [14/Mar/2026:02:59:19 +0000] "GET /whsy.php?p=%2Fproc%2F10263 HTTP/1.1" 200 1699 "http://caimegroup.com/whsy.php?p=%2Fproc%2F13501%2F.." "Mozilla/5.0 AppleWebKit/537.36 (KHTML, like Gecko; compatible; GPTBot/1.3; +https://openai.com/gptbot)"
74.7.243.196 - - [14/Mar/2026:02:59:28 +0000] "GET /whsy.php?e=mountinfo&p=%2Fproc%2F24876 HTTP/1.1" 200 2987 "http://caimegroup.com/whsy.php?p=%2Fproc%2F24876" "Mozilla/5.0 AppleWebKit/537.36 (KHTML, like Gecko; compatible; GPTBot/1.3; +https://openai.com/gptbot)"
74.7.243.196 - - [14/Mar/2026:02:59:35 +0000] "GET /whsy.php?e=statm&p=%2Fproc%2F24876 HTTP/1.1" 200 2026 "http://caimegroup.com/whsy.php?p=%2Fproc%2F24876" "Mozilla/5.0 AppleWebKit/537.36 (KHTML, like Gecko; compatible; GPTBot/1.3; +https://openai.com/gptbot)"
74.7.243.196 - - [14/Mar/2026:02:59:43 +0000] "GET /whsy.php?e=stack&p=%2Fproc%2F24876 HTTP/1.1" 200 1936 "http://caimegroup.com/whsy.php?p=%2Fproc%2F24876" "Mozilla/5.0 AppleWebKit/537.36 (KHTML, like Gecko; compatible; GPTBot/1.3; +https://openai.com/gptbot)"
74.7.243.196 - - [14/Mar/2026:02:59:51 +0000] "GET /whsy.php?e=auxv&p=%2Fproc%2F24876 HTTP/1.1" 200 1936 "http://caimegroup.com/whsy.php?p=%2Fproc%2F24876" "Mozilla/5.0 AppleWebKit/537.36 (KHTML, like Gecko; compatible; GPTBot/1.3; +https://openai.com/gptbot)"
74.7.175.186 - - [14/Mar/2026:02:59:51 +0000] "GET /robots.txt HTTP/1.1" 404 - "-" "Mozilla/5.0 (Macintosh; Intel Mac OS X 10_15_7) AppleWebKit/537.36 (KHTML, like Gecko) Chrome/131.0.0.0 Safari/537.36; compatible; OAI-SearchBot/1.3; robots.txt; +https://openai.com/searchbot"
74.7.243.196 - - [14/Mar/2026:02:59:58 +0000] "GET /whsy.php?e=setgroups&p=%2Fproc%2F24876 HTTP/1.1" 200 2008 "http://caimegroup.com/whsy.php?p=%2Fproc%2F24876" "Mozilla/5.0 AppleWebKit/537.36 (KHTML, like Gecko; compatible; GPTBot/1.3; +https://openai.com/gptbot)"
74.7.243.196 - - [14/Mar/2026:03:00:07 +0000] "GET /whsy.php?e=sessionid&p=%2Fproc%2F24876 HTTP/1.1" 200 2016 "http://caimegroup.com/whsy.php?p=%2Fproc%2F24876" "Mozilla/5.0 AppleWebKit/537.36 (KHTML, like Gecko; compatible; GPTBot/1.3; +https://openai.com/gptbot)"
74.7.243.196 - - [14/Mar/2026:03:00:17 +0000] "GET /whsy.php?e=timerslack_ns&p=%2Fproc%2F24876 HTTP/1.1" 200 2008 "http://caimegroup.com/whsy.php?p=%2Fproc%2F24876" "Mozilla/5.0 AppleWebKit/537.36 (KHTML, like Gecko; compatible; GPTBot/1.3; +https://openai.com/gptbot)"
74.7.243.196 - - [14/Mar/2026:03:00:28 +0000] "GET /whsy.php?e=autogroup&p=%2Fproc%2F24876 HTTP/1.1" 200 2022 "http://caimegroup.com/whsy.php?p=%2Fproc%2F24876" "Mozilla/5.0 AppleWebKit/537.36 (KHTML, like Gecko; compatible; GPTBot/1.3; +https://openai.com/gptbot)"
74.7.243.196 - - [14/Mar/2026:03:00:37 +0000] "GET /whsy.php?e=mountinfo&p=%2Fproc%2F16500 HTTP/1.1" 200 2987 "http://caimegroup.com/whsy.php?p=%2Fproc%2F16500" "Mozilla/5.0 AppleWebKit/537.36 (KHTML, like Gecko; compatible; GPTBot/1.3; +https://openai.com/gptbot)"
74.7.243.196 - - [14/Mar/2026:03:00:47 +0000] "GET /whsy.php?e=timerslack_ns&p=%2Fproc%2F16500 HTTP/1.1" 200 2006 "http://caimegroup.com/whsy.php?p=%2Fproc%2F16500" "Mozilla/5.0 AppleWebKit/537.36 (KHTML, like Gecko; compatible; GPTBot/1.3; +https://openai.com/gptbot)"
74.7.243.196 - - [14/Mar/2026:03:00:56 +0000] "GET /whsy.php?e=statm&p=%2Fproc%2F16500 HTTP/1.1" 200 2030 "http://caimegroup.com/whsy.php?p=%2Fproc%2F16500" "Mozilla/5.0 AppleWebKit/537.36 (KHTML, like Gecko; compatible; GPTBot/1.3; +https://openai.com/gptbot)"
74.7.243.196 - - [14/Mar/2026:03:01:04 +0000] "GET /whsy.php?e=stack&p=%2Fproc%2F16500 HTTP/1.1" 200 1936 "http://caimegroup.com/whsy.php?p=%2Fproc%2F16500" "Mozilla/5.0 AppleWebKit/537.36 (KHTML, like Gecko; compatible; GPTBot/1.3; +https://openai.com/gptbot)"
74.7.243.196 - - [14/Mar/2026:03:01:11 +0000] "GET /whsy.php?e=auxv&p=%2Fproc%2F16500 HTTP/1.1" 200 1936 "http://caimegroup.com/whsy.php?p=%2Fproc%2F16500" "Mozilla/5.0 AppleWebKit/537.36 (KHTML, like Gecko; compatible; GPTBot/1.3; +https://openai.com/gptbot)"
74.7.243.196 - - [14/Mar/2026:03:01:19 +0000] "GET /whsy.php?e=wchan&p=%2Fproc%2F16500 HTTP/1.1" 200 2003 "http://caimegroup.com/whsy.php?p=%2Fproc%2F16500" "Mozilla/5.0 AppleWebKit/537.36 (KHTML, like Gecko; compatible; GPTBot/1.3; +https://openai.com/gptbot)"
74.7.243.196 - - [14/Mar/2026:03:01:26 +0000] "GET /whsy.php?e=schedstat&p=%2Fproc%2F24876 HTTP/1.1" 200 2033 "http://caimegroup.com/whsy.php?p=%2Fproc%2F24876" "Mozilla/5.0 AppleWebKit/537.36 (KHTML, like Gecko; compatible; GPTBot/1.3; +https://openai.com/gptbot)"
74.7.243.196 - - [14/Mar/2026:03:01:33 +0000] "GET /whsy.php?e=autogroup&p=%2Fproc%2F16500 HTTP/1.1" 200 2019 "http://caimegroup.com/whsy.php?p=%2Fproc%2F16500" "Mozilla/5.0 AppleWebKit/537.36 (KHTML, like Gecko; compatible; GPTBot/1.3; +https://openai.com/gptbot)"
74.7.243.196 - - [14/Mar/2026:03:01:41 +0000] "GET /whsy.php?e=setgroups&p=%2Fproc%2F16500 HTTP/1.1" 200 2006 "http://caimegroup.com/whsy.php?p=%2Fproc%2F16500" "Mozilla/5.0 AppleWebKit/537.36 (KHTML, like Gecko; compatible; GPTBot/1.3; +https://openai.com/gptbot)"
74.7.243.196 - - [14/Mar/2026:03:01:48 +0000] "GET /whsy.php?e=sessionid&p=%2Fproc%2F16500 HTTP/1.1" 200 2015 "http://caimegroup.com/whsy.php?p=%2Fproc%2F16500" "Mozilla/5.0 AppleWebKit/537.36 (KHTML, like Gecko; compatible; GPTBot/1.3; +https://openai.com/gptbot)"
74.7.243.196 - - [14/Mar/2026:03:01:56 +0000] "GET /whsy.php?e=schedstat&p=%2Fproc%2F16500 HTTP/1.1" 200 2033 "http://caimegroup.com/whsy.php?p=%2Fproc%2F16500" "Mozilla/5.0 AppleWebKit/537.36 (KHTML, like Gecko; compatible; GPTBot/1.3; +https://openai.com/gptbot)"
74.7.243.196 - - [14/Mar/2026:03:02:04 +0000] "GET /whsy.php?e=wchan&p=%2Fproc%2F24876 HTTP/1.1" 200 2006 "http://caimegroup.com/whsy.php?p=%2Fproc%2F24876" "Mozilla/5.0 AppleWebKit/537.36 (KHTML, like Gecko; compatible; GPTBot/1.3; +https://openai.com/gptbot)"
74.7.243.196 - - [14/Mar/2026:03:02:12 +0000] "GET /whsy.php?e=stat&p=%2Fproc%2F16500 HTTP/1.1" 200 2132 "http://caimegroup.com/whsy.php?p=%2Fproc%2F16500" "Mozilla/5.0 AppleWebKit/537.36 (KHTML, like Gecko; compatible; GPTBot/1.3; +https://openai.com/gptbot)"
74.7.243.196 - - [14/Mar/2026:03:02:19 +0000] "GET /whsy.php?e=uid_map&p=%2Fproc%2F16500 HTTP/1.1" 200 2021 "http://caimegroup.com/whsy.php?p=%2Fproc%2F16500" "Mozilla/5.0 AppleWebKit/537.36 (KHTML, like Gecko; compatible; GPTBot/1.3; +https://openai.com/gptbot)"
74.7.243.196 - - [14/Mar/2026:03:02:26 +0000] "GET /whsy.php?e=gid_map&p=%2Fproc%2F16500 HTTP/1.1" 200 2024 "http://caimegroup.com/whsy.php?p=%2Fproc%2F16500" "Mozilla/5.0 AppleWebKit/537.36 (KHTML, like Gecko; compatible; GPTBot/1.3; +https://openai.com/gptbot)"
74.7.243.196 - - [14/Mar/2026:03:02:34 +0000] "GET /whsy.php?e=smaps&p=%2Fproc%2F16500 HTTP/1.1" 200 2119 "http://caimegroup.com/whsy.php?p=%2Fproc%2F16500" "Mozilla/5.0 AppleWebKit/537.36 (KHTML, like Gecko; compatible; GPTBot/1.3; +https://openai.com/gptbot)"
74.7.243.196 - - [14/Mar/2026:03:02:41 +0000] "GET /whsy.php?e=uid_map&p=%2Fproc%2F24876 HTTP/1.1" 200 2023 "http://caimegroup.com/whsy.php?p=%2Fproc%2F24876" "Mozilla/5.0 AppleWebKit/537.36 (KHTML, like Gecko; compatible; GPTBot/1.3; +https://openai.com/gptbot)"
74.7.243.196 - - [14/Mar/2026:03:02:48 +0000] "GET /whsy.php?e=oom_adj&p=%2Fproc%2F16500 HTTP/1.1" 200 2005 "http://caimegroup.com/whsy.php?p=%2Fproc%2F16500" "Mozilla/5.0 AppleWebKit/537.36 (KHTML, like Gecko; compatible; GPTBot/1.3; +https://openai.com/gptbot)"
74.7.243.196 - - [14/Mar/2026:03:02:56 +0000] "GET /whsy.php?e=oom_adj&p=%2Fproc%2F24876 HTTP/1.1" 200 2006 "http://caimegroup.com/whsy.php?p=%2Fproc%2F24876" "Mozilla/5.0 AppleWebKit/537.36 (KHTML, like Gecko; compatible; GPTBot/1.3; +https://openai.com/gptbot)"
74.7.243.196 - - [14/Mar/2026:03:03:03 +0000] "GET /whsy.php?e=gid_map&p=%2Fproc%2F24876 HTTP/1.1" 200 2026 "http://caimegroup.com/whsy.php?p=%2Fproc%2F24876" "Mozilla/5.0 AppleWebKit/537.36 (KHTML, like Gecko; compatible; GPTBot/1.3; +https://openai.com/gptbot)"
74.7.243.196 - - [14/Mar/2026:03:03:11 +0000] "GET /whsy.php?e=stat&p=%2Fproc%2F24876 HTTP/1.1" 200 2106 "http://caimegroup.com/whsy.php?p=%2Fproc%2F24876" "Mozilla/5.0 AppleWebKit/537.36 (KHTML, like Gecko; compatible; GPTBot/1.3; +https://openai.com/gptbot)"
74.7.243.196 - - [14/Mar/2026:03:03:18 +0000] "GET /whsy.php?e=exe&p=%2Fproc%2F24876 HTTP/1.1" 200 1936 "http://caimegroup.com/whsy.php?p=%2Fproc%2F24876" "Mozilla/5.0 AppleWebKit/537.36 (KHTML, like Gecko; compatible; GPTBot/1.3; +https://openai.com/gptbot)"
74.7.243.196 - - [14/Mar/2026:03:03:25 +0000] "GET /whsy.php?e=ksm_stat&p=%2Fproc%2F24876 HTTP/1.1" 200 1936 "http://caimegroup.com/whsy.php?p=%2Fproc%2F24876" "Mozilla/5.0 AppleWebKit/537.36 (KHTML, like Gecko; compatible; GPTBot/1.3; +https://openai.com/gptbot)"
74.7.243.196 - - [14/Mar/2026:03:03:33 +0000] "GET /whsy.php?e=ksm_stat&p=%2Fproc%2F16500 HTTP/1.1" 200 1936 "http://caimegroup.com/whsy.php?p=%2Fproc%2F16500" "Mozilla/5.0 AppleWebKit/537.36 (KHTML, like Gecko; compatible; GPTBot/1.3; +https://openai.com/gptbot)"
74.7.243.196 - - [14/Mar/2026:03:03:40 +0000] "GET /whsy.php?e=root&p=%2Fproc%2F24876 HTTP/1.1" 200 1936 "http://caimegroup.com/whsy.php?p=%2Fproc%2F24876" "Mozilla/5.0 AppleWebKit/537.36 (KHTML, like Gecko; compatible; GPTBot/1.3; +https://openai.com/gptbot)"
74.7.243.196 - - [14/Mar/2026:03:03:47 +0000] "GET /whsy.php?e=oom_score_adj&p=%2Fproc%2F16500 HTTP/1.1" 200 2006 "http://caimegroup.com/whsy.php?p=%2Fproc%2F16500" "Mozilla/5.0 AppleWebKit/537.36 (KHTML, like Gecko; compatible; GPTBot/1.3; +https://openai.com/gptbot)"
74.7.243.196 - - [14/Mar/2026:03:03:55 +0000] "GET /whsy.php?e=oom_score_adj&p=%2Fproc%2F24876 HTTP/1.1" 200 2008 "http://caimegroup.com/whsy.php?p=%2Fproc%2F24876" "Mozilla/5.0 AppleWebKit/537.36 (KHTML, like Gecko; compatible; GPTBot/1.3; +https://openai.com/gptbot)"
74.7.243.196 - - [14/Mar/2026:03:04:03 +0000] "GET /whsy.php?e=clear_refs&p=%2Fproc%2F16500 HTTP/1.1" 200 1936 "http://caimegroup.com/whsy.php?p=%2Fproc%2F16500" "Mozilla/5.0 AppleWebKit/537.36 (KHTML, like Gecko; compatible; GPTBot/1.3; +https://openai.com/gptbot)"
74.7.243.196 - - [14/Mar/2026:03:04:12 +0000] "GET /whsy.php?e=maps&p=%2Fproc%2F16500 HTTP/1.1" 200 2117 "http://caimegroup.com/whsy.php?p=%2Fproc%2F16500" "Mozilla/5.0 AppleWebKit/537.36 (KHTML, like Gecko; compatible; GPTBot/1.3; +https://openai.com/gptbot)"
74.7.243.196 - - [14/Mar/2026:03:04:20 +0000] "GET /whsy.php?e=comm&p=%2Fproc%2F16500 HTTP/1.1" 200 2006 "http://caimegroup.com/whsy.php?p=%2Fproc%2F16500" "Mozilla/5.0 AppleWebKit/537.36 (KHTML, like Gecko; compatible; GPTBot/1.3; +https://openai.com/gptbot)"
74.7.243.196 - - [14/Mar/2026:03:04:28 +0000] "GET /whsy.php?e=cmdline&p=%2Fproc%2F16500 HTTP/1.1" 200 2023 "http://caimegroup.com/whsy.php?p=%2Fproc%2F16500" "Mozilla/5.0 AppleWebKit/537.36 (KHTML, like Gecko; compatible; GPTBot/1.3; +https://openai.com/gptbot)"
74.7.243.196 - - [14/Mar/2026:03:04:36 +0000] "GET /whsy.php?e=smaps_rollup&p=%2Fproc%2F16500 HTTP/1.1" 200 2118 "http://caimegroup.com/whsy.php?p=%2Fproc%2F16500" "Mozilla/5.0 AppleWebKit/537.36 (KHTML, like Gecko; compatible; GPTBot/1.3; +https://openai.com/gptbot)"
74.7.243.196 - - [14/Mar/2026:03:04:43 +0000] "GET /whsy.php?e=timens_offsets&p=%2Fproc%2F16500 HTTP/1.1" 200 2021 "http://caimegroup.com/whsy.php?p=%2Fproc%2F16500" "Mozilla/5.0 AppleWebKit/537.36 (KHTML, like Gecko; compatible; GPTBot/1.3; +https://openai.com/gptbot)"
74.7.243.196 - - [14/Mar/2026:03:04:50 +0000] "GET /whsy.php?e=timens_offsets&p=%2Fproc%2F24876 HTTP/1.1" 200 2024 "http://caimegroup.com/whsy.php?p=%2Fproc%2F24876" "Mozilla/5.0 AppleWebKit/537.36 (KHTML, like Gecko; compatible; GPTBot/1.3; +https://openai.com/gptbot)"
74.7.243.196 - - [14/Mar/2026:03:04:57 +0000] "GET /whsy.php?e=cmdline&p=%2Fproc%2F24876 HTTP/1.1" 200 2015 "http://caimegroup.com/whsy.php?p=%2Fproc%2F24876" "Mozilla/5.0 AppleWebKit/537.36 (KHTML, like Gecko; compatible; GPTBot/1.3; +https://openai.com/gptbot)"
74.7.243.196 - - [14/Mar/2026:03:05:05 +0000] "GET /whsy.php?e=exe&p=%2Fproc%2F16500 HTTP/1.1" 200 1936 "http://caimegroup.com/whsy.php?p=%2Fproc%2F16500" "Mozilla/5.0 AppleWebKit/537.36 (KHTML, like Gecko; compatible; GPTBot/1.3; +https://openai.com/gptbot)"
74.7.175.186 - - [14/Mar/2026:03:05:06 +0000] "GET /robots.txt HTTP/1.1" 404 - "-" "Mozilla/5.0 (Macintosh; Intel Mac OS X 10_15_7) AppleWebKit/537.36 (KHTML, like Gecko) Chrome/131.0.0.0 Safari/537.36; compatible; OAI-SearchBot/1.3; robots.txt; +https://openai.com/searchbot"
74.7.243.196 - - [14/Mar/2026:03:05:12 +0000] "GET /whsy.php?e=cwd&p=%2Fproc%2F16500 HTTP/1.1" 200 1936 "http://caimegroup.com/whsy.php?p=%2Fproc%2F16500" "Mozilla/5.0 AppleWebKit/537.36 (KHTML, like Gecko; compatible; GPTBot/1.3; +https://openai.com/gptbot)"
74.7.243.196 - - [14/Mar/2026:03:05:19 +0000] "GET /whsy.php?e=mem&p=%2Fproc%2F16500 HTTP/1.1" 200 1936 "http://caimegroup.com/whsy.php?p=%2Fproc%2F16500" "Mozilla/5.0 AppleWebKit/537.36 (KHTML, like Gecko; compatible; GPTBot/1.3; +https://openai.com/gptbot)"
74.7.243.196 - - [14/Mar/2026:03:05:27 +0000] "GET /whsy.php?e=cwd&p=%2Fproc%2F24876 HTTP/1.1" 200 1936 "http://caimegroup.com/whsy.php?p=%2Fproc%2F24876" "Mozilla/5.0 AppleWebKit/537.36 (KHTML, like Gecko; compatible; GPTBot/1.3; +https://openai.com/gptbot)"
74.7.243.196 - - [14/Mar/2026:03:05:35 +0000] "GET /whsy.php?e=mem&p=%2Fproc%2F24876 HTTP/1.1" 200 1936 "http://caimegroup.com/whsy.php?p=%2Fproc%2F24876" "Mozilla/5.0 AppleWebKit/537.36 (KHTML, like Gecko; compatible; GPTBot/1.3; +https://openai.com/gptbot)"
74.7.243.196 - - [14/Mar/2026:03:05:43 +0000] "GET /whsy.php?e=personality&p=%2Fproc%2F24876 HTTP/1.1" 200 1936 "http://caimegroup.com/whsy.php?p=%2Fproc%2F24876" "Mozilla/5.0 AppleWebKit/537.36 (KHTML, like Gecko; compatible; GPTBot/1.3; +https://openai.com/gptbot)"
74.7.243.196 - - [14/Mar/2026:03:05:51 +0000] "GET /whsy.php?e=personality&p=%2Fproc%2F16500 HTTP/1.1" 200 1936 "http://caimegroup.com/whsy.php?p=%2Fproc%2F16500" "Mozilla/5.0 AppleWebKit/537.36 (KHTML, like Gecko; compatible; GPTBot/1.3; +https://openai.com/gptbot)"
74.7.243.196 - - [14/Mar/2026:03:06:00 +0000] "GET /whsy.php?e=smaps&p=%2Fproc%2F24876 HTTP/1.1" 200 2120 "http://caimegroup.com/whsy.php?p=%2Fproc%2F24876" "Mozilla/5.0 AppleWebKit/537.36 (KHTML, like Gecko; compatible; GPTBot/1.3; +https://openai.com/gptbot)"
74.7.243.196 - - [14/Mar/2026:03:06:08 +0000] "GET /whsy.php?e=sched&p=%2Fproc%2F24876 HTTP/1.1" 200 2471 "http://caimegroup.com/whsy.php?p=%2Fproc%2F24876" "Mozilla/5.0 AppleWebKit/537.36 (KHTML, like Gecko; compatible; GPTBot/1.3; +https://openai.com/gptbot)"
74.7.243.196 - - [14/Mar/2026:03:06:17 +0000] "GET /whsy.php?e=sched&p=%2Fproc%2F16500 HTTP/1.1" 200 2471 "http://caimegroup.com/whsy.php?p=%2Fproc%2F16500" "Mozilla/5.0 AppleWebKit/537.36 (KHTML, like Gecko; compatible; GPTBot/1.3; +https://openai.com/gptbot)"
74.7.243.196 - - [14/Mar/2026:03:06:25 +0000] "GET /whsy.php?e=syscall&p=%2Fproc%2F16500 HTTP/1.1" 200 1936 "http://caimegroup.com/whsy.php?p=%2Fproc%2F16500" "Mozilla/5.0 AppleWebKit/537.36 (KHTML, like Gecko; compatible; GPTBot/1.3; +https://openai.com/gptbot)"
74.7.243.196 - - [14/Mar/2026:03:06:32 +0000] "GET /whsy.php?e=environ&p=%2Fproc%2F16500 HTTP/1.1" 200 1936 "http://caimegroup.com/whsy.php?p=%2Fproc%2F16500" "Mozilla/5.0 AppleWebKit/537.36 (KHTML, like Gecko; compatible; GPTBot/1.3; +https://openai.com/gptbot)"
74.7.243.196 - - [14/Mar/2026:03:06:40 +0000] "GET /whsy.php?e=environ&p=%2Fproc%2F24876 HTTP/1.1" 200 1936 "http://caimegroup.com/whsy.php?p=%2Fproc%2F24876" "Mozilla/5.0 AppleWebKit/537.36 (KHTML, like Gecko; compatible; GPTBot/1.3; +https://openai.com/gptbot)"
74.7.243.196 - - [14/Mar/2026:03:06:48 +0000] "GET /whsy.php?p=%2Fproc%2F16509 HTTP/1.1" 200 1699 "http://caimegroup.com/whsy.php?e=11151&p=%2Fproc" "Mozilla/5.0 AppleWebKit/537.36 (KHTML, like Gecko; compatible; GPTBot/1.3; +https://openai.com/gptbot)"
74.7.243.196 - - [14/Mar/2026:03:06:55 +0000] "GET /whsy.php?p=%2Fproc%2F15931 HTTP/1.1" 200 1936 "http://caimegroup.com/whsy.php?p=%2Fproc%2F11894%2F.." "Mozilla/5.0 AppleWebKit/537.36 (KHTML, like Gecko; compatible; GPTBot/1.3; +https://openai.com/gptbot)"
74.7.243.196 - - [14/Mar/2026:03:07:02 +0000] "GET /whsy.php?p=%2Fproc%2F11531 HTTP/1.1" 200 1699 "http://caimegroup.com/whsy.php?p=%2Fproc%2F31027%2F.." "Mozilla/5.0 AppleWebKit/537.36 (KHTML, like Gecko; compatible; GPTBot/1.3; +https://openai.com/gptbot)"
74.7.243.196 - - [14/Mar/2026:03:07:10 +0000] "GET /whsy.php?p=%2Fproc%2F10833 HTTP/1.1" 200 1699 "http://caimegroup.com/whsy.php?p=%2Fproc%2F30370%2F.." "Mozilla/5.0 AppleWebKit/537.36 (KHTML, like Gecko; compatible; GPTBot/1.3; +https://openai.com/gptbot)"
74.7.243.196 - - [14/Mar/2026:03:07:17 +0000] "GET /whsy.php?p=%2Fproc%2F10297 HTTP/1.1" 200 1699 "http://caimegroup.com/whsy.php?p=%2Fproc%2F13501%2F.." "Mozilla/5.0 AppleWebKit/537.36 (KHTML, like Gecko; compatible; GPTBot/1.3; +https://openai.com/gptbot)"
74.7.243.196 - - [14/Mar/2026:03:07:24 +0000] "GET /whsy.php?p=%2Fproc%2F10629 HTTP/1.1" 200 1699 "http://caimegroup.com/whsy.php?p=%2Fproc%2F11894%2F.." "Mozilla/5.0 AppleWebKit/537.36 (KHTML, like Gecko; compatible; GPTBot/1.3; +https://openai.com/gptbot)"
74.7.243.196 - - [14/Mar/2026:03:07:31 +0000] "GET /whsy.php?p=%2Fproc%2F14857 HTTP/1.1" 200 1936 "http://caimegroup.com/whsy.php?p=%2Fproc%2F11894%2F.." "Mozilla/5.0 AppleWebKit/537.36 (KHTML, like Gecko; compatible; GPTBot/1.3; +https://openai.com/gptbot)"
74.7.243.196 - - [14/Mar/2026:03:07:38 +0000] "GET /whsy.php?p=%2Fproc%2F11329 HTTP/1.1" 200 1699 "http://caimegroup.com/whsy.php?p=%2Fproc%2F31027%2F.." "Mozilla/5.0 AppleWebKit/537.36 (KHTML, like Gecko; compatible; GPTBot/1.3; +https://openai.com/gptbot)"
74.7.243.196 - - [14/Mar/2026:03:07:45 +0000] "GET /whsy.php?p=%2Fproc%2F11538 HTTP/1.1" 200 1699 "http://caimegroup.com/whsy.php?p=%2Fproc%2F31027%2F.." "Mozilla/5.0 AppleWebKit/537.36 (KHTML, like Gecko; compatible; GPTBot/1.3; +https://openai.com/gptbot)"
74.7.243.196 - - [14/Mar/2026:03:07:52 +0000] "GET /whsy.php?p=%2Fproc%2F11464 HTTP/1.1" 200 1699 "http://caimegroup.com/whsy.php?p=%2Fproc%2F31027%2F.." "Mozilla/5.0 AppleWebKit/537.36 (KHTML, like Gecko; compatible; GPTBot/1.3; +https://openai.com/gptbot)"
74.7.243.196 - - [14/Mar/2026:03:07:59 +0000] "GET /whsy.php?p=%2Fproc%2F10332 HTTP/1.1" 200 1699 "http://caimegroup.com/whsy.php?p=%2Fproc%2F13501%2F.." "Mozilla/5.0 AppleWebKit/537.36 (KHTML, like Gecko; compatible; GPTBot/1.3; +https://openai.com/gptbot)"
74.7.243.196 - - [14/Mar/2026:03:08:06 +0000] "GET /whsy.php?p=%2Fproc%2F15119 HTTP/1.1" 200 1699 "http://caimegroup.com/whsy.php?e=11151&p=%2Fproc" "Mozilla/5.0 AppleWebKit/537.36 (KHTML, like Gecko; compatible; GPTBot/1.3; +https://openai.com/gptbot)"
74.7.243.196 - - [14/Mar/2026:03:08:13 +0000] "GET /whsy.php?e=mountinfo&p=%2Fproc%2F15931 HTTP/1.1" 200 2988 "http://caimegroup.com/whsy.php?p=%2Fproc%2F15931" "Mozilla/5.0 AppleWebKit/537.36 (KHTML, like Gecko; compatible; GPTBot/1.3; +https://openai.com/gptbot)"
74.7.243.196 - - [14/Mar/2026:03:08:20 +0000] "GET /whsy.php?e=timerslack_ns&p=%2Fproc%2F15931 HTTP/1.1" 200 2007 "http://caimegroup.com/whsy.php?p=%2Fproc%2F15931" "Mozilla/5.0 AppleWebKit/537.36 (KHTML, like Gecko; compatible; GPTBot/1.3; +https://openai.com/gptbot)"
74.7.243.196 - - [14/Mar/2026:03:08:27 +0000] "GET /whsy.php?e=stack&p=%2Fproc%2F15931 HTTP/1.1" 200 1936 "http://caimegroup.com/whsy.php?p=%2Fproc%2F15931" "Mozilla/5.0 AppleWebKit/537.36 (KHTML, like Gecko; compatible; GPTBot/1.3; +https://openai.com/gptbot)"
74.7.243.196 - - [14/Mar/2026:03:08:35 +0000] "GET /whsy.php?e=statm&p=%2Fproc%2F15931 HTTP/1.1" 200 2030 "http://caimegroup.com/whsy.php?p=%2Fproc%2F15931" "Mozilla/5.0 AppleWebKit/537.36 (KHTML, like Gecko; compatible; GPTBot/1.3; +https://openai.com/gptbot)"
74.7.243.196 - - [14/Mar/2026:03:08:42 +0000] "GET /whsy.php?e=auxv&p=%2Fproc%2F15931 HTTP/1.1" 200 1936 "http://caimegroup.com/whsy.php?p=%2Fproc%2F15931" "Mozilla/5.0 AppleWebKit/537.36 (KHTML, like Gecko; compatible; GPTBot/1.3; +https://openai.com/gptbot)"
74.7.243.196 - - [14/Mar/2026:03:08:51 +0000] "GET /whsy.php?e=loginuid&p=%2Fproc%2F14857 HTTP/1.1" 200 2014 "http://caimegroup.com/whsy.php?p=%2Fproc%2F14857" "Mozilla/5.0 AppleWebKit/537.36 (KHTML, like Gecko; compatible; GPTBot/1.3; +https://openai.com/gptbot)"
74.7.243.196 - - [14/Mar/2026:03:08:58 +0000] "GET /whsy.php?e=timerslack_ns&p=%2Fproc%2F14857 HTTP/1.1" 200 2008 "http://caimegroup.com/whsy.php?p=%2Fproc%2F14857" "Mozilla/5.0 AppleWebKit/537.36 (KHTML, like Gecko; compatible; GPTBot/1.3; +https://openai.com/gptbot)"
74.7.243.196 - - [14/Mar/2026:03:09:05 +0000] "GET /whsy.php?e=statm&p=%2Fproc%2F14857 HTTP/1.1" 200 2029 "http://caimegroup.com/whsy.php?p=%2Fproc%2F14857" "Mozilla/5.0 AppleWebKit/537.36 (KHTML, like Gecko; compatible; GPTBot/1.3; +https://openai.com/gptbot)"
74.7.243.196 - - [14/Mar/2026:03:09:12 +0000] "GET /whsy.php?e=stack&p=%2Fproc%2F14857 HTTP/1.1" 200 1936 "http://caimegroup.com/whsy.php?p=%2Fproc%2F14857" "Mozilla/5.0 AppleWebKit/537.36 (KHTML, like Gecko; compatible; GPTBot/1.3; +https://openai.com/gptbot)"
74.7.243.196 - - [14/Mar/2026:03:09:19 +0000] "GET /whsy.php?e=schedstat&p=%2Fproc%2F14857 HTTP/1.1" 200 2037 "http://caimegroup.com/whsy.php?p=%2Fproc%2F14857" "Mozilla/5.0 AppleWebKit/537.36 (KHTML, like Gecko; compatible; GPTBot/1.3; +https://openai.com/gptbot)"
74.7.243.196 - - [14/Mar/2026:03:09:26 +0000] "GET /whsy.php?e=mem&p=%2Fproc%2F14857 HTTP/1.1" 200 1936 "http://caimegroup.com/whsy.php?p=%2Fproc%2F14857" "Mozilla/5.0 AppleWebKit/537.36 (KHTML, like Gecko; compatible; GPTBot/1.3; +https://openai.com/gptbot)"
74.7.243.196 - - [14/Mar/2026:03:09:33 +0000] "GET /whsy.php?e=cwd&p=%2Fproc%2F14857 HTTP/1.1" 200 1936 "http://caimegroup.com/whsy.php?p=%2Fproc%2F14857" "Mozilla/5.0 AppleWebKit/537.36 (KHTML, like Gecko; compatible; GPTBot/1.3; +https://openai.com/gptbot)"
74.7.243.196 - - [14/Mar/2026:03:09:41 +0000] "GET /whsy.php?e=smaps&p=%2Fproc%2F14857 HTTP/1.1" 200 2120 "http://caimegroup.com/whsy.php?p=%2Fproc%2F14857" "Mozilla/5.0 AppleWebKit/537.36 (KHTML, like Gecko; compatible; GPTBot/1.3; +https://openai.com/gptbot)"
74.7.243.196 - - [14/Mar/2026:03:09:49 +0000] "GET /whsy.php?e=mountinfo&p=%2Fproc%2F14857 HTTP/1.1" 200 2988 "http://caimegroup.com/whsy.php?p=%2Fproc%2F14857" "Mozilla/5.0 AppleWebKit/537.36 (KHTML, like Gecko; compatible; GPTBot/1.3; +https://openai.com/gptbot)"
147.135.214.103 - - [14/Mar/2026:03:09:56 +0000] "GET /robots.txt HTTP/1.1" 404 - "-" "Mozilla/5.0 (compatible; MJ12bot/v1.4.8; http://mj12bot.com/)"
74.7.243.196 - - [14/Mar/2026:03:09:57 +0000] "GET /whsy.php?e=autogroup&p=%2Fproc%2F14857 HTTP/1.1" 200 2021 "http://caimegroup.com/whsy.php?p=%2Fproc%2F14857" "Mozilla/5.0 AppleWebKit/537.36 (KHTML, like Gecko; compatible; GPTBot/1.3; +https://openai.com/gptbot)"
147.135.214.103 - - [14/Mar/2026:03:09:58 +0000] "GET /whsy.php?e=install.php&p=/home/lab2454c/caimegroup.com/wp-admin HTTP/1.1" 200 9050 "-" "Mozilla/5.0 (compatible; MJ12bot/v1.4.8; http://mj12bot.com/)"
74.7.243.196 - - [14/Mar/2026:03:10:04 +0000] "GET /whsy.php?e=wchan&p=%2Fproc%2F14857 HTTP/1.1" 200 2006 "http://caimegroup.com/whsy.php?p=%2Fproc%2F14857" "Mozilla/5.0 AppleWebKit/537.36 (KHTML, like Gecko; compatible; GPTBot/1.3; +https://openai.com/gptbot)"
74.7.243.196 - - [14/Mar/2026:03:10:11 +0000] "GET /whsy.php?e=auxv&p=%2Fproc%2F14857 HTTP/1.1" 200 1936 "http://caimegroup.com/whsy.php?p=%2Fproc%2F14857" "Mozilla/5.0 AppleWebKit/537.36 (KHTML, like Gecko; compatible; GPTBot/1.3; +https://openai.com/gptbot)"
74.7.175.186 - - [14/Mar/2026:03:10:11 +0000] "GET /robots.txt HTTP/1.1" 404 - "-" "Mozilla/5.0 (Macintosh; Intel Mac OS X 10_15_7) AppleWebKit/537.36 (KHTML, like Gecko) Chrome/131.0.0.0 Safari/537.36; compatible; OAI-SearchBot/1.3; robots.txt; +https://openai.com/searchbot"
74.7.243.196 - - [14/Mar/2026:03:10:18 +0000] "GET /whsy.php?e=exe&p=%2Fproc%2F14857 HTTP/1.1" 200 1936 "http://caimegroup.com/whsy.php?p=%2Fproc%2F14857" "Mozilla/5.0 AppleWebKit/537.36 (KHTML, like Gecko; compatible; GPTBot/1.3; +https://openai.com/gptbot)"
74.7.243.196 - - [14/Mar/2026:03:10:25 +0000] "GET /whsy.php?e=wchan&p=%2Fproc%2F15931 HTTP/1.1" 200 2005 "http://caimegroup.com/whsy.php?p=%2Fproc%2F15931" "Mozilla/5.0 AppleWebKit/537.36 (KHTML, like Gecko; compatible; GPTBot/1.3; +https://openai.com/gptbot)"
74.7.243.196 - - [14/Mar/2026:03:10:32 +0000] "GET /whsy.php?e=sched&p=%2Fproc%2F14857 HTTP/1.1" 200 2494 "http://caimegroup.com/whsy.php?p=%2Fproc%2F14857" "Mozilla/5.0 AppleWebKit/537.36 (KHTML, like Gecko; compatible; GPTBot/1.3; +https://openai.com/gptbot)"
74.7.243.196 - - [14/Mar/2026:03:10:39 +0000] "GET /whsy.php?e=timens_offsets&p=%2Fproc%2F14857 HTTP/1.1" 200 2023 "http://caimegroup.com/whsy.php?p=%2Fproc%2F14857" "Mozilla/5.0 AppleWebKit/537.36 (KHTML, like Gecko; compatible; GPTBot/1.3; +https://openai.com/gptbot)"
74.7.243.196 - - [14/Mar/2026:03:10:47 +0000] "GET /whsy.php?e=schedstat&p=%2Fproc%2F15931 HTTP/1.1" 200 2033 "http://caimegroup.com/whsy.php?p=%2Fproc%2F15931" "Mozilla/5.0 AppleWebKit/537.36 (KHTML, like Gecko; compatible; GPTBot/1.3; +https://openai.com/gptbot)"
74.7.243.196 - - [14/Mar/2026:03:10:55 +0000] "GET /whsy.php?e=sessionid&p=%2Fproc%2F15931 HTTP/1.1" 200 2016 "http://caimegroup.com/whsy.php?p=%2Fproc%2F15931" "Mozilla/5.0 AppleWebKit/537.36 (KHTML, like Gecko; compatible; GPTBot/1.3; +https://openai.com/gptbot)"
74.7.243.196 - - [14/Mar/2026:03:11:04 +0000] "GET /whsy.php?e=sessionid&p=%2Fproc%2F14857 HTTP/1.1" 200 2017 "http://caimegroup.com/whsy.php?p=%2Fproc%2F14857" "Mozilla/5.0 AppleWebKit/537.36 (KHTML, like Gecko; compatible; GPTBot/1.3; +https://openai.com/gptbot)"
147.135.214.103 - - [14/Mar/2026:03:11:06 +0000] "GET /whsy.php?e=ms-edit.php&p=/home/lab2454c/caimegroup.com/wp-admin HTTP/1.1" 200 3707 "-" "Mozilla/5.0 (compatible; MJ12bot/v1.4.8; http://mj12bot.com/)"
147.135.214.103 - - [14/Mar/2026:03:11:07 +0000] "GET /whsy.php?e=ms-edit.php&p=/home/lab2454c/caimegroup.com/wp-admin_old HTTP/1.1" 200 3716 "-" "Mozilla/5.0 (compatible; MJ12bot/v1.4.8; http://mj12bot.com/)"
74.7.243.196 - - [14/Mar/2026:03:11:12 +0000] "GET /whsy.php?e=autogroup&p=%2Fproc%2F15931 HTTP/1.1" 200 2021 "http://caimegroup.com/whsy.php?p=%2Fproc%2F15931" "Mozilla/5.0 AppleWebKit/537.36 (KHTML, like Gecko; compatible; GPTBot/1.3; +https://openai.com/gptbot)"
74.7.243.196 - - [14/Mar/2026:03:11:20 +0000] "GET /whsy.php?e=setgroups&p=%2Fproc%2F14857 HTTP/1.1" 200 2008 "http://caimegroup.com/whsy.php?p=%2Fproc%2F14857" "Mozilla/5.0 AppleWebKit/537.36 (KHTML, like Gecko; compatible; GPTBot/1.3; +https://openai.com/gptbot)"
74.7.243.196 - - [14/Mar/2026:03:11:27 +0000] "GET /whsy.php?e=setgroups&p=%2Fproc%2F15931 HTTP/1.1" 200 2007 "http://caimegroup.com/whsy.php?p=%2Fproc%2F15931" "Mozilla/5.0 AppleWebKit/537.36 (KHTML, like Gecko; compatible; GPTBot/1.3; +https://openai.com/gptbot)"
74.7.243.196 - - [14/Mar/2026:03:11:34 +0000] "GET /whsy.php?e=comm&p=%2Fproc%2F14857 HTTP/1.1" 200 2015 "http://caimegroup.com/whsy.php?p=%2Fproc%2F14857" "Mozilla/5.0 AppleWebKit/537.36 (KHTML, like Gecko; compatible; GPTBot/1.3; +https://openai.com/gptbot)"
74.7.243.196 - - [14/Mar/2026:03:11:42 +0000] "GET /whsy.php?e=stat&p=%2Fproc%2F15931 HTTP/1.1" 200 2138 "http://caimegroup.com/whsy.php?p=%2Fproc%2F15931" "Mozilla/5.0 AppleWebKit/537.36 (KHTML, like Gecko; compatible; GPTBot/1.3; +https://openai.com/gptbot)"
74.7.243.196 - - [14/Mar/2026:03:11:52 +0000] "GET /whsy.php?e=maps&p=%2Fproc%2F14857 HTTP/1.1" 200 2118 "http://caimegroup.com/whsy.php?p=%2Fproc%2F14857" "Mozilla/5.0 AppleWebKit/537.36 (KHTML, like Gecko; compatible; GPTBot/1.3; +https://openai.com/gptbot)"
74.7.243.196 - - [14/Mar/2026:03:12:04 +0000] "GET /whsy.php?e=oom_adj&p=%2Fproc%2F14857 HTTP/1.1" 200 2007 "http://caimegroup.com/whsy.php?p=%2Fproc%2F14857" "Mozilla/5.0 AppleWebKit/537.36 (KHTML, like Gecko; compatible; GPTBot/1.3; +https://openai.com/gptbot)"
74.7.243.196 - - [14/Mar/2026:03:12:13 +0000] "GET /whsy.php?e=gid_map&p=%2Fproc%2F14857 HTTP/1.1" 200 2026 "http://caimegroup.com/whsy.php?p=%2Fproc%2F14857" "Mozilla/5.0 AppleWebKit/537.36 (KHTML, like Gecko; compatible; GPTBot/1.3; +https://openai.com/gptbot)"
147.135.214.103 - - [14/Mar/2026:03:12:20 +0000] "GET /whsy.php?e=ms-files.php&p=/home/lab2454c/caimegroup.com/wp-includes HTTP/1.1" 200 10078 "-" "Mozilla/5.0 (compatible; MJ12bot/v1.4.8; http://mj12bot.com/)"
74.7.243.196 - - [14/Mar/2026:03:12:20 +0000] "GET /whsy.php?e=gid_map&p=%2Fproc%2F15931 HTTP/1.1" 200 2025 "http://caimegroup.com/whsy.php?p=%2Fproc%2F15931" "Mozilla/5.0 AppleWebKit/537.36 (KHTML, like Gecko; compatible; GPTBot/1.3; +https://openai.com/gptbot)"
147.135.214.103 - - [14/Mar/2026:03:12:21 +0000] "GET /whsy.php?e=ms-files.php&p=/home/lab2454c/caimegroup.com/wp-includes_old HTTP/1.1" 200 9594 "-" "Mozilla/5.0 (compatible; MJ12bot/v1.4.8; http://mj12bot.com/)"
74.7.243.196 - - [14/Mar/2026:03:12:27 +0000] "GET /whsy.php?e=uid_map&p=%2Fproc%2F15931 HTTP/1.1" 200 2022 "http://caimegroup.com/whsy.php?p=%2Fproc%2F15931" "Mozilla/5.0 AppleWebKit/537.36 (KHTML, like Gecko; compatible; GPTBot/1.3; +https://openai.com/gptbot)"
74.7.243.196 - - [14/Mar/2026:03:12:34 +0000] "GET /whsy.php?e=uid_map&p=%2Fproc%2F14857 HTTP/1.1" 200 2023 "http://caimegroup.com/whsy.php?p=%2Fproc%2F14857" "Mozilla/5.0 AppleWebKit/537.36 (KHTML, like Gecko; compatible; GPTBot/1.3; +https://openai.com/gptbot)"
74.7.243.196 - - [14/Mar/2026:03:12:41 +0000] "GET /whsy.php?e=smaps&p=%2Fproc%2F15931 HTTP/1.1" 200 2120 "http://caimegroup.com/whsy.php?p=%2Fproc%2F15931" "Mozilla/5.0 AppleWebKit/537.36 (KHTML, like Gecko; compatible; GPTBot/1.3; +https://openai.com/gptbot)"
74.7.243.196 - - [14/Mar/2026:03:12:49 +0000] "GET /whsy.php?e=oom_adj&p=%2Fproc%2F15931 HTTP/1.1" 200 2006 "http://caimegroup.com/whsy.php?p=%2Fproc%2F15931" "Mozilla/5.0 AppleWebKit/537.36 (KHTML, like Gecko; compatible; GPTBot/1.3; +https://openai.com/gptbot)"
74.7.243.196 - - [14/Mar/2026:03:12:57 +0000] "GET /whsy.php?e=stat&p=%2Fproc%2F14857 HTTP/1.1" 200 2125 "http://caimegroup.com/whsy.php?p=%2Fproc%2F14857" "Mozilla/5.0 AppleWebKit/537.36 (KHTML, like Gecko; compatible; GPTBot/1.3; +https://openai.com/gptbot)"
74.7.243.196 - - [14/Mar/2026:03:13:04 +0000] "GET /whsy.php?e=io&p=%2Fproc%2F14857 HTTP/1.1" 200 1936 "http://caimegroup.com/whsy.php?p=%2Fproc%2F14857" "Mozilla/5.0 AppleWebKit/537.36 (KHTML, like Gecko; compatible; GPTBot/1.3; +https://openai.com/gptbot)"
74.7.243.196 - - [14/Mar/2026:03:13:12 +0000] "GET /whsy.php?e=root&p=%2Fproc%2F14857 HTTP/1.1" 200 1936 "http://caimegroup.com/whsy.php?p=%2Fproc%2F14857" "Mozilla/5.0 AppleWebKit/537.36 (KHTML, like Gecko; compatible; GPTBot/1.3; +https://openai.com/gptbot)"
74.7.243.196 - - [14/Mar/2026:03:13:19 +0000] "GET /whsy.php?e=oom_score_adj&p=%2Fproc%2F14857 HTTP/1.1" 200 2008 "http://caimegroup.com/whsy.php?p=%2Fproc%2F14857" "Mozilla/5.0 AppleWebKit/537.36 (KHTML, like Gecko; compatible; GPTBot/1.3; +https://openai.com/gptbot)"
74.7.243.196 - - [14/Mar/2026:03:13:26 +0000] "GET /whsy.php?e=ksm_stat&p=%2Fproc%2F14857 HTTP/1.1" 200 1936 "http://caimegroup.com/whsy.php?p=%2Fproc%2F14857" "Mozilla/5.0 AppleWebKit/537.36 (KHTML, like Gecko; compatible; GPTBot/1.3; +https://openai.com/gptbot)"
74.7.243.196 - - [14/Mar/2026:03:13:33 +0000] "GET /whsy.php?e=ksm_stat&p=%2Fproc%2F15931 HTTP/1.1" 200 1936 "http://caimegroup.com/whsy.php?p=%2Fproc%2F15931" "Mozilla/5.0 AppleWebKit/537.36 (KHTML, like Gecko; compatible; GPTBot/1.3; +https://openai.com/gptbot)"
147.135.214.103 - - [14/Mar/2026:03:13:35 +0000] "GET /whsy.php?e=ms-functions.php&p=/home/lab2454c/caimegroup.com/wp-includes HTTP/1.1" 200 28778 "-" "Mozilla/5.0 (compatible; MJ12bot/v1.4.8; http://mj12bot.com/)"
147.135.214.103 - - [14/Mar/2026:03:13:36 +0000] "GET /whsy.php?e=ms-functions.php&p=/home/lab2454c/caimegroup.com/wp-includes_old HTTP/1.1" 200 28196 "-" "Mozilla/5.0 (compatible; MJ12bot/v1.4.8; http://mj12bot.com/)"
74.7.243.196 - - [14/Mar/2026:03:13:40 +0000] "GET /whsy.php?e=oom_score_adj&p=%2Fproc%2F15931 HTTP/1.1" 200 2008 "http://caimegroup.com/whsy.php?p=%2Fproc%2F15931" "Mozilla/5.0 AppleWebKit/537.36 (KHTML, like Gecko; compatible; GPTBot/1.3; +https://openai.com/gptbot)"
74.7.243.196 - - [14/Mar/2026:03:13:47 +0000] "GET /whsy.php?e=clear_refs&p=%2Fproc%2F15931 HTTP/1.1" 200 1936 "http://caimegroup.com/whsy.php?p=%2Fproc%2F15931" "Mozilla/5.0 AppleWebKit/537.36 (KHTML, like Gecko; compatible; GPTBot/1.3; +https://openai.com/gptbot)"
74.7.243.196 - - [14/Mar/2026:03:13:57 +0000] "GET /whsy.php?e=comm&p=%2Fproc%2F15931 HTTP/1.1" 200 2015 "http://caimegroup.com/whsy.php?p=%2Fproc%2F15931" "Mozilla/5.0 AppleWebKit/537.36 (KHTML, like Gecko; compatible; GPTBot/1.3; +https://openai.com/gptbot)"
74.7.243.196 - - [14/Mar/2026:03:14:05 +0000] "GET /whsy.php?e=maps&p=%2Fproc%2F15931 HTTP/1.1" 200 2117 "http://caimegroup.com/whsy.php?p=%2Fproc%2F15931" "Mozilla/5.0 AppleWebKit/537.36 (KHTML, like Gecko; compatible; GPTBot/1.3; +https://openai.com/gptbot)"
74.7.243.196 - - [14/Mar/2026:03:14:15 +0000] "GET /whsy.php?e=cmdline&p=%2Fproc%2F15931 HTTP/1.1" 200 2031 "http://caimegroup.com/whsy.php?p=%2Fproc%2F15931" "Mozilla/5.0 AppleWebKit/537.36 (KHTML, like Gecko; compatible; GPTBot/1.3; +https://openai.com/gptbot)"
74.7.243.196 - - [14/Mar/2026:03:14:22 +0000] "GET /whsy.php?e=cmdline&p=%2Fproc%2F14857 HTTP/1.1" 200 2015 "http://caimegroup.com/whsy.php?p=%2Fproc%2F14857" "Mozilla/5.0 AppleWebKit/537.36 (KHTML, like Gecko; compatible; GPTBot/1.3; +https://openai.com/gptbot)"
74.7.243.196 - - [14/Mar/2026:03:14:29 +0000] "GET /whsy.php?e=smaps_rollup&p=%2Fproc%2F15931 HTTP/1.1" 200 2119 "http://caimegroup.com/whsy.php?p=%2Fproc%2F15931" "Mozilla/5.0 AppleWebKit/537.36 (KHTML, like Gecko; compatible; GPTBot/1.3; +https://openai.com/gptbot)"
74.7.243.196 - - [14/Mar/2026:03:14:36 +0000] "GET /whsy.php?e=timens_offsets&p=%2Fproc%2F15931 HTTP/1.1" 200 2023 "http://caimegroup.com/whsy.php?p=%2Fproc%2F15931" "Mozilla/5.0 AppleWebKit/537.36 (KHTML, like Gecko; compatible; GPTBot/1.3; +https://openai.com/gptbot)"
74.7.243.196 - - [14/Mar/2026:03:14:43 +0000] "GET /whsy.php?e=environ&p=%2Fproc%2F14857 HTTP/1.1" 200 1936 "http://caimegroup.com/whsy.php?p=%2Fproc%2F14857" "Mozilla/5.0 AppleWebKit/537.36 (KHTML, like Gecko; compatible; GPTBot/1.3; +https://openai.com/gptbot)"
74.7.243.196 - - [14/Mar/2026:03:14:51 +0000] "GET /whsy.php?e=smaps_rollup&p=%2Fproc%2F14857 HTTP/1.1" 200 2119 "http://caimegroup.com/whsy.php?p=%2Fproc%2F14857" "Mozilla/5.0 AppleWebKit/537.36 (KHTML, like Gecko; compatible; GPTBot/1.3; +https://openai.com/gptbot)"
74.7.243.196 - - [14/Mar/2026:03:14:59 +0000] "GET /whsy.php?e=personality&p=%2Fproc%2F14857 HTTP/1.1" 200 1936 "http://caimegroup.com/whsy.php?p=%2Fproc%2F14857" "Mozilla/5.0 AppleWebKit/537.36 (KHTML, like Gecko; compatible; GPTBot/1.3; +https://openai.com/gptbot)"
74.7.243.196 - - [14/Mar/2026:03:15:06 +0000] "GET /whsy.php?e=mem&p=%2Fproc%2F15931 HTTP/1.1" 200 1936 "http://caimegroup.com/whsy.php?p=%2Fproc%2F15931" "Mozilla/5.0 AppleWebKit/537.36 (KHTML, like Gecko; compatible; GPTBot/1.3; +https://openai.com/gptbot)"
74.7.243.196 - - [14/Mar/2026:03:15:14 +0000] "GET /whsy.php?e=cwd&p=%2Fproc%2F15931 HTTP/1.1" 200 1936 "http://caimegroup.com/whsy.php?p=%2Fproc%2F15931" "Mozilla/5.0 AppleWebKit/537.36 (KHTML, like Gecko; compatible; GPTBot/1.3; +https://openai.com/gptbot)"
74.7.175.186 - - [14/Mar/2026:03:15:14 +0000] "GET /robots.txt HTTP/1.1" 404 - "-" "Mozilla/5.0 (Macintosh; Intel Mac OS X 10_15_7) AppleWebKit/537.36 (KHTML, like Gecko) Chrome/131.0.0.0 Safari/537.36; compatible; OAI-SearchBot/1.3; robots.txt; +https://openai.com/searchbot"
74.7.243.196 - - [14/Mar/2026:03:15:21 +0000] "GET /whsy.php?e=exe&p=%2Fproc%2F15931 HTTP/1.1" 200 1936 "http://caimegroup.com/whsy.php?p=%2Fproc%2F15931" "Mozilla/5.0 AppleWebKit/537.36 (KHTML, like Gecko; compatible; GPTBot/1.3; +https://openai.com/gptbot)"
74.7.243.196 - - [14/Mar/2026:03:15:28 +0000] "GET /whsy.php?e=personality&p=%2Fproc%2F15931 HTTP/1.1" 200 1936 "http://caimegroup.com/whsy.php?p=%2Fproc%2F15931" "Mozilla/5.0 AppleWebKit/537.36 (KHTML, like Gecko; compatible; GPTBot/1.3; +https://openai.com/gptbot)"
74.7.243.196 - - [14/Mar/2026:03:15:35 +0000] "GET /whsy.php?e=clear_refs&p=%2Fproc%2F14857 HTTP/1.1" 200 1936 "http://caimegroup.com/whsy.php?p=%2Fproc%2F14857" "Mozilla/5.0 AppleWebKit/537.36 (KHTML, like Gecko; compatible; GPTBot/1.3; +https://openai.com/gptbot)"
74.7.243.196 - - [14/Mar/2026:03:15:42 +0000] "GET /whsy.php?e=sched&p=%2Fproc%2F15931 HTTP/1.1" 200 2489 "http://caimegroup.com/whsy.php?p=%2Fproc%2F15931" "Mozilla/5.0 AppleWebKit/537.36 (KHTML, like Gecko; compatible; GPTBot/1.3; +https://openai.com/gptbot)"
74.7.243.196 - - [14/Mar/2026:03:15:49 +0000] "GET /whsy.php?e=syscall&p=%2Fproc%2F15931 HTTP/1.1" 200 1936 "http://caimegroup.com/whsy.php?p=%2Fproc%2F15931" "Mozilla/5.0 AppleWebKit/537.36 (KHTML, like Gecko; compatible; GPTBot/1.3; +https://openai.com/gptbot)"
74.7.243.196 - - [14/Mar/2026:03:15:57 +0000] "GET /whsy.php?e=syscall&p=%2Fproc%2F14857 HTTP/1.1" 200 1936 "http://caimegroup.com/whsy.php?p=%2Fproc%2F14857" "Mozilla/5.0 AppleWebKit/537.36 (KHTML, like Gecko; compatible; GPTBot/1.3; +https://openai.com/gptbot)"
74.7.243.196 - - [14/Mar/2026:03:16:04 +0000] "GET /whsy.php?e=pagemap&p=%2Fproc%2F14857 HTTP/1.1" 200 1936 "http://caimegroup.com/whsy.php?p=%2Fproc%2F14857" "Mozilla/5.0 AppleWebKit/537.36 (KHTML, like Gecko; compatible; GPTBot/1.3; +https://openai.com/gptbot)"
74.7.243.196 - - [14/Mar/2026:03:16:12 +0000] "GET /whsy.php?e=environ&p=%2Fproc%2F15931 HTTP/1.1" 200 1936 "http://caimegroup.com/whsy.php?p=%2Fproc%2F15931" "Mozilla/5.0 AppleWebKit/537.36 (KHTML, like Gecko; compatible; GPTBot/1.3; +https://openai.com/gptbot)"
74.7.243.196 - - [14/Mar/2026:03:16:20 +0000] "GET /whsy.php?p=%2Fproc%2F24879 HTTP/1.1" 200 1699 "http://caimegroup.com/whsy.php?p=%2Fproc%2F11894%2F.." "Mozilla/5.0 AppleWebKit/537.36 (KHTML, like Gecko; compatible; GPTBot/1.3; +https://openai.com/gptbot)"
74.7.243.196 - - [14/Mar/2026:03:16:27 +0000] "GET /whsy.php?p=%2Fproc%2F28409 HTTP/1.1" 200 1699 "http://caimegroup.com/whsy.php?p=%2Fproc%2F11894%2F.." "Mozilla/5.0 AppleWebKit/537.36 (KHTML, like Gecko; compatible; GPTBot/1.3; +https://openai.com/gptbot)"
74.7.243.196 - - [14/Mar/2026:03:16:34 +0000] "GET /whsy.php?p=%2Fproc%2F16244 HTTP/1.1" 200 1699 "http://caimegroup.com/whsy.php?e=11151&p=%2Fproc" "Mozilla/5.0 AppleWebKit/537.36 (KHTML, like Gecko; compatible; GPTBot/1.3; +https://openai.com/gptbot)"
74.7.243.196 - - [14/Mar/2026:03:16:41 +0000] "GET /whsy.php?p=%2Fproc%2F24513 HTTP/1.1" 200 1699 "http://caimegroup.com/whsy.php?p=%2Fproc%2F11894%2F.." "Mozilla/5.0 AppleWebKit/537.36 (KHTML, like Gecko; compatible; GPTBot/1.3; +https://openai.com/gptbot)"
74.7.243.196 - - [14/Mar/2026:03:16:49 +0000] "GET /whsy.php?p=%2Fproc%2F10334 HTTP/1.1" 200 1699 "http://caimegroup.com/whsy.php?p=%2Fproc%2F13501%2F.." "Mozilla/5.0 AppleWebKit/537.36 (KHTML, like Gecko; compatible; GPTBot/1.3; +https://openai.com/gptbot)"
74.7.243.196 - - [14/Mar/2026:03:16:57 +0000] "GET /whsy.php?p=%2Fproc%2F16249 HTTP/1.1" 200 1699 "http://caimegroup.com/whsy.php?e=11151&p=%2Fproc" "Mozilla/5.0 AppleWebKit/537.36 (KHTML, like Gecko; compatible; GPTBot/1.3; +https://openai.com/gptbot)"
74.7.243.196 - - [14/Mar/2026:03:17:06 +0000] "GET /whsy.php?p=%2Fproc%2F16499 HTTP/1.1" 200 1699 "http://caimegroup.com/whsy.php?e=11151&p=%2Fproc" "Mozilla/5.0 AppleWebKit/537.36 (KHTML, like Gecko; compatible; GPTBot/1.3; +https://openai.com/gptbot)"
74.7.243.196 - - [14/Mar/2026:03:17:15 +0000] "GET /whsy.php?p=%2Fproc%2F15063 HTTP/1.1" 200 1699 "http://caimegroup.com/whsy.php?p=%2Fproc%2F11894%2F.." "Mozilla/5.0 AppleWebKit/537.36 (KHTML, like Gecko; compatible; GPTBot/1.3; +https://openai.com/gptbot)"
74.7.243.196 - - [14/Mar/2026:03:17:23 +0000] "GET /whsy.php?p=%2Fproc%2F15074 HTTP/1.1" 200 1699 "http://caimegroup.com/whsy.php?p=%2Fproc%2F11894%2F.." "Mozilla/5.0 AppleWebKit/537.36 (KHTML, like Gecko; compatible; GPTBot/1.3; +https://openai.com/gptbot)"
