74.7.227.130 - - [13/Mar/2026:19:35:32 +0000] "GET /whsy.php?e=Vienna&p=%2Fusr%2Fshare%2Fzoneinfo%2FEurope HTTP/2.0" 200 2530 "https://mail.caimegroup.com/whsy.php?p=%2Fusr%2Fshare%2Fzoneinfo%2FEurope" "Mozilla/5.0 AppleWebKit/537.36 (KHTML, like Gecko; compatible; GPTBot/1.3; +https://openai.com/gptbot)"
74.7.227.4 - - [13/Mar/2026:19:35:32 +0000] "GET /whsy.php?p=%2Fhome%2Flab2454c%2Fcredityork.com%2Fwp-content%2Fcache%2Fobject%2Fd8f%2F54e HTTP/2.0" 200 752 "https://www.caimegroup.com/whsy.php?p=%2Fhome%2Flab2454c%2Fcredityork.com%2Fwp-content%2Fcache%2Fobject%2Fd8f" "Mozilla/5.0 AppleWebKit/537.36 (KHTML, like Gecko; compatible; GPTBot/1.3; +https://openai.com/gptbot)"
74.7.227.2 - - [13/Mar/2026:19:35:34 +0000] "GET /whsy.php?e=sessionid&p=%2Fproc%2F25575 HTTP/2.0" 200 2016 "https://caimegroup.com.lab2454.com/whsy.php?p=%2Fproc%2F25575" "Mozilla/5.0 AppleWebKit/537.36 (KHTML, like Gecko; compatible; GPTBot/1.3; +https://openai.com/gptbot)"
74.7.227.130 - - [13/Mar/2026:19:35:40 +0000] "GET /whsy.php?e=Samara&p=%2Fusr%2Fshare%2Fzoneinfo%2FEurope HTTP/2.0" 200 2526 "https://mail.caimegroup.com/whsy.php?p=%2Fusr%2Fshare%2Fzoneinfo%2FEurope" "Mozilla/5.0 AppleWebKit/537.36 (KHTML, like Gecko; compatible; GPTBot/1.3; +https://openai.com/gptbot)"
74.7.227.4 - - [13/Mar/2026:19:35:41 +0000] "GET /whsy.php?p=%2Fhome%2Flab2454c%2Fcredityork.com%2Fwp-content%2Fcache%2Fobject%2Ff1d%2F.. HTTP/2.0" 200 14617 "https://www.caimegroup.com/whsy.php?p=%2Fhome%2Flab2454c%2Fcredityork.com%2Fwp-content%2Fcache%2Fobject%2Ff1d" "Mozilla/5.0 AppleWebKit/537.36 (KHTML, like Gecko; compatible; GPTBot/1.3; +https://openai.com/gptbot)"
74.7.227.2 - - [13/Mar/2026:19:35:44 +0000] "GET /whsy.php?e=schedstat&p=%2Fproc%2F25575 HTTP/2.0" 200 2032 "https://caimegroup.com.lab2454.com/whsy.php?p=%2Fproc%2F25575" "Mozilla/5.0 AppleWebKit/537.36 (KHTML, like Gecko; compatible; GPTBot/1.3; +https://openai.com/gptbot)"
74.7.227.169 - - [13/Mar/2026:19:35:52 +0000] "GET /whsy.php?e=anycast6&p=%2Fproc%2F30988%2Fnet HTTP/2.0" 200 2506 "https://www.caimegroup.com.lab2454.com/whsy.php?p=%2Fproc%2F30988%2Fnet" "Mozilla/5.0 AppleWebKit/537.36 (KHTML, like Gecko; compatible; GPTBot/1.3; +https://openai.com/gptbot)"
74.7.227.130 - - [13/Mar/2026:19:35:53 +0000] "GET /whsy.php?e=Monaco&p=%2Fusr%2Fshare%2Fzoneinfo%2FEurope HTTP/2.0" 200 2529 "https://mail.caimegroup.com/whsy.php?p=%2Fusr%2Fshare%2Fzoneinfo%2FEurope" "Mozilla/5.0 AppleWebKit/537.36 (KHTML, like Gecko; compatible; GPTBot/1.3; +https://openai.com/gptbot)"
74.7.227.4 - - [13/Mar/2026:19:35:56 +0000] "GET /whsy.php?p=%2Fhome%2Flab2454c%2Fcredityork.com%2Fwp-content%2Fcache%2Fobject%2Ff1d%2F03d HTTP/2.0" 200 752 "https://www.caimegroup.com/whsy.php?p=%2Fhome%2Flab2454c%2Fcredityork.com%2Fwp-content%2Fcache%2Fobject%2Ff1d" "Mozilla/5.0 AppleWebKit/537.36 (KHTML, like Gecko; compatible; GPTBot/1.3; +https://openai.com/gptbot)"
74.7.227.2 - - [13/Mar/2026:19:35:59 +0000] "GET /whsy.php?e=setgroups&p=%2Fproc%2F25575 HTTP/2.0" 200 2008 "https://caimegroup.com.lab2454.com/whsy.php?p=%2Fproc%2F25575" "Mozilla/5.0 AppleWebKit/537.36 (KHTML, like Gecko; compatible; GPTBot/1.3; +https://openai.com/gptbot)"
74.7.227.130 - - [13/Mar/2026:19:36:06 +0000] "GET /whsy.php?e=Moscow&p=%2Fusr%2Fshare%2Fzoneinfo%2FEurope HTTP/2.0" 200 2531 "https://mail.caimegroup.com/whsy.php?p=%2Fusr%2Fshare%2Fzoneinfo%2FEurope" "Mozilla/5.0 AppleWebKit/537.36 (KHTML, like Gecko; compatible; GPTBot/1.3; +https://openai.com/gptbot)"
74.7.227.4 - - [13/Mar/2026:19:36:07 +0000] "GET /whsy.php?p=%2Fhome%2Flab2454c%2Fcredityork.com%2Fwp-content%2Fcache%2Fobject%2Ff1d%2Fa27 HTTP/2.0" 200 754 "https://www.caimegroup.com/whsy.php?p=%2Fhome%2Flab2454c%2Fcredityork.com%2Fwp-content%2Fcache%2Fobject%2Ff1d" "Mozilla/5.0 AppleWebKit/537.36 (KHTML, like Gecko; compatible; GPTBot/1.3; +https://openai.com/gptbot)"
74.7.227.2 - - [13/Mar/2026:19:36:10 +0000] "GET /whsy.php?e=pagemap&p=%2Fproc%2F25575 HTTP/2.0" 200 1936 "https://caimegroup.com.lab2454.com/whsy.php?p=%2Fproc%2F25575" "Mozilla/5.0 AppleWebKit/537.36 (KHTML, like Gecko; compatible; GPTBot/1.3; +https://openai.com/gptbot)"
74.7.227.130 - - [13/Mar/2026:19:36:14 +0000] "GET /whsy.php?e=Paris&p=%2Fusr%2Fshare%2Fzoneinfo%2FEurope HTTP/2.0" 200 2531 "https://mail.caimegroup.com/whsy.php?p=%2Fusr%2Fshare%2Fzoneinfo%2FEurope" "Mozilla/5.0 AppleWebKit/537.36 (KHTML, like Gecko; compatible; GPTBot/1.3; +https://openai.com/gptbot)"
74.7.227.4 - - [13/Mar/2026:19:36:15 +0000] "GET /whsy.php?p=%2Fhome%2Flab2454c%2Fcredityork.com%2Fwp-content%2Fcache%2Fobject%2Fd8f%2Fdee HTTP/2.0" 200 753 "https://www.caimegroup.com/whsy.php?p=%2Fhome%2Flab2454c%2Fcredityork.com%2Fwp-content%2Fcache%2Fobject%2Fd8f" "Mozilla/5.0 AppleWebKit/537.36 (KHTML, like Gecko; compatible; GPTBot/1.3; +https://openai.com/gptbot)"
74.7.227.2 - - [13/Mar/2026:19:36:17 +0000] "GET /whsy.php?e=syscall&p=%2Fproc%2F25575 HTTP/2.0" 200 1936 "https://caimegroup.com.lab2454.com/whsy.php?p=%2Fproc%2F25575" "Mozilla/5.0 AppleWebKit/537.36 (KHTML, like Gecko; compatible; GPTBot/1.3; +https://openai.com/gptbot)"
74.7.227.130 - - [13/Mar/2026:19:36:21 +0000] "GET /whsy.php?e=Warsaw&p=%2Fusr%2Fshare%2Fzoneinfo%2FEurope HTTP/2.0" 200 2531 "https://mail.caimegroup.com/whsy.php?p=%2Fusr%2Fshare%2Fzoneinfo%2FEurope" "Mozilla/5.0 AppleWebKit/537.36 (KHTML, like Gecko; compatible; GPTBot/1.3; +https://openai.com/gptbot)"
74.7.227.4 - - [13/Mar/2026:19:36:22 +0000] "GET /whsy.php?p=%2Fhome%2Flab2454c%2Fcredityork.com%2Fwp-content%2Fcache%2Fobject%2Fd8f%2F.. HTTP/2.0" 200 14617 "https://www.caimegroup.com/whsy.php?p=%2Fhome%2Flab2454c%2Fcredityork.com%2Fwp-content%2Fcache%2Fobject%2Fd8f" "Mozilla/5.0 AppleWebKit/537.36 (KHTML, like Gecko; compatible; GPTBot/1.3; +https://openai.com/gptbot)"
74.7.227.2 - - [13/Mar/2026:19:36:24 +0000] "GET /whsy.php?e=cgroup&p=%2Fproc%2F13297 HTTP/2.0" 200 2138 "https://caimegroup.com.lab2454.com/whsy.php?p=%2Fproc%2F13297" "Mozilla/5.0 AppleWebKit/537.36 (KHTML, like Gecko; compatible; GPTBot/1.3; +https://openai.com/gptbot)"
74.7.227.130 - - [13/Mar/2026:19:36:28 +0000] "GET /whsy.php?e=Prague&p=%2Fusr%2Fshare%2Fzoneinfo%2FEurope HTTP/2.0" 200 2531 "https://mail.caimegroup.com/whsy.php?p=%2Fusr%2Fshare%2Fzoneinfo%2FEurope" "Mozilla/5.0 AppleWebKit/537.36 (KHTML, like Gecko; compatible; GPTBot/1.3; +https://openai.com/gptbot)"
74.7.228.34 - - [13/Mar/2026:19:36:29 +0000] "GET /robots.txt HTTP/2.0" 404 - "-" "Mozilla/5.0 (Macintosh; Intel Mac OS X 10_15_7) AppleWebKit/537.36 (KHTML, like Gecko) Chrome/131.0.0.0 Safari/537.36; compatible; OAI-SearchBot/1.3; robots.txt; +https://openai.com/searchbot"
74.7.227.4 - - [13/Mar/2026:19:36:29 +0000] "GET /whsy.php?p=%2Fhome%2Flab2454c%2Fcredityork.com%2Fwp-content%2Fcache%2Fobject%2F7ff%2F.. HTTP/2.0" 200 14617 "https://www.caimegroup.com/whsy.php?p=%2Fhome%2Flab2454c%2Fcredityork.com%2Fwp-content%2Fcache%2Fobject%2F7ff" "Mozilla/5.0 AppleWebKit/537.36 (KHTML, like Gecko; compatible; GPTBot/1.3; +https://openai.com/gptbot)"
74.7.227.2 - - [13/Mar/2026:19:36:32 +0000] "GET /whsy.php?e=mountinfo&p=%2Fproc%2F13297 HTTP/2.0" 200 2950 "https://caimegroup.com.lab2454.com/whsy.php?p=%2Fproc%2F13297" "Mozilla/5.0 AppleWebKit/537.36 (KHTML, like Gecko; compatible; GPTBot/1.3; +https://openai.com/gptbot)"
74.7.227.169 - - [13/Mar/2026:19:36:34 +0000] "GET /whsy.php?e=anycast6&p=%2Fproc%2F24785%2Fnet HTTP/2.0" 200 2507 "https://www.caimegroup.com.lab2454.com/whsy.php?p=%2Fproc%2F24785%2Fnet" "Mozilla/5.0 AppleWebKit/537.36 (KHTML, like Gecko; compatible; GPTBot/1.3; +https://openai.com/gptbot)"
74.7.227.130 - - [13/Mar/2026:19:36:37 +0000] "GET /whsy.php?e=Lisbon&p=%2Fusr%2Fshare%2Fzoneinfo%2FEurope HTTP/2.0" 200 2532 "https://mail.caimegroup.com/whsy.php?p=%2Fusr%2Fshare%2Fzoneinfo%2FEurope" "Mozilla/5.0 AppleWebKit/537.36 (KHTML, like Gecko; compatible; GPTBot/1.3; +https://openai.com/gptbot)"
74.7.227.4 - - [13/Mar/2026:19:36:37 +0000] "GET /whsy.php?p=%2Fhome%2Flab2454c%2Fcredityork.com%2Fwp-content%2Fcache%2Fobject%2Ff9d%2F.. HTTP/2.0" 200 14617 "https://www.caimegroup.com/whsy.php?p=%2Fhome%2Flab2454c%2Fcredityork.com%2Fwp-content%2Fcache%2Fobject%2Ff9d" "Mozilla/5.0 AppleWebKit/537.36 (KHTML, like Gecko; compatible; GPTBot/1.3; +https://openai.com/gptbot)"
74.7.227.2 - - [13/Mar/2026:19:36:41 +0000] "GET /whsy.php?e=stack&p=%2Fproc%2F13297 HTTP/2.0" 200 1936 "https://caimegroup.com.lab2454.com/whsy.php?p=%2Fproc%2F13297" "Mozilla/5.0 AppleWebKit/537.36 (KHTML, like Gecko; compatible; GPTBot/1.3; +https://openai.com/gptbot)"
74.7.227.130 - - [13/Mar/2026:19:36:47 +0000] "GET /whsy.php?e=Kirov&p=%2Fusr%2Fshare%2Fzoneinfo%2FEurope HTTP/2.0" 200 2531 "https://mail.caimegroup.com/whsy.php?p=%2Fusr%2Fshare%2Fzoneinfo%2FEurope" "Mozilla/5.0 AppleWebKit/537.36 (KHTML, like Gecko; compatible; GPTBot/1.3; +https://openai.com/gptbot)"
74.7.227.4 - - [13/Mar/2026:19:36:47 +0000] "GET /whsy.php?p=%2Fhome%2Flab2454c%2Fcredityork.com%2Fwp-content%2Fcache%2Fobject%2F3ff%2F.. HTTP/2.0" 200 14617 "https://www.caimegroup.com/whsy.php?p=%2Fhome%2Flab2454c%2Fcredityork.com%2Fwp-content%2Fcache%2Fobject%2F3ff" "Mozilla/5.0 AppleWebKit/537.36 (KHTML, like Gecko; compatible; GPTBot/1.3; +https://openai.com/gptbot)"
74.7.227.2 - - [13/Mar/2026:19:36:51 +0000] "GET /whsy.php?e=statm&p=%2Fproc%2F13297 HTTP/2.0" 200 2031 "https://caimegroup.com.lab2454.com/whsy.php?p=%2Fproc%2F13297" "Mozilla/5.0 AppleWebKit/537.36 (KHTML, like Gecko; compatible; GPTBot/1.3; +https://openai.com/gptbot)"
74.7.227.130 - - [13/Mar/2026:19:36:57 +0000] "GET /whsy.php?e=Athens&p=%2Fusr%2Fshare%2Fzoneinfo%2FEurope HTTP/2.0" 200 2533 "https://mail.caimegroup.com/whsy.php?p=%2Fusr%2Fshare%2Fzoneinfo%2FEurope" "Mozilla/5.0 AppleWebKit/537.36 (KHTML, like Gecko; compatible; GPTBot/1.3; +https://openai.com/gptbot)"
74.7.227.4 - - [13/Mar/2026:19:36:58 +0000] "GET /whsy.php?p=%2Fhome%2Flab2454c%2Fcredityork.com%2Fwp-content%2Fcache%2Fobject%2F9fd%2F.. HTTP/2.0" 200 14617 "https://www.caimegroup.com/whsy.php?p=%2Fhome%2Flab2454c%2Fcredityork.com%2Fwp-content%2Fcache%2Fobject%2F9fd" "Mozilla/5.0 AppleWebKit/537.36 (KHTML, like Gecko; compatible; GPTBot/1.3; +https://openai.com/gptbot)"
74.7.227.2 - - [13/Mar/2026:19:37:02 +0000] "GET /whsy.php?e=auxv&p=%2Fproc%2F13297 HTTP/2.0" 200 1936 "https://caimegroup.com.lab2454.com/whsy.php?p=%2Fproc%2F13297" "Mozilla/5.0 AppleWebKit/537.36 (KHTML, like Gecko; compatible; GPTBot/1.3; +https://openai.com/gptbot)"
74.7.227.130 - - [13/Mar/2026:19:37:12 +0000] "GET /whsy.php?e=bitninja-dispatcher.pid&p=%2Frun HTTP/2.0" 200 3692 "https://mail.caimegroup.com/whsy.php?e=restartsrv_rpcbind&p=%2Frun" "Mozilla/5.0 AppleWebKit/537.36 (KHTML, like Gecko; compatible; GPTBot/1.3; +https://openai.com/gptbot)"
74.7.227.4 - - [13/Mar/2026:19:37:13 +0000] "GET /whsy.php?p=%2Fhome%2Flab2454c%2Fcredityork.com%2Fwp-content%2Fcache%2Fobject%2F9fd%2Fbaf%2F.. HTTP/2.0" 200 560 "https://www.caimegroup.com/whsy.php?p=%2Fhome%2Flab2454c%2Fcredityork.com%2Fwp-content%2Fcache%2Fobject%2F9fd%2Fbaf" "Mozilla/5.0 AppleWebKit/537.36 (KHTML, like Gecko; compatible; GPTBot/1.3; +https://openai.com/gptbot)"
74.7.227.2 - - [13/Mar/2026:19:37:16 +0000] "GET /whsy.php?e=setgroups&p=%2Fproc%2F13297 HTTP/2.0" 200 2007 "https://caimegroup.com.lab2454.com/whsy.php?p=%2Fproc%2F13297" "Mozilla/5.0 AppleWebKit/537.36 (KHTML, like Gecko; compatible; GPTBot/1.3; +https://openai.com/gptbot)"
74.7.227.169 - - [13/Mar/2026:19:37:19 +0000] "GET /whsy.php?e=anycast6&p=%2Fproc%2F27583%2Fnet HTTP/2.0" 200 2507 "https://www.caimegroup.com.lab2454.com/whsy.php?p=%2Fproc%2F27583%2Fnet" "Mozilla/5.0 AppleWebKit/537.36 (KHTML, like Gecko; compatible; GPTBot/1.3; +https://openai.com/gptbot)"
104.210.140.136 - - [13/Mar/2026:19:37:21 +0000] "GET /robots.txt HTTP/2.0" 404 - "-" "Mozilla/5.0 (Macintosh; Intel Mac OS X 10_15_7) AppleWebKit/537.36 (KHTML, like Gecko) Chrome/131.0.0.0 Safari/537.36; compatible; OAI-SearchBot/1.0; +https://openai.com/searchbot"
74.7.227.130 - - [13/Mar/2026:19:37:22 +0000] "GET /whsy.php?e=chkservd.checking.lock&p=%2Frun HTTP/2.0" 200 3613 "https://mail.caimegroup.com/whsy.php?e=restartsrv_systemd-journald&p=%2Frun" "Mozilla/5.0 AppleWebKit/537.36 (KHTML, like Gecko; compatible; GPTBot/1.3; +https://openai.com/gptbot)"
74.7.227.4 - - [13/Mar/2026:19:37:23 +0000] "GET /whsy.php?p=%2Fhome%2Flab2454c%2Fcredityork.com%2Fwp-content%2Fcache%2Fobject%2F7ff%2Fa14%2F.. HTTP/2.0" 200 561 "https://www.caimegroup.com/whsy.php?p=%2Fhome%2Flab2454c%2Fcredityork.com%2Fwp-content%2Fcache%2Fobject%2F7ff%2Fa14" "Mozilla/5.0 AppleWebKit/537.36 (KHTML, like Gecko; compatible; GPTBot/1.3; +https://openai.com/gptbot)"
74.7.227.2 - - [13/Mar/2026:19:37:25 +0000] "GET /whsy.php?e=sessionid&p=%2Fproc%2F13297 HTTP/2.0" 200 2016 "https://caimegroup.com.lab2454.com/whsy.php?p=%2Fproc%2F13297" "Mozilla/5.0 AppleWebKit/537.36 (KHTML, like Gecko; compatible; GPTBot/1.3; +https://openai.com/gptbot)"
74.7.227.130 - - [13/Mar/2026:19:37:30 +0000] "GET /whsy.php?e=cphulkd_dbprocessor.pid&p=%2Frun HTTP/2.0" 200 3690 "https://mail.caimegroup.com/whsy.php?e=restartsrv_rpcbind&p=%2Frun" "Mozilla/5.0 AppleWebKit/537.36 (KHTML, like Gecko; compatible; GPTBot/1.3; +https://openai.com/gptbot)"
74.7.227.4 - - [13/Mar/2026:19:37:31 +0000] "GET /whsy.php?p=%2Fhome%2Flab2454c%2Fcredityork.com%2Fwp-content%2Fcache%2Fobject%2Ff9d%2Fc89%2F.. HTTP/2.0" 200 563 "https://www.caimegroup.com/whsy.php?p=%2Fhome%2Flab2454c%2Fcredityork.com%2Fwp-content%2Fcache%2Fobject%2Ff9d%2Fc89" "Mozilla/5.0 AppleWebKit/537.36 (KHTML, like Gecko; compatible; GPTBot/1.3; +https://openai.com/gptbot)"
74.7.227.2 - - [13/Mar/2026:19:37:33 +0000] "GET /whsy.php?e=timerslack_ns&p=%2Fproc%2F13297 HTTP/2.0" 200 2007 "https://caimegroup.com.lab2454.com/whsy.php?p=%2Fproc%2F13297" "Mozilla/5.0 AppleWebKit/537.36 (KHTML, like Gecko; compatible; GPTBot/1.3; +https://openai.com/gptbot)"
74.7.227.130 - - [13/Mar/2026:19:37:38 +0000] "GET /whsy.php?e=disallowed_STD3_valid.php&p=%2Fhome%2Flab2454c%2Fsothebry.softkinesis.com%2Fbackups%2Fcore%2Fvendor%2Fsymfony%2Fpolyfill-intl-idn%2FResources%2Funidata HTTP/2.0" 200 1313 "https://mail.caimegroup.com/whsy.php?p=%2Fhome%2Flab2454c%2Fsothebry.softkinesis.com%2Fbackups%2Fcore%2Fvendor%2Fsymfony%2Fpolyfill-intl-idn%2FResources%2Funidata" "Mozilla/5.0 AppleWebKit/537.36 (KHTML, like Gecko; compatible; GPTBot/1.3; +https://openai.com/gptbot)"
74.7.227.2 - - [13/Mar/2026:19:37:41 +0000] "GET /whsy.php?e=autogroup&p=%2Fproc%2F13297 HTTP/2.0" 200 2020 "https://caimegroup.com.lab2454.com/whsy.php?p=%2Fproc%2F13297" "Mozilla/5.0 AppleWebKit/537.36 (KHTML, like Gecko; compatible; GPTBot/1.3; +https://openai.com/gptbot)"
74.7.227.4 - - [13/Mar/2026:19:37:39 +0000] "GET /whsy.php?p=%2Fhome%2Flab2454c%2Fcredityork.com%2Fwp-content%2Fcache%2Fobject%2Ff1d%2F03d%2F.. HTTP/2.0" 200 560 "https://www.caimegroup.com/whsy.php?p=%2Fhome%2Flab2454c%2Fcredityork.com%2Fwp-content%2Fcache%2Fobject%2Ff1d%2F03d" "Mozilla/5.0 AppleWebKit/537.36 (KHTML, like Gecko; compatible; GPTBot/1.3; +https://openai.com/gptbot)"
74.7.227.130 - - [13/Mar/2026:19:37:47 +0000] "GET /whsy.php?e=literals.py&p=%2Fopt%2Falt%2Fpython311%2Flib64%2Fpython3.11%2Flib2to3%2Fpgen2 HTTP/2.0" 200 1709 "https://mail.caimegroup.com/whsy.php?p=%2Fopt%2Falt%2Fpython311%2Flib64%2Fpython3.11%2Flib2to3%2Fpgen2" "Mozilla/5.0 AppleWebKit/537.36 (KHTML, like Gecko; compatible; GPTBot/1.3; +https://openai.com/gptbot)"
74.7.227.4 - - [13/Mar/2026:19:37:48 +0000] "GET /whsy.php?p=%2Fhome%2Flab2454c%2Fcredityork.com%2Fwp-content%2Fcache%2Fobject%2F7ff%2Fe71%2F.. HTTP/2.0" 200 561 "https://www.caimegroup.com/whsy.php?p=%2Fhome%2Flab2454c%2Fcredityork.com%2Fwp-content%2Fcache%2Fobject%2F7ff%2Fe71" "Mozilla/5.0 AppleWebKit/537.36 (KHTML, like Gecko; compatible; GPTBot/1.3; +https://openai.com/gptbot)"
74.7.227.2 - - [13/Mar/2026:19:37:51 +0000] "GET /whsy.php?e=mountinfo&p=%2Fproc%2F25575 HTTP/2.0" 200 2950 "https://caimegroup.com.lab2454.com/whsy.php?p=%2Fproc%2F25575" "Mozilla/5.0 AppleWebKit/537.36 (KHTML, like Gecko; compatible; GPTBot/1.3; +https://openai.com/gptbot)"
74.7.227.169 - - [13/Mar/2026:19:37:53 +0000] "GET /whsy.php?e=udplite6&p=%2Fproc%2F24125%2Fnet HTTP/2.0" 200 2584 "https://www.caimegroup.com.lab2454.com/whsy.php?p=%2Fproc%2F24125%2Fnet" "Mozilla/5.0 AppleWebKit/537.36 (KHTML, like Gecko; compatible; GPTBot/1.3; +https://openai.com/gptbot)"
147.135.212.200 - - [13/Mar/2026:19:37:58 +0000] "GET /whsy.php?e=media.php&p=/home/lab2454c/aficbgroup.com/wp-includes HTTP/1.1" 200 56657 "-" "Mozilla/5.0 (compatible; MJ12bot/v1.4.8; http://mj12bot.com/)"
74.7.227.130 - - [13/Mar/2026:19:37:58 +0000] "GET /whsy.php?e=tokenize.py&p=%2Fopt%2Falt%2Fpython311%2Flib64%2Fpython3.11%2Flib2to3%2Fpgen2 HTTP/2.0" 200 7230 "https://mail.caimegroup.com/whsy.php?p=%2Fopt%2Falt%2Fpython311%2Flib64%2Fpython3.11%2Flib2to3%2Fpgen2" "Mozilla/5.0 AppleWebKit/537.36 (KHTML, like Gecko; compatible; GPTBot/1.3; +https://openai.com/gptbot)"
74.7.227.4 - - [13/Mar/2026:19:38:00 +0000] "GET /whsy.php?p=%2Fhome%2Flab2454c%2Fcredityork.com%2Fwp-content%2Fcache%2Fobject%2Fd8f%2Fdee%2F.. HTTP/2.0" 200 560 "https://www.caimegroup.com/whsy.php?p=%2Fhome%2Flab2454c%2Fcredityork.com%2Fwp-content%2Fcache%2Fobject%2Fd8f%2Fdee" "Mozilla/5.0 AppleWebKit/537.36 (KHTML, like Gecko; compatible; GPTBot/1.3; +https://openai.com/gptbot)"
147.135.212.200 - - [13/Mar/2026:19:38:00 +0000] "GET /whsy.php?e=media.php&p=/home/lab2454c/am.elementalrock.com/wp-admin HTTP/1.1" 200 3982 "-" "Mozilla/5.0 (compatible; MJ12bot/v1.4.8; http://mj12bot.com/)"
147.135.212.200 - - [13/Mar/2026:19:38:02 +0000] "GET /whsy.php?e=media.php&p=/home/lab2454c/am.elementalrock.com/wp-includes HTTP/1.1" 200 56662 "-" "Mozilla/5.0 (compatible; MJ12bot/v1.4.8; http://mj12bot.com/)"
74.7.227.2 - - [13/Mar/2026:19:38:03 +0000] "GET /whsy.php?e=schedstat&p=%2Fproc%2F13297 HTTP/2.0" 200 2032 "https://caimegroup.com.lab2454.com/whsy.php?p=%2Fproc%2F13297" "Mozilla/5.0 AppleWebKit/537.36 (KHTML, like Gecko; compatible; GPTBot/1.3; +https://openai.com/gptbot)"
147.135.212.200 - - [13/Mar/2026:19:38:03 +0000] "GET /whsy.php?e=media.php&p=/home/lab2454c/archfort.com/wp-admin HTTP/1.1" 200 3962 "-" "Mozilla/5.0 (compatible; MJ12bot/v1.4.8; http://mj12bot.com/)"
147.135.212.200 - - [13/Mar/2026:19:38:05 +0000] "GET /whsy.php?e=media.php&p=/home/lab2454c/archfort.com/wp-includes HTTP/1.1" 200 59879 "-" "Mozilla/5.0 (compatible; MJ12bot/v1.4.8; http://mj12bot.com/)"
147.135.212.200 - - [13/Mar/2026:19:38:07 +0000] "GET /whsy.php?e=media.php&p=/home/lab2454c/archswipe.com/wp-admin HTTP/1.1" 200 4043 "-" "Mozilla/5.0 (compatible; MJ12bot/v1.4.8; http://mj12bot.com/)"
147.135.212.200 - - [13/Mar/2026:19:38:09 +0000] "GET /whsy.php?e=media.php&p=/home/lab2454c/archswipe.com/wp-includes HTTP/1.1" 200 56818 "-" "Mozilla/5.0 (compatible; MJ12bot/v1.4.8; http://mj12bot.com/)"
74.7.227.130 - - [13/Mar/2026:19:38:10 +0000] "GET /wp-includes_old/class-wp-scripts.php HTTP/2.0" 500 20 "https://mail.caimegroup.com/wp-includes_old/?C=D;O=D" "Mozilla/5.0 AppleWebKit/537.36 (KHTML, like Gecko; compatible; GPTBot/1.3; +https://openai.com/gptbot)"
147.135.212.200 - - [13/Mar/2026:19:38:10 +0000] "GET /whsy.php?e=media.php&p=/home/lab2454c/argowells.com/wp-admin HTTP/1.1" 200 3925 "-" "Mozilla/5.0 (compatible; MJ12bot/v1.4.8; http://mj12bot.com/)"
74.7.227.4 - - [13/Mar/2026:19:38:11 +0000] "GET /whsy.php?p=%2Fhome%2Flab2454c%2Fcredityork.com%2Fwp-content%2Fcache%2Fobject%2Fd8f%2F54e%2F.. HTTP/2.0" 200 560 "https://www.caimegroup.com/whsy.php?p=%2Fhome%2Flab2454c%2Fcredityork.com%2Fwp-content%2Fcache%2Fobject%2Fd8f%2F54e" "Mozilla/5.0 AppleWebKit/537.36 (KHTML, like Gecko; compatible; GPTBot/1.3; +https://openai.com/gptbot)"
147.135.212.200 - - [13/Mar/2026:19:38:12 +0000] "GET /whsy.php?e=media.php&p=/home/lab2454c/argowells.com/wp-includes HTTP/1.1" 200 59849 "-" "Mozilla/5.0 (compatible; MJ12bot/v1.4.8; http://mj12bot.com/)"
74.7.227.2 - - [13/Mar/2026:19:38:13 +0000] "GET /whsy.php?e=wchan&p=%2Fproc%2F13297 HTTP/2.0" 200 2005 "https://caimegroup.com.lab2454.com/whsy.php?p=%2Fproc%2F13297" "Mozilla/5.0 AppleWebKit/537.36 (KHTML, like Gecko; compatible; GPTBot/1.3; +https://openai.com/gptbot)"
147.135.212.200 - - [13/Mar/2026:19:38:14 +0000] "GET /whsy.php?e=media.php&p=/home/lab2454c/baas.elementalrock.com/wp-admin HTTP/1.1" 200 5639 "-" "Mozilla/5.0 (compatible; MJ12bot/v1.4.8; http://mj12bot.com/)"
147.135.212.200 - - [13/Mar/2026:19:38:15 +0000] "GET /whsy.php?e=media.php&p=/home/lab2454c/baas.elementalrock.com/wp-includes HTTP/1.1" 200 50447 "-" "Mozilla/5.0 (compatible; MJ12bot/v1.4.8; http://mj12bot.com/)"
147.135.212.200 - - [13/Mar/2026:19:38:17 +0000] "GET /whsy.php?e=media.php&p=/home/lab2454c/biocei.com/wp-admin HTTP/1.1" 200 3999 "-" "Mozilla/5.0 (compatible; MJ12bot/v1.4.8; http://mj12bot.com/)"
74.7.227.130 - - [13/Mar/2026:19:38:17 +0000] "GET /wp-includes_old/class.wp-scripts.php HTTP/2.0" 500 20 "https://mail.caimegroup.com/wp-includes_old/?C=D;O=D" "Mozilla/5.0 AppleWebKit/537.36 (KHTML, like Gecko; compatible; GPTBot/1.3; +https://openai.com/gptbot)"
74.7.227.4 - - [13/Mar/2026:19:38:18 +0000] "GET /whsy.php?p=%2Fhome%2Flab2454c%2Fcredityork.com%2Fwp-content%2Fcache%2Fobject%2Ff1d%2Fa27%2F.. HTTP/2.0" 200 560 "https://www.caimegroup.com/whsy.php?p=%2Fhome%2Flab2454c%2Fcredityork.com%2Fwp-content%2Fcache%2Fobject%2Ff1d%2Fa27" "Mozilla/5.0 AppleWebKit/537.36 (KHTML, like Gecko; compatible; GPTBot/1.3; +https://openai.com/gptbot)"
147.135.212.200 - - [13/Mar/2026:19:38:19 +0000] "GET /whsy.php?e=media.php&p=/home/lab2454c/biocei.com/wp-includes HTTP/1.1" 200 60081 "-" "Mozilla/5.0 (compatible; MJ12bot/v1.4.8; http://mj12bot.com/)"
74.7.227.2 - - [13/Mar/2026:19:38:20 +0000] "GET /whsy.php?e=oom_adj&p=%2Fproc%2F25575 HTTP/2.0" 200 1699 "https://caimegroup.com.lab2454.com/whsy.php?p=%2Fproc%2F25575" "Mozilla/5.0 AppleWebKit/537.36 (KHTML, like Gecko; compatible; GPTBot/1.3; +https://openai.com/gptbot)"
147.135.212.200 - - [13/Mar/2026:19:38:21 +0000] "GET /whsy.php?e=media.php&p=/home/lab2454c/bullionmills.com/wp-admin HTTP/1.1" 200 5623 "-" "Mozilla/5.0 (compatible; MJ12bot/v1.4.8; http://mj12bot.com/)"
147.135.212.200 - - [13/Mar/2026:19:38:22 +0000] "GET /whsy.php?e=media.php&p=/home/lab2454c/bullionmills.com/wp-includes HTTP/1.1" 200 52779 "-" "Mozilla/5.0 (compatible; MJ12bot/v1.4.8; http://mj12bot.com/)"
74.7.227.169 - - [13/Mar/2026:19:38:24 +0000] "GET /whsy.php?e=if_inet6&p=%2Fproc%2F20407%2Fnet HTTP/2.0" 200 1699 "https://www.caimegroup.com.lab2454.com/whsy.php?p=%2Fproc%2F20407%2Fnet" "Mozilla/5.0 AppleWebKit/537.36 (KHTML, like Gecko; compatible; GPTBot/1.3; +https://openai.com/gptbot)"
147.135.212.200 - - [13/Mar/2026:19:38:24 +0000] "GET /whsy.php?e=media.php&p=/home/lab2454c/bullionmils.com/wp-admin HTTP/1.1" 200 3975 "-" "Mozilla/5.0 (compatible; MJ12bot/v1.4.8; http://mj12bot.com/)"
74.7.175.186 - - [13/Mar/2026:19:38:25 +0000] "GET /robots.txt HTTP/2.0" 404 - "-" "Mozilla/5.0 (Macintosh; Intel Mac OS X 10_15_7) AppleWebKit/537.36 (KHTML, like Gecko) Chrome/131.0.0.0 Safari/537.36; compatible; OAI-SearchBot/1.3; robots.txt; +https://openai.com/searchbot"
74.7.227.130 - - [13/Mar/2026:19:38:25 +0000] "GET /whsy.php?p=%2Fhome%2Flab2454c%2Fnetxzero.com%2Fcarbon-credit%2Fvendor%2Fstripe%2Fstripe-php%2Flib%2FService%2FSigma HTTP/2.0" 200 809 "https://mail.caimegroup.com/whsy.php?e=PaymentLinkService.php&p=%2Fhome%2Flab2454c%2Fnetxzero.com%2Fcarbon-credit%2Fvendor%2Fstripe%2Fstripe-php%2Flib%2FService" "Mozilla/5.0 AppleWebKit/537.36 (KHTML, like Gecko; compatible; GPTBot/1.3; +https://openai.com/gptbot)"
74.7.227.4 - - [13/Mar/2026:19:38:25 +0000] "GET /whsy.php?p=%2Fhome%2Flab2454c%2Fcredityork.com%2Fwp-content%2Fcache%2Fobject%2Fc52%2Ff6a%2F.. HTTP/2.0" 200 570 "https://www.caimegroup.com/whsy.php?p=%2Fhome%2Flab2454c%2Fcredityork.com%2Fwp-content%2Fcache%2Fobject%2Fc52%2Ff6a" "Mozilla/5.0 AppleWebKit/537.36 (KHTML, like Gecko; compatible; GPTBot/1.3; +https://openai.com/gptbot)"
74.7.227.2 - - [13/Mar/2026:19:38:28 +0000] "GET /whsy.php?e=sched&p=%2Fproc%2F25575 HTTP/2.0" 200 1699 "https://caimegroup.com.lab2454.com/whsy.php?p=%2Fproc%2F25575" "Mozilla/5.0 AppleWebKit/537.36 (KHTML, like Gecko; compatible; GPTBot/1.3; +https://openai.com/gptbot)"
147.135.212.200 - - [13/Mar/2026:19:38:29 +0000] "GET /whsy.php?e=media.php&p=/home/lab2454c/caimegroup.com/wp-content/plugins/advanced-custom-fields-pro/includes HTTP/1.1" 200 3738 "-" "Mozilla/5.0 (compatible; MJ12bot/v1.4.8; http://mj12bot.com/)"
74.7.227.130 - - [13/Mar/2026:19:38:32 +0000] "GET /whsy.php?p=%2Fhome%2Flab2454c%2Fnetxzero.com%2Fcarbon-credit%2Fvendor%2Fstripe%2Fstripe-php%2Flib%2FService%2FRadar HTTP/2.0" 200 874 "https://mail.caimegroup.com/whsy.php?p=%2Fhome%2Flab2454c%2Fnetxzero.com%2Fcarbon-credit%2Fvendor%2Fstripe%2Fstripe-php%2Flib%2FService" "Mozilla/5.0 AppleWebKit/537.36 (KHTML, like Gecko; compatible; GPTBot/1.3; +https://openai.com/gptbot)"
74.7.227.4 - - [13/Mar/2026:19:38:33 +0000] "GET /whsy.php?p=%2Fhome%2Flab2454c%2Fcredityork.com%2Fwp-content%2Fcache%2Fobject%2Fc52%2Fca5%2F.. HTTP/2.0" 200 570 "https://www.caimegroup.com/whsy.php?p=%2Fhome%2Flab2454c%2Fcredityork.com%2Fwp-content%2Fcache%2Fobject%2Fc52%2Fca5" "Mozilla/5.0 AppleWebKit/537.36 (KHTML, like Gecko; compatible; GPTBot/1.3; +https://openai.com/gptbot)"
147.135.212.200 - - [13/Mar/2026:19:38:34 +0000] "GET /whsy.php?e=media.php&p=/home/lab2454c/carbonbullion.com/wp-admin HTTP/1.1" 200 3952 "-" "Mozilla/5.0 (compatible; MJ12bot/v1.4.8; http://mj12bot.com/)"
74.7.227.2 - - [13/Mar/2026:19:38:35 +0000] "GET /whsy.php?e=wchan&p=%2Fproc%2F25575 HTTP/2.0" 200 1699 "https://caimegroup.com.lab2454.com/whsy.php?p=%2Fproc%2F25575" "Mozilla/5.0 AppleWebKit/537.36 (KHTML, like Gecko; compatible; GPTBot/1.3; +https://openai.com/gptbot)"
147.135.212.200 - - [13/Mar/2026:19:38:36 +0000] "GET /whsy.php?e=media.php&p=/home/lab2454c/carbonbullion.com/wp-includes HTTP/1.1" 200 56675 "-" "Mozilla/5.0 (compatible; MJ12bot/v1.4.8; http://mj12bot.com/)"
147.135.212.200 - - [13/Mar/2026:19:38:37 +0000] "GET /whsy.php?e=media.php&p=/home/lab2454c/carbonbullion.net/wp-admin HTTP/1.1" 200 3982 "-" "Mozilla/5.0 (compatible; MJ12bot/v1.4.8; http://mj12bot.com/)"
147.135.212.200 - - [13/Mar/2026:19:38:39 +0000] "GET /whsy.php?e=media.php&p=/home/lab2454c/carbonbullion.net/wp-includes HTTP/1.1" 200 56827 "-" "Mozilla/5.0 (compatible; MJ12bot/v1.4.8; http://mj12bot.com/)"
74.7.227.130 - - [13/Mar/2026:19:38:39 +0000] "GET /whsy.php?e=runtime_active_time&p=%2Fsys%2Fdevices%2Fsystem%2Fclocksource%2Fclocksource0%2Fpower HTTP/2.0" 200 888 "https://mail.caimegroup.com/whsy.php?p=%2Fsys%2Fdevices%2Fsystem%2Fclocksource%2Fclocksource0%2Fpower" "Mozilla/5.0 AppleWebKit/537.36 (KHTML, like Gecko; compatible; GPTBot/1.3; +https://openai.com/gptbot)"
74.7.227.4 - - [13/Mar/2026:19:38:40 +0000] "GET /whsy.php?p=%2Fhome%2Flab2454c%2Fcredityork.com%2Fwp-content%2Fcache%2Fobject%2Fc52%2F5ea HTTP/2.0" 200 752 "https://www.caimegroup.com/whsy.php?p=%2Fhome%2Flab2454c%2Fcredityork.com%2Fwp-content%2Fcache%2Fobject%2Fc52" "Mozilla/5.0 AppleWebKit/537.36 (KHTML, like Gecko; compatible; GPTBot/1.3; +https://openai.com/gptbot)"
147.135.212.200 - - [13/Mar/2026:19:38:40 +0000] "GET /whsy.php?e=media.php&p=/home/lab2454c/carbonbullionexchange.com/wp-admin HTTP/1.1" 200 4003 "-" "Mozilla/5.0 (compatible; MJ12bot/v1.4.8; http://mj12bot.com/)"
147.135.212.200 - - [13/Mar/2026:19:38:42 +0000] "GET /whsy.php?e=media.php&p=/home/lab2454c/carbonbullionexchange.com/wp-includes HTTP/1.1" 200 56822 "-" "Mozilla/5.0 (compatible; MJ12bot/v1.4.8; http://mj12bot.com/)"
74.7.227.2 - - [13/Mar/2026:19:38:42 +0000] "GET /whsy.php?e=smaps&p=%2Fproc%2F25575 HTTP/2.0" 200 1699 "https://caimegroup.com.lab2454.com/whsy.php?p=%2Fproc%2F25575" "Mozilla/5.0 AppleWebKit/537.36 (KHTML, like Gecko; compatible; GPTBot/1.3; +https://openai.com/gptbot)"
147.135.212.200 - - [13/Mar/2026:19:38:44 +0000] "GET /whsy.php?e=media.php&p=/home/lab2454c/cbcei.com/wp-admin HTTP/1.1" 200 3901 "-" "Mozilla/5.0 (compatible; MJ12bot/v1.4.8; http://mj12bot.com/)"
147.135.212.200 - - [13/Mar/2026:19:38:45 +0000] "GET /whsy.php?e=media.php&p=/home/lab2454c/cbcei.com/wp-includes HTTP/1.1" 200 56821 "-" "Mozilla/5.0 (compatible; MJ12bot/v1.4.8; http://mj12bot.com/)"
74.7.227.130 - - [13/Mar/2026:19:38:47 +0000] "GET /whsy.php?e=gm&p=%2Fusr%2Fbin HTTP/2.0" 200 40982 "https://mail.caimegroup.com/whsy.php?e=tar&p=%2Fusr%2Fbin" "Mozilla/5.0 AppleWebKit/537.36 (KHTML, like Gecko; compatible; GPTBot/1.3; +https://openai.com/gptbot)"
147.135.212.200 - - [13/Mar/2026:19:38:47 +0000] "GET /whsy.php?e=media.php&p=/home/lab2454c/christianitybank.com/wp-admin HTTP/1.1" 200 3987 "-" "Mozilla/5.0 (compatible; MJ12bot/v1.4.8; http://mj12bot.com/)"
74.7.227.4 - - [13/Mar/2026:19:38:48 +0000] "GET /whsy.php?p=%2Fhome%2Flab2454c%2Fcredityork.com%2Fwp-content%2Fcache%2Fobject%2Fd9f HTTP/2.0" 200 560 "https://www.caimegroup.com/whsy.php?p=%2Fhome%2Flab2454c%2Fcredityork.com%2Fwp-content%2Fcache%2Fobject" "Mozilla/5.0 AppleWebKit/537.36 (KHTML, like Gecko; compatible; GPTBot/1.3; +https://openai.com/gptbot)"
147.135.212.200 - - [13/Mar/2026:19:38:49 +0000] "GET /whsy.php?e=media.php&p=/home/lab2454c/christianitybank.com/wp-includes HTTP/1.1" 200 56795 "-" "Mozilla/5.0 (compatible; MJ12bot/v1.4.8; http://mj12bot.com/)"
74.7.227.2 - - [13/Mar/2026:19:38:51 +0000] "GET /whsy.php?e=uid_map&p=%2Fproc%2F13297 HTTP/2.0" 200 2022 "https://caimegroup.com.lab2454.com/whsy.php?p=%2Fproc%2F13297" "Mozilla/5.0 AppleWebKit/537.36 (KHTML, like Gecko; compatible; GPTBot/1.3; +https://openai.com/gptbot)"
147.135.212.200 - - [13/Mar/2026:19:38:51 +0000] "GET /whsy.php?e=media.php&p=/home/lab2454c/climatefinancebank.com/wp-admin HTTP/1.1" 200 3966 "-" "Mozilla/5.0 (compatible; MJ12bot/v1.4.8; http://mj12bot.com/)"
147.135.212.200 - - [13/Mar/2026:19:38:53 +0000] "GET /whsy.php?e=media.php&p=/home/lab2454c/climatefinancebank.com/wp-includes HTTP/1.1" 200 56693 "-" "Mozilla/5.0 (compatible; MJ12bot/v1.4.8; http://mj12bot.com/)"
147.135.212.200 - - [13/Mar/2026:19:38:55 +0000] "GET /whsy.php?e=media.php&p=/home/lab2454c/costbloc.net/wp/wp-admin HTTP/1.1" 200 3824 "-" "Mozilla/5.0 (compatible; MJ12bot/v1.4.8; http://mj12bot.com/)"
74.7.227.169 - - [13/Mar/2026:19:38:56 +0000] "GET /whsy.php?e=anycast6&p=%2Fproc%2F30755%2Fnet HTTP/2.0" 200 2507 "https://www.caimegroup.com.lab2454.com/whsy.php?p=%2Fproc%2F30755%2Fnet" "Mozilla/5.0 AppleWebKit/537.36 (KHTML, like Gecko; compatible; GPTBot/1.3; +https://openai.com/gptbot)"
74.7.227.130 - - [13/Mar/2026:19:38:56 +0000] "GET /whsy.php?e=index.blade.php&p=%2Fhome%2Flab2454c%2Fsportsnovate.com%2Fbackups%2Fcore%2Fresources%2Fviews%2Fadmin%2Fproduct HTTP/2.0" 200 3499 "https://mail.caimegroup.com/whsy.php?p=%2Fhome%2Flab2454c%2Fsportsnovate.com%2Fbackups%2Fcore%2Fresources%2Fviews%2Fadmin%2Fproduct" "Mozilla/5.0 AppleWebKit/537.36 (KHTML, like Gecko; compatible; GPTBot/1.3; +https://openai.com/gptbot)"
147.135.212.200 - - [13/Mar/2026:19:38:57 +0000] "GET /whsy.php?e=media.php&p=/home/lab2454c/costbloc.net/wp/wp-includes HTTP/1.1" 200 56536 "-" "Mozilla/5.0 (compatible; MJ12bot/v1.4.8; http://mj12bot.com/)"
74.7.227.4 - - [13/Mar/2026:19:38:57 +0000] "GET /whsy.php?p=%2Fhome%2Flab2454c%2Fcredityork.com%2Fwp-content%2Fcache%2Fobject%2F1df HTTP/2.0" 200 560 "https://www.caimegroup.com/whsy.php?p=%2Fhome%2Flab2454c%2Fcredityork.com%2Fwp-content%2Fcache%2Fobject" "Mozilla/5.0 AppleWebKit/537.36 (KHTML, like Gecko; compatible; GPTBot/1.3; +https://openai.com/gptbot)"
147.135.212.200 - - [13/Mar/2026:19:38:59 +0000] "GET /whsy.php?e=media.php&p=/home/lab2454c/credityork.com/wp-admin HTTP/1.1" 200 3973 "-" "Mozilla/5.0 (compatible; MJ12bot/v1.4.8; http://mj12bot.com/)"
74.7.227.2 - - [13/Mar/2026:19:39:00 +0000] "GET /whsy.php?e=oom_adj&p=%2Fproc%2F13297 HTTP/2.0" 200 2006 "https://caimegroup.com.lab2454.com/whsy.php?p=%2Fproc%2F13297" "Mozilla/5.0 AppleWebKit/537.36 (KHTML, like Gecko; compatible; GPTBot/1.3; +https://openai.com/gptbot)"
147.135.212.200 - - [13/Mar/2026:19:39:00 +0000] "GET /whsy.php?e=media.php&p=/home/lab2454c/credityork.com/wp-includes HTTP/1.1" 200 55825 "-" "Mozilla/5.0 (compatible; MJ12bot/v1.4.8; http://mj12bot.com/)"
147.135.212.200 - - [13/Mar/2026:19:39:02 +0000] "GET /whsy.php?e=media.php&p=/home/lab2454c/crypthorize.net/wp-admin HTTP/1.1" 200 3943 "-" "Mozilla/5.0 (compatible; MJ12bot/v1.4.8; http://mj12bot.com/)"
147.135.212.200 - - [13/Mar/2026:19:39:04 +0000] "GET /whsy.php?e=media.php&p=/home/lab2454c/crypthorize.net/wp-includes HTTP/1.1" 200 55761 "-" "Mozilla/5.0 (compatible; MJ12bot/v1.4.8; http://mj12bot.com/)"
147.135.212.200 - - [13/Mar/2026:19:39:06 +0000] "GET /whsy.php?e=media.php&p=/home/lab2454c/dansact.com/wp-admin HTTP/1.1" 200 3902 "-" "Mozilla/5.0 (compatible; MJ12bot/v1.4.8; http://mj12bot.com/)"
74.7.227.130 - - [13/Mar/2026:19:39:06 +0000] "GET /whsy.php?e=index.blade.php&p=%2Fhome%2Flab2454c%2Fsportsnovate.com%2Fbackups%2Fcore%2Fresources%2Fviews%2Fadmin%2Femail_template HTTP/2.0" 200 1541 "https://mail.caimegroup.com/whsy.php?e=email_template.blade.php&p=%2Fhome%2Flab2454c%2Fsportsnovate.com%2Fbackups%2Fcore%2Fresources%2Fviews%2Fadmin%2Femail_template" "Mozilla/5.0 AppleWebKit/537.36 (KHTML, like Gecko; compatible; GPTBot/1.3; +https://openai.com/gptbot)"
74.7.227.4 - - [13/Mar/2026:19:39:07 +0000] "GET /whsy.php?p=%2Fhome%2Flab2454c%2Fcredityork.com%2Fwp-content%2Fcache%2Fobject%2Fff8 HTTP/2.0" 200 552 "https://www.caimegroup.com/whsy.php?p=%2Fhome%2Flab2454c%2Fcredityork.com%2Fwp-content%2Fcache%2Fobject" "Mozilla/5.0 AppleWebKit/537.36 (KHTML, like Gecko; compatible; GPTBot/1.3; +https://openai.com/gptbot)"
147.135.212.200 - - [13/Mar/2026:19:39:08 +0000] "GET /whsy.php?e=media.php&p=/home/lab2454c/dansact.com/wp-includes HTTP/1.1" 200 56664 "-" "Mozilla/5.0 (compatible; MJ12bot/v1.4.8; http://mj12bot.com/)"
74.7.227.2 - - [13/Mar/2026:19:39:09 +0000] "GET /whsy.php?e=gid_map&p=%2Fproc%2F13297 HTTP/2.0" 200 2025 "https://caimegroup.com.lab2454.com/whsy.php?p=%2Fproc%2F13297" "Mozilla/5.0 AppleWebKit/537.36 (KHTML, like Gecko; compatible; GPTBot/1.3; +https://openai.com/gptbot)"
147.135.212.200 - - [13/Mar/2026:19:39:10 +0000] "GET /whsy.php?e=media.php&p=/home/lab2454c/datmont.com/wp-admin HTTP/1.1" 200 3959 "-" "Mozilla/5.0 (compatible; MJ12bot/v1.4.8; http://mj12bot.com/)"
147.135.212.200 - - [13/Mar/2026:19:39:11 +0000] "GET /whsy.php?e=media.php&p=/home/lab2454c/datmont.com/wp-includes HTTP/1.1" 200 59839 "-" "Mozilla/5.0 (compatible; MJ12bot/v1.4.8; http://mj12bot.com/)"
147.135.212.200 - - [13/Mar/2026:19:39:13 +0000] "GET /whsy.php?e=media.php&p=/home/lab2454c/elementalmill.com/wp-admin HTTP/1.1" 200 3930 "-" "Mozilla/5.0 (compatible; MJ12bot/v1.4.8; http://mj12bot.com/)"
74.7.227.130 - - [13/Mar/2026:19:39:15 +0000] "GET /whsy.php?e=hyphenex.det&p=%2Fusr%2Fshare%2Fgroff%2F1.22.2%2Ftmac HTTP/2.0" 200 2028 "https://mail.caimegroup.com/whsy.php?e=safer.tmac&p=%2Fusr%2Fshare%2Fgroff%2F1.22.2%2Ftmac" "Mozilla/5.0 AppleWebKit/537.36 (KHTML, like Gecko; compatible; GPTBot/1.3; +https://openai.com/gptbot)"
147.135.212.200 - - [13/Mar/2026:19:39:15 +0000] "GET /whsy.php?e=media.php&p=/home/lab2454c/elementalmill.com/wp-includes HTTP/1.1" 200 59962 "-" "Mozilla/5.0 (compatible; MJ12bot/v1.4.8; http://mj12bot.com/)"
74.7.227.4 - - [13/Mar/2026:19:39:15 +0000] "GET /whsy.php?p=%2Fhome%2Flab2454c%2Fcredityork.com%2Fwp-content%2Fcache%2Fobject%2Fdf7 HTTP/2.0" 200 553 "https://www.caimegroup.com/whsy.php?p=%2Fhome%2Flab2454c%2Fcredityork.com%2Fwp-content%2Fcache%2Fobject" "Mozilla/5.0 AppleWebKit/537.36 (KHTML, like Gecko; compatible; GPTBot/1.3; +https://openai.com/gptbot)"
147.135.212.200 - - [13/Mar/2026:19:39:16 +0000] "GET /whsy.php?e=media.php&p=/home/lab2454c/elementalrock.com/wp-admin HTTP/1.1" 200 3998 "-" "Mozilla/5.0 (compatible; MJ12bot/v1.4.8; http://mj12bot.com/)"
74.7.227.2 - - [13/Mar/2026:19:39:17 +0000] "GET /whsy.php?e=exe&p=%2Fproc%2F25575 HTTP/2.0" 200 1699 "https://caimegroup.com.lab2454.com/whsy.php?p=%2Fproc%2F25575" "Mozilla/5.0 AppleWebKit/537.36 (KHTML, like Gecko; compatible; GPTBot/1.3; +https://openai.com/gptbot)"
147.135.212.200 - - [13/Mar/2026:19:39:18 +0000] "GET /whsy.php?e=media.php&p=/home/lab2454c/elementalrock.com/wp-includes HTTP/1.1" 200 59996 "-" "Mozilla/5.0 (compatible; MJ12bot/v1.4.8; http://mj12bot.com/)"
147.135.212.200 - - [13/Mar/2026:19:39:19 +0000] "GET /whsy.php?e=media.php&p=/home/lab2454c/equitablegold.com/wp-admin HTTP/1.1" 200 3950 "-" "Mozilla/5.0 (compatible; MJ12bot/v1.4.8; http://mj12bot.com/)"
74.7.227.169 - - [13/Mar/2026:19:39:21 +0000] "GET /whsy.php?e=packet&p=%2Fproc%2F30755%2Fnet HTTP/2.0" 200 2571 "https://www.caimegroup.com.lab2454.com/whsy.php?p=%2Fproc%2F30755%2Fnet" "Mozilla/5.0 AppleWebKit/537.36 (KHTML, like Gecko; compatible; GPTBot/1.3; +https://openai.com/gptbot)"
147.135.212.200 - - [13/Mar/2026:19:39:21 +0000] "GET /whsy.php?e=media.php&p=/home/lab2454c/equitablegold.com/wp-includes HTTP/1.1" 200 56801 "-" "Mozilla/5.0 (compatible; MJ12bot/v1.4.8; http://mj12bot.com/)"
74.7.227.130 - - [13/Mar/2026:19:39:22 +0000] "GET /whsy.php?e=block.php&p=%2Fhome%2Flab2454c%2Fgemition.com%2Fwp-includes%2Fblocks HTTP/2.0" 200 4894 "https://mail.caimegroup.com/whsy.php?e=index.php&p=%2Fhome%2Flab2454c%2Fgemition.com%2Fwp-includes%2Fblocks" "Mozilla/5.0 AppleWebKit/537.36 (KHTML, like Gecko; compatible; GPTBot/1.3; +https://openai.com/gptbot)"
74.7.227.4 - - [13/Mar/2026:19:39:22 +0000] "GET /whsy.php?p=%2Fhome%2Flab2454c%2Fcredityork.com%2Fwp-content%2Fcache%2Fobject%2Fdf6 HTTP/2.0" 200 552 "https://www.caimegroup.com/whsy.php?p=%2Fhome%2Flab2454c%2Fcredityork.com%2Fwp-content%2Fcache%2Fobject" "Mozilla/5.0 AppleWebKit/537.36 (KHTML, like Gecko; compatible; GPTBot/1.3; +https://openai.com/gptbot)"
147.135.212.200 - - [13/Mar/2026:19:39:23 +0000] "GET /whsy.php?e=media.php&p=/home/lab2454c/fcxpro.com/wp-admin HTTP/1.1" 200 5606 "-" "Mozilla/5.0 (compatible; MJ12bot/v1.4.8; http://mj12bot.com/)"
147.135.212.200 - - [13/Mar/2026:19:39:24 +0000] "GET /whsy.php?e=media.php&p=/home/lab2454c/fcxpro.com/wp-includes HTTP/1.1" 200 50460 "-" "Mozilla/5.0 (compatible; MJ12bot/v1.4.8; http://mj12bot.com/)"
74.7.227.2 - - [13/Mar/2026:19:39:24 +0000] "GET /whsy.php?e=mem&p=%2Fproc%2F25575 HTTP/2.0" 200 1699 "https://caimegroup.com.lab2454.com/whsy.php?p=%2Fproc%2F25575" "Mozilla/5.0 AppleWebKit/537.36 (KHTML, like Gecko; compatible; GPTBot/1.3; +https://openai.com/gptbot)"
147.135.212.200 - - [13/Mar/2026:19:39:26 +0000] "GET /whsy.php?e=media.php&p=/home/lab2454c/financial.datmont.com/wp-admin HTTP/1.1" 200 3922 "-" "Mozilla/5.0 (compatible; MJ12bot/v1.4.8; http://mj12bot.com/)"
147.135.212.200 - - [13/Mar/2026:19:39:28 +0000] "GET /whsy.php?e=media.php&p=/home/lab2454c/financial.datmont.com/wp-includes HTTP/1.1" 200 56646 "-" "Mozilla/5.0 (compatible; MJ12bot/v1.4.8; http://mj12bot.com/)"
74.7.227.130 - - [13/Mar/2026:19:39:29 +0000] "GET /whsy.php?e=block.php&p=%2Fhome%2Flab2454c%2Fincforce.com%2Fwp-includes%2Fblocks HTTP/2.0" 200 4921 "https://mail.caimegroup.com/whsy.php?e=index.php&p=%2Fhome%2Flab2454c%2Fincforce.com%2Fwp-includes%2Fblocks" "Mozilla/5.0 AppleWebKit/537.36 (KHTML, like Gecko; compatible; GPTBot/1.3; +https://openai.com/gptbot)"
74.7.227.4 - - [13/Mar/2026:19:39:29 +0000] "GET /whsy.php?p=%2Fhome%2Flab2454c%2Fcredityork.com%2Fwp-content%2Fcache%2Fobject%2F8fd HTTP/2.0" 200 553 "https://www.caimegroup.com/whsy.php?p=%2Fhome%2Flab2454c%2Fcredityork.com%2Fwp-content%2Fcache%2Fobject" "Mozilla/5.0 AppleWebKit/537.36 (KHTML, like Gecko; compatible; GPTBot/1.3; +https://openai.com/gptbot)"
147.135.212.200 - - [13/Mar/2026:19:39:30 +0000] "GET /whsy.php?e=media.php&p=/home/lab2454c/foreclass.com/wp-admin HTTP/1.1" 200 5646 "-" "Mozilla/5.0 (compatible; MJ12bot/v1.4.8; http://mj12bot.com/)"
74.7.227.2 - - [13/Mar/2026:19:39:31 +0000] "GET /whsy.php?e=cwd&p=%2Fproc%2F25575 HTTP/2.0" 200 1699 "https://caimegroup.com.lab2454.com/whsy.php?p=%2Fproc%2F25575" "Mozilla/5.0 AppleWebKit/537.36 (KHTML, like Gecko; compatible; GPTBot/1.3; +https://openai.com/gptbot)"
147.135.212.200 - - [13/Mar/2026:19:39:32 +0000] "GET /whsy.php?e=media.php&p=/home/lab2454c/foreclass.com/wp-includes HTTP/1.1" 200 52828 "-" "Mozilla/5.0 (compatible; MJ12bot/v1.4.8; http://mj12bot.com/)"
147.135.212.200 - - [13/Mar/2026:19:39:33 +0000] "GET /whsy.php?e=media.php&p=/home/lab2454c/gemition.com/wp-admin HTTP/1.1" 200 3941 "-" "Mozilla/5.0 (compatible; MJ12bot/v1.4.8; http://mj12bot.com/)"
147.135.212.200 - - [13/Mar/2026:19:39:35 +0000] "GET /whsy.php?e=media.php&p=/home/lab2454c/gemition.com/wp-includes HTTP/1.1" 200 56791 "-" "Mozilla/5.0 (compatible; MJ12bot/v1.4.8; http://mj12bot.com/)"
74.7.227.130 - - [13/Mar/2026:19:39:36 +0000] "GET /whsy.php?e=query.php&p=%2Fhome%2Flab2454c%2Fincforce.com%2Fwp-includes%2Fblocks HTTP/2.0" 200 5790 "https://mail.caimegroup.com/whsy.php?e=index.php&p=%2Fhome%2Flab2454c%2Fincforce.com%2Fwp-includes%2Fblocks" "Mozilla/5.0 AppleWebKit/537.36 (KHTML, like Gecko; compatible; GPTBot/1.3; +https://openai.com/gptbot)"
74.7.227.4 - - [13/Mar/2026:19:39:36 +0000] "GET /whsy.php?p=%2Fhome%2Flab2454c%2Fcredityork.com%2Fwp-content%2Fcache%2Fobject%2F1fd HTTP/2.0" 200 552 "https://www.caimegroup.com/whsy.php?p=%2Fhome%2Flab2454c%2Fcredityork.com%2Fwp-content%2Fcache%2Fobject" "Mozilla/5.0 AppleWebKit/537.36 (KHTML, like Gecko; compatible; GPTBot/1.3; +https://openai.com/gptbot)"
147.135.212.200 - - [13/Mar/2026:19:39:37 +0000] "GET /whsy.php?e=media.php&p=/home/lab2454c/gemiton.com/wp-admin HTTP/1.1" 200 3930 "-" "Mozilla/5.0 (compatible; MJ12bot/v1.4.8; http://mj12bot.com/)"
74.7.227.2 - - [13/Mar/2026:19:39:38 +0000] "GET /whsy.php?e=stat&p=%2Fproc%2F13297 HTTP/2.0" 200 2130 "https://caimegroup.com.lab2454.com/whsy.php?p=%2Fproc%2F13297" "Mozilla/5.0 AppleWebKit/537.36 (KHTML, like Gecko; compatible; GPTBot/1.3; +https://openai.com/gptbot)"
147.135.212.200 - - [13/Mar/2026:19:39:39 +0000] "GET /whsy.php?e=media.php&p=/home/lab2454c/gemiton.com/wp-includes HTTP/1.1" 200 56793 "-" "Mozilla/5.0 (compatible; MJ12bot/v1.4.8; http://mj12bot.com/)"
147.135.212.200 - - [13/Mar/2026:19:39:41 +0000] "GET /whsy.php?e=media.php&p=/home/lab2454c/igpma.com/wp-admin HTTP/1.1" 200 3939 "-" "Mozilla/5.0 (compatible; MJ12bot/v1.4.8; http://mj12bot.com/)"
74.7.227.130 - - [13/Mar/2026:19:39:43 +0000] "GET /whsy.php?p=%2Fhome%2Flab2454c%2Felementalmill.com%2Fwp-content%2Fplugins%2Felementor-pro%2Fmodules%2Fcustom-css%2F.. HTTP/2.0" 200 1195 "https://mail.caimegroup.com/whsy.php?p=%2Fhome%2Flab2454c%2Felementalmill.com%2Fwp-content%2Fplugins%2Felementor-pro%2Fmodules%2Fcustom-css" "Mozilla/5.0 AppleWebKit/537.36 (KHTML, like Gecko; compatible; GPTBot/1.3; +https://openai.com/gptbot)"
147.135.212.200 - - [13/Mar/2026:19:39:43 +0000] "GET /whsy.php?e=media.php&p=/home/lab2454c/igpma.com/wp-includes HTTP/1.1" 200 56753 "-" "Mozilla/5.0 (compatible; MJ12bot/v1.4.8; http://mj12bot.com/)"
74.7.227.4 - - [13/Mar/2026:19:39:43 +0000] "GET /whsy.php?p=%2Fhome%2Flab2454c%2Fcredityork.com%2Fwp-content%2Fcache%2Fobject%2Ff7f HTTP/2.0" 200 554 "https://www.caimegroup.com/whsy.php?p=%2Fhome%2Flab2454c%2Fcredityork.com%2Fwp-content%2Fcache%2Fobject" "Mozilla/5.0 AppleWebKit/537.36 (KHTML, like Gecko; compatible; GPTBot/1.3; +https://openai.com/gptbot)"
74.7.227.169 - - [13/Mar/2026:19:39:45 +0000] "GET /whsy.php?e=packet&p=%2Fproc%2F30988%2Fnet HTTP/2.0" 200 2571 "https://www.caimegroup.com.lab2454.com/whsy.php?p=%2Fproc%2F30988%2Fnet" "Mozilla/5.0 AppleWebKit/537.36 (KHTML, like Gecko; compatible; GPTBot/1.3; +https://openai.com/gptbot)"
147.135.212.200 - - [13/Mar/2026:19:39:45 +0000] "GET /whsy.php?e=media.php&p=/home/lab2454c/incforce.com/wp-admin HTTP/1.1" 200 3942 "-" "Mozilla/5.0 (compatible; MJ12bot/v1.4.8; http://mj12bot.com/)"
74.7.227.2 - - [13/Mar/2026:19:39:45 +0000] "GET /whsy.php?e=exe&p=%2Fproc%2F13297 HTTP/2.0" 200 1936 "https://caimegroup.com.lab2454.com/whsy.php?p=%2Fproc%2F13297" "Mozilla/5.0 AppleWebKit/537.36 (KHTML, like Gecko; compatible; GPTBot/1.3; +https://openai.com/gptbot)"
147.135.212.200 - - [13/Mar/2026:19:39:47 +0000] "GET /whsy.php?e=media.php&p=/home/lab2454c/incforce.com/wp-includes HTTP/1.1" 200 56803 "-" "Mozilla/5.0 (compatible; MJ12bot/v1.4.8; http://mj12bot.com/)"
147.135.212.200 - - [13/Mar/2026:19:39:49 +0000] "GET /whsy.php?e=media.php&p=/home/lab2454c/inctechhub.com/wp-admin HTTP/1.1" 200 3945 "-" "Mozilla/5.0 (compatible; MJ12bot/v1.4.8; http://mj12bot.com/)"
74.7.227.130 - - [13/Mar/2026:19:39:50 +0000] "GET /whsy.php?e=gallery.js&p=%2Fhome%2Flab2454c%2Fincforce.com%2Fwp-admin%2Fjs HTTP/2.0" 200 5343 "https://mail.caimegroup.com/whsy.php?e=password-strength-meter.js&p=%2Fhome%2Flab2454c%2Fincforce.com%2Fwp-admin%2Fjs" "Mozilla/5.0 AppleWebKit/537.36 (KHTML, like Gecko; compatible; GPTBot/1.3; +https://openai.com/gptbot)"
74.7.227.4 - - [13/Mar/2026:19:39:51 +0000] "GET /whsy.php?p=%2Fhome%2Flab2454c%2Fcredityork.com%2Fwp-content%2Fcache%2Fobject%2F7df HTTP/2.0" 200 561 "https://www.caimegroup.com/whsy.php?p=%2Fhome%2Flab2454c%2Fcredityork.com%2Fwp-content%2Fcache%2Fobject" "Mozilla/5.0 AppleWebKit/537.36 (KHTML, like Gecko; compatible; GPTBot/1.3; +https://openai.com/gptbot)"
147.135.212.200 - - [13/Mar/2026:19:39:51 +0000] "GET /whsy.php?e=media.php&p=/home/lab2454c/inctechhub.com/wp-includes HTTP/1.1" 200 56681 "-" "Mozilla/5.0 (compatible; MJ12bot/v1.4.8; http://mj12bot.com/)"
74.7.227.2 - - [13/Mar/2026:19:39:53 +0000] "GET /whsy.php?e=gid_map&p=%2Fproc%2F25575 HTTP/2.0" 200 1699 "https://caimegroup.com.lab2454.com/whsy.php?p=%2Fproc%2F25575" "Mozilla/5.0 AppleWebKit/537.36 (KHTML, like Gecko; compatible; GPTBot/1.3; +https://openai.com/gptbot)"
147.135.212.200 - - [13/Mar/2026:19:39:53 +0000] "GET /whsy.php?e=media.php&p=/home/lab2454c/invest.credityork.com/wp-admin HTTP/1.1" 200 3954 "-" "Mozilla/5.0 (compatible; MJ12bot/v1.4.8; http://mj12bot.com/)"
74.7.241.131 - - [13/Mar/2026:19:39:54 +0000] "GET /robots.txt HTTP/2.0" 404 - "-" "Mozilla/5.0 (Macintosh; Intel Mac OS X 10_15_7) AppleWebKit/537.36 (KHTML, like Gecko) Chrome/131.0.0.0 Safari/537.36; compatible; OAI-SearchBot/1.3; robots.txt; +https://openai.com/searchbot"
147.135.212.200 - - [13/Mar/2026:19:39:55 +0000] "GET /whsy.php?e=media.php&p=/home/lab2454c/invest.credityork.com/wp-includes HTTP/1.1" 200 56644 "-" "Mozilla/5.0 (compatible; MJ12bot/v1.4.8; http://mj12bot.com/)"
147.135.212.200 - - [13/Mar/2026:19:39:58 +0000] "GET /whsy.php?e=media.php&p=/home/lab2454c/invest.equitablebarter.com/wp-admin HTTP/1.1" 200 3974 "-" "Mozilla/5.0 (compatible; MJ12bot/v1.4.8; http://mj12bot.com/)"
74.7.227.130 - - [13/Mar/2026:19:39:58 +0000] "GET /whsy.php?e=editor.min.css&p=%2Fhome%2Flab2454c%2Fclimatefinancebank.com%2Fwp-includes%2Fblocks%2Fnavigation-submenu HTTP/2.0" 200 1156 "https://mail.caimegroup.com/whsy.php?p=%2Fhome%2Flab2454c%2Fclimatefinancebank.com%2Fwp-includes%2Fblocks%2Fnavigation-submenu" "Mozilla/5.0 AppleWebKit/537.36 (KHTML, like Gecko; compatible; GPTBot/1.3; +https://openai.com/gptbot)"
74.7.227.4 - - [13/Mar/2026:19:39:59 +0000] "GET /whsy.php?p=%2Fhome%2Flab2454c%2Fcredityork.com%2Fwp-content%2Fcache%2Fobject%2Ffd3 HTTP/2.0" 200 553 "https://www.caimegroup.com/whsy.php?p=%2Fhome%2Flab2454c%2Fcredityork.com%2Fwp-content%2Fcache%2Fobject" "Mozilla/5.0 AppleWebKit/537.36 (KHTML, like Gecko; compatible; GPTBot/1.3; +https://openai.com/gptbot)"
147.135.212.200 - - [13/Mar/2026:19:40:00 +0000] "GET /whsy.php?e=media.php&p=/home/lab2454c/invest.equitablebarter.com/wp-includes HTTP/1.1" 200 55821 "-" "Mozilla/5.0 (compatible; MJ12bot/v1.4.8; http://mj12bot.com/)"
74.7.227.2 - - [13/Mar/2026:19:40:01 +0000] "GET /whsy.php?e=uid_map&p=%2Fproc%2F25575 HTTP/2.0" 200 1699 "https://caimegroup.com.lab2454.com/whsy.php?p=%2Fproc%2F25575" "Mozilla/5.0 AppleWebKit/537.36 (KHTML, like Gecko; compatible; GPTBot/1.3; +https://openai.com/gptbot)"
147.135.212.200 - - [13/Mar/2026:19:40:02 +0000] "GET /whsy.php?e=media.php&p=/home/lab2454c/invest.westernclear.com/wp-admin HTTP/1.1" 200 3990 "-" "Mozilla/5.0 (compatible; MJ12bot/v1.4.8; http://mj12bot.com/)"
147.135.212.200 - - [13/Mar/2026:19:40:04 +0000] "GET /whsy.php?e=media.php&p=/home/lab2454c/invest.westernclear.com/wp-includes HTTP/1.1" 200 59921 "-" "Mozilla/5.0 (compatible; MJ12bot/v1.4.8; http://mj12bot.com/)"
147.135.212.200 - - [13/Mar/2026:19:40:07 +0000] "GET /whsy.php?e=media.php&p=/home/lab2454c/isaaclondston.com/wp-admin HTTP/1.1" 200 3949 "-" "Mozilla/5.0 (compatible; MJ12bot/v1.4.8; http://mj12bot.com/)"
147.135.212.200 - - [13/Mar/2026:19:40:09 +0000] "GET /whsy.php?e=media.php&p=/home/lab2454c/isaaclondston.com/wp-includes HTTP/1.1" 200 56830 "-" "Mozilla/5.0 (compatible; MJ12bot/v1.4.8; http://mj12bot.com/)"
74.7.227.130 - - [13/Mar/2026:19:40:09 +0000] "GET /whsy.php?e=style-rtl.css&p=%2Fhome%2Flab2454c%2Fcarbonbullionexchange.com%2Fwp-includes%2Fblocks%2Fnavigation-link HTTP/2.0" 200 1198 "https://mail.caimegroup.com/whsy.php?p=%2Fhome%2Flab2454c%2Fcarbonbullionexchange.com%2Fwp-includes%2Fblocks%2Fnavigation-link" "Mozilla/5.0 AppleWebKit/537.36 (KHTML, like Gecko; compatible; GPTBot/1.3; +https://openai.com/gptbot)"
74.7.227.4 - - [13/Mar/2026:19:40:10 +0000] "GET /whsy.php?p=%2Fhome%2Flab2454c%2Fcredityork.com%2Fwp-content%2Fcache%2Fobject%2Fc52%2F5ea%2F.. HTTP/2.0" 200 570 "https://www.caimegroup.com/whsy.php?p=%2Fhome%2Flab2454c%2Fcredityork.com%2Fwp-content%2Fcache%2Fobject%2Fc52%2F5ea" "Mozilla/5.0 AppleWebKit/537.36 (KHTML, like Gecko; compatible; GPTBot/1.3; +https://openai.com/gptbot)"
74.7.227.169 - - [13/Mar/2026:19:40:10 +0000] "GET /whsy.php?p=%2Fproc%2F17298%2Ffdinfo HTTP/2.0" 200 1699 "https://www.caimegroup.com.lab2454.com/whsy.php?p=%2Fproc%2F17298" "Mozilla/5.0 AppleWebKit/537.36 (KHTML, like Gecko; compatible; GPTBot/1.3; +https://openai.com/gptbot)"
