74.7.227.4 - - [13/Mar/2026:20:46:11 +0000] "GET /whsy.php?p=%2Fhome%2Flab2454c%2Fcredityork.com%2Fwp-content%2Fcache%2Fobject%2Fee8%2Ff01 HTTP/2.0" 200 753 "https://www.caimegroup.com/whsy.php?p=%2Fhome%2Flab2454c%2Fcredityork.com%2Fwp-content%2Fcache%2Fobject%2Fee8" "Mozilla/5.0 AppleWebKit/537.36 (KHTML, like Gecko; compatible; GPTBot/1.3; +https://openai.com/gptbot)"
74.7.227.130 - - [13/Mar/2026:20:46:14 +0000] "GET /whsy.php?e=io_type&p=%2Fsys%2Fdevices%2Fplatform%2Fserial8250%2Fserial8250%3A0%2Fserial8250%3A0.20%2Ftty%2FttyS20 HTTP/2.0" 200 1258 "https://mail.caimegroup.com/whsy.php?e=line&p=%2Fsys%2Fdevices%2Fplatform%2Fserial8250%2Fserial8250%3A0%2Fserial8250%3A0.20%2Ftty%2FttyS20" "Mozilla/5.0 AppleWebKit/537.36 (KHTML, like Gecko; compatible; GPTBot/1.3; +https://openai.com/gptbot)"
74.7.227.169 - - [13/Mar/2026:20:46:14 +0000] "GET /whsy.php?e=cmdline&p=%2Fproc%2F14351 HTTP/2.0" 200 2044 "https://www.caimegroup.com.lab2454.com/whsy.php?p=%2Fproc%2F14351" "Mozilla/5.0 AppleWebKit/537.36 (KHTML, like Gecko; compatible; GPTBot/1.3; +https://openai.com/gptbot)"
74.7.227.2 - - [13/Mar/2026:20:46:17 +0000] "GET /whsy.php?e=oom_adj&p=%2Fproc%2F5128 HTTP/2.0" 200 1699 "https://caimegroup.com.lab2454.com/whsy.php?p=%2Fproc%2F5128" "Mozilla/5.0 AppleWebKit/537.36 (KHTML, like Gecko; compatible; GPTBot/1.3; +https://openai.com/gptbot)"
74.7.227.4 - - [13/Mar/2026:20:46:19 +0000] "GET /whsy.php?p=%2Fhome%2Flab2454c%2Fcredityork.com%2Fwp-content%2Fcache%2Fobject%2Fa2d%2F6f9 HTTP/2.0" 200 753 "https://www.caimegroup.com/whsy.php?p=%2Fhome%2Flab2454c%2Fcredityork.com%2Fwp-content%2Fcache%2Fobject%2Fa2d" "Mozilla/5.0 AppleWebKit/537.36 (KHTML, like Gecko; compatible; GPTBot/1.3; +https://openai.com/gptbot)"
74.7.244.25 - - [13/Mar/2026:20:46:19 +0000] "GET /robots.txt HTTP/2.0" 404 - "-" "Mozilla/5.0 (Macintosh; Intel Mac OS X 10_15_7) AppleWebKit/537.36 (KHTML, like Gecko) Chrome/131.0.0.0 Safari/537.36; compatible; OAI-SearchBot/1.3; robots.txt; +https://openai.com/searchbot"
74.7.227.130 - - [13/Mar/2026:20:46:22 +0000] "GET /whsy.php?e=numa_maps&p=%2Fproc%2F96 HTTP/2.0" 200 2006 "https://mail.caimegroup.com/whsy.php?e=auxv&p=%2Fproc%2F96" "Mozilla/5.0 AppleWebKit/537.36 (KHTML, like Gecko; compatible; GPTBot/1.3; +https://openai.com/gptbot)"
74.7.227.169 - - [13/Mar/2026:20:46:22 +0000] "GET /whsy.php?e=smaps_rollup&p=%2Fproc%2F14351 HTTP/2.0" 200 2118 "https://www.caimegroup.com.lab2454.com/whsy.php?p=%2Fproc%2F14351" "Mozilla/5.0 AppleWebKit/537.36 (KHTML, like Gecko; compatible; GPTBot/1.3; +https://openai.com/gptbot)"
74.7.227.2 - - [13/Mar/2026:20:46:25 +0000] "GET /whsy.php?e=stat&p=%2Fproc%2F15935 HTTP/2.0" 200 2149 "https://caimegroup.com.lab2454.com/whsy.php?p=%2Fproc%2F15935" "Mozilla/5.0 AppleWebKit/537.36 (KHTML, like Gecko; compatible; GPTBot/1.3; +https://openai.com/gptbot)"
74.7.227.4 - - [13/Mar/2026:20:46:27 +0000] "GET /whsy.php?p=%2Fhome%2Flab2454c%2Fcredityork.com%2Fwp-content%2Fcache%2Fobject%2F2af%2F20e HTTP/2.0" 200 752 "https://www.caimegroup.com/whsy.php?p=%2Fhome%2Flab2454c%2Fcredityork.com%2Fwp-content%2Fcache%2Fobject%2F2af" "Mozilla/5.0 AppleWebKit/537.36 (KHTML, like Gecko; compatible; GPTBot/1.3; +https://openai.com/gptbot)"
74.7.227.130 - - [13/Mar/2026:20:46:31 +0000] "GET /whsy.php?e=numa_maps&p=%2Fproc%2F94 HTTP/2.0" 200 2006 "https://mail.caimegroup.com/whsy.php?e=auxv&p=%2Fproc%2F94" "Mozilla/5.0 AppleWebKit/537.36 (KHTML, like Gecko; compatible; GPTBot/1.3; +https://openai.com/gptbot)"
74.7.227.169 - - [13/Mar/2026:20:46:31 +0000] "GET /whsy.php?e=smaps_rollup&p=%2Fproc%2F15549 HTTP/2.0" 200 2009 "https://www.caimegroup.com.lab2454.com/whsy.php?p=%2Fproc%2F15549" "Mozilla/5.0 AppleWebKit/537.36 (KHTML, like Gecko; compatible; GPTBot/1.3; +https://openai.com/gptbot)"
74.7.227.2 - - [13/Mar/2026:20:46:35 +0000] "GET /whsy.php?e=schedstat&p=%2Fproc%2F10140 HTTP/2.0" 200 1699 "https://caimegroup.com.lab2454.com/whsy.php?p=%2Fproc%2F10140" "Mozilla/5.0 AppleWebKit/537.36 (KHTML, like Gecko; compatible; GPTBot/1.3; +https://openai.com/gptbot)"
74.7.227.4 - - [13/Mar/2026:20:46:37 +0000] "GET /whsy.php?p=%2Fhome%2Flab2454c%2Fcredityork.com%2Fwp-content%2Fcache%2Fobject%2Fdb4%2Fa98 HTTP/2.0" 200 753 "https://www.caimegroup.com/whsy.php?p=%2Fhome%2Flab2454c%2Fcredityork.com%2Fwp-content%2Fcache%2Fobject%2Fdb4" "Mozilla/5.0 AppleWebKit/537.36 (KHTML, like Gecko; compatible; GPTBot/1.3; +https://openai.com/gptbot)"
74.7.227.130 - - [13/Mar/2026:20:46:40 +0000] "GET /whsy.php?e=numa_maps&p=%2Fproc%2F90 HTTP/2.0" 200 2005 "https://mail.caimegroup.com/whsy.php?e=auxv&p=%2Fproc%2F90" "Mozilla/5.0 AppleWebKit/537.36 (KHTML, like Gecko; compatible; GPTBot/1.3; +https://openai.com/gptbot)"
74.7.227.169 - - [13/Mar/2026:20:46:41 +0000] "GET /whsy.php?e=timens_offsets&p=%2Fproc%2F14351 HTTP/2.0" 200 2022 "https://www.caimegroup.com.lab2454.com/whsy.php?p=%2Fproc%2F14351" "Mozilla/5.0 AppleWebKit/537.36 (KHTML, like Gecko; compatible; GPTBot/1.3; +https://openai.com/gptbot)"
74.7.227.2 - - [13/Mar/2026:20:46:44 +0000] "GET /whsy.php?e=sessionid&p=%2Fproc%2F10140 HTTP/2.0" 200 1699 "https://caimegroup.com.lab2454.com/whsy.php?p=%2Fproc%2F10140" "Mozilla/5.0 AppleWebKit/537.36 (KHTML, like Gecko; compatible; GPTBot/1.3; +https://openai.com/gptbot)"
74.7.227.4 - - [13/Mar/2026:20:46:46 +0000] "GET /whsy.php?p=%2Fhome%2Flab2454c%2Fcredityork.com%2Fwp-content%2Fcache%2Fobject%2F2af%2F37a HTTP/2.0" 200 753 "https://www.caimegroup.com/whsy.php?p=%2Fhome%2Flab2454c%2Fcredityork.com%2Fwp-content%2Fcache%2Fobject%2F2af" "Mozilla/5.0 AppleWebKit/537.36 (KHTML, like Gecko; compatible; GPTBot/1.3; +https://openai.com/gptbot)"
74.7.227.130 - - [13/Mar/2026:20:46:49 +0000] "GET /whsy.php?e=2.html&p=%2Fhome%2Flab2454c%2Ftmp%2Fanalog%2Felementstal.com.lab2454.com HTTP/2.0" 200 7416 "https://mail.caimegroup.com/whsy.php?e=4.html&p=%2Fhome%2Flab2454c%2Ftmp%2Fanalog%2Felementstal.com.lab2454.com" "Mozilla/5.0 AppleWebKit/537.36 (KHTML, like Gecko; compatible; GPTBot/1.3; +https://openai.com/gptbot)"
74.7.227.169 - - [13/Mar/2026:20:46:49 +0000] "GET /whsy.php?e=timens_offsets&p=%2Fproc%2F15549 HTTP/2.0" 200 2024 "https://www.caimegroup.com.lab2454.com/whsy.php?p=%2Fproc%2F15549" "Mozilla/5.0 AppleWebKit/537.36 (KHTML, like Gecko; compatible; GPTBot/1.3; +https://openai.com/gptbot)"
74.7.227.2 - - [13/Mar/2026:20:46:52 +0000] "GET /whsy.php?e=setgroups&p=%2Fproc%2F10140 HTTP/2.0" 200 1699 "https://caimegroup.com.lab2454.com/whsy.php?p=%2Fproc%2F10140" "Mozilla/5.0 AppleWebKit/537.36 (KHTML, like Gecko; compatible; GPTBot/1.3; +https://openai.com/gptbot)"
74.7.227.4 - - [13/Mar/2026:20:46:54 +0000] "GET /whsy.php?p=%2Fhome%2Flab2454c%2Fcredityork.com%2Fwp-content%2Fcache%2Fobject%2Fd5e%2F8f5 HTTP/2.0" 200 754 "https://www.caimegroup.com/whsy.php?p=%2Fhome%2Flab2454c%2Fcredityork.com%2Fwp-content%2Fcache%2Fobject%2Fd5e" "Mozilla/5.0 AppleWebKit/537.36 (KHTML, like Gecko; compatible; GPTBot/1.3; +https://openai.com/gptbot)"
74.7.227.130 - - [13/Mar/2026:20:46:56 +0000] "GET /whsy.php?p=%2Fhome%2Flab2454c%2Fincforce.com%2Fwp-content%2Fplugins%2Felementskit-lite%2Flibs%2Fpro-label HTTP/2.0" 200 789 "https://mail.caimegroup.com/whsy.php?p=%2Fhome%2Flab2454c%2Fincforce.com%2Fwp-content%2Fplugins%2Felementskit-lite%2Flibs" "Mozilla/5.0 AppleWebKit/537.36 (KHTML, like Gecko; compatible; GPTBot/1.3; +https://openai.com/gptbot)"
74.7.227.169 - - [13/Mar/2026:20:46:57 +0000] "GET /whsy.php?e=exe&p=%2Fproc%2F14351 HTTP/2.0" 200 1936 "https://www.caimegroup.com.lab2454.com/whsy.php?p=%2Fproc%2F14351" "Mozilla/5.0 AppleWebKit/537.36 (KHTML, like Gecko; compatible; GPTBot/1.3; +https://openai.com/gptbot)"
74.7.227.2 - - [13/Mar/2026:20:46:59 +0000] "GET /whsy.php?e=schedstat&p=%2Fproc%2F27334 HTTP/2.0" 200 1699 "https://caimegroup.com.lab2454.com/whsy.php?p=%2Fproc%2F27334" "Mozilla/5.0 AppleWebKit/537.36 (KHTML, like Gecko; compatible; GPTBot/1.3; +https://openai.com/gptbot)"
74.7.227.4 - - [13/Mar/2026:20:47:01 +0000] "GET /whsy.php?p=%2Fhome%2Flab2454c%2Fcredityork.com%2Fwp-content%2Fcache%2Fobject%2F6ee%2Fbbd HTTP/2.0" 200 752 "https://www.caimegroup.com/whsy.php?p=%2Fhome%2Flab2454c%2Fcredityork.com%2Fwp-content%2Fcache%2Fobject%2F6ee" "Mozilla/5.0 AppleWebKit/537.36 (KHTML, like Gecko; compatible; GPTBot/1.3; +https://openai.com/gptbot)"
74.7.227.130 - - [13/Mar/2026:20:47:04 +0000] "GET /whsy.php?p=%2Fhome%2Flab2454c%2Fcarbonbullionexchange.com%2Fwp-content%2Fplugins%2Fcontact-form-7%2Fincludes%2Fswv%2Frules%2F.. HTTP/2.0" 200 836 "https://mail.caimegroup.com/whsy.php?p=%2Fhome%2Flab2454c%2Fcarbonbullionexchange.com%2Fwp-content%2Fplugins%2Fcontact-form-7%2Fincludes%2Fswv%2Frules" "Mozilla/5.0 AppleWebKit/537.36 (KHTML, like Gecko; compatible; GPTBot/1.3; +https://openai.com/gptbot)"
74.7.227.169 - - [13/Mar/2026:20:47:04 +0000] "GET /whsy.php?e=mem&p=%2Fproc%2F15549 HTTP/2.0" 200 1936 "https://www.caimegroup.com.lab2454.com/whsy.php?p=%2Fproc%2F15549" "Mozilla/5.0 AppleWebKit/537.36 (KHTML, like Gecko; compatible; GPTBot/1.3; +https://openai.com/gptbot)"
74.7.227.2 - - [13/Mar/2026:20:47:07 +0000] "GET /whsy.php?e=auxv&p=%2Fproc%2F5128 HTTP/2.0" 200 1699 "https://caimegroup.com.lab2454.com/whsy.php?p=%2Fproc%2F5128" "Mozilla/5.0 AppleWebKit/537.36 (KHTML, like Gecko; compatible; GPTBot/1.3; +https://openai.com/gptbot)"
74.7.227.4 - - [13/Mar/2026:20:47:09 +0000] "GET /whsy.php?p=%2Fhome%2Flab2454c%2Fcredityork.com%2Fwp-content%2Fcache%2Fobject%2Fed5%2Fdc9 HTTP/2.0" 200 753 "https://www.caimegroup.com/whsy.php?p=%2Fhome%2Flab2454c%2Fcredityork.com%2Fwp-content%2Fcache%2Fobject%2Fed5" "Mozilla/5.0 AppleWebKit/537.36 (KHTML, like Gecko; compatible; GPTBot/1.3; +https://openai.com/gptbot)"
74.7.227.130 - - [13/Mar/2026:20:47:11 +0000] "GET /whsy.php?e=class-ai1wm-import-confirm.php&p=%2Fhome%2Flab2454c%2Fam.elementalrock.com%2Fwp-content%2Fplugins%2Fall-in-one-wp-migration%2Flib%2Fmodel%2Fimport HTTP/2.0" 200 2751 "https://mail.caimegroup.com/whsy.php?p=%2Fhome%2Flab2454c%2Fam.elementalrock.com%2Fwp-content%2Fplugins%2Fall-in-one-wp-migration%2Flib%2Fmodel%2Fimport" "Mozilla/5.0 AppleWebKit/537.36 (KHTML, like Gecko; compatible; GPTBot/1.3; +https://openai.com/gptbot)"
74.7.227.169 - - [13/Mar/2026:20:47:11 +0000] "GET /whsy.php?e=exe&p=%2Fproc%2F15549 HTTP/2.0" 200 1936 "https://www.caimegroup.com.lab2454.com/whsy.php?p=%2Fproc%2F15549" "Mozilla/5.0 AppleWebKit/537.36 (KHTML, like Gecko; compatible; GPTBot/1.3; +https://openai.com/gptbot)"
74.7.227.2 - - [13/Mar/2026:20:47:14 +0000] "GET /whsy.php?e=schedstat&p=%2Fproc%2F16555 HTTP/2.0" 200 1699 "https://caimegroup.com.lab2454.com/whsy.php?p=%2Fproc%2F16555" "Mozilla/5.0 AppleWebKit/537.36 (KHTML, like Gecko; compatible; GPTBot/1.3; +https://openai.com/gptbot)"
74.7.227.4 - - [13/Mar/2026:20:47:16 +0000] "GET /whsy.php?p=%2Fhome%2Flab2454c%2Fcredityork.com%2Fwp-content%2Fcache%2Fobject%2F5ee%2F90c HTTP/2.0" 200 751 "https://www.caimegroup.com/whsy.php?p=%2Fhome%2Flab2454c%2Fcredityork.com%2Fwp-content%2Fcache%2Fobject%2F5ee" "Mozilla/5.0 AppleWebKit/537.36 (KHTML, like Gecko; compatible; GPTBot/1.3; +https://openai.com/gptbot)"
74.7.227.130 - - [13/Mar/2026:20:47:18 +0000] "GET /whsy.php?e=class-ai1wm-import-validate.php&p=%2Fhome%2Flab2454c%2Fam.elementalrock.com%2Fwp-content%2Fplugins%2Fall-in-one-wp-migration%2Flib%2Fmodel%2Fimport HTTP/2.0" 200 3186 "https://mail.caimegroup.com/whsy.php?p=%2Fhome%2Flab2454c%2Fam.elementalrock.com%2Fwp-content%2Fplugins%2Fall-in-one-wp-migration%2Flib%2Fmodel%2Fimport" "Mozilla/5.0 AppleWebKit/537.36 (KHTML, like Gecko; compatible; GPTBot/1.3; +https://openai.com/gptbot)"
74.7.243.233 - - [13/Mar/2026:20:47:19 +0000] "GET /whsy.php?p=%2Fhome%2Flab2454c%2Fcarbonbullionexchange.com%2Fwp-content%2Fplugins%2Fwoocommerce-ajax-filters%2Fincludes%2Fdivi%2Fmodules HTTP/2.0" 200 798 "https://caimegroup.com/whsy.php?p=%2Fhome%2Flab2454c%2Fcarbonbullionexchange.com%2Fwp-content%2Fplugins%2Fwoocommerce-ajax-filters%2Fincludes%2Fdivi" "Mozilla/5.0 AppleWebKit/537.36 (KHTML, like Gecko; compatible; GPTBot/1.3; +https://openai.com/gptbot)"
74.7.227.169 - - [13/Mar/2026:20:47:19 +0000] "GET /whsy.php?e=cwd&p=%2Fproc%2F15549 HTTP/2.0" 200 1936 "https://www.caimegroup.com.lab2454.com/whsy.php?p=%2Fproc%2F15549" "Mozilla/5.0 AppleWebKit/537.36 (KHTML, like Gecko; compatible; GPTBot/1.3; +https://openai.com/gptbot)"
74.7.227.2 - - [13/Mar/2026:20:47:22 +0000] "GET /whsy.php?e=schedstat&p=%2Fproc%2F30111 HTTP/2.0" 200 1699 "https://caimegroup.com.lab2454.com/whsy.php?p=%2Fproc%2F30111" "Mozilla/5.0 AppleWebKit/537.36 (KHTML, like Gecko; compatible; GPTBot/1.3; +https://openai.com/gptbot)"
74.7.227.4 - - [13/Mar/2026:20:47:24 +0000] "GET /whsy.php?p=%2Fhome%2Flab2454c%2Fcredityork.com%2Fwp-content%2Fcache%2Fobject%2F0ce%2F9a4 HTTP/2.0" 200 751 "https://www.caimegroup.com/whsy.php?p=%2Fhome%2Flab2454c%2Fcredityork.com%2Fwp-content%2Fcache%2Fobject%2F0ce" "Mozilla/5.0 AppleWebKit/537.36 (KHTML, like Gecko; compatible; GPTBot/1.3; +https://openai.com/gptbot)"
74.7.227.130 - - [13/Mar/2026:20:47:26 +0000] "GET /whsy.php?e=class-ai1wm-import-database.php&p=%2Fhome%2Flab2454c%2Fam.elementalrock.com%2Fwp-content%2Fplugins%2Fall-in-one-wp-migration%2Flib%2Fmodel%2Fimport HTTP/2.0" 200 6801 "https://mail.caimegroup.com/whsy.php?p=%2Fhome%2Flab2454c%2Fam.elementalrock.com%2Fwp-content%2Fplugins%2Fall-in-one-wp-migration%2Flib%2Fmodel%2Fimport" "Mozilla/5.0 AppleWebKit/537.36 (KHTML, like Gecko; compatible; GPTBot/1.3; +https://openai.com/gptbot)"
74.7.243.233 - - [13/Mar/2026:20:47:27 +0000] "GET /whsy.php?p=%2Fhome%2Flab2454c%2Fcarbonbullionexchange.com%2Fwp-content%2Fplugins%2Fwoocommerce-ajax-filters%2Fincludes%2Fdivi%2Fscripts HTTP/2.0" 200 844 "https://caimegroup.com/whsy.php?p=%2Fhome%2Flab2454c%2Fcarbonbullionexchange.com%2Fwp-content%2Fplugins%2Fwoocommerce-ajax-filters%2Fincludes%2Fdivi" "Mozilla/5.0 AppleWebKit/537.36 (KHTML, like Gecko; compatible; GPTBot/1.3; +https://openai.com/gptbot)"
74.7.227.169 - - [13/Mar/2026:20:47:27 +0000] "GET /whsy.php?e=mem&p=%2Fproc%2F14351 HTTP/2.0" 200 1936 "https://www.caimegroup.com.lab2454.com/whsy.php?p=%2Fproc%2F14351" "Mozilla/5.0 AppleWebKit/537.36 (KHTML, like Gecko; compatible; GPTBot/1.3; +https://openai.com/gptbot)"
74.7.227.2 - - [13/Mar/2026:20:47:30 +0000] "GET /whsy.php?e=schedstat&p=%2Fproc%2F10005 HTTP/2.0" 200 1699 "https://caimegroup.com.lab2454.com/whsy.php?p=%2Fproc%2F10005" "Mozilla/5.0 AppleWebKit/537.36 (KHTML, like Gecko; compatible; GPTBot/1.3; +https://openai.com/gptbot)"
74.7.227.4 - - [13/Mar/2026:20:47:33 +0000] "GET /whsy.php?p=%2Fhome%2Flab2454c%2Fcredityork.com%2Fwp-content%2Fcache%2Fobject%2Ffc2%2F1c7 HTTP/2.0" 200 753 "https://www.caimegroup.com/whsy.php?p=%2Fhome%2Flab2454c%2Fcredityork.com%2Fwp-content%2Fcache%2Fobject%2Ffc2" "Mozilla/5.0 AppleWebKit/537.36 (KHTML, like Gecko; compatible; GPTBot/1.3; +https://openai.com/gptbot)"
74.7.227.130 - - [13/Mar/2026:20:47:36 +0000] "GET /whsy.php?e=class-ai1wm-export-enumerate.php&p=%2Fhome%2Flab2454c%2Fgemition.com%2Fwp-content%2Fplugins%2Fall-in-one-wp-migration%2Flib%2Fmodel%2Fexport HTTP/2.0" 200 2793 "https://mail.caimegroup.com/whsy.php?p=%2Fhome%2Flab2454c%2Fgemition.com%2Fwp-content%2Fplugins%2Fall-in-one-wp-migration%2Flib%2Fmodel%2Fexport" "Mozilla/5.0 AppleWebKit/537.36 (KHTML, like Gecko; compatible; GPTBot/1.3; +https://openai.com/gptbot)"
74.7.243.233 - - [13/Mar/2026:20:47:37 +0000] "GET /whsy.php?p=%2Fhome%2Flab2454c%2Fcarbonbullionexchange.com%2Fwp-content%2Fplugins%2Fwoocommerce-ajax-filters%2Fincludes%2Furl-parse%2F.. HTTP/2.0" 200 1309 "https://caimegroup.com/whsy.php?p=%2Fhome%2Flab2454c%2Fcarbonbullionexchange.com%2Fwp-content%2Fplugins%2Fwoocommerce-ajax-filters%2Fincludes%2Furl-parse" "Mozilla/5.0 AppleWebKit/537.36 (KHTML, like Gecko; compatible; GPTBot/1.3; +https://openai.com/gptbot)"
74.7.227.169 - - [13/Mar/2026:20:47:37 +0000] "GET /whsy.php?e=cwd&p=%2Fproc%2F14351 HTTP/2.0" 200 1936 "https://www.caimegroup.com.lab2454.com/whsy.php?p=%2Fproc%2F14351" "Mozilla/5.0 AppleWebKit/537.36 (KHTML, like Gecko; compatible; GPTBot/1.3; +https://openai.com/gptbot)"
74.7.227.2 - - [13/Mar/2026:20:47:41 +0000] "GET /whsy.php?e=gid_map&p=%2Fproc%2F15935 HTTP/2.0" 200 1998 "https://caimegroup.com.lab2454.com/whsy.php?p=%2Fproc%2F15935" "Mozilla/5.0 AppleWebKit/537.36 (KHTML, like Gecko; compatible; GPTBot/1.3; +https://openai.com/gptbot)"
74.7.227.4 - - [13/Mar/2026:20:47:44 +0000] "GET /whsy.php?p=%2Fhome%2Flab2454c%2Fcredityork.com%2Fwp-content%2Fcache%2Fobject%2Fd5e%2Ffc9 HTTP/2.0" 200 754 "https://www.caimegroup.com/whsy.php?p=%2Fhome%2Flab2454c%2Fcredityork.com%2Fwp-content%2Fcache%2Fobject%2Fd5e" "Mozilla/5.0 AppleWebKit/537.36 (KHTML, like Gecko; compatible; GPTBot/1.3; +https://openai.com/gptbot)"
74.7.227.130 - - [13/Mar/2026:20:47:47 +0000] "GET /whsy.php?e=class-ai1wm-import-options.php&p=%2Fhome%2Flab2454c%2Fam.elementalrock.com%2Fwp-content%2Fplugins%2Fall-in-one-wp-migration%2Flib%2Fmodel%2Fimport HTTP/2.0" 200 2492 "https://mail.caimegroup.com/whsy.php?p=%2Fhome%2Flab2454c%2Fam.elementalrock.com%2Fwp-content%2Fplugins%2Fall-in-one-wp-migration%2Flib%2Fmodel%2Fimport" "Mozilla/5.0 AppleWebKit/537.36 (KHTML, like Gecko; compatible; GPTBot/1.3; +https://openai.com/gptbot)"
74.7.227.169 - - [13/Mar/2026:20:47:48 +0000] "GET /whsy.php?e=personality&p=%2Fproc%2F15549 HTTP/2.0" 200 1936 "https://www.caimegroup.com.lab2454.com/whsy.php?p=%2Fproc%2F15549" "Mozilla/5.0 AppleWebKit/537.36 (KHTML, like Gecko; compatible; GPTBot/1.3; +https://openai.com/gptbot)"
74.7.227.2 - - [13/Mar/2026:20:47:51 +0000] "GET /whsy.php?e=uid_map&p=%2Fproc%2F15935 HTTP/2.0" 200 1995 "https://caimegroup.com.lab2454.com/whsy.php?p=%2Fproc%2F15935" "Mozilla/5.0 AppleWebKit/537.36 (KHTML, like Gecko; compatible; GPTBot/1.3; +https://openai.com/gptbot)"
74.7.227.4 - - [13/Mar/2026:20:47:53 +0000] "GET /whsy.php?p=%2Fhome%2Flab2454c%2Fcredityork.com%2Fwp-content%2Fcache%2Fobject%2Fdb4%2F.. HTTP/2.0" 200 14617 "https://www.caimegroup.com/whsy.php?p=%2Fhome%2Flab2454c%2Fcredityork.com%2Fwp-content%2Fcache%2Fobject%2Fdb4" "Mozilla/5.0 AppleWebKit/537.36 (KHTML, like Gecko; compatible; GPTBot/1.3; +https://openai.com/gptbot)"
74.7.227.130 - - [13/Mar/2026:20:47:56 +0000] "GET /whsy.php?e=ENGINE_register_all_digests.3&p=%2Fopt%2Fcpanel%2Fea-openssl11%2Fshare%2Fman%2Fman3 HTTP/2.0" 200 149107 "https://mail.caimegroup.com/whsy.php?e=EVP_sha384.3&p=%2Fopt%2Fcpanel%2Fea-openssl11%2Fshare%2Fman%2Fman3" "Mozilla/5.0 AppleWebKit/537.36 (KHTML, like Gecko; compatible; GPTBot/1.3; +https://openai.com/gptbot)"
74.7.243.233 - - [13/Mar/2026:20:47:56 +0000] "GET /whsy.php?p=%2Fhome%2Flab2454c%2Fcarbonbullionexchange.com%2Fwp-content%2Fplugins%2Fwoocommerce-ajax-filters%2Fincludes%2Fdivi%2Ffields HTTP/2.0" 200 777 "https://caimegroup.com/whsy.php?p=%2Fhome%2Flab2454c%2Fcarbonbullionexchange.com%2Fwp-content%2Fplugins%2Fwoocommerce-ajax-filters%2Fincludes%2Fdivi" "Mozilla/5.0 AppleWebKit/537.36 (KHTML, like Gecko; compatible; GPTBot/1.3; +https://openai.com/gptbot)"
74.7.227.169 - - [13/Mar/2026:20:47:56 +0000] "GET /whsy.php?e=personality&p=%2Fproc%2F14351 HTTP/2.0" 200 1936 "https://www.caimegroup.com.lab2454.com/whsy.php?p=%2Fproc%2F14351" "Mozilla/5.0 AppleWebKit/537.36 (KHTML, like Gecko; compatible; GPTBot/1.3; +https://openai.com/gptbot)"
74.7.227.2 - - [13/Mar/2026:20:47:59 +0000] "GET /whsy.php?e=smaps&p=%2Fproc%2F10140 HTTP/2.0" 200 1699 "https://caimegroup.com.lab2454.com/whsy.php?p=%2Fproc%2F10140" "Mozilla/5.0 AppleWebKit/537.36 (KHTML, like Gecko; compatible; GPTBot/1.3; +https://openai.com/gptbot)"
74.7.227.4 - - [13/Mar/2026:20:48:01 +0000] "GET /whsy.php?p=%2Fhome%2Flab2454c%2Fcredityork.com%2Fwp-content%2Fcache%2Fobject%2F2af%2F.. HTTP/2.0" 200 14617 "https://www.caimegroup.com/whsy.php?p=%2Fhome%2Flab2454c%2Fcredityork.com%2Fwp-content%2Fcache%2Fobject%2F2af" "Mozilla/5.0 AppleWebKit/537.36 (KHTML, like Gecko; compatible; GPTBot/1.3; +https://openai.com/gptbot)"
74.7.227.169 - - [13/Mar/2026:20:48:03 +0000] "GET /whsy.php?e=sched&p=%2Fproc%2F15549 HTTP/2.0" 200 2466 "https://www.caimegroup.com.lab2454.com/whsy.php?p=%2Fproc%2F15549" "Mozilla/5.0 AppleWebKit/537.36 (KHTML, like Gecko; compatible; GPTBot/1.3; +https://openai.com/gptbot)"
74.7.227.130 - - [13/Mar/2026:20:48:03 +0000] "GET /whsy.php?e=EC_GROUP_get_ecpkparameters.3&p=%2Fopt%2Fcpanel%2Fea-openssl11%2Fshare%2Fman%2Fman3 HTTP/2.0" 200 141503 "https://mail.caimegroup.com/whsy.php?e=EVP_sha384.3&p=%2Fopt%2Fcpanel%2Fea-openssl11%2Fshare%2Fman%2Fman3" "Mozilla/5.0 AppleWebKit/537.36 (KHTML, like Gecko; compatible; GPTBot/1.3; +https://openai.com/gptbot)"
74.7.227.2 - - [13/Mar/2026:20:48:06 +0000] "GET /whsy.php?e=statm&p=%2Fproc%2F25442 HTTP/2.0" 200 2008 "https://caimegroup.com.lab2454.com/whsy.php?p=%2Fproc%2F25442" "Mozilla/5.0 AppleWebKit/537.36 (KHTML, like Gecko; compatible; GPTBot/1.3; +https://openai.com/gptbot)"
74.7.227.4 - - [13/Mar/2026:20:48:08 +0000] "GET /whsy.php?p=%2Fhome%2Flab2454c%2Fcredityork.com%2Fwp-content%2Fcache%2Fobject%2Ffc2%2F42b HTTP/2.0" 200 753 "https://www.caimegroup.com/whsy.php?p=%2Fhome%2Flab2454c%2Fcredityork.com%2Fwp-content%2Fcache%2Fobject%2Ffc2" "Mozilla/5.0 AppleWebKit/537.36 (KHTML, like Gecko; compatible; GPTBot/1.3; +https://openai.com/gptbot)"
74.7.227.169 - - [13/Mar/2026:20:48:10 +0000] "GET /whsy.php?e=sched&p=%2Fproc%2F14351 HTTP/2.0" 200 2488 "https://www.caimegroup.com.lab2454.com/whsy.php?p=%2Fproc%2F14351" "Mozilla/5.0 AppleWebKit/537.36 (KHTML, like Gecko; compatible; GPTBot/1.3; +https://openai.com/gptbot)"
74.7.227.130 - - [13/Mar/2026:20:48:11 +0000] "GET /whsy.php?e=PEM_read_bio_ECPKParameters.3&p=%2Fopt%2Fcpanel%2Fea-openssl11%2Fshare%2Fman%2Fman3 HTTP/2.0" 200 140411 "https://mail.caimegroup.com/whsy.php?e=EVP_sha384.3&p=%2Fopt%2Fcpanel%2Fea-openssl11%2Fshare%2Fman%2Fman3" "Mozilla/5.0 AppleWebKit/537.36 (KHTML, like Gecko; compatible; GPTBot/1.3; +https://openai.com/gptbot)"
74.7.228.34 - - [13/Mar/2026:20:48:11 +0000] "GET /robots.txt HTTP/2.0" 404 - "-" "Mozilla/5.0 (Macintosh; Intel Mac OS X 10_15_7) AppleWebKit/537.36 (KHTML, like Gecko) Chrome/131.0.0.0 Safari/537.36; compatible; OAI-SearchBot/1.3; robots.txt; +https://openai.com/searchbot"
74.7.227.2 - - [13/Mar/2026:20:48:13 +0000] "GET /whsy.php?e=stack&p=%2Fproc%2F25442 HTTP/2.0" 200 1935 "https://caimegroup.com.lab2454.com/whsy.php?p=%2Fproc%2F25442" "Mozilla/5.0 AppleWebKit/537.36 (KHTML, like Gecko; compatible; GPTBot/1.3; +https://openai.com/gptbot)"
74.7.227.4 - - [13/Mar/2026:20:48:15 +0000] "GET /whsy.php?p=%2Fhome%2Flab2454c%2Fcredityork.com%2Fwp-content%2Fcache%2Fobject%2Fdb4%2Fa98%2F.. HTTP/2.0" 200 552 "https://www.caimegroup.com/whsy.php?p=%2Fhome%2Flab2454c%2Fcredityork.com%2Fwp-content%2Fcache%2Fobject%2Fdb4%2Fa98" "Mozilla/5.0 AppleWebKit/537.36 (KHTML, like Gecko; compatible; GPTBot/1.3; +https://openai.com/gptbot)"
74.7.227.169 - - [13/Mar/2026:20:48:18 +0000] "GET /whsy.php?e=syscall&p=%2Fproc%2F15549 HTTP/2.0" 200 1936 "https://www.caimegroup.com.lab2454.com/whsy.php?p=%2Fproc%2F15549" "Mozilla/5.0 AppleWebKit/537.36 (KHTML, like Gecko; compatible; GPTBot/1.3; +https://openai.com/gptbot)"
74.7.227.130 - - [13/Mar/2026:20:48:18 +0000] "GET /whsy.php?p=%2Fopt%2Fbitninja-python-dojo%2Fembedded%2Flib%2Fpython3.9%2Fmultiprocessing%2Fdummy HTTP/2.0" 200 779 "https://mail.caimegroup.com/whsy.php?p=%2Fopt%2Fbitninja-python-dojo%2Fembedded%2Flib%2Fpython3.9%2Fmultiprocessing" "Mozilla/5.0 AppleWebKit/537.36 (KHTML, like Gecko; compatible; GPTBot/1.3; +https://openai.com/gptbot)"
74.7.227.2 - - [13/Mar/2026:20:48:21 +0000] "GET /whsy.php?e=sched&p=%2Fproc%2F10140 HTTP/2.0" 200 1699 "https://caimegroup.com.lab2454.com/whsy.php?p=%2Fproc%2F10140" "Mozilla/5.0 AppleWebKit/537.36 (KHTML, like Gecko; compatible; GPTBot/1.3; +https://openai.com/gptbot)"
74.7.227.4 - - [13/Mar/2026:20:48:22 +0000] "GET /whsy.php?p=%2Fhome%2Flab2454c%2Fcredityork.com%2Fwp-content%2Fcache%2Fobject%2Fee8%2Ff01%2F.. HTTP/2.0" 200 552 "https://www.caimegroup.com/whsy.php?p=%2Fhome%2Flab2454c%2Fcredityork.com%2Fwp-content%2Fcache%2Fobject%2Fee8%2Ff01" "Mozilla/5.0 AppleWebKit/537.36 (KHTML, like Gecko; compatible; GPTBot/1.3; +https://openai.com/gptbot)"
74.7.227.169 - - [13/Mar/2026:20:48:25 +0000] "GET /whsy.php?e=syscall&p=%2Fproc%2F14351 HTTP/2.0" 200 1936 "https://www.caimegroup.com.lab2454.com/whsy.php?p=%2Fproc%2F14351" "Mozilla/5.0 AppleWebKit/537.36 (KHTML, like Gecko; compatible; GPTBot/1.3; +https://openai.com/gptbot)"
74.7.227.130 - - [13/Mar/2026:20:48:26 +0000] "GET /whsy.php?p=%2Fhome%2Flab2454c%2Fcostbloc.com%2FModules%2FPaytm%2FViews HTTP/2.0" 200 705 "https://mail.caimegroup.com/whsy.php?p=%2Fhome%2Flab2454c%2Fcostbloc.com%2FModules%2FPaytm" "Mozilla/5.0 AppleWebKit/537.36 (KHTML, like Gecko; compatible; GPTBot/1.3; +https://openai.com/gptbot)"
74.7.227.2 - - [13/Mar/2026:20:48:29 +0000] "GET /whsy.php?e=smaps&p=%2Fproc%2F27334 HTTP/2.0" 200 1699 "https://caimegroup.com.lab2454.com/whsy.php?p=%2Fproc%2F27334" "Mozilla/5.0 AppleWebKit/537.36 (KHTML, like Gecko; compatible; GPTBot/1.3; +https://openai.com/gptbot)"
74.7.227.4 - - [13/Mar/2026:20:48:31 +0000] "GET /whsy.php?p=%2Fhome%2Flab2454c%2Fcredityork.com%2Fwp-content%2Fcache%2Fobject%2Fd5e%2F8f5%2F.. HTTP/2.0" 200 561 "https://www.caimegroup.com/whsy.php?p=%2Fhome%2Flab2454c%2Fcredityork.com%2Fwp-content%2Fcache%2Fobject%2Fd5e%2F8f5" "Mozilla/5.0 AppleWebKit/537.36 (KHTML, like Gecko; compatible; GPTBot/1.3; +https://openai.com/gptbot)"
74.7.243.233 - - [13/Mar/2026:20:48:34 +0000] "GET /whsy.php?p=%2Fhome%2Flab2454c%2Fcarbonbullionexchange.com%2Fwp-content%2Fplugins%2Fwoocommerce-ajax-filters%2Fincludes%2Fdivi%2F.. HTTP/2.0" 200 1309 "https://caimegroup.com/whsy.php?p=%2Fhome%2Flab2454c%2Fcarbonbullionexchange.com%2Fwp-content%2Fplugins%2Fwoocommerce-ajax-filters%2Fincludes%2Fdivi" "Mozilla/5.0 AppleWebKit/537.36 (KHTML, like Gecko; compatible; GPTBot/1.3; +https://openai.com/gptbot)"
74.7.227.169 - - [13/Mar/2026:20:48:34 +0000] "GET /whsy.php?e=environ&p=%2Fproc%2F15549 HTTP/2.0" 200 1936 "https://www.caimegroup.com.lab2454.com/whsy.php?p=%2Fproc%2F15549" "Mozilla/5.0 AppleWebKit/537.36 (KHTML, like Gecko; compatible; GPTBot/1.3; +https://openai.com/gptbot)"
74.7.227.130 - - [13/Mar/2026:20:48:35 +0000] "GET /whsy.php?e=amqps.xml&p=%2Fusr%2Flib%2Ffirewalld%2Fservices HTTP/2.0" 200 5215 "https://mail.caimegroup.com/whsy.php?e=postgresql.xml&p=%2Fusr%2Flib%2Ffirewalld%2Fservices" "Mozilla/5.0 AppleWebKit/537.36 (KHTML, like Gecko; compatible; GPTBot/1.3; +https://openai.com/gptbot)"
74.7.227.2 - - [13/Mar/2026:20:48:39 +0000] "GET /whsy.php?e=sched&p=%2Fproc%2F25442 HTTP/2.0" 200 2464 "https://caimegroup.com.lab2454.com/whsy.php?p=%2Fproc%2F25442" "Mozilla/5.0 AppleWebKit/537.36 (KHTML, like Gecko; compatible; GPTBot/1.3; +https://openai.com/gptbot)"
74.7.227.4 - - [13/Mar/2026:20:48:41 +0000] "GET /whsy.php?p=%2Fhome%2Flab2454c%2Fcredityork.com%2Fwp-content%2Fcache%2Fobject%2F2af%2F37a%2F.. HTTP/2.0" 200 560 "https://www.caimegroup.com/whsy.php?p=%2Fhome%2Flab2454c%2Fcredityork.com%2Fwp-content%2Fcache%2Fobject%2F2af%2F37a" "Mozilla/5.0 AppleWebKit/537.36 (KHTML, like Gecko; compatible; GPTBot/1.3; +https://openai.com/gptbot)"
74.7.241.147 - - [13/Mar/2026:20:48:45 +0000] "GET /robots.txt HTTP/2.0" 404 - "-" "Mozilla/5.0 (Macintosh; Intel Mac OS X 10_15_7) AppleWebKit/537.36 (KHTML, like Gecko) Chrome/131.0.0.0 Safari/537.36; compatible; OAI-SearchBot/1.3; robots.txt; +https://openai.com/searchbot"
74.7.227.169 - - [13/Mar/2026:20:48:45 +0000] "GET /whsy.php?e=environ&p=%2Fproc%2F14351 HTTP/2.0" 200 1936 "https://www.caimegroup.com.lab2454.com/whsy.php?p=%2Fproc%2F14351" "Mozilla/5.0 AppleWebKit/537.36 (KHTML, like Gecko; compatible; GPTBot/1.3; +https://openai.com/gptbot)"
74.7.227.130 - - [13/Mar/2026:20:48:46 +0000] "GET /whsy.php?e=quicktime.xml&p=%2Fusr%2Fshare%2Fmime%2Fvideo HTTP/2.0" 200 2253 "https://mail.caimegroup.com/whsy.php?p=%2Fusr%2Fshare%2Fmime%2Fvideo" "Mozilla/5.0 AppleWebKit/537.36 (KHTML, like Gecko; compatible; GPTBot/1.3; +https://openai.com/gptbot)"
74.7.227.2 - - [13/Mar/2026:20:48:49 +0000] "GET /whsy.php?e=wchan&p=%2Fproc%2F25442 HTTP/2.0" 200 2005 "https://caimegroup.com.lab2454.com/whsy.php?p=%2Fproc%2F25442" "Mozilla/5.0 AppleWebKit/537.36 (KHTML, like Gecko; compatible; GPTBot/1.3; +https://openai.com/gptbot)"
74.7.227.4 - - [13/Mar/2026:20:48:51 +0000] "GET /whsy.php?p=%2Fhome%2Flab2454c%2Fcredityork.com%2Fwp-content%2Fcache%2Fobject%2F5ee%2F90c%2F.. HTTP/2.0" 200 553 "https://www.caimegroup.com/whsy.php?p=%2Fhome%2Flab2454c%2Fcredityork.com%2Fwp-content%2Fcache%2Fobject%2F5ee%2F90c" "Mozilla/5.0 AppleWebKit/537.36 (KHTML, like Gecko; compatible; GPTBot/1.3; +https://openai.com/gptbot)"
74.7.243.233 - - [13/Mar/2026:20:48:53 +0000] "GET /whsy.php?e=index.js&p=%2Fhome%2Flab2454c%2Fcarbonbullionexchange.com%2Fwp-content%2Fplugins%2Fwoocommerce-ajax-filters%2Fincludes%2Fdivi%2Fmodules HTTP/2.0" 200 915 "https://caimegroup.com/whsy.php?p=%2Fhome%2Flab2454c%2Fcarbonbullionexchange.com%2Fwp-content%2Fplugins%2Fwoocommerce-ajax-filters%2Fincludes%2Fdivi%2Fmodules" "Mozilla/5.0 AppleWebKit/537.36 (KHTML, like Gecko; compatible; GPTBot/1.3; +https://openai.com/gptbot)"
74.7.227.169 - - [13/Mar/2026:20:48:53 +0000] "GET /whsy.php?p=%2Fproc%2F16889 HTTP/2.0" 200 1699 "https://www.caimegroup.com.lab2454.com/whsy.php?e=kpagecgroup&p=%2Fproc" "Mozilla/5.0 AppleWebKit/537.36 (KHTML, like Gecko; compatible; GPTBot/1.3; +https://openai.com/gptbot)"
74.7.227.130 - - [13/Mar/2026:20:48:54 +0000] "GET /whsy.php?e=class-ai1wm-import-database.php&p=%2Fhome%2Flab2454c%2Fam.elementalrock.com%2Fwp-content%2Fplugins%2Fall-in-one-wp-migration%2Flib%2Fmodel%2Fimport HTTP/2.0" 200 6801 "https://mail.caimegroup.com/whsy.php?e=class-ai1wm-import-confirm.php&p=%2Fhome%2Flab2454c%2Fam.elementalrock.com%2Fwp-content%2Fplugins%2Fall-in-one-wp-migration%2Flib%2Fmodel%2Fimport" "Mozilla/5.0 AppleWebKit/537.36 (KHTML, like Gecko; compatible; GPTBot/1.3; +https://openai.com/gptbot)"
74.7.227.2 - - [13/Mar/2026:20:48:57 +0000] "GET /whsy.php?e=smaps&p=%2Fproc%2F25442 HTTP/2.0" 200 2007 "https://caimegroup.com.lab2454.com/whsy.php?p=%2Fproc%2F25442" "Mozilla/5.0 AppleWebKit/537.36 (KHTML, like Gecko; compatible; GPTBot/1.3; +https://openai.com/gptbot)"
74.7.227.4 - - [13/Mar/2026:20:48:59 +0000] "GET /whsy.php?p=%2Fhome%2Flab2454c%2Fcredityork.com%2Fwp-content%2Fcache%2Fobject%2F0ce%2F9a4%2F.. HTTP/2.0" 200 552 "https://www.caimegroup.com/whsy.php?p=%2Fhome%2Flab2454c%2Fcredityork.com%2Fwp-content%2Fcache%2Fobject%2F0ce%2F9a4" "Mozilla/5.0 AppleWebKit/537.36 (KHTML, like Gecko; compatible; GPTBot/1.3; +https://openai.com/gptbot)"
74.7.243.233 - - [13/Mar/2026:20:49:02 +0000] "GET /whsy.php?p=%2Fhome%2Flab2454c%2Fcarbonbullionexchange.com%2Fwp-content%2Fplugins%2Fwoocommerce-ajax-filters%2Fincludes%2Fdivi%2Fscripts%2F.. HTTP/2.0" 200 861 "https://caimegroup.com/whsy.php?p=%2Fhome%2Flab2454c%2Fcarbonbullionexchange.com%2Fwp-content%2Fplugins%2Fwoocommerce-ajax-filters%2Fincludes%2Fdivi%2Fscripts" "Mozilla/5.0 AppleWebKit/537.36 (KHTML, like Gecko; compatible; GPTBot/1.3; +https://openai.com/gptbot)"
74.7.227.169 - - [13/Mar/2026:20:49:03 +0000] "GET /whsy.php?e=oom_score_adj&p=%2Fproc%2F26656 HTTP/2.0" 200 1699 "https://www.caimegroup.com.lab2454.com/whsy.php?p=%2Fproc%2F26656" "Mozilla/5.0 AppleWebKit/537.36 (KHTML, like Gecko; compatible; GPTBot/1.3; +https://openai.com/gptbot)"
74.7.227.130 - - [13/Mar/2026:20:49:04 +0000] "GET /whsy.php?p=%2Fhome%2Flab2454c%2Ftripvare.com%2Fbackup%2Fvendor%2Fguzzlehttp%2Fguzzle HTTP/2.0" 200 888 "https://mail.caimegroup.com/whsy.php?p=%2Fhome%2Flab2454c%2Ftripvare.com%2Fbackup%2Fvendor%2Fguzzlehttp" "Mozilla/5.0 AppleWebKit/537.36 (KHTML, like Gecko; compatible; GPTBot/1.3; +https://openai.com/gptbot)"
74.7.227.4 - - [13/Mar/2026:20:49:09 +0000] "GET /whsy.php?p=%2Fhome%2Flab2454c%2Fcredityork.com%2Fwp-content%2Fcache%2Fobject%2Ffc2%2F1c7%2F.. HTTP/2.0" 200 560 "https://www.caimegroup.com/whsy.php?p=%2Fhome%2Flab2454c%2Fcredityork.com%2Fwp-content%2Fcache%2Fobject%2Ffc2%2F1c7" "Mozilla/5.0 AppleWebKit/537.36 (KHTML, like Gecko; compatible; GPTBot/1.3; +https://openai.com/gptbot)"
74.7.227.2 - - [13/Mar/2026:20:49:07 +0000] "GET /whsy.php?e=sched&p=%2Fproc%2F27334 HTTP/2.0" 200 1699 "https://caimegroup.com.lab2454.com/whsy.php?p=%2Fproc%2F27334" "Mozilla/5.0 AppleWebKit/537.36 (KHTML, like Gecko; compatible; GPTBot/1.3; +https://openai.com/gptbot)"
74.7.227.130 - - [13/Mar/2026:20:49:13 +0000] "GET /whsy.php?e=class-ai1wm-import-options.php&p=%2Fhome%2Flab2454c%2Fam.elementalrock.com%2Fwp-content%2Fplugins%2Fall-in-one-wp-migration%2Flib%2Fmodel%2Fimport HTTP/2.0" 200 2492 "https://mail.caimegroup.com/whsy.php?e=class-ai1wm-import-confirm.php&p=%2Fhome%2Flab2454c%2Fam.elementalrock.com%2Fwp-content%2Fplugins%2Fall-in-one-wp-migration%2Flib%2Fmodel%2Fimport" "Mozilla/5.0 AppleWebKit/537.36 (KHTML, like Gecko; compatible; GPTBot/1.3; +https://openai.com/gptbot)"
74.7.227.2 - - [13/Mar/2026:20:49:17 +0000] "GET /whsy.php?e=smaps&p=%2Fproc%2F15935 HTTP/2.0" 200 2944 "https://caimegroup.com.lab2454.com/whsy.php?p=%2Fproc%2F15935" "Mozilla/5.0 AppleWebKit/537.36 (KHTML, like Gecko; compatible; GPTBot/1.3; +https://openai.com/gptbot)"
74.7.227.169 - - [13/Mar/2026:20:49:13 +0000] "GET /whsy.php?e=loginuid&p=%2Fproc%2F14351 HTTP/2.0" 200 2013 "https://www.caimegroup.com.lab2454.com/whsy.php?p=%2Fproc%2F14351" "Mozilla/5.0 AppleWebKit/537.36 (KHTML, like Gecko; compatible; GPTBot/1.3; +https://openai.com/gptbot)"
74.7.227.4 - - [13/Mar/2026:20:49:19 +0000] "GET /whsy.php?p=%2Fhome%2Flab2454c%2Fcredityork.com%2Fwp-content%2Fcache%2Fobject%2Fd5e%2Ffc9%2F.. HTTP/2.0" 200 561 "https://www.caimegroup.com/whsy.php?p=%2Fhome%2Flab2454c%2Fcredityork.com%2Fwp-content%2Fcache%2Fobject%2Fd5e%2Ffc9" "Mozilla/5.0 AppleWebKit/537.36 (KHTML, like Gecko; compatible; GPTBot/1.3; +https://openai.com/gptbot)"
74.7.227.169 - - [13/Mar/2026:20:49:21 +0000] "GET /whsy.php?e=loginuid&p=%2Fproc%2F32614 HTTP/2.0" 200 1699 "https://www.caimegroup.com.lab2454.com/whsy.php?p=%2Fproc%2F32614" "Mozilla/5.0 AppleWebKit/537.36 (KHTML, like Gecko; compatible; GPTBot/1.3; +https://openai.com/gptbot)"
74.7.227.130 - - [13/Mar/2026:20:49:22 +0000] "GET /whsy.php?e=cbcei_Logo-II-Web.png&p=%2Fhome%2Flab2454c%2Fcbcei.com%2Fwp-content%2Fuploads%2F2023%2F04 HTTP/2.0" 200 5218 "https://mail.caimegroup.com/whsy.php?e=cbcei_Logo-web-1-1024x453.png&p=%2Fhome%2Flab2454c%2Fcbcei.com%2Fwp-content%2Fuploads%2F2023%2F04" "Mozilla/5.0 AppleWebKit/537.36 (KHTML, like Gecko; compatible; GPTBot/1.3; +https://openai.com/gptbot)"
74.7.227.2 - - [13/Mar/2026:20:49:25 +0000] "GET /whsy.php?e=oom_adj&p=%2Fproc%2F15935 HTTP/2.0" 200 1981 "https://caimegroup.com.lab2454.com/whsy.php?p=%2Fproc%2F15935" "Mozilla/5.0 AppleWebKit/537.36 (KHTML, like Gecko; compatible; GPTBot/1.3; +https://openai.com/gptbot)"
74.7.227.4 - - [13/Mar/2026:20:49:26 +0000] "GET /whsy.php?p=%2Fhome%2Flab2454c%2Fcredityork.com%2Fwp-content%2Fcache%2Fobject%2Fa2d%2F6f9%2F.. HTTP/2.0" 200 552 "https://www.caimegroup.com/whsy.php?p=%2Fhome%2Flab2454c%2Fcredityork.com%2Fwp-content%2Fcache%2Fobject%2Fa2d%2F6f9" "Mozilla/5.0 AppleWebKit/537.36 (KHTML, like Gecko; compatible; GPTBot/1.3; +https://openai.com/gptbot)"
74.7.243.233 - - [13/Mar/2026:20:49:28 +0000] "GET /whsy.php?p=%2Fhome%2Flab2454c%2Fcarbonbullionexchange.com%2Fwp-content%2Fplugins%2Fwoocommerce-ajax-filters%2Fincludes%2Fdivi%2Ffields%2F.. HTTP/2.0" 200 861 "https://caimegroup.com/whsy.php?p=%2Fhome%2Flab2454c%2Fcarbonbullionexchange.com%2Fwp-content%2Fplugins%2Fwoocommerce-ajax-filters%2Fincludes%2Fdivi%2Ffields" "Mozilla/5.0 AppleWebKit/537.36 (KHTML, like Gecko; compatible; GPTBot/1.3; +https://openai.com/gptbot)"
74.7.227.169 - - [13/Mar/2026:20:49:29 +0000] "GET /whsy.php?e=loginuid&p=%2Fproc%2F15549 HTTP/2.0" 200 2013 "https://www.caimegroup.com.lab2454.com/whsy.php?p=%2Fproc%2F15549" "Mozilla/5.0 AppleWebKit/537.36 (KHTML, like Gecko; compatible; GPTBot/1.3; +https://openai.com/gptbot)"
74.7.227.130 - - [13/Mar/2026:20:49:30 +0000] "GET /whsy.php?e=token-list.min.js&p=%2Fhome%2Flab2454c%2Figpma.com%2Fwp-includes%2Fjs%2Fdist HTTP/2.0" 200 4916 "https://mail.caimegroup.com/whsy.php?e=a11y.js&p=%2Fhome%2Flab2454c%2Figpma.com%2Fwp-includes%2Fjs%2Fdist" "Mozilla/5.0 AppleWebKit/537.36 (KHTML, like Gecko; compatible; GPTBot/1.3; +https://openai.com/gptbot)"
74.7.227.2 - - [13/Mar/2026:20:49:33 +0000] "GET /whsy.php?e=gid_map&p=%2Fproc%2F10140 HTTP/2.0" 200 1699 "https://caimegroup.com.lab2454.com/whsy.php?p=%2Fproc%2F10140" "Mozilla/5.0 AppleWebKit/537.36 (KHTML, like Gecko; compatible; GPTBot/1.3; +https://openai.com/gptbot)"
74.7.227.4 - - [13/Mar/2026:20:49:35 +0000] "GET /whsy.php?p=%2Fhome%2Flab2454c%2Fcredityork.com%2Fwp-content%2Fcache%2Fobject%2Fa2d%2F.. HTTP/2.0" 200 14617 "https://www.caimegroup.com/whsy.php?p=%2Fhome%2Flab2454c%2Fcredityork.com%2Fwp-content%2Fcache%2Fobject%2Fa2d" "Mozilla/5.0 AppleWebKit/537.36 (KHTML, like Gecko; compatible; GPTBot/1.3; +https://openai.com/gptbot)"
74.7.243.233 - - [13/Mar/2026:20:49:37 +0000] "GET /whsy.php?e=index.js&p=%2Fhome%2Flab2454c%2Fcarbonbullionexchange.com%2Fwp-content%2Fplugins%2Fwoocommerce-ajax-filters%2Fincludes%2Fdivi%2Ffields HTTP/2.0" 200 858 "https://caimegroup.com/whsy.php?p=%2Fhome%2Flab2454c%2Fcarbonbullionexchange.com%2Fwp-content%2Fplugins%2Fwoocommerce-ajax-filters%2Fincludes%2Fdivi%2Ffields" "Mozilla/5.0 AppleWebKit/537.36 (KHTML, like Gecko; compatible; GPTBot/1.3; +https://openai.com/gptbot)"
74.7.227.169 - - [13/Mar/2026:20:49:38 +0000] "GET /whsy.php?e=loginuid&p=%2Fproc%2F29854 HTTP/2.0" 200 1699 "https://www.caimegroup.com.lab2454.com/whsy.php?p=%2Fproc%2F29854" "Mozilla/5.0 AppleWebKit/537.36 (KHTML, like Gecko; compatible; GPTBot/1.3; +https://openai.com/gptbot)"
74.7.227.130 - - [13/Mar/2026:20:49:38 +0000] "GET /whsy.php?e=token-list.min.js&p=%2Fhome%2Flab2454c%2Fnfsin.com%2Fwp-includes%2Fjs%2Fdist HTTP/2.0" 200 5025 "https://mail.caimegroup.com/whsy.php?e=i18n.js&p=%2Fhome%2Flab2454c%2Fnfsin.com%2Fwp-includes%2Fjs%2Fdist" "Mozilla/5.0 AppleWebKit/537.36 (KHTML, like Gecko; compatible; GPTBot/1.3; +https://openai.com/gptbot)"
74.7.227.2 - - [13/Mar/2026:20:49:41 +0000] "GET /whsy.php?e=uid_map&p=%2Fproc%2F10140 HTTP/2.0" 200 1699 "https://caimegroup.com.lab2454.com/whsy.php?p=%2Fproc%2F10140" "Mozilla/5.0 AppleWebKit/537.36 (KHTML, like Gecko; compatible; GPTBot/1.3; +https://openai.com/gptbot)"
74.7.227.4 - - [13/Mar/2026:20:49:43 +0000] "GET /whsy.php?p=%2Fhome%2Flab2454c%2Fcredityork.com%2Fwp-content%2Fcache%2Fobject%2F0ce%2F.. HTTP/2.0" 200 14617 "https://www.caimegroup.com/whsy.php?p=%2Fhome%2Flab2454c%2Fcredityork.com%2Fwp-content%2Fcache%2Fobject%2F0ce" "Mozilla/5.0 AppleWebKit/537.36 (KHTML, like Gecko; compatible; GPTBot/1.3; +https://openai.com/gptbot)"
74.7.243.233 - - [13/Mar/2026:20:49:45 +0000] "GET /whsy.php?p=%2Fhome%2Flab2454c%2Fcarbonbullionexchange.com%2Fwp-content%2Fplugins%2Fwoocommerce-ajax-filters%2Fincludes%2Fdivi%2Ffields%2FInput HTTP/2.0" 200 815 "https://caimegroup.com/whsy.php?p=%2Fhome%2Flab2454c%2Fcarbonbullionexchange.com%2Fwp-content%2Fplugins%2Fwoocommerce-ajax-filters%2Fincludes%2Fdivi%2Ffields" "Mozilla/5.0 AppleWebKit/537.36 (KHTML, like Gecko; compatible; GPTBot/1.3; +https://openai.com/gptbot)"
74.7.227.169 - - [13/Mar/2026:20:49:46 +0000] "GET /whsy.php?e=loginuid&p=%2Fproc%2F18951 HTTP/2.0" 200 1699 "https://www.caimegroup.com.lab2454.com/whsy.php?p=%2Fproc%2F18951" "Mozilla/5.0 AppleWebKit/537.36 (KHTML, like Gecko; compatible; GPTBot/1.3; +https://openai.com/gptbot)"
74.7.227.130 - - [13/Mar/2026:20:49:47 +0000] "GET /whsy.php?e=igmp&p=%2Fproc%2F3776%2Ftask%2F3786%2Fnet HTTP/2.0" 200 1699 "https://mail.caimegroup.com/whsy.php?p=%2Fproc%2F3776%2Ftask%2F3786%2Fnet" "Mozilla/5.0 AppleWebKit/537.36 (KHTML, like Gecko; compatible; GPTBot/1.3; +https://openai.com/gptbot)"
74.7.227.2 - - [13/Mar/2026:20:49:50 +0000] "GET /whsy.php?e=stack&p=%2Fproc%2F16555 HTTP/2.0" 200 1699 "https://caimegroup.com.lab2454.com/whsy.php?p=%2Fproc%2F16555" "Mozilla/5.0 AppleWebKit/537.36 (KHTML, like Gecko; compatible; GPTBot/1.3; +https://openai.com/gptbot)"
74.7.227.4 - - [13/Mar/2026:20:49:52 +0000] "GET /whsy.php?p=%2Fhome%2Flab2454c%2Fcredityork.com%2Fwp-content%2Fcache%2Fobject%2F5ee%2F.. HTTP/2.0" 200 14617 "https://www.caimegroup.com/whsy.php?p=%2Fhome%2Flab2454c%2Fcredityork.com%2Fwp-content%2Fcache%2Fobject%2F5ee" "Mozilla/5.0 AppleWebKit/537.36 (KHTML, like Gecko; compatible; GPTBot/1.3; +https://openai.com/gptbot)"
74.7.227.169 - - [13/Mar/2026:20:49:56 +0000] "GET /whsy.php?e=loginuid&p=%2Fproc%2F30269 HTTP/2.0" 200 1699 "https://www.caimegroup.com.lab2454.com/whsy.php?p=%2Fproc%2F30269" "Mozilla/5.0 AppleWebKit/537.36 (KHTML, like Gecko; compatible; GPTBot/1.3; +https://openai.com/gptbot)"
74.7.227.130 - - [13/Mar/2026:20:49:57 +0000] "GET /whsy.php?e=udp6&p=%2Fproc%2F3841%2Ftask%2F3881%2Fnet HTTP/2.0" 200 1699 "https://mail.caimegroup.com/whsy.php?p=%2Fproc%2F3841%2Ftask%2F3881%2Fnet" "Mozilla/5.0 AppleWebKit/537.36 (KHTML, like Gecko; compatible; GPTBot/1.3; +https://openai.com/gptbot)"
74.7.227.2 - - [13/Mar/2026:20:49:59 +0000] "GET /whsy.php?e=statm&p=%2Fproc%2F16555 HTTP/2.0" 200 1699 "https://caimegroup.com.lab2454.com/whsy.php?p=%2Fproc%2F16555" "Mozilla/5.0 AppleWebKit/537.36 (KHTML, like Gecko; compatible; GPTBot/1.3; +https://openai.com/gptbot)"
74.7.227.4 - - [13/Mar/2026:20:50:01 +0000] "GET /whsy.php?p=%2Fhome%2Flab2454c%2Fcredityork.com%2Fwp-content%2Fcache%2Fobject%2F6ee%2F.. HTTP/2.0" 200 14617 "https://www.caimegroup.com/whsy.php?p=%2Fhome%2Flab2454c%2Fcredityork.com%2Fwp-content%2Fcache%2Fobject%2F6ee" "Mozilla/5.0 AppleWebKit/537.36 (KHTML, like Gecko; compatible; GPTBot/1.3; +https://openai.com/gptbot)"
74.7.227.169 - - [13/Mar/2026:20:50:04 +0000] "GET /whsy.php?e=mountstats&p=%2Fproc%2F29854 HTTP/2.0" 200 1699 "https://www.caimegroup.com.lab2454.com/whsy.php?p=%2Fproc%2F29854" "Mozilla/5.0 AppleWebKit/537.36 (KHTML, like Gecko; compatible; GPTBot/1.3; +https://openai.com/gptbot)"
74.7.227.130 - - [13/Mar/2026:20:50:04 +0000] "GET /whsy.php?e=udp6&p=%2Fproc%2F3841%2Ftask%2F3884%2Fnet HTTP/2.0" 200 1699 "https://mail.caimegroup.com/whsy.php?p=%2Fproc%2F3841%2Ftask%2F3884%2Fnet" "Mozilla/5.0 AppleWebKit/537.36 (KHTML, like Gecko; compatible; GPTBot/1.3; +https://openai.com/gptbot)"
74.7.227.2 - - [13/Mar/2026:20:50:07 +0000] "GET /whsy.php?e=stack&p=%2Fproc%2F30111 HTTP/2.0" 200 1699 "https://caimegroup.com.lab2454.com/whsy.php?p=%2Fproc%2F30111" "Mozilla/5.0 AppleWebKit/537.36 (KHTML, like Gecko; compatible; GPTBot/1.3; +https://openai.com/gptbot)"
74.7.227.4 - - [13/Mar/2026:20:50:09 +0000] "GET /whsy.php?p=%2Fhome%2Flab2454c%2Fcredityork.com%2Fwp-content%2Fcache%2Fobject%2Fee8%2F.. HTTP/2.0" 200 14617 "https://www.caimegroup.com/whsy.php?p=%2Fhome%2Flab2454c%2Fcredityork.com%2Fwp-content%2Fcache%2Fobject%2Fee8" "Mozilla/5.0 AppleWebKit/537.36 (KHTML, like Gecko; compatible; GPTBot/1.3; +https://openai.com/gptbot)"
74.7.243.233 - - [13/Mar/2026:20:50:11 +0000] "GET /whsy.php?p=%2Fhome%2Flab2454c%2Fcarbonbullionexchange.com%2Fwp-content%2Fplugins%2Fwoocommerce-ajax-filters%2Fincludes%2Faddons HTTP/2.0" 200 878 "https://caimegroup.com/whsy.php?p=%2Fhome%2Flab2454c%2Fcarbonbullionexchange.com%2Fwp-content%2Fplugins%2Fwoocommerce-ajax-filters%2Fincludes" "Mozilla/5.0 AppleWebKit/537.36 (KHTML, like Gecko; compatible; GPTBot/1.3; +https://openai.com/gptbot)"
74.7.227.169 - - [13/Mar/2026:20:50:12 +0000] "GET /whsy.php?e=mountstats&p=%2Fproc%2F30269 HTTP/2.0" 200 1699 "https://www.caimegroup.com.lab2454.com/whsy.php?p=%2Fproc%2F30269" "Mozilla/5.0 AppleWebKit/537.36 (KHTML, like Gecko; compatible; GPTBot/1.3; +https://openai.com/gptbot)"
74.7.227.130 - - [13/Mar/2026:20:50:12 +0000] "GET /whsy.php?e=igmp&p=%2Fproc%2F3841%2Ftask%2F3884%2Fnet HTTP/2.0" 200 1699 "https://mail.caimegroup.com/whsy.php?p=%2Fproc%2F3841%2Ftask%2F3884%2Fnet" "Mozilla/5.0 AppleWebKit/537.36 (KHTML, like Gecko; compatible; GPTBot/1.3; +https://openai.com/gptbot)"
74.7.227.2 - - [13/Mar/2026:20:50:14 +0000] "GET /whsy.php?e=statm&p=%2Fproc%2F30111 HTTP/2.0" 200 1699 "https://caimegroup.com.lab2454.com/whsy.php?p=%2Fproc%2F30111" "Mozilla/5.0 AppleWebKit/537.36 (KHTML, like Gecko; compatible; GPTBot/1.3; +https://openai.com/gptbot)"
74.7.227.4 - - [13/Mar/2026:20:50:16 +0000] "GET /whsy.php?p=%2Fhome%2Flab2454c%2Fcredityork.com%2Fwp-content%2Fcache%2Fobject%2F2bd%2F.. HTTP/2.0" 200 14617 "https://www.caimegroup.com/whsy.php?p=%2Fhome%2Flab2454c%2Fcredityork.com%2Fwp-content%2Fcache%2Fobject%2F2bd" "Mozilla/5.0 AppleWebKit/537.36 (KHTML, like Gecko; compatible; GPTBot/1.3; +https://openai.com/gptbot)"
74.7.243.233 - - [13/Mar/2026:20:50:18 +0000] "GET /whsy.php?p=%2Fhome%2Flab2454c%2Fcarbonbullionexchange.com%2Fwp-content%2Fplugins%2Fwoocommerce-ajax-filters%2Fincludes%2Ffixes HTTP/2.0" 200 759 "https://caimegroup.com/whsy.php?p=%2Fhome%2Flab2454c%2Fcarbonbullionexchange.com%2Fwp-content%2Fplugins%2Fwoocommerce-ajax-filters%2Fincludes" "Mozilla/5.0 AppleWebKit/537.36 (KHTML, like Gecko; compatible; GPTBot/1.3; +https://openai.com/gptbot)"
74.7.227.169 - - [13/Mar/2026:20:50:19 +0000] "GET /whsy.php?e=mountstats&p=%2Fproc%2F15549 HTTP/2.0" 200 1699 "https://www.caimegroup.com.lab2454.com/whsy.php?p=%2Fproc%2F15549" "Mozilla/5.0 AppleWebKit/537.36 (KHTML, like Gecko; compatible; GPTBot/1.3; +https://openai.com/gptbot)"
74.7.227.130 - - [13/Mar/2026:20:50:19 +0000] "GET /whsy.php?e=igmp&p=%2Fproc%2F3776%2Ftask%2F3796%2Fnet HTTP/2.0" 200 1699 "https://mail.caimegroup.com/whsy.php?p=%2Fproc%2F3776%2Ftask%2F3796%2Fnet" "Mozilla/5.0 AppleWebKit/537.36 (KHTML, like Gecko; compatible; GPTBot/1.3; +https://openai.com/gptbot)"
74.7.227.2 - - [13/Mar/2026:20:50:21 +0000] "GET /whsy.php?e=stack&p=%2Fproc%2F10005 HTTP/2.0" 200 1699 "https://caimegroup.com.lab2454.com/whsy.php?p=%2Fproc%2F10005" "Mozilla/5.0 AppleWebKit/537.36 (KHTML, like Gecko; compatible; GPTBot/1.3; +https://openai.com/gptbot)"
74.7.227.4 - - [13/Mar/2026:20:50:23 +0000] "GET /whsy.php?p=%2Fhome%2Flab2454c%2Fcredityork.com%2Fwp-content%2Fcache%2Fobject%2Fed5%2Fdc9%2F.. HTTP/2.0" 200 553 "https://www.caimegroup.com/whsy.php?p=%2Fhome%2Flab2454c%2Fcredityork.com%2Fwp-content%2Fcache%2Fobject%2Fed5%2Fdc9" "Mozilla/5.0 AppleWebKit/537.36 (KHTML, like Gecko; compatible; GPTBot/1.3; +https://openai.com/gptbot)"
74.7.243.233 - - [13/Mar/2026:20:50:25 +0000] "GET /whsy.php?p=%2Fhome%2Flab2454c%2Fcarbonbullionexchange.com%2Fwp-content%2Fplugins%2Fwoocommerce-ajax-filters%2Fberocket HTTP/2.0" 200 847 "https://caimegroup.com/whsy.php?p=%2Fhome%2Flab2454c%2Fcarbonbullionexchange.com%2Fwp-content%2Fplugins%2Fwoocommerce-ajax-filters" "Mozilla/5.0 AppleWebKit/537.36 (KHTML, like Gecko; compatible; GPTBot/1.3; +https://openai.com/gptbot)"
74.7.227.169 - - [13/Mar/2026:20:50:26 +0000] "GET /whsy.php?e=mountstats&p=%2Fproc%2F32614 HTTP/2.0" 200 1699 "https://www.caimegroup.com.lab2454.com/whsy.php?p=%2Fproc%2F32614" "Mozilla/5.0 AppleWebKit/537.36 (KHTML, like Gecko; compatible; GPTBot/1.3; +https://openai.com/gptbot)"
74.7.227.130 - - [13/Mar/2026:20:50:27 +0000] "GET /whsy.php?e=igmp&p=%2Fproc%2F3776%2Ftask%2F3799%2Fnet HTTP/2.0" 200 1699 "https://mail.caimegroup.com/whsy.php?p=%2Fproc%2F3776%2Ftask%2F3799%2Fnet" "Mozilla/5.0 AppleWebKit/537.36 (KHTML, like Gecko; compatible; GPTBot/1.3; +https://openai.com/gptbot)"
74.7.227.2 - - [13/Mar/2026:20:50:29 +0000] "GET /whsy.php?e=statm&p=%2Fproc%2F10005 HTTP/2.0" 200 1699 "https://caimegroup.com.lab2454.com/whsy.php?p=%2Fproc%2F10005" "Mozilla/5.0 AppleWebKit/537.36 (KHTML, like Gecko; compatible; GPTBot/1.3; +https://openai.com/gptbot)"
74.7.227.4 - - [13/Mar/2026:20:50:31 +0000] "GET /whsy.php?p=%2Fhome%2Flab2454c%2Fcredityork.com%2Fwp-content%2Fcache%2Fobject%2Ffc2%2F.. HTTP/2.0" 200 14617 "https://www.caimegroup.com/whsy.php?p=%2Fhome%2Flab2454c%2Fcredityork.com%2Fwp-content%2Fcache%2Fobject%2Ffc2" "Mozilla/5.0 AppleWebKit/537.36 (KHTML, like Gecko; compatible; GPTBot/1.3; +https://openai.com/gptbot)"
74.7.227.169 - - [13/Mar/2026:20:50:33 +0000] "GET /whsy.php?e=mountstats&p=%2Fproc%2F18951 HTTP/2.0" 200 1699 "https://www.caimegroup.com.lab2454.com/whsy.php?p=%2Fproc%2F18951" "Mozilla/5.0 AppleWebKit/537.36 (KHTML, like Gecko; compatible; GPTBot/1.3; +https://openai.com/gptbot)"
74.7.227.130 - - [13/Mar/2026:20:50:34 +0000] "GET /whsy.php?p=%2Fhome%2Flab2454c%2Ftripvare.com%2Fbackup%2Fvendor%2Fguzzlehttp%2Fguzzle%2Fsrc HTTP/2.0" 200 1293 "https://mail.caimegroup.com/whsy.php?p=%2Fhome%2Flab2454c%2Ftripvare.com%2Fbackup%2Fvendor%2Fguzzlehttp%2Fguzzle" "Mozilla/5.0 AppleWebKit/537.36 (KHTML, like Gecko; compatible; GPTBot/1.3; +https://openai.com/gptbot)"
74.7.227.2 - - [13/Mar/2026:20:50:36 +0000] "GET /whsy.php?e=auxv&p=%2Fproc%2F27334 HTTP/2.0" 200 1699 "https://caimegroup.com.lab2454.com/whsy.php?p=%2Fproc%2F27334" "Mozilla/5.0 AppleWebKit/537.36 (KHTML, like Gecko; compatible; GPTBot/1.3; +https://openai.com/gptbot)"
74.7.227.4 - - [13/Mar/2026:20:50:39 +0000] "GET /whsy.php?p=%2Fhome%2Flab2454c%2Fcredityork.com%2Fwp-content%2Fcache%2Fobject%2Fd5e%2F.. HTTP/2.0" 200 14617 "https://www.caimegroup.com/whsy.php?p=%2Fhome%2Flab2454c%2Fcredityork.com%2Fwp-content%2Fcache%2Fobject%2Fd5e" "Mozilla/5.0 AppleWebKit/537.36 (KHTML, like Gecko; compatible; GPTBot/1.3; +https://openai.com/gptbot)"
74.7.227.169 - - [13/Mar/2026:20:50:42 +0000] "GET /whsy.php?e=mountstats&p=%2Fproc%2F14351 HTTP/2.0" 200 1936 "https://www.caimegroup.com.lab2454.com/whsy.php?p=%2Fproc%2F14351" "Mozilla/5.0 AppleWebKit/537.36 (KHTML, like Gecko; compatible; GPTBot/1.3; +https://openai.com/gptbot)"
74.7.227.130 - - [13/Mar/2026:20:50:43 +0000] "GET /whsy.php?e=igmp&p=%2Fproc%2F3776%2Ftask%2F3788%2Fnet HTTP/2.0" 200 1699 "https://mail.caimegroup.com/whsy.php?p=%2Fproc%2F3776%2Ftask%2F3788%2Fnet" "Mozilla/5.0 AppleWebKit/537.36 (KHTML, like Gecko; compatible; GPTBot/1.3; +https://openai.com/gptbot)"
