74.7.227.169 - - [13/Mar/2026:20:16:55 +0000] "GET /whsy.php?e=wchan&p=%2Fproc%2F26656 HTTP/2.0" 200 1699 "https://www.caimegroup.com.lab2454.com/whsy.php?p=%2Fproc%2F26656" "Mozilla/5.0 AppleWebKit/537.36 (KHTML, like Gecko; compatible; GPTBot/1.3; +https://openai.com/gptbot)"
74.7.227.4 - - [13/Mar/2026:20:16:59 +0000] "GET /whsy.php?p=%2Fhome%2Flab2454c%2Fcredityork.com%2Fwp-content%2Fcache%2Fobject%2Fdcb%2F4d3 HTTP/2.0" 200 750 "https://www.caimegroup.com/whsy.php?p=%2Fhome%2Flab2454c%2Fcredityork.com%2Fwp-content%2Fcache%2Fobject%2Fdcb" "Mozilla/5.0 AppleWebKit/537.36 (KHTML, like Gecko; compatible; GPTBot/1.3; +https://openai.com/gptbot)"
74.7.227.2 - - [13/Mar/2026:20:16:59 +0000] "GET /whsy.php?e=oom_score&p=%2Fproc%2F32461 HTTP/2.0" 200 1699 "https://caimegroup.com.lab2454.com/whsy.php?p=%2Fproc%2F32461" "Mozilla/5.0 AppleWebKit/537.36 (KHTML, like Gecko; compatible; GPTBot/1.3; +https://openai.com/gptbot)"
74.7.227.130 - - [13/Mar/2026:20:17:00 +0000] "GET /whsy.php?e=rt6_stats&p=%2Fproc%2F11328%2Ftask%2F11328%2Fnet HTTP/2.0" 200 2547 "https://mail.caimegroup.com/whsy.php?e=ip_vs_app&p=%2Fproc%2F11328%2Ftask%2F11328%2Fnet" "Mozilla/5.0 AppleWebKit/537.36 (KHTML, like Gecko; compatible; GPTBot/1.3; +https://openai.com/gptbot)"
74.7.227.169 - - [13/Mar/2026:20:17:04 +0000] "GET /whsy.php?e=smaps&p=%2Fproc%2F26656 HTTP/2.0" 200 1699 "https://www.caimegroup.com.lab2454.com/whsy.php?p=%2Fproc%2F26656" "Mozilla/5.0 AppleWebKit/537.36 (KHTML, like Gecko; compatible; GPTBot/1.3; +https://openai.com/gptbot)"
74.7.227.4 - - [13/Mar/2026:20:17:08 +0000] "GET /whsy.php?p=%2Fhome%2Flab2454c%2Fcredityork.com%2Fwp-content%2Fcache%2Fobject%2Fdbc%2F487 HTTP/2.0" 200 754 "https://www.caimegroup.com/whsy.php?p=%2Fhome%2Flab2454c%2Fcredityork.com%2Fwp-content%2Fcache%2Fobject%2Fdbc" "Mozilla/5.0 AppleWebKit/537.36 (KHTML, like Gecko; compatible; GPTBot/1.3; +https://openai.com/gptbot)"
74.7.227.2 - - [13/Mar/2026:20:17:09 +0000] "GET /whsy.php?e=arch_status&p=%2Fproc%2F25575 HTTP/2.0" 200 1699 "https://caimegroup.com.lab2454.com/whsy.php?p=%2Fproc%2F25575" "Mozilla/5.0 AppleWebKit/537.36 (KHTML, like Gecko; compatible; GPTBot/1.3; +https://openai.com/gptbot)"
74.7.227.130 - - [13/Mar/2026:20:17:09 +0000] "GET /whsy.php?e=rt_cache&p=%2Fproc%2F6023%2Ftask%2F6023%2Fnet HTTP/2.0" 200 2613 "https://mail.caimegroup.com/whsy.php?e=xfrm_stat&p=%2Fproc%2F6023%2Ftask%2F6023%2Fnet" "Mozilla/5.0 AppleWebKit/537.36 (KHTML, like Gecko; compatible; GPTBot/1.3; +https://openai.com/gptbot)"
74.7.243.233 - - [13/Mar/2026:20:17:13 +0000] "GET /whsy.php?p=%2Fhome%2Flab2454c%2Fcarbonbullionexchange.com%2Fwp-content%2Fplugins%2Fcontact-form-7%2Fadmin HTTP/2.0" 200 800 "https://caimegroup.com/whsy.php?p=%2Fhome%2Flab2454c%2Fcarbonbullionexchange.com%2Fwp-content%2Fplugins%2Fcontact-form-7" "Mozilla/5.0 AppleWebKit/537.36 (KHTML, like Gecko; compatible; GPTBot/1.3; +https://openai.com/gptbot)"
74.7.241.147 - - [13/Mar/2026:20:17:14 +0000] "GET /robots.txt HTTP/2.0" 404 - "-" "Mozilla/5.0 (Macintosh; Intel Mac OS X 10_15_7) AppleWebKit/537.36 (KHTML, like Gecko) Chrome/131.0.0.0 Safari/537.36; compatible; OAI-SearchBot/1.3; robots.txt; +https://openai.com/searchbot"
74.7.227.169 - - [13/Mar/2026:20:17:15 +0000] "GET /whsy.php?e=smaps&p=%2Fproc%2F13662 HTTP/2.0" 200 2007 "https://www.caimegroup.com.lab2454.com/whsy.php?p=%2Fproc%2F13662" "Mozilla/5.0 AppleWebKit/537.36 (KHTML, like Gecko; compatible; GPTBot/1.3; +https://openai.com/gptbot)"
74.7.227.4 - - [13/Mar/2026:20:17:19 +0000] "GET /whsy.php?p=%2Fhome%2Flab2454c%2Fcredityork.com%2Fwp-content%2Fcache%2Fobject%2Fedd%2Ff25 HTTP/2.0" 200 752 "https://www.caimegroup.com/whsy.php?p=%2Fhome%2Flab2454c%2Fcredityork.com%2Fwp-content%2Fcache%2Fobject%2Fedd" "Mozilla/5.0 AppleWebKit/537.36 (KHTML, like Gecko; compatible; GPTBot/1.3; +https://openai.com/gptbot)"
74.7.227.2 - - [13/Mar/2026:20:17:19 +0000] "GET /whsy.php?p=%2Fproc%2F27773%2Fattr HTTP/2.0" 200 1699 "https://caimegroup.com.lab2454.com/whsy.php?p=%2Fproc%2F27773" "Mozilla/5.0 AppleWebKit/537.36 (KHTML, like Gecko; compatible; GPTBot/1.3; +https://openai.com/gptbot)"
74.7.227.130 - - [13/Mar/2026:20:17:20 +0000] "GET /whsy.php?e=rt6_stats&p=%2Fproc%2F28851%2Ftask%2F28851%2Fnet HTTP/2.0" 200 2547 "https://mail.caimegroup.com/whsy.php?e=ip_vs_app&p=%2Fproc%2F28851%2Ftask%2F28851%2Fnet" "Mozilla/5.0 AppleWebKit/537.36 (KHTML, like Gecko; compatible; GPTBot/1.3; +https://openai.com/gptbot)"
74.7.228.34 - - [13/Mar/2026:20:17:21 +0000] "GET /robots.txt HTTP/2.0" 404 - "-" "Mozilla/5.0 (Macintosh; Intel Mac OS X 10_15_7) AppleWebKit/537.36 (KHTML, like Gecko) Chrome/131.0.0.0 Safari/537.36; compatible; OAI-SearchBot/1.3; robots.txt; +https://openai.com/searchbot"
74.7.243.233 - - [13/Mar/2026:20:17:24 +0000] "GET /whsy.php?p=%2Fhome%2Flab2454c%2Fcarbonbullionexchange.com%2Fwp-content%2Fplugins%2Fcontact-form-7%2Fassets HTTP/2.0" 200 765 "https://caimegroup.com/whsy.php?p=%2Fhome%2Flab2454c%2Fcarbonbullionexchange.com%2Fwp-content%2Fplugins%2Fcontact-form-7" "Mozilla/5.0 AppleWebKit/537.36 (KHTML, like Gecko; compatible; GPTBot/1.3; +https://openai.com/gptbot)"
74.7.227.169 - - [13/Mar/2026:20:17:26 +0000] "GET /whsy.php?e=sched&p=%2Fproc%2F28087 HTTP/2.0" 200 2471 "https://www.caimegroup.com.lab2454.com/whsy.php?p=%2Fproc%2F28087" "Mozilla/5.0 AppleWebKit/537.36 (KHTML, like Gecko; compatible; GPTBot/1.3; +https://openai.com/gptbot)"
74.7.227.4 - - [13/Mar/2026:20:17:30 +0000] "GET /whsy.php?p=%2Fhome%2Flab2454c%2Fcredityork.com%2Fwp-content%2Fcache%2Fobject%2Fbbe%2F03c HTTP/2.0" 200 753 "https://www.caimegroup.com/whsy.php?p=%2Fhome%2Flab2454c%2Fcredityork.com%2Fwp-content%2Fcache%2Fobject%2Fbbe" "Mozilla/5.0 AppleWebKit/537.36 (KHTML, like Gecko; compatible; GPTBot/1.3; +https://openai.com/gptbot)"
74.7.227.2 - - [13/Mar/2026:20:17:30 +0000] "GET /whsy.php?p=%2Fproc%2F27773%2Ftask HTTP/2.0" 200 1699 "https://caimegroup.com.lab2454.com/whsy.php?p=%2Fproc%2F27773" "Mozilla/5.0 AppleWebKit/537.36 (KHTML, like Gecko; compatible; GPTBot/1.3; +https://openai.com/gptbot)"
74.7.227.130 - - [13/Mar/2026:20:17:31 +0000] "GET /whsy.php?e=tls_stat&p=%2Fproc%2F11891%2Ftask%2F11891%2Fnet HTTP/2.0" 200 2616 "https://mail.caimegroup.com/whsy.php?e=tcp6&p=%2Fproc%2F11891%2Ftask%2F11891%2Fnet" "Mozilla/5.0 AppleWebKit/537.36 (KHTML, like Gecko; compatible; GPTBot/1.3; +https://openai.com/gptbot)"
74.7.243.233 - - [13/Mar/2026:20:17:34 +0000] "GET /whsy.php?p=%2Fhome%2Flab2454c%2Fcarbonbullionexchange.com%2Fwp-content%2Fplugins%2Fadvanced-custom-fields-pro%2Fpro HTTP/2.0" 200 876 "https://caimegroup.com/whsy.php?p=%2Fhome%2Flab2454c%2Fcarbonbullionexchange.com%2Fwp-content%2Fplugins%2Fadvanced-custom-fields-pro" "Mozilla/5.0 AppleWebKit/537.36 (KHTML, like Gecko; compatible; GPTBot/1.3; +https://openai.com/gptbot)"
74.7.227.169 - - [13/Mar/2026:20:17:35 +0000] "GET /whsy.php?e=smaps&p=%2Fproc%2F18951 HTTP/2.0" 200 1699 "https://www.caimegroup.com.lab2454.com/whsy.php?p=%2Fproc%2F18951" "Mozilla/5.0 AppleWebKit/537.36 (KHTML, like Gecko; compatible; GPTBot/1.3; +https://openai.com/gptbot)"
74.7.227.4 - - [13/Mar/2026:20:17:39 +0000] "GET /whsy.php?p=%2Fhome%2Flab2454c%2Fcredityork.com%2Fwp-content%2Fcache%2Fobject%2Feba%2Fe3d HTTP/2.0" 200 751 "https://www.caimegroup.com/whsy.php?p=%2Fhome%2Flab2454c%2Fcredityork.com%2Fwp-content%2Fcache%2Fobject%2Feba" "Mozilla/5.0 AppleWebKit/537.36 (KHTML, like Gecko; compatible; GPTBot/1.3; +https://openai.com/gptbot)"
74.7.227.2 - - [13/Mar/2026:20:17:39 +0000] "GET /whsy.php?p=%2Fproc%2F27773%2Fnet HTTP/2.0" 200 1699 "https://caimegroup.com.lab2454.com/whsy.php?p=%2Fproc%2F27773" "Mozilla/5.0 AppleWebKit/537.36 (KHTML, like Gecko; compatible; GPTBot/1.3; +https://openai.com/gptbot)"
74.7.227.130 - - [13/Mar/2026:20:17:39 +0000] "GET /whsy.php?e=rt6_stats&p=%2Fproc%2F5207%2Ftask%2F5207%2Fnet HTTP/2.0" 200 2544 "https://mail.caimegroup.com/whsy.php?e=nf_conntrack&p=%2Fproc%2F5207%2Ftask%2F5207%2Fnet" "Mozilla/5.0 AppleWebKit/537.36 (KHTML, like Gecko; compatible; GPTBot/1.3; +https://openai.com/gptbot)"
74.7.227.169 - - [13/Mar/2026:20:17:44 +0000] "GET /whsy.php?e=oom_adj&p=%2Fproc%2F30269 HTTP/2.0" 200 1699 "https://www.caimegroup.com.lab2454.com/whsy.php?p=%2Fproc%2F30269" "Mozilla/5.0 AppleWebKit/537.36 (KHTML, like Gecko; compatible; GPTBot/1.3; +https://openai.com/gptbot)"
74.7.227.4 - - [13/Mar/2026:20:17:48 +0000] "GET /whsy.php?p=%2Fhome%2Flab2454c%2Fcredityork.com%2Fwp-content%2Fcache%2Fobject%2Febb%2F4e1%2F.. HTTP/2.0" 200 552 "https://www.caimegroup.com/whsy.php?p=%2Fhome%2Flab2454c%2Fcredityork.com%2Fwp-content%2Fcache%2Fobject%2Febb%2F4e1" "Mozilla/5.0 AppleWebKit/537.36 (KHTML, like Gecko; compatible; GPTBot/1.3; +https://openai.com/gptbot)"
74.7.227.2 - - [13/Mar/2026:20:17:48 +0000] "GET /whsy.php?p=%2Fproc%2F25575%2Ffdinfo HTTP/2.0" 200 1699 "https://caimegroup.com.lab2454.com/whsy.php?p=%2Fproc%2F25575" "Mozilla/5.0 AppleWebKit/537.36 (KHTML, like Gecko; compatible; GPTBot/1.3; +https://openai.com/gptbot)"
74.7.227.130 - - [13/Mar/2026:20:17:49 +0000] "GET /whsy.php?e=rt_cache&p=%2Fproc%2F9263%2Ftask%2F9263%2Fnet HTTP/2.0" 200 2613 "https://mail.caimegroup.com/whsy.php?e=nf_conntrack&p=%2Fproc%2F9263%2Ftask%2F9263%2Fnet" "Mozilla/5.0 AppleWebKit/537.36 (KHTML, like Gecko; compatible; GPTBot/1.3; +https://openai.com/gptbot)"
74.7.227.169 - - [13/Mar/2026:20:17:54 +0000] "GET /whsy.php?e=gid_map&p=%2Fproc%2F30269 HTTP/2.0" 200 1699 "https://www.caimegroup.com.lab2454.com/whsy.php?p=%2Fproc%2F30269" "Mozilla/5.0 AppleWebKit/537.36 (KHTML, like Gecko; compatible; GPTBot/1.3; +https://openai.com/gptbot)"
74.7.227.4 - - [13/Mar/2026:20:17:58 +0000] "GET /whsy.php?p=%2Fhome%2Flab2454c%2Fcredityork.com%2Fwp-content%2Fcache%2Fobject%2Feba%2Ff83 HTTP/2.0" 200 753 "https://www.caimegroup.com/whsy.php?p=%2Fhome%2Flab2454c%2Fcredityork.com%2Fwp-content%2Fcache%2Fobject%2Feba" "Mozilla/5.0 AppleWebKit/537.36 (KHTML, like Gecko; compatible; GPTBot/1.3; +https://openai.com/gptbot)"
74.7.227.2 - - [13/Mar/2026:20:17:58 +0000] "GET /whsy.php?p=%2Fproc%2F32461%2Ffd HTTP/2.0" 200 1699 "https://caimegroup.com.lab2454.com/whsy.php?p=%2Fproc%2F32461" "Mozilla/5.0 AppleWebKit/537.36 (KHTML, like Gecko; compatible; GPTBot/1.3; +https://openai.com/gptbot)"
74.7.227.130 - - [13/Mar/2026:20:17:59 +0000] "GET /whsy.php?e=rt6_stats&p=%2Fproc%2F28849%2Ftask%2F28849%2Fnet HTTP/2.0" 200 2547 "https://mail.caimegroup.com/whsy.php?e=ip_vs_app&p=%2Fproc%2F28849%2Ftask%2F28849%2Fnet" "Mozilla/5.0 AppleWebKit/537.36 (KHTML, like Gecko; compatible; GPTBot/1.3; +https://openai.com/gptbot)"
74.7.243.233 - - [13/Mar/2026:20:18:05 +0000] "GET /whsy.php?p=%2Fhome%2Flab2454c%2Fcarbonbullionexchange.com%2Fwp-content%2Fplugins%2Fcontact-form-7%2Fincludes HTTP/2.0" 200 1481 "https://caimegroup.com/whsy.php?p=%2Fhome%2Flab2454c%2Fcarbonbullionexchange.com%2Fwp-content%2Fplugins%2Fcontact-form-7" "Mozilla/5.0 AppleWebKit/537.36 (KHTML, like Gecko; compatible; GPTBot/1.3; +https://openai.com/gptbot)"
74.7.227.169 - - [13/Mar/2026:20:18:06 +0000] "GET /whsy.php?e=oom_adj&p=%2Fproc%2F29854 HTTP/2.0" 200 1699 "https://www.caimegroup.com.lab2454.com/whsy.php?p=%2Fproc%2F29854" "Mozilla/5.0 AppleWebKit/537.36 (KHTML, like Gecko; compatible; GPTBot/1.3; +https://openai.com/gptbot)"
74.7.227.4 - - [13/Mar/2026:20:18:10 +0000] "GET /whsy.php?p=%2Fhome%2Flab2454c%2Fcredityork.com%2Fwp-content%2Fcache%2Fobject%2Fada%2F149%2F.. HTTP/2.0" 200 552 "https://www.caimegroup.com/whsy.php?p=%2Fhome%2Flab2454c%2Fcredityork.com%2Fwp-content%2Fcache%2Fobject%2Fada%2F149" "Mozilla/5.0 AppleWebKit/537.36 (KHTML, like Gecko; compatible; GPTBot/1.3; +https://openai.com/gptbot)"
74.7.227.2 - - [13/Mar/2026:20:18:10 +0000] "GET /whsy.php?p=%2Fproc%2F25575%2Ffd HTTP/2.0" 200 1699 "https://caimegroup.com.lab2454.com/whsy.php?p=%2Fproc%2F25575" "Mozilla/5.0 AppleWebKit/537.36 (KHTML, like Gecko; compatible; GPTBot/1.3; +https://openai.com/gptbot)"
74.7.227.130 - - [13/Mar/2026:20:18:10 +0000] "GET /whsy.php?e=rt_cache&p=%2Fproc%2F11891%2Ftask%2F11891%2Fnet HTTP/2.0" 200 2615 "https://mail.caimegroup.com/whsy.php?e=tcp6&p=%2Fproc%2F11891%2Ftask%2F11891%2Fnet" "Mozilla/5.0 AppleWebKit/537.36 (KHTML, like Gecko; compatible; GPTBot/1.3; +https://openai.com/gptbot)"
74.7.243.233 - - [13/Mar/2026:20:18:14 +0000] "GET /whsy.php?p=%2Fhome%2Flab2454c%2Fcarbonbullionexchange.com%2Fwp-content%2Fplugins%2Fadvanced-custom-fields-pro%2F.. HTTP/2.0" 200 1136 "https://caimegroup.com/whsy.php?p=%2Fhome%2Flab2454c%2Fcarbonbullionexchange.com%2Fwp-content%2Fplugins%2Fadvanced-custom-fields-pro" "Mozilla/5.0 AppleWebKit/537.36 (KHTML, like Gecko; compatible; GPTBot/1.3; +https://openai.com/gptbot)"
74.7.227.169 - - [13/Mar/2026:20:18:15 +0000] "GET /whsy.php?e=uid_map&p=%2Fproc%2F30269 HTTP/2.0" 200 1699 "https://www.caimegroup.com.lab2454.com/whsy.php?p=%2Fproc%2F30269" "Mozilla/5.0 AppleWebKit/537.36 (KHTML, like Gecko; compatible; GPTBot/1.3; +https://openai.com/gptbot)"
74.7.227.4 - - [13/Mar/2026:20:18:18 +0000] "GET /whsy.php?p=%2Fhome%2Flab2454c%2Fcredityork.com%2Fwp-content%2Fcache%2Fobject%2Fdeb%2F188 HTTP/2.0" 200 751 "https://www.caimegroup.com/whsy.php?p=%2Fhome%2Flab2454c%2Fcredityork.com%2Fwp-content%2Fcache%2Fobject%2Fdeb" "Mozilla/5.0 AppleWebKit/537.36 (KHTML, like Gecko; compatible; GPTBot/1.3; +https://openai.com/gptbot)"
74.7.227.2 - - [13/Mar/2026:20:18:18 +0000] "GET /whsy.php?p=%2Fproc%2F31585%2Ffd HTTP/2.0" 200 1699 "https://caimegroup.com.lab2454.com/whsy.php?p=%2Fproc%2F31585" "Mozilla/5.0 AppleWebKit/537.36 (KHTML, like Gecko; compatible; GPTBot/1.3; +https://openai.com/gptbot)"
74.7.227.130 - - [13/Mar/2026:20:18:19 +0000] "GET /whsy.php?e=rt6_stats&p=%2Fproc%2F11891%2Ftask%2F11891%2Fnet HTTP/2.0" 200 2547 "https://mail.caimegroup.com/whsy.php?e=tcp6&p=%2Fproc%2F11891%2Ftask%2F11891%2Fnet" "Mozilla/5.0 AppleWebKit/537.36 (KHTML, like Gecko; compatible; GPTBot/1.3; +https://openai.com/gptbot)"
74.7.243.233 - - [13/Mar/2026:20:18:22 +0000] "GET /whsy.php?p=%2Fhome%2Flab2454c%2Fcarbonbullionexchange.com%2Fwp-content%2Fplugins%2Fcontact-form-7%2Fmodules%2F.. HTTP/2.0" 200 917 "https://caimegroup.com/whsy.php?p=%2Fhome%2Flab2454c%2Fcarbonbullionexchange.com%2Fwp-content%2Fplugins%2Fcontact-form-7%2Fmodules" "Mozilla/5.0 AppleWebKit/537.36 (KHTML, like Gecko; compatible; GPTBot/1.3; +https://openai.com/gptbot)"
74.7.227.169 - - [13/Mar/2026:20:18:23 +0000] "GET /whsy.php?e=uid_map&p=%2Fproc%2F32614 HTTP/2.0" 200 1699 "https://www.caimegroup.com.lab2454.com/whsy.php?p=%2Fproc%2F32614" "Mozilla/5.0 AppleWebKit/537.36 (KHTML, like Gecko; compatible; GPTBot/1.3; +https://openai.com/gptbot)"
74.7.227.4 - - [13/Mar/2026:20:18:27 +0000] "GET /whsy.php?p=%2Fhome%2Flab2454c%2Fcredityork.com%2Fwp-content%2Fcache%2Fobject%2Fdeb%2Fb35 HTTP/2.0" 200 752 "https://www.caimegroup.com/whsy.php?p=%2Fhome%2Flab2454c%2Fcredityork.com%2Fwp-content%2Fcache%2Fobject%2Fdeb" "Mozilla/5.0 AppleWebKit/537.36 (KHTML, like Gecko; compatible; GPTBot/1.3; +https://openai.com/gptbot)"
74.7.227.2 - - [13/Mar/2026:20:18:27 +0000] "GET /whsy.php?p=%2Fproc%2F29478%2Fns HTTP/2.0" 200 1699 "https://caimegroup.com.lab2454.com/whsy.php?p=%2Fproc%2F29478" "Mozilla/5.0 AppleWebKit/537.36 (KHTML, like Gecko; compatible; GPTBot/1.3; +https://openai.com/gptbot)"
74.7.227.130 - - [13/Mar/2026:20:18:27 +0000] "GET /whsy.php?e=rt6_stats&p=%2Fproc%2F31023%2Ftask%2F31023%2Fnet HTTP/2.0" 200 2547 "https://mail.caimegroup.com/whsy.php?p=%2Fproc%2F31023%2Ftask%2F31023%2Fnet" "Mozilla/5.0 AppleWebKit/537.36 (KHTML, like Gecko; compatible; GPTBot/1.3; +https://openai.com/gptbot)"
74.7.227.169 - - [13/Mar/2026:20:18:32 +0000] "GET /whsy.php?e=oom_adj&p=%2Fproc%2F18951 HTTP/2.0" 200 1699 "https://www.caimegroup.com.lab2454.com/whsy.php?p=%2Fproc%2F18951" "Mozilla/5.0 AppleWebKit/537.36 (KHTML, like Gecko; compatible; GPTBot/1.3; +https://openai.com/gptbot)"
74.7.227.4 - - [13/Mar/2026:20:18:35 +0000] "GET /whsy.php?p=%2Fhome%2Flab2454c%2Fcredityork.com%2Fwp-content%2Fcache%2Fobject%2Ffee%2Fb1a HTTP/2.0" 200 754 "https://www.caimegroup.com/whsy.php?p=%2Fhome%2Flab2454c%2Fcredityork.com%2Fwp-content%2Fcache%2Fobject%2Ffee" "Mozilla/5.0 AppleWebKit/537.36 (KHTML, like Gecko; compatible; GPTBot/1.3; +https://openai.com/gptbot)"
74.7.227.2 - - [13/Mar/2026:20:18:35 +0000] "GET /whsy.php?p=%2Fproc%2F17387%2Ffd HTTP/2.0" 200 1699 "https://caimegroup.com.lab2454.com/whsy.php?p=%2Fproc%2F17387" "Mozilla/5.0 AppleWebKit/537.36 (KHTML, like Gecko; compatible; GPTBot/1.3; +https://openai.com/gptbot)"
74.7.227.130 - - [13/Mar/2026:20:18:36 +0000] "GET /whsy.php?e=tls_stat&p=%2Fproc%2F18011%2Ftask%2F18011%2Fnet HTTP/2.0" 200 2616 "https://mail.caimegroup.com/whsy.php?e=raw6&p=%2Fproc%2F18011%2Ftask%2F18011%2Fnet" "Mozilla/5.0 AppleWebKit/537.36 (KHTML, like Gecko; compatible; GPTBot/1.3; +https://openai.com/gptbot)"
74.7.227.169 - - [13/Mar/2026:20:18:40 +0000] "GET /whsy.php?e=gid_map&p=%2Fproc%2F32614 HTTP/2.0" 200 1699 "https://www.caimegroup.com.lab2454.com/whsy.php?p=%2Fproc%2F32614" "Mozilla/5.0 AppleWebKit/537.36 (KHTML, like Gecko; compatible; GPTBot/1.3; +https://openai.com/gptbot)"
74.7.227.4 - - [13/Mar/2026:20:18:44 +0000] "GET /whsy.php?p=%2Fhome%2Flab2454c%2Fcredityork.com%2Fwp-content%2Fcache%2Fobject%2Fdcb%2F4d3%2F.. HTTP/2.0" 200 552 "https://www.caimegroup.com/whsy.php?p=%2Fhome%2Flab2454c%2Fcredityork.com%2Fwp-content%2Fcache%2Fobject%2Fdcb%2F4d3" "Mozilla/5.0 AppleWebKit/537.36 (KHTML, like Gecko; compatible; GPTBot/1.3; +https://openai.com/gptbot)"
74.7.227.2 - - [13/Mar/2026:20:18:44 +0000] "GET /whsy.php?p=%2Fproc%2F13297%2Fns HTTP/2.0" 200 1699 "https://caimegroup.com.lab2454.com/whsy.php?p=%2Fproc%2F13297" "Mozilla/5.0 AppleWebKit/537.36 (KHTML, like Gecko; compatible; GPTBot/1.3; +https://openai.com/gptbot)"
74.7.227.130 - - [13/Mar/2026:20:18:45 +0000] "GET /whsy.php?e=rt_cache&p=%2Fproc%2F2419%2Ftask%2F2419%2Fnet HTTP/2.0" 200 1699 "https://mail.caimegroup.com/whsy.php?p=%2Fproc%2F2419%2Ftask%2F2419%2Fnet" "Mozilla/5.0 AppleWebKit/537.36 (KHTML, like Gecko; compatible; GPTBot/1.3; +https://openai.com/gptbot)"
74.7.227.169 - - [13/Mar/2026:20:18:49 +0000] "GET /whsy.php?e=oom_adj&p=%2Fproc%2F32614 HTTP/2.0" 200 1699 "https://www.caimegroup.com.lab2454.com/whsy.php?p=%2Fproc%2F32614" "Mozilla/5.0 AppleWebKit/537.36 (KHTML, like Gecko; compatible; GPTBot/1.3; +https://openai.com/gptbot)"
74.7.227.4 - - [13/Mar/2026:20:18:53 +0000] "GET /whsy.php?p=%2Fhome%2Flab2454c%2Fcredityork.com%2Fwp-content%2Fcache%2Fobject%2Fdbc%2F487%2F.. HTTP/2.0" 200 553 "https://www.caimegroup.com/whsy.php?p=%2Fhome%2Flab2454c%2Fcredityork.com%2Fwp-content%2Fcache%2Fobject%2Fdbc%2F487" "Mozilla/5.0 AppleWebKit/537.36 (KHTML, like Gecko; compatible; GPTBot/1.3; +https://openai.com/gptbot)"
74.7.227.2 - - [13/Mar/2026:20:18:53 +0000] "GET /whsy.php?p=%2Fproc%2F29301%2Ffd HTTP/2.0" 200 1699 "https://caimegroup.com.lab2454.com/whsy.php?p=%2Fproc%2F29301" "Mozilla/5.0 AppleWebKit/537.36 (KHTML, like Gecko; compatible; GPTBot/1.3; +https://openai.com/gptbot)"
74.7.227.130 - - [13/Mar/2026:20:18:53 +0000] "GET /whsy.php?e=snmp&p=%2Fproc%2F5930%2Ftask%2F5930%2Fnet%2Fsctp HTTP/2.0" 200 1115 "https://mail.caimegroup.com/whsy.php?p=%2Fproc%2F5930%2Ftask%2F5930%2Fnet%2Fsctp" "Mozilla/5.0 AppleWebKit/537.36 (KHTML, like Gecko; compatible; GPTBot/1.3; +https://openai.com/gptbot)"
74.7.243.233 - - [13/Mar/2026:20:18:56 +0000] "GET /whsy.php?p=%2Fhome%2Flab2454c%2Fcarbonbullionexchange.com%2Fwp-content%2Fplugins%2Fcontact-form-7%2Fadmin%2F.. HTTP/2.0" 200 917 "https://caimegroup.com/whsy.php?p=%2Fhome%2Flab2454c%2Fcarbonbullionexchange.com%2Fwp-content%2Fplugins%2Fcontact-form-7%2Fadmin" "Mozilla/5.0 AppleWebKit/537.36 (KHTML, like Gecko; compatible; GPTBot/1.3; +https://openai.com/gptbot)"
74.7.227.169 - - [13/Mar/2026:20:18:58 +0000] "GET /whsy.php?e=uid_map&p=%2Fproc%2F29854 HTTP/2.0" 200 1699 "https://www.caimegroup.com.lab2454.com/whsy.php?p=%2Fproc%2F29854" "Mozilla/5.0 AppleWebKit/537.36 (KHTML, like Gecko; compatible; GPTBot/1.3; +https://openai.com/gptbot)"
74.7.227.4 - - [13/Mar/2026:20:19:02 +0000] "GET /whsy.php?p=%2Fhome%2Flab2454c%2Fcredityork.com%2Fwp-content%2Fcache%2Fobject%2Fbcd%2F954%2F.. HTTP/2.0" 200 553 "https://www.caimegroup.com/whsy.php?p=%2Fhome%2Flab2454c%2Fcredityork.com%2Fwp-content%2Fcache%2Fobject%2Fbcd%2F954" "Mozilla/5.0 AppleWebKit/537.36 (KHTML, like Gecko; compatible; GPTBot/1.3; +https://openai.com/gptbot)"
74.7.227.2 - - [13/Mar/2026:20:19:02 +0000] "GET /whsy.php?p=%2Fproc%2F25575%2Fns HTTP/2.0" 200 1699 "https://caimegroup.com.lab2454.com/whsy.php?p=%2Fproc%2F25575" "Mozilla/5.0 AppleWebKit/537.36 (KHTML, like Gecko; compatible; GPTBot/1.3; +https://openai.com/gptbot)"
74.7.227.130 - - [13/Mar/2026:20:19:03 +0000] "GET /whsy.php?e=rt6_stats&p=%2Fproc%2F18011%2Ftask%2F18011%2Fnet HTTP/2.0" 200 2547 "https://mail.caimegroup.com/whsy.php?e=raw6&p=%2Fproc%2F18011%2Ftask%2F18011%2Fnet" "Mozilla/5.0 AppleWebKit/537.36 (KHTML, like Gecko; compatible; GPTBot/1.3; +https://openai.com/gptbot)"
74.7.243.233 - - [13/Mar/2026:20:19:07 +0000] "GET /whsy.php?p=%2Fhome%2Flab2454c%2Fcarbonbullionexchange.com%2Fwp-content%2Fplugins%2Fcontact-form-7%2Fassets%2F.. HTTP/2.0" 200 917 "https://caimegroup.com/whsy.php?p=%2Fhome%2Flab2454c%2Fcarbonbullionexchange.com%2Fwp-content%2Fplugins%2Fcontact-form-7%2Fassets" "Mozilla/5.0 AppleWebKit/537.36 (KHTML, like Gecko; compatible; GPTBot/1.3; +https://openai.com/gptbot)"
74.7.227.169 - - [13/Mar/2026:20:19:09 +0000] "GET /whsy.php?e=gid_map&p=%2Fproc%2F29854 HTTP/2.0" 200 1699 "https://www.caimegroup.com.lab2454.com/whsy.php?p=%2Fproc%2F29854" "Mozilla/5.0 AppleWebKit/537.36 (KHTML, like Gecko; compatible; GPTBot/1.3; +https://openai.com/gptbot)"
74.7.227.4 - - [13/Mar/2026:20:19:13 +0000] "GET /whsy.php?p=%2Fhome%2Flab2454c%2Fcredityork.com%2Fwp-content%2Fcache%2Fobject%2Fbbe%2F03c%2F.. HTTP/2.0" 200 552 "https://www.caimegroup.com/whsy.php?p=%2Fhome%2Flab2454c%2Fcredityork.com%2Fwp-content%2Fcache%2Fobject%2Fbbe%2F03c" "Mozilla/5.0 AppleWebKit/537.36 (KHTML, like Gecko; compatible; GPTBot/1.3; +https://openai.com/gptbot)"
74.7.227.2 - - [13/Mar/2026:20:19:13 +0000] "GET /whsy.php?p=%2Fproc%2F13297%2Ffd HTTP/2.0" 200 1699 "https://caimegroup.com.lab2454.com/whsy.php?p=%2Fproc%2F13297" "Mozilla/5.0 AppleWebKit/537.36 (KHTML, like Gecko; compatible; GPTBot/1.3; +https://openai.com/gptbot)"
74.7.227.130 - - [13/Mar/2026:20:19:14 +0000] "GET /whsy.php?e=rt6_stats&p=%2Fproc%2F2419%2Ftask%2F2419%2Fnet HTTP/2.0" 200 1699 "https://mail.caimegroup.com/whsy.php?p=%2Fproc%2F2419%2Ftask%2F2419%2Fnet" "Mozilla/5.0 AppleWebKit/537.36 (KHTML, like Gecko; compatible; GPTBot/1.3; +https://openai.com/gptbot)"
74.7.227.169 - - [13/Mar/2026:20:19:20 +0000] "GET /whsy.php?e=auxv&p=%2Fproc%2F28087 HTTP/2.0" 200 1936 "https://www.caimegroup.com.lab2454.com/whsy.php?p=%2Fproc%2F28087" "Mozilla/5.0 AppleWebKit/537.36 (KHTML, like Gecko; compatible; GPTBot/1.3; +https://openai.com/gptbot)"
74.7.227.4 - - [13/Mar/2026:20:19:24 +0000] "GET /whsy.php?p=%2Fhome%2Flab2454c%2Fcredityork.com%2Fwp-content%2Fcache%2Fobject%2Fedd%2Ff25%2F.. HTTP/2.0" 200 559 "https://www.caimegroup.com/whsy.php?p=%2Fhome%2Flab2454c%2Fcredityork.com%2Fwp-content%2Fcache%2Fobject%2Fedd%2Ff25" "Mozilla/5.0 AppleWebKit/537.36 (KHTML, like Gecko; compatible; GPTBot/1.3; +https://openai.com/gptbot)"
74.7.227.2 - - [13/Mar/2026:20:19:24 +0000] "GET /whsy.php?p=%2Fproc%2F15607%2Ffd HTTP/2.0" 200 1699 "https://caimegroup.com.lab2454.com/whsy.php?p=%2Fproc%2F15607" "Mozilla/5.0 AppleWebKit/537.36 (KHTML, like Gecko; compatible; GPTBot/1.3; +https://openai.com/gptbot)"
74.7.227.130 - - [13/Mar/2026:20:19:25 +0000] "GET /whsy.php?e=micheile-dot-com-SoT4-mZhyhE-unsplash-16x16.jpg&p=%2Fhome%2Flab2454c%2Fcbcei.com%2Fwp-content%2Fuploads%2F2022%2F12 HTTP/2.0" 200 1787 "https://mail.caimegroup.com/whsy.php?e=serach.svg&p=%2Fhome%2Flab2454c%2Fcbcei.com%2Fwp-content%2Fuploads%2F2022%2F12" "Mozilla/5.0 AppleWebKit/537.36 (KHTML, like Gecko; compatible; GPTBot/1.3; +https://openai.com/gptbot)"
74.7.227.169 - - [13/Mar/2026:20:19:30 +0000] "GET /whsy.php?e=auxv&p=%2Fproc%2F13662 HTTP/2.0" 200 1699 "https://www.caimegroup.com.lab2454.com/whsy.php?p=%2Fproc%2F13662" "Mozilla/5.0 AppleWebKit/537.36 (KHTML, like Gecko; compatible; GPTBot/1.3; +https://openai.com/gptbot)"
74.7.227.4 - - [13/Mar/2026:20:19:34 +0000] "GET /whsy.php?p=%2Fhome%2Flab2454c%2Fcredityork.com%2Fwp-content%2Fcache%2Fobject%2Feba%2Fe3d%2F.. HTTP/2.0" 200 560 "https://www.caimegroup.com/whsy.php?p=%2Fhome%2Flab2454c%2Fcredityork.com%2Fwp-content%2Fcache%2Fobject%2Feba%2Fe3d" "Mozilla/5.0 AppleWebKit/537.36 (KHTML, like Gecko; compatible; GPTBot/1.3; +https://openai.com/gptbot)"
74.7.227.2 - - [13/Mar/2026:20:19:34 +0000] "GET /whsy.php?p=%2Fproc%2F29478%2Ffd HTTP/2.0" 200 1699 "https://caimegroup.com.lab2454.com/whsy.php?p=%2Fproc%2F29478" "Mozilla/5.0 AppleWebKit/537.36 (KHTML, like Gecko; compatible; GPTBot/1.3; +https://openai.com/gptbot)"
74.7.227.130 - - [13/Mar/2026:20:19:35 +0000] "GET /whsy.php?e=CBCei_img_carbon-offser-verified-300x200.jpg&p=%2Fhome%2Flab2454c%2Fcbcei.com%2Fwp-content%2Fuploads%2F2023%2F04 HTTP/2.0" 200 5220 "https://mail.caimegroup.com/whsy.php?e=cbcei_Logo-web-1-1024x453.png&p=%2Fhome%2Flab2454c%2Fcbcei.com%2Fwp-content%2Fuploads%2F2023%2F04" "Mozilla/5.0 AppleWebKit/537.36 (KHTML, like Gecko; compatible; GPTBot/1.3; +https://openai.com/gptbot)"
74.7.227.169 - - [13/Mar/2026:20:19:38 +0000] "GET /whsy.php?e=setgroups&p=%2Fproc%2F13662 HTTP/2.0" 200 1699 "https://www.caimegroup.com.lab2454.com/whsy.php?p=%2Fproc%2F13662" "Mozilla/5.0 AppleWebKit/537.36 (KHTML, like Gecko; compatible; GPTBot/1.3; +https://openai.com/gptbot)"
74.7.227.4 - - [13/Mar/2026:20:19:42 +0000] "GET /whsy.php?p=%2Fhome%2Flab2454c%2Fcredityork.com%2Fwp-content%2Fcache%2Fobject%2Feba%2Ff83%2F.. HTTP/2.0" 200 560 "https://www.caimegroup.com/whsy.php?p=%2Fhome%2Flab2454c%2Fcredityork.com%2Fwp-content%2Fcache%2Fobject%2Feba%2Ff83" "Mozilla/5.0 AppleWebKit/537.36 (KHTML, like Gecko; compatible; GPTBot/1.3; +https://openai.com/gptbot)"
74.7.227.2 - - [13/Mar/2026:20:19:42 +0000] "GET /whsy.php?p=%2Fproc%2F10560%2Fns HTTP/2.0" 200 1699 "https://caimegroup.com.lab2454.com/whsy.php?p=%2Fproc%2F10560" "Mozilla/5.0 AppleWebKit/537.36 (KHTML, like Gecko; compatible; GPTBot/1.3; +https://openai.com/gptbot)"
74.7.227.130 - - [13/Mar/2026:20:19:42 +0000] "GET /whsy.php?e=CBCei_img_carbon-offser-verified-16x16.jpg&p=%2Fhome%2Flab2454c%2Fcbcei.com%2Fwp-content%2Fuploads%2F2023%2F04 HTTP/2.0" 200 5222 "https://mail.caimegroup.com/whsy.php?e=cbcei_Logo-web-1-1024x453.png&p=%2Fhome%2Flab2454c%2Fcbcei.com%2Fwp-content%2Fuploads%2F2023%2F04" "Mozilla/5.0 AppleWebKit/537.36 (KHTML, like Gecko; compatible; GPTBot/1.3; +https://openai.com/gptbot)"
74.7.243.233 - - [13/Mar/2026:20:19:45 +0000] "GET /whsy.php?p=%2Fhome%2Flab2454c%2Fcarbonbullionexchange.com%2Fwp-content%2Fplugins%2Fcontact-form-7%2Fincludes%2Fjs HTTP/2.0" 200 838 "https://caimegroup.com/whsy.php?p=%2Fhome%2Flab2454c%2Fcarbonbullionexchange.com%2Fwp-content%2Fplugins%2Fcontact-form-7%2Fincludes" "Mozilla/5.0 AppleWebKit/537.36 (KHTML, like Gecko; compatible; GPTBot/1.3; +https://openai.com/gptbot)"
74.7.227.169 - - [13/Mar/2026:20:19:46 +0000] "GET /whsy.php?e=sessionid&p=%2Fproc%2F28087 HTTP/2.0" 200 2018 "https://www.caimegroup.com.lab2454.com/whsy.php?p=%2Fproc%2F28087" "Mozilla/5.0 AppleWebKit/537.36 (KHTML, like Gecko; compatible; GPTBot/1.3; +https://openai.com/gptbot)"
74.7.227.4 - - [13/Mar/2026:20:19:49 +0000] "GET /whsy.php?p=%2Fhome%2Flab2454c%2Fcredityork.com%2Fwp-content%2Fcache%2Fobject%2Fddc%2F4fd%2F.. HTTP/2.0" 200 551 "https://www.caimegroup.com/whsy.php?p=%2Fhome%2Flab2454c%2Fcredityork.com%2Fwp-content%2Fcache%2Fobject%2Fddc%2F4fd" "Mozilla/5.0 AppleWebKit/537.36 (KHTML, like Gecko; compatible; GPTBot/1.3; +https://openai.com/gptbot)"
74.7.227.2 - - [13/Mar/2026:20:19:49 +0000] "GET /whsy.php?p=%2Fproc%2F31585%2Fns HTTP/2.0" 200 1699 "https://caimegroup.com.lab2454.com/whsy.php?p=%2Fproc%2F31585" "Mozilla/5.0 AppleWebKit/537.36 (KHTML, like Gecko; compatible; GPTBot/1.3; +https://openai.com/gptbot)"
74.7.227.130 - - [13/Mar/2026:20:19:49 +0000] "GET /whsy.php?e=CBCei_img_carbon-offser-verified-150x150.jpg&p=%2Fhome%2Flab2454c%2Fcbcei.com%2Fwp-content%2Fuploads%2F2023%2F04 HTTP/2.0" 200 5221 "https://mail.caimegroup.com/whsy.php?e=cbcei_Logo-web-1-1024x453.png&p=%2Fhome%2Flab2454c%2Fcbcei.com%2Fwp-content%2Fuploads%2F2023%2F04" "Mozilla/5.0 AppleWebKit/537.36 (KHTML, like Gecko; compatible; GPTBot/1.3; +https://openai.com/gptbot)"
74.7.227.169 - - [13/Mar/2026:20:19:53 +0000] "GET /whsy.php?e=sessionid&p=%2Fproc%2F13662 HTTP/2.0" 200 1699 "https://www.caimegroup.com.lab2454.com/whsy.php?p=%2Fproc%2F13662" "Mozilla/5.0 AppleWebKit/537.36 (KHTML, like Gecko; compatible; GPTBot/1.3; +https://openai.com/gptbot)"
74.7.227.4 - - [13/Mar/2026:20:19:56 +0000] "GET /whsy.php?p=%2Fhome%2Flab2454c%2Fcredityork.com%2Fwp-content%2Fcache%2Fobject%2Fdeb%2F188%2F.. HTTP/2.0" 200 561 "https://www.caimegroup.com/whsy.php?p=%2Fhome%2Flab2454c%2Fcredityork.com%2Fwp-content%2Fcache%2Fobject%2Fdeb%2F188" "Mozilla/5.0 AppleWebKit/537.36 (KHTML, like Gecko; compatible; GPTBot/1.3; +https://openai.com/gptbot)"
74.7.227.2 - - [13/Mar/2026:20:19:57 +0000] "GET /whsy.php?p=%2Fproc%2F10560%2Ffd HTTP/2.0" 200 1699 "https://caimegroup.com.lab2454.com/whsy.php?p=%2Fproc%2F10560" "Mozilla/5.0 AppleWebKit/537.36 (KHTML, like Gecko; compatible; GPTBot/1.3; +https://openai.com/gptbot)"
74.7.227.130 - - [13/Mar/2026:20:19:57 +0000] "GET /whsy.php?e=micheile-dot-com-SoT4-mZhyhE-unsplash-1024x683.jpg&p=%2Fhome%2Flab2454c%2Fcbcei.com%2Fwp-content%2Fuploads%2F2022%2F12 HTTP/2.0" 200 1801 "https://mail.caimegroup.com/whsy.php?e=serach.svg&p=%2Fhome%2Flab2454c%2Fcbcei.com%2Fwp-content%2Fuploads%2F2022%2F12" "Mozilla/5.0 AppleWebKit/537.36 (KHTML, like Gecko; compatible; GPTBot/1.3; +https://openai.com/gptbot)"
74.7.243.233 - - [13/Mar/2026:20:19:59 +0000] "GET /whsy.php?p=%2Fhome%2Flab2454c%2Fcarbonbullionexchange.com%2Fwp-content%2Fplugins%2Fcontact-form-7%2Fincludes%2Fswv HTTP/2.0" 200 836 "https://caimegroup.com/whsy.php?p=%2Fhome%2Flab2454c%2Fcarbonbullionexchange.com%2Fwp-content%2Fplugins%2Fcontact-form-7%2Fincludes" "Mozilla/5.0 AppleWebKit/537.36 (KHTML, like Gecko; compatible; GPTBot/1.3; +https://openai.com/gptbot)"
74.7.227.169 - - [13/Mar/2026:20:20:00 +0000] "GET /whsy.php?e=setgroups&p=%2Fproc%2F28087 HTTP/2.0" 200 2008 "https://www.caimegroup.com.lab2454.com/whsy.php?p=%2Fproc%2F28087" "Mozilla/5.0 AppleWebKit/537.36 (KHTML, like Gecko; compatible; GPTBot/1.3; +https://openai.com/gptbot)"
74.7.227.4 - - [13/Mar/2026:20:20:04 +0000] "GET /whsy.php?p=%2Fhome%2Flab2454c%2Fcredityork.com%2Fwp-content%2Fcache%2Fobject%2Fdeb%2Fb35%2F.. HTTP/2.0" 200 561 "https://www.caimegroup.com/whsy.php?p=%2Fhome%2Flab2454c%2Fcredityork.com%2Fwp-content%2Fcache%2Fobject%2Fdeb%2Fb35" "Mozilla/5.0 AppleWebKit/537.36 (KHTML, like Gecko; compatible; GPTBot/1.3; +https://openai.com/gptbot)"
74.7.227.2 - - [13/Mar/2026:20:20:04 +0000] "GET /whsy.php?p=%2Fproc%2F10877%2Fns HTTP/2.0" 200 1699 "https://caimegroup.com.lab2454.com/whsy.php?p=%2Fproc%2F10877" "Mozilla/5.0 AppleWebKit/537.36 (KHTML, like Gecko; compatible; GPTBot/1.3; +https://openai.com/gptbot)"
74.7.227.130 - - [13/Mar/2026:20:20:04 +0000] "GET /whsy.php?e=micheile-dot-com-SoT4-mZhyhE-unsplash-768x512.jpg&p=%2Fhome%2Flab2454c%2Fcbcei.com%2Fwp-content%2Fuploads%2F2022%2F12 HTTP/2.0" 200 1802 "https://mail.caimegroup.com/whsy.php?e=serach.svg&p=%2Fhome%2Flab2454c%2Fcbcei.com%2Fwp-content%2Fuploads%2F2022%2F12" "Mozilla/5.0 AppleWebKit/537.36 (KHTML, like Gecko; compatible; GPTBot/1.3; +https://openai.com/gptbot)"
74.7.227.169 - - [13/Mar/2026:20:20:08 +0000] "GET /whsy.php?e=oom_adj&p=%2Fproc%2F23999 HTTP/2.0" 200 1699 "https://www.caimegroup.com.lab2454.com/whsy.php?p=%2Fproc%2F23999" "Mozilla/5.0 AppleWebKit/537.36 (KHTML, like Gecko; compatible; GPTBot/1.3; +https://openai.com/gptbot)"
74.7.227.4 - - [13/Mar/2026:20:20:13 +0000] "GET /whsy.php?p=%2Fhome%2Flab2454c%2Fcredityork.com%2Fwp-content%2Fcache%2Fobject%2Ffee%2Fb1a%2F.. HTTP/2.0" 200 551 "https://www.caimegroup.com/whsy.php?p=%2Fhome%2Flab2454c%2Fcredityork.com%2Fwp-content%2Fcache%2Fobject%2Ffee%2Fb1a" "Mozilla/5.0 AppleWebKit/537.36 (KHTML, like Gecko; compatible; GPTBot/1.3; +https://openai.com/gptbot)"
74.7.227.2 - - [13/Mar/2026:20:20:13 +0000] "GET /whsy.php?p=%2Fproc%2F32461%2Fns HTTP/2.0" 200 1699 "https://caimegroup.com.lab2454.com/whsy.php?p=%2Fproc%2F32461" "Mozilla/5.0 AppleWebKit/537.36 (KHTML, like Gecko; compatible; GPTBot/1.3; +https://openai.com/gptbot)"
74.7.227.130 - - [13/Mar/2026:20:20:14 +0000] "GET /whsy.php?p=%2Fhome%2Flab2454c%2Fcostbloc.com%2Fpublic%2Fdist%2Fcss%2F.. HTTP/2.0" 200 579 "https://mail.caimegroup.com/whsy.php?p=%2Fhome%2Flab2454c%2Fcostbloc.com%2Fpublic%2Fdist%2Fcss" "Mozilla/5.0 AppleWebKit/537.36 (KHTML, like Gecko; compatible; GPTBot/1.3; +https://openai.com/gptbot)"
74.7.243.233 - - [13/Mar/2026:20:20:17 +0000] "GET /whsy.php?p=%2Fhome%2Flab2454c%2Fcarbonbullionexchange.com%2Fwp-content%2Fplugins%2Fcontact-form-7%2Fincludes%2Fblock-editor HTTP/2.0" 200 851 "https://caimegroup.com/whsy.php?p=%2Fhome%2Flab2454c%2Fcarbonbullionexchange.com%2Fwp-content%2Fplugins%2Fcontact-form-7%2Fincludes" "Mozilla/5.0 AppleWebKit/537.36 (KHTML, like Gecko; compatible; GPTBot/1.3; +https://openai.com/gptbot)"
74.7.227.169 - - [13/Mar/2026:20:20:18 +0000] "GET /whsy.php?e=exe&p=%2Fproc%2F13662 HTTP/2.0" 200 1699 "https://www.caimegroup.com.lab2454.com/whsy.php?p=%2Fproc%2F13662" "Mozilla/5.0 AppleWebKit/537.36 (KHTML, like Gecko; compatible; GPTBot/1.3; +https://openai.com/gptbot)"
74.7.227.4 - - [13/Mar/2026:20:20:23 +0000] "GET /whsy.php?p=%2Fhome%2Flab2454c%2Fcredityork.com%2Fwp-content%2Fcache%2Fobject%2Ffec HTTP/2.0" 200 560 "https://www.caimegroup.com/whsy.php?p=%2Fhome%2Flab2454c%2Fcredityork.com%2Fwp-content%2Fcache%2Fobject" "Mozilla/5.0 AppleWebKit/537.36 (KHTML, like Gecko; compatible; GPTBot/1.3; +https://openai.com/gptbot)"
74.7.227.2 - - [13/Mar/2026:20:20:24 +0000] "GET /whsy.php?p=%2Fproc%2F10877%2Ffd HTTP/2.0" 200 1699 "https://caimegroup.com.lab2454.com/whsy.php?p=%2Fproc%2F10877" "Mozilla/5.0 AppleWebKit/537.36 (KHTML, like Gecko; compatible; GPTBot/1.3; +https://openai.com/gptbot)"
74.7.227.130 - - [13/Mar/2026:20:20:24 +0000] "GET /whsy.php?e=input.php&p=%2Fhome%2Flab2454c%2Fafricanforeignfinancialcredit.com%2Fcgi-bin HTTP/2.0" 200 1816 "https://mail.caimegroup.com/whsy.php?p=%2Fhome%2Flab2454c%2Fafricanforeignfinancialcredit.com%2Fcgi-bin" "Mozilla/5.0 AppleWebKit/537.36 (KHTML, like Gecko; compatible; GPTBot/1.3; +https://openai.com/gptbot)"
74.7.243.233 - - [13/Mar/2026:20:20:28 +0000] "GET /whsy.php?p=%2Fhome%2Flab2454c%2Fcarbonbullionexchange.com%2Fwp-content%2Fplugins%2Fcontact-form-7%2Fmodules%2Fakismet HTTP/2.0" 200 783 "https://caimegroup.com/whsy.php?p=%2Fhome%2Flab2454c%2Fcarbonbullionexchange.com%2Fwp-content%2Fplugins%2Fcontact-form-7%2Fmodules" "Mozilla/5.0 AppleWebKit/537.36 (KHTML, like Gecko; compatible; GPTBot/1.3; +https://openai.com/gptbot)"
74.7.227.169 - - [13/Mar/2026:20:20:29 +0000] "GET /whsy.php?e=exe&p=%2Fproc%2F28087 HTTP/2.0" 200 1936 "https://www.caimegroup.com.lab2454.com/whsy.php?p=%2Fproc%2F28087" "Mozilla/5.0 AppleWebKit/537.36 (KHTML, like Gecko; compatible; GPTBot/1.3; +https://openai.com/gptbot)"
74.7.175.186 - - [13/Mar/2026:20:20:29 +0000] "GET /robots.txt HTTP/2.0" 404 - "-" "Mozilla/5.0 (Macintosh; Intel Mac OS X 10_15_7) AppleWebKit/537.36 (KHTML, like Gecko) Chrome/131.0.0.0 Safari/537.36; compatible; OAI-SearchBot/1.3; robots.txt; +https://openai.com/searchbot"
74.7.227.4 - - [13/Mar/2026:20:20:33 +0000] "GET /whsy.php?p=%2Fhome%2Flab2454c%2Fcredityork.com%2Fwp-content%2Fcache%2Fobject%2Ffce HTTP/2.0" 200 551 "https://www.caimegroup.com/whsy.php?p=%2Fhome%2Flab2454c%2Fcredityork.com%2Fwp-content%2Fcache%2Fobject" "Mozilla/5.0 AppleWebKit/537.36 (KHTML, like Gecko; compatible; GPTBot/1.3; +https://openai.com/gptbot)"
74.7.227.2 - - [13/Mar/2026:20:20:33 +0000] "GET /whsy.php?p=%2Fproc%2F29301%2Fns HTTP/2.0" 200 1699 "https://caimegroup.com.lab2454.com/whsy.php?p=%2Fproc%2F29301" "Mozilla/5.0 AppleWebKit/537.36 (KHTML, like Gecko; compatible; GPTBot/1.3; +https://openai.com/gptbot)"
74.7.227.130 - - [13/Mar/2026:20:20:34 +0000] "GET /whsy.php?e=input.php&p=%2Fhome%2Flab2454c%2Fnationalclimatechangeregistry.com%2Fcgi-bin HTTP/2.0" 200 1802 "https://mail.caimegroup.com/whsy.php?p=%2Fhome%2Flab2454c%2Fnationalclimatechangeregistry.com%2Fcgi-bin" "Mozilla/5.0 AppleWebKit/537.36 (KHTML, like Gecko; compatible; GPTBot/1.3; +https://openai.com/gptbot)"
74.7.227.169 - - [13/Mar/2026:20:20:37 +0000] "GET /whsy.php?e=mem&p=%2Fproc%2F26656 HTTP/2.0" 200 1699 "https://www.caimegroup.com.lab2454.com/whsy.php?p=%2Fproc%2F26656" "Mozilla/5.0 AppleWebKit/537.36 (KHTML, like Gecko; compatible; GPTBot/1.3; +https://openai.com/gptbot)"
74.7.227.4 - - [13/Mar/2026:20:20:41 +0000] "GET /whsy.php?p=%2Fhome%2Flab2454c%2Fcredityork.com%2Fwp-content%2Fcache%2Fobject%2F2ad HTTP/2.0" 200 552 "https://www.caimegroup.com/whsy.php?p=%2Fhome%2Flab2454c%2Fcredityork.com%2Fwp-content%2Fcache%2Fobject" "Mozilla/5.0 AppleWebKit/537.36 (KHTML, like Gecko; compatible; GPTBot/1.3; +https://openai.com/gptbot)"
74.7.227.2 - - [13/Mar/2026:20:20:41 +0000] "GET /whsy.php?p=%2Fproc%2F15607%2Fns HTTP/2.0" 200 1699 "https://caimegroup.com.lab2454.com/whsy.php?p=%2Fproc%2F15607" "Mozilla/5.0 AppleWebKit/537.36 (KHTML, like Gecko; compatible; GPTBot/1.3; +https://openai.com/gptbot)"
74.7.227.130 - - [13/Mar/2026:20:20:41 +0000] "GET /whsy.php?e=about.php&p=%2Fhome%2Flab2454c%2Fnationalclimatechangeregistry.com%2Fcgi-bin HTTP/2.0" 200 1793 "https://mail.caimegroup.com/whsy.php?p=%2Fhome%2Flab2454c%2Fnationalclimatechangeregistry.com%2Fcgi-bin" "Mozilla/5.0 AppleWebKit/537.36 (KHTML, like Gecko; compatible; GPTBot/1.3; +https://openai.com/gptbot)"
74.7.243.233 - - [13/Mar/2026:20:20:43 +0000] "GET /whsy.php?p=%2Fhome%2Flab2454c%2Fcarbonbullionexchange.com%2Fwp-content%2Fplugins%2Fcontact-form-7%2Fmodules%2Fstripe HTTP/2.0" 200 902 "https://caimegroup.com/whsy.php?p=%2Fhome%2Flab2454c%2Fcarbonbullionexchange.com%2Fwp-content%2Fplugins%2Fcontact-form-7%2Fmodules" "Mozilla/5.0 AppleWebKit/537.36 (KHTML, like Gecko; compatible; GPTBot/1.3; +https://openai.com/gptbot)"
74.7.227.169 - - [13/Mar/2026:20:20:45 +0000] "GET /whsy.php?e=exe&p=%2Fproc%2F26656 HTTP/2.0" 200 1699 "https://www.caimegroup.com.lab2454.com/whsy.php?p=%2Fproc%2F26656" "Mozilla/5.0 AppleWebKit/537.36 (KHTML, like Gecko; compatible; GPTBot/1.3; +https://openai.com/gptbot)"
74.7.227.4 - - [13/Mar/2026:20:20:48 +0000] "GET /whsy.php?p=%2Fhome%2Flab2454c%2Fcredityork.com%2Fwp-content%2Fcache%2Fobject%2Fa4c HTTP/2.0" 200 560 "https://www.caimegroup.com/whsy.php?p=%2Fhome%2Flab2454c%2Fcredityork.com%2Fwp-content%2Fcache%2Fobject" "Mozilla/5.0 AppleWebKit/537.36 (KHTML, like Gecko; compatible; GPTBot/1.3; +https://openai.com/gptbot)"
74.7.227.2 - - [13/Mar/2026:20:20:48 +0000] "GET /whsy.php?p=%2Fproc%2F17387%2Fns HTTP/2.0" 200 1699 "https://caimegroup.com.lab2454.com/whsy.php?p=%2Fproc%2F17387" "Mozilla/5.0 AppleWebKit/537.36 (KHTML, like Gecko; compatible; GPTBot/1.3; +https://openai.com/gptbot)"
74.7.227.130 - - [13/Mar/2026:20:20:48 +0000] "GET /whsy.php?e=dropdown.php&p=%2Fhome%2Flab2454c%2Finternationalmetaversebank.com%2Fcgi-bin HTTP/2.0" 200 1788 "https://mail.caimegroup.com/whsy.php?p=%2Fhome%2Flab2454c%2Finternationalmetaversebank.com%2Fcgi-bin" "Mozilla/5.0 AppleWebKit/537.36 (KHTML, like Gecko; compatible; GPTBot/1.3; +https://openai.com/gptbot)"
74.7.227.169 - - [13/Mar/2026:20:20:52 +0000] "GET /whsy.php?e=mem&p=%2Fproc%2F28087 HTTP/2.0" 200 1936 "https://www.caimegroup.com.lab2454.com/whsy.php?p=%2Fproc%2F28087" "Mozilla/5.0 AppleWebKit/537.36 (KHTML, like Gecko; compatible; GPTBot/1.3; +https://openai.com/gptbot)"
74.7.227.4 - - [13/Mar/2026:20:20:55 +0000] "GET /whsy.php?p=%2Fhome%2Flab2454c%2Fcredityork.com%2Fwp-content%2Fcache%2Fobject%2F4dd HTTP/2.0" 200 553 "https://www.caimegroup.com/whsy.php?p=%2Fhome%2Flab2454c%2Fcredityork.com%2Fwp-content%2Fcache%2Fobject" "Mozilla/5.0 AppleWebKit/537.36 (KHTML, like Gecko; compatible; GPTBot/1.3; +https://openai.com/gptbot)"
74.7.244.25 - - [13/Mar/2026:20:20:55 +0000] "GET /robots.txt HTTP/2.0" 404 - "-" "Mozilla/5.0 (Macintosh; Intel Mac OS X 10_15_7) AppleWebKit/537.36 (KHTML, like Gecko) Chrome/131.0.0.0 Safari/537.36; compatible; OAI-SearchBot/1.3; robots.txt; +https://openai.com/searchbot"
74.7.227.2 - - [13/Mar/2026:20:20:55 +0000] "GET /whsy.php?p=%2Fproc%2F29301%2Ffdinfo HTTP/2.0" 200 1699 "https://caimegroup.com.lab2454.com/whsy.php?p=%2Fproc%2F29301" "Mozilla/5.0 AppleWebKit/537.36 (KHTML, like Gecko; compatible; GPTBot/1.3; +https://openai.com/gptbot)"
74.7.227.130 - - [13/Mar/2026:20:20:56 +0000] "GET /whsy.php?p=%2Fhome%2Flab2454c%2Fcarbonbullionexchange.com%2Fwp-includes%2Fblocks%2Fblock%2F.. HTTP/2.0" 200 3782 "https://mail.caimegroup.com/whsy.php?p=%2Fhome%2Flab2454c%2Fcarbonbullionexchange.com%2Fwp-includes%2Fblocks%2Fblock" "Mozilla/5.0 AppleWebKit/537.36 (KHTML, like Gecko; compatible; GPTBot/1.3; +https://openai.com/gptbot)"
74.7.227.169 - - [13/Mar/2026:20:20:59 +0000] "GET /whsy.php?e=cwd&p=%2Fproc%2F13662 HTTP/2.0" 200 1699 "https://www.caimegroup.com.lab2454.com/whsy.php?p=%2Fproc%2F13662" "Mozilla/5.0 AppleWebKit/537.36 (KHTML, like Gecko; compatible; GPTBot/1.3; +https://openai.com/gptbot)"
74.7.227.4 - - [13/Mar/2026:20:21:02 +0000] "GET /whsy.php?p=%2Fhome%2Flab2454c%2Fcredityork.com%2Fwp-content%2Fcache%2Fobject%2Fae5 HTTP/2.0" 200 553 "https://www.caimegroup.com/whsy.php?p=%2Fhome%2Flab2454c%2Fcredityork.com%2Fwp-content%2Fcache%2Fobject" "Mozilla/5.0 AppleWebKit/537.36 (KHTML, like Gecko; compatible; GPTBot/1.3; +https://openai.com/gptbot)"
74.7.227.2 - - [13/Mar/2026:20:21:03 +0000] "GET /whsy.php?p=%2Fproc%2F32461%2Ffdinfo HTTP/2.0" 200 1699 "https://caimegroup.com.lab2454.com/whsy.php?p=%2Fproc%2F32461" "Mozilla/5.0 AppleWebKit/537.36 (KHTML, like Gecko; compatible; GPTBot/1.3; +https://openai.com/gptbot)"
74.7.227.130 - - [13/Mar/2026:20:21:03 +0000] "GET /whsy.php?e=PKCS12_SAFEBAG_free.3&p=%2Fopt%2Fcpanel%2Fea-openssl11%2Fshare%2Fman%2Fman3 HTTP/2.0" 200 141504 "https://mail.caimegroup.com/whsy.php?e=EVP_sha384.3&p=%2Fopt%2Fcpanel%2Fea-openssl11%2Fshare%2Fman%2Fman3" "Mozilla/5.0 AppleWebKit/537.36 (KHTML, like Gecko; compatible; GPTBot/1.3; +https://openai.com/gptbot)"
74.7.227.169 - - [13/Mar/2026:20:21:06 +0000] "GET /whsy.php?e=cwd&p=%2Fproc%2F26656 HTTP/2.0" 200 1699 "https://www.caimegroup.com.lab2454.com/whsy.php?p=%2Fproc%2F26656" "Mozilla/5.0 AppleWebKit/537.36 (KHTML, like Gecko; compatible; GPTBot/1.3; +https://openai.com/gptbot)"
74.7.227.4 - - [13/Mar/2026:20:21:10 +0000] "GET /whsy.php?p=%2Fhome%2Flab2454c%2Fcredityork.com%2Fwp-content%2Fcache%2Fobject%2F2cf HTTP/2.0" 200 553 "https://www.caimegroup.com/whsy.php?p=%2Fhome%2Flab2454c%2Fcredityork.com%2Fwp-content%2Fcache%2Fobject" "Mozilla/5.0 AppleWebKit/537.36 (KHTML, like Gecko; compatible; GPTBot/1.3; +https://openai.com/gptbot)"
74.7.227.2 - - [13/Mar/2026:20:21:10 +0000] "GET /whsy.php?p=%2Fproc%2F13297%2Ffdinfo HTTP/2.0" 200 1699 "https://caimegroup.com.lab2454.com/whsy.php?p=%2Fproc%2F13297" "Mozilla/5.0 AppleWebKit/537.36 (KHTML, like Gecko; compatible; GPTBot/1.3; +https://openai.com/gptbot)"
74.7.227.130 - - [13/Mar/2026:20:21:11 +0000] "GET /whsy.php?e=wp-blog-header.php&p=%2Fhome%2Flab2454c%2Fclimatefinancebank.com%2Fwp-admin HTTP/2.0" 200 4942 "https://mail.caimegroup.com/whsy.php?e=customize.php&p=%2Fhome%2Flab2454c%2Fclimatefinancebank.com%2Fwp-admin" "Mozilla/5.0 AppleWebKit/537.36 (KHTML, like Gecko; compatible; GPTBot/1.3; +https://openai.com/gptbot)"
74.7.243.233 - - [13/Mar/2026:20:21:12 +0000] "GET /whsy.php?p=%2Fhome%2Flab2454c%2Fcarbonbullionexchange.com%2Fwp-content%2Fplugins%2Fcontact-form-7%2Fincludes%2Fjs%2F.. HTTP/2.0" 200 1481 "https://caimegroup.com/whsy.php?p=%2Fhome%2Flab2454c%2Fcarbonbullionexchange.com%2Fwp-content%2Fplugins%2Fcontact-form-7%2Fincludes%2Fjs" "Mozilla/5.0 AppleWebKit/537.36 (KHTML, like Gecko; compatible; GPTBot/1.3; +https://openai.com/gptbot)"
74.7.227.4 - - [13/Mar/2026:20:21:18 +0000] "GET /whsy.php?p=%2Fhome%2Flab2454c%2Fcredityork.com%2Fwp-content%2Fcache%2Fobject%2Ff2c HTTP/2.0" 200 569 "https://www.caimegroup.com/whsy.php?p=%2Fhome%2Flab2454c%2Fcredityork.com%2Fwp-content%2Fcache%2Fobject" "Mozilla/5.0 AppleWebKit/537.36 (KHTML, like Gecko; compatible; GPTBot/1.3; +https://openai.com/gptbot)"
74.7.227.2 - - [13/Mar/2026:20:21:18 +0000] "GET /whsy.php?p=%2Fproc%2F29478%2Ffdinfo HTTP/2.0" 200 1699 "https://caimegroup.com.lab2454.com/whsy.php?p=%2Fproc%2F29478" "Mozilla/5.0 AppleWebKit/537.36 (KHTML, like Gecko; compatible; GPTBot/1.3; +https://openai.com/gptbot)"
74.7.227.130 - - [13/Mar/2026:20:21:18 +0000] "GET /whsy.php?e=NewClassMemberAccessSniff.php&p=%2Fhome%2Flab2454c%2Finvest.credityork.com%2Fwp-content%2Fplugins%2Fwp-user-frontend-pro%2Fvendor%2Fphpcompatibility%2Fphp-compatibility%2FPHPCompatibility%2FSniffs%2FSyntax HTTP/2.0" 200 3360 "https://mail.caimegroup.com/whsy.php?p=%2Fhome%2Flab2454c%2Finvest.credityork.com%2Fwp-content%2Fplugins%2Fwp-user-frontend-pro%2Fvendor%2Fphpcompatibility%2Fphp-compatibility%2FPHPCompatibility%2FSniffs%2FSyntax" "Mozilla/5.0 AppleWebKit/537.36 (KHTML, like Gecko; compatible; GPTBot/1.3; +https://openai.com/gptbot)"
74.7.227.169 - - [13/Mar/2026:20:21:14 +0000] "GET /whsy.php?e=cwd&p=%2Fproc%2F28087 HTTP/2.0" 200 1936 "https://www.caimegroup.com.lab2454.com/whsy.php?p=%2Fproc%2F28087" "Mozilla/5.0 AppleWebKit/537.36 (KHTML, like Gecko; compatible; GPTBot/1.3; +https://openai.com/gptbot)"
74.7.227.169 - - [13/Mar/2026:20:21:22 +0000] "GET /whsy.php?e=mem&p=%2Fproc%2F13662 HTTP/2.0" 200 1699 "https://www.caimegroup.com.lab2454.com/whsy.php?p=%2Fproc%2F13662" "Mozilla/5.0 AppleWebKit/537.36 (KHTML, like Gecko; compatible; GPTBot/1.3; +https://openai.com/gptbot)"
74.7.227.4 - - [13/Mar/2026:20:21:26 +0000] "GET /whsy.php?p=%2Fhome%2Flab2454c%2Fcredityork.com%2Fwp-content%2Fcache%2Fobject%2Fea5 HTTP/2.0" 200 553 "https://www.caimegroup.com/whsy.php?p=%2Fhome%2Flab2454c%2Fcredityork.com%2Fwp-content%2Fcache%2Fobject" "Mozilla/5.0 AppleWebKit/537.36 (KHTML, like Gecko; compatible; GPTBot/1.3; +https://openai.com/gptbot)"
74.7.227.2 - - [13/Mar/2026:20:21:27 +0000] "GET /whsy.php?e=coredump_filter&p=%2Fproc%2F15607 HTTP/2.0" 200 1699 "https://caimegroup.com.lab2454.com/whsy.php?p=%2Fproc%2F15607" "Mozilla/5.0 AppleWebKit/537.36 (KHTML, like Gecko; compatible; GPTBot/1.3; +https://openai.com/gptbot)"
74.7.227.130 - - [13/Mar/2026:20:21:27 +0000] "GET /whsy.php?e=libmysqlclient.so&p=%2Fusr%2Flib64%2Fmysql HTTP/2.0" 200 948 "https://mail.caimegroup.com/whsy.php?e=libmysqlclient.a&p=%2Fusr%2Flib64%2Fmysql" "Mozilla/5.0 AppleWebKit/537.36 (KHTML, like Gecko; compatible; GPTBot/1.3; +https://openai.com/gptbot)"
74.7.243.233 - - [13/Mar/2026:20:21:29 +0000] "GET /whsy.php?p=%2Fhome%2Flab2454c%2Fcarbonbullionexchange.com%2Fwp-content%2Fplugins%2Fcontact-form-7%2Fincludes%2Fswv%2Fjs HTTP/2.0" 200 794 "https://caimegroup.com/whsy.php?p=%2Fhome%2Flab2454c%2Fcarbonbullionexchange.com%2Fwp-content%2Fplugins%2Fcontact-form-7%2Fincludes%2Fswv" "Mozilla/5.0 AppleWebKit/537.36 (KHTML, like Gecko; compatible; GPTBot/1.3; +https://openai.com/gptbot)"
74.7.227.169 - - [13/Mar/2026:20:21:31 +0000] "GET /whsy.php?e=stat&p=%2Fproc%2F29854 HTTP/2.0" 200 1699 "https://www.caimegroup.com.lab2454.com/whsy.php?p=%2Fproc%2F29854" "Mozilla/5.0 AppleWebKit/537.36 (KHTML, like Gecko; compatible; GPTBot/1.3; +https://openai.com/gptbot)"
74.7.227.4 - - [13/Mar/2026:20:21:34 +0000] "GET /whsy.php?p=%2Fhome%2Flab2454c%2Fcredityork.com%2Fwp-content%2Fcache%2Fobject%2Fe1e HTTP/2.0" 200 551 "https://www.caimegroup.com/whsy.php?p=%2Fhome%2Flab2454c%2Fcredityork.com%2Fwp-content%2Fcache%2Fobject" "Mozilla/5.0 AppleWebKit/537.36 (KHTML, like Gecko; compatible; GPTBot/1.3; +https://openai.com/gptbot)"
74.7.227.2 - - [13/Mar/2026:20:21:34 +0000] "GET /whsy.php?e=projid_map&p=%2Fproc%2F15607 HTTP/2.0" 200 1699 "https://caimegroup.com.lab2454.com/whsy.php?p=%2Fproc%2F15607" "Mozilla/5.0 AppleWebKit/537.36 (KHTML, like Gecko; compatible; GPTBot/1.3; +https://openai.com/gptbot)"
74.7.227.130 - - [13/Mar/2026:20:21:35 +0000] "GET /whsy.php?p=%2Fusr%2Fshare%2Fperl5%2FCPAN%2FHTTP HTTP/2.0" 200 721 "https://mail.caimegroup.com/whsy.php?p=%2Fusr%2Fshare%2Fperl5%2FCPAN" "Mozilla/5.0 AppleWebKit/537.36 (KHTML, like Gecko; compatible; GPTBot/1.3; +https://openai.com/gptbot)"
74.7.243.233 - - [13/Mar/2026:20:21:36 +0000] "GET /whsy.php?p=%2Fhome%2Flab2454c%2Fcarbonbullionexchange.com%2Fwp-content%2Fplugins%2Fcontact-form-7%2Fincludes%2Fswv%2F.. HTTP/2.0" 200 1481 "https://caimegroup.com/whsy.php?p=%2Fhome%2Flab2454c%2Fcarbonbullionexchange.com%2Fwp-content%2Fplugins%2Fcontact-form-7%2Fincludes%2Fswv" "Mozilla/5.0 AppleWebKit/537.36 (KHTML, like Gecko; compatible; GPTBot/1.3; +https://openai.com/gptbot)"
74.7.227.169 - - [13/Mar/2026:20:21:38 +0000] "GET /whsy.php?e=stat&p=%2Fproc%2F30269 HTTP/2.0" 200 1699 "https://www.caimegroup.com.lab2454.com/whsy.php?p=%2Fproc%2F30269" "Mozilla/5.0 AppleWebKit/537.36 (KHTML, like Gecko; compatible; GPTBot/1.3; +https://openai.com/gptbot)"
74.7.227.4 - - [13/Mar/2026:20:21:42 +0000] "GET /whsy.php?p=%2Fhome%2Flab2454c%2Fcredityork.com%2Fwp-content%2Fcache%2Fobject%2Fee1 HTTP/2.0" 200 560 "https://www.caimegroup.com/whsy.php?p=%2Fhome%2Flab2454c%2Fcredityork.com%2Fwp-content%2Fcache%2Fobject" "Mozilla/5.0 AppleWebKit/537.36 (KHTML, like Gecko; compatible; GPTBot/1.3; +https://openai.com/gptbot)"
74.7.227.2 - - [13/Mar/2026:20:21:42 +0000] "GET /whsy.php?e=projid_map&p=%2Fproc%2F29301 HTTP/2.0" 200 1699 "https://caimegroup.com.lab2454.com/whsy.php?p=%2Fproc%2F29301" "Mozilla/5.0 AppleWebKit/537.36 (KHTML, like Gecko; compatible; GPTBot/1.3; +https://openai.com/gptbot)"
