147.135.212.200 - - [13/Mar/2026:19:40:12 +0000] "GET /whsy.php?e=media.php&p=/home/lab2454c/mact34.com/wp-admin HTTP/1.1" 200 3940 "-" "Mozilla/5.0 (compatible; MJ12bot/v1.4.8; http://mj12bot.com/)"
74.7.227.2 - - [13/Mar/2026:19:40:13 +0000] "GET /whsy.php?e=autogroup&p=%2Fproc%2F25575 HTTP/2.0" 200 1699 "https://caimegroup.com.lab2454.com/whsy.php?p=%2Fproc%2F25575" "Mozilla/5.0 AppleWebKit/537.36 (KHTML, like Gecko; compatible; GPTBot/1.3; +https://openai.com/gptbot)"
147.135.212.200 - - [13/Mar/2026:19:40:14 +0000] "GET /whsy.php?e=media.php&p=/home/lab2454c/mact34.com/wp-includes HTTP/1.1" 200 55891 "-" "Mozilla/5.0 (compatible; MJ12bot/v1.4.8; http://mj12bot.com/)"
147.135.212.200 - - [13/Mar/2026:19:40:16 +0000] "GET /whsy.php?e=media.php&p=/home/lab2454c/netxzero.com/wp-admin HTTP/1.1" 200 5637 "-" "Mozilla/5.0 (compatible; MJ12bot/v1.4.8; http://mj12bot.com/)"
147.135.212.200 - - [13/Mar/2026:19:40:19 +0000] "GET /whsy.php?e=media.php&p=/home/lab2454c/netxzero.com/wp-includes HTTP/1.1" 200 50495 "-" "Mozilla/5.0 (compatible; MJ12bot/v1.4.8; http://mj12bot.com/)"
147.135.212.200 - - [13/Mar/2026:19:40:21 +0000] "GET /whsy.php?e=media.php&p=/home/lab2454c/nfsin.com/wp-admin HTTP/1.1" 200 3988 "-" "Mozilla/5.0 (compatible; MJ12bot/v1.4.8; http://mj12bot.com/)"
74.7.227.130 - - [13/Mar/2026:19:40:21 +0000] "GET /whsy.php?e=editor.min.css&p=%2Fhome%2Flab2454c%2Fcarbonbullionexchange.com%2Fwp-includes%2Fblocks%2Fquery-pagination HTTP/2.0" 200 1155 "https://mail.caimegroup.com/whsy.php?p=%2Fhome%2Flab2454c%2Fcarbonbullionexchange.com%2Fwp-includes%2Fblocks%2Fquery-pagination" "Mozilla/5.0 AppleWebKit/537.36 (KHTML, like Gecko; compatible; GPTBot/1.3; +https://openai.com/gptbot)"
74.7.227.4 - - [13/Mar/2026:19:40:22 +0000] "GET /whsy.php?p=%2Fhome%2Flab2454c%2Fcredityork.com%2Fwp-content%2Fcache%2Fobject%2Fd9f%2Fc9d HTTP/2.0" 200 754 "https://www.caimegroup.com/whsy.php?p=%2Fhome%2Flab2454c%2Fcredityork.com%2Fwp-content%2Fcache%2Fobject%2Fd9f" "Mozilla/5.0 AppleWebKit/537.36 (KHTML, like Gecko; compatible; GPTBot/1.3; +https://openai.com/gptbot)"
74.7.244.25 - - [13/Mar/2026:19:40:22 +0000] "GET /robots.txt HTTP/2.0" 404 - "-" "Mozilla/5.0 (Macintosh; Intel Mac OS X 10_15_7) AppleWebKit/537.36 (KHTML, like Gecko) Chrome/131.0.0.0 Safari/537.36; compatible; OAI-SearchBot/1.3; robots.txt; +https://openai.com/searchbot"
147.135.212.200 - - [13/Mar/2026:19:40:23 +0000] "GET /whsy.php?e=media.php&p=/home/lab2454c/nfsin.com/wp-includes HTTP/1.1" 200 60094 "-" "Mozilla/5.0 (compatible; MJ12bot/v1.4.8; http://mj12bot.com/)"
74.7.227.2 - - [13/Mar/2026:19:40:24 +0000] "GET /whsy.php?e=ksm_stat&p=%2Fproc%2F13297 HTTP/2.0" 200 1936 "https://caimegroup.com.lab2454.com/whsy.php?p=%2Fproc%2F13297" "Mozilla/5.0 AppleWebKit/537.36 (KHTML, like Gecko; compatible; GPTBot/1.3; +https://openai.com/gptbot)"
147.135.212.200 - - [13/Mar/2026:19:40:25 +0000] "GET /whsy.php?e=media.php&p=/home/lab2454c/securepaychip.com/wp-admin HTTP/1.1" 200 3951 "-" "Mozilla/5.0 (compatible; MJ12bot/v1.4.8; http://mj12bot.com/)"
147.135.212.200 - - [13/Mar/2026:19:40:27 +0000] "GET /whsy.php?e=media.php&p=/home/lab2454c/securepaychip.com/wp-includes HTTP/1.1" 200 56676 "-" "Mozilla/5.0 (compatible; MJ12bot/v1.4.8; http://mj12bot.com/)"
147.135.212.200 - - [13/Mar/2026:19:40:29 +0000] "GET /whsy.php?e=media.php&p=/home/lab2454c/sothebankuab.com/wp-admin HTTP/1.1" 200 5587 "-" "Mozilla/5.0 (compatible; MJ12bot/v1.4.8; http://mj12bot.com/)"
74.7.227.130 - - [13/Mar/2026:19:40:31 +0000] "GET /whsy.php?e=style-rtl.css&p=%2Fhome%2Flab2454c%2Fcarbonbullionexchange.com%2Fwp-includes%2Fblocks%2Fquery-pagination HTTP/2.0" 200 1226 "https://mail.caimegroup.com/whsy.php?p=%2Fhome%2Flab2454c%2Fcarbonbullionexchange.com%2Fwp-includes%2Fblocks%2Fquery-pagination" "Mozilla/5.0 AppleWebKit/537.36 (KHTML, like Gecko; compatible; GPTBot/1.3; +https://openai.com/gptbot)"
74.7.227.4 - - [13/Mar/2026:19:40:31 +0000] "GET /whsy.php?p=%2Fhome%2Flab2454c%2Fcredityork.com%2Fwp-content%2Fcache%2Fobject%2F1df%2F14e HTTP/2.0" 200 751 "https://www.caimegroup.com/whsy.php?p=%2Fhome%2Flab2454c%2Fcredityork.com%2Fwp-content%2Fcache%2Fobject%2F1df" "Mozilla/5.0 AppleWebKit/537.36 (KHTML, like Gecko; compatible; GPTBot/1.3; +https://openai.com/gptbot)"
147.135.212.200 - - [13/Mar/2026:19:40:32 +0000] "GET /whsy.php?e=media.php&p=/home/lab2454c/sothebankuab.com/wp-includes HTTP/1.1" 200 48482 "-" "Mozilla/5.0 (compatible; MJ12bot/v1.4.8; http://mj12bot.com/)"
74.7.227.2 - - [13/Mar/2026:19:40:34 +0000] "GET /whsy.php?e=root&p=%2Fproc%2F13297 HTTP/2.0" 200 1936 "https://caimegroup.com.lab2454.com/whsy.php?p=%2Fproc%2F13297" "Mozilla/5.0 AppleWebKit/537.36 (KHTML, like Gecko; compatible; GPTBot/1.3; +https://openai.com/gptbot)"
147.135.212.200 - - [13/Mar/2026:19:40:34 +0000] "GET /whsy.php?e=media.php&p=/home/lab2454c/sparxbankgroup.com/wp-admin HTTP/1.1" 200 3950 "-" "Mozilla/5.0 (compatible; MJ12bot/v1.4.8; http://mj12bot.com/)"
147.135.212.200 - - [13/Mar/2026:19:40:36 +0000] "GET /whsy.php?e=media.php&p=/home/lab2454c/sparxbankgroup.com/wp-includes HTTP/1.1" 200 55896 "-" "Mozilla/5.0 (compatible; MJ12bot/v1.4.8; http://mj12bot.com/)"
147.135.212.200 - - [13/Mar/2026:19:40:38 +0000] "GET /whsy.php?e=media.php&p=/home/lab2454c/spaxtac.com/wp-admin HTTP/1.1" 200 3940 "-" "Mozilla/5.0 (compatible; MJ12bot/v1.4.8; http://mj12bot.com/)"
74.7.227.130 - - [13/Mar/2026:19:40:39 +0000] "GET /whsy.php?e=theme.css&p=%2Fhome%2Flab2454c%2Fcarbonbullionexchange.com%2Fwp-includes%2Fblocks%2Ftemplate-part HTTP/2.0" 200 1040 "https://mail.caimegroup.com/whsy.php?p=%2Fhome%2Flab2454c%2Fcarbonbullionexchange.com%2Fwp-includes%2Fblocks%2Ftemplate-part" "Mozilla/5.0 AppleWebKit/537.36 (KHTML, like Gecko; compatible; GPTBot/1.3; +https://openai.com/gptbot)"
74.7.227.4 - - [13/Mar/2026:19:40:39 +0000] "GET /whsy.php?p=%2Fhome%2Flab2454c%2Fcredityork.com%2Fwp-content%2Fcache%2Fobject%2Fd9f%2F9fc HTTP/2.0" 200 754 "https://www.caimegroup.com/whsy.php?p=%2Fhome%2Flab2454c%2Fcredityork.com%2Fwp-content%2Fcache%2Fobject%2Fd9f" "Mozilla/5.0 AppleWebKit/537.36 (KHTML, like Gecko; compatible; GPTBot/1.3; +https://openai.com/gptbot)"
147.135.212.200 - - [13/Mar/2026:19:40:40 +0000] "GET /whsy.php?e=media.php&p=/home/lab2454c/spaxtac.com/wp-includes HTTP/1.1" 200 56671 "-" "Mozilla/5.0 (compatible; MJ12bot/v1.4.8; http://mj12bot.com/)"
74.7.227.2 - - [13/Mar/2026:19:40:41 +0000] "GET /whsy.php?e=oom_score_adj&p=%2Fproc%2F13297 HTTP/2.0" 200 2008 "https://caimegroup.com.lab2454.com/whsy.php?p=%2Fproc%2F13297" "Mozilla/5.0 AppleWebKit/537.36 (KHTML, like Gecko; compatible; GPTBot/1.3; +https://openai.com/gptbot)"
147.135.212.200 - - [13/Mar/2026:19:40:43 +0000] "GET /whsy.php?e=media.php&p=/home/lab2454c/transferwit.elementalrock.com/wp-admin HTTP/1.1" 200 5626 "-" "Mozilla/5.0 (compatible; MJ12bot/v1.4.8; http://mj12bot.com/)"
147.135.212.200 - - [13/Mar/2026:19:40:45 +0000] "GET /whsy.php?e=media.php&p=/home/lab2454c/transferwit.elementalrock.com/wp-includes HTTP/1.1" 200 48524 "-" "Mozilla/5.0 (compatible; MJ12bot/v1.4.8; http://mj12bot.com/)"
74.7.227.130 - - [13/Mar/2026:19:40:46 +0000] "GET /whsy.php?e=style-rtl.css&p=%2Fhome%2Flab2454c%2Fcarbonbullionexchange.com%2Fwp-includes%2Fblocks%2Fcategories HTTP/2.0" 200 1066 "https://mail.caimegroup.com/whsy.php?p=%2Fhome%2Flab2454c%2Fcarbonbullionexchange.com%2Fwp-includes%2Fblocks%2Fcategories" "Mozilla/5.0 AppleWebKit/537.36 (KHTML, like Gecko; compatible; GPTBot/1.3; +https://openai.com/gptbot)"
74.7.227.4 - - [13/Mar/2026:19:40:47 +0000] "GET /whsy.php?p=%2Fhome%2Flab2454c%2Fcredityork.com%2Fwp-content%2Fcache%2Fobject%2Fdf7%2F7ec HTTP/2.0" 200 753 "https://www.caimegroup.com/whsy.php?p=%2Fhome%2Flab2454c%2Fcredityork.com%2Fwp-content%2Fcache%2Fobject%2Fdf7" "Mozilla/5.0 AppleWebKit/537.36 (KHTML, like Gecko; compatible; GPTBot/1.3; +https://openai.com/gptbot)"
147.135.212.200 - - [13/Mar/2026:19:40:47 +0000] "GET /whsy.php?e=media.php&p=/home/lab2454c/validatekey.com/wp-admin HTTP/1.1" 200 3982 "-" "Mozilla/5.0 (compatible; MJ12bot/v1.4.8; http://mj12bot.com/)"
147.135.212.200 - - [13/Mar/2026:19:40:49 +0000] "GET /whsy.php?e=media.php&p=/home/lab2454c/validatekey.com/wp-includes HTTP/1.1" 200 56740 "-" "Mozilla/5.0 (compatible; MJ12bot/v1.4.8; http://mj12bot.com/)"
74.7.227.2 - - [13/Mar/2026:19:40:49 +0000] "GET /whsy.php?e=maps&p=%2Fproc%2F25575 HTTP/2.0" 200 1699 "https://caimegroup.com.lab2454.com/whsy.php?p=%2Fproc%2F25575" "Mozilla/5.0 AppleWebKit/537.36 (KHTML, like Gecko; compatible; GPTBot/1.3; +https://openai.com/gptbot)"
147.135.212.200 - - [13/Mar/2026:19:40:51 +0000] "GET /whsy.php?e=media.php&p=/home/lab2454c/veritserv.com/wp-includes HTTP/1.1" 200 59810 "-" "Mozilla/5.0 (compatible; MJ12bot/v1.4.8; http://mj12bot.com/)"
147.135.212.200 - - [13/Mar/2026:19:40:53 +0000] "GET /whsy.php?e=mediaelementplayer.min.css&p=/home/lab2454c/caimegroup.com/wp-includes/js/mediaelement HTTP/1.1" 200 3778 "-" "Mozilla/5.0 (compatible; MJ12bot/v1.4.8; http://mj12bot.com/)"
74.7.227.130 - - [13/Mar/2026:19:40:54 +0000] "GET /whsy.php?e=style-rtl.css&p=%2Fhome%2Flab2454c%2Fcarbonbullionexchange.com%2Fwp-includes%2Fblocks%2Fterm-description HTTP/2.0" 200 960 "https://mail.caimegroup.com/whsy.php?p=%2Fhome%2Flab2454c%2Fcarbonbullionexchange.com%2Fwp-includes%2Fblocks%2Fterm-description" "Mozilla/5.0 AppleWebKit/537.36 (KHTML, like Gecko; compatible; GPTBot/1.3; +https://openai.com/gptbot)"
74.7.227.4 - - [13/Mar/2026:19:40:54 +0000] "GET /whsy.php?p=%2Fhome%2Flab2454c%2Fcredityork.com%2Fwp-content%2Fcache%2Fobject%2Fdf6%2F24f HTTP/2.0" 200 756 "https://www.caimegroup.com/whsy.php?p=%2Fhome%2Flab2454c%2Fcredityork.com%2Fwp-content%2Fcache%2Fobject%2Fdf6" "Mozilla/5.0 AppleWebKit/537.36 (KHTML, like Gecko; compatible; GPTBot/1.3; +https://openai.com/gptbot)"
147.135.212.200 - - [13/Mar/2026:19:40:56 +0000] "GET /whsy.php?e=mediaelementplayer.min.css&p=/home/lab2454c/caimegroup.com/wp-includes_old/js/mediaelement HTTP/1.1" 200 3782 "-" "Mozilla/5.0 (compatible; MJ12bot/v1.4.8; http://mj12bot.com/)"
74.7.227.2 - - [13/Mar/2026:19:40:57 +0000] "GET /whsy.php?e=root&p=%2Fproc%2F25575 HTTP/2.0" 200 1699 "https://caimegroup.com.lab2454.com/whsy.php?p=%2Fproc%2F25575" "Mozilla/5.0 AppleWebKit/537.36 (KHTML, like Gecko; compatible; GPTBot/1.3; +https://openai.com/gptbot)"
147.135.212.200 - - [13/Mar/2026:19:40:58 +0000] "GET /whsy.php?e=mejs-controls.png&p=/home/lab2454c/caimegroup.com/wp-includes/js/mediaelement HTTP/1.1" 200 1262 "-" "Mozilla/5.0 (compatible; MJ12bot/v1.4.8; http://mj12bot.com/)"
74.7.227.169 - - [13/Mar/2026:19:40:28 +0000] "GET /whsy.php?p=%2Fproc%2F27583%2Ffdinfo HTTP/2.0" 200 582625 "https://www.caimegroup.com.lab2454.com/whsy.php?p=%2Fproc%2F27583" "Mozilla/5.0 AppleWebKit/537.36 (KHTML, like Gecko; compatible; GPTBot/1.3; +https://openai.com/gptbot)"
147.135.212.200 - - [13/Mar/2026:19:41:00 +0000] "GET /whsy.php?e=mejs-controls.png&p=/home/lab2454c/caimegroup.com/wp-includes_old/js/mediaelement HTTP/1.1" 200 1266 "-" "Mozilla/5.0 (compatible; MJ12bot/v1.4.8; http://mj12bot.com/)"
74.7.227.130 - - [13/Mar/2026:19:41:02 +0000] "GET /whsy.php?e=style.min.css&p=%2Fhome%2Flab2454c%2Fcarbonbullionexchange.com%2Fwp-includes%2Fblocks%2Fquery-pagination HTTP/2.0" 200 1230 "https://mail.caimegroup.com/whsy.php?p=%2Fhome%2Flab2454c%2Fcarbonbullionexchange.com%2Fwp-includes%2Fblocks%2Fquery-pagination" "Mozilla/5.0 AppleWebKit/537.36 (KHTML, like Gecko; compatible; GPTBot/1.3; +https://openai.com/gptbot)"
147.135.212.200 - - [13/Mar/2026:19:41:02 +0000] "GET /whsy.php?e=mejs-controls.svg&p=/home/lab2454c/caimegroup.com/wp-includes/js/mediaelement HTTP/1.1" 200 2739 "-" "Mozilla/5.0 (compatible; MJ12bot/v1.4.8; http://mj12bot.com/)"
74.7.227.4 - - [13/Mar/2026:19:41:02 +0000] "GET /whsy.php?p=%2Fhome%2Flab2454c%2Fcredityork.com%2Fwp-content%2Fcache%2Fobject%2F8fd%2Fe6e HTTP/2.0" 200 752 "https://www.caimegroup.com/whsy.php?p=%2Fhome%2Flab2454c%2Fcredityork.com%2Fwp-content%2Fcache%2Fobject%2F8fd" "Mozilla/5.0 AppleWebKit/537.36 (KHTML, like Gecko; compatible; GPTBot/1.3; +https://openai.com/gptbot)"
147.135.212.200 - - [13/Mar/2026:19:41:04 +0000] "GET /whsy.php?e=mejs-controls.svg&p=/home/lab2454c/caimegroup.com/wp-includes_old/js/mediaelement HTTP/1.1" 200 2745 "-" "Mozilla/5.0 (compatible; MJ12bot/v1.4.8; http://mj12bot.com/)"
74.7.227.2 - - [13/Mar/2026:19:41:05 +0000] "GET /whsy.php?e=stat&p=%2Fproc%2F25575 HTTP/2.0" 200 1699 "https://caimegroup.com.lab2454.com/whsy.php?p=%2Fproc%2F25575" "Mozilla/5.0 AppleWebKit/537.36 (KHTML, like Gecko; compatible; GPTBot/1.3; +https://openai.com/gptbot)"
74.7.227.169 - - [13/Mar/2026:19:41:06 +0000] "GET /whsy.php?p=%2Fproc%2F24891%2Ffdinfo HTTP/2.0" 200 1699 "https://www.caimegroup.com.lab2454.com/whsy.php?p=%2Fproc%2F24891" "Mozilla/5.0 AppleWebKit/537.36 (KHTML, like Gecko; compatible; GPTBot/1.3; +https://openai.com/gptbot)"
147.135.212.200 - - [13/Mar/2026:19:41:08 +0000] "GET /whsy.php?e=mellogia.com.lab2454.com-Mar-2026.gz&p=/home/lab2454c/logs HTTP/1.1" 200 21342 "-" "Mozilla/5.0 (compatible; MJ12bot/v1.4.8; http://mj12bot.com/)"
74.7.227.130 - - [13/Mar/2026:19:41:10 +0000] "GET /whsy.php?e=editor-rtl.min.css&p=%2Fhome%2Flab2454c%2Fcarbonbullionexchange.com%2Fwp-includes%2Fblocks%2Fcategories HTTP/2.0" 200 1054 "https://mail.caimegroup.com/whsy.php?p=%2Fhome%2Flab2454c%2Fcarbonbullionexchange.com%2Fwp-includes%2Fblocks%2Fcategories" "Mozilla/5.0 AppleWebKit/537.36 (KHTML, like Gecko; compatible; GPTBot/1.3; +https://openai.com/gptbot)"
74.7.227.4 - - [13/Mar/2026:19:41:11 +0000] "GET /whsy.php?p=%2Fhome%2Flab2454c%2Fcredityork.com%2Fwp-content%2Fcache%2Fobject%2F1df%2F.. HTTP/2.0" 200 14617 "https://www.caimegroup.com/whsy.php?p=%2Fhome%2Flab2454c%2Fcredityork.com%2Fwp-content%2Fcache%2Fobject%2F1df" "Mozilla/5.0 AppleWebKit/537.36 (KHTML, like Gecko; compatible; GPTBot/1.3; +https://openai.com/gptbot)"
147.135.212.200 - - [13/Mar/2026:19:41:12 +0000] "GET /whsy.php?e=mellogia.com.lab2454.com-ssl_log-Mar-2026.gz&p=/home/lab2454c/logs HTTP/1.1" 200 21341 "-" "Mozilla/5.0 (compatible; MJ12bot/v1.4.8; http://mj12bot.com/)"
74.7.227.2 - - [13/Mar/2026:19:41:13 +0000] "GET /whsy.php?e=comm&p=%2Fproc%2F25575 HTTP/2.0" 200 1699 "https://caimegroup.com.lab2454.com/whsy.php?p=%2Fproc%2F25575" "Mozilla/5.0 AppleWebKit/537.36 (KHTML, like Gecko; compatible; GPTBot/1.3; +https://openai.com/gptbot)"
147.135.212.200 - - [13/Mar/2026:19:41:16 +0000] "GET /whsy.php?e=menu-header.php&p=/home/lab2454c/adenbic.com/wp-admin HTTP/1.1" 200 6414 "-" "Mozilla/5.0 (compatible; MJ12bot/v1.4.8; http://mj12bot.com/)"
147.135.212.200 - - [13/Mar/2026:19:41:18 +0000] "GET /whsy.php?e=menu-header.php&p=/home/lab2454c/aficbgroup.com/wp-admin HTTP/1.1" 200 6421 "-" "Mozilla/5.0 (compatible; MJ12bot/v1.4.8; http://mj12bot.com/)"
74.7.227.130 - - [13/Mar/2026:19:41:19 +0000] "GET /whsy.php?e=style.css&p=%2Fhome%2Flab2454c%2Fcarbonbullionexchange.com%2Fwp-includes%2Fblocks%2Fpost-navigation-link HTTP/2.0" 200 1074 "https://mail.caimegroup.com/whsy.php?p=%2Fhome%2Flab2454c%2Fcarbonbullionexchange.com%2Fwp-includes%2Fblocks%2Fpost-navigation-link" "Mozilla/5.0 AppleWebKit/537.36 (KHTML, like Gecko; compatible; GPTBot/1.3; +https://openai.com/gptbot)"
74.7.227.4 - - [13/Mar/2026:19:41:19 +0000] "GET /whsy.php?p=%2Fhome%2Flab2454c%2Fcredityork.com%2Fwp-content%2Fcache%2Fobject%2Ff7f%2F04c HTTP/2.0" 200 752 "https://www.caimegroup.com/whsy.php?p=%2Fhome%2Flab2454c%2Fcredityork.com%2Fwp-content%2Fcache%2Fobject%2Ff7f" "Mozilla/5.0 AppleWebKit/537.36 (KHTML, like Gecko; compatible; GPTBot/1.3; +https://openai.com/gptbot)"
147.135.212.200 - - [13/Mar/2026:19:41:20 +0000] "GET /whsy.php?e=menu-header.php&p=/home/lab2454c/am.elementalrock.com/wp-admin HTTP/1.1" 200 6457 "-" "Mozilla/5.0 (compatible; MJ12bot/v1.4.8; http://mj12bot.com/)"
74.7.227.2 - - [13/Mar/2026:19:41:22 +0000] "GET /whsy.php?e=auxv&p=%2Fproc%2F25575 HTTP/2.0" 200 1699 "https://caimegroup.com.lab2454.com/whsy.php?p=%2Fproc%2F25575" "Mozilla/5.0 AppleWebKit/537.36 (KHTML, like Gecko; compatible; GPTBot/1.3; +https://openai.com/gptbot)"
147.135.212.200 - - [13/Mar/2026:19:41:22 +0000] "GET /whsy.php?e=menu-header.php&p=/home/lab2454c/archfort.com/wp-admin HTTP/1.1" 200 6442 "-" "Mozilla/5.0 (compatible; MJ12bot/v1.4.8; http://mj12bot.com/)"
147.135.212.200 - - [13/Mar/2026:19:41:24 +0000] "GET /whsy.php?e=menu-header.php&p=/home/lab2454c/archswipe.com/wp-admin HTTP/1.1" 200 6507 "-" "Mozilla/5.0 (compatible; MJ12bot/v1.4.8; http://mj12bot.com/)"
147.135.212.200 - - [13/Mar/2026:19:41:26 +0000] "GET /whsy.php?e=menu-header.php&p=/home/lab2454c/argowells.com/wp-admin HTTP/1.1" 200 6414 "-" "Mozilla/5.0 (compatible; MJ12bot/v1.4.8; http://mj12bot.com/)"
147.135.212.200 - - [13/Mar/2026:19:41:28 +0000] "GET /whsy.php?e=menu-header.php&p=/home/lab2454c/baas.elementalrock.com/wp-admin HTTP/1.1" 200 6338 "-" "Mozilla/5.0 (compatible; MJ12bot/v1.4.8; http://mj12bot.com/)"
74.7.227.130 - - [13/Mar/2026:19:41:28 +0000] "GET /whsy.php?e=editor.min.css&p=%2Fhome%2Flab2454c%2Fcarbonbullionexchange.com%2Fwp-includes%2Fblocks%2Fnavigation-link HTTP/2.0" 200 1599 "https://mail.caimegroup.com/whsy.php?p=%2Fhome%2Flab2454c%2Fcarbonbullionexchange.com%2Fwp-includes%2Fblocks%2Fnavigation-link" "Mozilla/5.0 AppleWebKit/537.36 (KHTML, like Gecko; compatible; GPTBot/1.3; +https://openai.com/gptbot)"
74.7.227.4 - - [13/Mar/2026:19:41:28 +0000] "GET /whsy.php?p=%2Fhome%2Flab2454c%2Fcredityork.com%2Fwp-content%2Fcache%2Fobject%2F7df%2Fe6d HTTP/2.0" 200 753 "https://www.caimegroup.com/whsy.php?p=%2Fhome%2Flab2454c%2Fcredityork.com%2Fwp-content%2Fcache%2Fobject%2F7df" "Mozilla/5.0 AppleWebKit/537.36 (KHTML, like Gecko; compatible; GPTBot/1.3; +https://openai.com/gptbot)"
147.135.212.200 - - [13/Mar/2026:19:41:30 +0000] "GET /whsy.php?e=menu-header.php&p=/home/lab2454c/biocei.com/wp-admin HTTP/1.1" 200 6472 "-" "Mozilla/5.0 (compatible; MJ12bot/v1.4.8; http://mj12bot.com/)"
74.7.227.2 - - [13/Mar/2026:19:41:31 +0000] "GET /whsy.php?e=status&p=%2Fproc%2F25575 HTTP/2.0" 200 1699 "https://caimegroup.com.lab2454.com/whsy.php?p=%2Fproc%2F25575" "Mozilla/5.0 AppleWebKit/537.36 (KHTML, like Gecko; compatible; GPTBot/1.3; +https://openai.com/gptbot)"
147.135.212.200 - - [13/Mar/2026:19:41:31 +0000] "GET /whsy.php?e=menu-header.php&p=/home/lab2454c/bullionmills.com/wp-admin HTTP/1.1" 200 6384 "-" "Mozilla/5.0 (compatible; MJ12bot/v1.4.8; http://mj12bot.com/)"
147.135.212.200 - - [13/Mar/2026:19:41:33 +0000] "GET /whsy.php?e=menu-header.php&p=/home/lab2454c/bullionmils.com/wp-admin HTTP/1.1" 200 6448 "-" "Mozilla/5.0 (compatible; MJ12bot/v1.4.8; http://mj12bot.com/)"
74.7.227.130 - - [13/Mar/2026:19:41:36 +0000] "GET /whsy.php?e=editor-rtl.css&p=%2Fhome%2Flab2454c%2Fcarbonbullionexchange.com%2Fwp-includes%2Fblocks%2Fnavigation-link HTTP/2.0" 200 1627 "https://mail.caimegroup.com/whsy.php?p=%2Fhome%2Flab2454c%2Fcarbonbullionexchange.com%2Fwp-includes%2Fblocks%2Fnavigation-link" "Mozilla/5.0 AppleWebKit/537.36 (KHTML, like Gecko; compatible; GPTBot/1.3; +https://openai.com/gptbot)"
74.7.228.34 - - [13/Mar/2026:19:41:37 +0000] "GET /robots.txt HTTP/2.0" 404 - "-" "Mozilla/5.0 (Macintosh; Intel Mac OS X 10_15_7) AppleWebKit/537.36 (KHTML, like Gecko) Chrome/131.0.0.0 Safari/537.36; compatible; OAI-SearchBot/1.3; robots.txt; +https://openai.com/searchbot"
74.7.227.4 - - [13/Mar/2026:19:41:37 +0000] "GET /whsy.php?p=%2Fhome%2Flab2454c%2Fcredityork.com%2Fwp-content%2Fcache%2Fobject%2Fff8%2F.. HTTP/2.0" 200 14617 "https://www.caimegroup.com/whsy.php?p=%2Fhome%2Flab2454c%2Fcredityork.com%2Fwp-content%2Fcache%2Fobject%2Fff8" "Mozilla/5.0 AppleWebKit/537.36 (KHTML, like Gecko; compatible; GPTBot/1.3; +https://openai.com/gptbot)"
74.7.227.2 - - [13/Mar/2026:19:41:39 +0000] "GET /whsy.php?e=cgroup&p=%2Fproc%2F25575 HTTP/2.0" 200 1699 "https://caimegroup.com.lab2454.com/whsy.php?p=%2Fproc%2F25575" "Mozilla/5.0 AppleWebKit/537.36 (KHTML, like Gecko; compatible; GPTBot/1.3; +https://openai.com/gptbot)"
74.7.227.130 - - [13/Mar/2026:19:41:44 +0000] "GET /whsy.php?e=style.css&p=%2Fhome%2Flab2454c%2Fcarbonbullionexchange.com%2Fwp-includes%2Fblocks%2Fpost-template HTTP/2.0" 200 1363 "https://mail.caimegroup.com/whsy.php?p=%2Fhome%2Flab2454c%2Fcarbonbullionexchange.com%2Fwp-includes%2Fblocks%2Fpost-template" "Mozilla/5.0 AppleWebKit/537.36 (KHTML, like Gecko; compatible; GPTBot/1.3; +https://openai.com/gptbot)"
74.7.227.4 - - [13/Mar/2026:19:41:44 +0000] "GET /whsy.php?p=%2Fhome%2Flab2454c%2Fcredityork.com%2Fwp-content%2Fcache%2Fobject%2Fd9f%2F.. HTTP/2.0" 200 14617 "https://www.caimegroup.com/whsy.php?p=%2Fhome%2Flab2454c%2Fcredityork.com%2Fwp-content%2Fcache%2Fobject%2Fd9f" "Mozilla/5.0 AppleWebKit/537.36 (KHTML, like Gecko; compatible; GPTBot/1.3; +https://openai.com/gptbot)"
74.7.227.2 - - [13/Mar/2026:19:41:46 +0000] "GET /whsy.php?e=cpuset&p=%2Fproc%2F25575 HTTP/2.0" 200 1699 "https://caimegroup.com.lab2454.com/whsy.php?p=%2Fproc%2F25575" "Mozilla/5.0 AppleWebKit/537.36 (KHTML, like Gecko; compatible; GPTBot/1.3; +https://openai.com/gptbot)"
74.7.227.130 - - [13/Mar/2026:19:41:51 +0000] "GET /whsy.php?e=style-rtl.css&p=%2Fhome%2Flab2454c%2Fclimatefinancebank.com%2Fwp-includes%2Fblocks%2Fcomments-pagination HTTP/2.0" 200 1202 "https://mail.caimegroup.com/whsy.php?p=%2Fhome%2Flab2454c%2Fclimatefinancebank.com%2Fwp-includes%2Fblocks%2Fcomments-pagination" "Mozilla/5.0 AppleWebKit/537.36 (KHTML, like Gecko; compatible; GPTBot/1.3; +https://openai.com/gptbot)"
74.7.227.4 - - [13/Mar/2026:19:41:51 +0000] "GET /whsy.php?p=%2Fhome%2Flab2454c%2Fcredityork.com%2Fwp-content%2Fcache%2Fobject%2F7df%2F.. HTTP/2.0" 200 14617 "https://www.caimegroup.com/whsy.php?p=%2Fhome%2Flab2454c%2Fcredityork.com%2Fwp-content%2Fcache%2Fobject%2F7df" "Mozilla/5.0 AppleWebKit/537.36 (KHTML, like Gecko; compatible; GPTBot/1.3; +https://openai.com/gptbot)"
74.7.227.2 - - [13/Mar/2026:19:41:53 +0000] "GET /whsy.php?e=timens_offsets&p=%2Fproc%2F13297 HTTP/2.0" 200 2023 "https://caimegroup.com.lab2454.com/whsy.php?p=%2Fproc%2F13297" "Mozilla/5.0 AppleWebKit/537.36 (KHTML, like Gecko; compatible; GPTBot/1.3; +https://openai.com/gptbot)"
74.7.227.130 - - [13/Mar/2026:19:41:58 +0000] "GET /whsy.php?e=style.css&p=%2Fhome%2Flab2454c%2Fcarbonbullionexchange.com%2Fwp-includes%2Fblocks%2Fbutton HTTP/2.0" 200 1585 "https://mail.caimegroup.com/whsy.php?p=%2Fhome%2Flab2454c%2Fcarbonbullionexchange.com%2Fwp-includes%2Fblocks%2Fbutton" "Mozilla/5.0 AppleWebKit/537.36 (KHTML, like Gecko; compatible; GPTBot/1.3; +https://openai.com/gptbot)"
74.7.227.4 - - [13/Mar/2026:19:41:59 +0000] "GET /whsy.php?p=%2Fhome%2Flab2454c%2Fcredityork.com%2Fwp-content%2Fcache%2Fobject%2Fd9f%2Fc9d%2F.. HTTP/2.0" 200 560 "https://www.caimegroup.com/whsy.php?p=%2Fhome%2Flab2454c%2Fcredityork.com%2Fwp-content%2Fcache%2Fobject%2Fd9f%2Fc9d" "Mozilla/5.0 AppleWebKit/537.36 (KHTML, like Gecko; compatible; GPTBot/1.3; +https://openai.com/gptbot)"
74.7.227.2 - - [13/Mar/2026:19:42:00 +0000] "GET /whsy.php?e=timerslack_ns&p=%2Fproc%2F25575 HTTP/2.0" 200 1699 "https://caimegroup.com.lab2454.com/whsy.php?p=%2Fproc%2F25575" "Mozilla/5.0 AppleWebKit/537.36 (KHTML, like Gecko; compatible; GPTBot/1.3; +https://openai.com/gptbot)"
74.7.227.130 - - [13/Mar/2026:19:42:05 +0000] "GET /whsy.php?e=style.css&p=%2Fhome%2Flab2454c%2Fclimatefinancebank.com%2Fwp-includes%2Fblocks%2Fterm-description HTTP/2.0" 200 996 "https://mail.caimegroup.com/whsy.php?p=%2Fhome%2Flab2454c%2Fclimatefinancebank.com%2Fwp-includes%2Fblocks%2Fterm-description" "Mozilla/5.0 AppleWebKit/537.36 (KHTML, like Gecko; compatible; GPTBot/1.3; +https://openai.com/gptbot)"
74.7.227.4 - - [13/Mar/2026:19:42:05 +0000] "GET /whsy.php?p=%2Fhome%2Flab2454c%2Fcredityork.com%2Fwp-content%2Fcache%2Fobject%2Fd9f%2F9fc%2F.. HTTP/2.0" 200 560 "https://www.caimegroup.com/whsy.php?p=%2Fhome%2Flab2454c%2Fcredityork.com%2Fwp-content%2Fcache%2Fobject%2Fd9f%2F9fc" "Mozilla/5.0 AppleWebKit/537.36 (KHTML, like Gecko; compatible; GPTBot/1.3; +https://openai.com/gptbot)"
74.7.227.2 - - [13/Mar/2026:19:42:07 +0000] "GET /whsy.php?e=cmdline&p=%2Fproc%2F13297 HTTP/2.0" 200 2023 "https://caimegroup.com.lab2454.com/whsy.php?p=%2Fproc%2F13297" "Mozilla/5.0 AppleWebKit/537.36 (KHTML, like Gecko; compatible; GPTBot/1.3; +https://openai.com/gptbot)"
74.7.227.130 - - [13/Mar/2026:19:42:12 +0000] "GET /whsy.php?e=editor.css&p=%2Fhome%2Flab2454c%2Fcarbonbullionexchange.com%2Fwp-includes%2Fblocks%2Fbutton HTTP/2.0" 200 1370 "https://mail.caimegroup.com/whsy.php?p=%2Fhome%2Flab2454c%2Fcarbonbullionexchange.com%2Fwp-includes%2Fblocks%2Fbutton" "Mozilla/5.0 AppleWebKit/537.36 (KHTML, like Gecko; compatible; GPTBot/1.3; +https://openai.com/gptbot)"
74.7.227.4 - - [13/Mar/2026:19:42:12 +0000] "GET /whsy.php?p=%2Fhome%2Flab2454c%2Fcredityork.com%2Fwp-content%2Fcache%2Fobject%2Fdf7%2F7ec%2F.. HTTP/2.0" 200 553 "https://www.caimegroup.com/whsy.php?p=%2Fhome%2Flab2454c%2Fcredityork.com%2Fwp-content%2Fcache%2Fobject%2Fdf7%2F7ec" "Mozilla/5.0 AppleWebKit/537.36 (KHTML, like Gecko; compatible; GPTBot/1.3; +https://openai.com/gptbot)"
74.7.227.2 - - [13/Mar/2026:19:42:14 +0000] "GET /whsy.php?e=io&p=%2Fproc%2F25575 HTTP/2.0" 200 1699 "https://caimegroup.com.lab2454.com/whsy.php?p=%2Fproc%2F25575" "Mozilla/5.0 AppleWebKit/537.36 (KHTML, like Gecko; compatible; GPTBot/1.3; +https://openai.com/gptbot)"
74.7.227.130 - - [13/Mar/2026:19:42:19 +0000] "GET /whsy.php?e=style.min.css&p=%2Fhome%2Flab2454c%2Fcarbonbullionexchange.com%2Fwp-includes%2Fblocks%2Fterm-description HTTP/2.0" 200 969 "https://mail.caimegroup.com/whsy.php?p=%2Fhome%2Flab2454c%2Fcarbonbullionexchange.com%2Fwp-includes%2Fblocks%2Fterm-description" "Mozilla/5.0 AppleWebKit/537.36 (KHTML, like Gecko; compatible; GPTBot/1.3; +https://openai.com/gptbot)"
74.7.227.4 - - [13/Mar/2026:19:42:19 +0000] "GET /whsy.php?p=%2Fhome%2Flab2454c%2Fcredityork.com%2Fwp-content%2Fcache%2Fobject%2Fdf6%2F.. HTTP/2.0" 200 14617 "https://www.caimegroup.com/whsy.php?p=%2Fhome%2Flab2454c%2Fcredityork.com%2Fwp-content%2Fcache%2Fobject%2Fdf6" "Mozilla/5.0 AppleWebKit/537.36 (KHTML, like Gecko; compatible; GPTBot/1.3; +https://openai.com/gptbot)"
74.7.227.2 - - [13/Mar/2026:19:42:21 +0000] "GET /whsy.php?e=ksm_stat&p=%2Fproc%2F25575 HTTP/2.0" 200 1699 "https://caimegroup.com.lab2454.com/whsy.php?p=%2Fproc%2F25575" "Mozilla/5.0 AppleWebKit/537.36 (KHTML, like Gecko; compatible; GPTBot/1.3; +https://openai.com/gptbot)"
74.7.227.130 - - [13/Mar/2026:19:42:27 +0000] "GET /whsy.php?e=style.min.css&p=%2Fhome%2Flab2454c%2Fcarbonbullionexchange.com%2Fwp-includes%2Fblocks%2Fnavigation-link HTTP/2.0" 200 1191 "https://mail.caimegroup.com/whsy.php?p=%2Fhome%2Flab2454c%2Fcarbonbullionexchange.com%2Fwp-includes%2Fblocks%2Fnavigation-link" "Mozilla/5.0 AppleWebKit/537.36 (KHTML, like Gecko; compatible; GPTBot/1.3; +https://openai.com/gptbot)"
74.7.227.4 - - [13/Mar/2026:19:42:27 +0000] "GET /whsy.php?p=%2Fhome%2Flab2454c%2Fcredityork.com%2Fwp-content%2Fcache%2Fobject%2F8fd%2F.. HTTP/2.0" 200 14617 "https://www.caimegroup.com/whsy.php?p=%2Fhome%2Flab2454c%2Fcredityork.com%2Fwp-content%2Fcache%2Fobject%2F8fd" "Mozilla/5.0 AppleWebKit/537.36 (KHTML, like Gecko; compatible; GPTBot/1.3; +https://openai.com/gptbot)"
74.7.227.169 - - [13/Mar/2026:19:41:58 +0000] "GET /whsy.php?p=%2Fproc%2F24785%2Ffdinfo HTTP/2.0" 200 846380 "https://www.caimegroup.com.lab2454.com/whsy.php?p=%2Fproc%2F24785" "Mozilla/5.0 AppleWebKit/537.36 (KHTML, like Gecko; compatible; GPTBot/1.3; +https://openai.com/gptbot)"
74.7.227.2 - - [13/Mar/2026:19:42:29 +0000] "GET /whsy.php?e=cwd&p=%2Fproc%2F13297 HTTP/2.0" 200 1936 "https://caimegroup.com.lab2454.com/whsy.php?p=%2Fproc%2F13297" "Mozilla/5.0 AppleWebKit/537.36 (KHTML, like Gecko; compatible; GPTBot/1.3; +https://openai.com/gptbot)"
74.7.227.130 - - [13/Mar/2026:19:42:34 +0000] "GET /whsy.php?e=style.css&p=%2Fhome%2Flab2454c%2Fclimatefinancebank.com%2Fwp-includes%2Fblocks%2Fcomment-template HTTP/2.0" 200 1078 "https://mail.caimegroup.com/whsy.php?p=%2Fhome%2Flab2454c%2Fclimatefinancebank.com%2Fwp-includes%2Fblocks%2Fcomment-template" "Mozilla/5.0 AppleWebKit/537.36 (KHTML, like Gecko; compatible; GPTBot/1.3; +https://openai.com/gptbot)"
74.7.227.2 - - [13/Mar/2026:19:42:37 +0000] "GET /whsy.php?e=mem&p=%2Fproc%2F13297 HTTP/2.0" 200 1936 "https://caimegroup.com.lab2454.com/whsy.php?p=%2Fproc%2F13297" "Mozilla/5.0 AppleWebKit/537.36 (KHTML, like Gecko; compatible; GPTBot/1.3; +https://openai.com/gptbot)"
74.7.227.4 - - [13/Mar/2026:19:42:35 +0000] "GET /whsy.php?p=%2Fhome%2Flab2454c%2Fcredityork.com%2Fwp-content%2Fcache%2Fobject%2F1fd%2F.. HTTP/2.0" 200 14617 "https://www.caimegroup.com/whsy.php?p=%2Fhome%2Flab2454c%2Fcredityork.com%2Fwp-content%2Fcache%2Fobject%2F1fd" "Mozilla/5.0 AppleWebKit/537.36 (KHTML, like Gecko; compatible; GPTBot/1.3; +https://openai.com/gptbot)"
74.7.227.130 - - [13/Mar/2026:19:42:41 +0000] "GET /whsy.php?e=style.min.css&p=%2Fhome%2Flab2454c%2Fcarbonbullionexchange.com%2Fwp-includes%2Fblocks%2Fcategories HTTP/2.0" 200 1071 "https://mail.caimegroup.com/whsy.php?p=%2Fhome%2Flab2454c%2Fcarbonbullionexchange.com%2Fwp-includes%2Fblocks%2Fcategories" "Mozilla/5.0 AppleWebKit/537.36 (KHTML, like Gecko; compatible; GPTBot/1.3; +https://openai.com/gptbot)"
74.7.227.4 - - [13/Mar/2026:19:42:42 +0000] "GET /whsy.php?p=%2Fhome%2Flab2454c%2Fcredityork.com%2Fwp-content%2Fcache%2Fobject%2Ffd3%2F.. HTTP/2.0" 200 14617 "https://www.caimegroup.com/whsy.php?p=%2Fhome%2Flab2454c%2Fcredityork.com%2Fwp-content%2Fcache%2Fobject%2Ffd3" "Mozilla/5.0 AppleWebKit/537.36 (KHTML, like Gecko; compatible; GPTBot/1.3; +https://openai.com/gptbot)"
74.7.227.2 - - [13/Mar/2026:19:42:44 +0000] "GET /whsy.php?e=personality&p=%2Fproc%2F13297 HTTP/2.0" 200 1936 "https://caimegroup.com.lab2454.com/whsy.php?p=%2Fproc%2F13297" "Mozilla/5.0 AppleWebKit/537.36 (KHTML, like Gecko; compatible; GPTBot/1.3; +https://openai.com/gptbot)"
74.7.227.169 - - [13/Mar/2026:19:42:45 +0000] "GET /whsy.php?p=%2Fproc%2F18204%2Ffdinfo HTTP/2.0" 200 1699 "https://www.caimegroup.com.lab2454.com/whsy.php?p=%2Fproc%2F18204" "Mozilla/5.0 AppleWebKit/537.36 (KHTML, like Gecko; compatible; GPTBot/1.3; +https://openai.com/gptbot)"
74.7.227.130 - - [13/Mar/2026:19:42:49 +0000] "GET /whsy.php?e=style.css&p=%2Fhome%2Flab2454c%2Fcarbonbullionexchange.com%2Fwp-includes%2Fblocks%2Fbuttons HTTP/2.0" 200 1278 "https://mail.caimegroup.com/whsy.php?p=%2Fhome%2Flab2454c%2Fcarbonbullionexchange.com%2Fwp-includes%2Fblocks%2Fbuttons" "Mozilla/5.0 AppleWebKit/537.36 (KHTML, like Gecko; compatible; GPTBot/1.3; +https://openai.com/gptbot)"
74.7.227.4 - - [13/Mar/2026:19:42:50 +0000] "GET /whsy.php?p=%2Fhome%2Flab2454c%2Fcredityork.com%2Fwp-content%2Fcache%2Fobject%2F7df%2Fe6d%2F.. HTTP/2.0" 200 561 "https://www.caimegroup.com/whsy.php?p=%2Fhome%2Flab2454c%2Fcredityork.com%2Fwp-content%2Fcache%2Fobject%2F7df%2Fe6d" "Mozilla/5.0 AppleWebKit/537.36 (KHTML, like Gecko; compatible; GPTBot/1.3; +https://openai.com/gptbot)"
74.7.227.2 - - [13/Mar/2026:19:42:51 +0000] "GET /whsy.php?e=sched&p=%2Fproc%2F13297 HTTP/2.0" 200 2480 "https://caimegroup.com.lab2454.com/whsy.php?p=%2Fproc%2F13297" "Mozilla/5.0 AppleWebKit/537.36 (KHTML, like Gecko; compatible; GPTBot/1.3; +https://openai.com/gptbot)"
74.7.227.130 - - [13/Mar/2026:19:42:56 +0000] "GET /whsy.php?e=editor.css&p=%2Fhome%2Flab2454c%2Fcarbonbullionexchange.com%2Fwp-includes%2Fblocks%2Fpost-template HTTP/2.0" 200 1037 "https://mail.caimegroup.com/whsy.php?p=%2Fhome%2Flab2454c%2Fcarbonbullionexchange.com%2Fwp-includes%2Fblocks%2Fpost-template" "Mozilla/5.0 AppleWebKit/537.36 (KHTML, like Gecko; compatible; GPTBot/1.3; +https://openai.com/gptbot)"
74.7.227.4 - - [13/Mar/2026:19:42:57 +0000] "GET /whsy.php?p=%2Fhome%2Flab2454c%2Fcredityork.com%2Fwp-content%2Fcache%2Fobject%2Fdf7%2F.. HTTP/2.0" 200 14617 "https://www.caimegroup.com/whsy.php?p=%2Fhome%2Flab2454c%2Fcredityork.com%2Fwp-content%2Fcache%2Fobject%2Fdf7" "Mozilla/5.0 AppleWebKit/537.36 (KHTML, like Gecko; compatible; GPTBot/1.3; +https://openai.com/gptbot)"
74.7.227.2 - - [13/Mar/2026:19:42:58 +0000] "GET /whsy.php?e=smaps&p=%2Fproc%2F13297 HTTP/2.0" 200 2120 "https://caimegroup.com.lab2454.com/whsy.php?p=%2Fproc%2F13297" "Mozilla/5.0 AppleWebKit/537.36 (KHTML, like Gecko; compatible; GPTBot/1.3; +https://openai.com/gptbot)"
74.7.227.130 - - [13/Mar/2026:19:43:04 +0000] "GET /whsy.php?e=editor-rtl.css&p=%2Fhome%2Flab2454c%2Fcarbonbullionexchange.com%2Fwp-includes%2Fblocks%2Fquery-pagination HTTP/2.0" 200 1174 "https://mail.caimegroup.com/whsy.php?p=%2Fhome%2Flab2454c%2Fcarbonbullionexchange.com%2Fwp-includes%2Fblocks%2Fquery-pagination" "Mozilla/5.0 AppleWebKit/537.36 (KHTML, like Gecko; compatible; GPTBot/1.3; +https://openai.com/gptbot)"
74.7.227.4 - - [13/Mar/2026:19:43:05 +0000] "GET /whsy.php?p=%2Fhome%2Flab2454c%2Fcredityork.com%2Fwp-content%2Fcache%2Fobject%2F8fd%2Fe6e%2F.. HTTP/2.0" 200 553 "https://www.caimegroup.com/whsy.php?p=%2Fhome%2Flab2454c%2Fcredityork.com%2Fwp-content%2Fcache%2Fobject%2F8fd%2Fe6e" "Mozilla/5.0 AppleWebKit/537.36 (KHTML, like Gecko; compatible; GPTBot/1.3; +https://openai.com/gptbot)"
74.7.227.2 - - [13/Mar/2026:19:43:06 +0000] "GET /whsy.php?e=stack&p=%2Fproc%2F25575 HTTP/2.0" 200 1699 "https://caimegroup.com.lab2454.com/whsy.php?p=%2Fproc%2F25575" "Mozilla/5.0 AppleWebKit/537.36 (KHTML, like Gecko; compatible; GPTBot/1.3; +https://openai.com/gptbot)"
74.7.227.130 - - [13/Mar/2026:19:43:11 +0000] "GET /whsy.php?e=editor.css&p=%2Fhome%2Flab2454c%2Fcarbonbullionexchange.com%2Fwp-includes%2Fblocks%2Ftemplate-part HTTP/2.0" 200 1350 "https://mail.caimegroup.com/whsy.php?p=%2Fhome%2Flab2454c%2Fcarbonbullionexchange.com%2Fwp-includes%2Fblocks%2Ftemplate-part" "Mozilla/5.0 AppleWebKit/537.36 (KHTML, like Gecko; compatible; GPTBot/1.3; +https://openai.com/gptbot)"
74.7.227.4 - - [13/Mar/2026:19:43:12 +0000] "GET /whsy.php?p=%2Fhome%2Flab2454c%2Fcredityork.com%2Fwp-content%2Fcache%2Fobject%2Ff7f%2F.. HTTP/2.0" 200 14617 "https://www.caimegroup.com/whsy.php?p=%2Fhome%2Flab2454c%2Fcredityork.com%2Fwp-content%2Fcache%2Fobject%2Ff7f" "Mozilla/5.0 AppleWebKit/537.36 (KHTML, like Gecko; compatible; GPTBot/1.3; +https://openai.com/gptbot)"
74.7.227.2 - - [13/Mar/2026:19:43:13 +0000] "GET /whsy.php?e=statm&p=%2Fproc%2F25575 HTTP/2.0" 200 1699 "https://caimegroup.com.lab2454.com/whsy.php?p=%2Fproc%2F25575" "Mozilla/5.0 AppleWebKit/537.36 (KHTML, like Gecko; compatible; GPTBot/1.3; +https://openai.com/gptbot)"
74.7.227.130 - - [13/Mar/2026:19:43:19 +0000] "GET /whsy.php?e=editor-rtl.css&p=%2Fhome%2Flab2454c%2Fclimatefinancebank.com%2Fwp-includes%2Fblocks%2Fcomments-pagination HTTP/2.0" 200 1202 "https://mail.caimegroup.com/whsy.php?p=%2Fhome%2Flab2454c%2Fclimatefinancebank.com%2Fwp-includes%2Fblocks%2Fcomments-pagination" "Mozilla/5.0 AppleWebKit/537.36 (KHTML, like Gecko; compatible; GPTBot/1.3; +https://openai.com/gptbot)"
74.7.227.4 - - [13/Mar/2026:19:43:20 +0000] "GET /whsy.php?p=%2Fhome%2Flab2454c%2Fcredityork.com%2Fwp-content%2Fcache%2Fobject%2F1df%2F14e%2F.. HTTP/2.0" 200 560 "https://www.caimegroup.com/whsy.php?p=%2Fhome%2Flab2454c%2Fcredityork.com%2Fwp-content%2Fcache%2Fobject%2F1df%2F14e" "Mozilla/5.0 AppleWebKit/537.36 (KHTML, like Gecko; compatible; GPTBot/1.3; +https://openai.com/gptbot)"
74.7.227.2 - - [13/Mar/2026:19:43:21 +0000] "GET /whsy.php?e=loginuid&p=%2Fproc%2F25575 HTTP/2.0" 200 1699 "https://caimegroup.com.lab2454.com/whsy.php?p=%2Fproc%2F25575" "Mozilla/5.0 AppleWebKit/537.36 (KHTML, like Gecko; compatible; GPTBot/1.3; +https://openai.com/gptbot)"
74.7.227.130 - - [13/Mar/2026:19:43:26 +0000] "GET /whsy.php?e=editor-rtl.css&p=%2Fhome%2Flab2454c%2Fclimatefinancebank.com%2Fwp-includes%2Fblocks%2Fnavigation-submenu HTTP/2.0" 200 1175 "https://mail.caimegroup.com/whsy.php?p=%2Fhome%2Flab2454c%2Fclimatefinancebank.com%2Fwp-includes%2Fblocks%2Fnavigation-submenu" "Mozilla/5.0 AppleWebKit/537.36 (KHTML, like Gecko; compatible; GPTBot/1.3; +https://openai.com/gptbot)"
74.7.227.4 - - [13/Mar/2026:19:43:27 +0000] "GET /whsy.php?p=%2Fhome%2Flab2454c%2Fcredityork.com%2Fwp-content%2Fcache%2Fobject%2Fdf6%2F24f%2F.. HTTP/2.0" 200 552 "https://www.caimegroup.com/whsy.php?p=%2Fhome%2Flab2454c%2Fcredityork.com%2Fwp-content%2Fcache%2Fobject%2Fdf6%2F24f" "Mozilla/5.0 AppleWebKit/537.36 (KHTML, like Gecko; compatible; GPTBot/1.3; +https://openai.com/gptbot)"
74.7.227.2 - - [13/Mar/2026:19:43:28 +0000] "GET /whsy.php?e=oom_score&p=%2Fproc%2F25575 HTTP/2.0" 200 1699 "https://caimegroup.com.lab2454.com/whsy.php?p=%2Fproc%2F25575" "Mozilla/5.0 AppleWebKit/537.36 (KHTML, like Gecko; compatible; GPTBot/1.3; +https://openai.com/gptbot)"
74.7.227.130 - - [13/Mar/2026:19:43:33 +0000] "GET /whsy.php?e=libpanel.so.5&p=%2Fusr%2Flib64 HTTP/2.0" 200 45791 "https://mail.caimegroup.com/whsy.php?e=libyaz_icu.so.5.0.0&p=%2Fusr%2Flib64" "Mozilla/5.0 AppleWebKit/537.36 (KHTML, like Gecko; compatible; GPTBot/1.3; +https://openai.com/gptbot)"
74.7.227.4 - - [13/Mar/2026:19:43:34 +0000] "GET /whsy.php?p=%2Fhome%2Flab2454c%2Fcredityork.com%2Fwp-content%2Fcache%2Fobject%2Ff7f%2F04c%2F.. HTTP/2.0" 200 554 "https://www.caimegroup.com/whsy.php?p=%2Fhome%2Flab2454c%2Fcredityork.com%2Fwp-content%2Fcache%2Fobject%2Ff7f%2F04c" "Mozilla/5.0 AppleWebKit/537.36 (KHTML, like Gecko; compatible; GPTBot/1.3; +https://openai.com/gptbot)"
74.7.227.2 - - [13/Mar/2026:19:43:35 +0000] "GET /whsy.php?e=cmdline&p=%2Fproc%2F25575 HTTP/2.0" 200 1699 "https://caimegroup.com.lab2454.com/whsy.php?p=%2Fproc%2F25575" "Mozilla/5.0 AppleWebKit/537.36 (KHTML, like Gecko; compatible; GPTBot/1.3; +https://openai.com/gptbot)"
74.7.227.130 - - [13/Mar/2026:19:43:42 +0000] "GET /whsy.php?e=libblkid.so.1&p=%2Fusr%2Flib64 HTTP/2.0" 200 45790 "https://mail.caimegroup.com/whsy.php?e=libyaz_icu.so.5.0.0&p=%2Fusr%2Flib64" "Mozilla/5.0 AppleWebKit/537.36 (KHTML, like Gecko; compatible; GPTBot/1.3; +https://openai.com/gptbot)"
74.7.227.4 - - [13/Mar/2026:19:43:43 +0000] "GET /whsy.php?p=%2Fhome%2Flab2454c%2Fcredityork.com%2Fwp-content%2Fcache%2Fobject%2F3df HTTP/2.0" 200 552 "https://www.caimegroup.com/whsy.php?p=%2Fhome%2Flab2454c%2Fcredityork.com%2Fwp-content%2Fcache%2Fobject" "Mozilla/5.0 AppleWebKit/537.36 (KHTML, like Gecko; compatible; GPTBot/1.3; +https://openai.com/gptbot)"
74.7.227.2 - - [13/Mar/2026:19:43:45 +0000] "GET /whsy.php?e=environ&p=%2Fproc%2F13297 HTTP/2.0" 200 1936 "https://caimegroup.com.lab2454.com/whsy.php?p=%2Fproc%2F13297" "Mozilla/5.0 AppleWebKit/537.36 (KHTML, like Gecko; compatible; GPTBot/1.3; +https://openai.com/gptbot)"
74.7.227.130 - - [13/Mar/2026:19:43:51 +0000] "GET /whsy.php?e=meta-boxes.php&p=%2Fhome%2Flab2454c%2Fgemition.com%2Fwp-admin%2Fincludes HTTP/2.0" 200 18514 "https://mail.caimegroup.com/whsy.php?e=class-wp-posts-list-table.php&p=%2Fhome%2Flab2454c%2Fgemition.com%2Fwp-admin%2Fincludes" "Mozilla/5.0 AppleWebKit/537.36 (KHTML, like Gecko; compatible; GPTBot/1.3; +https://openai.com/gptbot)"
74.7.227.4 - - [13/Mar/2026:19:43:53 +0000] "GET /whsy.php?p=%2Fhome%2Flab2454c%2Fcredityork.com%2Fwp-content%2Fcache%2Fobject%2Fdf9 HTTP/2.0" 200 573 "https://www.caimegroup.com/whsy.php?p=%2Fhome%2Flab2454c%2Fcredityork.com%2Fwp-content%2Fcache%2Fobject" "Mozilla/5.0 AppleWebKit/537.36 (KHTML, like Gecko; compatible; GPTBot/1.3; +https://openai.com/gptbot)"
74.7.227.169 - - [13/Mar/2026:19:43:53 +0000] "GET /whsy.php?p=%2Fproc%2F27895%2Ffdinfo HTTP/2.0" 200 1699 "https://www.caimegroup.com.lab2454.com/whsy.php?p=%2Fproc%2F27895" "Mozilla/5.0 AppleWebKit/537.36 (KHTML, like Gecko; compatible; GPTBot/1.3; +https://openai.com/gptbot)"
74.7.175.186 - - [13/Mar/2026:19:43:54 +0000] "GET /robots.txt HTTP/2.0" 404 - "-" "Mozilla/5.0 (Macintosh; Intel Mac OS X 10_15_7) AppleWebKit/537.36 (KHTML, like Gecko) Chrome/131.0.0.0 Safari/537.36; compatible; OAI-SearchBot/1.3; robots.txt; +https://openai.com/searchbot"
74.7.227.2 - - [13/Mar/2026:19:43:55 +0000] "GET /whsy.php?p=%2Fproc%2F14534 HTTP/2.0" 200 1699 "https://caimegroup.com.lab2454.com/whsy.php?p=%2Fproc%2F11237%2F.." "Mozilla/5.0 AppleWebKit/537.36 (KHTML, like Gecko; compatible; GPTBot/1.3; +https://openai.com/gptbot)"
74.7.227.130 - - [13/Mar/2026:19:44:03 +0000] "GET /whsy.php?e=admin.php&p=%2Fhome%2Flab2454c%2Figstin.com%2F.well-known%2Fpki-validation HTTP/2.0" 200 800 "https://mail.caimegroup.com/whsy.php?p=%2Fhome%2Flab2454c%2Figstin.com%2F.well-known%2Fpki-validation" "Mozilla/5.0 AppleWebKit/537.36 (KHTML, like Gecko; compatible; GPTBot/1.3; +https://openai.com/gptbot)"
74.7.227.4 - - [13/Mar/2026:19:44:04 +0000] "GET /whsy.php?p=%2Fhome%2Flab2454c%2Fcredityork.com%2Fwp-content%2Fcache%2Fobject%2Fff1 HTTP/2.0" 200 553 "https://www.caimegroup.com/whsy.php?p=%2Fhome%2Flab2454c%2Fcredityork.com%2Fwp-content%2Fcache%2Fobject" "Mozilla/5.0 AppleWebKit/537.36 (KHTML, like Gecko; compatible; GPTBot/1.3; +https://openai.com/gptbot)"
74.7.227.2 - - [13/Mar/2026:19:44:06 +0000] "GET /whsy.php?p=%2Fproc%2F30230 HTTP/2.0" 200 1699 "https://caimegroup.com.lab2454.com/whsy.php?p=%2Fproc%2F11237%2F.." "Mozilla/5.0 AppleWebKit/537.36 (KHTML, like Gecko; compatible; GPTBot/1.3; +https://openai.com/gptbot)"
74.7.227.130 - - [13/Mar/2026:19:44:11 +0000] "GET /whsy.php?e=ms-deprecated.php&p=%2Fhome%2Flab2454c%2Fcbcei.com%2Fwp-admin%2Fincludes HTTP/2.0" 200 5180 "https://mail.caimegroup.com/whsy.php?e=class-wp-plugins-list-table.php&p=%2Fhome%2Flab2454c%2Fcbcei.com%2Fwp-admin%2Fincludes" "Mozilla/5.0 AppleWebKit/537.36 (KHTML, like Gecko; compatible; GPTBot/1.3; +https://openai.com/gptbot)"
74.7.227.4 - - [13/Mar/2026:19:44:12 +0000] "GET /whsy.php?p=%2Fhome%2Flab2454c%2Fcredityork.com%2Fwp-content%2Fcache%2Fobject%2Fdf0 HTTP/2.0" 200 552 "https://www.caimegroup.com/whsy.php?p=%2Fhome%2Flab2454c%2Fcredityork.com%2Fwp-content%2Fcache%2Fobject" "Mozilla/5.0 AppleWebKit/537.36 (KHTML, like Gecko; compatible; GPTBot/1.3; +https://openai.com/gptbot)"
74.7.227.2 - - [13/Mar/2026:19:44:14 +0000] "GET /whsy.php?p=%2Fproc%2F27846 HTTP/2.0" 200 1699 "https://caimegroup.com.lab2454.com/whsy.php?p=%2Fproc%2F11237%2F.." "Mozilla/5.0 AppleWebKit/537.36 (KHTML, like Gecko; compatible; GPTBot/1.3; +https://openai.com/gptbot)"
74.7.227.130 - - [13/Mar/2026:19:44:19 +0000] "GET /whsy.php?e=admin.php&p=%2Fhome%2Flab2454c%2Fcbmindex.com%2F.well-known%2Fpki-validation HTTP/2.0" 200 814 "https://mail.caimegroup.com/whsy.php?p=%2Fhome%2Flab2454c%2Fcbmindex.com%2F.well-known%2Fpki-validation" "Mozilla/5.0 AppleWebKit/537.36 (KHTML, like Gecko; compatible; GPTBot/1.3; +https://openai.com/gptbot)"
74.7.227.4 - - [13/Mar/2026:19:44:20 +0000] "GET /whsy.php?p=%2Fhome%2Flab2454c%2Fcredityork.com%2Fwp-content%2Fcache%2Fobject%2Fff9 HTTP/2.0" 200 563 "https://www.caimegroup.com/whsy.php?p=%2Fhome%2Flab2454c%2Fcredityork.com%2Fwp-content%2Fcache%2Fobject" "Mozilla/5.0 AppleWebKit/537.36 (KHTML, like Gecko; compatible; GPTBot/1.3; +https://openai.com/gptbot)"
74.7.227.2 - - [13/Mar/2026:19:44:22 +0000] "GET /whsy.php?p=%2Fproc%2F11515 HTTP/2.0" 200 1699 "https://caimegroup.com.lab2454.com/whsy.php?p=%2Fproc%2F11237%2F.." "Mozilla/5.0 AppleWebKit/537.36 (KHTML, like Gecko; compatible; GPTBot/1.3; +https://openai.com/gptbot)"
74.7.227.130 - - [13/Mar/2026:19:44:27 +0000] "GET /whsy.php?e=site-users.php&p=%2Fhome%2Flab2454c%2Fargowells.com%2Fwp-admin%2Fnetwork HTTP/2.0" 200 5018 "https://mail.caimegroup.com/whsy.php?e=users.php&p=%2Fhome%2Flab2454c%2Fargowells.com%2Fwp-admin%2Fnetwork" "Mozilla/5.0 AppleWebKit/537.36 (KHTML, like Gecko; compatible; GPTBot/1.3; +https://openai.com/gptbot)"
74.7.227.4 - - [13/Mar/2026:19:44:28 +0000] "GET /whsy.php?p=%2Fhome%2Flab2454c%2Fcredityork.com%2Fwp-content%2Fcache%2Fobject%2Ff3f HTTP/2.0" 200 552 "https://www.caimegroup.com/whsy.php?p=%2Fhome%2Flab2454c%2Fcredityork.com%2Fwp-content%2Fcache%2Fobject" "Mozilla/5.0 AppleWebKit/537.36 (KHTML, like Gecko; compatible; GPTBot/1.3; +https://openai.com/gptbot)"
74.7.227.2 - - [13/Mar/2026:19:44:30 +0000] "GET /whsy.php?p=%2Fproc%2F12257 HTTP/2.0" 200 1699 "https://caimegroup.com.lab2454.com/whsy.php?p=%2Fproc%2F11237%2F.." "Mozilla/5.0 AppleWebKit/537.36 (KHTML, like Gecko; compatible; GPTBot/1.3; +https://openai.com/gptbot)"
74.7.227.130 - - [13/Mar/2026:19:44:35 +0000] "GET /whsy.php?e=class-ftp-pure.php&p=%2Fhome%2Flab2454c%2Fgemition.com%2Fwp-admin%2Fincludes HTTP/2.0" 200 5692 "https://mail.caimegroup.com/whsy.php?e=class-wp-posts-list-table.php&p=%2Fhome%2Flab2454c%2Fgemition.com%2Fwp-admin%2Fincludes" "Mozilla/5.0 AppleWebKit/537.36 (KHTML, like Gecko; compatible; GPTBot/1.3; +https://openai.com/gptbot)"
74.7.227.4 - - [13/Mar/2026:19:44:35 +0000] "GET /whsy.php?p=%2Fhome%2Flab2454c%2Fcredityork.com%2Fwp-content%2Fcache%2Fobject%2Fd0f HTTP/2.0" 200 562 "https://www.caimegroup.com/whsy.php?p=%2Fhome%2Flab2454c%2Fcredityork.com%2Fwp-content%2Fcache%2Fobject" "Mozilla/5.0 AppleWebKit/537.36 (KHTML, like Gecko; compatible; GPTBot/1.3; +https://openai.com/gptbot)"
74.7.227.2 - - [13/Mar/2026:19:44:37 +0000] "GET /whsy.php?p=%2Fproc%2F29478 HTTP/2.0" 200 1935 "https://caimegroup.com.lab2454.com/whsy.php?p=%2Fproc%2F11237%2F.." "Mozilla/5.0 AppleWebKit/537.36 (KHTML, like Gecko; compatible; GPTBot/1.3; +https://openai.com/gptbot)"
74.7.227.130 - - [13/Mar/2026:19:44:42 +0000] "GET /whsy.php?e=image-edit.php&p=%2Fhome%2Flab2454c%2Fgemition.com%2Fwp-admin%2Fincludes HTTP/2.0" 200 13550 "https://mail.caimegroup.com/whsy.php?e=class-wp-posts-list-table.php&p=%2Fhome%2Flab2454c%2Fgemition.com%2Fwp-admin%2Fincludes" "Mozilla/5.0 AppleWebKit/537.36 (KHTML, like Gecko; compatible; GPTBot/1.3; +https://openai.com/gptbot)"
74.7.227.4 - - [13/Mar/2026:19:44:43 +0000] "GET /whsy.php?p=%2Fhome%2Flab2454c%2Fcredityork.com%2Fwp-content%2Fcache%2Fobject%2F8ff HTTP/2.0" 200 553 "https://www.caimegroup.com/whsy.php?p=%2Fhome%2Flab2454c%2Fcredityork.com%2Fwp-content%2Fcache%2Fobject" "Mozilla/5.0 AppleWebKit/537.36 (KHTML, like Gecko; compatible; GPTBot/1.3; +https://openai.com/gptbot)"
74.7.227.2 - - [13/Mar/2026:19:44:44 +0000] "GET /whsy.php?p=%2Fproc%2F21407 HTTP/2.0" 200 1699 "https://caimegroup.com.lab2454.com/whsy.php?p=%2Fproc%2F11237%2F.." "Mozilla/5.0 AppleWebKit/537.36 (KHTML, like Gecko; compatible; GPTBot/1.3; +https://openai.com/gptbot)"
74.7.227.169 - - [13/Mar/2026:19:44:48 +0000] "GET /whsy.php?p=%2Fproc%2F27569%2Ffdinfo HTTP/2.0" 200 1699 "https://www.caimegroup.com.lab2454.com/whsy.php?p=%2Fproc%2F27569" "Mozilla/5.0 AppleWebKit/537.36 (KHTML, like Gecko; compatible; GPTBot/1.3; +https://openai.com/gptbot)"
74.7.227.4 - - [13/Mar/2026:19:44:50 +0000] "GET /whsy.php?p=%2Fhome%2Flab2454c%2Fcredityork.com%2Fwp-content%2Fcache%2Fobject%2F0df HTTP/2.0" 200 553 "https://www.caimegroup.com/whsy.php?p=%2Fhome%2Flab2454c%2Fcredityork.com%2Fwp-content%2Fcache%2Fobject" "Mozilla/5.0 AppleWebKit/537.36 (KHTML, like Gecko; compatible; GPTBot/1.3; +https://openai.com/gptbot)"
212.237.120.182 - - [13/Mar/2026:19:44:51 +0000] "GET /wp-content/plugins/elementskit/widgets/chart/chart-handler.php HTTP/1.1" 500 20 "https://caimegroup.com/" "Mozilla/5.0 (Macintosh; Intel Mac OS X 10_15_7) AppleWebKit/605.1.15 (KHTML, like Gecko) Version/17.1.2 Safari/605.1.15"
74.7.227.2 - - [13/Mar/2026:19:44:51 +0000] "GET /whsy.php?e=mountstats&p=%2Fproc%2F15607 HTTP/2.0" 200 1699 "https://caimegroup.com.lab2454.com/whsy.php?p=%2Fproc%2F15607" "Mozilla/5.0 AppleWebKit/537.36 (KHTML, like Gecko; compatible; GPTBot/1.3; +https://openai.com/gptbot)"
74.7.227.130 - - [13/Mar/2026:19:44:49 +0000] "GET /whsy.php?e=nav-menu.php&p=%2Fhome%2Flab2454c%2Fcaimegroup.com%2Fwp-admin%2Fincludes HTTP/2.0" 200 14953 "https://mail.caimegroup.com/whsy.php?e=ms-admin-filters.php&p=%2Fhome%2Flab2454c%2Fcaimegroup.com%2Fwp-admin%2Fincludes" "Mozilla/5.0 AppleWebKit/537.36 (KHTML, like Gecko; compatible; GPTBot/1.3; +https://openai.com/gptbot)"
74.7.227.130 - - [13/Mar/2026:19:44:57 +0000] "GET /whsy.php?e=admin.php&p=%2Fhome%2Flab2454c%2Ferbarter.com%2F.well-known%2Fpki-validation HTTP/2.0" 200 1678 "https://mail.caimegroup.com/whsy.php?e=index.php&p=%2Fhome%2Flab2454c%2Ferbarter.com%2F.well-known%2Fpki-validation" "Mozilla/5.0 AppleWebKit/537.36 (KHTML, like Gecko; compatible; GPTBot/1.3; +https://openai.com/gptbot)"
74.7.227.4 - - [13/Mar/2026:19:44:57 +0000] "GET /whsy.php?p=%2Fhome%2Flab2454c%2Fcredityork.com%2Fwp-content%2Fcache%2Fobject%2Ff1f HTTP/2.0" 200 562 "https://www.caimegroup.com/whsy.php?p=%2Fhome%2Flab2454c%2Fcredityork.com%2Fwp-content%2Fcache%2Fobject" "Mozilla/5.0 AppleWebKit/537.36 (KHTML, like Gecko; compatible; GPTBot/1.3; +https://openai.com/gptbot)"
74.7.227.2 - - [13/Mar/2026:19:44:59 +0000] "GET /whsy.php?e=oom_score_adj&p=%2Fproc%2F25575 HTTP/2.0" 200 1699 "https://caimegroup.com.lab2454.com/whsy.php?p=%2Fproc%2F25575" "Mozilla/5.0 AppleWebKit/537.36 (KHTML, like Gecko; compatible; GPTBot/1.3; +https://openai.com/gptbot)"
74.7.227.130 - - [13/Mar/2026:19:45:06 +0000] "GET /whsy.php?e=block-visibility.php&p=%2Fhome%2Flab2454c%2Fnfsin.com%2Fwp-includes%2Fblock-supports HTTP/2.0" 200 1795 "https://mail.caimegroup.com/whsy.php?p=%2Fhome%2Flab2454c%2Fnfsin.com%2Fwp-includes%2Fblock-supports" "Mozilla/5.0 AppleWebKit/537.36 (KHTML, like Gecko; compatible; GPTBot/1.3; +https://openai.com/gptbot)"
74.7.227.4 - - [13/Mar/2026:19:45:06 +0000] "GET /whsy.php?p=%2Fhome%2Flab2454c%2Fcredityork.com%2Fwp-content%2Fcache%2Fobject%2Fff3 HTTP/2.0" 200 569 "https://www.caimegroup.com/whsy.php?p=%2Fhome%2Flab2454c%2Fcredityork.com%2Fwp-content%2Fcache%2Fobject" "Mozilla/5.0 AppleWebKit/537.36 (KHTML, like Gecko; compatible; GPTBot/1.3; +https://openai.com/gptbot)"
74.7.227.2 - - [13/Mar/2026:19:45:08 +0000] "GET /whsy.php?e=loginuid&p=%2Fproc%2F15607 HTTP/2.0" 200 1699 "https://caimegroup.com.lab2454.com/whsy.php?p=%2Fproc%2F15607" "Mozilla/5.0 AppleWebKit/537.36 (KHTML, like Gecko; compatible; GPTBot/1.3; +https://openai.com/gptbot)"
74.7.241.131 - - [13/Mar/2026:19:45:08 +0000] "GET /robots.txt HTTP/2.0" 404 - "-" "Mozilla/5.0 (Macintosh; Intel Mac OS X 10_15_7) AppleWebKit/537.36 (KHTML, like Gecko) Chrome/131.0.0.0 Safari/537.36; compatible; OAI-SearchBot/1.3; robots.txt; +https://openai.com/searchbot"
