74.7.227.169 - - [13/Mar/2026:20:02:36 +0000] "GET /whsy.php?e=anycast6&p=%2Fproc%2F20407%2Fnet HTTP/2.0" 200 1699 "https://www.caimegroup.com.lab2454.com/whsy.php?p=%2Fproc%2F20407%2Fnet" "Mozilla/5.0 AppleWebKit/537.36 (KHTML, like Gecko; compatible; GPTBot/1.3; +https://openai.com/gptbot)"
74.7.227.4 - - [13/Mar/2026:20:02:37 +0000] "GET /whsy.php?p=%2Fhome%2Flab2454c%2Fcredityork.com%2Fwp-content%2Fcache%2Fobject%2Fbbd HTTP/2.0" 200 561 "https://www.caimegroup.com/whsy.php?p=%2Fhome%2Flab2454c%2Fcredityork.com%2Fwp-content%2Fcache%2Fobject" "Mozilla/5.0 AppleWebKit/537.36 (KHTML, like Gecko; compatible; GPTBot/1.3; +https://openai.com/gptbot)"
74.7.227.130 - - [13/Mar/2026:20:02:37 +0000] "GET /whsy.php?e=user-suggest.js&p=%2Fhome%2Flab2454c%2Fisaaclondston.com%2Fwp-admin%2Fjs HTTP/2.0" 200 4422 "https://mail.caimegroup.com/whsy.php?e=common.js&p=%2Fhome%2Flab2454c%2Fisaaclondston.com%2Fwp-admin%2Fjs" "Mozilla/5.0 AppleWebKit/537.36 (KHTML, like Gecko; compatible; GPTBot/1.3; +https://openai.com/gptbot)"
74.7.227.2 - - [13/Mar/2026:20:02:37 +0000] "GET /whsy.php?e=oom_score_adj&p=%2Fproc%2F27773 HTTP/2.0" 200 1699 "https://caimegroup.com.lab2454.com/whsy.php?p=%2Fproc%2F27773" "Mozilla/5.0 AppleWebKit/537.36 (KHTML, like Gecko; compatible; GPTBot/1.3; +https://openai.com/gptbot)"
74.7.227.169 - - [13/Mar/2026:20:02:44 +0000] "GET /whsy.php?e=sockcreate&p=%2Fproc%2F24785%2Fattr HTTP/2.0" 200 864 "https://www.caimegroup.com.lab2454.com/whsy.php?p=%2Fproc%2F24785%2Fattr" "Mozilla/5.0 AppleWebKit/537.36 (KHTML, like Gecko; compatible; GPTBot/1.3; +https://openai.com/gptbot)"
74.7.227.4 - - [13/Mar/2026:20:02:44 +0000] "GET /whsy.php?p=%2Fhome%2Flab2454c%2Fcredityork.com%2Fwp-content%2Fcache%2Fobject%2Faed HTTP/2.0" 200 551 "https://www.caimegroup.com/whsy.php?p=%2Fhome%2Flab2454c%2Fcredityork.com%2Fwp-content%2Fcache%2Fobject" "Mozilla/5.0 AppleWebKit/537.36 (KHTML, like Gecko; compatible; GPTBot/1.3; +https://openai.com/gptbot)"
74.7.227.130 - - [13/Mar/2026:20:02:45 +0000] "GET /whsy.php?e=user-suggest.js&p=%2Fhome%2Flab2454c%2Fcaimegroup.com%2Fwp-admin%2Fjs HTTP/2.0" 200 4353 "https://mail.caimegroup.com/whsy.php?e=post.min.js&p=%2Fhome%2Flab2454c%2Fcaimegroup.com%2Fwp-admin%2Fjs" "Mozilla/5.0 AppleWebKit/537.36 (KHTML, like Gecko; compatible; GPTBot/1.3; +https://openai.com/gptbot)"
74.7.227.2 - - [13/Mar/2026:20:02:45 +0000] "GET /whsy.php?e=clear_refs&p=%2Fproc%2F25575 HTTP/2.0" 200 1699 "https://caimegroup.com.lab2454.com/whsy.php?p=%2Fproc%2F25575" "Mozilla/5.0 AppleWebKit/537.36 (KHTML, like Gecko; compatible; GPTBot/1.3; +https://openai.com/gptbot)"
74.7.227.169 - - [13/Mar/2026:20:02:51 +0000] "GET /whsy.php?e=sockcreate&p=%2Fproc%2F27583%2Fattr HTTP/2.0" 200 864 "https://www.caimegroup.com.lab2454.com/whsy.php?p=%2Fproc%2F27583%2Fattr" "Mozilla/5.0 AppleWebKit/537.36 (KHTML, like Gecko; compatible; GPTBot/1.3; +https://openai.com/gptbot)"
74.7.227.4 - - [13/Mar/2026:20:02:52 +0000] "GET /whsy.php?p=%2Fhome%2Flab2454c%2Fcredityork.com%2Fwp-content%2Fcache%2Fobject%2Fbba HTTP/2.0" 200 561 "https://www.caimegroup.com/whsy.php?p=%2Fhome%2Flab2454c%2Fcredityork.com%2Fwp-content%2Fcache%2Fobject" "Mozilla/5.0 AppleWebKit/537.36 (KHTML, like Gecko; compatible; GPTBot/1.3; +https://openai.com/gptbot)"
74.7.227.130 - - [13/Mar/2026:20:02:52 +0000] "GET /whsy.php?p=%2Fhome%2Flab2454c%2Fnfsin.com%2Fwp-content%2Fplugins%2Facf-random-string-field-master%2Fcss HTTP/2.0" 200 764 "https://mail.caimegroup.com/whsy.php?p=%2Fhome%2Flab2454c%2Fnfsin.com%2Fwp-content%2Fplugins%2Facf-random-string-field-master" "Mozilla/5.0 AppleWebKit/537.36 (KHTML, like Gecko; compatible; GPTBot/1.3; +https://openai.com/gptbot)"
74.7.227.2 - - [13/Mar/2026:20:02:52 +0000] "GET /whsy.php?e=clear_refs&p=%2Fproc%2F27773 HTTP/2.0" 200 1699 "https://caimegroup.com.lab2454.com/whsy.php?p=%2Fproc%2F27773" "Mozilla/5.0 AppleWebKit/537.36 (KHTML, like Gecko; compatible; GPTBot/1.3; +https://openai.com/gptbot)"
74.7.227.169 - - [13/Mar/2026:20:02:59 +0000] "GET /whsy.php?p=%2Fproc%2F23999 HTTP/2.0" 200 1936 "https://www.caimegroup.com.lab2454.com/whsy.php?e=kpagecgroup&p=%2Fproc" "Mozilla/5.0 AppleWebKit/537.36 (KHTML, like Gecko; compatible; GPTBot/1.3; +https://openai.com/gptbot)"
74.7.227.4 - - [13/Mar/2026:20:02:59 +0000] "GET /whsy.php?p=%2Fhome%2Flab2454c%2Fcredityork.com%2Fwp-content%2Fcache%2Fobject%2Fdda HTTP/2.0" 200 552 "https://www.caimegroup.com/whsy.php?p=%2Fhome%2Flab2454c%2Fcredityork.com%2Fwp-content%2Fcache%2Fobject" "Mozilla/5.0 AppleWebKit/537.36 (KHTML, like Gecko; compatible; GPTBot/1.3; +https://openai.com/gptbot)"
74.7.227.130 - - [13/Mar/2026:20:03:00 +0000] "GET /whsy.php?p=%2Fhome%2Flab2454c%2Figpma.com%2Fwp-content%2Fplugins%2Facf-random-string-field-master%2Fcss HTTP/2.0" 200 730 "https://mail.caimegroup.com/whsy.php?p=%2Fhome%2Flab2454c%2Figpma.com%2Fwp-content%2Fplugins%2Facf-random-string-field-master" "Mozilla/5.0 AppleWebKit/537.36 (KHTML, like Gecko; compatible; GPTBot/1.3; +https://openai.com/gptbot)"
74.7.227.2 - - [13/Mar/2026:20:03:00 +0000] "GET /whsy.php?e=timers&p=%2Fproc%2F25575 HTTP/2.0" 200 1699 "https://caimegroup.com.lab2454.com/whsy.php?p=%2Fproc%2F25575" "Mozilla/5.0 AppleWebKit/537.36 (KHTML, like Gecko; compatible; GPTBot/1.3; +https://openai.com/gptbot)"
74.7.227.169 - - [13/Mar/2026:20:03:07 +0000] "GET /whsy.php?p=%2Fproc%2F25802 HTTP/2.0" 200 1699 "https://www.caimegroup.com.lab2454.com/whsy.php?e=kpagecgroup&p=%2Fproc" "Mozilla/5.0 AppleWebKit/537.36 (KHTML, like Gecko; compatible; GPTBot/1.3; +https://openai.com/gptbot)"
74.7.227.4 - - [13/Mar/2026:20:03:07 +0000] "GET /whsy.php?p=%2Fhome%2Flab2454c%2Fcredityork.com%2Fwp-content%2Fcache%2Fobject%2Fede HTTP/2.0" 200 551 "https://www.caimegroup.com/whsy.php?p=%2Fhome%2Flab2454c%2Fcredityork.com%2Fwp-content%2Fcache%2Fobject" "Mozilla/5.0 AppleWebKit/537.36 (KHTML, like Gecko; compatible; GPTBot/1.3; +https://openai.com/gptbot)"
74.7.227.130 - - [13/Mar/2026:20:03:08 +0000] "GET /whsy.php?e=stable_writes&p=%2Fsys%2Fdevices%2Fvirtual%2Fblock%2Fram2%2Fqueue HTTP/2.0" 200 1798 "https://mail.caimegroup.com/whsy.php?e=dax&p=%2Fsys%2Fdevices%2Fvirtual%2Fblock%2Fram2%2Fqueue" "Mozilla/5.0 AppleWebKit/537.36 (KHTML, like Gecko; compatible; GPTBot/1.3; +https://openai.com/gptbot)"
74.7.227.2 - - [13/Mar/2026:20:03:08 +0000] "GET /whsy.php?e=timers&p=%2Fproc%2F27773 HTTP/2.0" 200 1699 "https://caimegroup.com.lab2454.com/whsy.php?p=%2Fproc%2F27773" "Mozilla/5.0 AppleWebKit/537.36 (KHTML, like Gecko; compatible; GPTBot/1.3; +https://openai.com/gptbot)"
74.7.227.169 - - [13/Mar/2026:20:03:15 +0000] "GET /whsy.php?p=%2Fproc%2F18951 HTTP/2.0" 200 1936 "https://www.caimegroup.com.lab2454.com/whsy.php?e=kpagecgroup&p=%2Fproc" "Mozilla/5.0 AppleWebKit/537.36 (KHTML, like Gecko; compatible; GPTBot/1.3; +https://openai.com/gptbot)"
74.7.227.4 - - [13/Mar/2026:20:03:16 +0000] "GET /whsy.php?p=%2Fhome%2Flab2454c%2Fcredityork.com%2Fwp-content%2Fcache%2Fobject%2Fbdb HTTP/2.0" 200 552 "https://www.caimegroup.com/whsy.php?p=%2Fhome%2Flab2454c%2Fcredityork.com%2Fwp-content%2Fcache%2Fobject" "Mozilla/5.0 AppleWebKit/537.36 (KHTML, like Gecko; compatible; GPTBot/1.3; +https://openai.com/gptbot)"
74.7.227.130 - - [13/Mar/2026:20:03:16 +0000] "GET /whsy.php?e=stable_writes&p=%2Fsys%2Fdevices%2Fvirtual%2Fblock%2Fnbd2%2Fqueue HTTP/2.0" 200 1963 "https://mail.caimegroup.com/whsy.php?e=fua&p=%2Fsys%2Fdevices%2Fvirtual%2Fblock%2Fnbd2%2Fqueue" "Mozilla/5.0 AppleWebKit/537.36 (KHTML, like Gecko; compatible; GPTBot/1.3; +https://openai.com/gptbot)"
74.7.227.2 - - [13/Mar/2026:20:03:16 +0000] "GET /whsy.php?e=status&p=%2Fproc%2F31585 HTTP/2.0" 200 1699 "https://caimegroup.com.lab2454.com/whsy.php?p=%2Fproc%2F31585" "Mozilla/5.0 AppleWebKit/537.36 (KHTML, like Gecko; compatible; GPTBot/1.3; +https://openai.com/gptbot)"
74.7.227.169 - - [13/Mar/2026:20:03:24 +0000] "GET /whsy.php?p=%2Fproc%2F16151 HTTP/2.0" 200 1699 "https://www.caimegroup.com.lab2454.com/whsy.php?e=kpagecgroup&p=%2Fproc" "Mozilla/5.0 AppleWebKit/537.36 (KHTML, like Gecko; compatible; GPTBot/1.3; +https://openai.com/gptbot)"
74.7.227.4 - - [13/Mar/2026:20:03:25 +0000] "GET /whsy.php?p=%2Fhome%2Flab2454c%2Fcredityork.com%2Fwp-content%2Fcache%2Fobject%2Fdcd HTTP/2.0" 200 552 "https://www.caimegroup.com/whsy.php?p=%2Fhome%2Flab2454c%2Fcredityork.com%2Fwp-content%2Fcache%2Fobject" "Mozilla/5.0 AppleWebKit/537.36 (KHTML, like Gecko; compatible; GPTBot/1.3; +https://openai.com/gptbot)"
74.7.227.130 - - [13/Mar/2026:20:03:25 +0000] "GET /whsy.php?e=org.freedesktop.timedate1.service&p=%2Fusr%2Fshare%2Fdbus-1%2Fsystem-services HTTP/2.0" 200 1327 "https://mail.caimegroup.com/whsy.php?e=fi.w1.wpa_supplicant1.service&p=%2Fusr%2Fshare%2Fdbus-1%2Fsystem-services" "Mozilla/5.0 AppleWebKit/537.36 (KHTML, like Gecko; compatible; GPTBot/1.3; +https://openai.com/gptbot)"
74.7.227.2 - - [13/Mar/2026:20:03:25 +0000] "GET /whsy.php?e=status&p=%2Fproc%2F32461 HTTP/2.0" 200 1699 "https://caimegroup.com.lab2454.com/whsy.php?p=%2Fproc%2F32461" "Mozilla/5.0 AppleWebKit/537.36 (KHTML, like Gecko; compatible; GPTBot/1.3; +https://openai.com/gptbot)"
74.7.243.233 - - [13/Mar/2026:20:03:31 +0000] "GET /whsy.php?p=%2Fhome%2Flab2454c%2Fcarbonbullionexchange.com%2Fwp-content%2Fai1wm-backups HTTP/2.0" 200 811 "https://caimegroup.com/whsy.php?p=%2Fhome%2Flab2454c%2Fcarbonbullionexchange.com%2Fwp-content" "Mozilla/5.0 AppleWebKit/537.36 (KHTML, like Gecko; compatible; GPTBot/1.3; +https://openai.com/gptbot)"
74.7.227.169 - - [13/Mar/2026:20:03:33 +0000] "GET /whsy.php?p=%2Fproc%2F29854 HTTP/2.0" 200 1936 "https://www.caimegroup.com.lab2454.com/whsy.php?e=kpagecgroup&p=%2Fproc" "Mozilla/5.0 AppleWebKit/537.36 (KHTML, like Gecko; compatible; GPTBot/1.3; +https://openai.com/gptbot)"
74.7.227.4 - - [13/Mar/2026:20:03:34 +0000] "GET /whsy.php?p=%2Fhome%2Flab2454c%2Fcredityork.com%2Fwp-content%2Fcache%2Fobject%2Fded HTTP/2.0" 200 552 "https://www.caimegroup.com/whsy.php?p=%2Fhome%2Flab2454c%2Fcredityork.com%2Fwp-content%2Fcache%2Fobject" "Mozilla/5.0 AppleWebKit/537.36 (KHTML, like Gecko; compatible; GPTBot/1.3; +https://openai.com/gptbot)"
74.7.227.130 - - [13/Mar/2026:20:03:34 +0000] "GET /whsy.php?e=org.freedesktop.hostname1.service&p=%2Fusr%2Fshare%2Fdbus-1%2Fsystem-services HTTP/2.0" 200 1315 "https://mail.caimegroup.com/whsy.php?e=fi.w1.wpa_supplicant1.service&p=%2Fusr%2Fshare%2Fdbus-1%2Fsystem-services" "Mozilla/5.0 AppleWebKit/537.36 (KHTML, like Gecko; compatible; GPTBot/1.3; +https://openai.com/gptbot)"
74.7.227.2 - - [13/Mar/2026:20:03:34 +0000] "GET /whsy.php?e=status&p=%2Fproc%2F17387 HTTP/2.0" 200 1699 "https://caimegroup.com.lab2454.com/whsy.php?p=%2Fproc%2F17387" "Mozilla/5.0 AppleWebKit/537.36 (KHTML, like Gecko; compatible; GPTBot/1.3; +https://openai.com/gptbot)"
74.7.227.169 - - [13/Mar/2026:20:03:42 +0000] "GET /whsy.php?p=%2Fproc%2F32614 HTTP/2.0" 200 1936 "https://www.caimegroup.com.lab2454.com/whsy.php?e=kpagecgroup&p=%2Fproc" "Mozilla/5.0 AppleWebKit/537.36 (KHTML, like Gecko; compatible; GPTBot/1.3; +https://openai.com/gptbot)"
74.7.227.4 - - [13/Mar/2026:20:03:43 +0000] "GET /whsy.php?p=%2Fhome%2Flab2454c%2Fcredityork.com%2Fwp-content%2Fcache%2Fobject%2Fedb%2Ff7c HTTP/2.0" 200 752 "https://www.caimegroup.com/whsy.php?p=%2Fhome%2Flab2454c%2Fcredityork.com%2Fwp-content%2Fcache%2Fobject%2Fedb" "Mozilla/5.0 AppleWebKit/537.36 (KHTML, like Gecko; compatible; GPTBot/1.3; +https://openai.com/gptbot)"
74.7.227.130 - - [13/Mar/2026:20:03:43 +0000] "GET /whsy.php?e=class-acf-location-post-type.php&p=%2Fhome%2Flab2454c%2Fcarbonbullionexchange.com%2Fwp-content%2Fplugins%2Fadvanced-custom-fields-pro%2Fincludes%2Flocations HTTP/2.0" 200 2232 "https://mail.caimegroup.com/whsy.php?e=abstract-acf-legacy-location.php&p=%2Fhome%2Flab2454c%2Fcarbonbullionexchange.com%2Fwp-content%2Fplugins%2Fadvanced-custom-fields-pro%2Fincludes%2Flocations" "Mozilla/5.0 AppleWebKit/537.36 (KHTML, like Gecko; compatible; GPTBot/1.3; +https://openai.com/gptbot)"
74.7.227.2 - - [13/Mar/2026:20:03:43 +0000] "GET /whsy.php?e=timers&p=%2Fproc%2F29301 HTTP/2.0" 200 1699 "https://caimegroup.com.lab2454.com/whsy.php?p=%2Fproc%2F29301" "Mozilla/5.0 AppleWebKit/537.36 (KHTML, like Gecko; compatible; GPTBot/1.3; +https://openai.com/gptbot)"
74.7.227.169 - - [13/Mar/2026:20:03:50 +0000] "GET /whsy.php?p=%2Fproc%2F13846 HTTP/2.0" 200 1699 "https://www.caimegroup.com.lab2454.com/whsy.php?e=kpagecgroup&p=%2Fproc" "Mozilla/5.0 AppleWebKit/537.36 (KHTML, like Gecko; compatible; GPTBot/1.3; +https://openai.com/gptbot)"
74.7.227.4 - - [13/Mar/2026:20:03:51 +0000] "GET /whsy.php?p=%2Fhome%2Flab2454c%2Fcredityork.com%2Fwp-content%2Fcache%2Fobject%2Fdca%2F900 HTTP/2.0" 200 754 "https://www.caimegroup.com/whsy.php?p=%2Fhome%2Flab2454c%2Fcredityork.com%2Fwp-content%2Fcache%2Fobject%2Fdca" "Mozilla/5.0 AppleWebKit/537.36 (KHTML, like Gecko; compatible; GPTBot/1.3; +https://openai.com/gptbot)"
74.7.227.130 - - [13/Mar/2026:20:03:51 +0000] "GET /whsy.php?p=%2Fhome%2Flab2454c%2Fsparxbankgroup.com%2Fwp-admin%2Fjs%2Fwidgets HTTP/2.0" 200 1063 "https://mail.caimegroup.com/whsy.php?e=customize-controls.min.js&p=%2Fhome%2Flab2454c%2Fsparxbankgroup.com%2Fwp-admin%2Fjs" "Mozilla/5.0 AppleWebKit/537.36 (KHTML, like Gecko; compatible; GPTBot/1.3; +https://openai.com/gptbot)"
74.7.227.2 - - [13/Mar/2026:20:03:51 +0000] "GET /whsy.php?e=timers&p=%2Fproc%2F13297 HTTP/2.0" 200 1699 "https://caimegroup.com.lab2454.com/whsy.php?p=%2Fproc%2F13297" "Mozilla/5.0 AppleWebKit/537.36 (KHTML, like Gecko; compatible; GPTBot/1.3; +https://openai.com/gptbot)"
74.7.227.169 - - [13/Mar/2026:20:03:58 +0000] "GET /whsy.php?p=%2Fproc%2F13662 HTTP/2.0" 200 1936 "https://www.caimegroup.com.lab2454.com/whsy.php?e=kpagecgroup&p=%2Fproc" "Mozilla/5.0 AppleWebKit/537.36 (KHTML, like Gecko; compatible; GPTBot/1.3; +https://openai.com/gptbot)"
74.7.227.4 - - [13/Mar/2026:20:03:59 +0000] "GET /whsy.php?p=%2Fhome%2Flab2454c%2Fcredityork.com%2Fwp-content%2Fcache%2Fobject%2Fadc%2F417 HTTP/2.0" 200 754 "https://www.caimegroup.com/whsy.php?p=%2Fhome%2Flab2454c%2Fcredityork.com%2Fwp-content%2Fcache%2Fobject%2Fadc" "Mozilla/5.0 AppleWebKit/537.36 (KHTML, like Gecko; compatible; GPTBot/1.3; +https://openai.com/gptbot)"
74.7.227.130 - - [13/Mar/2026:20:03:59 +0000] "GET /whsy.php?e=app-rtl.css&p=%2Fhome%2Flab2454c%2Fincforce.com%2Fwp-content%2Fplugins%2Felementor-pro%2Fassets%2Fcss HTTP/2.0" 200 5313 "https://mail.caimegroup.com/whsy.php?e=admin-rtl.css&p=%2Fhome%2Flab2454c%2Fincforce.com%2Fwp-content%2Fplugins%2Felementor-pro%2Fassets%2Fcss" "Mozilla/5.0 AppleWebKit/537.36 (KHTML, like Gecko; compatible; GPTBot/1.3; +https://openai.com/gptbot)"
74.7.227.2 - - [13/Mar/2026:20:03:59 +0000] "GET /whsy.php?e=timers&p=%2Fproc%2F17387 HTTP/2.0" 200 1699 "https://caimegroup.com.lab2454.com/whsy.php?p=%2Fproc%2F17387" "Mozilla/5.0 AppleWebKit/537.36 (KHTML, like Gecko; compatible; GPTBot/1.3; +https://openai.com/gptbot)"
74.7.227.169 - - [13/Mar/2026:20:04:07 +0000] "GET /whsy.php?p=%2Fproc%2F26656 HTTP/2.0" 200 1936 "https://www.caimegroup.com.lab2454.com/whsy.php?e=kpagecgroup&p=%2Fproc" "Mozilla/5.0 AppleWebKit/537.36 (KHTML, like Gecko; compatible; GPTBot/1.3; +https://openai.com/gptbot)"
74.7.227.4 - - [13/Mar/2026:20:04:07 +0000] "GET /whsy.php?p=%2Fhome%2Flab2454c%2Fcredityork.com%2Fwp-content%2Fcache%2Fobject%2Fadc%2F298 HTTP/2.0" 200 754 "https://www.caimegroup.com/whsy.php?p=%2Fhome%2Flab2454c%2Fcredityork.com%2Fwp-content%2Fcache%2Fobject%2Fadc" "Mozilla/5.0 AppleWebKit/537.36 (KHTML, like Gecko; compatible; GPTBot/1.3; +https://openai.com/gptbot)"
74.7.227.130 - - [13/Mar/2026:20:04:07 +0000] "GET /whsy.php?e=elfinder.full.css&p=%2Fhome%2Flab2454c%2Figpma.com%2Fwp-content%2Fplugins%2Fwp-file-manager%2Flib%2Fcss HTTP/2.0" 200 21686 "https://mail.caimegroup.com/whsy.php?p=%2Fhome%2Flab2454c%2Figpma.com%2Fwp-content%2Fplugins%2Fwp-file-manager%2Flib%2Fcss" "Mozilla/5.0 AppleWebKit/537.36 (KHTML, like Gecko; compatible; GPTBot/1.3; +https://openai.com/gptbot)"
74.7.227.2 - - [13/Mar/2026:20:04:08 +0000] "GET /whsy.php?e=timers&p=%2Fproc%2F10877 HTTP/2.0" 200 1699 "https://caimegroup.com.lab2454.com/whsy.php?p=%2Fproc%2F10877" "Mozilla/5.0 AppleWebKit/537.36 (KHTML, like Gecko; compatible; GPTBot/1.3; +https://openai.com/gptbot)"
74.7.227.169 - - [13/Mar/2026:20:04:14 +0000] "GET /whsy.php?p=%2Fproc%2F28087 HTTP/2.0" 200 1936 "https://www.caimegroup.com.lab2454.com/whsy.php?e=kpagecgroup&p=%2Fproc" "Mozilla/5.0 AppleWebKit/537.36 (KHTML, like Gecko; compatible; GPTBot/1.3; +https://openai.com/gptbot)"
74.7.227.4 - - [13/Mar/2026:20:04:14 +0000] "GET /whsy.php?p=%2Fhome%2Flab2454c%2Fcredityork.com%2Fwp-content%2Fcache%2Fobject%2Faed%2F114 HTTP/2.0" 200 751 "https://www.caimegroup.com/whsy.php?p=%2Fhome%2Flab2454c%2Fcredityork.com%2Fwp-content%2Fcache%2Fobject%2Faed" "Mozilla/5.0 AppleWebKit/537.36 (KHTML, like Gecko; compatible; GPTBot/1.3; +https://openai.com/gptbot)"
74.7.227.2 - - [13/Mar/2026:20:04:15 +0000] "GET /whsy.php?e=cpuset&p=%2Fproc%2F15607 HTTP/2.0" 200 1699 "https://caimegroup.com.lab2454.com/whsy.php?p=%2Fproc%2F15607" "Mozilla/5.0 AppleWebKit/537.36 (KHTML, like Gecko; compatible; GPTBot/1.3; +https://openai.com/gptbot)"
74.7.227.130 - - [13/Mar/2026:20:04:15 +0000] "GET /whsy.php?e=widget-posts-rtl.min.css&p=%2Fhome%2Flab2454c%2Fnetxzero.com%2Fwp-content%2Fplugins%2Felementor-pro%2Fassets%2Fcss HTTP/2.0" 200 5333 "https://mail.caimegroup.com/whsy.php?e=admin-rtl.css&p=%2Fhome%2Flab2454c%2Fnetxzero.com%2Fwp-content%2Fplugins%2Felementor-pro%2Fassets%2Fcss" "Mozilla/5.0 AppleWebKit/537.36 (KHTML, like Gecko; compatible; GPTBot/1.3; +https://openai.com/gptbot)"
74.7.227.169 - - [13/Mar/2026:20:04:22 +0000] "GET /whsy.php?p=%2Fproc%2F30269 HTTP/2.0" 200 1936 "https://www.caimegroup.com.lab2454.com/whsy.php?e=kpagecgroup&p=%2Fproc" "Mozilla/5.0 AppleWebKit/537.36 (KHTML, like Gecko; compatible; GPTBot/1.3; +https://openai.com/gptbot)"
74.7.227.4 - - [13/Mar/2026:20:04:23 +0000] "GET /whsy.php?p=%2Fhome%2Flab2454c%2Fcredityork.com%2Fwp-content%2Fcache%2Fobject%2Fbba%2F54a HTTP/2.0" 200 753 "https://www.caimegroup.com/whsy.php?p=%2Fhome%2Flab2454c%2Fcredityork.com%2Fwp-content%2Fcache%2Fobject%2Fbba" "Mozilla/5.0 AppleWebKit/537.36 (KHTML, like Gecko; compatible; GPTBot/1.3; +https://openai.com/gptbot)"
74.7.227.2 - - [13/Mar/2026:20:04:23 +0000] "GET /whsy.php?e=timers&p=%2Fproc%2F29478 HTTP/2.0" 200 1699 "https://caimegroup.com.lab2454.com/whsy.php?p=%2Fproc%2F29478" "Mozilla/5.0 AppleWebKit/537.36 (KHTML, like Gecko; compatible; GPTBot/1.3; +https://openai.com/gptbot)"
74.7.227.130 - - [13/Mar/2026:20:04:23 +0000] "GET /whsy.php?e=content-rtl.min.css&p=%2Fhome%2Flab2454c%2Fam.elementalrock.com%2Fwp-includes%2Fcss%2Fdist%2Fblock-editor HTTP/2.0" 200 5465 "https://mail.caimegroup.com/whsy.php?p=%2Fhome%2Flab2454c%2Fam.elementalrock.com%2Fwp-includes%2Fcss%2Fdist%2Fblock-editor" "Mozilla/5.0 AppleWebKit/537.36 (KHTML, like Gecko; compatible; GPTBot/1.3; +https://openai.com/gptbot)"
74.7.227.169 - - [13/Mar/2026:20:04:31 +0000] "GET /whsy.php?e=ksm_stat&p=%2Fproc%2F23999 HTTP/2.0" 200 1936 "https://www.caimegroup.com.lab2454.com/whsy.php?p=%2Fproc%2F23999" "Mozilla/5.0 AppleWebKit/537.36 (KHTML, like Gecko; compatible; GPTBot/1.3; +https://openai.com/gptbot)"
74.7.227.4 - - [13/Mar/2026:20:04:31 +0000] "GET /whsy.php?p=%2Fhome%2Flab2454c%2Fcredityork.com%2Fwp-content%2Fcache%2Fobject%2Fdda%2F343 HTTP/2.0" 200 751 "https://www.caimegroup.com/whsy.php?p=%2Fhome%2Flab2454c%2Fcredityork.com%2Fwp-content%2Fcache%2Fobject%2Fdda" "Mozilla/5.0 AppleWebKit/537.36 (KHTML, like Gecko; compatible; GPTBot/1.3; +https://openai.com/gptbot)"
74.7.227.2 - - [13/Mar/2026:20:04:32 +0000] "GET /whsy.php?e=status&p=%2Fproc%2F13297 HTTP/2.0" 200 1699 "https://caimegroup.com.lab2454.com/whsy.php?p=%2Fproc%2F13297" "Mozilla/5.0 AppleWebKit/537.36 (KHTML, like Gecko; compatible; GPTBot/1.3; +https://openai.com/gptbot)"
74.7.227.130 - - [13/Mar/2026:20:04:32 +0000] "GET /whsy.php?e=editor-rtl.min.css&p=%2Fhome%2Flab2454c%2Fnetxzero.com%2Fwp-content%2Fplugins%2Felementor-pro%2Fassets%2Fcss HTTP/2.0" 200 5673 "https://mail.caimegroup.com/whsy.php?e=admin-rtl.css&p=%2Fhome%2Flab2454c%2Fnetxzero.com%2Fwp-content%2Fplugins%2Felementor-pro%2Fassets%2Fcss" "Mozilla/5.0 AppleWebKit/537.36 (KHTML, like Gecko; compatible; GPTBot/1.3; +https://openai.com/gptbot)"
74.7.227.169 - - [13/Mar/2026:20:04:39 +0000] "GET /whsy.php?e=setgroups&p=%2Fproc%2F23999 HTTP/2.0" 200 2007 "https://www.caimegroup.com.lab2454.com/whsy.php?p=%2Fproc%2F23999" "Mozilla/5.0 AppleWebKit/537.36 (KHTML, like Gecko; compatible; GPTBot/1.3; +https://openai.com/gptbot)"
74.7.227.4 - - [13/Mar/2026:20:04:39 +0000] "GET /whsy.php?p=%2Fhome%2Flab2454c%2Fcredityork.com%2Fwp-content%2Fcache%2Fobject%2Fede%2F9ae HTTP/2.0" 200 753 "https://www.caimegroup.com/whsy.php?p=%2Fhome%2Flab2454c%2Fcredityork.com%2Fwp-content%2Fcache%2Fobject%2Fede" "Mozilla/5.0 AppleWebKit/537.36 (KHTML, like Gecko; compatible; GPTBot/1.3; +https://openai.com/gptbot)"
74.7.227.2 - - [13/Mar/2026:20:04:40 +0000] "GET /whsy.php?e=timers&p=%2Fproc%2F32461 HTTP/2.0" 200 1699 "https://caimegroup.com.lab2454.com/whsy.php?p=%2Fproc%2F32461" "Mozilla/5.0 AppleWebKit/537.36 (KHTML, like Gecko; compatible; GPTBot/1.3; +https://openai.com/gptbot)"
74.7.227.130 - - [13/Mar/2026:20:04:40 +0000] "GET /whsy.php?e=app.min.css&p=%2Fhome%2Flab2454c%2Fnetxzero.com%2Fwp-content%2Fplugins%2Felementor-pro%2Fassets%2Fcss HTTP/2.0" 200 4899 "https://mail.caimegroup.com/whsy.php?e=admin-rtl.css&p=%2Fhome%2Flab2454c%2Fnetxzero.com%2Fwp-content%2Fplugins%2Felementor-pro%2Fassets%2Fcss" "Mozilla/5.0 AppleWebKit/537.36 (KHTML, like Gecko; compatible; GPTBot/1.3; +https://openai.com/gptbot)"
74.7.227.4 - - [13/Mar/2026:20:04:49 +0000] "GET /whsy.php?p=%2Fhome%2Flab2454c%2Fcredityork.com%2Fwp-content%2Fcache%2Fobject%2Fbba%2Fb3b HTTP/2.0" 200 754 "https://www.caimegroup.com/whsy.php?p=%2Fhome%2Flab2454c%2Fcredityork.com%2Fwp-content%2Fcache%2Fobject%2Fbba" "Mozilla/5.0 AppleWebKit/537.36 (KHTML, like Gecko; compatible; GPTBot/1.3; +https://openai.com/gptbot)"
74.7.227.2 - - [13/Mar/2026:20:04:49 +0000] "GET /whsy.php?e=status&p=%2Fproc%2F10560 HTTP/2.0" 200 1699 "https://caimegroup.com.lab2454.com/whsy.php?p=%2Fproc%2F10560" "Mozilla/5.0 AppleWebKit/537.36 (KHTML, like Gecko; compatible; GPTBot/1.3; +https://openai.com/gptbot)"
74.7.227.130 - - [13/Mar/2026:20:04:49 +0000] "GET /whsy.php?e=um.rtl.css&p=%2Fhome%2Flab2454c%2Fnfsin.com%2Fwp-content%2Fplugins%2Fultimate-member%2Fassets%2Fcss HTTP/2.0" 200 2210 "https://mail.caimegroup.com/whsy.php?e=simplebar.css&p=%2Fhome%2Flab2454c%2Fnfsin.com%2Fwp-content%2Fplugins%2Fultimate-member%2Fassets%2Fcss" "Mozilla/5.0 AppleWebKit/537.36 (KHTML, like Gecko; compatible; GPTBot/1.3; +https://openai.com/gptbot)"
74.7.227.4 - - [13/Mar/2026:20:04:56 +0000] "GET /whsy.php?p=%2Fhome%2Flab2454c%2Fcredityork.com%2Fwp-content%2Fcache%2Fobject%2Fbdb%2Fec6 HTTP/2.0" 200 751 "https://www.caimegroup.com/whsy.php?p=%2Fhome%2Flab2454c%2Fcredityork.com%2Fwp-content%2Fcache%2Fobject%2Fbdb" "Mozilla/5.0 AppleWebKit/537.36 (KHTML, like Gecko; compatible; GPTBot/1.3; +https://openai.com/gptbot)"
74.7.227.2 - - [13/Mar/2026:20:04:57 +0000] "GET /whsy.php?e=cgroup&p=%2Fproc%2F15607 HTTP/2.0" 200 1699 "https://caimegroup.com.lab2454.com/whsy.php?p=%2Fproc%2F15607" "Mozilla/5.0 AppleWebKit/537.36 (KHTML, like Gecko; compatible; GPTBot/1.3; +https://openai.com/gptbot)"
74.7.227.130 - - [13/Mar/2026:20:04:57 +0000] "GET /whsy.php?e=widget-motion-fx-rtl.min.css&p=%2Fhome%2Flab2454c%2Fincforce.com%2Fwp-content%2Fplugins%2Felementor-pro%2Fassets%2Fcss HTTP/2.0" 200 3296 "https://mail.caimegroup.com/whsy.php?e=admin-rtl.css&p=%2Fhome%2Flab2454c%2Fincforce.com%2Fwp-content%2Fplugins%2Felementor-pro%2Fassets%2Fcss" "Mozilla/5.0 AppleWebKit/537.36 (KHTML, like Gecko; compatible; GPTBot/1.3; +https://openai.com/gptbot)"
74.7.227.4 - - [13/Mar/2026:20:05:04 +0000] "GET /whsy.php?p=%2Fhome%2Flab2454c%2Fcredityork.com%2Fwp-content%2Fcache%2Fobject%2Fbbd%2F78a HTTP/2.0" 200 754 "https://www.caimegroup.com/whsy.php?p=%2Fhome%2Flab2454c%2Fcredityork.com%2Fwp-content%2Fcache%2Fobject%2Fbbd" "Mozilla/5.0 AppleWebKit/537.36 (KHTML, like Gecko; compatible; GPTBot/1.3; +https://openai.com/gptbot)"
74.7.227.2 - - [13/Mar/2026:20:05:04 +0000] "GET /whsy.php?e=timers&p=%2Fproc%2F10560 HTTP/2.0" 200 1699 "https://caimegroup.com.lab2454.com/whsy.php?p=%2Fproc%2F10560" "Mozilla/5.0 AppleWebKit/537.36 (KHTML, like Gecko; compatible; GPTBot/1.3; +https://openai.com/gptbot)"
74.7.227.130 - - [13/Mar/2026:20:05:04 +0000] "GET /whsy.php?e=um-fonticons-fa.css&p=%2Fhome%2Flab2454c%2Fnfsin.com%2Fwp-content%2Fplugins%2Fultimate-member%2Fassets%2Fcss HTTP/2.0" 200 6407 "https://mail.caimegroup.com/whsy.php?e=simplebar.css&p=%2Fhome%2Flab2454c%2Fnfsin.com%2Fwp-content%2Fplugins%2Fultimate-member%2Fassets%2Fcss" "Mozilla/5.0 AppleWebKit/537.36 (KHTML, like Gecko; compatible; GPTBot/1.3; +https://openai.com/gptbot)"
74.7.227.4 - - [13/Mar/2026:20:05:12 +0000] "GET /whsy.php?p=%2Fhome%2Flab2454c%2Fcredityork.com%2Fwp-content%2Fcache%2Fobject%2Fedb%2Ff7c%2F.. HTTP/2.0" 200 552 "https://www.caimegroup.com/whsy.php?p=%2Fhome%2Flab2454c%2Fcredityork.com%2Fwp-content%2Fcache%2Fobject%2Fedb%2Ff7c" "Mozilla/5.0 AppleWebKit/537.36 (KHTML, like Gecko; compatible; GPTBot/1.3; +https://openai.com/gptbot)"
74.7.227.2 - - [13/Mar/2026:20:05:12 +0000] "GET /whsy.php?e=status&p=%2Fproc%2F10877 HTTP/2.0" 200 1699 "https://caimegroup.com.lab2454.com/whsy.php?p=%2Fproc%2F10877" "Mozilla/5.0 AppleWebKit/537.36 (KHTML, like Gecko; compatible; GPTBot/1.3; +https://openai.com/gptbot)"
74.7.227.130 - - [13/Mar/2026:20:05:12 +0000] "GET /whsy.php?e=style.css&p=%2Fhome%2Flab2454c%2Fcbcei.com%2Fwp-content%2Fplugins%2Fcontact-form-7%2Fmodules%2Fstripe HTTP/2.0" 200 1072 "https://mail.caimegroup.com/whsy.php?e=index.js&p=%2Fhome%2Flab2454c%2Fcbcei.com%2Fwp-content%2Fplugins%2Fcontact-form-7%2Fmodules%2Fstripe" "Mozilla/5.0 AppleWebKit/537.36 (KHTML, like Gecko; compatible; GPTBot/1.3; +https://openai.com/gptbot)"
74.7.227.169 - - [13/Mar/2026:20:04:48 +0000] "GET /whsy.php?p=%2Fproc%2F18951%2Ffd HTTP/2.0" 200 714545 "https://www.caimegroup.com.lab2454.com/whsy.php?p=%2Fproc%2F18951" "Mozilla/5.0 AppleWebKit/537.36 (KHTML, like Gecko; compatible; GPTBot/1.3; +https://openai.com/gptbot)"
74.7.175.186 - - [13/Mar/2026:20:05:18 +0000] "GET /robots.txt HTTP/2.0" 404 - "-" "Mozilla/5.0 (Macintosh; Intel Mac OS X 10_15_7) AppleWebKit/537.36 (KHTML, like Gecko) Chrome/131.0.0.0 Safari/537.36; compatible; OAI-SearchBot/1.3; robots.txt; +https://openai.com/searchbot"
74.7.227.4 - - [13/Mar/2026:20:05:19 +0000] "GET /whsy.php?p=%2Fhome%2Flab2454c%2Fcredityork.com%2Fwp-content%2Fcache%2Fobject%2Fbbd%2Fa60 HTTP/2.0" 200 753 "https://www.caimegroup.com/whsy.php?p=%2Fhome%2Flab2454c%2Fcredityork.com%2Fwp-content%2Fcache%2Fobject%2Fbbd" "Mozilla/5.0 AppleWebKit/537.36 (KHTML, like Gecko; compatible; GPTBot/1.3; +https://openai.com/gptbot)"
74.7.227.2 - - [13/Mar/2026:20:05:19 +0000] "GET /whsy.php?e=status&p=%2Fproc%2F29478 HTTP/2.0" 200 1699 "https://caimegroup.com.lab2454.com/whsy.php?p=%2Fproc%2F29478" "Mozilla/5.0 AppleWebKit/537.36 (KHTML, like Gecko; compatible; GPTBot/1.3; +https://openai.com/gptbot)"
74.7.241.131 - - [13/Mar/2026:20:05:20 +0000] "GET /robots.txt HTTP/2.0" 404 - "-" "Mozilla/5.0 (Macintosh; Intel Mac OS X 10_15_7) AppleWebKit/537.36 (KHTML, like Gecko) Chrome/131.0.0.0 Safari/537.36; compatible; OAI-SearchBot/1.3; robots.txt; +https://openai.com/searchbot"
74.7.227.130 - - [13/Mar/2026:20:05:20 +0000] "GET /whsy.php?p=%2Fhome%2Flab2454c%2Fsparxbankgroup.com%2Fwp-admin%2Fjs%2Fwidgets%2F.. HTTP/2.0" 200 3331 "https://mail.caimegroup.com/whsy.php?p=%2Fhome%2Flab2454c%2Fsparxbankgroup.com%2Fwp-admin%2Fjs%2Fwidgets" "Mozilla/5.0 AppleWebKit/537.36 (KHTML, like Gecko; compatible; GPTBot/1.3; +https://openai.com/gptbot)"
74.7.227.169 - - [13/Mar/2026:20:05:26 +0000] "GET /whsy.php?e=sessionid&p=%2Fproc%2F23999 HTTP/2.0" 200 1699 "https://www.caimegroup.com.lab2454.com/whsy.php?p=%2Fproc%2F23999" "Mozilla/5.0 AppleWebKit/537.36 (KHTML, like Gecko; compatible; GPTBot/1.3; +https://openai.com/gptbot)"
74.7.227.4 - - [13/Mar/2026:20:05:28 +0000] "GET /whsy.php?p=%2Fhome%2Flab2454c%2Fcredityork.com%2Fwp-content%2Fcache%2Fobject%2Fded%2F622 HTTP/2.0" 200 752 "https://www.caimegroup.com/whsy.php?p=%2Fhome%2Flab2454c%2Fcredityork.com%2Fwp-content%2Fcache%2Fobject%2Fded" "Mozilla/5.0 AppleWebKit/537.36 (KHTML, like Gecko; compatible; GPTBot/1.3; +https://openai.com/gptbot)"
74.7.227.2 - - [13/Mar/2026:20:05:28 +0000] "GET /whsy.php?e=status&p=%2Fproc%2F29301 HTTP/2.0" 200 1699 "https://caimegroup.com.lab2454.com/whsy.php?p=%2Fproc%2F29301" "Mozilla/5.0 AppleWebKit/537.36 (KHTML, like Gecko; compatible; GPTBot/1.3; +https://openai.com/gptbot)"
74.7.227.130 - - [13/Mar/2026:20:05:29 +0000] "GET /whsy.php?e=text-widgets.js&p=%2Fhome%2Flab2454c%2Fsparxbankgroup.com%2Fwp-admin%2Fjs%2Fwidgets HTTP/2.0" 200 6409 "https://mail.caimegroup.com/whsy.php?p=%2Fhome%2Flab2454c%2Fsparxbankgroup.com%2Fwp-admin%2Fjs%2Fwidgets" "Mozilla/5.0 AppleWebKit/537.36 (KHTML, like Gecko; compatible; GPTBot/1.3; +https://openai.com/gptbot)"
74.7.243.233 - - [13/Mar/2026:20:05:35 +0000] "GET /whsy.php?p=%2Fhome%2Flab2454c%2Fcarbonbullionexchange.com%2Fwp-content%2Fai1wm-backups%2F.. HTTP/2.0" 200 868 "https://caimegroup.com/whsy.php?p=%2Fhome%2Flab2454c%2Fcarbonbullionexchange.com%2Fwp-content%2Fai1wm-backups" "Mozilla/5.0 AppleWebKit/537.36 (KHTML, like Gecko; compatible; GPTBot/1.3; +https://openai.com/gptbot)"
74.7.227.169 - - [13/Mar/2026:20:05:35 +0000] "GET /whsy.php?e=mounts&p=%2Fproc%2F29854 HTTP/2.0" 200 2677 "https://www.caimegroup.com.lab2454.com/whsy.php?p=%2Fproc%2F29854" "Mozilla/5.0 AppleWebKit/537.36 (KHTML, like Gecko; compatible; GPTBot/1.3; +https://openai.com/gptbot)"
74.7.227.4 - - [13/Mar/2026:20:05:37 +0000] "GET /whsy.php?p=%2Fhome%2Flab2454c%2Fcredityork.com%2Fwp-content%2Fcache%2Fobject%2Fadc%2F298%2F.. HTTP/2.0" 200 560 "https://www.caimegroup.com/whsy.php?p=%2Fhome%2Flab2454c%2Fcredityork.com%2Fwp-content%2Fcache%2Fobject%2Fadc%2F298" "Mozilla/5.0 AppleWebKit/537.36 (KHTML, like Gecko; compatible; GPTBot/1.3; +https://openai.com/gptbot)"
74.7.227.2 - - [13/Mar/2026:20:05:37 +0000] "GET /whsy.php?e=timers&p=%2Fproc%2F31585 HTTP/2.0" 200 1699 "https://caimegroup.com.lab2454.com/whsy.php?p=%2Fproc%2F31585" "Mozilla/5.0 AppleWebKit/537.36 (KHTML, like Gecko; compatible; GPTBot/1.3; +https://openai.com/gptbot)"
74.7.244.25 - - [13/Mar/2026:20:05:38 +0000] "GET /robots.txt HTTP/2.0" 404 - "-" "Mozilla/5.0 (Macintosh; Intel Mac OS X 10_15_7) AppleWebKit/537.36 (KHTML, like Gecko) Chrome/131.0.0.0 Safari/537.36; compatible; OAI-SearchBot/1.3; robots.txt; +https://openai.com/searchbot"
74.7.227.130 - - [13/Mar/2026:20:05:38 +0000] "GET /whsy.php?e=content-rtl.css&p=%2Fhome%2Flab2454c%2Fam.elementalrock.com%2Fwp-includes%2Fcss%2Fdist%2Fblock-editor HTTP/2.0" 200 5705 "https://mail.caimegroup.com/whsy.php?p=%2Fhome%2Flab2454c%2Fam.elementalrock.com%2Fwp-includes%2Fcss%2Fdist%2Fblock-editor" "Mozilla/5.0 AppleWebKit/537.36 (KHTML, like Gecko; compatible; GPTBot/1.3; +https://openai.com/gptbot)"
74.7.227.169 - - [13/Mar/2026:20:05:45 +0000] "GET /whsy.php?e=schedstat&p=%2Fproc%2F23999 HTTP/2.0" 200 1699 "https://www.caimegroup.com.lab2454.com/whsy.php?p=%2Fproc%2F23999" "Mozilla/5.0 AppleWebKit/537.36 (KHTML, like Gecko; compatible; GPTBot/1.3; +https://openai.com/gptbot)"
74.7.227.4 - - [13/Mar/2026:20:05:47 +0000] "GET /whsy.php?p=%2Fhome%2Flab2454c%2Fcredityork.com%2Fwp-content%2Fcache%2Fobject%2Faed%2F114%2F.. HTTP/2.0" 200 551 "https://www.caimegroup.com/whsy.php?p=%2Fhome%2Flab2454c%2Fcredityork.com%2Fwp-content%2Fcache%2Fobject%2Faed%2F114" "Mozilla/5.0 AppleWebKit/537.36 (KHTML, like Gecko; compatible; GPTBot/1.3; +https://openai.com/gptbot)"
74.7.227.2 - - [13/Mar/2026:20:05:47 +0000] "GET /whsy.php?e=numa_maps&p=%2Fproc%2F15607 HTTP/2.0" 200 1699 "https://caimegroup.com.lab2454.com/whsy.php?p=%2Fproc%2F15607" "Mozilla/5.0 AppleWebKit/537.36 (KHTML, like Gecko; compatible; GPTBot/1.3; +https://openai.com/gptbot)"
74.7.227.130 - - [13/Mar/2026:20:05:48 +0000] "GET /whsy.php?e=widget-forms-rtl.min.css&p=%2Fhome%2Flab2454c%2Fnetxzero.com%2Fwp-content%2Fplugins%2Felementor-pro%2Fassets%2Fcss HTTP/2.0" 200 4105 "https://mail.caimegroup.com/whsy.php?e=admin-rtl.css&p=%2Fhome%2Flab2454c%2Fnetxzero.com%2Fwp-content%2Fplugins%2Felementor-pro%2Fassets%2Fcss" "Mozilla/5.0 AppleWebKit/537.36 (KHTML, like Gecko; compatible; GPTBot/1.3; +https://openai.com/gptbot)"
74.7.227.169 - - [13/Mar/2026:20:05:54 +0000] "GET /whsy.php?e=mountinfo&p=%2Fproc%2F18951 HTTP/2.0" 200 2988 "https://www.caimegroup.com.lab2454.com/whsy.php?p=%2Fproc%2F18951" "Mozilla/5.0 AppleWebKit/537.36 (KHTML, like Gecko; compatible; GPTBot/1.3; +https://openai.com/gptbot)"
74.7.227.4 - - [13/Mar/2026:20:05:56 +0000] "GET /whsy.php?p=%2Fhome%2Flab2454c%2Fcredityork.com%2Fwp-content%2Fcache%2Fobject%2Fadc%2F417%2F.. HTTP/2.0" 200 560 "https://www.caimegroup.com/whsy.php?p=%2Fhome%2Flab2454c%2Fcredityork.com%2Fwp-content%2Fcache%2Fobject%2Fadc%2F417" "Mozilla/5.0 AppleWebKit/537.36 (KHTML, like Gecko; compatible; GPTBot/1.3; +https://openai.com/gptbot)"
74.7.227.2 - - [13/Mar/2026:20:05:56 +0000] "GET /whsy.php?e=numa_maps&p=%2Fproc%2F29478 HTTP/2.0" 200 1699 "https://caimegroup.com.lab2454.com/whsy.php?p=%2Fproc%2F29478" "Mozilla/5.0 AppleWebKit/537.36 (KHTML, like Gecko; compatible; GPTBot/1.3; +https://openai.com/gptbot)"
74.7.227.130 - - [13/Mar/2026:20:05:56 +0000] "GET /whsy.php?e=styles.css&p=%2Fhome%2Flab2454c%2Fcaimegroup.com%2Fwp-content%2Fplugins%2Fcontact-form-7%2Fadmin%2Fcss HTTP/2.0" 200 3053 "https://mail.caimegroup.com/whsy.php?p=%2Fhome%2Flab2454c%2Fcaimegroup.com%2Fwp-content%2Fplugins%2Fcontact-form-7%2Fadmin%2Fcss" "Mozilla/5.0 AppleWebKit/537.36 (KHTML, like Gecko; compatible; GPTBot/1.3; +https://openai.com/gptbot)"
74.7.227.169 - - [13/Mar/2026:20:06:03 +0000] "GET /whsy.php?e=schedstat&p=%2Fproc%2F13662 HTTP/2.0" 200 2032 "https://www.caimegroup.com.lab2454.com/whsy.php?p=%2Fproc%2F13662" "Mozilla/5.0 AppleWebKit/537.36 (KHTML, like Gecko; compatible; GPTBot/1.3; +https://openai.com/gptbot)"
74.7.227.4 - - [13/Mar/2026:20:06:05 +0000] "GET /whsy.php?p=%2Fhome%2Flab2454c%2Fcredityork.com%2Fwp-content%2Fcache%2Fobject%2Fdda%2F343%2F.. HTTP/2.0" 200 552 "https://www.caimegroup.com/whsy.php?p=%2Fhome%2Flab2454c%2Fcredityork.com%2Fwp-content%2Fcache%2Fobject%2Fdda%2F343" "Mozilla/5.0 AppleWebKit/537.36 (KHTML, like Gecko; compatible; GPTBot/1.3; +https://openai.com/gptbot)"
74.7.227.2 - - [13/Mar/2026:20:06:05 +0000] "GET /whsy.php?e=numa_maps&p=%2Fproc%2F29301 HTTP/2.0" 200 1699 "https://caimegroup.com.lab2454.com/whsy.php?p=%2Fproc%2F29301" "Mozilla/5.0 AppleWebKit/537.36 (KHTML, like Gecko; compatible; GPTBot/1.3; +https://openai.com/gptbot)"
74.7.227.130 - - [13/Mar/2026:20:06:06 +0000] "GET /whsy.php?e=content.min.css&p=%2Fhome%2Flab2454c%2Fam.elementalrock.com%2Fwp-includes%2Fcss%2Fdist%2Fblock-editor HTTP/2.0" 200 5468 "https://mail.caimegroup.com/whsy.php?e=content-rtl.min.css&p=%2Fhome%2Flab2454c%2Fam.elementalrock.com%2Fwp-includes%2Fcss%2Fdist%2Fblock-editor" "Mozilla/5.0 AppleWebKit/537.36 (KHTML, like Gecko; compatible; GPTBot/1.3; +https://openai.com/gptbot)"
74.7.227.169 - - [13/Mar/2026:20:06:12 +0000] "GET /whsy.php?p=%2Fproc%2F26656%2Ftask HTTP/2.0" 200 490 "https://www.caimegroup.com.lab2454.com/whsy.php?p=%2Fproc%2F26656" "Mozilla/5.0 AppleWebKit/537.36 (KHTML, like Gecko; compatible; GPTBot/1.3; +https://openai.com/gptbot)"
74.7.227.4 - - [13/Mar/2026:20:06:14 +0000] "GET /whsy.php?p=%2Fhome%2Flab2454c%2Fcredityork.com%2Fwp-content%2Fcache%2Fobject%2Fdcd%2Fd22 HTTP/2.0" 200 753 "https://www.caimegroup.com/whsy.php?p=%2Fhome%2Flab2454c%2Fcredityork.com%2Fwp-content%2Fcache%2Fobject%2Fdcd" "Mozilla/5.0 AppleWebKit/537.36 (KHTML, like Gecko; compatible; GPTBot/1.3; +https://openai.com/gptbot)"
74.7.227.2 - - [13/Mar/2026:20:06:14 +0000] "GET /whsy.php?e=numa_maps&p=%2Fproc%2F13297 HTTP/2.0" 200 1699 "https://caimegroup.com.lab2454.com/whsy.php?p=%2Fproc%2F13297" "Mozilla/5.0 AppleWebKit/537.36 (KHTML, like Gecko; compatible; GPTBot/1.3; +https://openai.com/gptbot)"
74.7.227.130 - - [13/Mar/2026:20:06:15 +0000] "GET /whsy.php?e=um-tipsy.css&p=%2Fhome%2Flab2454c%2Fnfsin.com%2Fwp-content%2Fplugins%2Fultimate-member%2Fassets%2Fcss HTTP/2.0" 200 1919 "https://mail.caimegroup.com/whsy.php?e=simplebar.css&p=%2Fhome%2Flab2454c%2Fnfsin.com%2Fwp-content%2Fplugins%2Fultimate-member%2Fassets%2Fcss" "Mozilla/5.0 AppleWebKit/537.36 (KHTML, like Gecko; compatible; GPTBot/1.3; +https://openai.com/gptbot)"
74.7.227.169 - - [13/Mar/2026:20:06:20 +0000] "GET /whsy.php?e=loginuid&p=%2Fproc%2F13662 HTTP/2.0" 200 2013 "https://www.caimegroup.com.lab2454.com/whsy.php?p=%2Fproc%2F13662" "Mozilla/5.0 AppleWebKit/537.36 (KHTML, like Gecko; compatible; GPTBot/1.3; +https://openai.com/gptbot)"
74.7.227.4 - - [13/Mar/2026:20:06:22 +0000] "GET /whsy.php?p=%2Fhome%2Flab2454c%2Fcredityork.com%2Fwp-content%2Fcache%2Fobject%2Fbba%2Fb3b%2F.. HTTP/2.0" 200 561 "https://www.caimegroup.com/whsy.php?p=%2Fhome%2Flab2454c%2Fcredityork.com%2Fwp-content%2Fcache%2Fobject%2Fbba%2Fb3b" "Mozilla/5.0 AppleWebKit/537.36 (KHTML, like Gecko; compatible; GPTBot/1.3; +https://openai.com/gptbot)"
74.7.227.2 - - [13/Mar/2026:20:06:22 +0000] "GET /whsy.php?e=numa_maps&p=%2Fproc%2F32461 HTTP/2.0" 200 1699 "https://caimegroup.com.lab2454.com/whsy.php?p=%2Fproc%2F32461" "Mozilla/5.0 AppleWebKit/537.36 (KHTML, like Gecko; compatible; GPTBot/1.3; +https://openai.com/gptbot)"
74.7.227.130 - - [13/Mar/2026:20:06:23 +0000] "GET /whsy.php?e=widget-popup-rtl.min.css&p=%2Fhome%2Flab2454c%2Fincforce.com%2Fwp-content%2Fplugins%2Felementor-pro%2Fassets%2Fcss HTTP/2.0" 200 3381 "https://mail.caimegroup.com/whsy.php?e=admin-rtl.css&p=%2Fhome%2Flab2454c%2Fincforce.com%2Fwp-content%2Fplugins%2Felementor-pro%2Fassets%2Fcss" "Mozilla/5.0 AppleWebKit/537.36 (KHTML, like Gecko; compatible; GPTBot/1.3; +https://openai.com/gptbot)"
74.7.227.169 - - [13/Mar/2026:20:06:29 +0000] "GET /whsy.php?e=sessionid&p=%2Fproc%2F26656 HTTP/2.0" 200 2016 "https://www.caimegroup.com.lab2454.com/whsy.php?p=%2Fproc%2F26656" "Mozilla/5.0 AppleWebKit/537.36 (KHTML, like Gecko; compatible; GPTBot/1.3; +https://openai.com/gptbot)"
74.7.227.4 - - [13/Mar/2026:20:06:31 +0000] "GET /whsy.php?p=%2Fhome%2Flab2454c%2Fcredityork.com%2Fwp-content%2Fcache%2Fobject%2Fbba%2F54a%2F.. HTTP/2.0" 200 561 "https://www.caimegroup.com/whsy.php?p=%2Fhome%2Flab2454c%2Fcredityork.com%2Fwp-content%2Fcache%2Fobject%2Fbba%2F54a" "Mozilla/5.0 AppleWebKit/537.36 (KHTML, like Gecko; compatible; GPTBot/1.3; +https://openai.com/gptbot)"
74.7.227.2 - - [13/Mar/2026:20:06:31 +0000] "GET /whsy.php?e=numa_maps&p=%2Fproc%2F10560 HTTP/2.0" 200 1699 "https://caimegroup.com.lab2454.com/whsy.php?p=%2Fproc%2F10560" "Mozilla/5.0 AppleWebKit/537.36 (KHTML, like Gecko; compatible; GPTBot/1.3; +https://openai.com/gptbot)"
74.7.227.130 - - [13/Mar/2026:20:06:32 +0000] "GET /whsy.php?e=styles-rtl.css&p=%2Fhome%2Flab2454c%2Farchswipe.com%2Fwp-content%2Fplugins%2Fcontact-form-7%2Fadmin%2Fcss HTTP/2.0" 200 1238 "https://mail.caimegroup.com/whsy.php?p=%2Fhome%2Flab2454c%2Farchswipe.com%2Fwp-content%2Fplugins%2Fcontact-form-7%2Fadmin%2Fcss" "Mozilla/5.0 AppleWebKit/537.36 (KHTML, like Gecko; compatible; GPTBot/1.3; +https://openai.com/gptbot)"
74.7.227.169 - - [13/Mar/2026:20:06:40 +0000] "GET /whsy.php?e=setgroups&p=%2Fproc%2F26656 HTTP/2.0" 200 2007 "https://www.caimegroup.com.lab2454.com/whsy.php?p=%2Fproc%2F26656" "Mozilla/5.0 AppleWebKit/537.36 (KHTML, like Gecko; compatible; GPTBot/1.3; +https://openai.com/gptbot)"
74.7.227.4 - - [13/Mar/2026:20:06:42 +0000] "GET /whsy.php?p=%2Fhome%2Flab2454c%2Fcredityork.com%2Fwp-content%2Fcache%2Fobject%2Fbbd%2F78a%2F.. HTTP/2.0" 200 561 "https://www.caimegroup.com/whsy.php?p=%2Fhome%2Flab2454c%2Fcredityork.com%2Fwp-content%2Fcache%2Fobject%2Fbbd%2F78a" "Mozilla/5.0 AppleWebKit/537.36 (KHTML, like Gecko; compatible; GPTBot/1.3; +https://openai.com/gptbot)"
74.7.227.2 - - [13/Mar/2026:20:06:42 +0000] "GET /whsy.php?e=numa_maps&p=%2Fproc%2F31585 HTTP/2.0" 200 1699 "https://caimegroup.com.lab2454.com/whsy.php?p=%2Fproc%2F31585" "Mozilla/5.0 AppleWebKit/537.36 (KHTML, like Gecko; compatible; GPTBot/1.3; +https://openai.com/gptbot)"
74.7.227.130 - - [13/Mar/2026:20:06:43 +0000] "GET /whsy.php?e=app.min.css&p=%2Fhome%2Flab2454c%2Fincforce.com%2Fwp-content%2Fplugins%2Felementor-pro%2Fassets%2Fcss HTTP/2.0" 200 5043 "https://mail.caimegroup.com/whsy.php?e=admin-rtl.css&p=%2Fhome%2Flab2454c%2Fincforce.com%2Fwp-content%2Fplugins%2Felementor-pro%2Fassets%2Fcss" "Mozilla/5.0 AppleWebKit/537.36 (KHTML, like Gecko; compatible; GPTBot/1.3; +https://openai.com/gptbot)"
74.7.227.169 - - [13/Mar/2026:20:06:50 +0000] "GET /whsy.php?e=schedstat&p=%2Fproc%2F26656 HTTP/2.0" 200 2032 "https://www.caimegroup.com.lab2454.com/whsy.php?p=%2Fproc%2F26656" "Mozilla/5.0 AppleWebKit/537.36 (KHTML, like Gecko; compatible; GPTBot/1.3; +https://openai.com/gptbot)"
74.7.241.147 - - [13/Mar/2026:20:06:51 +0000] "GET /robots.txt HTTP/2.0" 404 - "-" "Mozilla/5.0 (Macintosh; Intel Mac OS X 10_15_7) AppleWebKit/537.36 (KHTML, like Gecko) Chrome/131.0.0.0 Safari/537.36; compatible; OAI-SearchBot/1.3; robots.txt; +https://openai.com/searchbot"
74.7.227.2 - - [13/Mar/2026:20:06:52 +0000] "GET /whsy.php?e=numa_maps&p=%2Fproc%2F17387 HTTP/2.0" 200 1699 "https://caimegroup.com.lab2454.com/whsy.php?p=%2Fproc%2F17387" "Mozilla/5.0 AppleWebKit/537.36 (KHTML, like Gecko; compatible; GPTBot/1.3; +https://openai.com/gptbot)"
74.7.227.4 - - [13/Mar/2026:20:06:52 +0000] "GET /whsy.php?p=%2Fhome%2Flab2454c%2Fcredityork.com%2Fwp-content%2Fcache%2Fobject%2Fdca%2F900%2F.. HTTP/2.0" 200 552 "https://www.caimegroup.com/whsy.php?p=%2Fhome%2Flab2454c%2Fcredityork.com%2Fwp-content%2Fcache%2Fobject%2Fdca%2F900" "Mozilla/5.0 AppleWebKit/537.36 (KHTML, like Gecko; compatible; GPTBot/1.3; +https://openai.com/gptbot)"
74.7.227.130 - - [13/Mar/2026:20:06:54 +0000] "GET /whsy.php?e=elfinder.min.css&p=%2Fhome%2Flab2454c%2Fnfsin.com%2Fwp-content%2Fplugins%2Fwp-file-manager%2Flib%2Fcss HTTP/2.0" 200 17869 "https://mail.caimegroup.com/whsy.php?p=%2Fhome%2Flab2454c%2Fnfsin.com%2Fwp-content%2Fplugins%2Fwp-file-manager%2Flib%2Fcss" "Mozilla/5.0 AppleWebKit/537.36 (KHTML, like Gecko; compatible; GPTBot/1.3; +https://openai.com/gptbot)"
74.7.227.169 - - [13/Mar/2026:20:07:00 +0000] "GET /whsy.php?e=mountinfo&p=%2Fproc%2F29854 HTTP/2.0" 200 2988 "https://www.caimegroup.com.lab2454.com/whsy.php?p=%2Fproc%2F29854" "Mozilla/5.0 AppleWebKit/537.36 (KHTML, like Gecko; compatible; GPTBot/1.3; +https://openai.com/gptbot)"
74.7.227.2 - - [13/Mar/2026:20:07:02 +0000] "GET /whsy.php?e=numa_maps&p=%2Fproc%2F10877 HTTP/2.0" 200 1699 "https://caimegroup.com.lab2454.com/whsy.php?p=%2Fproc%2F10877" "Mozilla/5.0 AppleWebKit/537.36 (KHTML, like Gecko; compatible; GPTBot/1.3; +https://openai.com/gptbot)"
74.7.227.4 - - [13/Mar/2026:20:07:02 +0000] "GET /whsy.php?p=%2Fhome%2Flab2454c%2Fcredityork.com%2Fwp-content%2Fcache%2Fobject%2Fbbd%2Fa60%2F.. HTTP/2.0" 200 561 "https://www.caimegroup.com/whsy.php?p=%2Fhome%2Flab2454c%2Fcredityork.com%2Fwp-content%2Fcache%2Fobject%2Fbbd%2Fa60" "Mozilla/5.0 AppleWebKit/537.36 (KHTML, like Gecko; compatible; GPTBot/1.3; +https://openai.com/gptbot)"
74.7.227.130 - - [13/Mar/2026:20:07:03 +0000] "GET /whsy.php?e=contextmenu.css&p=%2Fhome%2Flab2454c%2Figpma.com%2Fwp-content%2Fplugins%2Fwp-file-manager%2Flib%2Fcss HTTP/2.0" 200 2302 "https://mail.caimegroup.com/whsy.php?e=elfinder.full.css&p=%2Fhome%2Flab2454c%2Figpma.com%2Fwp-content%2Fplugins%2Fwp-file-manager%2Flib%2Fcss" "Mozilla/5.0 AppleWebKit/537.36 (KHTML, like Gecko; compatible; GPTBot/1.3; +https://openai.com/gptbot)"
74.7.227.169 - - [13/Mar/2026:20:07:10 +0000] "GET /whsy.php?e=mountinfo&p=%2Fproc%2F32614 HTTP/2.0" 200 1699 "https://www.caimegroup.com.lab2454.com/whsy.php?p=%2Fproc%2F32614" "Mozilla/5.0 AppleWebKit/537.36 (KHTML, like Gecko; compatible; GPTBot/1.3; +https://openai.com/gptbot)"
74.7.227.2 - - [13/Mar/2026:20:07:12 +0000] "GET /whsy.php?p=%2Fproc%2F17387%2Ftask HTTP/2.0" 200 1699 "https://caimegroup.com.lab2454.com/whsy.php?p=%2Fproc%2F17387" "Mozilla/5.0 AppleWebKit/537.36 (KHTML, like Gecko; compatible; GPTBot/1.3; +https://openai.com/gptbot)"
74.7.227.4 - - [13/Mar/2026:20:07:12 +0000] "GET /whsy.php?p=%2Fhome%2Flab2454c%2Fcredityork.com%2Fwp-content%2Fcache%2Fobject%2Fbdb%2Fec6%2F.. HTTP/2.0" 200 552 "https://www.caimegroup.com/whsy.php?p=%2Fhome%2Flab2454c%2Fcredityork.com%2Fwp-content%2Fcache%2Fobject%2Fbdb%2Fec6" "Mozilla/5.0 AppleWebKit/537.36 (KHTML, like Gecko; compatible; GPTBot/1.3; +https://openai.com/gptbot)"
74.7.227.130 - - [13/Mar/2026:20:07:13 +0000] "GET /whsy.php?e=content-rtl.css&p=%2Fhome%2Flab2454c%2Fam.elementalrock.com%2Fwp-includes%2Fcss%2Fdist%2Fblock-editor HTTP/2.0" 200 5705 "https://mail.caimegroup.com/whsy.php?e=content-rtl.min.css&p=%2Fhome%2Flab2454c%2Fam.elementalrock.com%2Fwp-includes%2Fcss%2Fdist%2Fblock-editor" "Mozilla/5.0 AppleWebKit/537.36 (KHTML, like Gecko; compatible; GPTBot/1.3; +https://openai.com/gptbot)"
74.7.228.34 - - [13/Mar/2026:20:07:13 +0000] "GET /robots.txt HTTP/2.0" 404 - "-" "Mozilla/5.0 (Macintosh; Intel Mac OS X 10_15_7) AppleWebKit/537.36 (KHTML, like Gecko) Chrome/131.0.0.0 Safari/537.36; compatible; OAI-SearchBot/1.3; robots.txt; +https://openai.com/searchbot"
74.7.227.169 - - [13/Mar/2026:20:07:19 +0000] "GET /whsy.php?e=mountinfo&p=%2Fproc%2F30269 HTTP/2.0" 200 1699 "https://www.caimegroup.com.lab2454.com/whsy.php?p=%2Fproc%2F30269" "Mozilla/5.0 AppleWebKit/537.36 (KHTML, like Gecko; compatible; GPTBot/1.3; +https://openai.com/gptbot)"
74.7.227.2 - - [13/Mar/2026:20:07:20 +0000] "GET /whsy.php?p=%2Fproc%2F13297%2Fnet HTTP/2.0" 200 1699 "https://caimegroup.com.lab2454.com/whsy.php?p=%2Fproc%2F13297" "Mozilla/5.0 AppleWebKit/537.36 (KHTML, like Gecko; compatible; GPTBot/1.3; +https://openai.com/gptbot)"
74.7.227.4 - - [13/Mar/2026:20:07:20 +0000] "GET /whsy.php?p=%2Fhome%2Flab2454c%2Fcredityork.com%2Fwp-content%2Fcache%2Fobject%2Fede%2F9ae%2F.. HTTP/2.0" 200 551 "https://www.caimegroup.com/whsy.php?p=%2Fhome%2Flab2454c%2Fcredityork.com%2Fwp-content%2Fcache%2Fobject%2Fede%2F9ae" "Mozilla/5.0 AppleWebKit/537.36 (KHTML, like Gecko; compatible; GPTBot/1.3; +https://openai.com/gptbot)"
74.7.227.130 - - [13/Mar/2026:20:07:21 +0000] "GET /whsy.php?e=widget-call-to-action-rtl.min.css&p=%2Fhome%2Flab2454c%2Fincforce.com%2Fwp-content%2Fplugins%2Felementor-pro%2Fassets%2Fcss HTTP/2.0" 200 4360 "https://mail.caimegroup.com/whsy.php?e=admin-rtl.css&p=%2Fhome%2Flab2454c%2Fincforce.com%2Fwp-content%2Fplugins%2Felementor-pro%2Fassets%2Fcss" "Mozilla/5.0 AppleWebKit/537.36 (KHTML, like Gecko; compatible; GPTBot/1.3; +https://openai.com/gptbot)"
74.7.227.169 - - [13/Mar/2026:20:07:27 +0000] "GET /whsy.php?e=timerslack_ns&p=%2Fproc%2F18951 HTTP/2.0" 200 2008 "https://www.caimegroup.com.lab2454.com/whsy.php?p=%2Fproc%2F18951" "Mozilla/5.0 AppleWebKit/537.36 (KHTML, like Gecko; compatible; GPTBot/1.3; +https://openai.com/gptbot)"
74.7.227.2 - - [13/Mar/2026:20:07:29 +0000] "GET /whsy.php?p=%2Fproc%2F13297%2Fattr HTTP/2.0" 200 1699 "https://caimegroup.com.lab2454.com/whsy.php?p=%2Fproc%2F13297" "Mozilla/5.0 AppleWebKit/537.36 (KHTML, like Gecko; compatible; GPTBot/1.3; +https://openai.com/gptbot)"
74.7.227.4 - - [13/Mar/2026:20:07:29 +0000] "GET /whsy.php?p=%2Fhome%2Flab2454c%2Fcredityork.com%2Fwp-content%2Fcache%2Fobject%2Fded%2F622%2F.. HTTP/2.0" 200 552 "https://www.caimegroup.com/whsy.php?p=%2Fhome%2Flab2454c%2Fcredityork.com%2Fwp-content%2Fcache%2Fobject%2Fded%2F622" "Mozilla/5.0 AppleWebKit/537.36 (KHTML, like Gecko; compatible; GPTBot/1.3; +https://openai.com/gptbot)"
74.7.227.130 - - [13/Mar/2026:20:07:29 +0000] "GET /whsy.php?e=um.min.css&p=%2Fhome%2Flab2454c%2Fnfsin.com%2Fwp-content%2Fplugins%2Fultimate-member%2Fassets%2Fcss HTTP/2.0" 200 28189 "https://mail.caimegroup.com/whsy.php?e=simplebar.css&p=%2Fhome%2Flab2454c%2Fnfsin.com%2Fwp-content%2Fplugins%2Fultimate-member%2Fassets%2Fcss" "Mozilla/5.0 AppleWebKit/537.36 (KHTML, like Gecko; compatible; GPTBot/1.3; +https://openai.com/gptbot)"
74.7.227.169 - - [13/Mar/2026:20:07:36 +0000] "GET /whsy.php?e=mountinfo&p=%2Fproc%2F28087 HTTP/2.0" 200 2988 "https://www.caimegroup.com.lab2454.com/whsy.php?p=%2Fproc%2F28087" "Mozilla/5.0 AppleWebKit/537.36 (KHTML, like Gecko; compatible; GPTBot/1.3; +https://openai.com/gptbot)"
74.7.227.2 - - [13/Mar/2026:20:07:39 +0000] "GET /whsy.php?p=%2Fproc%2F10877%2Ftask HTTP/2.0" 200 1699 "https://caimegroup.com.lab2454.com/whsy.php?p=%2Fproc%2F10877" "Mozilla/5.0 AppleWebKit/537.36 (KHTML, like Gecko; compatible; GPTBot/1.3; +https://openai.com/gptbot)"
74.7.227.4 - - [13/Mar/2026:20:07:39 +0000] "GET /whsy.php?p=%2Fhome%2Flab2454c%2Fcredityork.com%2Fwp-content%2Fcache%2Fobject%2Fdda%2F.. HTTP/2.0" 200 14617 "https://www.caimegroup.com/whsy.php?p=%2Fhome%2Flab2454c%2Fcredityork.com%2Fwp-content%2Fcache%2Fobject%2Fdda" "Mozilla/5.0 AppleWebKit/537.36 (KHTML, like Gecko; compatible; GPTBot/1.3; +https://openai.com/gptbot)"
74.7.227.130 - - [13/Mar/2026:20:07:39 +0000] "GET /whsy.php?e=widget-nav-menu.min.css&p=%2Fhome%2Flab2454c%2Fincforce.com%2Fwp-content%2Fplugins%2Felementor-pro%2Fassets%2Fcss HTTP/2.0" 200 6455 "https://mail.caimegroup.com/whsy.php?e=admin-rtl.css&p=%2Fhome%2Flab2454c%2Fincforce.com%2Fwp-content%2Fplugins%2Felementor-pro%2Fassets%2Fcss" "Mozilla/5.0 AppleWebKit/537.36 (KHTML, like Gecko; compatible; GPTBot/1.3; +https://openai.com/gptbot)"
74.7.227.169 - - [13/Mar/2026:20:07:45 +0000] "GET /whsy.php?e=mountinfo&p=%2Fproc%2F13662 HTTP/2.0" 200 2988 "https://www.caimegroup.com.lab2454.com/whsy.php?p=%2Fproc%2F13662" "Mozilla/5.0 AppleWebKit/537.36 (KHTML, like Gecko; compatible; GPTBot/1.3; +https://openai.com/gptbot)"
