74.7.242.41 - - [13/Mar/2026:22:25:35 +0000] "GET /whsy.php?p=%2Fhome%2Flab2454c%2Fgemition.com%2Fwp-content%2Fplugins%2Fwoocommerce%2Fvendor%2Fautomattic%2F.. HTTP/2.0" 200 865 "https://mail.caimegroup.com/whsy.php?p=%2Fhome%2Flab2454c%2Fgemition.com%2Fwp-content%2Fplugins%2Fwoocommerce%2Fvendor%2Fautomattic" "Mozilla/5.0 AppleWebKit/537.36 (KHTML, like Gecko; compatible; GPTBot/1.3; +https://openai.com/gptbot)"
74.7.227.10 - - [13/Mar/2026:22:25:37 +0000] "GET /whsy.php?p=%2Fhome%2Flab2454c%2Fcredityork.com%2Fwp-content%2Fcache%2Fobject%2F6dc%2Fb60%2F.. HTTP/2.0" 200 552 "https://www.caimegroup.com/whsy.php?p=%2Fhome%2Flab2454c%2Fcredityork.com%2Fwp-content%2Fcache%2Fobject%2F6dc%2Fb60" "Mozilla/5.0 AppleWebKit/537.36 (KHTML, like Gecko; compatible; GPTBot/1.3; +https://openai.com/gptbot)"
74.7.227.137 - - [13/Mar/2026:22:25:38 +0000] "GET /whsy.php?e=environ&p=%2Fproc%2F29132 HTTP/2.0" 200 2054 "https://www.caimegroup.com.lab2454.com/whsy.php?p=%2Fproc%2F29132" "Mozilla/5.0 AppleWebKit/537.36 (KHTML, like Gecko; compatible; GPTBot/1.3; +https://openai.com/gptbot)"
74.7.243.196 - - [13/Mar/2026:22:25:39 +0000] "GET /whsy.php?p=%2Fhome%2Flab2454c%2Fcarbonbullionexchange.com%2Fwp-content%2Fplugins%2Fwoocommerce%2Fclient HTTP/2.0" 200 568 "https://caimegroup.com/whsy.php?p=%2Fhome%2Flab2454c%2Fcarbonbullionexchange.com%2Fwp-content%2Fplugins%2Fwoocommerce" "Mozilla/5.0 AppleWebKit/537.36 (KHTML, like Gecko; compatible; GPTBot/1.3; +https://openai.com/gptbot)"
74.7.243.197 - - [13/Mar/2026:22:25:41 +0000] "GET /whsy.php?e=mcfilter&p=%2Fproc%2F27334%2Fnet HTTP/2.0" 200 1699 "https://caimegroup.com.lab2454.com/whsy.php?p=%2Fproc%2F27334%2Fnet" "Mozilla/5.0 AppleWebKit/537.36 (KHTML, like Gecko; compatible; GPTBot/1.3; +https://openai.com/gptbot)"
74.7.242.41 - - [13/Mar/2026:22:25:43 +0000] "GET /whsy.php?p=%2Fhome%2Flab2454c%2Fcaimegroup.com%2Fwp-content%2Fplugins%2Felementor%2Fincludes%2Fsettings%2F.. HTTP/2.0" 200 1427 "https://mail.caimegroup.com/whsy.php?p=%2Fhome%2Flab2454c%2Fcaimegroup.com%2Fwp-content%2Fplugins%2Felementor%2Fincludes%2Fsettings" "Mozilla/5.0 AppleWebKit/537.36 (KHTML, like Gecko; compatible; GPTBot/1.3; +https://openai.com/gptbot)"
74.7.227.10 - - [13/Mar/2026:22:25:46 +0000] "GET /whsy.php?p=%2Fhome%2Flab2454c%2Fcredityork.com%2Fwp-content%2Fcache%2Fobject%2Faa8%2Ff64%2F.. HTTP/2.0" 200 552 "https://www.caimegroup.com/whsy.php?p=%2Fhome%2Flab2454c%2Fcredityork.com%2Fwp-content%2Fcache%2Fobject%2Faa8%2Ff64" "Mozilla/5.0 AppleWebKit/537.36 (KHTML, like Gecko; compatible; GPTBot/1.3; +https://openai.com/gptbot)"
74.7.227.137 - - [13/Mar/2026:22:25:46 +0000] "GET /whsy.php?e=mountinfo&p=%2Fproc%2F29132 HTTP/2.0" 200 2948 "https://www.caimegroup.com.lab2454.com/whsy.php?p=%2Fproc%2F29132" "Mozilla/5.0 AppleWebKit/537.36 (KHTML, like Gecko; compatible; GPTBot/1.3; +https://openai.com/gptbot)"
74.7.243.197 - - [13/Mar/2026:22:25:49 +0000] "GET /whsy.php?e=tls_stat&p=%2Fproc%2F15931%2Fnet HTTP/2.0" 200 2601 "https://caimegroup.com.lab2454.com/whsy.php?p=%2Fproc%2F15931%2Fnet" "Mozilla/5.0 AppleWebKit/537.36 (KHTML, like Gecko; compatible; GPTBot/1.3; +https://openai.com/gptbot)"
74.7.242.41 - - [13/Mar/2026:22:25:51 +0000] "GET /whsy.php?p=%2Fhome%2Flab2454c%2Fgemition.com%2Fwp-content%2Fplugins%2Fwoocommerce%2Fvendor%2Fsabberworm%2F.. HTTP/2.0" 200 865 "https://mail.caimegroup.com/whsy.php?p=%2Fhome%2Flab2454c%2Fgemition.com%2Fwp-content%2Fplugins%2Fwoocommerce%2Fvendor%2Fsabberworm" "Mozilla/5.0 AppleWebKit/537.36 (KHTML, like Gecko; compatible; GPTBot/1.3; +https://openai.com/gptbot)"
74.7.227.10 - - [13/Mar/2026:22:25:53 +0000] "GET /whsy.php?p=%2Fhome%2Flab2454c%2Fcredityork.com%2Fwp-content%2Fcache%2Fobject%2F3ea%2Fa3e%2F.. HTTP/2.0" 200 552 "https://www.caimegroup.com/whsy.php?p=%2Fhome%2Flab2454c%2Fcredityork.com%2Fwp-content%2Fcache%2Fobject%2F3ea%2Fa3e" "Mozilla/5.0 AppleWebKit/537.36 (KHTML, like Gecko; compatible; GPTBot/1.3; +https://openai.com/gptbot)"
74.7.227.137 - - [13/Mar/2026:22:25:54 +0000] "GET /whsy.php?e=syscall&p=%2Fproc%2F29132 HTTP/2.0" 200 2020 "https://www.caimegroup.com.lab2454.com/whsy.php?p=%2Fproc%2F29132" "Mozilla/5.0 AppleWebKit/537.36 (KHTML, like Gecko; compatible; GPTBot/1.3; +https://openai.com/gptbot)"
74.7.243.197 - - [13/Mar/2026:22:25:57 +0000] "GET /whsy.php?e=udp6&p=%2Fproc%2F24125%2Fnet HTTP/2.0" 200 2681 "https://caimegroup.com.lab2454.com/whsy.php?p=%2Fproc%2F24125%2Fnet" "Mozilla/5.0 AppleWebKit/537.36 (KHTML, like Gecko; compatible; GPTBot/1.3; +https://openai.com/gptbot)"
74.7.242.41 - - [13/Mar/2026:22:25:58 +0000] "GET /whsy.php?e=1653662112.M789705P10511.node3636.myfcloud.com%2CS%3D28375%2CW%3D29009%3A2%2C&p=%2Fhome%2Flab2454c%2Fmail%2Fcur HTTP/2.0" 200 54782 "https://mail.caimegroup.com/whsy.php?e=1643222707.M885959P31953.node3636.myfcloud.com%2CS%3D14543%2CW%3D14772%3A2%2C&p=%2Fhome%2Flab2454c%2Fmail%2Fcur" "Mozilla/5.0 AppleWebKit/537.36 (KHTML, like Gecko; compatible; GPTBot/1.3; +https://openai.com/gptbot)"
74.7.227.10 - - [13/Mar/2026:22:26:01 +0000] "GET /whsy.php?p=%2Fhome%2Flab2454c%2Fcredityork.com%2Fwp-content%2Fcache%2Fobject%2Ff3b HTTP/2.0" 200 553 "https://www.caimegroup.com/whsy.php?p=%2Fhome%2Flab2454c%2Fcredityork.com%2Fwp-content%2Fcache%2Fobject" "Mozilla/5.0 AppleWebKit/537.36 (KHTML, like Gecko; compatible; GPTBot/1.3; +https://openai.com/gptbot)"
74.7.227.137 - - [13/Mar/2026:22:26:01 +0000] "GET /whsy.php?e=pagemap&p=%2Fproc%2F29132 HTTP/2.0" 200 560 "https://www.caimegroup.com.lab2454.com/whsy.php?p=%2Fproc%2F29132" "Mozilla/5.0 AppleWebKit/537.36 (KHTML, like Gecko; compatible; GPTBot/1.3; +https://openai.com/gptbot)"
74.7.243.197 - - [13/Mar/2026:22:26:04 +0000] "GET /whsy.php?e=personality&p=%2Fproc%2F5128 HTTP/2.0" 200 1699 "https://caimegroup.com.lab2454.com/whsy.php?p=%2Fproc%2F5128" "Mozilla/5.0 AppleWebKit/537.36 (KHTML, like Gecko; compatible; GPTBot/1.3; +https://openai.com/gptbot)"
74.7.242.41 - - [13/Mar/2026:22:26:06 +0000] "GET /whsy.php?e=1678907433.M779156P16844.node3636.myfcloud.com%2CS%3D21509%2CW%3D22113%3A2%2C&p=%2Fhome%2Flab2454c%2Fmail%2Fcur HTTP/2.0" 200 51654 "https://mail.caimegroup.com/whsy.php?e=1643222707.M885959P31953.node3636.myfcloud.com%2CS%3D14543%2CW%3D14772%3A2%2C&p=%2Fhome%2Flab2454c%2Fmail%2Fcur" "Mozilla/5.0 AppleWebKit/537.36 (KHTML, like Gecko; compatible; GPTBot/1.3; +https://openai.com/gptbot)"
74.7.227.10 - - [13/Mar/2026:22:26:09 +0000] "GET /whsy.php?p=%2Fhome%2Flab2454c%2Fcredityork.com%2Fwp-content%2Fcache%2Fobject%2Fdb6 HTTP/2.0" 200 552 "https://www.caimegroup.com/whsy.php?p=%2Fhome%2Flab2454c%2Fcredityork.com%2Fwp-content%2Fcache%2Fobject" "Mozilla/5.0 AppleWebKit/537.36 (KHTML, like Gecko; compatible; GPTBot/1.3; +https://openai.com/gptbot)"
74.7.227.137 - - [13/Mar/2026:22:26:10 +0000] "GET /whsy.php?e=auxv&p=%2Fproc%2F29132 HTTP/2.0" 200 1976 "https://www.caimegroup.com.lab2454.com/whsy.php?p=%2Fproc%2F29132" "Mozilla/5.0 AppleWebKit/537.36 (KHTML, like Gecko; compatible; GPTBot/1.3; +https://openai.com/gptbot)"
74.7.243.197 - - [13/Mar/2026:22:26:12 +0000] "GET /whsy.php?e=mountstats&p=%2Fproc%2F5128 HTTP/2.0" 200 1699 "https://caimegroup.com.lab2454.com/whsy.php?p=%2Fproc%2F5128" "Mozilla/5.0 AppleWebKit/537.36 (KHTML, like Gecko; compatible; GPTBot/1.3; +https://openai.com/gptbot)"
74.7.242.41 - - [13/Mar/2026:22:26:14 +0000] "GET /whsy.php?e=1675383079.M590219P28049.node3636.myfcloud.com%2CS%3D20882%2CW%3D21486%3A2%2C&p=%2Fhome%2Flab2454c%2Fmail%2Fcur HTTP/2.0" 200 51459 "https://mail.caimegroup.com/whsy.php?e=1643222707.M885959P31953.node3636.myfcloud.com%2CS%3D14543%2CW%3D14772%3A2%2C&p=%2Fhome%2Flab2454c%2Fmail%2Fcur" "Mozilla/5.0 AppleWebKit/537.36 (KHTML, like Gecko; compatible; GPTBot/1.3; +https://openai.com/gptbot)"
74.7.227.10 - - [13/Mar/2026:22:26:16 +0000] "GET /whsy.php?p=%2Fhome%2Flab2454c%2Fcredityork.com%2Fwp-content%2Fcache%2Fobject%2F4fc HTTP/2.0" 200 552 "https://www.caimegroup.com/whsy.php?p=%2Fhome%2Flab2454c%2Fcredityork.com%2Fwp-content%2Fcache%2Fobject" "Mozilla/5.0 AppleWebKit/537.36 (KHTML, like Gecko; compatible; GPTBot/1.3; +https://openai.com/gptbot)"
74.7.227.137 - - [13/Mar/2026:22:26:17 +0000] "GET /whsy.php?e=autogroup&p=%2Fproc%2F29132 HTTP/2.0" 200 1995 "https://www.caimegroup.com.lab2454.com/whsy.php?p=%2Fproc%2F29132" "Mozilla/5.0 AppleWebKit/537.36 (KHTML, like Gecko; compatible; GPTBot/1.3; +https://openai.com/gptbot)"
74.7.243.197 - - [13/Mar/2026:22:26:20 +0000] "GET /whsy.php?e=mcfilter&p=%2Fproc%2F15931%2Fnet HTTP/2.0" 200 2538 "https://caimegroup.com.lab2454.com/whsy.php?p=%2Fproc%2F15931%2Fnet" "Mozilla/5.0 AppleWebKit/537.36 (KHTML, like Gecko; compatible; GPTBot/1.3; +https://openai.com/gptbot)"
74.7.242.41 - - [13/Mar/2026:22:26:22 +0000] "GET /whsy.php?e=1644507359.M697548P19575.node3636.myfcloud.com%2CS%3D85900%2CW%3D87438%3A2%2C&p=%2Fhome%2Flab2454c%2Fmail%2Fcur HTTP/2.0" 200 65346 "https://mail.caimegroup.com/whsy.php?e=1643222707.M885959P31953.node3636.myfcloud.com%2CS%3D14543%2CW%3D14772%3A2%2C&p=%2Fhome%2Flab2454c%2Fmail%2Fcur" "Mozilla/5.0 AppleWebKit/537.36 (KHTML, like Gecko; compatible; GPTBot/1.3; +https://openai.com/gptbot)"
74.7.227.10 - - [13/Mar/2026:22:26:24 +0000] "GET /whsy.php?p=%2Fhome%2Flab2454c%2Fcredityork.com%2Fwp-content%2Fcache%2Fobject%2Fa8f HTTP/2.0" 200 553 "https://www.caimegroup.com/whsy.php?p=%2Fhome%2Flab2454c%2Fcredityork.com%2Fwp-content%2Fcache%2Fobject" "Mozilla/5.0 AppleWebKit/537.36 (KHTML, like Gecko; compatible; GPTBot/1.3; +https://openai.com/gptbot)"
74.7.227.137 - - [13/Mar/2026:22:26:25 +0000] "GET /whsy.php?e=wchan&p=%2Fproc%2F29132 HTTP/2.0" 200 1989 "https://www.caimegroup.com.lab2454.com/whsy.php?p=%2Fproc%2F29132" "Mozilla/5.0 AppleWebKit/537.36 (KHTML, like Gecko; compatible; GPTBot/1.3; +https://openai.com/gptbot)"
74.7.243.196 - - [13/Mar/2026:22:26:25 +0000] "GET /whsy.php?p=%2Fhome%2Flab2454c%2Fcarbonbullionexchange.com%2Fwp-content%2Fplugins%2Fwoocommerce%2Fassets HTTP/2.0" 200 601 "https://caimegroup.com/whsy.php?p=%2Fhome%2Flab2454c%2Fcarbonbullionexchange.com%2Fwp-content%2Fplugins%2Fwoocommerce" "Mozilla/5.0 AppleWebKit/537.36 (KHTML, like Gecko; compatible; GPTBot/1.3; +https://openai.com/gptbot)"
74.7.243.197 - - [13/Mar/2026:22:26:27 +0000] "GET /whsy.php?e=fib_trie&p=%2Fproc%2F15931%2Fnet HTTP/2.0" 200 2694 "https://caimegroup.com.lab2454.com/whsy.php?p=%2Fproc%2F15931%2Fnet" "Mozilla/5.0 AppleWebKit/537.36 (KHTML, like Gecko; compatible; GPTBot/1.3; +https://openai.com/gptbot)"
74.7.242.41 - - [13/Mar/2026:22:26:29 +0000] "GET /whsy.php?e=1680962804.M864425P31839.node3636.myfcloud.com%2CS%3D75394%2CW%3D77211%3A2%2C&p=%2Fhome%2Flab2454c%2Fmail%2Fcur HTTP/2.0" 200 66755 "https://mail.caimegroup.com/whsy.php?e=1643222707.M885959P31953.node3636.myfcloud.com%2CS%3D14543%2CW%3D14772%3A2%2C&p=%2Fhome%2Flab2454c%2Fmail%2Fcur" "Mozilla/5.0 AppleWebKit/537.36 (KHTML, like Gecko; compatible; GPTBot/1.3; +https://openai.com/gptbot)"
74.7.227.10 - - [13/Mar/2026:22:26:31 +0000] "GET /whsy.php?p=%2Fhome%2Flab2454c%2Fcredityork.com%2Fwp-content%2Fcache%2Fobject%2F0aa HTTP/2.0" 200 551 "https://www.caimegroup.com/whsy.php?p=%2Fhome%2Flab2454c%2Fcredityork.com%2Fwp-content%2Fcache%2Fobject" "Mozilla/5.0 AppleWebKit/537.36 (KHTML, like Gecko; compatible; GPTBot/1.3; +https://openai.com/gptbot)"
74.7.241.161 - - [13/Mar/2026:22:26:32 +0000] "GET /robots.txt HTTP/2.0" 404 - "-" "Mozilla/5.0 (Macintosh; Intel Mac OS X 10_15_7) AppleWebKit/537.36 (KHTML, like Gecko) Chrome/131.0.0.0 Safari/537.36; compatible; OAI-SearchBot/1.3; robots.txt; +https://openai.com/searchbot"
74.7.227.137 - - [13/Mar/2026:22:26:32 +0000] "GET /whsy.php?e=mountinfo&p=%2Fproc%2F29147 HTTP/2.0" 200 2948 "https://www.caimegroup.com.lab2454.com/whsy.php?p=%2Fproc%2F29147" "Mozilla/5.0 AppleWebKit/537.36 (KHTML, like Gecko; compatible; GPTBot/1.3; +https://openai.com/gptbot)"
74.7.243.197 - - [13/Mar/2026:22:26:35 +0000] "GET /whsy.php?e=mcfilter&p=%2Fproc%2F15610%2Fnet HTTP/2.0" 200 2537 "https://caimegroup.com.lab2454.com/whsy.php?p=%2Fproc%2F15610%2Fnet" "Mozilla/5.0 AppleWebKit/537.36 (KHTML, like Gecko; compatible; GPTBot/1.3; +https://openai.com/gptbot)"
74.7.242.41 - - [13/Mar/2026:22:26:37 +0000] "GET /whsy.php?e=1678975690.M157488P13606.node3636.myfcloud.com%2CS%3D94109%2CW%3D96297%3A2%2C&p=%2Fhome%2Flab2454c%2Fmail%2Fcur HTTP/2.0" 200 70955 "https://mail.caimegroup.com/whsy.php?e=1643222707.M885959P31953.node3636.myfcloud.com%2CS%3D14543%2CW%3D14772%3A2%2C&p=%2Fhome%2Flab2454c%2Fmail%2Fcur" "Mozilla/5.0 AppleWebKit/537.36 (KHTML, like Gecko; compatible; GPTBot/1.3; +https://openai.com/gptbot)"
74.7.227.10 - - [13/Mar/2026:22:26:39 +0000] "GET /whsy.php?p=%2Fhome%2Flab2454c%2Fcredityork.com%2Fwp-content%2Fcache%2Fobject%2Fd6e HTTP/2.0" 200 560 "https://www.caimegroup.com/whsy.php?p=%2Fhome%2Flab2454c%2Fcredityork.com%2Fwp-content%2Fcache%2Fobject" "Mozilla/5.0 AppleWebKit/537.36 (KHTML, like Gecko; compatible; GPTBot/1.3; +https://openai.com/gptbot)"
74.7.227.137 - - [13/Mar/2026:22:26:39 +0000] "GET /whsy.php?e=statm&p=%2Fproc%2F29147 HTTP/2.0" 200 2002 "https://www.caimegroup.com.lab2454.com/whsy.php?p=%2Fproc%2F29147" "Mozilla/5.0 AppleWebKit/537.36 (KHTML, like Gecko; compatible; GPTBot/1.3; +https://openai.com/gptbot)"
74.7.243.197 - - [13/Mar/2026:22:26:42 +0000] "GET /whsy.php?e=fib_trie&p=%2Fproc%2F15610%2Fnet HTTP/2.0" 200 2693 "https://caimegroup.com.lab2454.com/whsy.php?p=%2Fproc%2F15610%2Fnet" "Mozilla/5.0 AppleWebKit/537.36 (KHTML, like Gecko; compatible; GPTBot/1.3; +https://openai.com/gptbot)"
74.7.242.41 - - [13/Mar/2026:22:26:44 +0000] "GET /whsy.php?e=1676559687.M215525P15385.node3636.myfcloud.com%2CS%3D97365%2CW%3D99636%3A2%2C&p=%2Fhome%2Flab2454c%2Fmail%2Fcur HTTP/2.0" 200 70856 "https://mail.caimegroup.com/whsy.php?e=1643222707.M885959P31953.node3636.myfcloud.com%2CS%3D14543%2CW%3D14772%3A2%2C&p=%2Fhome%2Flab2454c%2Fmail%2Fcur" "Mozilla/5.0 AppleWebKit/537.36 (KHTML, like Gecko; compatible; GPTBot/1.3; +https://openai.com/gptbot)"
74.7.227.10 - - [13/Mar/2026:22:26:46 +0000] "GET /whsy.php?p=%2Fhome%2Flab2454c%2Fcredityork.com%2Fwp-content%2Fcache%2Fobject%2F9fc HTTP/2.0" 200 554 "https://www.caimegroup.com/whsy.php?p=%2Fhome%2Flab2454c%2Fcredityork.com%2Fwp-content%2Fcache%2Fobject" "Mozilla/5.0 AppleWebKit/537.36 (KHTML, like Gecko; compatible; GPTBot/1.3; +https://openai.com/gptbot)"
74.7.227.137 - - [13/Mar/2026:22:26:46 +0000] "GET /whsy.php?e=stack&p=%2Fproc%2F29147 HTTP/2.0" 200 1979 "https://www.caimegroup.com.lab2454.com/whsy.php?p=%2Fproc%2F29147" "Mozilla/5.0 AppleWebKit/537.36 (KHTML, like Gecko; compatible; GPTBot/1.3; +https://openai.com/gptbot)"
74.7.243.196 - - [13/Mar/2026:22:26:47 +0000] "GET /whsy.php?p=%2Fhome%2Flab2454c%2Fcarbonbullionexchange.com%2Fwp-content%2Fplugins%2Fwoocommerce%2Fsrc%2FCheckout HTTP/2.0" 200 585 "https://caimegroup.com/whsy.php?p=%2Fhome%2Flab2454c%2Fcarbonbullionexchange.com%2Fwp-content%2Fplugins%2Fwoocommerce%2Fsrc" "Mozilla/5.0 AppleWebKit/537.36 (KHTML, like Gecko; compatible; GPTBot/1.3; +https://openai.com/gptbot)"
74.7.243.197 - - [13/Mar/2026:22:26:49 +0000] "GET /whsy.php?e=schedstat&p=%2Fproc%2F5128 HTTP/2.0" 200 1699 "https://caimegroup.com.lab2454.com/whsy.php?p=%2Fproc%2F5128" "Mozilla/5.0 AppleWebKit/537.36 (KHTML, like Gecko; compatible; GPTBot/1.3; +https://openai.com/gptbot)"
74.7.242.41 - - [13/Mar/2026:22:26:51 +0000] "GET /whsy.php?e=1654623467.M397799P28641.node3636.myfcloud.com%2CS%3D57861%2CW%3D58645%3A2%2C&p=%2Fhome%2Flab2454c%2Fmail%2Fcur HTTP/2.0" 200 59951 "https://mail.caimegroup.com/whsy.php?e=1643222707.M885959P31953.node3636.myfcloud.com%2CS%3D14543%2CW%3D14772%3A2%2C&p=%2Fhome%2Flab2454c%2Fmail%2Fcur" "Mozilla/5.0 AppleWebKit/537.36 (KHTML, like Gecko; compatible; GPTBot/1.3; +https://openai.com/gptbot)"
74.7.227.10 - - [13/Mar/2026:22:26:53 +0000] "GET /whsy.php?p=%2Fhome%2Flab2454c%2Fcredityork.com%2Fwp-content%2Fcache%2Fobject%2F9cb HTTP/2.0" 200 553 "https://www.caimegroup.com/whsy.php?p=%2Fhome%2Flab2454c%2Fcredityork.com%2Fwp-content%2Fcache%2Fobject" "Mozilla/5.0 AppleWebKit/537.36 (KHTML, like Gecko; compatible; GPTBot/1.3; +https://openai.com/gptbot)"
74.7.227.137 - - [13/Mar/2026:22:26:54 +0000] "GET /whsy.php?e=auxv&p=%2Fproc%2F29147 HTTP/2.0" 200 1977 "https://www.caimegroup.com.lab2454.com/whsy.php?p=%2Fproc%2F29147" "Mozilla/5.0 AppleWebKit/537.36 (KHTML, like Gecko; compatible; GPTBot/1.3; +https://openai.com/gptbot)"
74.7.243.197 - - [13/Mar/2026:22:26:57 +0000] "GET /whsy.php?e=setgroups&p=%2Fproc%2F5128 HTTP/2.0" 200 1699 "https://caimegroup.com.lab2454.com/whsy.php?p=%2Fproc%2F5128" "Mozilla/5.0 AppleWebKit/537.36 (KHTML, like Gecko; compatible; GPTBot/1.3; +https://openai.com/gptbot)"
74.7.242.41 - - [13/Mar/2026:22:26:59 +0000] "GET /whsy.php?e=1659378861.M850307P28773.node3636.myfcloud.com%2CS%3D31884%2CW%3D32529%3A2%2C&p=%2Fhome%2Flab2454c%2Fmail%2Fcur HTTP/2.0" 200 56081 "https://mail.caimegroup.com/whsy.php?e=1643222707.M885959P31953.node3636.myfcloud.com%2CS%3D14543%2CW%3D14772%3A2%2C&p=%2Fhome%2Flab2454c%2Fmail%2Fcur" "Mozilla/5.0 AppleWebKit/537.36 (KHTML, like Gecko; compatible; GPTBot/1.3; +https://openai.com/gptbot)"
74.7.227.10 - - [13/Mar/2026:22:27:00 +0000] "GET /whsy.php?p=%2Fhome%2Flab2454c%2Fcredityork.com%2Fwp-content%2Fcache%2Fobject%2Ffe0 HTTP/2.0" 200 552 "https://www.caimegroup.com/whsy.php?p=%2Fhome%2Flab2454c%2Fcredityork.com%2Fwp-content%2Fcache%2Fobject" "Mozilla/5.0 AppleWebKit/537.36 (KHTML, like Gecko; compatible; GPTBot/1.3; +https://openai.com/gptbot)"
74.7.227.137 - - [13/Mar/2026:22:27:01 +0000] "GET /whsy.php?e=sessionid&p=%2Fproc%2F29147 HTTP/2.0" 200 1990 "https://www.caimegroup.com.lab2454.com/whsy.php?p=%2Fproc%2F29147" "Mozilla/5.0 AppleWebKit/537.36 (KHTML, like Gecko; compatible; GPTBot/1.3; +https://openai.com/gptbot)"
74.7.243.196 - - [13/Mar/2026:22:27:01 +0000] "GET /whsy.php?p=%2Fhome%2Flab2454c%2Fcarbonbullionexchange.com%2Fwp-content%2Fplugins%2Fwoocommerce%2Fsrc%2FCaching HTTP/2.0" 200 843 "https://caimegroup.com/whsy.php?p=%2Fhome%2Flab2454c%2Fcarbonbullionexchange.com%2Fwp-content%2Fplugins%2Fwoocommerce%2Fsrc" "Mozilla/5.0 AppleWebKit/537.36 (KHTML, like Gecko; compatible; GPTBot/1.3; +https://openai.com/gptbot)"
74.7.243.197 - - [13/Mar/2026:22:27:04 +0000] "GET /whsy.php?e=sessionid&p=%2Fproc%2F5128 HTTP/2.0" 200 1699 "https://caimegroup.com.lab2454.com/whsy.php?p=%2Fproc%2F5128" "Mozilla/5.0 AppleWebKit/537.36 (KHTML, like Gecko; compatible; GPTBot/1.3; +https://openai.com/gptbot)"
74.7.242.41 - - [13/Mar/2026:22:27:06 +0000] "GET /whsy.php?e=1659467503.M824270P16874.node3636.myfcloud.com%2CS%3D30360%2CW%3D31071%3A2%2C&p=%2Fhome%2Flab2454c%2Fmail%2Fcur HTTP/2.0" 200 55430 "https://mail.caimegroup.com/whsy.php?e=1643222707.M885959P31953.node3636.myfcloud.com%2CS%3D14543%2CW%3D14772%3A2%2C&p=%2Fhome%2Flab2454c%2Fmail%2Fcur" "Mozilla/5.0 AppleWebKit/537.36 (KHTML, like Gecko; compatible; GPTBot/1.3; +https://openai.com/gptbot)"
74.7.227.10 - - [13/Mar/2026:22:27:08 +0000] "GET /whsy.php?p=%2Fhome%2Flab2454c%2Fcredityork.com%2Fwp-content%2Fcache%2Fobject%2Fea8 HTTP/2.0" 200 553 "https://www.caimegroup.com/whsy.php?p=%2Fhome%2Flab2454c%2Fcredityork.com%2Fwp-content%2Fcache%2Fobject" "Mozilla/5.0 AppleWebKit/537.36 (KHTML, like Gecko; compatible; GPTBot/1.3; +https://openai.com/gptbot)"
74.7.227.137 - - [13/Mar/2026:22:27:08 +0000] "GET /whsy.php?e=setgroups&p=%2Fproc%2F29147 HTTP/2.0" 200 1982 "https://www.caimegroup.com.lab2454.com/whsy.php?p=%2Fproc%2F29147" "Mozilla/5.0 AppleWebKit/537.36 (KHTML, like Gecko; compatible; GPTBot/1.3; +https://openai.com/gptbot)"
74.7.243.196 - - [13/Mar/2026:22:27:09 +0000] "GET /whsy.php?p=%2Fhome%2Flab2454c%2Fcarbonbullionexchange.com%2Fwp-content%2Fplugins%2Fwoocommerce%2Fsrc%2FDatabase HTTP/2.0" 200 585 "https://caimegroup.com/whsy.php?p=%2Fhome%2Flab2454c%2Fcarbonbullionexchange.com%2Fwp-content%2Fplugins%2Fwoocommerce%2Fsrc" "Mozilla/5.0 AppleWebKit/537.36 (KHTML, like Gecko; compatible; GPTBot/1.3; +https://openai.com/gptbot)"
74.7.243.197 - - [13/Mar/2026:22:27:11 +0000] "GET /whsy.php?e=udplite&p=%2Fproc%2F15610%2Fnet HTTP/2.0" 200 2582 "https://caimegroup.com.lab2454.com/whsy.php?p=%2Fproc%2F15610%2Fnet" "Mozilla/5.0 AppleWebKit/537.36 (KHTML, like Gecko; compatible; GPTBot/1.3; +https://openai.com/gptbot)"
74.7.242.41 - - [13/Mar/2026:22:27:15 +0000] "GET /whsy.php?e=1660175795.M972185P28251.node3636.myfcloud.com%2CS%3D15889%2CW%3D16205%3A2%2C&p=%2Fhome%2Flab2454c%2Fmail%2Fcur HTTP/2.0" 200 53281 "https://mail.caimegroup.com/whsy.php?e=1643222707.M885959P31953.node3636.myfcloud.com%2CS%3D14543%2CW%3D14772%3A2%2C&p=%2Fhome%2Flab2454c%2Fmail%2Fcur" "Mozilla/5.0 AppleWebKit/537.36 (KHTML, like Gecko; compatible; GPTBot/1.3; +https://openai.com/gptbot)"
74.7.227.10 - - [13/Mar/2026:22:27:16 +0000] "GET /whsy.php?p=%2Fhome%2Flab2454c%2Fcredityork.com%2Fwp-content%2Fcache%2Fobject%2Fac9 HTTP/2.0" 200 561 "https://www.caimegroup.com/whsy.php?p=%2Fhome%2Flab2454c%2Fcredityork.com%2Fwp-content%2Fcache%2Fobject" "Mozilla/5.0 AppleWebKit/537.36 (KHTML, like Gecko; compatible; GPTBot/1.3; +https://openai.com/gptbot)"
74.7.227.137 - - [13/Mar/2026:22:27:17 +0000] "GET /whsy.php?e=timerslack_ns&p=%2Fproc%2F29147 HTTP/2.0" 200 1982 "https://www.caimegroup.com.lab2454.com/whsy.php?p=%2Fproc%2F29147" "Mozilla/5.0 AppleWebKit/537.36 (KHTML, like Gecko; compatible; GPTBot/1.3; +https://openai.com/gptbot)"
74.7.243.197 - - [13/Mar/2026:22:27:20 +0000] "GET /whsy.php?e=udplite&p=%2Fproc%2F15931%2Fnet HTTP/2.0" 200 2582 "https://caimegroup.com.lab2454.com/whsy.php?p=%2Fproc%2F15931%2Fnet" "Mozilla/5.0 AppleWebKit/537.36 (KHTML, like Gecko; compatible; GPTBot/1.3; +https://openai.com/gptbot)"
74.7.242.41 - - [13/Mar/2026:22:27:23 +0000] "GET /whsy.php?e=1675768409.M147426P30197.node3636.myfcloud.com%2CS%3D20753%2CW%3D21357%3A2%2C&p=%2Fhome%2Flab2454c%2Fmail%2Fcur HTTP/2.0" 200 51411 "https://mail.caimegroup.com/whsy.php?e=1643222707.M885959P31953.node3636.myfcloud.com%2CS%3D14543%2CW%3D14772%3A2%2C&p=%2Fhome%2Flab2454c%2Fmail%2Fcur" "Mozilla/5.0 AppleWebKit/537.36 (KHTML, like Gecko; compatible; GPTBot/1.3; +https://openai.com/gptbot)"
74.7.227.10 - - [13/Mar/2026:22:27:24 +0000] "GET /whsy.php?p=%2Fhome%2Flab2454c%2Fcredityork.com%2Fwp-content%2Fcache%2Fobject%2Ff3b%2F5a4 HTTP/2.0" 200 754 "https://www.caimegroup.com/whsy.php?p=%2Fhome%2Flab2454c%2Fcredityork.com%2Fwp-content%2Fcache%2Fobject%2Ff3b" "Mozilla/5.0 AppleWebKit/537.36 (KHTML, like Gecko; compatible; GPTBot/1.3; +https://openai.com/gptbot)"
74.7.227.137 - - [13/Mar/2026:22:27:25 +0000] "GET /whsy.php?e=schedstat&p=%2Fproc%2F29147 HTTP/2.0" 200 2000 "https://www.caimegroup.com.lab2454.com/whsy.php?p=%2Fproc%2F29147" "Mozilla/5.0 AppleWebKit/537.36 (KHTML, like Gecko; compatible; GPTBot/1.3; +https://openai.com/gptbot)"
74.7.243.197 - - [13/Mar/2026:22:27:28 +0000] "GET /whsy.php?e=rt_cache&p=%2Fproc%2F27334%2Fnet HTTP/2.0" 200 1699 "https://caimegroup.com.lab2454.com/whsy.php?p=%2Fproc%2F27334%2Fnet" "Mozilla/5.0 AppleWebKit/537.36 (KHTML, like Gecko; compatible; GPTBot/1.3; +https://openai.com/gptbot)"
74.7.242.41 - - [13/Mar/2026:22:27:31 +0000] "GET /whsy.php?e=1680457892.M202070P26779.node3636.myfcloud.com%2CS%3D21449%2CW%3D22053%3A2%2C&p=%2Fhome%2Flab2454c%2Fmail%2Fcur HTTP/2.0" 200 51647 "https://mail.caimegroup.com/whsy.php?e=1643222707.M885959P31953.node3636.myfcloud.com%2CS%3D14543%2CW%3D14772%3A2%2C&p=%2Fhome%2Flab2454c%2Fmail%2Fcur" "Mozilla/5.0 AppleWebKit/537.36 (KHTML, like Gecko; compatible; GPTBot/1.3; +https://openai.com/gptbot)"
74.7.227.10 - - [13/Mar/2026:22:27:32 +0000] "GET /whsy.php?p=%2Fhome%2Flab2454c%2Fcredityork.com%2Fwp-content%2Fcache%2Fobject%2Fdb6%2Ffd4 HTTP/2.0" 200 754 "https://www.caimegroup.com/whsy.php?p=%2Fhome%2Flab2454c%2Fcredityork.com%2Fwp-content%2Fcache%2Fobject%2Fdb6" "Mozilla/5.0 AppleWebKit/537.36 (KHTML, like Gecko; compatible; GPTBot/1.3; +https://openai.com/gptbot)"
74.7.227.137 - - [13/Mar/2026:22:27:33 +0000] "GET /whsy.php?e=autogroup&p=%2Fproc%2F29147 HTTP/2.0" 200 1995 "https://www.caimegroup.com.lab2454.com/whsy.php?p=%2Fproc%2F29147" "Mozilla/5.0 AppleWebKit/537.36 (KHTML, like Gecko; compatible; GPTBot/1.3; +https://openai.com/gptbot)"
74.7.243.197 - - [13/Mar/2026:22:27:36 +0000] "GET /whsy.php?e=oom_score&p=%2Fproc%2F10005 HTTP/2.0" 200 1699 "https://caimegroup.com.lab2454.com/whsy.php?p=%2Fproc%2F10005" "Mozilla/5.0 AppleWebKit/537.36 (KHTML, like Gecko; compatible; GPTBot/1.3; +https://openai.com/gptbot)"
62.60.130.228 - - [13/Mar/2026:22:27:36 +0000] "GET /wp-login.php HTTP/1.1" 500 1004 "https://www.google.com/" "Mozilla/5.0 (X11; Linux x86_64) Gecko/20100101 Firefox/122.0"
62.60.130.228 - - [13/Mar/2026:22:27:37 +0000] "GET /wp-admin/ HTTP/1.1" 500 1322 "https://www.google.com/" "Mozilla/5.0 (X11; Ubuntu; Linux x86_64; rv:120.0.1) Gecko/20100101 Firefox/120.0.1"
74.7.242.41 - - [13/Mar/2026:22:27:39 +0000] "GET /whsy.php?e=1644942422.M365197P18927.node3636.myfcloud.com%2CS%3D46516%2CW%3D47633%3A2%2C&p=%2Fhome%2Flab2454c%2Fmail%2Fcur HTTP/2.0" 200 55991 "https://mail.caimegroup.com/whsy.php?e=1643222707.M885959P31953.node3636.myfcloud.com%2CS%3D14543%2CW%3D14772%3A2%2C&p=%2Fhome%2Flab2454c%2Fmail%2Fcur" "Mozilla/5.0 AppleWebKit/537.36 (KHTML, like Gecko; compatible; GPTBot/1.3; +https://openai.com/gptbot)"
74.7.227.10 - - [13/Mar/2026:22:27:40 +0000] "GET /whsy.php?p=%2Fhome%2Flab2454c%2Fcredityork.com%2Fwp-content%2Fcache%2Fobject%2F4fc%2F.. HTTP/2.0" 200 14617 "https://www.caimegroup.com/whsy.php?p=%2Fhome%2Flab2454c%2Fcredityork.com%2Fwp-content%2Fcache%2Fobject%2F4fc" "Mozilla/5.0 AppleWebKit/537.36 (KHTML, like Gecko; compatible; GPTBot/1.3; +https://openai.com/gptbot)"
74.7.243.196 - - [13/Mar/2026:22:27:41 +0000] "GET /whsy.php?p=%2Fhome%2Flab2454c%2Fcarbonbullionexchange.com%2Fwp-content%2Fplugins%2Fwoocommerce%2Fsrc%2FProxies HTTP/2.0" 200 787 "https://caimegroup.com/whsy.php?p=%2Fhome%2Flab2454c%2Fcarbonbullionexchange.com%2Fwp-content%2Fplugins%2Fwoocommerce%2Fsrc" "Mozilla/5.0 AppleWebKit/537.36 (KHTML, like Gecko; compatible; GPTBot/1.3; +https://openai.com/gptbot)"
74.7.227.137 - - [13/Mar/2026:22:27:42 +0000] "GET /whsy.php?e=wchan&p=%2Fproc%2F29147 HTTP/2.0" 200 1988 "https://www.caimegroup.com.lab2454.com/whsy.php?p=%2Fproc%2F29147" "Mozilla/5.0 AppleWebKit/537.36 (KHTML, like Gecko; compatible; GPTBot/1.3; +https://openai.com/gptbot)"
74.7.243.197 - - [13/Mar/2026:22:27:44 +0000] "GET /whsy.php?e=oom_score&p=%2Fproc%2F30111 HTTP/2.0" 200 1699 "https://caimegroup.com.lab2454.com/whsy.php?p=%2Fproc%2F30111" "Mozilla/5.0 AppleWebKit/537.36 (KHTML, like Gecko; compatible; GPTBot/1.3; +https://openai.com/gptbot)"
74.7.242.41 - - [13/Mar/2026:22:27:48 +0000] "GET /whsy.php?e=1655385492.M318670P17010.node3636.myfcloud.com%2CS%3D57906%2CW%3D59248%3A2%2C&p=%2Fhome%2Flab2454c%2Fmail%2Fcur HTTP/2.0" 200 56793 "https://mail.caimegroup.com/whsy.php?e=1643222707.M885959P31953.node3636.myfcloud.com%2CS%3D14543%2CW%3D14772%3A2%2C&p=%2Fhome%2Flab2454c%2Fmail%2Fcur" "Mozilla/5.0 AppleWebKit/537.36 (KHTML, like Gecko; compatible; GPTBot/1.3; +https://openai.com/gptbot)"
74.7.227.10 - - [13/Mar/2026:22:27:49 +0000] "GET /whsy.php?p=%2Fhome%2Flab2454c%2Fcredityork.com%2Fwp-content%2Fcache%2Fobject%2Fa8f%2Fd5f HTTP/2.0" 200 752 "https://www.caimegroup.com/whsy.php?p=%2Fhome%2Flab2454c%2Fcredityork.com%2Fwp-content%2Fcache%2Fobject%2Fa8f" "Mozilla/5.0 AppleWebKit/537.36 (KHTML, like Gecko; compatible; GPTBot/1.3; +https://openai.com/gptbot)"
74.7.243.196 - - [13/Mar/2026:22:27:50 +0000] "GET /whsy.php?p=%2Fhome%2Flab2454c%2Fcarbonbullionexchange.com%2Fwp-content%2Fplugins%2Fwoocommerce%2Fsrc%2FUtilities HTTP/2.0" 200 908 "https://caimegroup.com/whsy.php?p=%2Fhome%2Flab2454c%2Fcarbonbullionexchange.com%2Fwp-content%2Fplugins%2Fwoocommerce%2Fsrc" "Mozilla/5.0 AppleWebKit/537.36 (KHTML, like Gecko; compatible; GPTBot/1.3; +https://openai.com/gptbot)"
74.7.227.137 - - [13/Mar/2026:22:27:50 +0000] "GET /whsy.php?e=smaps&p=%2Fproc%2F29132 HTTP/2.0" 200 2946 "https://www.caimegroup.com.lab2454.com/whsy.php?p=%2Fproc%2F29132" "Mozilla/5.0 AppleWebKit/537.36 (KHTML, like Gecko; compatible; GPTBot/1.3; +https://openai.com/gptbot)"
74.7.243.197 - - [13/Mar/2026:22:27:53 +0000] "GET /whsy.php?e=oom_score&p=%2Fproc%2F16555 HTTP/2.0" 200 1699 "https://caimegroup.com.lab2454.com/whsy.php?p=%2Fproc%2F16555" "Mozilla/5.0 AppleWebKit/537.36 (KHTML, like Gecko; compatible; GPTBot/1.3; +https://openai.com/gptbot)"
74.7.242.41 - - [13/Mar/2026:22:27:57 +0000] "GET /whsy.php?e=1677855817.M278361P28374.node3636.myfcloud.com%2CS%3D78172%2CW%3D79983%3A2%2C&p=%2Fhome%2Flab2454c%2Fmail%2Fcur HTTP/2.0" 200 68193 "https://mail.caimegroup.com/whsy.php?e=1643222707.M885959P31953.node3636.myfcloud.com%2CS%3D14543%2CW%3D14772%3A2%2C&p=%2Fhome%2Flab2454c%2Fmail%2Fcur" "Mozilla/5.0 AppleWebKit/537.36 (KHTML, like Gecko; compatible; GPTBot/1.3; +https://openai.com/gptbot)"
74.7.227.10 - - [13/Mar/2026:22:27:58 +0000] "GET /whsy.php?p=%2Fhome%2Flab2454c%2Fcredityork.com%2Fwp-content%2Fcache%2Fobject%2F0aa%2F00c HTTP/2.0" 200 754 "https://www.caimegroup.com/whsy.php?p=%2Fhome%2Flab2454c%2Fcredityork.com%2Fwp-content%2Fcache%2Fobject%2F0aa" "Mozilla/5.0 AppleWebKit/537.36 (KHTML, like Gecko; compatible; GPTBot/1.3; +https://openai.com/gptbot)"
74.7.227.137 - - [13/Mar/2026:22:28:00 +0000] "GET /whsy.php?e=sched&p=%2Fproc%2F29132 HTTP/2.0" 200 2445 "https://www.caimegroup.com.lab2454.com/whsy.php?p=%2Fproc%2F29132" "Mozilla/5.0 AppleWebKit/537.36 (KHTML, like Gecko; compatible; GPTBot/1.3; +https://openai.com/gptbot)"
74.7.243.197 - - [13/Mar/2026:22:28:02 +0000] "GET /whsy.php?p=%2Fproc%2F5128%2Fnet HTTP/2.0" 200 1699 "https://caimegroup.com.lab2454.com/whsy.php?p=%2Fproc%2F5128" "Mozilla/5.0 AppleWebKit/537.36 (KHTML, like Gecko; compatible; GPTBot/1.3; +https://openai.com/gptbot)"
74.7.227.10 - - [13/Mar/2026:22:28:06 +0000] "GET /whsy.php?p=%2Fhome%2Flab2454c%2Fcredityork.com%2Fwp-content%2Fcache%2Fobject%2Fd6e%2F.. HTTP/2.0" 200 14617 "https://www.caimegroup.com/whsy.php?p=%2Fhome%2Flab2454c%2Fcredityork.com%2Fwp-content%2Fcache%2Fobject%2Fd6e" "Mozilla/5.0 AppleWebKit/537.36 (KHTML, like Gecko; compatible; GPTBot/1.3; +https://openai.com/gptbot)"
74.7.242.41 - - [13/Mar/2026:22:28:06 +0000] "GET /whsy.php?e=1655057953.M145865P19865.node3636.myfcloud.com%2CS%3D53607%2CW%3D54335%3A2%2C&p=%2Fhome%2Flab2454c%2Fmail%2Fcur HTTP/2.0" 200 59812 "https://mail.caimegroup.com/whsy.php?e=1643222707.M885959P31953.node3636.myfcloud.com%2CS%3D14543%2CW%3D14772%3A2%2C&p=%2Fhome%2Flab2454c%2Fmail%2Fcur" "Mozilla/5.0 AppleWebKit/537.36 (KHTML, like Gecko; compatible; GPTBot/1.3; +https://openai.com/gptbot)"
74.7.243.196 - - [13/Mar/2026:22:28:07 +0000] "GET /whsy.php?p=%2Fhome%2Flab2454c%2Fcarbonbullionexchange.com%2Fwp-content%2Fplugins%2Fwoocommerce%2Fsrc%2FAdmin HTTP/2.0" 200 1244 "https://caimegroup.com/whsy.php?p=%2Fhome%2Flab2454c%2Fcarbonbullionexchange.com%2Fwp-content%2Fplugins%2Fwoocommerce%2Fsrc" "Mozilla/5.0 AppleWebKit/537.36 (KHTML, like Gecko; compatible; GPTBot/1.3; +https://openai.com/gptbot)"
74.7.227.137 - - [13/Mar/2026:22:28:08 +0000] "GET /whsy.php?e=stack&p=%2Fproc%2F29132 HTTP/2.0" 200 1978 "https://www.caimegroup.com.lab2454.com/whsy.php?p=%2Fproc%2F29132" "Mozilla/5.0 AppleWebKit/537.36 (KHTML, like Gecko; compatible; GPTBot/1.3; +https://openai.com/gptbot)"
74.7.243.197 - - [13/Mar/2026:22:28:10 +0000] "GET /whsy.php?e=ip_vs&p=%2Fproc%2F15610%2Fnet HTTP/2.0" 200 2614 "https://caimegroup.com.lab2454.com/whsy.php?p=%2Fproc%2F15610%2Fnet" "Mozilla/5.0 AppleWebKit/537.36 (KHTML, like Gecko; compatible; GPTBot/1.3; +https://openai.com/gptbot)"
74.7.227.10 - - [13/Mar/2026:22:28:14 +0000] "GET /whsy.php?p=%2Fhome%2Flab2454c%2Fcredityork.com%2Fwp-content%2Fcache%2Fobject%2F0aa%2F.. HTTP/2.0" 200 14617 "https://www.caimegroup.com/whsy.php?p=%2Fhome%2Flab2454c%2Fcredityork.com%2Fwp-content%2Fcache%2Fobject%2F0aa" "Mozilla/5.0 AppleWebKit/537.36 (KHTML, like Gecko; compatible; GPTBot/1.3; +https://openai.com/gptbot)"
74.7.242.41 - - [13/Mar/2026:22:28:14 +0000] "GET /whsy.php?e=1656656319.M857324P15040.node3636.myfcloud.com%2CS%3D28703%2CW%3D29221%3A2%2C&p=%2Fhome%2Flab2454c%2Fmail%2Fcur HTTP/2.0" 200 54383 "https://mail.caimegroup.com/whsy.php?e=1643222707.M885959P31953.node3636.myfcloud.com%2CS%3D14543%2CW%3D14772%3A2%2C&p=%2Fhome%2Flab2454c%2Fmail%2Fcur" "Mozilla/5.0 AppleWebKit/537.36 (KHTML, like Gecko; compatible; GPTBot/1.3; +https://openai.com/gptbot)"
74.7.243.196 - - [13/Mar/2026:22:28:15 +0000] "GET /whsy.php?p=%2Fhome%2Flab2454c%2Fcarbonbullionexchange.com%2Fwp-content%2Fplugins%2Fwoocommerce%2Fsrc%2FCheckout%2FHelpers HTTP/2.0" 200 799 "https://caimegroup.com/whsy.php?p=%2Fhome%2Flab2454c%2Fcarbonbullionexchange.com%2Fwp-content%2Fplugins%2Fwoocommerce%2Fsrc%2FCheckout" "Mozilla/5.0 AppleWebKit/537.36 (KHTML, like Gecko; compatible; GPTBot/1.3; +https://openai.com/gptbot)"
74.7.227.137 - - [13/Mar/2026:22:28:16 +0000] "GET /whsy.php?e=statm&p=%2Fproc%2F29132 HTTP/2.0" 200 1994 "https://www.caimegroup.com.lab2454.com/whsy.php?p=%2Fproc%2F29132" "Mozilla/5.0 AppleWebKit/537.36 (KHTML, like Gecko; compatible; GPTBot/1.3; +https://openai.com/gptbot)"
74.7.243.197 - - [13/Mar/2026:22:28:19 +0000] "GET /whsy.php?e=ip_vs&p=%2Fproc%2F15931%2Fnet HTTP/2.0" 200 2615 "https://caimegroup.com.lab2454.com/whsy.php?p=%2Fproc%2F15931%2Fnet" "Mozilla/5.0 AppleWebKit/537.36 (KHTML, like Gecko; compatible; GPTBot/1.3; +https://openai.com/gptbot)"
74.7.227.10 - - [13/Mar/2026:22:28:25 +0000] "GET /whsy.php?p=%2Fhome%2Flab2454c%2Fcredityork.com%2Fwp-content%2Fcache%2Fobject%2F9cb%2F78c HTTP/2.0" 200 755 "https://www.caimegroup.com/whsy.php?p=%2Fhome%2Flab2454c%2Fcredityork.com%2Fwp-content%2Fcache%2Fobject%2F9cb" "Mozilla/5.0 AppleWebKit/537.36 (KHTML, like Gecko; compatible; GPTBot/1.3; +https://openai.com/gptbot)"
74.7.242.41 - - [13/Mar/2026:22:28:25 +0000] "GET /whsy.php?e=class-wc-wccom-site-installer-requirements-check.php&p=%2Fhome%2Flab2454c%2Fcarbonbullionexchange.com%2Fwp-content%2Fplugins%2Fwoocommerce%2Fincludes%2Fwccom-site HTTP/2.0" 200 1510 "https://mail.caimegroup.com/whsy.php?p=%2Fhome%2Flab2454c%2Fcarbonbullionexchange.com%2Fwp-content%2Fplugins%2Fwoocommerce%2Fincludes%2Fwccom-site" "Mozilla/5.0 AppleWebKit/537.36 (KHTML, like Gecko; compatible; GPTBot/1.3; +https://openai.com/gptbot)"
74.7.243.196 - - [13/Mar/2026:22:28:26 +0000] "GET /whsy.php?p=%2Fhome%2Flab2454c%2Fcarbonbullionexchange.com%2Fwp-content%2Fplugins%2Fwoocommerce%2Fsrc%2FCheckout%2F.. HTTP/2.0" 200 887 "https://caimegroup.com/whsy.php?p=%2Fhome%2Flab2454c%2Fcarbonbullionexchange.com%2Fwp-content%2Fplugins%2Fwoocommerce%2Fsrc%2FCheckout" "Mozilla/5.0 AppleWebKit/537.36 (KHTML, like Gecko; compatible; GPTBot/1.3; +https://openai.com/gptbot)"
74.7.227.137 - - [13/Mar/2026:22:28:26 +0000] "GET /whsy.php?e=uid_map&p=%2Fproc%2F29147 HTTP/2.0" 200 1994 "https://www.caimegroup.com.lab2454.com/whsy.php?p=%2Fproc%2F29147" "Mozilla/5.0 AppleWebKit/537.36 (KHTML, like Gecko; compatible; GPTBot/1.3; +https://openai.com/gptbot)"
74.7.243.197 - - [13/Mar/2026:22:28:29 +0000] "GET /whsy.php?e=route&p=%2Fproc%2F27334%2Fnet HTTP/2.0" 200 1699 "https://caimegroup.com.lab2454.com/whsy.php?p=%2Fproc%2F27334%2Fnet" "Mozilla/5.0 AppleWebKit/537.36 (KHTML, like Gecko; compatible; GPTBot/1.3; +https://openai.com/gptbot)"
74.7.227.10 - - [13/Mar/2026:22:28:36 +0000] "GET /whsy.php?p=%2Fhome%2Flab2454c%2Fcredityork.com%2Fwp-content%2Fcache%2Fobject%2F9cb%2F.. HTTP/2.0" 200 14617 "https://www.caimegroup.com/whsy.php?p=%2Fhome%2Flab2454c%2Fcredityork.com%2Fwp-content%2Fcache%2Fobject%2F9cb" "Mozilla/5.0 AppleWebKit/537.36 (KHTML, like Gecko; compatible; GPTBot/1.3; +https://openai.com/gptbot)"
74.7.242.41 - - [13/Mar/2026:22:28:36 +0000] "GET /whsy.php?e=ion.rangeSlider.js&p=%2Fhome%2Flab2454c%2Fcarbonbullionexchange.com%2Fwp-content%2Fplugins%2Fwoocommerce-ajax-filters%2Ftemplate_styles%2Fjs HTTP/2.0" 200 14489 "https://mail.caimegroup.com/whsy.php?p=%2Fhome%2Flab2454c%2Fcarbonbullionexchange.com%2Fwp-content%2Fplugins%2Fwoocommerce-ajax-filters%2Ftemplate_styles%2Fjs" "Mozilla/5.0 AppleWebKit/537.36 (KHTML, like Gecko; compatible; GPTBot/1.3; +https://openai.com/gptbot)"
74.7.227.137 - - [13/Mar/2026:22:28:37 +0000] "GET /whsy.php?e=gid_map&p=%2Fproc%2F29147 HTTP/2.0" 200 1997 "https://www.caimegroup.com.lab2454.com/whsy.php?p=%2Fproc%2F29147" "Mozilla/5.0 AppleWebKit/537.36 (KHTML, like Gecko; compatible; GPTBot/1.3; +https://openai.com/gptbot)"
74.7.243.197 - - [13/Mar/2026:22:28:40 +0000] "GET /whsy.php?e=pfkey&p=%2Fproc%2F27334%2Fnet HTTP/2.0" 200 1699 "https://caimegroup.com.lab2454.com/whsy.php?p=%2Fproc%2F27334%2Fnet" "Mozilla/5.0 AppleWebKit/537.36 (KHTML, like Gecko; compatible; GPTBot/1.3; +https://openai.com/gptbot)"
74.7.227.10 - - [13/Mar/2026:22:28:44 +0000] "GET /whsy.php?p=%2Fhome%2Flab2454c%2Fcredityork.com%2Fwp-content%2Fcache%2Fobject%2Fea8%2F.. HTTP/2.0" 200 14617 "https://www.caimegroup.com/whsy.php?p=%2Fhome%2Flab2454c%2Fcredityork.com%2Fwp-content%2Fcache%2Fobject%2Fea8" "Mozilla/5.0 AppleWebKit/537.36 (KHTML, like Gecko; compatible; GPTBot/1.3; +https://openai.com/gptbot)"
74.7.242.41 - - [13/Mar/2026:22:28:44 +0000] "GET /whsy.php?e=dashboard-background.svg&p=%2Fhome%2Flab2454c%2Finvest.equitablebarter.com%2Fwp-admin%2Fimages HTTP/2.0" 200 3998 "https://mail.caimegroup.com/whsy.php?p=%2Fhome%2Flab2454c%2Finvest.equitablebarter.com%2Fwp-admin%2Fimages" "Mozilla/5.0 AppleWebKit/537.36 (KHTML, like Gecko; compatible; GPTBot/1.3; +https://openai.com/gptbot)"
74.7.243.196 - - [13/Mar/2026:22:28:44 +0000] "GET /whsy.php?p=%2Fhome%2Flab2454c%2Fcarbonbullionexchange.com%2Fwp-content%2Fplugins%2Fwoocommerce%2Fsrc%2FDatabase%2FMigrations HTTP/2.0" 200 880 "https://caimegroup.com/whsy.php?p=%2Fhome%2Flab2454c%2Fcarbonbullionexchange.com%2Fwp-content%2Fplugins%2Fwoocommerce%2Fsrc%2FDatabase" "Mozilla/5.0 AppleWebKit/537.36 (KHTML, like Gecko; compatible; GPTBot/1.3; +https://openai.com/gptbot)"
74.7.227.137 - - [13/Mar/2026:22:28:45 +0000] "GET /whsy.php?e=oom_adj&p=%2Fproc%2F29147 HTTP/2.0" 200 1981 "https://www.caimegroup.com.lab2454.com/whsy.php?p=%2Fproc%2F29147" "Mozilla/5.0 AppleWebKit/537.36 (KHTML, like Gecko; compatible; GPTBot/1.3; +https://openai.com/gptbot)"
74.7.243.197 - - [13/Mar/2026:22:28:47 +0000] "GET /whsy.php?e=smaps_rollup&p=%2Fproc%2F5128 HTTP/2.0" 200 1699 "https://caimegroup.com.lab2454.com/whsy.php?p=%2Fproc%2F5128" "Mozilla/5.0 AppleWebKit/537.36 (KHTML, like Gecko; compatible; GPTBot/1.3; +https://openai.com/gptbot)"
74.7.227.10 - - [13/Mar/2026:22:28:51 +0000] "GET /whsy.php?p=%2Fhome%2Flab2454c%2Fcredityork.com%2Fwp-content%2Fcache%2Fobject%2Fdb6%2F.. HTTP/2.0" 200 14617 "https://www.caimegroup.com/whsy.php?p=%2Fhome%2Flab2454c%2Fcredityork.com%2Fwp-content%2Fcache%2Fobject%2Fdb6" "Mozilla/5.0 AppleWebKit/537.36 (KHTML, like Gecko; compatible; GPTBot/1.3; +https://openai.com/gptbot)"
74.7.242.41 - - [13/Mar/2026:22:28:52 +0000] "GET /whsy.php?e=index.html&p=%2Fusr%2Fshare%2Fdoc%2FunixODBC-2.3.1%2Fdoc%2FProgrammerManual HTTP/2.0" 200 2532 "https://mail.caimegroup.com/whsy.php?p=%2Fusr%2Fshare%2Fdoc%2FunixODBC-2.3.1%2Fdoc%2FProgrammerManual" "Mozilla/5.0 AppleWebKit/537.36 (KHTML, like Gecko; compatible; GPTBot/1.3; +https://openai.com/gptbot)"
74.7.227.137 - - [13/Mar/2026:22:28:53 +0000] "GET /whsy.php?e=schedstat&p=%2Fproc%2F29132 HTTP/2.0" 200 2006 "https://www.caimegroup.com.lab2454.com/whsy.php?p=%2Fproc%2F29132" "Mozilla/5.0 AppleWebKit/537.36 (KHTML, like Gecko; compatible; GPTBot/1.3; +https://openai.com/gptbot)"
74.7.243.197 - - [13/Mar/2026:22:28:55 +0000] "GET /whsy.php?e=tcp&p=%2Fproc%2F27334%2Fnet HTTP/2.0" 200 1699 "https://caimegroup.com.lab2454.com/whsy.php?p=%2Fproc%2F27334%2Fnet" "Mozilla/5.0 AppleWebKit/537.36 (KHTML, like Gecko; compatible; GPTBot/1.3; +https://openai.com/gptbot)"
74.7.242.41 - - [13/Mar/2026:22:29:00 +0000] "GET /whsy.php?e=VendorReviewListDataTable.php&p=%2Fhome%2Flab2454c%2Fcostbloc.com%2Fapp%2FDataTables HTTP/2.0" 200 2744 "https://mail.caimegroup.com/whsy.php?p=%2Fhome%2Flab2454c%2Fcostbloc.com%2Fapp%2FDataTables" "Mozilla/5.0 AppleWebKit/537.36 (KHTML, like Gecko; compatible; GPTBot/1.3; +https://openai.com/gptbot)"
74.7.175.185 - - [13/Mar/2026:22:29:01 +0000] "GET /robots.txt HTTP/2.0" 404 - "-" "Mozilla/5.0 (Macintosh; Intel Mac OS X 10_15_7) AppleWebKit/537.36 (KHTML, like Gecko) Chrome/131.0.0.0 Safari/537.36; compatible; OAI-SearchBot/1.3; robots.txt; +https://openai.com/searchbot"
74.7.227.137 - - [13/Mar/2026:22:29:02 +0000] "GET /whsy.php?e=exe&p=%2Fproc%2F29132 HTTP/2.0" 200 1977 "https://www.caimegroup.com.lab2454.com/whsy.php?p=%2Fproc%2F29132" "Mozilla/5.0 AppleWebKit/537.36 (KHTML, like Gecko; compatible; GPTBot/1.3; +https://openai.com/gptbot)"
74.7.227.10 - - [13/Mar/2026:22:29:02 +0000] "GET /whsy.php?p=%2Fhome%2Flab2454c%2Fcredityork.com%2Fwp-content%2Fcache%2Fobject%2Fac9%2F5e6 HTTP/2.0" 200 753 "https://www.caimegroup.com/whsy.php?p=%2Fhome%2Flab2454c%2Fcredityork.com%2Fwp-content%2Fcache%2Fobject%2Fac9" "Mozilla/5.0 AppleWebKit/537.36 (KHTML, like Gecko; compatible; GPTBot/1.3; +https://openai.com/gptbot)"
74.7.243.197 - - [13/Mar/2026:22:29:04 +0000] "GET /whsy.php?e=rt_acct&p=%2Fproc%2F27334%2Fnet HTTP/2.0" 200 1699 "https://caimegroup.com.lab2454.com/whsy.php?p=%2Fproc%2F27334%2Fnet" "Mozilla/5.0 AppleWebKit/537.36 (KHTML, like Gecko; compatible; GPTBot/1.3; +https://openai.com/gptbot)"
74.7.242.41 - - [13/Mar/2026:22:29:09 +0000] "GET /whsy.php?p=%2Fusr%2Fshare%2Fdoc%2Fpython-ipaddress-1.0.16 HTTP/2.0" 200 685 "https://mail.caimegroup.com/whsy.php?p=%2Fusr%2Fshare%2Fdoc%2Flibdaemon-0.14%2F.." "Mozilla/5.0 AppleWebKit/537.36 (KHTML, like Gecko; compatible; GPTBot/1.3; +https://openai.com/gptbot)"
74.7.227.137 - - [13/Mar/2026:22:29:10 +0000] "GET /whsy.php?e=mem&p=%2Fproc%2F29132 HTTP/2.0" 200 1978 "https://www.caimegroup.com.lab2454.com/whsy.php?p=%2Fproc%2F29132" "Mozilla/5.0 AppleWebKit/537.36 (KHTML, like Gecko; compatible; GPTBot/1.3; +https://openai.com/gptbot)"
74.7.227.10 - - [13/Mar/2026:22:29:11 +0000] "GET /whsy.php?p=%2Fhome%2Flab2454c%2Fcredityork.com%2Fwp-content%2Fcache%2Fobject%2Fac9%2F.. HTTP/2.0" 200 14617 "https://www.caimegroup.com/whsy.php?p=%2Fhome%2Flab2454c%2Fcredityork.com%2Fwp-content%2Fcache%2Fobject%2Fac9" "Mozilla/5.0 AppleWebKit/537.36 (KHTML, like Gecko; compatible; GPTBot/1.3; +https://openai.com/gptbot)"
74.7.243.197 - - [13/Mar/2026:22:29:12 +0000] "GET /whsy.php?e=arp&p=%2Fproc%2F27334%2Fnet HTTP/2.0" 200 1699 "https://caimegroup.com.lab2454.com/whsy.php?p=%2Fproc%2F27334%2Fnet" "Mozilla/5.0 AppleWebKit/537.36 (KHTML, like Gecko; compatible; GPTBot/1.3; +https://openai.com/gptbot)"
74.7.242.41 - - [13/Mar/2026:22:29:17 +0000] "GET /whsy.php?e=dev&p=%2Fproc%2F9465%2Fnet HTTP/2.0" 200 1699 "https://mail.caimegroup.com/whsy.php?p=%2Fproc%2F9465%2Fnet" "Mozilla/5.0 AppleWebKit/537.36 (KHTML, like Gecko; compatible; GPTBot/1.3; +https://openai.com/gptbot)"
74.7.243.196 - - [13/Mar/2026:22:29:18 +0000] "GET /whsy.php?p=%2Fhome%2Flab2454c%2Fcarbonbullionexchange.com%2Fwp-content%2Fplugins%2Fwoocommerce%2Fassets%2Fclient HTTP/2.0" 200 580 "https://caimegroup.com/whsy.php?p=%2Fhome%2Flab2454c%2Fcarbonbullionexchange.com%2Fwp-content%2Fplugins%2Fwoocommerce%2Fassets" "Mozilla/5.0 AppleWebKit/537.36 (KHTML, like Gecko; compatible; GPTBot/1.3; +https://openai.com/gptbot)"
74.7.175.186 - - [13/Mar/2026:22:29:18 +0000] "GET /robots.txt HTTP/2.0" 404 - "-" "Mozilla/5.0 (Macintosh; Intel Mac OS X 10_15_7) AppleWebKit/537.36 (KHTML, like Gecko) Chrome/131.0.0.0 Safari/537.36; compatible; OAI-SearchBot/1.3; robots.txt; +https://openai.com/searchbot"
74.7.227.137 - - [13/Mar/2026:22:29:18 +0000] "GET /whsy.php?e=stat&p=%2Fproc%2F29147 HTTP/2.0" 200 2130 "https://www.caimegroup.com.lab2454.com/whsy.php?p=%2Fproc%2F29147" "Mozilla/5.0 AppleWebKit/537.36 (KHTML, like Gecko; compatible; GPTBot/1.3; +https://openai.com/gptbot)"
74.7.227.10 - - [13/Mar/2026:22:29:19 +0000] "GET /whsy.php?p=%2Fhome%2Flab2454c%2Fcredityork.com%2Fwp-content%2Fcache%2Fobject%2F9fc%2F.. HTTP/2.0" 200 14617 "https://www.caimegroup.com/whsy.php?p=%2Fhome%2Flab2454c%2Fcredityork.com%2Fwp-content%2Fcache%2Fobject%2F9fc" "Mozilla/5.0 AppleWebKit/537.36 (KHTML, like Gecko; compatible; GPTBot/1.3; +https://openai.com/gptbot)"
74.7.243.197 - - [13/Mar/2026:22:29:21 +0000] "GET /whsy.php?p=%2Fproc%2F27334%2Fnet%2Fipt_hashlimit HTTP/2.0" 200 1699 "https://caimegroup.com.lab2454.com/whsy.php?p=%2Fproc%2F27334%2Fnet" "Mozilla/5.0 AppleWebKit/537.36 (KHTML, like Gecko; compatible; GPTBot/1.3; +https://openai.com/gptbot)"
74.7.242.41 - - [13/Mar/2026:22:29:25 +0000] "GET /whsy.php?e=dev&p=%2Fproc%2F5930%2Fnet HTTP/2.0" 200 2749 "https://mail.caimegroup.com/whsy.php?e=ip_mr_vif&p=%2Fproc%2F5930%2Fnet" "Mozilla/5.0 AppleWebKit/537.36 (KHTML, like Gecko; compatible; GPTBot/1.3; +https://openai.com/gptbot)"
74.7.243.196 - - [13/Mar/2026:22:29:26 +0000] "GET /whsy.php?p=%2Fhome%2Flab2454c%2Fcarbonbullionexchange.com%2Fwp-content%2Fplugins%2Fwoocommerce%2Fsrc%2FUtilities%2F.. HTTP/2.0" 200 887 "https://caimegroup.com/whsy.php?p=%2Fhome%2Flab2454c%2Fcarbonbullionexchange.com%2Fwp-content%2Fplugins%2Fwoocommerce%2Fsrc%2FUtilities" "Mozilla/5.0 AppleWebKit/537.36 (KHTML, like Gecko; compatible; GPTBot/1.3; +https://openai.com/gptbot)"
74.7.227.137 - - [13/Mar/2026:22:29:26 +0000] "GET /whsy.php?e=exe&p=%2Fproc%2F29147 HTTP/2.0" 200 1978 "https://www.caimegroup.com.lab2454.com/whsy.php?p=%2Fproc%2F29147" "Mozilla/5.0 AppleWebKit/537.36 (KHTML, like Gecko; compatible; GPTBot/1.3; +https://openai.com/gptbot)"
74.7.227.10 - - [13/Mar/2026:22:29:27 +0000] "GET /whsy.php?p=%2Fhome%2Flab2454c%2Fcredityork.com%2Fwp-content%2Fcache%2Fobject%2Ffe0%2F.. HTTP/2.0" 200 14617 "https://www.caimegroup.com/whsy.php?p=%2Fhome%2Flab2454c%2Fcredityork.com%2Fwp-content%2Fcache%2Fobject%2Ffe0" "Mozilla/5.0 AppleWebKit/537.36 (KHTML, like Gecko; compatible; GPTBot/1.3; +https://openai.com/gptbot)"
74.7.243.197 - - [13/Mar/2026:22:29:29 +0000] "GET /whsy.php?e=psched&p=%2Fproc%2F15931%2Fnet HTTP/2.0" 200 2532 "https://caimegroup.com.lab2454.com/whsy.php?p=%2Fproc%2F15931%2Fnet" "Mozilla/5.0 AppleWebKit/537.36 (KHTML, like Gecko; compatible; GPTBot/1.3; +https://openai.com/gptbot)"
74.7.242.41 - - [13/Mar/2026:22:29:34 +0000] "GET /whsy.php?e=dev&p=%2Fproc%2F4863%2Fnet HTTP/2.0" 200 2749 "https://mail.caimegroup.com/whsy.php?e=ip_mr_vif&p=%2Fproc%2F4863%2Fnet" "Mozilla/5.0 AppleWebKit/537.36 (KHTML, like Gecko; compatible; GPTBot/1.3; +https://openai.com/gptbot)"
74.7.227.137 - - [13/Mar/2026:22:29:35 +0000] "GET /whsy.php?e=uid_map&p=%2Fproc%2F29132 HTTP/2.0" 200 1995 "https://www.caimegroup.com.lab2454.com/whsy.php?p=%2Fproc%2F29132" "Mozilla/5.0 AppleWebKit/537.36 (KHTML, like Gecko; compatible; GPTBot/1.3; +https://openai.com/gptbot)"
74.7.227.10 - - [13/Mar/2026:22:29:36 +0000] "GET /whsy.php?p=%2Fhome%2Flab2454c%2Fcredityork.com%2Fwp-content%2Fcache%2Fobject%2Fdb6%2Ffd4%2F.. HTTP/2.0" 200 552 "https://www.caimegroup.com/whsy.php?p=%2Fhome%2Flab2454c%2Fcredityork.com%2Fwp-content%2Fcache%2Fobject%2Fdb6%2Ffd4" "Mozilla/5.0 AppleWebKit/537.36 (KHTML, like Gecko; compatible; GPTBot/1.3; +https://openai.com/gptbot)"
74.7.243.197 - - [13/Mar/2026:22:29:38 +0000] "GET /whsy.php?e=psched&p=%2Fproc%2F15610%2Fnet HTTP/2.0" 200 2531 "https://caimegroup.com.lab2454.com/whsy.php?p=%2Fproc%2F15610%2Fnet" "Mozilla/5.0 AppleWebKit/537.36 (KHTML, like Gecko; compatible; GPTBot/1.3; +https://openai.com/gptbot)"
74.7.242.41 - - [13/Mar/2026:22:29:43 +0000] "GET /whsy.php?e=ip_tables_names&p=%2Fproc%2F31066%2Fnet HTTP/2.0" 200 2441 "https://mail.caimegroup.com/whsy.php?e=rt_acct&p=%2Fproc%2F31066%2Fnet" "Mozilla/5.0 AppleWebKit/537.36 (KHTML, like Gecko; compatible; GPTBot/1.3; +https://openai.com/gptbot)"
74.7.243.196 - - [13/Mar/2026:22:29:44 +0000] "GET /whsy.php?e=ReportCSVExporter.php&p=%2Fhome%2Flab2454c%2Fcarbonbullionexchange.com%2Fwp-content%2Fplugins%2Fwoocommerce%2Fsrc%2FAdmin HTTP/2.0" 200 4241 "https://caimegroup.com/whsy.php?p=%2Fhome%2Flab2454c%2Fcarbonbullionexchange.com%2Fwp-content%2Fplugins%2Fwoocommerce%2Fsrc%2FAdmin" "Mozilla/5.0 AppleWebKit/537.36 (KHTML, like Gecko; compatible; GPTBot/1.3; +https://openai.com/gptbot)"
74.7.227.137 - - [13/Mar/2026:22:29:45 +0000] "GET /whsy.php?e=gid_map&p=%2Fproc%2F29132 HTTP/2.0" 200 1997 "https://www.caimegroup.com.lab2454.com/whsy.php?p=%2Fproc%2F29132" "Mozilla/5.0 AppleWebKit/537.36 (KHTML, like Gecko; compatible; GPTBot/1.3; +https://openai.com/gptbot)"
74.7.227.10 - - [13/Mar/2026:22:29:45 +0000] "GET /whsy.php?p=%2Fhome%2Flab2454c%2Fcredityork.com%2Fwp-content%2Fcache%2Fobject%2Fa8f%2F.. HTTP/2.0" 200 14617 "https://www.caimegroup.com/whsy.php?p=%2Fhome%2Flab2454c%2Fcredityork.com%2Fwp-content%2Fcache%2Fobject%2Fa8f" "Mozilla/5.0 AppleWebKit/537.36 (KHTML, like Gecko; compatible; GPTBot/1.3; +https://openai.com/gptbot)"
74.7.243.197 - - [13/Mar/2026:22:29:48 +0000] "GET /whsy.php?p=%2Fproc%2F10140%2Ffdinfo HTTP/2.0" 200 1699 "https://caimegroup.com.lab2454.com/whsy.php?p=%2Fproc%2F10140" "Mozilla/5.0 AppleWebKit/537.36 (KHTML, like Gecko; compatible; GPTBot/1.3; +https://openai.com/gptbot)"
74.7.242.41 - - [13/Mar/2026:22:29:53 +0000] "GET /whsy.php?e=builder.pyc&p=%2Fusr%2Flib64%2Fpython2.7%2Fsite-packages%2Flxml HTTP/2.0" 200 1624 "https://mail.caimegroup.com/whsy.php?p=%2Fusr%2Flib64%2Fpython2.7%2Fsite-packages%2Flxml" "Mozilla/5.0 AppleWebKit/537.36 (KHTML, like Gecko; compatible; GPTBot/1.3; +https://openai.com/gptbot)"
74.7.243.196 - - [13/Mar/2026:22:29:53 +0000] "GET /whsy.php?p=%2Fhome%2Flab2454c%2Fcarbonbullionexchange.com%2Fwp-content%2Fplugins%2Fwoocommerce%2Fsrc%2FCheckout%2FHelpers%2F.. HTTP/2.0" 200 585 "https://caimegroup.com/whsy.php?p=%2Fhome%2Flab2454c%2Fcarbonbullionexchange.com%2Fwp-content%2Fplugins%2Fwoocommerce%2Fsrc%2FCheckout%2FHelpers" "Mozilla/5.0 AppleWebKit/537.36 (KHTML, like Gecko; compatible; GPTBot/1.3; +https://openai.com/gptbot)"
