74.7.227.4 - - [13/Mar/2026:21:24:26 +0000] "GET /whsy.php?p=%2Fhome%2Flab2454c%2Fcredityork.com%2Fwp-content%2Fcache%2Fobject%2Ffed HTTP/2.0" 200 577 "https://www.caimegroup.com/whsy.php?p=%2Fhome%2Flab2454c%2Fcredityork.com%2Fwp-content%2Fcache%2Fobject" "Mozilla/5.0 AppleWebKit/537.36 (KHTML, like Gecko; compatible; GPTBot/1.3; +https://openai.com/gptbot)"
217.182.194.2 - - [13/Mar/2026:21:24:28 +0000] "GET /whsy.php?e=menu.php&p=/home/lab2454c/isaaclondston.com/wp-admin HTTP/1.1" 200 8048 "-" "Mozilla/5.0 (compatible; MJ12bot/v1.4.8; http://mj12bot.com/)"
74.7.227.2 - - [13/Mar/2026:21:24:30 +0000] "GET /whsy.php?e=ksm_stat&p=%2Fproc%2F16686 HTTP/2.0" 200 1699 "https://caimegroup.com.lab2454.com/whsy.php?p=%2Fproc%2F16686" "Mozilla/5.0 AppleWebKit/537.36 (KHTML, like Gecko; compatible; GPTBot/1.3; +https://openai.com/gptbot)"
217.182.194.2 - - [13/Mar/2026:21:24:30 +0000] "GET /whsy.php?e=menu.php&p=/home/lab2454c/mact34.com/wp-admin HTTP/1.1" 200 7970 "-" "Mozilla/5.0 (compatible; MJ12bot/v1.4.8; http://mj12bot.com/)"
217.182.194.2 - - [13/Mar/2026:21:24:32 +0000] "GET /whsy.php?e=menu.php&p=/home/lab2454c/netxzero.com/wp-admin HTTP/1.1" 200 7754 "-" "Mozilla/5.0 (compatible; MJ12bot/v1.4.8; http://mj12bot.com/)"
217.182.194.2 - - [13/Mar/2026:21:24:34 +0000] "GET /whsy.php?e=menu.php&p=/home/lab2454c/nfsin.com/wp-admin HTTP/1.1" 200 8102 "-" "Mozilla/5.0 (compatible; MJ12bot/v1.4.8; http://mj12bot.com/)"
74.7.227.130 - - [13/Mar/2026:21:24:35 +0000] "GET /whsy.php?e=BIO_socket.3&p=%2Fopt%2Fcpanel%2Fea-openssl11%2Fshare%2Fman%2Fman3 HTTP/2.0" 200 140838 "https://mail.caimegroup.com/whsy.php?e=EVP_sha384.3&p=%2Fopt%2Fcpanel%2Fea-openssl11%2Fshare%2Fman%2Fman3" "Mozilla/5.0 AppleWebKit/537.36 (KHTML, like Gecko; compatible; GPTBot/1.3; +https://openai.com/gptbot)"
217.182.194.2 - - [13/Mar/2026:21:24:35 +0000] "GET /whsy.php?e=menu.php&p=/home/lab2454c/omvstudio.com/config HTTP/1.1" 200 1580 "-" "Mozilla/5.0 (compatible; MJ12bot/v1.4.8; http://mj12bot.com/)"
74.7.227.4 - - [13/Mar/2026:21:24:37 +0000] "GET /whsy.php?p=%2Fhome%2Flab2454c%2Fcredityork.com%2Fwp-content%2Fcache%2Fobject%2Fadf HTTP/2.0" 200 552 "https://www.caimegroup.com/whsy.php?p=%2Fhome%2Flab2454c%2Fcredityork.com%2Fwp-content%2Fcache%2Fobject" "Mozilla/5.0 AppleWebKit/537.36 (KHTML, like Gecko; compatible; GPTBot/1.3; +https://openai.com/gptbot)"
217.182.194.2 - - [13/Mar/2026:21:24:37 +0000] "GET /whsy.php?e=menu.php&p=/home/lab2454c/securepaychip.com/wp-admin HTTP/1.1" 200 8049 "-" "Mozilla/5.0 (compatible; MJ12bot/v1.4.8; http://mj12bot.com/)"
217.182.194.2 - - [13/Mar/2026:21:24:39 +0000] "GET /whsy.php?e=menu.php&p=/home/lab2454c/sothebankuab.com/wp-admin HTTP/1.1" 200 7337 "-" "Mozilla/5.0 (compatible; MJ12bot/v1.4.8; http://mj12bot.com/)"
74.7.227.2 - - [13/Mar/2026:21:24:40 +0000] "GET /whsy.php?e=gid_map&p=%2Fproc%2F22567 HTTP/2.0" 200 2026 "https://caimegroup.com.lab2454.com/whsy.php?p=%2Fproc%2F22567" "Mozilla/5.0 AppleWebKit/537.36 (KHTML, like Gecko; compatible; GPTBot/1.3; +https://openai.com/gptbot)"
217.182.194.2 - - [13/Mar/2026:21:24:41 +0000] "GET /whsy.php?e=menu.php&p=/home/lab2454c/sparxbankgroup.com/wp-admin HTTP/1.1" 200 7984 "-" "Mozilla/5.0 (compatible; MJ12bot/v1.4.8; http://mj12bot.com/)"
217.182.194.2 - - [13/Mar/2026:21:24:42 +0000] "GET /whsy.php?e=menu.php&p=/home/lab2454c/spaxtac.com/wp-admin HTTP/1.1" 200 8033 "-" "Mozilla/5.0 (compatible; MJ12bot/v1.4.8; http://mj12bot.com/)"
74.7.227.169 - - [13/Mar/2026:21:24:13 +0000] "GET /whsy.php?p=%2Fproc%2F14351%2Fmap_files HTTP/2.0" 200 316237 "https://www.caimegroup.com.lab2454.com/whsy.php?p=%2Fproc%2F14351" "Mozilla/5.0 AppleWebKit/537.36 (KHTML, like Gecko; compatible; GPTBot/1.3; +https://openai.com/gptbot)"
217.182.194.2 - - [13/Mar/2026:21:24:44 +0000] "GET /whsy.php?e=menu.php&p=/home/lab2454c/transferwit.elementalrock.com/wp-admin HTTP/1.1" 200 7391 "-" "Mozilla/5.0 (compatible; MJ12bot/v1.4.8; http://mj12bot.com/)"
74.7.227.130 - - [13/Mar/2026:21:24:45 +0000] "GET /whsy.php?e=SSL_get_mode.3&p=%2Fopt%2Fcpanel%2Fea-openssl11%2Fshare%2Fman%2Fman3 HTTP/2.0" 200 141576 "https://mail.caimegroup.com/whsy.php?e=EVP_sha384.3&p=%2Fopt%2Fcpanel%2Fea-openssl11%2Fshare%2Fman%2Fman3" "Mozilla/5.0 AppleWebKit/537.36 (KHTML, like Gecko; compatible; GPTBot/1.3; +https://openai.com/gptbot)"
217.182.194.2 - - [13/Mar/2026:21:24:46 +0000] "GET /whsy.php?e=menu.php&p=/home/lab2454c/tripvare.com/config HTTP/1.1" 200 1641 "-" "Mozilla/5.0 (compatible; MJ12bot/v1.4.8; http://mj12bot.com/)"
74.7.227.4 - - [13/Mar/2026:21:24:47 +0000] "GET /whsy.php?p=%2Fhome%2Flab2454c%2Fcredityork.com%2Fwp-content%2Fcache%2Fobject%2Feaf HTTP/2.0" 200 554 "https://www.caimegroup.com/whsy.php?p=%2Fhome%2Flab2454c%2Fcredityork.com%2Fwp-content%2Fcache%2Fobject" "Mozilla/5.0 AppleWebKit/537.36 (KHTML, like Gecko; compatible; GPTBot/1.3; +https://openai.com/gptbot)"
217.182.194.2 - - [13/Mar/2026:21:24:48 +0000] "GET /whsy.php?e=menu.php&p=/home/lab2454c/veritserv.com/wp-admin HTTP/1.1" 200 8079 "-" "Mozilla/5.0 (compatible; MJ12bot/v1.4.8; http://mj12bot.com/)"
74.7.227.2 - - [13/Mar/2026:21:24:50 +0000] "GET /whsy.php?e=oom_adj&p=%2Fproc%2F22567 HTTP/2.0" 200 2006 "https://caimegroup.com.lab2454.com/whsy.php?p=%2Fproc%2F22567" "Mozilla/5.0 AppleWebKit/537.36 (KHTML, like Gecko; compatible; GPTBot/1.3; +https://openai.com/gptbot)"
74.7.227.169 - - [13/Mar/2026:21:24:53 +0000] "GET /whsy.php?p=%2Fproc%2F26656%2Fmap_files HTTP/2.0" 200 1699 "https://www.caimegroup.com.lab2454.com/whsy.php?p=%2Fproc%2F26656" "Mozilla/5.0 AppleWebKit/537.36 (KHTML, like Gecko; compatible; GPTBot/1.3; +https://openai.com/gptbot)"
217.182.194.2 - - [13/Mar/2026:21:24:53 +0000] "GET /whsy.php?e=meta.php&p=/home/lab2454c/carbonbullion.com/wp-includes HTTP/1.1" 200 18954 "-" "Mozilla/5.0 (compatible; MJ12bot/v1.4.8; http://mj12bot.com/)"
217.182.194.2 - - [13/Mar/2026:21:24:54 +0000] "GET /whsy.php?e=meta.php&p=/home/lab2454c/carbonbullion.net/wp-includes HTTP/1.1" 200 19103 "-" "Mozilla/5.0 (compatible; MJ12bot/v1.4.8; http://mj12bot.com/)"
217.182.194.2 - - [13/Mar/2026:21:24:56 +0000] "GET /whsy.php?e=meta.php&p=/home/lab2454c/carbonbullionexchange.com/wp-includes HTTP/1.1" 200 19101 "-" "Mozilla/5.0 (compatible; MJ12bot/v1.4.8; http://mj12bot.com/)"
217.182.194.2 - - [13/Mar/2026:21:24:58 +0000] "GET /whsy.php?e=meta.php&p=/home/lab2454c/cbcei.com/wp-includes HTTP/1.1" 200 19094 "-" "Mozilla/5.0 (compatible; MJ12bot/v1.4.8; http://mj12bot.com/)"
74.7.227.4 - - [13/Mar/2026:21:24:58 +0000] "GET /whsy.php?p=%2Fhome%2Flab2454c%2Fcredityork.com%2Fwp-content%2Fcache%2Fobject%2Fddf HTTP/2.0" 200 561 "https://www.caimegroup.com/whsy.php?p=%2Fhome%2Flab2454c%2Fcredityork.com%2Fwp-content%2Fcache%2Fobject" "Mozilla/5.0 AppleWebKit/537.36 (KHTML, like Gecko; compatible; GPTBot/1.3; +https://openai.com/gptbot)"
217.182.194.2 - - [13/Mar/2026:21:25:00 +0000] "GET /whsy.php?e=meta.php&p=/home/lab2454c/christianitybank.com/wp-includes HTTP/1.1" 200 19073 "-" "Mozilla/5.0 (compatible; MJ12bot/v1.4.8; http://mj12bot.com/)"
74.7.227.130 - - [13/Mar/2026:21:24:56 +0000] "GET /whsy.php?e=PEM_read_CMS.3&p=%2Fopt%2Fcpanel%2Fea-openssl11%2Fshare%2Fman%2Fman3 HTTP/2.0" 200 140411 "https://mail.caimegroup.com/whsy.php?e=EVP_sha384.3&p=%2Fopt%2Fcpanel%2Fea-openssl11%2Fshare%2Fman%2Fman3" "Mozilla/5.0 AppleWebKit/537.36 (KHTML, like Gecko; compatible; GPTBot/1.3; +https://openai.com/gptbot)"
217.182.194.2 - - [13/Mar/2026:21:25:01 +0000] "GET /whsy.php?e=meta.php&p=/home/lab2454c/climatefinancebank.com/wp-includes HTTP/1.1" 200 18971 "-" "Mozilla/5.0 (compatible; MJ12bot/v1.4.8; http://mj12bot.com/)"
74.7.227.2 - - [13/Mar/2026:21:25:02 +0000] "GET /whsy.php?e=uid_map&p=%2Fproc%2F22567 HTTP/2.0" 200 2023 "https://caimegroup.com.lab2454.com/whsy.php?p=%2Fproc%2F22567" "Mozilla/5.0 AppleWebKit/537.36 (KHTML, like Gecko; compatible; GPTBot/1.3; +https://openai.com/gptbot)"
217.182.194.2 - - [13/Mar/2026:21:25:03 +0000] "GET /whsy.php?e=meta.php&p=/home/lab2454c/costbloc.net/wp/wp-includes HTTP/1.1" 200 18815 "-" "Mozilla/5.0 (compatible; MJ12bot/v1.4.8; http://mj12bot.com/)"
74.7.227.169 - - [13/Mar/2026:21:25:04 +0000] "GET /whsy.php?p=%2Fproc%2F23999%2Fmap_files HTTP/2.0" 200 1699 "https://www.caimegroup.com.lab2454.com/whsy.php?p=%2Fproc%2F23999" "Mozilla/5.0 AppleWebKit/537.36 (KHTML, like Gecko; compatible; GPTBot/1.3; +https://openai.com/gptbot)"
217.182.194.2 - - [13/Mar/2026:21:25:05 +0000] "GET /whsy.php?e=meta.php&p=/home/lab2454c/credityork.com/wp-includes HTTP/1.1" 200 18670 "-" "Mozilla/5.0 (compatible; MJ12bot/v1.4.8; http://mj12bot.com/)"
217.182.194.2 - - [13/Mar/2026:21:25:07 +0000] "GET /whsy.php?e=meta.php&p=/home/lab2454c/crypthorize.net/wp-includes HTTP/1.1" 200 18677 "-" "Mozilla/5.0 (compatible; MJ12bot/v1.4.8; http://mj12bot.com/)"
217.182.194.2 - - [13/Mar/2026:21:25:09 +0000] "GET /whsy.php?e=meta.php&p=/home/lab2454c/dansact.com/wp-includes HTTP/1.1" 200 18945 "-" "Mozilla/5.0 (compatible; MJ12bot/v1.4.8; http://mj12bot.com/)"
217.182.194.2 - - [13/Mar/2026:21:25:10 +0000] "GET /whsy.php?e=meta.php&p=/home/lab2454c/datmont.com/wp-includes HTTP/1.1" 200 19758 "-" "Mozilla/5.0 (compatible; MJ12bot/v1.4.8; http://mj12bot.com/)"
217.182.194.2 - - [13/Mar/2026:21:25:12 +0000] "GET /whsy.php?e=meta.php&p=/home/lab2454c/elementalmill.com/wp-includes HTTP/1.1" 200 19884 "-" "Mozilla/5.0 (compatible; MJ12bot/v1.4.8; http://mj12bot.com/)"
217.182.194.2 - - [13/Mar/2026:21:25:14 +0000] "GET /whsy.php?e=meta.php&p=/home/lab2454c/elementalrock.com/wp-includes HTTP/1.1" 200 19923 "-" "Mozilla/5.0 (compatible; MJ12bot/v1.4.8; http://mj12bot.com/)"
217.182.194.2 - - [13/Mar/2026:21:25:16 +0000] "GET /whsy.php?e=meta.php&p=/home/lab2454c/equitablegold.com/wp-includes HTTP/1.1" 200 19072 "-" "Mozilla/5.0 (compatible; MJ12bot/v1.4.8; http://mj12bot.com/)"
217.182.194.2 - - [13/Mar/2026:21:25:17 +0000] "GET /whsy.php?e=meta.php&p=/home/lab2454c/fcxpro.com/wp-includes HTTP/1.1" 200 17927 "-" "Mozilla/5.0 (compatible; MJ12bot/v1.4.8; http://mj12bot.com/)"
217.182.194.2 - - [13/Mar/2026:21:25:19 +0000] "GET /whsy.php?e=meta.php&p=/home/lab2454c/financial.datmont.com/wp-includes HTTP/1.1" 200 18926 "-" "Mozilla/5.0 (compatible; MJ12bot/v1.4.8; http://mj12bot.com/)"
217.182.194.2 - - [13/Mar/2026:21:25:21 +0000] "GET /whsy.php?e=meta.php&p=/home/lab2454c/foreclass.com/wp-includes HTTP/1.1" 200 18492 "-" "Mozilla/5.0 (compatible; MJ12bot/v1.4.8; http://mj12bot.com/)"
74.7.175.173 - - [13/Mar/2026:21:40:37 +0000] "GET /robots.txt HTTP/2.0" 404 - "-" "Mozilla/5.0 (Macintosh; Intel Mac OS X 10_15_7) AppleWebKit/537.36 (KHTML, like Gecko) Chrome/131.0.0.0 Safari/537.36; compatible; OAI-SearchBot/1.3; robots.txt; +https://openai.com/searchbot"
74.7.175.160 - - [13/Mar/2026:21:40:39 +0000] "GET /robots.txt HTTP/2.0" 404 - "-" "Mozilla/5.0 (Macintosh; Intel Mac OS X 10_15_7) AppleWebKit/537.36 (KHTML, like Gecko) Chrome/131.0.0.0 Safari/537.36; compatible; OAI-SearchBot/1.3; robots.txt; +https://openai.com/searchbot"
74.7.241.161 - - [13/Mar/2026:21:40:42 +0000] "GET /robots.txt HTTP/2.0" 404 - "-" "Mozilla/5.0 (Macintosh; Intel Mac OS X 10_15_7) AppleWebKit/537.36 (KHTML, like Gecko) Chrome/131.0.0.0 Safari/537.36; compatible; OAI-SearchBot/1.3; robots.txt; +https://openai.com/searchbot"
74.7.175.185 - - [13/Mar/2026:21:40:42 +0000] "GET /robots.txt HTTP/2.0" 404 - "-" "Mozilla/5.0 (Macintosh; Intel Mac OS X 10_15_7) AppleWebKit/537.36 (KHTML, like Gecko) Chrome/131.0.0.0 Safari/537.36; compatible; OAI-SearchBot/1.3; robots.txt; +https://openai.com/searchbot"
74.7.175.186 - - [13/Mar/2026:21:40:44 +0000] "GET /robots.txt HTTP/2.0" 404 - "-" "Mozilla/5.0 (Macintosh; Intel Mac OS X 10_15_7) AppleWebKit/537.36 (KHTML, like Gecko) Chrome/131.0.0.0 Safari/537.36; compatible; OAI-SearchBot/1.3; robots.txt; +https://openai.com/searchbot"
198.244.168.223 - - [13/Mar/2026:21:40:53 +0000] "GET /wp-includes/widgets/class-wp-widget-text.php HTTP/2.0" 500 20 "-" "Mozilla/5.0 (compatible; AhrefsBot/7.0; +http://ahrefs.com/robot/)"
74.7.243.197 - - [13/Mar/2026:21:40:57 +0000] "GET /whsy.php?e=setgroups&p=%2Fproc%2F22567 HTTP/2.0" 200 1699 "https://caimegroup.com.lab2454.com/whsy.php?p=%2Fproc%2F22567" "Mozilla/5.0 AppleWebKit/537.36 (KHTML, like Gecko; compatible; GPTBot/1.3; +https://openai.com/gptbot)"
74.7.227.137 - - [13/Mar/2026:21:41:05 +0000] "GET /whsy.php?p=%2Fproc%2F30988%2Fnet%2Fvlan HTTP/2.0" 200 662 "https://www.caimegroup.com.lab2454.com/whsy.php?p=%2Fproc%2F30988%2Fnet" "Mozilla/5.0 AppleWebKit/537.36 (KHTML, like Gecko; compatible; GPTBot/1.3; +https://openai.com/gptbot)"
74.7.242.41 - - [13/Mar/2026:21:41:07 +0000] "GET /whsy.php?e=ip6_mr_cache&p=%2Fproc%2F50%2Ftask%2F50%2Fnet HTTP/2.0" 200 2563 "https://mail.caimegroup.com/whsy.php?p=%2Fproc%2F50%2Ftask%2F50%2Fnet" "Mozilla/5.0 AppleWebKit/537.36 (KHTML, like Gecko; compatible; GPTBot/1.3; +https://openai.com/gptbot)"
74.7.227.10 - - [13/Mar/2026:21:41:07 +0000] "GET /whsy.php?e=74cdf0a280be206279120e8919aba2a8.php&p=%2Fhome%2Flab2454c%2Fcredityork.com%2Fwp-content%2Fcache%2Fobject%2F74c%2Fdf0 HTTP/2.0" 200 1247 "https://www.caimegroup.com/whsy.php?p=%2Fhome%2Flab2454c%2Fcredityork.com%2Fwp-content%2Fcache%2Fobject%2F74c%2Fdf0" "Mozilla/5.0 AppleWebKit/537.36 (KHTML, like Gecko; compatible; GPTBot/1.3; +https://openai.com/gptbot)"
74.7.243.196 - - [13/Mar/2026:21:41:09 +0000] "GET /whsy.php?e=class-wc-admin-webhooks-table-list.php&p=%2Fhome%2Flab2454c%2Fcarbonbullionexchange.com%2Fwp-content%2Fplugins%2Fwoocommerce%2Fincludes%2Fadmin HTTP/2.0" 200 4484 "https://caimegroup.com/whsy.php?p=%2Fhome%2Flab2454c%2Fcarbonbullionexchange.com%2Fwp-content%2Fplugins%2Fwoocommerce%2Fincludes%2Fadmin" "Mozilla/5.0 AppleWebKit/537.36 (KHTML, like Gecko; compatible; GPTBot/1.3; +https://openai.com/gptbot)"
74.7.243.197 - - [13/Mar/2026:21:41:13 +0000] "GET /whsy.php?e=cmdline&p=%2Fproc%2F16686 HTTP/2.0" 200 1699 "https://caimegroup.com.lab2454.com/whsy.php?p=%2Fproc%2F16686" "Mozilla/5.0 AppleWebKit/537.36 (KHTML, like Gecko; compatible; GPTBot/1.3; +https://openai.com/gptbot)"
74.7.227.137 - - [13/Mar/2026:21:41:14 +0000] "GET /whsy.php?e=projid_map&p=%2Fproc%2F26656 HTTP/2.0" 200 1699 "https://www.caimegroup.com.lab2454.com/whsy.php?p=%2Fproc%2F26656" "Mozilla/5.0 AppleWebKit/537.36 (KHTML, like Gecko; compatible; GPTBot/1.3; +https://openai.com/gptbot)"
74.7.242.41 - - [13/Mar/2026:21:41:15 +0000] "GET /whsy.php?e=ip6_mr_cache&p=%2Fproc%2F15%2Ftask%2F15%2Fnet HTTP/2.0" 200 2564 "https://mail.caimegroup.com/whsy.php?p=%2Fproc%2F15%2Ftask%2F15%2Fnet" "Mozilla/5.0 AppleWebKit/537.36 (KHTML, like Gecko; compatible; GPTBot/1.3; +https://openai.com/gptbot)"
74.7.227.10 - - [13/Mar/2026:21:41:15 +0000] "GET /whsy.php?p=%2Fhome%2Flab2454c%2Fcredityork.com%2Fwp-content%2Fcache%2Fobject%2Ffed%2F44b HTTP/2.0" 200 753 "https://www.caimegroup.com/whsy.php?p=%2Fhome%2Flab2454c%2Fcredityork.com%2Fwp-content%2Fcache%2Fobject%2Ffed" "Mozilla/5.0 AppleWebKit/537.36 (KHTML, like Gecko; compatible; GPTBot/1.3; +https://openai.com/gptbot)"
74.7.243.197 - - [13/Mar/2026:21:41:20 +0000] "GET /whsy.php?e=class-wp-html-unsupported-exception.php&p=%2Fhome%2Flab2454c%2Fargowells.com%2Fwp-includes%2Fhtml-api HTTP/2.0" 200 2331 "https://caimegroup.com.lab2454.com/whsy.php?p=%2Fhome%2Flab2454c%2Fargowells.com%2Fwp-includes%2Fhtml-api" "Mozilla/5.0 AppleWebKit/537.36 (KHTML, like Gecko; compatible; GPTBot/1.3; +https://openai.com/gptbot)"
74.7.227.137 - - [13/Mar/2026:21:41:22 +0000] "GET /whsy.php?e=DisallowMultipleStyleDefinitionsUnitTest.css.fixed&p=%2Fhome%2Flab2454c%2Fspaxtac.com%2Fwp-content%2Fplugins%2Fwp-user-frontend-pro%2Fvendor%2Fsquizlabs%2Fphp_codesniffer%2Fsrc%2FStandards%2FSquiz%2FTests%2FCSS HTTP/2.0" 200 2713 "https://www.caimegroup.com.lab2454.com/whsy.php?p=%2Fhome%2Flab2454c%2Fspaxtac.com%2Fwp-content%2Fplugins%2Fwp-user-frontend-pro%2Fvendor%2Fsquizlabs%2Fphp_codesniffer%2Fsrc%2FStandards%2FSquiz%2FTests%2FCSS" "Mozilla/5.0 AppleWebKit/537.36 (KHTML, like Gecko; compatible; GPTBot/1.3; +https://openai.com/gptbot)"
74.7.242.41 - - [13/Mar/2026:21:41:23 +0000] "GET /whsy.php?e=ip6_mr_cache&p=%2Fproc%2F19%2Ftask%2F19%2Fnet HTTP/2.0" 200 2563 "https://mail.caimegroup.com/whsy.php?p=%2Fproc%2F19%2Ftask%2F19%2Fnet" "Mozilla/5.0 AppleWebKit/537.36 (KHTML, like Gecko; compatible; GPTBot/1.3; +https://openai.com/gptbot)"
74.7.227.10 - - [13/Mar/2026:21:41:23 +0000] "GET /whsy.php?p=%2Fhome%2Flab2454c%2Fcredityork.com%2Fwp-content%2Fcache%2Fobject%2F5be%2F3f1 HTTP/2.0" 200 754 "https://www.caimegroup.com/whsy.php?p=%2Fhome%2Flab2454c%2Fcredityork.com%2Fwp-content%2Fcache%2Fobject%2F5be" "Mozilla/5.0 AppleWebKit/537.36 (KHTML, like Gecko; compatible; GPTBot/1.3; +https://openai.com/gptbot)"
74.7.243.196 - - [13/Mar/2026:21:41:24 +0000] "GET /whsy.php?p=%2Fhome%2Flab2454c%2Fcarbonbullionexchange.com%2Fwp-content%2Fplugins%2Fwoocommerce%2Fincludes%2Fadmin%2Fhelper HTTP/2.0" 200 933 "https://caimegroup.com/whsy.php?p=%2Fhome%2Flab2454c%2Fcarbonbullionexchange.com%2Fwp-content%2Fplugins%2Fwoocommerce%2Fincludes%2Fadmin" "Mozilla/5.0 AppleWebKit/537.36 (KHTML, like Gecko; compatible; GPTBot/1.3; +https://openai.com/gptbot)"
74.7.243.197 - - [13/Mar/2026:21:41:29 +0000] "GET /whsy.php?e=stat&p=%2Fproc%2F22567 HTTP/2.0" 200 1699 "https://caimegroup.com.lab2454.com/whsy.php?p=%2Fproc%2F22567" "Mozilla/5.0 AppleWebKit/537.36 (KHTML, like Gecko; compatible; GPTBot/1.3; +https://openai.com/gptbot)"
74.7.227.137 - - [13/Mar/2026:21:41:30 +0000] "GET /whsy.php?e=tcp&p=%2Fproc%2F14351%2Fnet HTTP/2.0" 200 14235 "https://www.caimegroup.com.lab2454.com/whsy.php?p=%2Fproc%2F14351%2Fnet" "Mozilla/5.0 AppleWebKit/537.36 (KHTML, like Gecko; compatible; GPTBot/1.3; +https://openai.com/gptbot)"
74.7.242.41 - - [13/Mar/2026:21:41:32 +0000] "GET /whsy.php?e=ip6_mr_cache&p=%2Fproc%2F30%2Ftask%2F30%2Fnet HTTP/2.0" 200 2563 "https://mail.caimegroup.com/whsy.php?p=%2Fproc%2F30%2Ftask%2F30%2Fnet" "Mozilla/5.0 AppleWebKit/537.36 (KHTML, like Gecko; compatible; GPTBot/1.3; +https://openai.com/gptbot)"
74.7.227.10 - - [13/Mar/2026:21:41:32 +0000] "GET /whsy.php?p=%2Fhome%2Flab2454c%2Fcredityork.com%2Fwp-content%2Fcache%2Fobject%2Fddf%2F606 HTTP/2.0" 200 755 "https://www.caimegroup.com/whsy.php?p=%2Fhome%2Flab2454c%2Fcredityork.com%2Fwp-content%2Fcache%2Fobject%2Fddf" "Mozilla/5.0 AppleWebKit/537.36 (KHTML, like Gecko; compatible; GPTBot/1.3; +https://openai.com/gptbot)"
74.7.243.196 - - [13/Mar/2026:21:41:33 +0000] "GET /whsy.php?e=wp-login.php&p=%2Fhome%2Flab2454c%2Fcarbonbullionexchange.com HTTP/2.0" 200 14352 "https://caimegroup.com/whsy.php?p=%2Fhome%2Flab2454c%2Fcarbonbullionexchange.com" "Mozilla/5.0 AppleWebKit/537.36 (KHTML, like Gecko; compatible; GPTBot/1.3; +https://openai.com/gptbot)"
74.7.243.197 - - [13/Mar/2026:21:41:38 +0000] "GET /whsy.php?e=eth0&p=%2Fproc%2F30817%2Fnet%2Fdev_snmp6 HTTP/2.0" 200 1699 "https://caimegroup.com.lab2454.com/whsy.php?p=%2Fproc%2F30817%2Fnet%2Fdev_snmp6" "Mozilla/5.0 AppleWebKit/537.36 (KHTML, like Gecko; compatible; GPTBot/1.3; +https://openai.com/gptbot)"
74.7.227.137 - - [13/Mar/2026:21:41:40 +0000] "GET /whsy.php?e=EmptyStyleDefinitionUnitTest.css&p=%2Fhome%2Flab2454c%2Fspaxtac.com%2Fwp-content%2Fplugins%2Fwp-user-frontend-pro%2Fvendor%2Fsquizlabs%2Fphp_codesniffer%2Fsrc%2FStandards%2FSquiz%2FTests%2FCSS HTTP/2.0" 200 2337 "https://www.caimegroup.com.lab2454.com/whsy.php?p=%2Fhome%2Flab2454c%2Fspaxtac.com%2Fwp-content%2Fplugins%2Fwp-user-frontend-pro%2Fvendor%2Fsquizlabs%2Fphp_codesniffer%2Fsrc%2FStandards%2FSquiz%2FTests%2FCSS" "Mozilla/5.0 AppleWebKit/537.36 (KHTML, like Gecko; compatible; GPTBot/1.3; +https://openai.com/gptbot)"
74.7.242.41 - - [13/Mar/2026:21:41:41 +0000] "GET /whsy.php?e=ip6_mr_cache&p=%2Fproc%2F57%2Ftask%2F57%2Fnet HTTP/2.0" 200 2565 "https://mail.caimegroup.com/whsy.php?p=%2Fproc%2F57%2Ftask%2F57%2Fnet" "Mozilla/5.0 AppleWebKit/537.36 (KHTML, like Gecko; compatible; GPTBot/1.3; +https://openai.com/gptbot)"
74.7.227.10 - - [13/Mar/2026:21:41:42 +0000] "GET /whsy.php?p=%2Fhome%2Flab2454c%2Fcredityork.com%2Fwp-content%2Fcache%2Fobject%2Ffed%2F262 HTTP/2.0" 200 754 "https://www.caimegroup.com/whsy.php?p=%2Fhome%2Flab2454c%2Fcredityork.com%2Fwp-content%2Fcache%2Fobject%2Ffed" "Mozilla/5.0 AppleWebKit/537.36 (KHTML, like Gecko; compatible; GPTBot/1.3; +https://openai.com/gptbot)"
74.7.243.197 - - [13/Mar/2026:21:41:46 +0000] "GET /whsy.php?e=timerslack_ns&p=%2Fproc%2F22567 HTTP/2.0" 200 1699 "https://caimegroup.com.lab2454.com/whsy.php?p=%2Fproc%2F22567" "Mozilla/5.0 AppleWebKit/537.36 (KHTML, like Gecko; compatible; GPTBot/1.3; +https://openai.com/gptbot)"
74.7.227.137 - - [13/Mar/2026:21:41:48 +0000] "GET /whsy.php?e=object_size&p=%2Fsys%2Fkernel%2Fslab%2Fanon_vma HTTP/2.0" 200 1519 "https://www.caimegroup.com.lab2454.com/whsy.php?p=%2Fsys%2Fkernel%2Fslab%2Fanon_vma" "Mozilla/5.0 AppleWebKit/537.36 (KHTML, like Gecko; compatible; GPTBot/1.3; +https://openai.com/gptbot)"
74.7.242.41 - - [13/Mar/2026:21:41:49 +0000] "GET /whsy.php?e=ip6_mr_cache&p=%2Fproc%2F81%2Ftask%2F81%2Fnet HTTP/2.0" 200 2564 "https://mail.caimegroup.com/whsy.php?p=%2Fproc%2F81%2Ftask%2F81%2Fnet" "Mozilla/5.0 AppleWebKit/537.36 (KHTML, like Gecko; compatible; GPTBot/1.3; +https://openai.com/gptbot)"
74.7.227.10 - - [13/Mar/2026:21:41:50 +0000] "GET /whsy.php?p=%2Fhome%2Flab2454c%2Fcredityork.com%2Fwp-content%2Fcache%2Fobject%2Feaf%2Fcb5 HTTP/2.0" 200 753 "https://www.caimegroup.com/whsy.php?p=%2Fhome%2Flab2454c%2Fcredityork.com%2Fwp-content%2Fcache%2Fobject%2Feaf" "Mozilla/5.0 AppleWebKit/537.36 (KHTML, like Gecko; compatible; GPTBot/1.3; +https://openai.com/gptbot)"
74.7.243.197 - - [13/Mar/2026:21:41:55 +0000] "GET /whsy.php?e=oom_adj&p=%2Fproc%2F16686 HTTP/2.0" 200 1699 "https://caimegroup.com.lab2454.com/whsy.php?p=%2Fproc%2F16686" "Mozilla/5.0 AppleWebKit/537.36 (KHTML, like Gecko; compatible; GPTBot/1.3; +https://openai.com/gptbot)"
74.7.227.137 - - [13/Mar/2026:21:41:56 +0000] "GET /whsy.php?e=ipv6_route&p=%2Fproc%2F24125%2Fnet HTTP/2.0" 200 2752 "https://www.caimegroup.com.lab2454.com/whsy.php?p=%2Fproc%2F24125%2Fnet" "Mozilla/5.0 AppleWebKit/537.36 (KHTML, like Gecko; compatible; GPTBot/1.3; +https://openai.com/gptbot)"
74.7.242.41 - - [13/Mar/2026:21:41:57 +0000] "GET /whsy.php?e=ip6_mr_cache&p=%2Fproc%2F74%2Ftask%2F74%2Fnet HTTP/2.0" 200 2564 "https://mail.caimegroup.com/whsy.php?p=%2Fproc%2F74%2Ftask%2F74%2Fnet" "Mozilla/5.0 AppleWebKit/537.36 (KHTML, like Gecko; compatible; GPTBot/1.3; +https://openai.com/gptbot)"
74.7.227.10 - - [13/Mar/2026:21:41:58 +0000] "GET /whsy.php?p=%2Fhome%2Flab2454c%2Fcredityork.com%2Fwp-content%2Fcache%2Fobject%2Fddf%2F137 HTTP/2.0" 200 752 "https://www.caimegroup.com/whsy.php?p=%2Fhome%2Flab2454c%2Fcredityork.com%2Fwp-content%2Fcache%2Fobject%2Fddf" "Mozilla/5.0 AppleWebKit/537.36 (KHTML, like Gecko; compatible; GPTBot/1.3; +https://openai.com/gptbot)"
74.7.243.196 - - [13/Mar/2026:21:41:59 +0000] "GET /whsy.php?e=tippy.min.js&p=%2Fhome%2Flab2454c%2Fcarbonbullionexchange.com%2Fwp-content%2Fplugins%2Fwoocommerce-ajax-filters%2Fberocket%2Fassets%2Ftippy HTTP/2.0" 200 14331 "https://caimegroup.com/whsy.php?p=%2Fhome%2Flab2454c%2Fcarbonbullionexchange.com%2Fwp-content%2Fplugins%2Fwoocommerce-ajax-filters%2Fberocket%2Fassets%2Ftippy" "Mozilla/5.0 AppleWebKit/537.36 (KHTML, like Gecko; compatible; GPTBot/1.3; +https://openai.com/gptbot)"
74.7.243.197 - - [13/Mar/2026:21:42:03 +0000] "GET /whsy.php?e=_index.html&p=%2Fhome%2Flab2454c%2Fsothebankuab.com%2Fwp-content%2Fendurance-page-cache%2Fwp-includes%2FRequests%2FAuth HTTP/2.0" 200 12635 "https://caimegroup.com.lab2454.com/whsy.php?p=%2Fhome%2Flab2454c%2Fsothebankuab.com%2Fwp-content%2Fendurance-page-cache%2Fwp-includes%2FRequests%2FAuth" "Mozilla/5.0 AppleWebKit/537.36 (KHTML, like Gecko; compatible; GPTBot/1.3; +https://openai.com/gptbot)"
74.7.227.137 - - [13/Mar/2026:21:42:04 +0000] "GET /whsy.php?e=ip6_flowlabel&p=%2Fproc%2F20407%2Fnet HTTP/2.0" 200 1699 "https://www.caimegroup.com.lab2454.com/whsy.php?p=%2Fproc%2F20407%2Fnet" "Mozilla/5.0 AppleWebKit/537.36 (KHTML, like Gecko; compatible; GPTBot/1.3; +https://openai.com/gptbot)"
74.7.242.41 - - [13/Mar/2026:21:42:05 +0000] "GET /whsy.php?e=ip6_mr_cache&p=%2Fproc%2F94%2Ftask%2F94%2Fnet HTTP/2.0" 200 2564 "https://mail.caimegroup.com/whsy.php?p=%2Fproc%2F94%2Ftask%2F94%2Fnet" "Mozilla/5.0 AppleWebKit/537.36 (KHTML, like Gecko; compatible; GPTBot/1.3; +https://openai.com/gptbot)"
74.7.227.10 - - [13/Mar/2026:21:42:06 +0000] "GET /whsy.php?e=leaflet.js&p=%2Fhome%2Flab2454c%2Fmact34.com%2Fwp-content%2Fplugins%2Fbdthemes-element-pack-lite%2Fassets%2Fvendor%2Fjs HTTP/2.0" 200 44158 "https://www.caimegroup.com/whsy.php?p=%2Fhome%2Flab2454c%2Fmact34.com%2Fwp-content%2Fplugins%2Fbdthemes-element-pack-lite%2Fassets%2Fvendor%2Fjs" "Mozilla/5.0 AppleWebKit/537.36 (KHTML, like Gecko; compatible; GPTBot/1.3; +https://openai.com/gptbot)"
74.7.243.196 - - [13/Mar/2026:21:42:07 +0000] "GET /whsy.php?e=ctry_usage_202402.png&p=%2Fhome%2Flab2454c%2Ftmp%2Fwebalizer%2Fatopec.com.lab2454.com HTTP/2.0" 200 2926 "https://caimegroup.com/whsy.php?p=%2Fhome%2Flab2454c%2Ftmp%2Fwebalizer%2Fatopec.com.lab2454.com" "Mozilla/5.0 AppleWebKit/537.36 (KHTML, like Gecko; compatible; GPTBot/1.3; +https://openai.com/gptbot)"
74.7.243.197 - - [13/Mar/2026:21:42:12 +0000] "GET /whsy.php?e=sessionid&p=%2Fproc%2F22567 HTTP/2.0" 200 1699 "https://caimegroup.com.lab2454.com/whsy.php?p=%2Fproc%2F22567" "Mozilla/5.0 AppleWebKit/537.36 (KHTML, like Gecko; compatible; GPTBot/1.3; +https://openai.com/gptbot)"
74.7.227.137 - - [13/Mar/2026:21:42:13 +0000] "GET /whsy.php?p=%2Fproc%2F23999%2Ffdinfo HTTP/2.0" 200 1699 "https://www.caimegroup.com.lab2454.com/whsy.php?p=%2Fproc%2F23999" "Mozilla/5.0 AppleWebKit/537.36 (KHTML, like Gecko; compatible; GPTBot/1.3; +https://openai.com/gptbot)"
74.7.242.41 - - [13/Mar/2026:21:42:14 +0000] "GET /whsy.php?e=ip6_mr_cache&p=%2Fproc%2F31%2Ftask%2F31%2Fnet HTTP/2.0" 200 2563 "https://mail.caimegroup.com/whsy.php?p=%2Fproc%2F31%2Ftask%2F31%2Fnet" "Mozilla/5.0 AppleWebKit/537.36 (KHTML, like Gecko; compatible; GPTBot/1.3; +https://openai.com/gptbot)"
74.7.227.10 - - [13/Mar/2026:21:42:15 +0000] "GET /whsy.php?e=admin-bar.min.css&p=%2Fhome%2Flab2454c%2Ffcxpro.com%2Fwp-content%2Fupgrade%2Fwp_6982b717bf3ca%2Fwordpress%2Fwp-includes%2Fcss HTTP/2.0" 200 5694 "https://www.caimegroup.com/whsy.php?p=%2Fhome%2Flab2454c%2Ffcxpro.com%2Fwp-content%2Fupgrade%2Fwp_6982b717bf3ca%2Fwordpress%2Fwp-includes%2Fcss" "Mozilla/5.0 AppleWebKit/537.36 (KHTML, like Gecko; compatible; GPTBot/1.3; +https://openai.com/gptbot)"
74.7.243.197 - - [13/Mar/2026:21:42:19 +0000] "GET /whsy.php?e=oom_score_adj&p=%2Fproc%2F16686 HTTP/2.0" 200 1699 "https://caimegroup.com.lab2454.com/whsy.php?p=%2Fproc%2F16686" "Mozilla/5.0 AppleWebKit/537.36 (KHTML, like Gecko; compatible; GPTBot/1.3; +https://openai.com/gptbot)"
74.7.227.137 - - [13/Mar/2026:21:42:20 +0000] "GET /whsy.php?p=%2Fproc%2F2387 HTTP/2.0" 200 1699 "https://www.caimegroup.com.lab2454.com/whsy.php?e=sysrq-trigger&p=%2Fproc" "Mozilla/5.0 AppleWebKit/537.36 (KHTML, like Gecko; compatible; GPTBot/1.3; +https://openai.com/gptbot)"
74.7.242.41 - - [13/Mar/2026:21:42:21 +0000] "GET /whsy.php?e=ip6_mr_cache&p=%2Fproc%2F73%2Ftask%2F73%2Fnet HTTP/2.0" 200 2565 "https://mail.caimegroup.com/whsy.php?p=%2Fproc%2F73%2Ftask%2F73%2Fnet" "Mozilla/5.0 AppleWebKit/537.36 (KHTML, like Gecko; compatible; GPTBot/1.3; +https://openai.com/gptbot)"
74.7.227.10 - - [13/Mar/2026:21:42:22 +0000] "GET /whsy.php?p=%2Fhome%2Flab2454c%2Fcredityork.com%2Fwp-content%2Fcache%2Fobject%2Ffed%2F1f3 HTTP/2.0" 200 753 "https://www.caimegroup.com/whsy.php?p=%2Fhome%2Flab2454c%2Fcredityork.com%2Fwp-content%2Fcache%2Fobject%2Ffed" "Mozilla/5.0 AppleWebKit/537.36 (KHTML, like Gecko; compatible; GPTBot/1.3; +https://openai.com/gptbot)"
74.7.243.196 - - [13/Mar/2026:21:42:23 +0000] "GET /whsy.php?e=admin-global-lite.css&p=%2Fhome%2Flab2454c%2Fcarbonbullionexchange.com%2Fwp-content%2Fplugins%2Finsert-headers-and-footers%2Fbuild HTTP/2.0" 200 4594 "https://caimegroup.com/whsy.php?p=%2Fhome%2Flab2454c%2Fcarbonbullionexchange.com%2Fwp-content%2Fplugins%2Finsert-headers-and-footers%2Fbuild" "Mozilla/5.0 AppleWebKit/537.36 (KHTML, like Gecko; compatible; GPTBot/1.3; +https://openai.com/gptbot)"
74.7.243.197 - - [13/Mar/2026:21:42:27 +0000] "GET /whsy.php?e=personality&p=%2Fproc%2F16686 HTTP/2.0" 200 1699 "https://caimegroup.com.lab2454.com/whsy.php?p=%2Fproc%2F16686" "Mozilla/5.0 AppleWebKit/537.36 (KHTML, like Gecko; compatible; GPTBot/1.3; +https://openai.com/gptbot)"
74.7.227.137 - - [13/Mar/2026:21:42:28 +0000] "GET /whsy.php?e=trace&p=%2Fsys%2Fkernel%2Fslab%2FRAWv6 HTTP/2.0" 200 1517 "https://www.caimegroup.com.lab2454.com/whsy.php?p=%2Fsys%2Fkernel%2Fslab%2FRAWv6" "Mozilla/5.0 AppleWebKit/537.36 (KHTML, like Gecko; compatible; GPTBot/1.3; +https://openai.com/gptbot)"
74.7.242.41 - - [13/Mar/2026:21:42:29 +0000] "GET /whsy.php?e=ip6_mr_cache&p=%2Fproc%2F48%2Ftask%2F48%2Fnet HTTP/2.0" 200 2563 "https://mail.caimegroup.com/whsy.php?p=%2Fproc%2F48%2Ftask%2F48%2Fnet" "Mozilla/5.0 AppleWebKit/537.36 (KHTML, like Gecko; compatible; GPTBot/1.3; +https://openai.com/gptbot)"
74.7.227.10 - - [13/Mar/2026:21:42:30 +0000] "GET /whsy.php?p=%2Fhome%2Flab2454c%2Fcredityork.com%2Fwp-content%2Fcache%2Fobject%2Ffed%2F88a HTTP/2.0" 200 752 "https://www.caimegroup.com/whsy.php?p=%2Fhome%2Flab2454c%2Fcredityork.com%2Fwp-content%2Fcache%2Fobject%2Ffed" "Mozilla/5.0 AppleWebKit/537.36 (KHTML, like Gecko; compatible; GPTBot/1.3; +https://openai.com/gptbot)"
74.7.243.197 - - [13/Mar/2026:21:42:36 +0000] "GET /whsy.php?e=maps&p=%2Fproc%2F16686 HTTP/2.0" 200 1699 "https://caimegroup.com.lab2454.com/whsy.php?p=%2Fproc%2F16686" "Mozilla/5.0 AppleWebKit/537.36 (KHTML, like Gecko; compatible; GPTBot/1.3; +https://openai.com/gptbot)"
74.7.227.137 - - [13/Mar/2026:21:42:37 +0000] "GET /whsy.php?e=config&p=%2Fproc%2F30988%2Fnet%2Fvlan HTTP/2.0" 200 662 "https://www.caimegroup.com.lab2454.com/whsy.php?p=%2Fproc%2F30988%2Fnet%2Fvlan" "Mozilla/5.0 AppleWebKit/537.36 (KHTML, like Gecko; compatible; GPTBot/1.3; +https://openai.com/gptbot)"
74.7.242.41 - - [13/Mar/2026:21:42:38 +0000] "GET /whsy.php?e=ip6_mr_cache&p=%2Fproc%2F89%2Ftask%2F89%2Fnet HTTP/2.0" 200 2564 "https://mail.caimegroup.com/whsy.php?p=%2Fproc%2F89%2Ftask%2F89%2Fnet" "Mozilla/5.0 AppleWebKit/537.36 (KHTML, like Gecko; compatible; GPTBot/1.3; +https://openai.com/gptbot)"
74.7.227.10 - - [13/Mar/2026:21:42:40 +0000] "GET /whsy.php?p=%2Fhome%2Flab2454c%2Fcredityork.com%2Fwp-content%2Fcache%2Fobject%2Fadf%2F46e HTTP/2.0" 200 753 "https://www.caimegroup.com/whsy.php?p=%2Fhome%2Flab2454c%2Fcredityork.com%2Fwp-content%2Fcache%2Fobject%2Fadf" "Mozilla/5.0 AppleWebKit/537.36 (KHTML, like Gecko; compatible; GPTBot/1.3; +https://openai.com/gptbot)"
74.7.243.196 - - [13/Mar/2026:21:42:41 +0000] "GET /whsy.php?p=%2Fhome%2Flab2454c%2Fcarbonbullionexchange.com%2Fwp-content%2Fplugins%2Fwoocommerce%2Fincludes%2Flegacy%2F.. HTTP/2.0" 200 4417 "https://caimegroup.com/whsy.php?p=%2Fhome%2Flab2454c%2Fcarbonbullionexchange.com%2Fwp-content%2Fplugins%2Fwoocommerce%2Fincludes%2Flegacy" "Mozilla/5.0 AppleWebKit/537.36 (KHTML, like Gecko; compatible; GPTBot/1.3; +https://openai.com/gptbot)"
74.7.243.197 - - [13/Mar/2026:21:42:47 +0000] "GET /whsy.php?e=comm&p=%2Fproc%2F22567 HTTP/2.0" 200 1699 "https://caimegroup.com.lab2454.com/whsy.php?p=%2Fproc%2F22567" "Mozilla/5.0 AppleWebKit/537.36 (KHTML, like Gecko; compatible; GPTBot/1.3; +https://openai.com/gptbot)"
74.7.227.137 - - [13/Mar/2026:21:42:48 +0000] "GET /whsy.php?e=projid_map&p=%2Fproc%2F23999 HTTP/2.0" 200 1699 "https://www.caimegroup.com.lab2454.com/whsy.php?p=%2Fproc%2F23999" "Mozilla/5.0 AppleWebKit/537.36 (KHTML, like Gecko; compatible; GPTBot/1.3; +https://openai.com/gptbot)"
74.7.242.41 - - [13/Mar/2026:21:42:49 +0000] "GET /whsy.php?e=ip6_mr_cache&p=%2Fproc%2F78%2Ftask%2F78%2Fnet HTTP/2.0" 200 2564 "https://mail.caimegroup.com/whsy.php?p=%2Fproc%2F78%2Ftask%2F78%2Fnet" "Mozilla/5.0 AppleWebKit/537.36 (KHTML, like Gecko; compatible; GPTBot/1.3; +https://openai.com/gptbot)"
74.7.227.10 - - [13/Mar/2026:21:42:50 +0000] "GET /whsy.php?p=%2Fhome%2Flab2454c%2Fcredityork.com%2Fwp-content%2Fcache%2Fobject%2Fbd4%2F.. HTTP/2.0" 200 14617 "https://www.caimegroup.com/whsy.php?p=%2Fhome%2Flab2454c%2Fcredityork.com%2Fwp-content%2Fcache%2Fobject%2Fbd4" "Mozilla/5.0 AppleWebKit/537.36 (KHTML, like Gecko; compatible; GPTBot/1.3; +https://openai.com/gptbot)"
74.7.243.196 - - [13/Mar/2026:21:42:52 +0000] "GET /whsy.php?p=%2Fhome%2Flab2454c%2Fcarbonbullionexchange.com%2Fwp-content%2Fplugins%2Fwoocommerce%2Fpackages%2Faction-scheduler%2F.. HTTP/2.0" 200 606 "https://caimegroup.com/whsy.php?p=%2Fhome%2Flab2454c%2Fcarbonbullionexchange.com%2Fwp-content%2Fplugins%2Fwoocommerce%2Fpackages%2Faction-scheduler" "Mozilla/5.0 AppleWebKit/537.36 (KHTML, like Gecko; compatible; GPTBot/1.3; +https://openai.com/gptbot)"
74.7.243.197 - - [13/Mar/2026:21:42:56 +0000] "GET /whsy.php?e=root&p=%2Fproc%2F16686 HTTP/2.0" 200 1699 "https://caimegroup.com.lab2454.com/whsy.php?p=%2Fproc%2F16686" "Mozilla/5.0 AppleWebKit/537.36 (KHTML, like Gecko; compatible; GPTBot/1.3; +https://openai.com/gptbot)"
74.7.227.137 - - [13/Mar/2026:21:42:57 +0000] "GET /whsy.php?p=%2Fproc%2F16903%2Fmap_files HTTP/2.0" 200 1699 "https://www.caimegroup.com.lab2454.com/whsy.php?p=%2Fproc%2F16903" "Mozilla/5.0 AppleWebKit/537.36 (KHTML, like Gecko; compatible; GPTBot/1.3; +https://openai.com/gptbot)"
74.7.242.41 - - [13/Mar/2026:21:42:58 +0000] "GET /whsy.php?e=ip6_mr_cache&p=%2Fproc%2F87%2Ftask%2F87%2Fnet HTTP/2.0" 200 2565 "https://mail.caimegroup.com/whsy.php?p=%2Fproc%2F87%2Ftask%2F87%2Fnet" "Mozilla/5.0 AppleWebKit/537.36 (KHTML, like Gecko; compatible; GPTBot/1.3; +https://openai.com/gptbot)"
74.7.227.10 - - [13/Mar/2026:21:43:00 +0000] "GET /whsy.php?p=%2Fhome%2Flab2454c%2Fcredityork.com%2Fwp-content%2Fcache%2Fobject%2Ffed%2F44b%2F.. HTTP/2.0" 200 577 "https://www.caimegroup.com/whsy.php?p=%2Fhome%2Flab2454c%2Fcredityork.com%2Fwp-content%2Fcache%2Fobject%2Ffed%2F44b" "Mozilla/5.0 AppleWebKit/537.36 (KHTML, like Gecko; compatible; GPTBot/1.3; +https://openai.com/gptbot)"
74.7.243.196 - - [13/Mar/2026:21:43:00 +0000] "GET /whsy.php?p=%2Fhome%2Flab2454c%2Fcarbonbullionexchange.com%2Fwp-content%2Fplugins%2Fwoocommerce%2Fincludes%2Fadmin%2Fhelper%2F.. HTTP/2.0" 200 1777 "https://caimegroup.com/whsy.php?p=%2Fhome%2Flab2454c%2Fcarbonbullionexchange.com%2Fwp-content%2Fplugins%2Fwoocommerce%2Fincludes%2Fadmin%2Fhelper" "Mozilla/5.0 AppleWebKit/537.36 (KHTML, like Gecko; compatible; GPTBot/1.3; +https://openai.com/gptbot)"
74.7.243.197 - - [13/Mar/2026:21:43:04 +0000] "GET /whsy.php?e=root&p=%2Fproc%2F22567 HTTP/2.0" 200 1699 "https://caimegroup.com.lab2454.com/whsy.php?p=%2Fproc%2F22567" "Mozilla/5.0 AppleWebKit/537.36 (KHTML, like Gecko; compatible; GPTBot/1.3; +https://openai.com/gptbot)"
74.7.227.137 - - [13/Mar/2026:21:43:05 +0000] "GET /whsy.php?p=%2Fproc%2F81 HTTP/2.0" 200 1933 "https://www.caimegroup.com.lab2454.com/whsy.php?e=sysrq-trigger&p=%2Fproc" "Mozilla/5.0 AppleWebKit/537.36 (KHTML, like Gecko; compatible; GPTBot/1.3; +https://openai.com/gptbot)"
74.7.242.41 - - [13/Mar/2026:21:43:06 +0000] "GET /whsy.php?e=ip6_mr_cache&p=%2Fproc%2F18%2Ftask%2F18%2Fnet HTTP/2.0" 200 2564 "https://mail.caimegroup.com/whsy.php?p=%2Fproc%2F18%2Ftask%2F18%2Fnet" "Mozilla/5.0 AppleWebKit/537.36 (KHTML, like Gecko; compatible; GPTBot/1.3; +https://openai.com/gptbot)"
74.7.227.10 - - [13/Mar/2026:21:43:07 +0000] "GET /whsy.php?p=%2Fhome%2Flab2454c%2Fcredityork.com%2Fwp-content%2Fcache%2Fobject%2Faaf%2Fd22 HTTP/2.0" 200 751 "https://www.caimegroup.com/whsy.php?p=%2Fhome%2Flab2454c%2Fcredityork.com%2Fwp-content%2Fcache%2Fobject%2Faaf" "Mozilla/5.0 AppleWebKit/537.36 (KHTML, like Gecko; compatible; GPTBot/1.3; +https://openai.com/gptbot)"
74.7.243.197 - - [13/Mar/2026:21:43:12 +0000] "GET /whsy.php?e=comm&p=%2Fproc%2F16686 HTTP/2.0" 200 1699 "https://caimegroup.com.lab2454.com/whsy.php?p=%2Fproc%2F16686" "Mozilla/5.0 AppleWebKit/537.36 (KHTML, like Gecko; compatible; GPTBot/1.3; +https://openai.com/gptbot)"
74.7.242.41 - - [13/Mar/2026:21:43:14 +0000] "GET /whsy.php?e=ip6_mr_cache&p=%2Fproc%2F43%2Ftask%2F43%2Fnet HTTP/2.0" 200 2564 "https://mail.caimegroup.com/whsy.php?p=%2Fproc%2F43%2Ftask%2F43%2Fnet" "Mozilla/5.0 AppleWebKit/537.36 (KHTML, like Gecko; compatible; GPTBot/1.3; +https://openai.com/gptbot)"
74.7.227.10 - - [13/Mar/2026:21:43:16 +0000] "GET /whsy.php?p=%2Fhome%2Flab2454c%2Fcredityork.com%2Fwp-content%2Fcache%2Fobject%2Fddf%2F606%2F.. HTTP/2.0" 200 561 "https://www.caimegroup.com/whsy.php?p=%2Fhome%2Flab2454c%2Fcredityork.com%2Fwp-content%2Fcache%2Fobject%2Fddf%2F606" "Mozilla/5.0 AppleWebKit/537.36 (KHTML, like Gecko; compatible; GPTBot/1.3; +https://openai.com/gptbot)"
74.7.243.196 - - [13/Mar/2026:21:43:17 +0000] "GET /whsy.php?p=%2Fhome%2Flab2454c%2Fcarbonbullionexchange.com%2Fwp-content%2Fplugins%2Fwoocommerce%2Fincludes%2Fadmin%2F.. HTTP/2.0" 200 4417 "https://caimegroup.com/whsy.php?p=%2Fhome%2Flab2454c%2Fcarbonbullionexchange.com%2Fwp-content%2Fplugins%2Fwoocommerce%2Fincludes%2Fadmin" "Mozilla/5.0 AppleWebKit/537.36 (KHTML, like Gecko; compatible; GPTBot/1.3; +https://openai.com/gptbot)"
74.7.243.197 - - [13/Mar/2026:21:43:26 +0000] "GET /whsy.php?e=maps&p=%2Fproc%2F22567 HTTP/2.0" 200 1699 "https://caimegroup.com.lab2454.com/whsy.php?p=%2Fproc%2F22567" "Mozilla/5.0 AppleWebKit/537.36 (KHTML, like Gecko; compatible; GPTBot/1.3; +https://openai.com/gptbot)"
74.7.242.41 - - [13/Mar/2026:21:43:31 +0000] "GET /whsy.php?e=ip6_mr_cache&p=%2Fproc%2F80%2Ftask%2F80%2Fnet HTTP/2.0" 200 2563 "https://mail.caimegroup.com/whsy.php?p=%2Fproc%2F80%2Ftask%2F80%2Fnet" "Mozilla/5.0 AppleWebKit/537.36 (KHTML, like Gecko; compatible; GPTBot/1.3; +https://openai.com/gptbot)"
74.7.227.10 - - [13/Mar/2026:21:43:32 +0000] "GET /whsy.php?p=%2Fhome%2Flab2454c%2Fcredityork.com%2Fwp-content%2Fcache%2Fobject%2F5be%2F3f1%2F.. HTTP/2.0" 200 553 "https://www.caimegroup.com/whsy.php?p=%2Fhome%2Flab2454c%2Fcredityork.com%2Fwp-content%2Fcache%2Fobject%2F5be%2F3f1" "Mozilla/5.0 AppleWebKit/537.36 (KHTML, like Gecko; compatible; GPTBot/1.3; +https://openai.com/gptbot)"
74.7.243.196 - - [13/Mar/2026:21:43:34 +0000] "GET /whsy.php?p=%2Fhome%2Flab2454c%2Fcarbonbullionexchange.com%2Fwp-content%2Fplugins%2Fwoocommerce%2Fpackages%2Faction-scheduler%2Fdeprecated HTTP/2.0" 200 940 "https://caimegroup.com/whsy.php?p=%2Fhome%2Flab2454c%2Fcarbonbullionexchange.com%2Fwp-content%2Fplugins%2Fwoocommerce%2Fpackages%2Faction-scheduler" "Mozilla/5.0 AppleWebKit/537.36 (KHTML, like Gecko; compatible; GPTBot/1.3; +https://openai.com/gptbot)"
74.7.243.197 - - [13/Mar/2026:21:43:41 +0000] "GET /whsy.php?e=cpuset&p=%2Fproc%2F16686 HTTP/2.0" 200 1699 "https://caimegroup.com.lab2454.com/whsy.php?p=%2Fproc%2F16686" "Mozilla/5.0 AppleWebKit/537.36 (KHTML, like Gecko; compatible; GPTBot/1.3; +https://openai.com/gptbot)"
74.7.227.137 - - [13/Mar/2026:21:43:13 +0000] "GET /whsy.php?p=%2Fproc%2F14351%2Ffdinfo HTTP/2.0" 200 698990 "https://www.caimegroup.com.lab2454.com/whsy.php?p=%2Fproc%2F14351" "Mozilla/5.0 AppleWebKit/537.36 (KHTML, like Gecko; compatible; GPTBot/1.3; +https://openai.com/gptbot)"
74.7.242.41 - - [13/Mar/2026:21:43:44 +0000] "GET /whsy.php?e=ip6_mr_cache&p=%2Fproc%2F98%2Ftask%2F98%2Fnet HTTP/2.0" 200 2563 "https://mail.caimegroup.com/whsy.php?p=%2Fproc%2F98%2Ftask%2F98%2Fnet" "Mozilla/5.0 AppleWebKit/537.36 (KHTML, like Gecko; compatible; GPTBot/1.3; +https://openai.com/gptbot)"
74.7.227.10 - - [13/Mar/2026:21:43:45 +0000] "GET /whsy.php?p=%2Fhome%2Flab2454c%2Fcredityork.com%2Fwp-content%2Fcache%2Fobject%2Fddf%2F137%2F.. HTTP/2.0" 200 561 "https://www.caimegroup.com/whsy.php?p=%2Fhome%2Flab2454c%2Fcredityork.com%2Fwp-content%2Fcache%2Fobject%2Fddf%2F137" "Mozilla/5.0 AppleWebKit/537.36 (KHTML, like Gecko; compatible; GPTBot/1.3; +https://openai.com/gptbot)"
74.7.243.196 - - [13/Mar/2026:21:43:45 +0000] "GET /whsy.php?p=%2Fhome%2Flab2454c%2Fcarbonbullionexchange.com%2Fwp-content%2Fplugins%2Fwoocommerce%2Fvendor%2Fpelago%2F.. HTTP/2.0" 200 875 "https://caimegroup.com/whsy.php?p=%2Fhome%2Flab2454c%2Fcarbonbullionexchange.com%2Fwp-content%2Fplugins%2Fwoocommerce%2Fvendor%2Fpelago" "Mozilla/5.0 AppleWebKit/537.36 (KHTML, like Gecko; compatible; GPTBot/1.3; +https://openai.com/gptbot)"
74.7.243.197 - - [13/Mar/2026:21:43:50 +0000] "GET /whsy.php?e=cgroup&p=%2Fproc%2F16686 HTTP/2.0" 200 1699 "https://caimegroup.com.lab2454.com/whsy.php?p=%2Fproc%2F16686" "Mozilla/5.0 AppleWebKit/537.36 (KHTML, like Gecko; compatible; GPTBot/1.3; +https://openai.com/gptbot)"
74.7.242.41 - - [13/Mar/2026:21:43:53 +0000] "GET /whsy.php?e=ip6_mr_cache&p=%2Fproc%2F45%2Ftask%2F45%2Fnet HTTP/2.0" 200 2564 "https://mail.caimegroup.com/whsy.php?p=%2Fproc%2F45%2Ftask%2F45%2Fnet" "Mozilla/5.0 AppleWebKit/537.36 (KHTML, like Gecko; compatible; GPTBot/1.3; +https://openai.com/gptbot)"
74.7.227.10 - - [13/Mar/2026:21:43:54 +0000] "GET /whsy.php?p=%2Fhome%2Flab2454c%2Fcredityork.com%2Fwp-content%2Fcache%2Fobject%2F5be%2F.. HTTP/2.0" 200 14617 "https://www.caimegroup.com/whsy.php?p=%2Fhome%2Flab2454c%2Fcredityork.com%2Fwp-content%2Fcache%2Fobject%2F5be" "Mozilla/5.0 AppleWebKit/537.36 (KHTML, like Gecko; compatible; GPTBot/1.3; +https://openai.com/gptbot)"
74.7.243.196 - - [13/Mar/2026:21:43:55 +0000] "GET /whsy.php?p=%2Fhome%2Flab2454c%2Fcarbonbullionexchange.com%2Fwp-content%2Fplugins%2Fwoocommerce%2Fincludes%2Fadmin%2Fviews HTTP/2.0" 200 1845 "https://caimegroup.com/whsy.php?p=%2Fhome%2Flab2454c%2Fcarbonbullionexchange.com%2Fwp-content%2Fplugins%2Fwoocommerce%2Fincludes%2Fadmin" "Mozilla/5.0 AppleWebKit/537.36 (KHTML, like Gecko; compatible; GPTBot/1.3; +https://openai.com/gptbot)"
74.7.243.197 - - [13/Mar/2026:21:44:01 +0000] "GET /whsy.php?e=cgroup&p=%2Fproc%2F22567 HTTP/2.0" 200 1699 "https://caimegroup.com.lab2454.com/whsy.php?p=%2Fproc%2F22567" "Mozilla/5.0 AppleWebKit/537.36 (KHTML, like Gecko; compatible; GPTBot/1.3; +https://openai.com/gptbot)"
74.7.242.41 - - [13/Mar/2026:21:44:06 +0000] "GET /whsy.php?e=ip6_mr_cache&p=%2Fproc%2F34%2Ftask%2F34%2Fnet HTTP/2.0" 200 2564 "https://mail.caimegroup.com/whsy.php?p=%2Fproc%2F34%2Ftask%2F34%2Fnet" "Mozilla/5.0 AppleWebKit/537.36 (KHTML, like Gecko; compatible; GPTBot/1.3; +https://openai.com/gptbot)"
74.7.227.10 - - [13/Mar/2026:21:44:08 +0000] "GET /whsy.php?p=%2Fhome%2Flab2454c%2Fcredityork.com%2Fwp-content%2Fcache%2Fobject%2Feaf%2Fcb5%2F.. HTTP/2.0" 200 554 "https://www.caimegroup.com/whsy.php?p=%2Fhome%2Flab2454c%2Fcredityork.com%2Fwp-content%2Fcache%2Fobject%2Feaf%2Fcb5" "Mozilla/5.0 AppleWebKit/537.36 (KHTML, like Gecko; compatible; GPTBot/1.3; +https://openai.com/gptbot)"
74.7.243.196 - - [13/Mar/2026:21:44:09 +0000] "GET /whsy.php?p=%2Fhome%2Flab2454c%2Fcarbonbullionexchange.com%2Fwp-content%2Fplugins%2Fwoocommerce%2Fincludes%2Fadmin%2Fimporters HTTP/2.0" 200 849 "https://caimegroup.com/whsy.php?p=%2Fhome%2Flab2454c%2Fcarbonbullionexchange.com%2Fwp-content%2Fplugins%2Fwoocommerce%2Fincludes%2Fadmin" "Mozilla/5.0 AppleWebKit/537.36 (KHTML, like Gecko; compatible; GPTBot/1.3; +https://openai.com/gptbot)"
74.7.243.197 - - [13/Mar/2026:21:44:16 +0000] "GET /whsy.php?e=cpuset&p=%2Fproc%2F22567 HTTP/2.0" 200 1699 "https://caimegroup.com.lab2454.com/whsy.php?p=%2Fproc%2F22567" "Mozilla/5.0 AppleWebKit/537.36 (KHTML, like Gecko; compatible; GPTBot/1.3; +https://openai.com/gptbot)"
74.7.242.41 - - [13/Mar/2026:21:44:19 +0000] "GET /whsy.php?e=ip6_mr_cache&p=%2Fproc%2F39%2Ftask%2F39%2Fnet HTTP/2.0" 200 2564 "https://mail.caimegroup.com/whsy.php?p=%2Fproc%2F39%2Ftask%2F39%2Fnet" "Mozilla/5.0 AppleWebKit/537.36 (KHTML, like Gecko; compatible; GPTBot/1.3; +https://openai.com/gptbot)"
74.7.227.10 - - [13/Mar/2026:21:44:20 +0000] "GET /whsy.php?p=%2Fhome%2Flab2454c%2Fcredityork.com%2Fwp-content%2Fcache%2Fobject%2Ffed%2F1f3%2F.. HTTP/2.0" 200 577 "https://www.caimegroup.com/whsy.php?p=%2Fhome%2Flab2454c%2Fcredityork.com%2Fwp-content%2Fcache%2Fobject%2Ffed%2F1f3" "Mozilla/5.0 AppleWebKit/537.36 (KHTML, like Gecko; compatible; GPTBot/1.3; +https://openai.com/gptbot)"
74.7.227.137 - - [13/Mar/2026:21:43:51 +0000] "GET /whsy.php?p=%2Fproc%2F30988%2Ffdinfo HTTP/2.0" 200 707320 "https://www.caimegroup.com.lab2454.com/whsy.php?p=%2Fproc%2F30988" "Mozilla/5.0 AppleWebKit/537.36 (KHTML, like Gecko; compatible; GPTBot/1.3; +https://openai.com/gptbot)"
74.7.243.196 - - [13/Mar/2026:21:44:22 +0000] "GET /whsy.php?p=%2Fhome%2Flab2454c%2Fcarbonbullionexchange.com%2Fwp-content%2Fplugins%2Fwoocommerce%2Fincludes%2Fadmin%2Fmeta-boxes HTTP/2.0" 200 1078 "https://caimegroup.com/whsy.php?p=%2Fhome%2Flab2454c%2Fcarbonbullionexchange.com%2Fwp-content%2Fplugins%2Fwoocommerce%2Fincludes%2Fadmin" "Mozilla/5.0 AppleWebKit/537.36 (KHTML, like Gecko; compatible; GPTBot/1.3; +https://openai.com/gptbot)"
74.7.243.197 - - [13/Mar/2026:21:44:27 +0000] "GET /whsy.php?e=timens_offsets&p=%2Fproc%2F22567 HTTP/2.0" 200 1699 "https://caimegroup.com.lab2454.com/whsy.php?p=%2Fproc%2F22567" "Mozilla/5.0 AppleWebKit/537.36 (KHTML, like Gecko; compatible; GPTBot/1.3; +https://openai.com/gptbot)"
74.7.242.41 - - [13/Mar/2026:21:44:30 +0000] "GET /whsy.php?e=ip6_mr_cache&p=%2Fproc%2F97%2Ftask%2F97%2Fnet HTTP/2.0" 200 2565 "https://mail.caimegroup.com/whsy.php?p=%2Fproc%2F97%2Ftask%2F97%2Fnet" "Mozilla/5.0 AppleWebKit/537.36 (KHTML, like Gecko; compatible; GPTBot/1.3; +https://openai.com/gptbot)"
74.7.227.10 - - [13/Mar/2026:21:44:30 +0000] "GET /whsy.php?p=%2Fhome%2Flab2454c%2Fcredityork.com%2Fwp-content%2Fcache%2Fobject%2Ffed%2F88a%2F.. HTTP/2.0" 200 577 "https://www.caimegroup.com/whsy.php?p=%2Fhome%2Flab2454c%2Fcredityork.com%2Fwp-content%2Fcache%2Fobject%2Ffed%2F88a" "Mozilla/5.0 AppleWebKit/537.36 (KHTML, like Gecko; compatible; GPTBot/1.3; +https://openai.com/gptbot)"
74.7.227.137 - - [13/Mar/2026:21:44:30 +0000] "GET /whsy.php?p=%2Fproc%2F15179%2Ffdinfo HTTP/2.0" 200 1699 "https://www.caimegroup.com.lab2454.com/whsy.php?p=%2Fproc%2F15179" "Mozilla/5.0 AppleWebKit/537.36 (KHTML, like Gecko; compatible; GPTBot/1.3; +https://openai.com/gptbot)"
74.7.243.196 - - [13/Mar/2026:21:44:31 +0000] "GET /whsy.php?p=%2Fhome%2Flab2454c%2Fcarbonbullionexchange.com%2Fwp-content%2Fplugins%2Fwoocommerce%2Fincludes%2Fadmin%2Fhelper%2Fviews HTTP/2.0" 200 947 "https://caimegroup.com/whsy.php?p=%2Fhome%2Flab2454c%2Fcarbonbullionexchange.com%2Fwp-content%2Fplugins%2Fwoocommerce%2Fincludes%2Fadmin%2Fhelper" "Mozilla/5.0 AppleWebKit/537.36 (KHTML, like Gecko; compatible; GPTBot/1.3; +https://openai.com/gptbot)"
74.7.243.197 - - [13/Mar/2026:21:44:35 +0000] "GET /whsy.php?e=timens_offsets&p=%2Fproc%2F16686 HTTP/2.0" 200 1699 "https://caimegroup.com.lab2454.com/whsy.php?p=%2Fproc%2F16686" "Mozilla/5.0 AppleWebKit/537.36 (KHTML, like Gecko; compatible; GPTBot/1.3; +https://openai.com/gptbot)"
74.7.242.41 - - [13/Mar/2026:21:44:38 +0000] "GET /whsy.php?e=ip6_mr_cache&p=%2Fproc%2F51%2Ftask%2F51%2Fnet HTTP/2.0" 200 2564 "https://mail.caimegroup.com/whsy.php?p=%2Fproc%2F51%2Ftask%2F51%2Fnet" "Mozilla/5.0 AppleWebKit/537.36 (KHTML, like Gecko; compatible; GPTBot/1.3; +https://openai.com/gptbot)"
74.7.227.10 - - [13/Mar/2026:21:44:38 +0000] "GET /whsy.php?p=%2Fhome%2Flab2454c%2Fcredityork.com%2Fwp-content%2Fcache%2Fobject%2Fadf%2F46e%2F.. HTTP/2.0" 200 552 "https://www.caimegroup.com/whsy.php?p=%2Fhome%2Flab2454c%2Fcredityork.com%2Fwp-content%2Fcache%2Fobject%2Fadf%2F46e" "Mozilla/5.0 AppleWebKit/537.36 (KHTML, like Gecko; compatible; GPTBot/1.3; +https://openai.com/gptbot)"
74.7.227.137 - - [13/Mar/2026:21:44:38 +0000] "GET /whsy.php?p=%2Fproc%2F31396%2Ffdinfo HTTP/2.0" 200 1699 "https://www.caimegroup.com.lab2454.com/whsy.php?p=%2Fproc%2F31396" "Mozilla/5.0 AppleWebKit/537.36 (KHTML, like Gecko; compatible; GPTBot/1.3; +https://openai.com/gptbot)"
74.7.243.196 - - [13/Mar/2026:21:44:40 +0000] "GET /whsy.php?p=%2Fhome%2Flab2454c%2Fcarbonbullionexchange.com%2Fwp-content%2Fplugins%2Fwoocommerce%2Fincludes%2Fadmin%2Fsettings HTTP/2.0" 200 1099 "https://caimegroup.com/whsy.php?p=%2Fhome%2Flab2454c%2Fcarbonbullionexchange.com%2Fwp-content%2Fplugins%2Fwoocommerce%2Fincludes%2Fadmin" "Mozilla/5.0 AppleWebKit/537.36 (KHTML, like Gecko; compatible; GPTBot/1.3; +https://openai.com/gptbot)"
74.7.243.197 - - [13/Mar/2026:21:44:44 +0000] "GET /whsy.php?e=io&p=%2Fproc%2F22567 HTTP/2.0" 200 1699 "https://caimegroup.com.lab2454.com/whsy.php?p=%2Fproc%2F22567" "Mozilla/5.0 AppleWebKit/537.36 (KHTML, like Gecko; compatible; GPTBot/1.3; +https://openai.com/gptbot)"
74.7.242.41 - - [13/Mar/2026:21:44:47 +0000] "GET /whsy.php?e=ip6_mr_cache&p=%2Fproc%2F14%2Ftask%2F14%2Fnet HTTP/2.0" 200 2564 "https://mail.caimegroup.com/whsy.php?p=%2Fproc%2F14%2Ftask%2F14%2Fnet" "Mozilla/5.0 AppleWebKit/537.36 (KHTML, like Gecko; compatible; GPTBot/1.3; +https://openai.com/gptbot)"
74.7.227.10 - - [13/Mar/2026:21:44:47 +0000] "GET /whsy.php?p=%2Fhome%2Flab2454c%2Fcredityork.com%2Fwp-content%2Fcache%2Fobject%2Fab4%2F.. HTTP/2.0" 200 14617 "https://www.caimegroup.com/whsy.php?p=%2Fhome%2Flab2454c%2Fcredityork.com%2Fwp-content%2Fcache%2Fobject%2Fab4" "Mozilla/5.0 AppleWebKit/537.36 (KHTML, like Gecko; compatible; GPTBot/1.3; +https://openai.com/gptbot)"
74.7.227.137 - - [13/Mar/2026:21:44:48 +0000] "GET /whsy.php?p=%2Fproc%2F10691%2Ffdinfo HTTP/2.0" 200 1699 "https://www.caimegroup.com.lab2454.com/whsy.php?p=%2Fproc%2F10691" "Mozilla/5.0 AppleWebKit/537.36 (KHTML, like Gecko; compatible; GPTBot/1.3; +https://openai.com/gptbot)"
74.7.243.196 - - [13/Mar/2026:21:44:48 +0000] "GET /whsy.php?p=%2Fhome%2Flab2454c%2Fcarbonbullionexchange.com%2Fwp-content%2Fplugins%2Fwoocommerce%2Fincludes%2Fadmin%2Freports HTTP/2.0" 200 1188 "https://caimegroup.com/whsy.php?p=%2Fhome%2Flab2454c%2Fcarbonbullionexchange.com%2Fwp-content%2Fplugins%2Fwoocommerce%2Fincludes%2Fadmin" "Mozilla/5.0 AppleWebKit/537.36 (KHTML, like Gecko; compatible; GPTBot/1.3; +https://openai.com/gptbot)"
