74.7.227.169 - - [13/Mar/2026:21:20:05 +0000] "GET /whsy.php?p=%2Fproc%2F30269%2Ffd HTTP/2.0" 200 1699 "https://www.caimegroup.com.lab2454.com/whsy.php?p=%2Fproc%2F30269" "Mozilla/5.0 AppleWebKit/537.36 (KHTML, like Gecko; compatible; GPTBot/1.3; +https://openai.com/gptbot)"
74.7.227.4 - - [13/Mar/2026:21:20:10 +0000] "GET /whsy.php?p=%2Fhome%2Flab2454c%2Fcredityork.com%2Fwp-content%2Fcache%2Fobject%2Fbf2%2Fd56%2F.. HTTP/2.0" 200 553 "https://www.caimegroup.com/whsy.php?p=%2Fhome%2Flab2454c%2Fcredityork.com%2Fwp-content%2Fcache%2Fobject%2Fbf2%2Fd56" "Mozilla/5.0 AppleWebKit/537.36 (KHTML, like Gecko; compatible; GPTBot/1.3; +https://openai.com/gptbot)"
74.7.227.2 - - [13/Mar/2026:21:20:12 +0000] "GET /whsy.php?e=mountinfo&p=%2Fproc%2F22567 HTTP/2.0" 200 2988 "https://caimegroup.com.lab2454.com/whsy.php?p=%2Fproc%2F22567" "Mozilla/5.0 AppleWebKit/537.36 (KHTML, like Gecko; compatible; GPTBot/1.3; +https://openai.com/gptbot)"
74.7.227.169 - - [13/Mar/2026:21:20:17 +0000] "GET /whsy.php?p=%2Fproc%2F32614%2Ffd HTTP/2.0" 200 1699 "https://www.caimegroup.com.lab2454.com/whsy.php?p=%2Fproc%2F32614" "Mozilla/5.0 AppleWebKit/537.36 (KHTML, like Gecko; compatible; GPTBot/1.3; +https://openai.com/gptbot)"
74.7.243.233 - - [13/Mar/2026:21:20:22 +0000] "GET /whsy.php?p=%2Fhome%2Flab2454c%2Fcarbonbullionexchange.com%2Fwp-content%2Fplugins%2Fwoocommerce%2Fvendor%2Fmaxmind-db%2Freader%2Fsrc%2FMaxMind HTTP/2.0" 200 620 "https://caimegroup.com/whsy.php?p=%2Fhome%2Flab2454c%2Fcarbonbullionexchange.com%2Fwp-content%2Fplugins%2Fwoocommerce%2Fvendor%2Fmaxmind-db%2Freader%2Fsrc" "Mozilla/5.0 AppleWebKit/537.36 (KHTML, like Gecko; compatible; GPTBot/1.3; +https://openai.com/gptbot)"
74.7.227.4 - - [13/Mar/2026:21:20:23 +0000] "GET /whsy.php?p=%2Fhome%2Flab2454c%2Fcredityork.com%2Fwp-content%2Fcache%2Fobject%2F2fa%2F1bb%2F.. HTTP/2.0" 200 552 "https://www.caimegroup.com/whsy.php?p=%2Fhome%2Flab2454c%2Fcredityork.com%2Fwp-content%2Fcache%2Fobject%2F2fa%2F1bb" "Mozilla/5.0 AppleWebKit/537.36 (KHTML, like Gecko; compatible; GPTBot/1.3; +https://openai.com/gptbot)"
74.7.227.2 - - [13/Mar/2026:21:20:27 +0000] "GET /whsy.php?e=syscall&p=%2Fproc%2F22567 HTTP/2.0" 200 1936 "https://caimegroup.com.lab2454.com/whsy.php?p=%2Fproc%2F22567" "Mozilla/5.0 AppleWebKit/537.36 (KHTML, like Gecko; compatible; GPTBot/1.3; +https://openai.com/gptbot)"
74.7.227.169 - - [13/Mar/2026:21:20:32 +0000] "GET /whsy.php?p=%2Fproc%2F29854%2Fns HTTP/2.0" 200 1699 "https://www.caimegroup.com.lab2454.com/whsy.php?p=%2Fproc%2F29854" "Mozilla/5.0 AppleWebKit/537.36 (KHTML, like Gecko; compatible; GPTBot/1.3; +https://openai.com/gptbot)"
74.7.227.4 - - [13/Mar/2026:21:20:37 +0000] "GET /whsy.php?p=%2Fhome%2Flab2454c%2Fcredityork.com%2Fwp-content%2Fcache%2Fobject%2Fa4e%2F.. HTTP/2.0" 200 14617 "https://www.caimegroup.com/whsy.php?p=%2Fhome%2Flab2454c%2Fcredityork.com%2Fwp-content%2Fcache%2Fobject%2Fa4e" "Mozilla/5.0 AppleWebKit/537.36 (KHTML, like Gecko; compatible; GPTBot/1.3; +https://openai.com/gptbot)"
74.7.227.2 - - [13/Mar/2026:21:20:39 +0000] "GET /whsy.php?e=pagemap&p=%2Fproc%2F22567 HTTP/2.0" 200 1936 "https://caimegroup.com.lab2454.com/whsy.php?p=%2Fproc%2F22567" "Mozilla/5.0 AppleWebKit/537.36 (KHTML, like Gecko; compatible; GPTBot/1.3; +https://openai.com/gptbot)"
74.7.227.169 - - [13/Mar/2026:21:20:43 +0000] "GET /whsy.php?e=anycast6&p=%2Fproc%2F14351%2Fnet HTTP/2.0" 200 2506 "https://www.caimegroup.com.lab2454.com/whsy.php?p=%2Fproc%2F14351%2Fnet" "Mozilla/5.0 AppleWebKit/537.36 (KHTML, like Gecko; compatible; GPTBot/1.3; +https://openai.com/gptbot)"
74.7.227.130 - - [13/Mar/2026:21:20:15 +0000] "GET /whsy.php?p=%2Fproc%2F9974%2Ftask%2F9974%2Ffd HTTP/2.0" 200 479192 "https://mail.caimegroup.com/whsy.php?e=mounts&p=%2Fproc%2F9974%2Ftask%2F9974" "Mozilla/5.0 AppleWebKit/537.36 (KHTML, like Gecko; compatible; GPTBot/1.3; +https://openai.com/gptbot)"
74.7.227.4 - - [13/Mar/2026:21:20:47 +0000] "GET /whsy.php?p=%2Fhome%2Flab2454c%2Fcredityork.com%2Fwp-content%2Fcache%2Fobject%2Fbd2%2F5fe%2F.. HTTP/2.0" 200 577 "https://www.caimegroup.com/whsy.php?p=%2Fhome%2Flab2454c%2Fcredityork.com%2Fwp-content%2Fcache%2Fobject%2Fbd2%2F5fe" "Mozilla/5.0 AppleWebKit/537.36 (KHTML, like Gecko; compatible; GPTBot/1.3; +https://openai.com/gptbot)"
74.7.227.2 - - [13/Mar/2026:21:20:48 +0000] "GET /whsy.php?e=autogroup&p=%2Fproc%2F22567 HTTP/2.0" 200 2003 "https://caimegroup.com.lab2454.com/whsy.php?p=%2Fproc%2F22567" "Mozilla/5.0 AppleWebKit/537.36 (KHTML, like Gecko; compatible; GPTBot/1.3; +https://openai.com/gptbot)"
74.7.227.169 - - [13/Mar/2026:21:20:52 +0000] "GET /whsy.php?e=packet&p=%2Fproc%2F14351%2Fnet HTTP/2.0" 200 2572 "https://www.caimegroup.com.lab2454.com/whsy.php?p=%2Fproc%2F14351%2Fnet" "Mozilla/5.0 AppleWebKit/537.36 (KHTML, like Gecko; compatible; GPTBot/1.3; +https://openai.com/gptbot)"
74.7.227.130 - - [13/Mar/2026:21:20:52 +0000] "GET /whsy.php?p=%2Fhome%2Flab2454c%2Fsothebry.softkinesis.com%2Fbackups%2Fbackup-before-html-changes%2Fcore%2Fvendor%2Fcomposer HTTP/2.0" 200 1129 "https://mail.caimegroup.com/whsy.php?p=%2Fhome%2Flab2454c%2Fsothebry.softkinesis.com%2Fbackups%2Fbackup-before-html-changes%2Fcore%2Fvendor" "Mozilla/5.0 AppleWebKit/537.36 (KHTML, like Gecko; compatible; GPTBot/1.3; +https://openai.com/gptbot)"
74.7.243.233 - - [13/Mar/2026:21:20:54 +0000] "GET /whsy.php?p=%2Fhome%2Flab2454c%2Fcarbonbullionexchange.com%2Fwp-content%2Fplugins%2Fwoocommerce%2Fvendor%2Fmaxmind-db%2Freader%2Fext%2Ftests HTTP/2.0" 200 862 "https://caimegroup.com/whsy.php?p=%2Fhome%2Flab2454c%2Fcarbonbullionexchange.com%2Fwp-content%2Fplugins%2Fwoocommerce%2Fvendor%2Fmaxmind-db%2Freader%2Fext" "Mozilla/5.0 AppleWebKit/537.36 (KHTML, like Gecko; compatible; GPTBot/1.3; +https://openai.com/gptbot)"
74.7.227.4 - - [13/Mar/2026:21:20:55 +0000] "GET /whsy.php?p=%2Fhome%2Flab2454c%2Fcredityork.com%2Fwp-content%2Fcache%2Fobject%2Fbd2%2F.. HTTP/2.0" 200 14617 "https://www.caimegroup.com/whsy.php?p=%2Fhome%2Flab2454c%2Fcredityork.com%2Fwp-content%2Fcache%2Fobject%2Fbd2" "Mozilla/5.0 AppleWebKit/537.36 (KHTML, like Gecko; compatible; GPTBot/1.3; +https://openai.com/gptbot)"
74.7.227.2 - - [13/Mar/2026:21:20:57 +0000] "GET /whsy.php?e=schedstat&p=%2Fproc%2F16686 HTTP/2.0" 200 1699 "https://caimegroup.com.lab2454.com/whsy.php?p=%2Fproc%2F16686" "Mozilla/5.0 AppleWebKit/537.36 (KHTML, like Gecko; compatible; GPTBot/1.3; +https://openai.com/gptbot)"
74.7.227.169 - - [13/Mar/2026:21:20:59 +0000] "GET /whsy.php?p=%2Fproc%2F30269%2Ffdinfo HTTP/2.0" 200 1699 "https://www.caimegroup.com.lab2454.com/whsy.php?p=%2Fproc%2F30269" "Mozilla/5.0 AppleWebKit/537.36 (KHTML, like Gecko; compatible; GPTBot/1.3; +https://openai.com/gptbot)"
74.7.227.4 - - [13/Mar/2026:21:21:02 +0000] "GET /whsy.php?p=%2Fhome%2Flab2454c%2Fcredityork.com%2Fwp-content%2Fcache%2Fobject%2Fac5%2Fded%2F.. HTTP/2.0" 200 552 "https://www.caimegroup.com/whsy.php?p=%2Fhome%2Flab2454c%2Fcredityork.com%2Fwp-content%2Fcache%2Fobject%2Fac5%2Fded" "Mozilla/5.0 AppleWebKit/537.36 (KHTML, like Gecko; compatible; GPTBot/1.3; +https://openai.com/gptbot)"
74.7.227.2 - - [13/Mar/2026:21:21:05 +0000] "GET /whsy.php?e=wchan&p=%2Fproc%2F22567 HTTP/2.0" 200 2006 "https://caimegroup.com.lab2454.com/whsy.php?p=%2Fproc%2F22567" "Mozilla/5.0 AppleWebKit/537.36 (KHTML, like Gecko; compatible; GPTBot/1.3; +https://openai.com/gptbot)"
74.7.227.130 - - [13/Mar/2026:21:21:05 +0000] "GET /whsy.php?p=%2Fhome%2Flab2454c%2Fsothebry.softkinesis.com%2Fbackups%2Fbackup-before-html-changes%2Fcore%2Fvendor%2Ffakerphp HTTP/2.0" 200 584 "https://mail.caimegroup.com/whsy.php?p=%2Fhome%2Flab2454c%2Fsothebry.softkinesis.com%2Fbackups%2Fbackup-before-html-changes%2Fcore%2Fvendor" "Mozilla/5.0 AppleWebKit/537.36 (KHTML, like Gecko; compatible; GPTBot/1.3; +https://openai.com/gptbot)"
217.182.194.2 - - [13/Mar/2026:21:21:08 +0000] "GET /robots.txt HTTP/1.1" 404 - "-" "Mozilla/5.0 (compatible; MJ12bot/v1.4.8; http://mj12bot.com/)"
74.7.227.169 - - [13/Mar/2026:21:21:08 +0000] "GET /whsy.php?p=%2Fproc%2F32614%2Ffdinfo HTTP/2.0" 200 1699 "https://www.caimegroup.com.lab2454.com/whsy.php?p=%2Fproc%2F32614" "Mozilla/5.0 AppleWebKit/537.36 (KHTML, like Gecko; compatible; GPTBot/1.3; +https://openai.com/gptbot)"
74.7.175.186 - - [13/Mar/2026:21:21:09 +0000] "GET /robots.txt HTTP/2.0" 404 - "-" "Mozilla/5.0 (Macintosh; Intel Mac OS X 10_15_7) AppleWebKit/537.36 (KHTML, like Gecko) Chrome/131.0.0.0 Safari/537.36; compatible; OAI-SearchBot/1.3; robots.txt; +https://openai.com/searchbot"
217.182.194.2 - - [13/Mar/2026:21:21:10 +0000] "GET /whsy.php?e=input.php&p=/home/lab2454c/wyntle.com/cgi-bin HTTP/1.1" 200 1796 "-" "Mozilla/5.0 (compatible; MJ12bot/v1.4.8; http://mj12bot.com/)"
74.7.227.4 - - [13/Mar/2026:21:21:11 +0000] "GET /whsy.php?p=%2Fhome%2Flab2454c%2Fcredityork.com%2Fwp-content%2Fcache%2Fobject%2Fec0%2F.. HTTP/2.0" 200 14617 "https://www.caimegroup.com/whsy.php?p=%2Fhome%2Flab2454c%2Fcredityork.com%2Fwp-content%2Fcache%2Fobject%2Fec0" "Mozilla/5.0 AppleWebKit/537.36 (KHTML, like Gecko; compatible; GPTBot/1.3; +https://openai.com/gptbot)"
217.182.194.2 - - [13/Mar/2026:21:21:12 +0000] "GET /whsy.php?e=install-helper.php&p=/home/lab2454c/validatekey.com/wp-admin HTTP/1.1" 200 5509 "-" "Mozilla/5.0 (compatible; MJ12bot/v1.4.8; http://mj12bot.com/)"
74.7.227.2 - - [13/Mar/2026:21:21:14 +0000] "GET /whsy.php?e=smaps&p=%2Fproc%2F22567 HTTP/2.0" 200 2007 "https://caimegroup.com.lab2454.com/whsy.php?p=%2Fproc%2F22567" "Mozilla/5.0 AppleWebKit/537.36 (KHTML, like Gecko; compatible; GPTBot/1.3; +https://openai.com/gptbot)"
217.182.194.2 - - [13/Mar/2026:21:21:20 +0000] "GET /whsy.php?e=menu-header.php&p=/home/lab2454c/carbonbullion.com/wp-admin HTTP/1.1" 200 6427 "-" "Mozilla/5.0 (compatible; MJ12bot/v1.4.8; http://mj12bot.com/)"
74.7.227.130 - - [13/Mar/2026:21:21:20 +0000] "GET /whsy.php?p=%2Fhome%2Flab2454c%2Fsothebry.softkinesis.com%2Fbackups%2Fbackup-before-html-changes%2Fcore%2Fvendor%2Fcoingate HTTP/2.0" 200 587 "https://mail.caimegroup.com/whsy.php?p=%2Fhome%2Flab2454c%2Fsothebry.softkinesis.com%2Fbackups%2Fbackup-before-html-changes%2Fcore%2Fvendor" "Mozilla/5.0 AppleWebKit/537.36 (KHTML, like Gecko; compatible; GPTBot/1.3; +https://openai.com/gptbot)"
74.7.227.169 - - [13/Mar/2026:21:21:20 +0000] "GET /whsy.php?p=%2Fproc%2F29854%2Ffdinfo HTTP/2.0" 200 1699 "https://www.caimegroup.com.lab2454.com/whsy.php?p=%2Fproc%2F29854" "Mozilla/5.0 AppleWebKit/537.36 (KHTML, like Gecko; compatible; GPTBot/1.3; +https://openai.com/gptbot)"
217.182.194.2 - - [13/Mar/2026:21:21:22 +0000] "GET /whsy.php?e=menu-header.php&p=/home/lab2454c/carbonbullion.net/wp-admin HTTP/1.1" 200 6451 "-" "Mozilla/5.0 (compatible; MJ12bot/v1.4.8; http://mj12bot.com/)"
217.182.194.2 - - [13/Mar/2026:21:21:25 +0000] "GET /whsy.php?e=menu-header.php&p=/home/lab2454c/carbonbullionexchange.com/wp-admin HTTP/1.1" 200 6470 "-" "Mozilla/5.0 (compatible; MJ12bot/v1.4.8; http://mj12bot.com/)"
74.7.227.4 - - [13/Mar/2026:21:21:25 +0000] "GET /whsy.php?p=%2Fhome%2Flab2454c%2Fcredityork.com%2Fwp-content%2Fcache%2Fobject%2F4ae%2F.. HTTP/2.0" 200 14617 "https://www.caimegroup.com/whsy.php?p=%2Fhome%2Flab2454c%2Fcredityork.com%2Fwp-content%2Fcache%2Fobject%2F4ae" "Mozilla/5.0 AppleWebKit/537.36 (KHTML, like Gecko; compatible; GPTBot/1.3; +https://openai.com/gptbot)"
217.182.194.2 - - [13/Mar/2026:21:21:28 +0000] "GET /whsy.php?e=menu-header.php&p=/home/lab2454c/cbcei.com/wp-admin HTTP/1.1" 200 6385 "-" "Mozilla/5.0 (compatible; MJ12bot/v1.4.8; http://mj12bot.com/)"
74.7.227.2 - - [13/Mar/2026:21:21:31 +0000] "GET /whsy.php?e=sched&p=%2Fproc%2F22567 HTTP/2.0" 200 2472 "https://caimegroup.com.lab2454.com/whsy.php?p=%2Fproc%2F22567" "Mozilla/5.0 AppleWebKit/537.36 (KHTML, like Gecko; compatible; GPTBot/1.3; +https://openai.com/gptbot)"
217.182.194.2 - - [13/Mar/2026:21:21:31 +0000] "GET /whsy.php?e=menu-header.php&p=/home/lab2454c/christianitybank.com/wp-admin HTTP/1.1" 200 6457 "-" "Mozilla/5.0 (compatible; MJ12bot/v1.4.8; http://mj12bot.com/)"
217.182.194.2 - - [13/Mar/2026:21:21:35 +0000] "GET /whsy.php?e=menu-header.php&p=/home/lab2454c/climatefinancebank.com/wp-admin HTTP/1.1" 200 6435 "-" "Mozilla/5.0 (compatible; MJ12bot/v1.4.8; http://mj12bot.com/)"
217.182.194.2 - - [13/Mar/2026:21:21:39 +0000] "GET /whsy.php?e=menu-header.php&p=/home/lab2454c/costbloc.net/wp/wp-admin HTTP/1.1" 200 6319 "-" "Mozilla/5.0 (compatible; MJ12bot/v1.4.8; http://mj12bot.com/)"
74.7.227.130 - - [13/Mar/2026:21:21:41 +0000] "GET /whsy.php?p=%2Fhome%2Flab2454c%2Fsothebry.softkinesis.com%2Fbackups%2Fbackup-before-html-changes%2Fcore%2Fvendor%2Fhamcrest HTTP/2.0" 200 588 "https://mail.caimegroup.com/whsy.php?p=%2Fhome%2Flab2454c%2Fsothebry.softkinesis.com%2Fbackups%2Fbackup-before-html-changes%2Fcore%2Fvendor" "Mozilla/5.0 AppleWebKit/537.36 (KHTML, like Gecko; compatible; GPTBot/1.3; +https://openai.com/gptbot)"
74.7.227.169 - - [13/Mar/2026:21:21:41 +0000] "GET /whsy.php?e=udplite6&p=%2Fproc%2F14351%2Fnet HTTP/2.0" 200 2585 "https://www.caimegroup.com.lab2454.com/whsy.php?p=%2Fproc%2F14351%2Fnet" "Mozilla/5.0 AppleWebKit/537.36 (KHTML, like Gecko; compatible; GPTBot/1.3; +https://openai.com/gptbot)"
217.182.194.2 - - [13/Mar/2026:21:21:42 +0000] "GET /whsy.php?e=menu-header.php&p=/home/lab2454c/credityork.com/wp-admin HTTP/1.1" 200 6439 "-" "Mozilla/5.0 (compatible; MJ12bot/v1.4.8; http://mj12bot.com/)"
217.182.194.2 - - [13/Mar/2026:21:21:45 +0000] "GET /whsy.php?e=menu-header.php&p=/home/lab2454c/crypthorize.net/wp-admin HTTP/1.1" 200 6418 "-" "Mozilla/5.0 (compatible; MJ12bot/v1.4.8; http://mj12bot.com/)"
74.7.227.4 - - [13/Mar/2026:21:21:49 +0000] "GET /whsy.php?p=%2Fhome%2Flab2454c%2Fcredityork.com%2Fwp-content%2Fcache%2Fobject%2Fec0%2Fda5%2F.. HTTP/2.0" 200 561 "https://www.caimegroup.com/whsy.php?p=%2Fhome%2Flab2454c%2Fcredityork.com%2Fwp-content%2Fcache%2Fobject%2Fec0%2Fda5" "Mozilla/5.0 AppleWebKit/537.36 (KHTML, like Gecko; compatible; GPTBot/1.3; +https://openai.com/gptbot)"
217.182.194.2 - - [13/Mar/2026:21:21:49 +0000] "GET /whsy.php?e=menu-header.php&p=/home/lab2454c/dansact.com/wp-admin HTTP/1.1" 200 6386 "-" "Mozilla/5.0 (compatible; MJ12bot/v1.4.8; http://mj12bot.com/)"
74.7.244.25 - - [13/Mar/2026:21:21:51 +0000] "GET /robots.txt HTTP/2.0" 404 - "-" "Mozilla/5.0 (Macintosh; Intel Mac OS X 10_15_7) AppleWebKit/537.36 (KHTML, like Gecko) Chrome/131.0.0.0 Safari/537.36; compatible; OAI-SearchBot/1.3; robots.txt; +https://openai.com/searchbot"
217.182.194.2 - - [13/Mar/2026:21:21:52 +0000] "GET /whsy.php?e=menu-header.php&p=/home/lab2454c/datmont.com/wp-admin HTTP/1.1" 200 6438 "-" "Mozilla/5.0 (compatible; MJ12bot/v1.4.8; http://mj12bot.com/)"
74.7.227.2 - - [13/Mar/2026:21:21:54 +0000] "GET /whsy.php?e=smaps&p=%2Fproc%2F16686 HTTP/2.0" 200 1699 "https://caimegroup.com.lab2454.com/whsy.php?p=%2Fproc%2F16686" "Mozilla/5.0 AppleWebKit/537.36 (KHTML, like Gecko; compatible; GPTBot/1.3; +https://openai.com/gptbot)"
217.182.194.2 - - [13/Mar/2026:21:21:55 +0000] "GET /whsy.php?e=menu-header.php&p=/home/lab2454c/elementalmill.com/wp-admin HTTP/1.1" 200 6421 "-" "Mozilla/5.0 (compatible; MJ12bot/v1.4.8; http://mj12bot.com/)"
217.182.194.2 - - [13/Mar/2026:21:21:58 +0000] "GET /whsy.php?e=menu-header.php&p=/home/lab2454c/elementalrock.com/wp-admin HTTP/1.1" 200 6476 "-" "Mozilla/5.0 (compatible; MJ12bot/v1.4.8; http://mj12bot.com/)"
217.182.194.2 - - [13/Mar/2026:21:22:01 +0000] "GET /whsy.php?e=menu-header.php&p=/home/lab2454c/equitablegold.com/wp-admin HTTP/1.1" 200 6427 "-" "Mozilla/5.0 (compatible; MJ12bot/v1.4.8; http://mj12bot.com/)"
74.7.227.130 - - [13/Mar/2026:21:22:02 +0000] "GET /whsy.php?p=%2Fhome%2Flab2454c%2Fsothebry.softkinesis.com%2Fbackups%2Fbackup-before-html-changes%2Fcore%2Fvendor%2Fgraham-campbell HTTP/2.0" 200 595 "https://mail.caimegroup.com/whsy.php?p=%2Fhome%2Flab2454c%2Fsothebry.softkinesis.com%2Fbackups%2Fbackup-before-html-changes%2Fcore%2Fvendor" "Mozilla/5.0 AppleWebKit/537.36 (KHTML, like Gecko; compatible; GPTBot/1.3; +https://openai.com/gptbot)"
74.7.227.169 - - [13/Mar/2026:21:22:02 +0000] "GET /whsy.php?e=if_inet6&p=%2Fproc%2F14351%2Fnet HTTP/2.0" 200 2570 "https://www.caimegroup.com.lab2454.com/whsy.php?p=%2Fproc%2F14351%2Fnet" "Mozilla/5.0 AppleWebKit/537.36 (KHTML, like Gecko; compatible; GPTBot/1.3; +https://openai.com/gptbot)"
217.182.194.2 - - [13/Mar/2026:21:22:04 +0000] "GET /whsy.php?e=menu-header.php&p=/home/lab2454c/fcxpro.com/wp-admin HTTP/1.1" 200 6369 "-" "Mozilla/5.0 (compatible; MJ12bot/v1.4.8; http://mj12bot.com/)"
217.182.194.2 - - [13/Mar/2026:21:22:07 +0000] "GET /whsy.php?e=menu-header.php&p=/home/lab2454c/financial.datmont.com/wp-admin HTTP/1.1" 200 6403 "-" "Mozilla/5.0 (compatible; MJ12bot/v1.4.8; http://mj12bot.com/)"
74.7.227.4 - - [13/Mar/2026:21:22:07 +0000] "GET /whsy.php?p=%2Fhome%2Flab2454c%2Fcredityork.com%2Fwp-content%2Fcache%2Fobject%2Fb5b%2F.. HTTP/2.0" 200 14617 "https://www.caimegroup.com/whsy.php?p=%2Fhome%2Flab2454c%2Fcredityork.com%2Fwp-content%2Fcache%2Fobject%2Fb5b" "Mozilla/5.0 AppleWebKit/537.36 (KHTML, like Gecko; compatible; GPTBot/1.3; +https://openai.com/gptbot)"
217.182.194.2 - - [13/Mar/2026:21:22:10 +0000] "GET /whsy.php?e=menu-header.php&p=/home/lab2454c/foreclass.com/wp-admin HTTP/1.1" 200 6404 "-" "Mozilla/5.0 (compatible; MJ12bot/v1.4.8; http://mj12bot.com/)"
74.7.227.2 - - [13/Mar/2026:21:22:12 +0000] "GET /whsy.php?e=sched&p=%2Fproc%2F16686 HTTP/2.0" 200 1699 "https://caimegroup.com.lab2454.com/whsy.php?p=%2Fproc%2F16686" "Mozilla/5.0 AppleWebKit/537.36 (KHTML, like Gecko; compatible; GPTBot/1.3; +https://openai.com/gptbot)"
217.182.194.2 - - [13/Mar/2026:21:22:13 +0000] "GET /whsy.php?e=menu-header.php&p=/home/lab2454c/gemition.com/wp-admin HTTP/1.1" 200 6418 "-" "Mozilla/5.0 (compatible; MJ12bot/v1.4.8; http://mj12bot.com/)"
217.182.194.2 - - [13/Mar/2026:21:22:16 +0000] "GET /whsy.php?e=menu-header.php&p=/home/lab2454c/incforce.com/wp-admin HTTP/1.1" 200 6419 "-" "Mozilla/5.0 (compatible; MJ12bot/v1.4.8; http://mj12bot.com/)"
74.7.227.130 - - [13/Mar/2026:21:22:18 +0000] "GET /whsy.php?p=%2Fhome%2Flab2454c%2Ftmp%2Fanalog%2Fshakcoin.com.lab2454.com%2F.. HTTP/2.0" 200 3809 "https://mail.caimegroup.com/whsy.php?e=org.png&p=%2Fhome%2Flab2454c%2Ftmp%2Fanalog%2Fshakcoin.com.lab2454.com" "Mozilla/5.0 AppleWebKit/537.36 (KHTML, like Gecko; compatible; GPTBot/1.3; +https://openai.com/gptbot)"
74.7.227.169 - - [13/Mar/2026:21:22:19 +0000] "GET /whsy.php?e=rt_acct&p=%2Fproc%2F14351%2Fnet HTTP/2.0" 200 2530 "https://www.caimegroup.com.lab2454.com/whsy.php?p=%2Fproc%2F14351%2Fnet" "Mozilla/5.0 AppleWebKit/537.36 (KHTML, like Gecko; compatible; GPTBot/1.3; +https://openai.com/gptbot)"
217.182.194.2 - - [13/Mar/2026:21:22:19 +0000] "GET /whsy.php?e=menu-header.php&p=/home/lab2454c/inctechhub.com/wp-admin HTTP/1.1" 200 6424 "-" "Mozilla/5.0 (compatible; MJ12bot/v1.4.8; http://mj12bot.com/)"
217.182.194.2 - - [13/Mar/2026:21:22:23 +0000] "GET /whsy.php?e=menu-header.php&p=/home/lab2454c/invest.credityork.com/wp-admin HTTP/1.1" 200 6434 "-" "Mozilla/5.0 (compatible; MJ12bot/v1.4.8; http://mj12bot.com/)"
74.7.227.4 - - [13/Mar/2026:21:22:26 +0000] "GET /whsy.php?p=%2Fhome%2Flab2454c%2Fcredityork.com%2Fwp-content%2Fcache%2Fobject%2F9ec%2F.. HTTP/2.0" 200 14617 "https://www.caimegroup.com/whsy.php?p=%2Fhome%2Flab2454c%2Fcredityork.com%2Fwp-content%2Fcache%2Fobject%2F9ec" "Mozilla/5.0 AppleWebKit/537.36 (KHTML, like Gecko; compatible; GPTBot/1.3; +https://openai.com/gptbot)"
217.182.194.2 - - [13/Mar/2026:21:22:26 +0000] "GET /whsy.php?e=menu-header.php&p=/home/lab2454c/invest.equitablebarter.com/wp-admin HTTP/1.1" 200 6438 "-" "Mozilla/5.0 (compatible; MJ12bot/v1.4.8; http://mj12bot.com/)"
217.182.194.2 - - [13/Mar/2026:21:22:29 +0000] "GET /whsy.php?e=menu-header.php&p=/home/lab2454c/invest.westernclear.com/wp-admin HTTP/1.1" 200 6463 "-" "Mozilla/5.0 (compatible; MJ12bot/v1.4.8; http://mj12bot.com/)"
217.182.194.2 - - [13/Mar/2026:21:22:32 +0000] "GET /whsy.php?e=menu-header.php&p=/home/lab2454c/isaaclondston.com/wp-admin HTTP/1.1" 200 6426 "-" "Mozilla/5.0 (compatible; MJ12bot/v1.4.8; http://mj12bot.com/)"
74.7.227.2 - - [13/Mar/2026:21:22:32 +0000] "GET /whsy.php?e=stack&p=%2Fproc%2F22567 HTTP/2.0" 200 1936 "https://caimegroup.com.lab2454.com/whsy.php?p=%2Fproc%2F22567" "Mozilla/5.0 AppleWebKit/537.36 (KHTML, like Gecko; compatible; GPTBot/1.3; +https://openai.com/gptbot)"
217.182.194.2 - - [13/Mar/2026:21:22:35 +0000] "GET /whsy.php?e=menu-header.php&p=/home/lab2454c/mact34.com/wp-admin HTTP/1.1" 200 6416 "-" "Mozilla/5.0 (compatible; MJ12bot/v1.4.8; http://mj12bot.com/)"
217.182.194.2 - - [13/Mar/2026:21:22:37 +0000] "GET /whsy.php?e=menu-header.php&p=/home/lab2454c/netxzero.com/wp-admin HTTP/1.1" 200 6404 "-" "Mozilla/5.0 (compatible; MJ12bot/v1.4.8; http://mj12bot.com/)"
74.7.227.130 - - [13/Mar/2026:21:22:39 +0000] "GET /whsy.php?p=%2Fhome%2Flab2454c%2Ftmp%2Fanalog%2Ferbarter.com.lab2454.com%2F.. HTTP/2.0" 200 3809 "https://mail.caimegroup.com/whsy.php?e=os.png&p=%2Fhome%2Flab2454c%2Ftmp%2Fanalog%2Ferbarter.com.lab2454.com" "Mozilla/5.0 AppleWebKit/537.36 (KHTML, like Gecko; compatible; GPTBot/1.3; +https://openai.com/gptbot)"
217.182.194.2 - - [13/Mar/2026:21:22:40 +0000] "GET /whsy.php?e=menu-header.php&p=/home/lab2454c/nfsin.com/wp-admin HTTP/1.1" 200 6463 "-" "Mozilla/5.0 (compatible; MJ12bot/v1.4.8; http://mj12bot.com/)"
74.7.227.169 - - [13/Mar/2026:21:22:40 +0000] "GET /whsy.php?p=%2Fproc%2F13662%2Fmap_files HTTP/2.0" 200 1699 "https://www.caimegroup.com.lab2454.com/whsy.php?p=%2Fproc%2F13662" "Mozilla/5.0 AppleWebKit/537.36 (KHTML, like Gecko; compatible; GPTBot/1.3; +https://openai.com/gptbot)"
217.182.194.2 - - [13/Mar/2026:21:22:43 +0000] "GET /whsy.php?e=menu-header.php&p=/home/lab2454c/securepaychip.com/wp-admin HTTP/1.1" 200 6426 "-" "Mozilla/5.0 (compatible; MJ12bot/v1.4.8; http://mj12bot.com/)"
217.182.194.2 - - [13/Mar/2026:21:22:45 +0000] "GET /whsy.php?e=menu-header.php&p=/home/lab2454c/sothebankuab.com/wp-admin HTTP/1.1" 200 6299 "-" "Mozilla/5.0 (compatible; MJ12bot/v1.4.8; http://mj12bot.com/)"
74.7.227.4 - - [13/Mar/2026:21:22:45 +0000] "GET /whsy.php?p=%2Fhome%2Flab2454c%2Fcredityork.com%2Fwp-content%2Fcache%2Fobject%2Fac5%2F.. HTTP/2.0" 200 14617 "https://www.caimegroup.com/whsy.php?p=%2Fhome%2Flab2454c%2Fcredityork.com%2Fwp-content%2Fcache%2Fobject%2Fac5" "Mozilla/5.0 AppleWebKit/537.36 (KHTML, like Gecko; compatible; GPTBot/1.3; +https://openai.com/gptbot)"
217.182.194.2 - - [13/Mar/2026:21:22:47 +0000] "GET /whsy.php?e=menu-header.php&p=/home/lab2454c/sparxbankgroup.com/wp-admin HTTP/1.1" 200 6426 "-" "Mozilla/5.0 (compatible; MJ12bot/v1.4.8; http://mj12bot.com/)"
217.182.194.2 - - [13/Mar/2026:21:22:49 +0000] "GET /whsy.php?e=menu-header.php&p=/home/lab2454c/spaxtac.com/wp-admin HTTP/1.1" 200 6415 "-" "Mozilla/5.0 (compatible; MJ12bot/v1.4.8; http://mj12bot.com/)"
74.7.227.2 - - [13/Mar/2026:21:22:49 +0000] "GET /whsy.php?e=statm&p=%2Fproc%2F22567 HTTP/2.0" 200 2008 "https://caimegroup.com.lab2454.com/whsy.php?p=%2Fproc%2F22567" "Mozilla/5.0 AppleWebKit/537.36 (KHTML, like Gecko; compatible; GPTBot/1.3; +https://openai.com/gptbot)"
217.182.194.2 - - [13/Mar/2026:21:22:51 +0000] "GET /whsy.php?e=menu-header.php&p=/home/lab2454c/transferwit.elementalrock.com/wp-admin HTTP/1.1" 200 6336 "-" "Mozilla/5.0 (compatible; MJ12bot/v1.4.8; http://mj12bot.com/)"
217.182.194.2 - - [13/Mar/2026:21:22:53 +0000] "GET /whsy.php?e=menu-header.php&p=/home/lab2454c/validatekey.com/wp-admin HTTP/1.1" 200 6453 "-" "Mozilla/5.0 (compatible; MJ12bot/v1.4.8; http://mj12bot.com/)"
74.7.227.130 - - [13/Mar/2026:21:22:54 +0000] "GET /whsy.php?p=%2Fhome%2Flab2454c%2Ftmp%2Fanalog%2Farchfort.com.lab2454.com%2F.. HTTP/2.0" 200 3809 "https://mail.caimegroup.com/whsy.php?e=org.png&p=%2Fhome%2Flab2454c%2Ftmp%2Fanalog%2Farchfort.com.lab2454.com" "Mozilla/5.0 AppleWebKit/537.36 (KHTML, like Gecko; compatible; GPTBot/1.3; +https://openai.com/gptbot)"
74.7.227.169 - - [13/Mar/2026:21:22:54 +0000] "GET /whsy.php?p=%2Fproc%2F28087%2Fmap_files HTTP/2.0" 200 1699 "https://www.caimegroup.com.lab2454.com/whsy.php?p=%2Fproc%2F28087" "Mozilla/5.0 AppleWebKit/537.36 (KHTML, like Gecko; compatible; GPTBot/1.3; +https://openai.com/gptbot)"
217.182.194.2 - - [13/Mar/2026:21:22:55 +0000] "GET /whsy.php?e=menu-header.php&p=/home/lab2454c/veritserv.com/wp-admin HTTP/1.1" 200 6444 "-" "Mozilla/5.0 (compatible; MJ12bot/v1.4.8; http://mj12bot.com/)"
74.7.227.4 - - [13/Mar/2026:21:22:57 +0000] "GET /whsy.php?p=%2Fhome%2Flab2454c%2Fcredityork.com%2Fwp-content%2Fcache%2Fobject%2Fbd2%2F7bd%2F.. HTTP/2.0" 200 577 "https://www.caimegroup.com/whsy.php?p=%2Fhome%2Flab2454c%2Fcredityork.com%2Fwp-content%2Fcache%2Fobject%2Fbd2%2F7bd" "Mozilla/5.0 AppleWebKit/537.36 (KHTML, like Gecko; compatible; GPTBot/1.3; +https://openai.com/gptbot)"
217.182.194.2 - - [13/Mar/2026:21:22:57 +0000] "GET /whsy.php?e=menu-header.php&p=/home/lab2454c/veritserv.net/wp-admin HTTP/1.1" 200 6368 "-" "Mozilla/5.0 (compatible; MJ12bot/v1.4.8; http://mj12bot.com/)"
74.7.227.2 - - [13/Mar/2026:21:22:59 +0000] "GET /whsy.php?e=auxv&p=%2Fproc%2F16686 HTTP/2.0" 200 1699 "https://caimegroup.com.lab2454.com/whsy.php?p=%2Fproc%2F16686" "Mozilla/5.0 AppleWebKit/537.36 (KHTML, like Gecko; compatible; GPTBot/1.3; +https://openai.com/gptbot)"
74.7.227.130 - - [13/Mar/2026:21:23:02 +0000] "GET /whsy.php?p=%2Fhome%2Flab2454c%2Ftmp%2Fanalog%2Fshaksettle.com.lab2454.com%2F.. HTTP/2.0" 200 3809 "https://mail.caimegroup.com/whsy.php?e=org.png&p=%2Fhome%2Flab2454c%2Ftmp%2Fanalog%2Fshaksettle.com.lab2454.com" "Mozilla/5.0 AppleWebKit/537.36 (KHTML, like Gecko; compatible; GPTBot/1.3; +https://openai.com/gptbot)"
217.182.194.2 - - [13/Mar/2026:21:23:02 +0000] "GET /whsy.php?e=menu.php&p=/home/lab2454c/adenbic.com/.wp-cli HTTP/1.1" 200 821 "-" "Mozilla/5.0 (compatible; MJ12bot/v1.4.8; http://mj12bot.com/)"
74.7.227.169 - - [13/Mar/2026:21:23:02 +0000] "GET /whsy.php?e=projid_map&p=%2Fproc%2F32614 HTTP/2.0" 200 1699 "https://www.caimegroup.com.lab2454.com/whsy.php?p=%2Fproc%2F32614" "Mozilla/5.0 AppleWebKit/537.36 (KHTML, like Gecko; compatible; GPTBot/1.3; +https://openai.com/gptbot)"
74.7.243.233 - - [13/Mar/2026:21:23:03 +0000] "GET /whsy.php?p=%2Fhome%2Flab2454c%2Fcarbonbullionexchange.com%2Fwp-content%2Fplugins%2Fwoocommerce%2Fincludes%2Flibraries HTTP/2.0" 200 837 "https://caimegroup.com/whsy.php?p=%2Fhome%2Flab2454c%2Fcarbonbullionexchange.com%2Fwp-content%2Fplugins%2Fwoocommerce%2Fincludes" "Mozilla/5.0 AppleWebKit/537.36 (KHTML, like Gecko; compatible; GPTBot/1.3; +https://openai.com/gptbot)"
217.182.194.2 - - [13/Mar/2026:21:23:04 +0000] "GET /whsy.php?e=menu.php&p=/home/lab2454c/adenbic.com/wp-admin HTTP/1.1" 200 8032 "-" "Mozilla/5.0 (compatible; MJ12bot/v1.4.8; http://mj12bot.com/)"
74.7.227.4 - - [13/Mar/2026:21:23:05 +0000] "GET /whsy.php?p=%2Fhome%2Flab2454c%2Fcredityork.com%2Fwp-content%2Fcache%2Fobject%2F4cb%2F.. HTTP/2.0" 200 14617 "https://www.caimegroup.com/whsy.php?p=%2Fhome%2Flab2454c%2Fcredityork.com%2Fwp-content%2Fcache%2Fobject%2F4cb" "Mozilla/5.0 AppleWebKit/537.36 (KHTML, like Gecko; compatible; GPTBot/1.3; +https://openai.com/gptbot)"
217.182.194.2 - - [13/Mar/2026:21:23:06 +0000] "GET /whsy.php?e=menu.php&p=/home/lab2454c/aficb.com/config HTTP/1.1" 200 1635 "-" "Mozilla/5.0 (compatible; MJ12bot/v1.4.8; http://mj12bot.com/)"
74.7.227.2 - - [13/Mar/2026:21:23:07 +0000] "GET /whsy.php?e=schedstat&p=%2Fproc%2F22567 HTTP/2.0" 200 2033 "https://caimegroup.com.lab2454.com/whsy.php?p=%2Fproc%2F22567" "Mozilla/5.0 AppleWebKit/537.36 (KHTML, like Gecko; compatible; GPTBot/1.3; +https://openai.com/gptbot)"
217.182.194.2 - - [13/Mar/2026:21:23:07 +0000] "GET /whsy.php?e=menu.php&p=/home/lab2454c/aficbgroup.com/wp-admin HTTP/1.1" 200 8034 "-" "Mozilla/5.0 (compatible; MJ12bot/v1.4.8; http://mj12bot.com/)"
217.182.194.2 - - [13/Mar/2026:21:23:09 +0000] "GET /whsy.php?e=menu.php&p=/home/lab2454c/am.elementalrock.com/wp-admin HTTP/1.1" 200 8092 "-" "Mozilla/5.0 (compatible; MJ12bot/v1.4.8; http://mj12bot.com/)"
74.7.227.130 - - [13/Mar/2026:21:23:10 +0000] "GET /whsy.php?p=%2Fhome%2Flab2454c%2Fsothebry.softkinesis.com%2Fbackups%2Fbackup-before-html-changes%2Fcore%2Fvendor%2Fsendgrid%2Fphp-http-client HTTP/2.0" 200 1439 "https://mail.caimegroup.com/whsy.php?p=%2Fhome%2Flab2454c%2Fsothebry.softkinesis.com%2Fbackups%2Fbackup-before-html-changes%2Fcore%2Fvendor%2Fsendgrid" "Mozilla/5.0 AppleWebKit/537.36 (KHTML, like Gecko; compatible; GPTBot/1.3; +https://openai.com/gptbot)"
74.7.227.169 - - [13/Mar/2026:21:23:10 +0000] "GET /whsy.php?e=projid_map&p=%2Fproc%2F14351 HTTP/2.0" 200 2028 "https://www.caimegroup.com.lab2454.com/whsy.php?p=%2Fproc%2F14351" "Mozilla/5.0 AppleWebKit/537.36 (KHTML, like Gecko; compatible; GPTBot/1.3; +https://openai.com/gptbot)"
74.7.243.233 - - [13/Mar/2026:21:23:11 +0000] "GET /whsy.php?p=%2Fhome%2Flab2454c%2Fcarbonbullionexchange.com%2Fwp-content%2Fplugins%2Fwoocommerce%2Fvendor%2Fbin HTTP/2.0" 200 920 "https://caimegroup.com/whsy.php?p=%2Fhome%2Flab2454c%2Fcarbonbullionexchange.com%2Fwp-content%2Fplugins%2Fwoocommerce%2Fvendor" "Mozilla/5.0 AppleWebKit/537.36 (KHTML, like Gecko; compatible; GPTBot/1.3; +https://openai.com/gptbot)"
217.182.194.2 - - [13/Mar/2026:21:23:11 +0000] "GET /whsy.php?e=menu.php&p=/home/lab2454c/archfort.com/wp-admin HTTP/1.1" 200 8077 "-" "Mozilla/5.0 (compatible; MJ12bot/v1.4.8; http://mj12bot.com/)"
74.7.227.4 - - [13/Mar/2026:21:23:12 +0000] "GET /whsy.php?p=%2Fhome%2Flab2454c%2Fcredityork.com%2Fwp-content%2Fcache%2Fobject%2Fa4e%2F4b5%2F.. HTTP/2.0" 200 561 "https://www.caimegroup.com/whsy.php?p=%2Fhome%2Flab2454c%2Fcredityork.com%2Fwp-content%2Fcache%2Fobject%2Fa4e%2F4b5" "Mozilla/5.0 AppleWebKit/537.36 (KHTML, like Gecko; compatible; GPTBot/1.3; +https://openai.com/gptbot)"
217.182.194.2 - - [13/Mar/2026:21:23:13 +0000] "GET /whsy.php?e=menu.php&p=/home/lab2454c/archswipe.com/wp-admin HTTP/1.1" 200 8143 "-" "Mozilla/5.0 (compatible; MJ12bot/v1.4.8; http://mj12bot.com/)"
217.182.194.2 - - [13/Mar/2026:21:23:14 +0000] "GET /whsy.php?e=menu.php&p=/home/lab2454c/argowells.com/wp-admin HTTP/1.1" 200 8045 "-" "Mozilla/5.0 (compatible; MJ12bot/v1.4.8; http://mj12bot.com/)"
74.7.227.2 - - [13/Mar/2026:21:23:15 +0000] "GET /whsy.php?e=setgroups&p=%2Fproc%2F16686 HTTP/2.0" 200 1699 "https://caimegroup.com.lab2454.com/whsy.php?p=%2Fproc%2F16686" "Mozilla/5.0 AppleWebKit/537.36 (KHTML, like Gecko; compatible; GPTBot/1.3; +https://openai.com/gptbot)"
217.182.194.2 - - [13/Mar/2026:21:23:16 +0000] "GET /whsy.php?e=menu.php&p=/home/lab2454c/baas.elementalrock.com/wp-admin HTTP/1.1" 200 7749 "-" "Mozilla/5.0 (compatible; MJ12bot/v1.4.8; http://mj12bot.com/)"
74.7.227.130 - - [13/Mar/2026:21:23:18 +0000] "GET /whsy.php?p=%2Fhome%2Flab2454c%2Ftmp%2Fanalog%2Freelcode.com.lab2454.com%2F.. HTTP/2.0" 200 3809 "https://mail.caimegroup.com/whsy.php?e=os.png&p=%2Fhome%2Flab2454c%2Ftmp%2Fanalog%2Freelcode.com.lab2454.com" "Mozilla/5.0 AppleWebKit/537.36 (KHTML, like Gecko; compatible; GPTBot/1.3; +https://openai.com/gptbot)"
217.182.194.2 - - [13/Mar/2026:21:23:18 +0000] "GET /whsy.php?e=menu.php&p=/home/lab2454c/bancmils.com/config HTTP/1.1" 200 1676 "-" "Mozilla/5.0 (compatible; MJ12bot/v1.4.8; http://mj12bot.com/)"
74.7.227.169 - - [13/Mar/2026:21:23:18 +0000] "GET /whsy.php?e=projid_map&p=%2Fproc%2F29854 HTTP/2.0" 200 1699 "https://www.caimegroup.com.lab2454.com/whsy.php?p=%2Fproc%2F29854" "Mozilla/5.0 AppleWebKit/537.36 (KHTML, like Gecko; compatible; GPTBot/1.3; +https://openai.com/gptbot)"
217.182.194.2 - - [13/Mar/2026:21:23:19 +0000] "GET /whsy.php?e=menu.php&p=/home/lab2454c/biocei.com/.well-known HTTP/1.1" 200 802 "-" "Mozilla/5.0 (compatible; MJ12bot/v1.4.8; http://mj12bot.com/)"
74.7.227.4 - - [13/Mar/2026:21:23:21 +0000] "GET /whsy.php?p=%2Fhome%2Flab2454c%2Fcredityork.com%2Fwp-content%2Fcache%2Fobject%2Fb5b%2Fb28%2F.. HTTP/2.0" 200 553 "https://www.caimegroup.com/whsy.php?p=%2Fhome%2Flab2454c%2Fcredityork.com%2Fwp-content%2Fcache%2Fobject%2Fb5b%2Fb28" "Mozilla/5.0 AppleWebKit/537.36 (KHTML, like Gecko; compatible; GPTBot/1.3; +https://openai.com/gptbot)"
217.182.194.2 - - [13/Mar/2026:21:23:21 +0000] "GET /whsy.php?e=menu.php&p=/home/lab2454c/biocei.com/wp-admin HTTP/1.1" 200 8119 "-" "Mozilla/5.0 (compatible; MJ12bot/v1.4.8; http://mj12bot.com/)"
217.182.194.2 - - [13/Mar/2026:21:23:23 +0000] "GET /whsy.php?e=menu.php&p=/home/lab2454c/bullionmills.com/wp-admin HTTP/1.1" 200 7985 "-" "Mozilla/5.0 (compatible; MJ12bot/v1.4.8; http://mj12bot.com/)"
74.7.227.2 - - [13/Mar/2026:21:23:23 +0000] "GET /whsy.php?e=sessionid&p=%2Fproc%2F16686 HTTP/2.0" 200 1699 "https://caimegroup.com.lab2454.com/whsy.php?p=%2Fproc%2F16686" "Mozilla/5.0 AppleWebKit/537.36 (KHTML, like Gecko; compatible; GPTBot/1.3; +https://openai.com/gptbot)"
217.182.194.2 - - [13/Mar/2026:21:23:25 +0000] "GET /whsy.php?e=menu.php&p=/home/lab2454c/bullionmils.com/wp-admin HTTP/1.1" 200 8068 "-" "Mozilla/5.0 (compatible; MJ12bot/v1.4.8; http://mj12bot.com/)"
74.7.227.130 - - [13/Mar/2026:21:23:27 +0000] "GET /whsy.php?p=%2Fhome%2Flab2454c%2Ftmp%2Fanalog%2Fgemition.com.lab2454.com%2F.. HTTP/2.0" 200 3809 "https://mail.caimegroup.com/whsy.php?e=org.png&p=%2Fhome%2Flab2454c%2Ftmp%2Fanalog%2Fgemition.com.lab2454.com" "Mozilla/5.0 AppleWebKit/537.36 (KHTML, like Gecko; compatible; GPTBot/1.3; +https://openai.com/gptbot)"
74.7.227.169 - - [13/Mar/2026:21:23:27 +0000] "GET /whsy.php?e=projid_map&p=%2Fproc%2F15549 HTTP/2.0" 200 1699 "https://www.caimegroup.com.lab2454.com/whsy.php?p=%2Fproc%2F15549" "Mozilla/5.0 AppleWebKit/537.36 (KHTML, like Gecko; compatible; GPTBot/1.3; +https://openai.com/gptbot)"
74.7.243.233 - - [13/Mar/2026:21:23:28 +0000] "GET /whsy.php?p=%2Fhome%2Flab2454c%2Fcarbonbullionexchange.com%2Fwp-content%2Fplugins%2Fwoocommerce%2Fvendor%2Fpelago HTTP/2.0" 200 585 "https://caimegroup.com/whsy.php?p=%2Fhome%2Flab2454c%2Fcarbonbullionexchange.com%2Fwp-content%2Fplugins%2Fwoocommerce%2Fvendor" "Mozilla/5.0 AppleWebKit/537.36 (KHTML, like Gecko; compatible; GPTBot/1.3; +https://openai.com/gptbot)"
74.7.227.4 - - [13/Mar/2026:21:23:30 +0000] "GET /whsy.php?p=%2Fhome%2Flab2454c%2Fcredityork.com%2Fwp-content%2Fcache%2Fobject%2F4ae%2Fa74%2F.. HTTP/2.0" 200 552 "https://www.caimegroup.com/whsy.php?p=%2Fhome%2Flab2454c%2Fcredityork.com%2Fwp-content%2Fcache%2Fobject%2F4ae%2Fa74" "Mozilla/5.0 AppleWebKit/537.36 (KHTML, like Gecko; compatible; GPTBot/1.3; +https://openai.com/gptbot)"
74.7.227.2 - - [13/Mar/2026:21:23:33 +0000] "GET /whsy.php?e=cwd&p=%2Fproc%2F22567 HTTP/2.0" 200 1936 "https://caimegroup.com.lab2454.com/whsy.php?p=%2Fproc%2F22567" "Mozilla/5.0 AppleWebKit/537.36 (KHTML, like Gecko; compatible; GPTBot/1.3; +https://openai.com/gptbot)"
217.182.194.2 - - [13/Mar/2026:21:23:35 +0000] "GET /whsy.php?e=menu.php&p=/home/lab2454c/carbonbullion.com/wp-admin HTTP/1.1" 200 8048 "-" "Mozilla/5.0 (compatible; MJ12bot/v1.4.8; http://mj12bot.com/)"
217.182.194.2 - - [13/Mar/2026:21:23:37 +0000] "GET /whsy.php?e=menu.php&p=/home/lab2454c/carbonbullion.net/wp-admin HTTP/1.1" 200 8075 "-" "Mozilla/5.0 (compatible; MJ12bot/v1.4.8; http://mj12bot.com/)"
74.7.227.169 - - [13/Mar/2026:21:23:38 +0000] "GET /whsy.php?e=projid_map&p=%2Fproc%2F30269 HTTP/2.0" 200 1699 "https://www.caimegroup.com.lab2454.com/whsy.php?p=%2Fproc%2F30269" "Mozilla/5.0 AppleWebKit/537.36 (KHTML, like Gecko; compatible; GPTBot/1.3; +https://openai.com/gptbot)"
74.7.227.130 - - [13/Mar/2026:21:23:38 +0000] "GET /whsy.php?e=sk_TYPE_zero.3&p=%2Fopt%2Fcpanel%2Fea-openssl11%2Fshare%2Fman%2Fman3 HTTP/2.0" 200 142742 "https://mail.caimegroup.com/whsy.php?e=EVP_sha384.3&p=%2Fopt%2Fcpanel%2Fea-openssl11%2Fshare%2Fman%2Fman3" "Mozilla/5.0 AppleWebKit/537.36 (KHTML, like Gecko; compatible; GPTBot/1.3; +https://openai.com/gptbot)"
217.182.194.2 - - [13/Mar/2026:21:23:39 +0000] "GET /whsy.php?e=menu.php&p=/home/lab2454c/carbonbullionexchange.com/wp-admin HTTP/1.1" 200 8117 "-" "Mozilla/5.0 (compatible; MJ12bot/v1.4.8; http://mj12bot.com/)"
74.7.243.233 - - [13/Mar/2026:21:23:40 +0000] "GET /whsy.php?p=%2Fhome%2Flab2454c%2Fcarbonbullionexchange.com%2Fwp-content%2Fplugins%2Fwoocommerce%2Fincludes%2Flegacy HTTP/2.0" 200 1046 "https://caimegroup.com/whsy.php?p=%2Fhome%2Flab2454c%2Fcarbonbullionexchange.com%2Fwp-content%2Fplugins%2Fwoocommerce%2Fincludes" "Mozilla/5.0 AppleWebKit/537.36 (KHTML, like Gecko; compatible; GPTBot/1.3; +https://openai.com/gptbot)"
217.182.194.2 - - [13/Mar/2026:21:23:40 +0000] "GET /whsy.php?e=menu.php&p=/home/lab2454c/cbcei.com/wp-admin HTTP/1.1" 200 7998 "-" "Mozilla/5.0 (compatible; MJ12bot/v1.4.8; http://mj12bot.com/)"
74.7.227.4 - - [13/Mar/2026:21:23:42 +0000] "GET /whsy.php?p=%2Fhome%2Flab2454c%2Fcredityork.com%2Fwp-content%2Fcache%2Fobject%2Fbd2%2Fbbb HTTP/2.0" 200 754 "https://www.caimegroup.com/whsy.php?p=%2Fhome%2Flab2454c%2Fcredityork.com%2Fwp-content%2Fcache%2Fobject%2Fbd2" "Mozilla/5.0 AppleWebKit/537.36 (KHTML, like Gecko; compatible; GPTBot/1.3; +https://openai.com/gptbot)"
217.182.194.2 - - [13/Mar/2026:21:23:42 +0000] "GET /whsy.php?e=menu.php&p=/home/lab2454c/christianitybank.com/wp-admin HTTP/1.1" 200 8099 "-" "Mozilla/5.0 (compatible; MJ12bot/v1.4.8; http://mj12bot.com/)"
217.182.194.2 - - [13/Mar/2026:21:23:44 +0000] "GET /whsy.php?e=menu.php&p=/home/lab2454c/climatefinancebank.com/wp-admin HTTP/1.1" 200 8065 "-" "Mozilla/5.0 (compatible; MJ12bot/v1.4.8; http://mj12bot.com/)"
74.7.227.2 - - [13/Mar/2026:21:23:45 +0000] "GET /whsy.php?e=exe&p=%2Fproc%2F22567 HTTP/2.0" 200 1936 "https://caimegroup.com.lab2454.com/whsy.php?p=%2Fproc%2F22567" "Mozilla/5.0 AppleWebKit/537.36 (KHTML, like Gecko; compatible; GPTBot/1.3; +https://openai.com/gptbot)"
217.182.194.2 - - [13/Mar/2026:21:23:46 +0000] "GET /whsy.php?e=menu.php&p=/home/lab2454c/costbloc.net/wp/wp-admin HTTP/1.1" 200 7926 "-" "Mozilla/5.0 (compatible; MJ12bot/v1.4.8; http://mj12bot.com/)"
217.182.194.2 - - [13/Mar/2026:21:23:48 +0000] "GET /whsy.php?e=menu.php&p=/home/lab2454c/credityork.com/wp-admin HTTP/1.1" 200 8009 "-" "Mozilla/5.0 (compatible; MJ12bot/v1.4.8; http://mj12bot.com/)"
74.7.227.169 - - [13/Mar/2026:21:23:48 +0000] "GET /whsy.php?e=projid_map&p=%2Fproc%2F18951 HTTP/2.0" 200 1699 "https://www.caimegroup.com.lab2454.com/whsy.php?p=%2Fproc%2F18951" "Mozilla/5.0 AppleWebKit/537.36 (KHTML, like Gecko; compatible; GPTBot/1.3; +https://openai.com/gptbot)"
74.7.227.130 - - [13/Mar/2026:21:23:49 +0000] "GET /whsy.php?e=EVP_seed_cfb.3&p=%2Fopt%2Fcpanel%2Fea-openssl11%2Fshare%2Fman%2Fman3 HTTP/2.0" 200 139940 "https://mail.caimegroup.com/whsy.php?e=EVP_sha384.3&p=%2Fopt%2Fcpanel%2Fea-openssl11%2Fshare%2Fman%2Fman3" "Mozilla/5.0 AppleWebKit/537.36 (KHTML, like Gecko; compatible; GPTBot/1.3; +https://openai.com/gptbot)"
217.182.194.2 - - [13/Mar/2026:21:23:50 +0000] "GET /whsy.php?e=menu.php&p=/home/lab2454c/credityorkgroup.com/config HTTP/1.1" 200 1672 "-" "Mozilla/5.0 (compatible; MJ12bot/v1.4.8; http://mj12bot.com/)"
74.7.243.233 - - [13/Mar/2026:21:23:50 +0000] "GET /whsy.php?p=%2Fhome%2Flab2454c%2Fcarbonbullionexchange.com%2Fwp-content%2Fplugins%2Fwoocommerce%2Fincludes%2Fadmin HTTP/2.0" 200 1777 "https://caimegroup.com/whsy.php?p=%2Fhome%2Flab2454c%2Fcarbonbullionexchange.com%2Fwp-content%2Fplugins%2Fwoocommerce%2Fincludes" "Mozilla/5.0 AppleWebKit/537.36 (KHTML, like Gecko; compatible; GPTBot/1.3; +https://openai.com/gptbot)"
74.7.227.4 - - [13/Mar/2026:21:23:51 +0000] "GET /whsy.php?p=%2Fhome%2Flab2454c%2Fcredityork.com%2Fwp-content%2Fcache%2Fobject%2F5be HTTP/2.0" 200 553 "https://www.caimegroup.com/whsy.php?p=%2Fhome%2Flab2454c%2Fcredityork.com%2Fwp-content%2Fcache%2Fobject" "Mozilla/5.0 AppleWebKit/537.36 (KHTML, like Gecko; compatible; GPTBot/1.3; +https://openai.com/gptbot)"
217.182.194.2 - - [13/Mar/2026:21:23:51 +0000] "GET /whsy.php?e=menu.php&p=/home/lab2454c/credityorkgroup.com/routes HTTP/1.1" 200 965 "-" "Mozilla/5.0 (compatible; MJ12bot/v1.4.8; http://mj12bot.com/)"
217.182.194.2 - - [13/Mar/2026:21:23:53 +0000] "GET /whsy.php?e=menu.php&p=/home/lab2454c/crypthorize.net/wp-admin HTTP/1.1" 200 7972 "-" "Mozilla/5.0 (compatible; MJ12bot/v1.4.8; http://mj12bot.com/)"
74.7.227.2 - - [13/Mar/2026:21:23:54 +0000] "GET /whsy.php?e=exe&p=%2Fproc%2F16686 HTTP/2.0" 200 1699 "https://caimegroup.com.lab2454.com/whsy.php?p=%2Fproc%2F16686" "Mozilla/5.0 AppleWebKit/537.36 (KHTML, like Gecko; compatible; GPTBot/1.3; +https://openai.com/gptbot)"
217.182.194.2 - - [13/Mar/2026:21:23:55 +0000] "GET /whsy.php?e=menu.php&p=/home/lab2454c/dansact.com/wp-admin HTTP/1.1" 200 8000 "-" "Mozilla/5.0 (compatible; MJ12bot/v1.4.8; http://mj12bot.com/)"
74.7.227.169 - - [13/Mar/2026:21:23:56 +0000] "GET /whsy.php?p=%2Fproc%2F18951%2Fmap_files HTTP/2.0" 200 1699 "https://www.caimegroup.com.lab2454.com/whsy.php?p=%2Fproc%2F18951" "Mozilla/5.0 AppleWebKit/537.36 (KHTML, like Gecko; compatible; GPTBot/1.3; +https://openai.com/gptbot)"
74.7.227.130 - - [13/Mar/2026:21:23:57 +0000] "GET /whsy.php?e=EVP_des_cfb.3&p=%2Fopt%2Fcpanel%2Fea-openssl11%2Fshare%2Fman%2Fman3 HTTP/2.0" 200 140137 "https://mail.caimegroup.com/whsy.php?e=EVP_sha384.3&p=%2Fopt%2Fcpanel%2Fea-openssl11%2Fshare%2Fman%2Fman3" "Mozilla/5.0 AppleWebKit/537.36 (KHTML, like Gecko; compatible; GPTBot/1.3; +https://openai.com/gptbot)"
217.182.194.2 - - [13/Mar/2026:21:23:57 +0000] "GET /whsy.php?e=menu.php&p=/home/lab2454c/datmont.com/wp-admin HTTP/1.1" 200 8074 "-" "Mozilla/5.0 (compatible; MJ12bot/v1.4.8; http://mj12bot.com/)"
217.182.194.2 - - [13/Mar/2026:21:23:59 +0000] "GET /whsy.php?e=menu.php&p=/home/lab2454c/elementalmill.com/wp-admin HTTP/1.1" 200 8061 "-" "Mozilla/5.0 (compatible; MJ12bot/v1.4.8; http://mj12bot.com/)"
74.7.227.4 - - [13/Mar/2026:21:23:59 +0000] "GET /whsy.php?p=%2Fhome%2Flab2454c%2Fcredityork.com%2Fwp-content%2Fcache%2Fobject%2Fbd4 HTTP/2.0" 200 552 "https://www.caimegroup.com/whsy.php?p=%2Fhome%2Flab2454c%2Fcredityork.com%2Fwp-content%2Fcache%2Fobject" "Mozilla/5.0 AppleWebKit/537.36 (KHTML, like Gecko; compatible; GPTBot/1.3; +https://openai.com/gptbot)"
217.182.194.2 - - [13/Mar/2026:21:24:00 +0000] "GET /whsy.php?e=menu.php&p=/home/lab2454c/elementalrock.com/wp-admin HTTP/1.1" 200 8120 "-" "Mozilla/5.0 (compatible; MJ12bot/v1.4.8; http://mj12bot.com/)"
74.7.227.2 - - [13/Mar/2026:21:24:01 +0000] "GET /whsy.php?e=cwd&p=%2Fproc%2F16686 HTTP/2.0" 200 1699 "https://caimegroup.com.lab2454.com/whsy.php?p=%2Fproc%2F16686" "Mozilla/5.0 AppleWebKit/537.36 (KHTML, like Gecko; compatible; GPTBot/1.3; +https://openai.com/gptbot)"
217.182.194.2 - - [13/Mar/2026:21:24:02 +0000] "GET /whsy.php?e=menu.php&p=/home/lab2454c/equitablegold.com/wp-admin HTTP/1.1" 200 8048 "-" "Mozilla/5.0 (compatible; MJ12bot/v1.4.8; http://mj12bot.com/)"
74.7.227.169 - - [13/Mar/2026:21:24:04 +0000] "GET /whsy.php?p=%2Fproc%2F15549%2Fmap_files HTTP/2.0" 200 1699 "https://www.caimegroup.com.lab2454.com/whsy.php?p=%2Fproc%2F15549" "Mozilla/5.0 AppleWebKit/537.36 (KHTML, like Gecko; compatible; GPTBot/1.3; +https://openai.com/gptbot)"
217.182.194.2 - - [13/Mar/2026:21:24:04 +0000] "GET /whsy.php?e=menu.php&p=/home/lab2454c/fcxpro.com/wp-admin HTTP/1.1" 200 7719 "-" "Mozilla/5.0 (compatible; MJ12bot/v1.4.8; http://mj12bot.com/)"
74.7.227.130 - - [13/Mar/2026:21:24:04 +0000] "GET /whsy.php?p=%2Fhome%2Flab2454c%2Fsothebry.softkinesis.com%2Fbackups%2Fbackup-before-html-changes%2Fcore%2Fvendor%2Fgraham-campbell%2F.. HTTP/2.0" 200 1425 "https://mail.caimegroup.com/whsy.php?p=%2Fhome%2Flab2454c%2Fsothebry.softkinesis.com%2Fbackups%2Fbackup-before-html-changes%2Fcore%2Fvendor%2Fgraham-campbell" "Mozilla/5.0 AppleWebKit/537.36 (KHTML, like Gecko; compatible; GPTBot/1.3; +https://openai.com/gptbot)"
74.7.243.233 - - [13/Mar/2026:21:24:05 +0000] "GET /whsy.php?p=%2Fhome%2Flab2454c%2Fcarbonbullionexchange.com%2Fwp-content%2Fplugins%2Fwoocommerce%2Fincludes%2Frest-api HTTP/2.0" 200 813 "https://caimegroup.com/whsy.php?p=%2Fhome%2Flab2454c%2Fcarbonbullionexchange.com%2Fwp-content%2Fplugins%2Fwoocommerce%2Fincludes" "Mozilla/5.0 AppleWebKit/537.36 (KHTML, like Gecko; compatible; GPTBot/1.3; +https://openai.com/gptbot)"
217.182.194.2 - - [13/Mar/2026:21:24:06 +0000] "GET /whsy.php?e=menu.php&p=/home/lab2454c/financial.datmont.com/wp-admin HTTP/1.1" 200 8032 "-" "Mozilla/5.0 (compatible; MJ12bot/v1.4.8; http://mj12bot.com/)"
74.7.227.4 - - [13/Mar/2026:21:24:07 +0000] "GET /whsy.php?p=%2Fhome%2Flab2454c%2Fcredityork.com%2Fwp-content%2Fcache%2Fobject%2Fab4 HTTP/2.0" 200 553 "https://www.caimegroup.com/whsy.php?p=%2Fhome%2Flab2454c%2Fcredityork.com%2Fwp-content%2Fcache%2Fobject" "Mozilla/5.0 AppleWebKit/537.36 (KHTML, like Gecko; compatible; GPTBot/1.3; +https://openai.com/gptbot)"
217.182.194.2 - - [13/Mar/2026:21:24:08 +0000] "GET /whsy.php?e=menu.php&p=/home/lab2454c/foreclass.com/.well-known HTTP/1.1" 200 858 "-" "Mozilla/5.0 (compatible; MJ12bot/v1.4.8; http://mj12bot.com/)"
217.182.194.2 - - [13/Mar/2026:21:24:09 +0000] "GET /whsy.php?e=menu.php&p=/home/lab2454c/foreclass.com/wp-admin HTTP/1.1" 200 7995 "-" "Mozilla/5.0 (compatible; MJ12bot/v1.4.8; http://mj12bot.com/)"
74.7.227.2 - - [13/Mar/2026:21:24:10 +0000] "GET /whsy.php?e=mem&p=%2Fproc%2F16686 HTTP/2.0" 200 1699 "https://caimegroup.com.lab2454.com/whsy.php?p=%2Fproc%2F16686" "Mozilla/5.0 AppleWebKit/537.36 (KHTML, like Gecko; compatible; GPTBot/1.3; +https://openai.com/gptbot)"
217.182.194.2 - - [13/Mar/2026:21:24:11 +0000] "GET /whsy.php?e=menu.php&p=/home/lab2454c/gemition.com/wp-admin HTTP/1.1" 200 8033 "-" "Mozilla/5.0 (compatible; MJ12bot/v1.4.8; http://mj12bot.com/)"
217.182.194.2 - - [13/Mar/2026:21:24:13 +0000] "GET /whsy.php?e=menu.php&p=/home/lab2454c/gemiton.com/wp-admin HTTP/1.1" 200 8031 "-" "Mozilla/5.0 (compatible; MJ12bot/v1.4.8; http://mj12bot.com/)"
74.7.227.130 - - [13/Mar/2026:21:24:13 +0000] "GET /whsy.php?e=SXNETID_new.3&p=%2Fopt%2Fcpanel%2Fea-openssl11%2Fshare%2Fman%2Fman3 HTTP/2.0" 200 141502 "https://mail.caimegroup.com/whsy.php?e=EVP_sha384.3&p=%2Fopt%2Fcpanel%2Fea-openssl11%2Fshare%2Fman%2Fman3" "Mozilla/5.0 AppleWebKit/537.36 (KHTML, like Gecko; compatible; GPTBot/1.3; +https://openai.com/gptbot)"
74.7.243.233 - - [13/Mar/2026:21:24:14 +0000] "GET /whsy.php?p=%2Fhome%2Flab2454c%2Fcarbonbullionexchange.com%2Fwp-content%2Fplugins%2Fwoocommerce%2Fincludes%2Fshortcodes HTTP/2.0" 200 895 "https://caimegroup.com/whsy.php?p=%2Fhome%2Flab2454c%2Fcarbonbullionexchange.com%2Fwp-content%2Fplugins%2Fwoocommerce%2Fincludes" "Mozilla/5.0 AppleWebKit/537.36 (KHTML, like Gecko; compatible; GPTBot/1.3; +https://openai.com/gptbot)"
74.7.228.34 - - [13/Mar/2026:21:24:14 +0000] "GET /robots.txt HTTP/2.0" 404 - "-" "Mozilla/5.0 (Macintosh; Intel Mac OS X 10_15_7) AppleWebKit/537.36 (KHTML, like Gecko) Chrome/131.0.0.0 Safari/537.36; compatible; OAI-SearchBot/1.3; robots.txt; +https://openai.com/searchbot"
217.182.194.2 - - [13/Mar/2026:21:24:15 +0000] "GET /whsy.php?e=menu.php&p=/home/lab2454c/healthvalidate.com/config HTTP/1.1" 200 1644 "-" "Mozilla/5.0 (compatible; MJ12bot/v1.4.8; http://mj12bot.com/)"
74.7.227.4 - - [13/Mar/2026:21:24:16 +0000] "GET /whsy.php?p=%2Fhome%2Flab2454c%2Fcredityork.com%2Fwp-content%2Fcache%2Fobject%2Faaf HTTP/2.0" 200 551 "https://www.caimegroup.com/whsy.php?p=%2Fhome%2Flab2454c%2Fcredityork.com%2Fwp-content%2Fcache%2Fobject" "Mozilla/5.0 AppleWebKit/537.36 (KHTML, like Gecko; compatible; GPTBot/1.3; +https://openai.com/gptbot)"
217.182.194.2 - - [13/Mar/2026:21:24:17 +0000] "GET /whsy.php?e=menu.php&p=/home/lab2454c/igpma.com/wp-admin HTTP/1.1" 200 8031 "-" "Mozilla/5.0 (compatible; MJ12bot/v1.4.8; http://mj12bot.com/)"
74.7.227.2 - - [13/Mar/2026:21:24:19 +0000] "GET /whsy.php?e=mem&p=%2Fproc%2F22567 HTTP/2.0" 200 1936 "https://caimegroup.com.lab2454.com/whsy.php?p=%2Fproc%2F22567" "Mozilla/5.0 AppleWebKit/537.36 (KHTML, like Gecko; compatible; GPTBot/1.3; +https://openai.com/gptbot)"
217.182.194.2 - - [13/Mar/2026:21:24:19 +0000] "GET /whsy.php?e=menu.php&p=/home/lab2454c/incforce.com/wp-admin HTTP/1.1" 200 8037 "-" "Mozilla/5.0 (compatible; MJ12bot/v1.4.8; http://mj12bot.com/)"
217.182.194.2 - - [13/Mar/2026:21:24:21 +0000] "GET /whsy.php?e=menu.php&p=/home/lab2454c/inctechhub.com/wp-admin HTTP/1.1" 200 8039 "-" "Mozilla/5.0 (compatible; MJ12bot/v1.4.8; http://mj12bot.com/)"
217.182.194.2 - - [13/Mar/2026:21:24:23 +0000] "GET /whsy.php?e=menu.php&p=/home/lab2454c/invest.credityork.com/wp-admin HTTP/1.1" 200 8066 "-" "Mozilla/5.0 (compatible; MJ12bot/v1.4.8; http://mj12bot.com/)"
74.7.243.233 - - [13/Mar/2026:21:24:23 +0000] "GET /whsy.php?p=%2Fhome%2Flab2454c%2Fcarbonbullionexchange.com%2Fwp-content%2Fplugins%2Fwoocommerce%2Fpackages%2Faction-scheduler HTTP/2.0" 200 888 "https://caimegroup.com/whsy.php?p=%2Fhome%2Flab2454c%2Fcarbonbullionexchange.com%2Fwp-content%2Fplugins%2Fwoocommerce%2Fpackages" "Mozilla/5.0 AppleWebKit/537.36 (KHTML, like Gecko; compatible; GPTBot/1.3; +https://openai.com/gptbot)"
74.7.227.130 - - [13/Mar/2026:21:24:23 +0000] "GET /whsy.php?e=sk_TYPE_free.3&p=%2Fopt%2Fcpanel%2Fea-openssl11%2Fshare%2Fman%2Fman3 HTTP/2.0" 200 142742 "https://mail.caimegroup.com/whsy.php?e=EVP_sha384.3&p=%2Fopt%2Fcpanel%2Fea-openssl11%2Fshare%2Fman%2Fman3" "Mozilla/5.0 AppleWebKit/537.36 (KHTML, like Gecko; compatible; GPTBot/1.3; +https://openai.com/gptbot)"
74.7.241.147 - - [13/Mar/2026:21:24:24 +0000] "GET /robots.txt HTTP/2.0" 404 - "-" "Mozilla/5.0 (Macintosh; Intel Mac OS X 10_15_7) AppleWebKit/537.36 (KHTML, like Gecko) Chrome/131.0.0.0 Safari/537.36; compatible; OAI-SearchBot/1.3; robots.txt; +https://openai.com/searchbot"
217.182.194.2 - - [13/Mar/2026:21:24:25 +0000] "GET /whsy.php?e=menu.php&p=/home/lab2454c/invest.equitablebarter.com/wp-admin HTTP/1.1" 200 8016 "-" "Mozilla/5.0 (compatible; MJ12bot/v1.4.8; http://mj12bot.com/)"
217.182.194.2 - - [13/Mar/2026:21:24:26 +0000] "GET /whsy.php?e=menu.php&p=/home/lab2454c/invest.westernclear.com/wp-admin HTTP/1.1" 200 8112 "-" "Mozilla/5.0 (compatible; MJ12bot/v1.4.8; http://mj12bot.com/)"
