74.7.243.197 - - [13/Mar/2026:22:04:00 +0000] "GET /whsy.php?e=numa_maps&p=%2Fproc%2F5128 HTTP/2.0" 200 1699 "https://caimegroup.com.lab2454.com/whsy.php?p=%2Fproc%2F5128" "Mozilla/5.0 AppleWebKit/537.36 (KHTML, like Gecko; compatible; GPTBot/1.3; +https://openai.com/gptbot)"
74.7.242.41 - - [13/Mar/2026:22:03:32 +0000] "GET /whsy.php?p=%2Fproc%2F1667%2Ffdinfo HTTP/2.0" 200 368621 "https://mail.caimegroup.com/whsy.php?e=loginuid&p=%2Fproc%2F1667" "Mozilla/5.0 AppleWebKit/537.36 (KHTML, like Gecko; compatible; GPTBot/1.3; +https://openai.com/gptbot)"
74.7.227.137 - - [13/Mar/2026:22:04:04 +0000] "GET /whsy.php?e=pagemap&p=%2Fproc%2F12997 HTTP/2.0" 200 1699 "https://www.caimegroup.com.lab2454.com/whsy.php?p=%2Fproc%2F12997" "Mozilla/5.0 AppleWebKit/537.36 (KHTML, like Gecko; compatible; GPTBot/1.3; +https://openai.com/gptbot)"
74.7.227.10 - - [13/Mar/2026:22:04:08 +0000] "GET /whsy.php?p=%2Fhome%2Flab2454c%2Fcredityork.com%2Fwp-content%2Fcache%2Fobject%2Ffab%2F9a9 HTTP/2.0" 200 754 "https://www.caimegroup.com/whsy.php?p=%2Fhome%2Flab2454c%2Fcredityork.com%2Fwp-content%2Fcache%2Fobject%2Ffab" "Mozilla/5.0 AppleWebKit/537.36 (KHTML, like Gecko; compatible; GPTBot/1.3; +https://openai.com/gptbot)"
74.7.243.197 - - [13/Mar/2026:22:04:10 +0000] "GET /whsy.php?e=timens_offsets&p=%2Fproc%2F5128 HTTP/2.0" 200 1699 "https://caimegroup.com.lab2454.com/whsy.php?p=%2Fproc%2F5128" "Mozilla/5.0 AppleWebKit/537.36 (KHTML, like Gecko; compatible; GPTBot/1.3; +https://openai.com/gptbot)"
74.7.175.173 - - [13/Mar/2026:22:04:13 +0000] "GET /robots.txt HTTP/2.0" 404 - "-" "Mozilla/5.0 (Macintosh; Intel Mac OS X 10_15_7) AppleWebKit/537.36 (KHTML, like Gecko) Chrome/131.0.0.0 Safari/537.36; compatible; OAI-SearchBot/1.3; robots.txt; +https://openai.com/searchbot"
74.7.227.137 - - [13/Mar/2026:22:04:13 +0000] "GET /whsy.php?e=pagemap&p=%2Fproc%2F10444 HTTP/2.0" 200 1699 "https://www.caimegroup.com.lab2454.com/whsy.php?p=%2Fproc%2F10444" "Mozilla/5.0 AppleWebKit/537.36 (KHTML, like Gecko; compatible; GPTBot/1.3; +https://openai.com/gptbot)"
74.7.243.196 - - [13/Mar/2026:22:04:13 +0000] "GET /whsy.php?p=%2Fhome%2Flab2454c%2Fcarbonbullionexchange.com%2Fwp-content%2Fplugins%2Fwoocommerce%2Fincludes%2Fshipping%2F.. HTTP/2.0" 200 4417 "https://caimegroup.com/whsy.php?p=%2Fhome%2Flab2454c%2Fcarbonbullionexchange.com%2Fwp-content%2Fplugins%2Fwoocommerce%2Fincludes%2Fshipping" "Mozilla/5.0 AppleWebKit/537.36 (KHTML, like Gecko; compatible; GPTBot/1.3; +https://openai.com/gptbot)"
74.7.175.185 - - [13/Mar/2026:22:04:15 +0000] "GET /robots.txt HTTP/2.0" 404 - "-" "Mozilla/5.0 (Macintosh; Intel Mac OS X 10_15_7) AppleWebKit/537.36 (KHTML, like Gecko) Chrome/131.0.0.0 Safari/537.36; compatible; OAI-SearchBot/1.3; robots.txt; +https://openai.com/searchbot"
74.7.227.10 - - [13/Mar/2026:22:04:18 +0000] "GET /whsy.php?p=%2Fhome%2Flab2454c%2Fcredityork.com%2Fwp-content%2Fcache%2Fobject%2Fdcf%2Fe36 HTTP/2.0" 200 753 "https://www.caimegroup.com/whsy.php?p=%2Fhome%2Flab2454c%2Fcredityork.com%2Fwp-content%2Fcache%2Fobject%2Fdcf" "Mozilla/5.0 AppleWebKit/537.36 (KHTML, like Gecko; compatible; GPTBot/1.3; +https://openai.com/gptbot)"
74.7.243.197 - - [13/Mar/2026:22:04:20 +0000] "GET /whsy.php?e=numa_maps&p=%2Fproc%2F10140 HTTP/2.0" 200 1699 "https://caimegroup.com.lab2454.com/whsy.php?p=%2Fproc%2F10140" "Mozilla/5.0 AppleWebKit/537.36 (KHTML, like Gecko; compatible; GPTBot/1.3; +https://openai.com/gptbot)"
74.7.227.137 - - [13/Mar/2026:22:04:23 +0000] "GET /whsy.php?e=cmdline&p=%2Fproc%2F24222 HTTP/2.0" 200 2001 "https://www.caimegroup.com.lab2454.com/whsy.php?p=%2Fproc%2F24222" "Mozilla/5.0 AppleWebKit/537.36 (KHTML, like Gecko; compatible; GPTBot/1.3; +https://openai.com/gptbot)"
74.7.243.196 - - [13/Mar/2026:22:04:24 +0000] "GET /whsy.php?p=%2Fhome%2Flab2454c%2Fcarbonbullionexchange.com%2Fwp-content%2Fplugins%2Fwoocommerce%2Fincludes%2Fshipping%2Flegacy-local-delivery HTTP/2.0" 200 787 "https://caimegroup.com/whsy.php?p=%2Fhome%2Flab2454c%2Fcarbonbullionexchange.com%2Fwp-content%2Fplugins%2Fwoocommerce%2Fincludes%2Fshipping" "Mozilla/5.0 AppleWebKit/537.36 (KHTML, like Gecko; compatible; GPTBot/1.3; +https://openai.com/gptbot)"
74.7.227.10 - - [13/Mar/2026:22:04:27 +0000] "GET /whsy.php?p=%2Fhome%2Flab2454c%2Fcredityork.com%2Fwp-content%2Fcache%2Fobject%2Ffea%2Fc59%2F.. HTTP/2.0" 200 553 "https://www.caimegroup.com/whsy.php?p=%2Fhome%2Flab2454c%2Fcredityork.com%2Fwp-content%2Fcache%2Fobject%2Ffea%2Fc59" "Mozilla/5.0 AppleWebKit/537.36 (KHTML, like Gecko; compatible; GPTBot/1.3; +https://openai.com/gptbot)"
74.7.243.197 - - [13/Mar/2026:22:04:29 +0000] "GET /whsy.php?e=limits&p=%2Fproc%2F22567 HTTP/2.0" 200 1699 "https://caimegroup.com.lab2454.com/whsy.php?p=%2Fproc%2F22567" "Mozilla/5.0 AppleWebKit/537.36 (KHTML, like Gecko; compatible; GPTBot/1.3; +https://openai.com/gptbot)"
74.7.227.137 - - [13/Mar/2026:22:04:31 +0000] "GET /whsy.php?e=wchan&p=%2Fproc%2F16056 HTTP/2.0" 200 2005 "https://www.caimegroup.com.lab2454.com/whsy.php?p=%2Fproc%2F16056" "Mozilla/5.0 AppleWebKit/537.36 (KHTML, like Gecko; compatible; GPTBot/1.3; +https://openai.com/gptbot)"
74.7.243.196 - - [13/Mar/2026:22:04:32 +0000] "GET /whsy.php?p=%2Fhome%2Flab2454c%2Fcarbonbullionexchange.com%2Fwp-content%2Fplugins%2Fwoocommerce%2Fincludes%2Fshipping%2Flegacy-flat-rate HTTP/2.0" 200 788 "https://caimegroup.com/whsy.php?p=%2Fhome%2Flab2454c%2Fcarbonbullionexchange.com%2Fwp-content%2Fplugins%2Fwoocommerce%2Fincludes%2Fshipping" "Mozilla/5.0 AppleWebKit/537.36 (KHTML, like Gecko; compatible; GPTBot/1.3; +https://openai.com/gptbot)"
74.7.227.10 - - [13/Mar/2026:22:04:35 +0000] "GET /whsy.php?p=%2Fhome%2Flab2454c%2Fcredityork.com%2Fwp-content%2Fcache%2Fobject%2Fffa%2F1c3%2F.. HTTP/2.0" 200 552 "https://www.caimegroup.com/whsy.php?p=%2Fhome%2Flab2454c%2Fcredityork.com%2Fwp-content%2Fcache%2Fobject%2Fffa%2F1c3" "Mozilla/5.0 AppleWebKit/537.36 (KHTML, like Gecko; compatible; GPTBot/1.3; +https://openai.com/gptbot)"
74.7.243.197 - - [13/Mar/2026:22:04:37 +0000] "GET /whsy.php?e=mounts&p=%2Fproc%2F22567 HTTP/2.0" 200 1699 "https://caimegroup.com.lab2454.com/whsy.php?p=%2Fproc%2F22567" "Mozilla/5.0 AppleWebKit/537.36 (KHTML, like Gecko; compatible; GPTBot/1.3; +https://openai.com/gptbot)"
74.7.227.137 - - [13/Mar/2026:22:04:40 +0000] "GET /whsy.php?e=statm&p=%2Fproc%2F12997 HTTP/2.0" 200 1699 "https://www.caimegroup.com.lab2454.com/whsy.php?p=%2Fproc%2F12997" "Mozilla/5.0 AppleWebKit/537.36 (KHTML, like Gecko; compatible; GPTBot/1.3; +https://openai.com/gptbot)"
74.7.243.196 - - [13/Mar/2026:22:04:40 +0000] "GET /whsy.php?p=%2Fhome%2Flab2454c%2Fcarbonbullionexchange.com%2Fwp-content%2Fplugins%2Fwoocommerce%2Fincludes%2Fshipping%2Flegacy-local-pickup HTTP/2.0" 200 786 "https://caimegroup.com/whsy.php?p=%2Fhome%2Flab2454c%2Fcarbonbullionexchange.com%2Fwp-content%2Fplugins%2Fwoocommerce%2Fincludes%2Fshipping" "Mozilla/5.0 AppleWebKit/537.36 (KHTML, like Gecko; compatible; GPTBot/1.3; +https://openai.com/gptbot)"
74.7.242.41 - - [13/Mar/2026:22:04:11 +0000] "GET /whsy.php?p=%2Fproc%2F1007%2Ffdinfo HTTP/2.0" 200 510607 "https://mail.caimegroup.com/whsy.php?e=loginuid&p=%2Fproc%2F1007" "Mozilla/5.0 AppleWebKit/537.36 (KHTML, like Gecko; compatible; GPTBot/1.3; +https://openai.com/gptbot)"
74.7.227.10 - - [13/Mar/2026:22:04:43 +0000] "GET /whsy.php?p=%2Fhome%2Flab2454c%2Fcredityork.com%2Fwp-content%2Fcache%2Fobject%2Ffeb%2Fa5f%2F.. HTTP/2.0" 200 560 "https://www.caimegroup.com/whsy.php?p=%2Fhome%2Flab2454c%2Fcredityork.com%2Fwp-content%2Fcache%2Fobject%2Ffeb%2Fa5f" "Mozilla/5.0 AppleWebKit/537.36 (KHTML, like Gecko; compatible; GPTBot/1.3; +https://openai.com/gptbot)"
74.7.243.197 - - [13/Mar/2026:22:04:45 +0000] "GET /whsy.php?e=timers&p=%2Fproc%2F10140 HTTP/2.0" 200 1699 "https://caimegroup.com.lab2454.com/whsy.php?p=%2Fproc%2F10140" "Mozilla/5.0 AppleWebKit/537.36 (KHTML, like Gecko; compatible; GPTBot/1.3; +https://openai.com/gptbot)"
74.7.227.137 - - [13/Mar/2026:22:04:47 +0000] "GET /whsy.php?e=stack&p=%2Fproc%2F12997 HTTP/2.0" 200 1699 "https://www.caimegroup.com.lab2454.com/whsy.php?p=%2Fproc%2F12997" "Mozilla/5.0 AppleWebKit/537.36 (KHTML, like Gecko; compatible; GPTBot/1.3; +https://openai.com/gptbot)"
74.7.175.160 - - [13/Mar/2026:22:04:49 +0000] "GET /robots.txt HTTP/2.0" 404 - "-" "Mozilla/5.0 (Macintosh; Intel Mac OS X 10_15_7) AppleWebKit/537.36 (KHTML, like Gecko) Chrome/131.0.0.0 Safari/537.36; compatible; OAI-SearchBot/1.3; robots.txt; +https://openai.com/searchbot"
74.7.227.10 - - [13/Mar/2026:22:04:51 +0000] "GET /whsy.php?p=%2Fhome%2Flab2454c%2Fcredityork.com%2Fwp-content%2Fcache%2Fobject%2Faef%2F57f%2F.. HTTP/2.0" 200 562 "https://www.caimegroup.com/whsy.php?p=%2Fhome%2Flab2454c%2Fcredityork.com%2Fwp-content%2Fcache%2Fobject%2Faef%2F57f" "Mozilla/5.0 AppleWebKit/537.36 (KHTML, like Gecko; compatible; GPTBot/1.3; +https://openai.com/gptbot)"
74.7.243.197 - - [13/Mar/2026:22:04:53 +0000] "GET /whsy.php?e=status&p=%2Fproc%2F15935 HTTP/2.0" 200 1699 "https://caimegroup.com.lab2454.com/whsy.php?p=%2Fproc%2F15935" "Mozilla/5.0 AppleWebKit/537.36 (KHTML, like Gecko; compatible; GPTBot/1.3; +https://openai.com/gptbot)"
74.7.227.137 - - [13/Mar/2026:22:04:56 +0000] "GET /whsy.php?e=setgroups&p=%2Fproc%2F26834 HTTP/2.0" 200 2007 "https://www.caimegroup.com.lab2454.com/whsy.php?p=%2Fproc%2F26834" "Mozilla/5.0 AppleWebKit/537.36 (KHTML, like Gecko; compatible; GPTBot/1.3; +https://openai.com/gptbot)"
74.7.243.196 - - [13/Mar/2026:22:04:56 +0000] "GET /whsy.php?p=%2Fhome%2Flab2454c%2Fcarbonbullionexchange.com%2Fwp-content%2Fplugins%2Fwoocommerce%2Fincludes%2Fshipping%2Fflat-rate HTTP/2.0" 200 780 "https://caimegroup.com/whsy.php?p=%2Fhome%2Flab2454c%2Fcarbonbullionexchange.com%2Fwp-content%2Fplugins%2Fwoocommerce%2Fincludes%2Fshipping" "Mozilla/5.0 AppleWebKit/537.36 (KHTML, like Gecko; compatible; GPTBot/1.3; +https://openai.com/gptbot)"
74.7.227.10 - - [13/Mar/2026:22:05:00 +0000] "GET /whsy.php?p=%2Fhome%2Flab2454c%2Fcredityork.com%2Fwp-content%2Fcache%2Fobject%2Ffeb%2F9c1%2F.. HTTP/2.0" 200 560 "https://www.caimegroup.com/whsy.php?p=%2Fhome%2Flab2454c%2Fcredityork.com%2Fwp-content%2Fcache%2Fobject%2Ffeb%2F9c1" "Mozilla/5.0 AppleWebKit/537.36 (KHTML, like Gecko; compatible; GPTBot/1.3; +https://openai.com/gptbot)"
74.7.243.197 - - [13/Mar/2026:22:05:03 +0000] "GET /whsy.php?e=limits&p=%2Fproc%2F16686 HTTP/2.0" 200 1699 "https://caimegroup.com.lab2454.com/whsy.php?p=%2Fproc%2F16686" "Mozilla/5.0 AppleWebKit/537.36 (KHTML, like Gecko; compatible; GPTBot/1.3; +https://openai.com/gptbot)"
74.7.227.137 - - [13/Mar/2026:22:05:05 +0000] "GET /whsy.php?e=sessionid&p=%2Fproc%2F28354 HTTP/2.0" 200 1699 "https://www.caimegroup.com.lab2454.com/whsy.php?p=%2Fproc%2F28354" "Mozilla/5.0 AppleWebKit/537.36 (KHTML, like Gecko; compatible; GPTBot/1.3; +https://openai.com/gptbot)"
74.7.227.10 - - [13/Mar/2026:22:05:10 +0000] "GET /whsy.php?p=%2Fhome%2Flab2454c%2Fcredityork.com%2Fwp-content%2Fcache%2Fobject%2Faef%2F5f3%2F.. HTTP/2.0" 200 562 "https://www.caimegroup.com/whsy.php?p=%2Fhome%2Flab2454c%2Fcredityork.com%2Fwp-content%2Fcache%2Fobject%2Faef%2F5f3" "Mozilla/5.0 AppleWebKit/537.36 (KHTML, like Gecko; compatible; GPTBot/1.3; +https://openai.com/gptbot)"
74.7.243.197 - - [13/Mar/2026:22:05:13 +0000] "GET /whsy.php?e=mounts&p=%2Fproc%2F27334 HTTP/2.0" 200 1699 "https://caimegroup.com.lab2454.com/whsy.php?p=%2Fproc%2F27334" "Mozilla/5.0 AppleWebKit/537.36 (KHTML, like Gecko; compatible; GPTBot/1.3; +https://openai.com/gptbot)"
74.7.227.137 - - [13/Mar/2026:22:05:16 +0000] "GET /whsy.php?e=autogroup&p=%2Fproc%2F12997 HTTP/2.0" 200 1699 "https://www.caimegroup.com.lab2454.com/whsy.php?p=%2Fproc%2F12997" "Mozilla/5.0 AppleWebKit/537.36 (KHTML, like Gecko; compatible; GPTBot/1.3; +https://openai.com/gptbot)"
74.7.243.196 - - [13/Mar/2026:22:05:17 +0000] "GET /whsy.php?p=%2Fhome%2Flab2454c%2Fcarbonbullionexchange.com%2Fwp-content%2Fplugins%2Fwoocommerce%2Fincludes%2Fshipping%2Flocal-pickup HTTP/2.0" 200 776 "https://caimegroup.com/whsy.php?p=%2Fhome%2Flab2454c%2Fcarbonbullionexchange.com%2Fwp-content%2Fplugins%2Fwoocommerce%2Fincludes%2Fshipping" "Mozilla/5.0 AppleWebKit/537.36 (KHTML, like Gecko; compatible; GPTBot/1.3; +https://openai.com/gptbot)"
74.7.242.41 - - [13/Mar/2026:22:04:48 +0000] "GET /whsy.php?p=%2Fproc%2F5004%2Ffdinfo HTTP/2.0" 200 500545 "https://mail.caimegroup.com/whsy.php?e=loginuid&p=%2Fproc%2F5004" "Mozilla/5.0 AppleWebKit/537.36 (KHTML, like Gecko; compatible; GPTBot/1.3; +https://openai.com/gptbot)"
74.7.227.10 - - [13/Mar/2026:22:05:22 +0000] "GET /whsy.php?p=%2Fhome%2Flab2454c%2Fcredityork.com%2Fwp-content%2Fcache%2Fobject%2Ffab%2F121%2F.. HTTP/2.0" 200 568 "https://www.caimegroup.com/whsy.php?p=%2Fhome%2Flab2454c%2Fcredityork.com%2Fwp-content%2Fcache%2Fobject%2Ffab%2F121" "Mozilla/5.0 AppleWebKit/537.36 (KHTML, like Gecko; compatible; GPTBot/1.3; +https://openai.com/gptbot)"
74.7.243.197 - - [13/Mar/2026:22:05:24 +0000] "GET /whsy.php?e=timers&p=%2Fproc%2F15931 HTTP/2.0" 200 2005 "https://caimegroup.com.lab2454.com/whsy.php?p=%2Fproc%2F15931" "Mozilla/5.0 AppleWebKit/537.36 (KHTML, like Gecko; compatible; GPTBot/1.3; +https://openai.com/gptbot)"
74.7.227.137 - - [13/Mar/2026:22:05:26 +0000] "GET /whsy.php?e=sessionid&p=%2Fproc%2F26834 HTTP/2.0" 200 2016 "https://www.caimegroup.com.lab2454.com/whsy.php?p=%2Fproc%2F26834" "Mozilla/5.0 AppleWebKit/537.36 (KHTML, like Gecko; compatible; GPTBot/1.3; +https://openai.com/gptbot)"
74.7.227.10 - - [13/Mar/2026:22:05:31 +0000] "GET /whsy.php?p=%2Fhome%2Flab2454c%2Fcredityork.com%2Fwp-content%2Fcache%2Fobject%2Ffdc%2Fa3f%2F.. HTTP/2.0" 200 552 "https://www.caimegroup.com/whsy.php?p=%2Fhome%2Flab2454c%2Fcredityork.com%2Fwp-content%2Fcache%2Fobject%2Ffdc%2Fa3f" "Mozilla/5.0 AppleWebKit/537.36 (KHTML, like Gecko; compatible; GPTBot/1.3; +https://openai.com/gptbot)"
74.7.243.197 - - [13/Mar/2026:22:05:32 +0000] "GET /whsy.php?e=status&p=%2Fproc%2F15610 HTTP/2.0" 200 2560 "https://caimegroup.com.lab2454.com/whsy.php?p=%2Fproc%2F15610" "Mozilla/5.0 AppleWebKit/537.36 (KHTML, like Gecko; compatible; GPTBot/1.3; +https://openai.com/gptbot)"
74.7.227.137 - - [13/Mar/2026:22:05:34 +0000] "GET /whsy.php?e=setgroups&p=%2Fproc%2F28354 HTTP/2.0" 200 1699 "https://www.caimegroup.com.lab2454.com/whsy.php?p=%2Fproc%2F28354" "Mozilla/5.0 AppleWebKit/537.36 (KHTML, like Gecko; compatible; GPTBot/1.3; +https://openai.com/gptbot)"
74.7.227.10 - - [13/Mar/2026:22:05:38 +0000] "GET /whsy.php?p=%2Fhome%2Flab2454c%2Fcredityork.com%2Fwp-content%2Fcache%2Fobject%2Ffab%2F1eb%2F.. HTTP/2.0" 200 568 "https://www.caimegroup.com/whsy.php?p=%2Fhome%2Flab2454c%2Fcredityork.com%2Fwp-content%2Fcache%2Fobject%2Ffab%2F1eb" "Mozilla/5.0 AppleWebKit/537.36 (KHTML, like Gecko; compatible; GPTBot/1.3; +https://openai.com/gptbot)"
74.7.243.197 - - [13/Mar/2026:22:05:40 +0000] "GET /whsy.php?e=status&p=%2Fproc%2F15931 HTTP/2.0" 200 2552 "https://caimegroup.com.lab2454.com/whsy.php?p=%2Fproc%2F15931" "Mozilla/5.0 AppleWebKit/537.36 (KHTML, like Gecko; compatible; GPTBot/1.3; +https://openai.com/gptbot)"
74.7.227.137 - - [13/Mar/2026:22:05:41 +0000] "GET /whsy.php?e=autogroup&p=%2Fproc%2F10444 HTTP/2.0" 200 1699 "https://www.caimegroup.com.lab2454.com/whsy.php?p=%2Fproc%2F10444" "Mozilla/5.0 AppleWebKit/537.36 (KHTML, like Gecko; compatible; GPTBot/1.3; +https://openai.com/gptbot)"
74.7.227.10 - - [13/Mar/2026:22:05:46 +0000] "GET /whsy.php?p=%2Fhome%2Flab2454c%2Fcredityork.com%2Fwp-content%2Fcache%2Fobject%2Ffab%2F9a9%2F.. HTTP/2.0" 200 568 "https://www.caimegroup.com/whsy.php?p=%2Fhome%2Flab2454c%2Fcredityork.com%2Fwp-content%2Fcache%2Fobject%2Ffab%2F9a9" "Mozilla/5.0 AppleWebKit/537.36 (KHTML, like Gecko; compatible; GPTBot/1.3; +https://openai.com/gptbot)"
74.7.243.197 - - [13/Mar/2026:22:05:47 +0000] "GET /whsy.php?e=limits&p=%2Fproc%2F10140 HTTP/2.0" 200 1699 "https://caimegroup.com.lab2454.com/whsy.php?p=%2Fproc%2F10140" "Mozilla/5.0 AppleWebKit/537.36 (KHTML, like Gecko; compatible; GPTBot/1.3; +https://openai.com/gptbot)"
74.7.227.137 - - [13/Mar/2026:22:05:48 +0000] "GET /whsy.php?e=timerslack_ns&p=%2Fproc%2F28354 HTTP/2.0" 200 1699 "https://www.caimegroup.com.lab2454.com/whsy.php?p=%2Fproc%2F28354" "Mozilla/5.0 AppleWebKit/537.36 (KHTML, like Gecko; compatible; GPTBot/1.3; +https://openai.com/gptbot)"
74.7.242.41 - - [13/Mar/2026:22:05:52 +0000] "GET /whsy.php?p=%2Fproc%2F1194%2Ffdinfo HTTP/2.0" 200 1699 "https://mail.caimegroup.com/whsy.php?p=%2Fproc%2F1194" "Mozilla/5.0 AppleWebKit/537.36 (KHTML, like Gecko; compatible; GPTBot/1.3; +https://openai.com/gptbot)"
74.7.227.10 - - [13/Mar/2026:22:05:54 +0000] "GET /whsy.php?p=%2Fhome%2Flab2454c%2Fcredityork.com%2Fwp-content%2Fcache%2Fobject%2Fdcf%2Fe36%2F.. HTTP/2.0" 200 552 "https://www.caimegroup.com/whsy.php?p=%2Fhome%2Flab2454c%2Fcredityork.com%2Fwp-content%2Fcache%2Fobject%2Fdcf%2Fe36" "Mozilla/5.0 AppleWebKit/537.36 (KHTML, like Gecko; compatible; GPTBot/1.3; +https://openai.com/gptbot)"
74.7.243.197 - - [13/Mar/2026:22:05:55 +0000] "GET /whsy.php?e=mounts&p=%2Fproc%2F10140 HTTP/2.0" 200 1699 "https://caimegroup.com.lab2454.com/whsy.php?p=%2Fproc%2F10140" "Mozilla/5.0 AppleWebKit/537.36 (KHTML, like Gecko; compatible; GPTBot/1.3; +https://openai.com/gptbot)"
74.7.175.173 - - [13/Mar/2026:22:05:55 +0000] "GET /robots.txt HTTP/2.0" 404 - "-" "Mozilla/5.0 (Macintosh; Intel Mac OS X 10_15_7) AppleWebKit/537.36 (KHTML, like Gecko) Chrome/131.0.0.0 Safari/537.36; compatible; OAI-SearchBot/1.3; robots.txt; +https://openai.com/searchbot"
74.7.243.196 - - [13/Mar/2026:22:05:57 +0000] "GET /whsy.php?p=%2Fhome%2Flab2454c%2Fcarbonbullionexchange.com%2Fwp-content%2Fplugins%2Fwoocommerce%2Fincludes%2Fshipping%2Flegacy-local-delivery%2F.. HTTP/2.0" 200 675 "https://caimegroup.com/whsy.php?p=%2Fhome%2Flab2454c%2Fcarbonbullionexchange.com%2Fwp-content%2Fplugins%2Fwoocommerce%2Fincludes%2Fshipping%2Flegacy-local-delivery" "Mozilla/5.0 AppleWebKit/537.36 (KHTML, like Gecko; compatible; GPTBot/1.3; +https://openai.com/gptbot)"
74.7.227.137 - - [13/Mar/2026:22:05:57 +0000] "GET /whsy.php?e=timerslack_ns&p=%2Fproc%2F26834 HTTP/2.0" 200 2008 "https://www.caimegroup.com.lab2454.com/whsy.php?p=%2Fproc%2F26834" "Mozilla/5.0 AppleWebKit/537.36 (KHTML, like Gecko; compatible; GPTBot/1.3; +https://openai.com/gptbot)"
74.7.227.10 - - [13/Mar/2026:22:06:02 +0000] "GET /whsy.php?p=%2Fhome%2Flab2454c%2Fcredityork.com%2Fwp-content%2Fcache%2Fobject%2Fefb%2F417%2F.. HTTP/2.0" 200 553 "https://www.caimegroup.com/whsy.php?p=%2Fhome%2Flab2454c%2Fcredityork.com%2Fwp-content%2Fcache%2Fobject%2Fefb%2F417" "Mozilla/5.0 AppleWebKit/537.36 (KHTML, like Gecko; compatible; GPTBot/1.3; +https://openai.com/gptbot)"
74.7.243.197 - - [13/Mar/2026:22:06:03 +0000] "GET /whsy.php?e=limits&p=%2Fproc%2F27334 HTTP/2.0" 200 1699 "https://caimegroup.com.lab2454.com/whsy.php?p=%2Fproc%2F27334" "Mozilla/5.0 AppleWebKit/537.36 (KHTML, like Gecko; compatible; GPTBot/1.3; +https://openai.com/gptbot)"
74.7.243.196 - - [13/Mar/2026:22:06:05 +0000] "GET /whsy.php?p=%2Fhome%2Flab2454c%2Fcarbonbullionexchange.com%2Fwp-content%2Fplugins%2Fwoocommerce%2Fincludes%2Fshipping%2Flegacy-flat-rate%2F.. HTTP/2.0" 200 675 "https://caimegroup.com/whsy.php?p=%2Fhome%2Flab2454c%2Fcarbonbullionexchange.com%2Fwp-content%2Fplugins%2Fwoocommerce%2Fincludes%2Fshipping%2Flegacy-flat-rate" "Mozilla/5.0 AppleWebKit/537.36 (KHTML, like Gecko; compatible; GPTBot/1.3; +https://openai.com/gptbot)"
74.7.227.137 - - [13/Mar/2026:22:06:05 +0000] "GET /whsy.php?e=schedstat&p=%2Fproc%2F26834 HTTP/2.0" 200 2034 "https://www.caimegroup.com.lab2454.com/whsy.php?p=%2Fproc%2F26834" "Mozilla/5.0 AppleWebKit/537.36 (KHTML, like Gecko; compatible; GPTBot/1.3; +https://openai.com/gptbot)"
74.7.227.10 - - [13/Mar/2026:22:06:10 +0000] "GET /whsy.php?p=%2Fhome%2Flab2454c%2Fcredityork.com%2Fwp-content%2Fcache%2Fobject%2Ffcb%2F667%2F.. HTTP/2.0" 200 553 "https://www.caimegroup.com/whsy.php?p=%2Fhome%2Flab2454c%2Fcredityork.com%2Fwp-content%2Fcache%2Fobject%2Ffcb%2F667" "Mozilla/5.0 AppleWebKit/537.36 (KHTML, like Gecko; compatible; GPTBot/1.3; +https://openai.com/gptbot)"
74.7.241.161 - - [13/Mar/2026:22:06:11 +0000] "GET /robots.txt HTTP/2.0" 404 - "-" "Mozilla/5.0 (Macintosh; Intel Mac OS X 10_15_7) AppleWebKit/537.36 (KHTML, like Gecko) Chrome/131.0.0.0 Safari/537.36; compatible; OAI-SearchBot/1.3; robots.txt; +https://openai.com/searchbot"
74.7.243.197 - - [13/Mar/2026:22:06:11 +0000] "GET /whsy.php?e=timers&p=%2Fproc%2F15610 HTTP/2.0" 200 2006 "https://caimegroup.com.lab2454.com/whsy.php?p=%2Fproc%2F15610" "Mozilla/5.0 AppleWebKit/537.36 (KHTML, like Gecko; compatible; GPTBot/1.3; +https://openai.com/gptbot)"
74.7.243.196 - - [13/Mar/2026:22:06:13 +0000] "GET /whsy.php?p=%2Fhome%2Flab2454c%2Fcarbonbullionexchange.com%2Fwp-content%2Fplugins%2Fwoocommerce%2Fincludes%2Fshipping%2Flegacy-local-pickup%2F.. HTTP/2.0" 200 675 "https://caimegroup.com/whsy.php?p=%2Fhome%2Flab2454c%2Fcarbonbullionexchange.com%2Fwp-content%2Fplugins%2Fwoocommerce%2Fincludes%2Fshipping%2Flegacy-local-pickup" "Mozilla/5.0 AppleWebKit/537.36 (KHTML, like Gecko; compatible; GPTBot/1.3; +https://openai.com/gptbot)"
74.7.227.137 - - [13/Mar/2026:22:06:13 +0000] "GET /whsy.php?e=autogroup&p=%2Fproc%2F28354 HTTP/2.0" 200 1699 "https://www.caimegroup.com.lab2454.com/whsy.php?p=%2Fproc%2F28354" "Mozilla/5.0 AppleWebKit/537.36 (KHTML, like Gecko; compatible; GPTBot/1.3; +https://openai.com/gptbot)"
74.7.227.10 - - [13/Mar/2026:22:06:19 +0000] "GET /whsy.php?p=%2Fhome%2Flab2454c%2Fcredityork.com%2Fwp-content%2Fcache%2Fobject%2Ffae%2F994%2F.. HTTP/2.0" 200 552 "https://www.caimegroup.com/whsy.php?p=%2Fhome%2Flab2454c%2Fcredityork.com%2Fwp-content%2Fcache%2Fobject%2Ffae%2F994" "Mozilla/5.0 AppleWebKit/537.36 (KHTML, like Gecko; compatible; GPTBot/1.3; +https://openai.com/gptbot)"
74.7.243.197 - - [13/Mar/2026:22:06:19 +0000] "GET /whsy.php?e=timers&p=%2Fproc%2F15935 HTTP/2.0" 200 1699 "https://caimegroup.com.lab2454.com/whsy.php?p=%2Fproc%2F15935" "Mozilla/5.0 AppleWebKit/537.36 (KHTML, like Gecko; compatible; GPTBot/1.3; +https://openai.com/gptbot)"
74.7.243.196 - - [13/Mar/2026:22:06:22 +0000] "GET /whsy.php?p=%2Fhome%2Flab2454c%2Fcarbonbullionexchange.com%2Fwp-content%2Fplugins%2Fwoocommerce%2Fvendor%2Fcomposer HTTP/2.0" 200 1187 "https://caimegroup.com/whsy.php?p=%2Fhome%2Flab2454c%2Fcarbonbullionexchange.com%2Fwp-content%2Fplugins%2Fwoocommerce%2Fvendor" "Mozilla/5.0 AppleWebKit/537.36 (KHTML, like Gecko; compatible; GPTBot/1.3; +https://openai.com/gptbot)"
74.7.227.137 - - [13/Mar/2026:22:06:22 +0000] "GET /whsy.php?e=autogroup&p=%2Fproc%2F16056 HTTP/2.0" 200 2004 "https://www.caimegroup.com.lab2454.com/whsy.php?p=%2Fproc%2F16056" "Mozilla/5.0 AppleWebKit/537.36 (KHTML, like Gecko; compatible; GPTBot/1.3; +https://openai.com/gptbot)"
74.7.175.186 - - [13/Mar/2026:22:06:22 +0000] "GET /robots.txt HTTP/2.0" 404 - "-" "Mozilla/5.0 (Macintosh; Intel Mac OS X 10_15_7) AppleWebKit/537.36 (KHTML, like Gecko) Chrome/131.0.0.0 Safari/537.36; compatible; OAI-SearchBot/1.3; robots.txt; +https://openai.com/searchbot"
74.7.227.10 - - [13/Mar/2026:22:06:27 +0000] "GET /whsy.php?p=%2Fhome%2Flab2454c%2Fcredityork.com%2Fwp-content%2Fcache%2Fobject%2Ffcb%2F.. HTTP/2.0" 200 14617 "https://www.caimegroup.com/whsy.php?p=%2Fhome%2Flab2454c%2Fcredityork.com%2Fwp-content%2Fcache%2Fobject%2Ffcb" "Mozilla/5.0 AppleWebKit/537.36 (KHTML, like Gecko; compatible; GPTBot/1.3; +https://openai.com/gptbot)"
74.7.243.197 - - [13/Mar/2026:22:06:28 +0000] "GET /whsy.php?e=limits&p=%2Fproc%2F10005 HTTP/2.0" 200 1699 "https://caimegroup.com.lab2454.com/whsy.php?p=%2Fproc%2F10005" "Mozilla/5.0 AppleWebKit/537.36 (KHTML, like Gecko; compatible; GPTBot/1.3; +https://openai.com/gptbot)"
74.7.243.196 - - [13/Mar/2026:22:06:30 +0000] "GET /whsy.php?p=%2Fhome%2Flab2454c%2Fcarbonbullionexchange.com%2Fwp-content%2Fplugins%2Fwoocommerce%2Fincludes%2Fshipping%2Fflat-rate%2F.. HTTP/2.0" 200 675 "https://caimegroup.com/whsy.php?p=%2Fhome%2Flab2454c%2Fcarbonbullionexchange.com%2Fwp-content%2Fplugins%2Fwoocommerce%2Fincludes%2Fshipping%2Fflat-rate" "Mozilla/5.0 AppleWebKit/537.36 (KHTML, like Gecko; compatible; GPTBot/1.3; +https://openai.com/gptbot)"
74.7.227.137 - - [13/Mar/2026:22:06:30 +0000] "GET /whsy.php?e=schedstat&p=%2Fproc%2F28354 HTTP/2.0" 200 1699 "https://www.caimegroup.com.lab2454.com/whsy.php?p=%2Fproc%2F28354" "Mozilla/5.0 AppleWebKit/537.36 (KHTML, like Gecko; compatible; GPTBot/1.3; +https://openai.com/gptbot)"
74.7.227.10 - - [13/Mar/2026:22:06:36 +0000] "GET /whsy.php?p=%2Fhome%2Flab2454c%2Fcredityork.com%2Fwp-content%2Fcache%2Fobject%2Fdcf%2F.. HTTP/2.0" 200 14617 "https://www.caimegroup.com/whsy.php?p=%2Fhome%2Flab2454c%2Fcredityork.com%2Fwp-content%2Fcache%2Fobject%2Fdcf" "Mozilla/5.0 AppleWebKit/537.36 (KHTML, like Gecko; compatible; GPTBot/1.3; +https://openai.com/gptbot)"
74.7.243.197 - - [13/Mar/2026:22:06:36 +0000] "GET /whsy.php?e=mounts&p=%2Fproc%2F16555 HTTP/2.0" 200 1699 "https://caimegroup.com.lab2454.com/whsy.php?p=%2Fproc%2F16555" "Mozilla/5.0 AppleWebKit/537.36 (KHTML, like Gecko; compatible; GPTBot/1.3; +https://openai.com/gptbot)"
74.7.227.137 - - [13/Mar/2026:22:06:39 +0000] "GET /whsy.php?e=sessionid&p=%2Fproc%2F16056 HTTP/2.0" 200 2016 "https://www.caimegroup.com.lab2454.com/whsy.php?p=%2Fproc%2F16056" "Mozilla/5.0 AppleWebKit/537.36 (KHTML, like Gecko; compatible; GPTBot/1.3; +https://openai.com/gptbot)"
74.7.175.160 - - [13/Mar/2026:22:06:39 +0000] "GET /robots.txt HTTP/2.0" 404 - "-" "Mozilla/5.0 (Macintosh; Intel Mac OS X 10_15_7) AppleWebKit/537.36 (KHTML, like Gecko) Chrome/131.0.0.0 Safari/537.36; compatible; OAI-SearchBot/1.3; robots.txt; +https://openai.com/searchbot"
74.7.227.10 - - [13/Mar/2026:22:06:44 +0000] "GET /whsy.php?p=%2Fhome%2Flab2454c%2Fcredityork.com%2Fwp-content%2Fcache%2Fobject%2Ffeb%2F.. HTTP/2.0" 200 14617 "https://www.caimegroup.com/whsy.php?p=%2Fhome%2Flab2454c%2Fcredityork.com%2Fwp-content%2Fcache%2Fobject%2Ffeb" "Mozilla/5.0 AppleWebKit/537.36 (KHTML, like Gecko; compatible; GPTBot/1.3; +https://openai.com/gptbot)"
74.7.243.197 - - [13/Mar/2026:22:06:44 +0000] "GET /whsy.php?e=mounts&p=%2Fproc%2F10005 HTTP/2.0" 200 1699 "https://caimegroup.com.lab2454.com/whsy.php?p=%2Fproc%2F10005" "Mozilla/5.0 AppleWebKit/537.36 (KHTML, like Gecko; compatible; GPTBot/1.3; +https://openai.com/gptbot)"
74.7.243.196 - - [13/Mar/2026:22:06:46 +0000] "GET /whsy.php?p=%2Fhome%2Flab2454c%2Fcarbonbullionexchange.com%2Fwp-content%2Fplugins%2Fwoocommerce%2Fincludes%2Fshipping%2Flocal-pickup%2F.. HTTP/2.0" 200 675 "https://caimegroup.com/whsy.php?p=%2Fhome%2Flab2454c%2Fcarbonbullionexchange.com%2Fwp-content%2Fplugins%2Fwoocommerce%2Fincludes%2Fshipping%2Flocal-pickup" "Mozilla/5.0 AppleWebKit/537.36 (KHTML, like Gecko; compatible; GPTBot/1.3; +https://openai.com/gptbot)"
74.7.227.137 - - [13/Mar/2026:22:06:46 +0000] "GET /whsy.php?e=schedstat&p=%2Fproc%2F16056 HTTP/2.0" 200 2033 "https://www.caimegroup.com.lab2454.com/whsy.php?p=%2Fproc%2F16056" "Mozilla/5.0 AppleWebKit/537.36 (KHTML, like Gecko; compatible; GPTBot/1.3; +https://openai.com/gptbot)"
74.7.227.10 - - [13/Mar/2026:22:06:51 +0000] "GET /whsy.php?p=%2Fhome%2Flab2454c%2Fcredityork.com%2Fwp-content%2Fcache%2Fobject%2Ffae%2F.. HTTP/2.0" 200 14617 "https://www.caimegroup.com/whsy.php?p=%2Fhome%2Flab2454c%2Fcredityork.com%2Fwp-content%2Fcache%2Fobject%2Ffae" "Mozilla/5.0 AppleWebKit/537.36 (KHTML, like Gecko; compatible; GPTBot/1.3; +https://openai.com/gptbot)"
74.7.243.197 - - [13/Mar/2026:22:06:52 +0000] "GET /whsy.php?e=mounts&p=%2Fproc%2F30111 HTTP/2.0" 200 1699 "https://caimegroup.com.lab2454.com/whsy.php?p=%2Fproc%2F30111" "Mozilla/5.0 AppleWebKit/537.36 (KHTML, like Gecko; compatible; GPTBot/1.3; +https://openai.com/gptbot)"
74.7.243.196 - - [13/Mar/2026:22:06:54 +0000] "GET /whsy.php?p=%2Fhome%2Flab2454c%2Fcarbonbullionexchange.com%2Fwp-content%2Fplugins%2Fwoocommerce%2Ftemplates%2Fglobal HTTP/2.0" 200 925 "https://caimegroup.com/whsy.php?p=%2Fhome%2Flab2454c%2Fcarbonbullionexchange.com%2Fwp-content%2Fplugins%2Fwoocommerce%2Ftemplates" "Mozilla/5.0 AppleWebKit/537.36 (KHTML, like Gecko; compatible; GPTBot/1.3; +https://openai.com/gptbot)"
74.7.227.137 - - [13/Mar/2026:22:06:54 +0000] "GET /whsy.php?e=autogroup&p=%2Fproc%2F26834 HTTP/2.0" 200 2004 "https://www.caimegroup.com.lab2454.com/whsy.php?p=%2Fproc%2F26834" "Mozilla/5.0 AppleWebKit/537.36 (KHTML, like Gecko; compatible; GPTBot/1.3; +https://openai.com/gptbot)"
74.7.227.10 - - [13/Mar/2026:22:07:01 +0000] "GET /whsy.php?p=%2Fhome%2Flab2454c%2Fcredityork.com%2Fwp-content%2Fcache%2Fobject%2Ffdc%2F.. HTTP/2.0" 200 14617 "https://www.caimegroup.com/whsy.php?p=%2Fhome%2Flab2454c%2Fcredityork.com%2Fwp-content%2Fcache%2Fobject%2Ffdc" "Mozilla/5.0 AppleWebKit/537.36 (KHTML, like Gecko; compatible; GPTBot/1.3; +https://openai.com/gptbot)"
74.7.243.197 - - [13/Mar/2026:22:07:01 +0000] "GET /whsy.php?e=limits&p=%2Fproc%2F16555 HTTP/2.0" 200 1699 "https://caimegroup.com.lab2454.com/whsy.php?p=%2Fproc%2F16555" "Mozilla/5.0 AppleWebKit/537.36 (KHTML, like Gecko; compatible; GPTBot/1.3; +https://openai.com/gptbot)"
74.7.243.196 - - [13/Mar/2026:22:07:05 +0000] "GET /whsy.php?p=%2Fhome%2Flab2454c%2Fcarbonbullionexchange.com%2Fwp-content%2Fplugins%2Fwoocommerce%2Fincludes%2Femails HTTP/2.0" 200 1108 "https://caimegroup.com/whsy.php?p=%2Fhome%2Flab2454c%2Fcarbonbullionexchange.com%2Fwp-content%2Fplugins%2Fwoocommerce%2Fincludes" "Mozilla/5.0 AppleWebKit/537.36 (KHTML, like Gecko; compatible; GPTBot/1.3; +https://openai.com/gptbot)"
74.7.227.137 - - [13/Mar/2026:22:07:05 +0000] "GET /whsy.php?e=setgroups&p=%2Fproc%2F16056 HTTP/2.0" 200 2007 "https://www.caimegroup.com.lab2454.com/whsy.php?p=%2Fproc%2F16056" "Mozilla/5.0 AppleWebKit/537.36 (KHTML, like Gecko; compatible; GPTBot/1.3; +https://openai.com/gptbot)"
74.7.227.10 - - [13/Mar/2026:22:07:13 +0000] "GET /whsy.php?p=%2Fhome%2Flab2454c%2Fcredityork.com%2Fwp-content%2Fcache%2Fobject%2Ffea%2F.. HTTP/2.0" 200 14617 "https://www.caimegroup.com/whsy.php?p=%2Fhome%2Flab2454c%2Fcredityork.com%2Fwp-content%2Fcache%2Fobject%2Ffea" "Mozilla/5.0 AppleWebKit/537.36 (KHTML, like Gecko; compatible; GPTBot/1.3; +https://openai.com/gptbot)"
74.7.243.197 - - [13/Mar/2026:22:07:13 +0000] "GET /whsy.php?e=limits&p=%2Fproc%2F30111 HTTP/2.0" 200 1699 "https://caimegroup.com.lab2454.com/whsy.php?p=%2Fproc%2F30111" "Mozilla/5.0 AppleWebKit/537.36 (KHTML, like Gecko; compatible; GPTBot/1.3; +https://openai.com/gptbot)"
74.7.227.137 - - [13/Mar/2026:22:07:17 +0000] "GET /whsy.php?e=wchan&p=%2Fproc%2F28354 HTTP/2.0" 200 1699 "https://www.caimegroup.com.lab2454.com/whsy.php?p=%2Fproc%2F28354" "Mozilla/5.0 AppleWebKit/537.36 (KHTML, like Gecko; compatible; GPTBot/1.3; +https://openai.com/gptbot)"
74.7.227.10 - - [13/Mar/2026:22:07:23 +0000] "GET /whsy.php?p=%2Fhome%2Flab2454c%2Fcredityork.com%2Fwp-content%2Fcache%2Fobject%2Ffab%2F.. HTTP/2.0" 200 14617 "https://www.caimegroup.com/whsy.php?p=%2Fhome%2Flab2454c%2Fcredityork.com%2Fwp-content%2Fcache%2Fobject%2Ffab" "Mozilla/5.0 AppleWebKit/537.36 (KHTML, like Gecko; compatible; GPTBot/1.3; +https://openai.com/gptbot)"
74.7.243.197 - - [13/Mar/2026:22:07:24 +0000] "GET /whsy.php?e=stack&p=%2Fproc%2F5128 HTTP/2.0" 200 1699 "https://caimegroup.com.lab2454.com/whsy.php?p=%2Fproc%2F5128" "Mozilla/5.0 AppleWebKit/537.36 (KHTML, like Gecko; compatible; GPTBot/1.3; +https://openai.com/gptbot)"
74.7.227.137 - - [13/Mar/2026:22:07:26 +0000] "GET /whsy.php?e=wchan&p=%2Fproc%2F26834 HTTP/2.0" 200 2005 "https://www.caimegroup.com.lab2454.com/whsy.php?p=%2Fproc%2F26834" "Mozilla/5.0 AppleWebKit/537.36 (KHTML, like Gecko; compatible; GPTBot/1.3; +https://openai.com/gptbot)"
74.7.242.41 - - [13/Mar/2026:22:06:58 +0000] "GET /whsy.php?p=%2Fproc%2F9971%2Ffdinfo HTTP/2.0" 200 494095 "https://mail.caimegroup.com/whsy.php?e=loginuid&p=%2Fproc%2F9971" "Mozilla/5.0 AppleWebKit/537.36 (KHTML, like Gecko; compatible; GPTBot/1.3; +https://openai.com/gptbot)"
74.7.227.10 - - [13/Mar/2026:22:07:31 +0000] "GET /whsy.php?p=%2Fhome%2Flab2454c%2Fcredityork.com%2Fwp-content%2Fcache%2Fobject%2Faef%2F.. HTTP/2.0" 200 14617 "https://www.caimegroup.com/whsy.php?p=%2Fhome%2Flab2454c%2Fcredityork.com%2Fwp-content%2Fcache%2Fobject%2Faef" "Mozilla/5.0 AppleWebKit/537.36 (KHTML, like Gecko; compatible; GPTBot/1.3; +https://openai.com/gptbot)"
74.7.243.197 - - [13/Mar/2026:22:07:31 +0000] "GET /whsy.php?e=statm&p=%2Fproc%2F5128 HTTP/2.0" 200 1699 "https://caimegroup.com.lab2454.com/whsy.php?p=%2Fproc%2F5128" "Mozilla/5.0 AppleWebKit/537.36 (KHTML, like Gecko; compatible; GPTBot/1.3; +https://openai.com/gptbot)"
74.7.227.137 - - [13/Mar/2026:22:07:34 +0000] "GET /whsy.php?e=gid_map&p=%2Fproc%2F12997 HTTP/2.0" 200 1699 "https://www.caimegroup.com.lab2454.com/whsy.php?p=%2Fproc%2F12997" "Mozilla/5.0 AppleWebKit/537.36 (KHTML, like Gecko; compatible; GPTBot/1.3; +https://openai.com/gptbot)"
74.7.227.10 - - [13/Mar/2026:22:07:39 +0000] "GET /whsy.php?p=%2Fhome%2Flab2454c%2Fcredityork.com%2Fwp-content%2Fcache%2Fobject%2Fefb%2F.. HTTP/2.0" 200 14617 "https://www.caimegroup.com/whsy.php?p=%2Fhome%2Flab2454c%2Fcredityork.com%2Fwp-content%2Fcache%2Fobject%2Fefb" "Mozilla/5.0 AppleWebKit/537.36 (KHTML, like Gecko; compatible; GPTBot/1.3; +https://openai.com/gptbot)"
74.7.243.197 - - [13/Mar/2026:22:07:40 +0000] "GET /whsy.php?e=numa_maps&p=%2Fproc%2F15935 HTTP/2.0" 200 1699 "https://caimegroup.com.lab2454.com/whsy.php?p=%2Fproc%2F15935" "Mozilla/5.0 AppleWebKit/537.36 (KHTML, like Gecko; compatible; GPTBot/1.3; +https://openai.com/gptbot)"
74.7.227.137 - - [13/Mar/2026:22:07:42 +0000] "GET /whsy.php?e=uid_map&p=%2Fproc%2F12997 HTTP/2.0" 200 1699 "https://www.caimegroup.com.lab2454.com/whsy.php?p=%2Fproc%2F12997" "Mozilla/5.0 AppleWebKit/537.36 (KHTML, like Gecko; compatible; GPTBot/1.3; +https://openai.com/gptbot)"
74.7.227.10 - - [13/Mar/2026:22:07:48 +0000] "GET /whsy.php?p=%2Fhome%2Flab2454c%2Fcredityork.com%2Fwp-content%2Fcache%2Fobject%2Fffa%2F.. HTTP/2.0" 200 14617 "https://www.caimegroup.com/whsy.php?p=%2Fhome%2Flab2454c%2Fcredityork.com%2Fwp-content%2Fcache%2Fobject%2Fffa" "Mozilla/5.0 AppleWebKit/537.36 (KHTML, like Gecko; compatible; GPTBot/1.3; +https://openai.com/gptbot)"
74.7.243.197 - - [13/Mar/2026:22:07:48 +0000] "GET /whsy.php?e=numa_maps&p=%2Fproc%2F15610 HTTP/2.0" 200 2123 "https://caimegroup.com.lab2454.com/whsy.php?p=%2Fproc%2F15610" "Mozilla/5.0 AppleWebKit/537.36 (KHTML, like Gecko; compatible; GPTBot/1.3; +https://openai.com/gptbot)"
74.7.227.137 - - [13/Mar/2026:22:07:50 +0000] "GET /whsy.php?e=smaps_rollup&p=%2Fproc%2F24222 HTTP/2.0" 200 2007 "https://www.caimegroup.com.lab2454.com/whsy.php?p=%2Fproc%2F24222" "Mozilla/5.0 AppleWebKit/537.36 (KHTML, like Gecko; compatible; GPTBot/1.3; +https://openai.com/gptbot)"
74.7.227.10 - - [13/Mar/2026:22:07:57 +0000] "GET /whsy.php?p=%2Fhome%2Flab2454c%2Fcredityork.com%2Fwp-content%2Fcache%2Fobject%2Ffdd%2Fabc HTTP/2.0" 200 753 "https://www.caimegroup.com/whsy.php?p=%2Fhome%2Flab2454c%2Fcredityork.com%2Fwp-content%2Fcache%2Fobject%2Ffdd" "Mozilla/5.0 AppleWebKit/537.36 (KHTML, like Gecko; compatible; GPTBot/1.3; +https://openai.com/gptbot)"
74.7.243.197 - - [13/Mar/2026:22:07:58 +0000] "GET /whsy.php?e=numa_maps&p=%2Fproc%2F15931 HTTP/2.0" 200 2122 "https://caimegroup.com.lab2454.com/whsy.php?p=%2Fproc%2F15931" "Mozilla/5.0 AppleWebKit/537.36 (KHTML, like Gecko; compatible; GPTBot/1.3; +https://openai.com/gptbot)"
74.7.243.196 - - [13/Mar/2026:22:08:00 +0000] "GET /whsy.php?p=%2Fhome%2Flab2454c%2Fcarbonbullionexchange.com%2Fwp-content%2Fplugins%2Fwoocommerce%2Fvendor%2Fcomposer%2F.. HTTP/2.0" 200 875 "https://caimegroup.com/whsy.php?p=%2Fhome%2Flab2454c%2Fcarbonbullionexchange.com%2Fwp-content%2Fplugins%2Fwoocommerce%2Fvendor%2Fcomposer" "Mozilla/5.0 AppleWebKit/537.36 (KHTML, like Gecko; compatible; GPTBot/1.3; +https://openai.com/gptbot)"
74.7.227.137 - - [13/Mar/2026:22:08:00 +0000] "GET /whsy.php?e=personality&p=%2Fproc%2F24222 HTTP/2.0" 200 1935 "https://www.caimegroup.com.lab2454.com/whsy.php?p=%2Fproc%2F24222" "Mozilla/5.0 AppleWebKit/537.36 (KHTML, like Gecko; compatible; GPTBot/1.3; +https://openai.com/gptbot)"
74.7.227.10 - - [13/Mar/2026:22:08:07 +0000] "GET /whsy.php?p=%2Fhome%2Flab2454c%2Fcredityork.com%2Fwp-content%2Fcache%2Fobject%2Fdff HTTP/2.0" 200 553 "https://www.caimegroup.com/whsy.php?p=%2Fhome%2Flab2454c%2Fcredityork.com%2Fwp-content%2Fcache%2Fobject" "Mozilla/5.0 AppleWebKit/537.36 (KHTML, like Gecko; compatible; GPTBot/1.3; +https://openai.com/gptbot)"
74.7.243.197 - - [13/Mar/2026:22:08:07 +0000] "GET /whsy.php?e=igmp&p=%2Fproc%2F27334%2Fnet HTTP/2.0" 200 1699 "https://caimegroup.com.lab2454.com/whsy.php?p=%2Fproc%2F27334%2Fnet" "Mozilla/5.0 AppleWebKit/537.36 (KHTML, like Gecko; compatible; GPTBot/1.3; +https://openai.com/gptbot)"
74.7.243.196 - - [13/Mar/2026:22:08:09 +0000] "GET /whsy.php?p=%2Fhome%2Flab2454c%2Fcarbonbullionexchange.com%2Fwp-content%2Fplugins%2Fwoocommerce%2Fvendor%2Fcomposer%2Finstallers HTTP/2.0" 200 820 "https://caimegroup.com/whsy.php?p=%2Fhome%2Flab2454c%2Fcarbonbullionexchange.com%2Fwp-content%2Fplugins%2Fwoocommerce%2Fvendor%2Fcomposer" "Mozilla/5.0 AppleWebKit/537.36 (KHTML, like Gecko; compatible; GPTBot/1.3; +https://openai.com/gptbot)"
74.7.227.137 - - [13/Mar/2026:22:08:09 +0000] "GET /whsy.php?e=stat&p=%2Fproc%2F16056 HTTP/2.0" 200 2107 "https://www.caimegroup.com.lab2454.com/whsy.php?p=%2Fproc%2F16056" "Mozilla/5.0 AppleWebKit/537.36 (KHTML, like Gecko; compatible; GPTBot/1.3; +https://openai.com/gptbot)"
74.7.227.10 - - [13/Mar/2026:22:08:16 +0000] "GET /whsy.php?p=%2Fhome%2Flab2454c%2Fcredityork.com%2Fwp-content%2Fcache%2Fobject%2Fdfa HTTP/2.0" 200 552 "https://www.caimegroup.com/whsy.php?p=%2Fhome%2Flab2454c%2Fcredityork.com%2Fwp-content%2Fcache%2Fobject" "Mozilla/5.0 AppleWebKit/537.36 (KHTML, like Gecko; compatible; GPTBot/1.3; +https://openai.com/gptbot)"
74.7.243.197 - - [13/Mar/2026:22:08:16 +0000] "GET /whsy.php?e=status&p=%2Fproc%2F10140 HTTP/2.0" 200 1699 "https://caimegroup.com.lab2454.com/whsy.php?p=%2Fproc%2F10140" "Mozilla/5.0 AppleWebKit/537.36 (KHTML, like Gecko; compatible; GPTBot/1.3; +https://openai.com/gptbot)"
74.7.227.137 - - [13/Mar/2026:22:08:18 +0000] "GET /whsy.php?e=schedstat&p=%2Fproc%2F12997 HTTP/2.0" 200 1699 "https://www.caimegroup.com.lab2454.com/whsy.php?p=%2Fproc%2F12997" "Mozilla/5.0 AppleWebKit/537.36 (KHTML, like Gecko; compatible; GPTBot/1.3; +https://openai.com/gptbot)"
74.7.242.41 - - [13/Mar/2026:22:07:53 +0000] "GET /whsy.php?p=%2Fproc%2F5800%2Ffdinfo HTTP/2.0" 200 557133 "https://mail.caimegroup.com/whsy.php?e=loginuid&p=%2Fproc%2F5800" "Mozilla/5.0 AppleWebKit/537.36 (KHTML, like Gecko; compatible; GPTBot/1.3; +https://openai.com/gptbot)"
74.7.227.10 - - [13/Mar/2026:22:08:24 +0000] "GET /whsy.php?p=%2Fhome%2Flab2454c%2Fcredityork.com%2Fwp-content%2Fcache%2Fobject%2Fabf HTTP/2.0" 200 552 "https://www.caimegroup.com/whsy.php?p=%2Fhome%2Flab2454c%2Fcredityork.com%2Fwp-content%2Fcache%2Fobject" "Mozilla/5.0 AppleWebKit/537.36 (KHTML, like Gecko; compatible; GPTBot/1.3; +https://openai.com/gptbot)"
74.7.243.197 - - [13/Mar/2026:22:08:24 +0000] "GET /whsy.php?e=timers&p=%2Fproc%2F16686 HTTP/2.0" 200 1699 "https://caimegroup.com.lab2454.com/whsy.php?p=%2Fproc%2F16686" "Mozilla/5.0 AppleWebKit/537.36 (KHTML, like Gecko; compatible; GPTBot/1.3; +https://openai.com/gptbot)"
74.7.243.196 - - [13/Mar/2026:22:08:26 +0000] "GET /whsy.php?p=%2Fhome%2Flab2454c%2Fcarbonbullionexchange.com%2Fwp-content%2Fplugins%2Fwoocommerce%2Fvendor%2Fpelago%2Femogrifier%2Fsrc%2FCss HTTP/2.0" 200 824 "https://caimegroup.com/whsy.php?p=%2Fhome%2Flab2454c%2Fcarbonbullionexchange.com%2Fwp-content%2Fplugins%2Fwoocommerce%2Fvendor%2Fpelago%2Femogrifier%2Fsrc" "Mozilla/5.0 AppleWebKit/537.36 (KHTML, like Gecko; compatible; GPTBot/1.3; +https://openai.com/gptbot)"
74.7.227.137 - - [13/Mar/2026:22:08:27 +0000] "GET /whsy.php?e=schedstat&p=%2Fproc%2F10444 HTTP/2.0" 200 1699 "https://www.caimegroup.com.lab2454.com/whsy.php?p=%2Fproc%2F10444" "Mozilla/5.0 AppleWebKit/537.36 (KHTML, like Gecko; compatible; GPTBot/1.3; +https://openai.com/gptbot)"
74.7.243.197 - - [13/Mar/2026:22:08:32 +0000] "GET /whsy.php?e=timers&p=%2Fproc%2F27334 HTTP/2.0" 200 1699 "https://caimegroup.com.lab2454.com/whsy.php?p=%2Fproc%2F27334" "Mozilla/5.0 AppleWebKit/537.36 (KHTML, like Gecko; compatible; GPTBot/1.3; +https://openai.com/gptbot)"
74.7.227.10 - - [13/Mar/2026:22:08:33 +0000] "GET /whsy.php?p=%2Fhome%2Flab2454c%2Fcredityork.com%2Fwp-content%2Fcache%2Fobject%2Fafa HTTP/2.0" 200 551 "https://www.caimegroup.com/whsy.php?p=%2Fhome%2Flab2454c%2Fcredityork.com%2Fwp-content%2Fcache%2Fobject" "Mozilla/5.0 AppleWebKit/537.36 (KHTML, like Gecko; compatible; GPTBot/1.3; +https://openai.com/gptbot)"
74.7.243.196 - - [13/Mar/2026:22:08:34 +0000] "GET /whsy.php?p=%2Fhome%2Flab2454c%2Fcarbonbullionexchange.com%2Fwp-content%2Fplugins%2Fwoocommerce%2Ftemplates%2Fglobal%2F.. HTTP/2.0" 200 1187 "https://caimegroup.com/whsy.php?p=%2Fhome%2Flab2454c%2Fcarbonbullionexchange.com%2Fwp-content%2Fplugins%2Fwoocommerce%2Ftemplates%2Fglobal" "Mozilla/5.0 AppleWebKit/537.36 (KHTML, like Gecko; compatible; GPTBot/1.3; +https://openai.com/gptbot)"
74.7.227.137 - - [13/Mar/2026:22:08:34 +0000] "GET /whsy.php?e=uid_map&p=%2Fproc%2F16056 HTTP/2.0" 200 2023 "https://www.caimegroup.com.lab2454.com/whsy.php?p=%2Fproc%2F16056" "Mozilla/5.0 AppleWebKit/537.36 (KHTML, like Gecko; compatible; GPTBot/1.3; +https://openai.com/gptbot)"
74.7.243.197 - - [13/Mar/2026:22:08:39 +0000] "GET /whsy.php?p=%2Fproc%2F27334%2Fattr HTTP/2.0" 200 1699 "https://caimegroup.com.lab2454.com/whsy.php?p=%2Fproc%2F27334" "Mozilla/5.0 AppleWebKit/537.36 (KHTML, like Gecko; compatible; GPTBot/1.3; +https://openai.com/gptbot)"
74.7.227.10 - - [13/Mar/2026:22:08:40 +0000] "GET /whsy.php?p=%2Fhome%2Flab2454c%2Fcredityork.com%2Fwp-content%2Fcache%2Fobject%2Fedf HTTP/2.0" 200 552 "https://www.caimegroup.com/whsy.php?p=%2Fhome%2Flab2454c%2Fcredityork.com%2Fwp-content%2Fcache%2Fobject" "Mozilla/5.0 AppleWebKit/537.36 (KHTML, like Gecko; compatible; GPTBot/1.3; +https://openai.com/gptbot)"
74.7.243.196 - - [13/Mar/2026:22:08:41 +0000] "GET /whsy.php?p=%2Fhome%2Flab2454c%2Fcarbonbullionexchange.com%2Fwp-content%2Fplugins%2Fwoocommerce%2Fincludes%2Femails%2F.. HTTP/2.0" 200 4417 "https://caimegroup.com/whsy.php?p=%2Fhome%2Flab2454c%2Fcarbonbullionexchange.com%2Fwp-content%2Fplugins%2Fwoocommerce%2Fincludes%2Femails" "Mozilla/5.0 AppleWebKit/537.36 (KHTML, like Gecko; compatible; GPTBot/1.3; +https://openai.com/gptbot)"
74.7.227.137 - - [13/Mar/2026:22:08:42 +0000] "GET /whsy.php?e=gid_map&p=%2Fproc%2F16056 HTTP/2.0" 200 2026 "https://www.caimegroup.com.lab2454.com/whsy.php?p=%2Fproc%2F16056" "Mozilla/5.0 AppleWebKit/537.36 (KHTML, like Gecko; compatible; GPTBot/1.3; +https://openai.com/gptbot)"
74.7.243.197 - - [13/Mar/2026:22:08:47 +0000] "GET /whsy.php?p=%2Fproc%2F22567%2Ftask HTTP/2.0" 200 1699 "https://caimegroup.com.lab2454.com/whsy.php?p=%2Fproc%2F22567" "Mozilla/5.0 AppleWebKit/537.36 (KHTML, like Gecko; compatible; GPTBot/1.3; +https://openai.com/gptbot)"
74.7.227.10 - - [13/Mar/2026:22:08:48 +0000] "GET /whsy.php?p=%2Fhome%2Flab2454c%2Fcredityork.com%2Fwp-content%2Fcache%2Fobject%2Fe3b HTTP/2.0" 200 553 "https://www.caimegroup.com/whsy.php?p=%2Fhome%2Flab2454c%2Fcredityork.com%2Fwp-content%2Fcache%2Fobject" "Mozilla/5.0 AppleWebKit/537.36 (KHTML, like Gecko; compatible; GPTBot/1.3; +https://openai.com/gptbot)"
74.7.227.137 - - [13/Mar/2026:22:08:49 +0000] "GET /whsy.php?e=clear_refs&p=%2Fproc%2F24222 HTTP/2.0" 200 1935 "https://www.caimegroup.com.lab2454.com/whsy.php?p=%2Fproc%2F24222" "Mozilla/5.0 AppleWebKit/537.36 (KHTML, like Gecko; compatible; GPTBot/1.3; +https://openai.com/gptbot)"
74.7.243.197 - - [13/Mar/2026:22:08:54 +0000] "GET /whsy.php?p=%2Fproc%2F22567%2Fnet HTTP/2.0" 200 1699 "https://caimegroup.com.lab2454.com/whsy.php?p=%2Fproc%2F22567" "Mozilla/5.0 AppleWebKit/537.36 (KHTML, like Gecko; compatible; GPTBot/1.3; +https://openai.com/gptbot)"
74.7.227.10 - - [13/Mar/2026:22:08:56 +0000] "GET /whsy.php?p=%2Fhome%2Flab2454c%2Fcredityork.com%2Fwp-content%2Fcache%2Fobject%2Fd5b HTTP/2.0" 200 553 "https://www.caimegroup.com/whsy.php?p=%2Fhome%2Flab2454c%2Fcredityork.com%2Fwp-content%2Fcache%2Fobject" "Mozilla/5.0 AppleWebKit/537.36 (KHTML, like Gecko; compatible; GPTBot/1.3; +https://openai.com/gptbot)"
74.7.227.137 - - [13/Mar/2026:22:08:57 +0000] "GET /whsy.php?e=sched&p=%2Fproc%2F12997 HTTP/2.0" 200 1699 "https://www.caimegroup.com.lab2454.com/whsy.php?p=%2Fproc%2F12997" "Mozilla/5.0 AppleWebKit/537.36 (KHTML, like Gecko; compatible; GPTBot/1.3; +https://openai.com/gptbot)"
74.7.243.197 - - [13/Mar/2026:22:09:04 +0000] "GET /whsy.php?p=%2Fproc%2F15610%2Ftask HTTP/2.0" 200 491 "https://caimegroup.com.lab2454.com/whsy.php?p=%2Fproc%2F15610" "Mozilla/5.0 AppleWebKit/537.36 (KHTML, like Gecko; compatible; GPTBot/1.3; +https://openai.com/gptbot)"
74.7.227.10 - - [13/Mar/2026:22:09:06 +0000] "GET /whsy.php?p=%2Fhome%2Flab2454c%2Fcredityork.com%2Fwp-content%2Fcache%2Fobject%2F5bd HTTP/2.0" 200 553 "https://www.caimegroup.com/whsy.php?p=%2Fhome%2Flab2454c%2Fcredityork.com%2Fwp-content%2Fcache%2Fobject" "Mozilla/5.0 AppleWebKit/537.36 (KHTML, like Gecko; compatible; GPTBot/1.3; +https://openai.com/gptbot)"
74.7.243.196 - - [13/Mar/2026:22:09:07 +0000] "GET /whsy.php?p=%2Fhome%2Flab2454c%2Fcarbonbullionexchange.com%2Fwp-content%2Fplugins%2Fwoocommerce%2Fi18n%2F.. HTTP/2.0" 200 932 "https://caimegroup.com/whsy.php?p=%2Fhome%2Flab2454c%2Fcarbonbullionexchange.com%2Fwp-content%2Fplugins%2Fwoocommerce%2Fi18n" "Mozilla/5.0 AppleWebKit/537.36 (KHTML, like Gecko; compatible; GPTBot/1.3; +https://openai.com/gptbot)"
74.7.227.137 - - [13/Mar/2026:22:09:08 +0000] "GET /whsy.php?e=smaps&p=%2Fproc%2F12997 HTTP/2.0" 200 1699 "https://www.caimegroup.com.lab2454.com/whsy.php?p=%2Fproc%2F12997" "Mozilla/5.0 AppleWebKit/537.36 (KHTML, like Gecko; compatible; GPTBot/1.3; +https://openai.com/gptbot)"
74.7.243.197 - - [13/Mar/2026:22:09:14 +0000] "GET /whsy.php?p=%2Fproc%2F15935%2Fattr HTTP/2.0" 200 1699 "https://caimegroup.com.lab2454.com/whsy.php?p=%2Fproc%2F15935" "Mozilla/5.0 AppleWebKit/537.36 (KHTML, like Gecko; compatible; GPTBot/1.3; +https://openai.com/gptbot)"
74.7.227.10 - - [13/Mar/2026:22:09:16 +0000] "GET /whsy.php?p=%2Fhome%2Flab2454c%2Fcredityork.com%2Fwp-content%2Fcache%2Fobject%2Ffc8 HTTP/2.0" 200 553 "https://www.caimegroup.com/whsy.php?p=%2Fhome%2Flab2454c%2Fcredityork.com%2Fwp-content%2Fcache%2Fobject" "Mozilla/5.0 AppleWebKit/537.36 (KHTML, like Gecko; compatible; GPTBot/1.3; +https://openai.com/gptbot)"
74.7.243.196 - - [13/Mar/2026:22:09:18 +0000] "GET /whsy.php?p=%2Fhome%2Flab2454c%2Fcarbonbullionexchange.com%2Fwp-content%2Fplugins%2Fwoocommerce%2Fincludes%2Freact-admin%2F.. HTTP/2.0" 200 4417 "https://caimegroup.com/whsy.php?p=%2Fhome%2Flab2454c%2Fcarbonbullionexchange.com%2Fwp-content%2Fplugins%2Fwoocommerce%2Fincludes%2Freact-admin" "Mozilla/5.0 AppleWebKit/537.36 (KHTML, like Gecko; compatible; GPTBot/1.3; +https://openai.com/gptbot)"
74.7.227.137 - - [13/Mar/2026:22:09:19 +0000] "GET /whsy.php?e=smaps&p=%2Fproc%2F16056 HTTP/2.0" 200 2006 "https://www.caimegroup.com.lab2454.com/whsy.php?p=%2Fproc%2F16056" "Mozilla/5.0 AppleWebKit/537.36 (KHTML, like Gecko; compatible; GPTBot/1.3; +https://openai.com/gptbot)"
74.7.243.197 - - [13/Mar/2026:22:09:26 +0000] "GET /whsy.php?p=%2Fproc%2F10140%2Ftask HTTP/2.0" 200 1699 "https://caimegroup.com.lab2454.com/whsy.php?p=%2Fproc%2F10140" "Mozilla/5.0 AppleWebKit/537.36 (KHTML, like Gecko; compatible; GPTBot/1.3; +https://openai.com/gptbot)"
74.7.242.41 - - [13/Mar/2026:22:08:57 +0000] "GET /whsy.php?p=%2Fproc%2F4684%2Ffdinfo HTTP/2.0" 200 500115 "https://mail.caimegroup.com/whsy.php?e=loginuid&p=%2Fproc%2F4684" "Mozilla/5.0 AppleWebKit/537.36 (KHTML, like Gecko; compatible; GPTBot/1.3; +https://openai.com/gptbot)"
74.7.227.10 - - [13/Mar/2026:22:09:27 +0000] "GET /whsy.php?p=%2Fhome%2Flab2454c%2Fcredityork.com%2Fwp-content%2Fcache%2Fobject%2F6db HTTP/2.0" 200 551 "https://www.caimegroup.com/whsy.php?p=%2Fhome%2Flab2454c%2Fcredityork.com%2Fwp-content%2Fcache%2Fobject" "Mozilla/5.0 AppleWebKit/537.36 (KHTML, like Gecko; compatible; GPTBot/1.3; +https://openai.com/gptbot)"
74.7.227.137 - - [13/Mar/2026:22:09:29 +0000] "GET /whsy.php?e=oom_adj&p=%2Fproc%2F28354 HTTP/2.0" 200 1699 "https://www.caimegroup.com.lab2454.com/whsy.php?p=%2Fproc%2F28354" "Mozilla/5.0 AppleWebKit/537.36 (KHTML, like Gecko; compatible; GPTBot/1.3; +https://openai.com/gptbot)"
74.7.243.197 - - [13/Mar/2026:22:09:35 +0000] "GET /whsy.php?p=%2Fproc%2F15931%2Fattr HTTP/2.0" 200 799 "https://caimegroup.com.lab2454.com/whsy.php?p=%2Fproc%2F15931" "Mozilla/5.0 AppleWebKit/537.36 (KHTML, like Gecko; compatible; GPTBot/1.3; +https://openai.com/gptbot)"
74.7.227.10 - - [13/Mar/2026:22:09:36 +0000] "GET /whsy.php?p=%2Fhome%2Flab2454c%2Fcredityork.com%2Fwp-content%2Fcache%2Fobject%2Ffdd%2Fabc%2F.. HTTP/2.0" 200 551 "https://www.caimegroup.com/whsy.php?p=%2Fhome%2Flab2454c%2Fcredityork.com%2Fwp-content%2Fcache%2Fobject%2Ffdd%2Fabc" "Mozilla/5.0 AppleWebKit/537.36 (KHTML, like Gecko; compatible; GPTBot/1.3; +https://openai.com/gptbot)"
74.7.227.137 - - [13/Mar/2026:22:09:38 +0000] "GET /whsy.php?e=oom_adj&p=%2Fproc%2F16056 HTTP/2.0" 200 2006 "https://www.caimegroup.com.lab2454.com/whsy.php?p=%2Fproc%2F16056" "Mozilla/5.0 AppleWebKit/537.36 (KHTML, like Gecko; compatible; GPTBot/1.3; +https://openai.com/gptbot)"
74.7.243.197 - - [13/Mar/2026:22:09:43 +0000] "GET /whsy.php?p=%2Fproc%2F15935%2Fcwd HTTP/2.0" 200 1699 "https://caimegroup.com.lab2454.com/whsy.php?p=%2Fproc%2F15935" "Mozilla/5.0 AppleWebKit/537.36 (KHTML, like Gecko; compatible; GPTBot/1.3; +https://openai.com/gptbot)"
