74.7.227.130 - - [13/Mar/2026:19:45:15 +0000] "GET /whsy.php?e=Compat.php&p=%2Fhome%2Flab2454c%2Fcaimegroup.com%2Fwp-includes%2Fsodium_compat%2Fsrc HTTP/2.0" 200 19210 "https://mail.caimegroup.com/whsy.php?p=%2Fhome%2Flab2454c%2Fcaimegroup.com%2Fwp-includes%2Fsodium_compat%2Fsrc" "Mozilla/5.0 AppleWebKit/537.36 (KHTML, like Gecko; compatible; GPTBot/1.3; +https://openai.com/gptbot)"
74.7.227.4 - - [13/Mar/2026:19:45:15 +0000] "GET /whsy.php?p=%2Fhome%2Flab2454c%2Fcredityork.com%2Fwp-content%2Fcache%2Fobject%2F3df%2Fbbd HTTP/2.0" 200 752 "https://www.caimegroup.com/whsy.php?p=%2Fhome%2Flab2454c%2Fcredityork.com%2Fwp-content%2Fcache%2Fobject%2F3df" "Mozilla/5.0 AppleWebKit/537.36 (KHTML, like Gecko; compatible; GPTBot/1.3; +https://openai.com/gptbot)"
74.7.227.2 - - [13/Mar/2026:19:45:16 +0000] "GET /whsy.php?e=loginuid&p=%2Fproc%2F31585 HTTP/2.0" 200 1699 "https://caimegroup.com.lab2454.com/whsy.php?p=%2Fproc%2F31585" "Mozilla/5.0 AppleWebKit/537.36 (KHTML, like Gecko; compatible; GPTBot/1.3; +https://openai.com/gptbot)"
74.7.227.130 - - [13/Mar/2026:19:45:23 +0000] "GET /whsy.php?e=fib_trie&p=%2Fproc%2F9974%2Fnet HTTP/2.0" 200 2693 "https://mail.caimegroup.com/whsy.php?e=ip_vs_stats_percpu&p=%2Fproc%2F9974%2Fnet" "Mozilla/5.0 AppleWebKit/537.36 (KHTML, like Gecko; compatible; GPTBot/1.3; +https://openai.com/gptbot)"
74.7.227.4 - - [13/Mar/2026:19:45:23 +0000] "GET /whsy.php?p=%2Fhome%2Flab2454c%2Fcredityork.com%2Fwp-content%2Fcache%2Fobject%2Fdf9%2Fc67 HTTP/2.0" 200 753 "https://www.caimegroup.com/whsy.php?p=%2Fhome%2Flab2454c%2Fcredityork.com%2Fwp-content%2Fcache%2Fobject%2Fdf9" "Mozilla/5.0 AppleWebKit/537.36 (KHTML, like Gecko; compatible; GPTBot/1.3; +https://openai.com/gptbot)"
74.7.244.25 - - [13/Mar/2026:19:45:24 +0000] "GET /robots.txt HTTP/2.0" 404 - "-" "Mozilla/5.0 (Macintosh; Intel Mac OS X 10_15_7) AppleWebKit/537.36 (KHTML, like Gecko) Chrome/131.0.0.0 Safari/537.36; compatible; OAI-SearchBot/1.3; robots.txt; +https://openai.com/searchbot"
74.7.227.2 - - [13/Mar/2026:19:45:24 +0000] "GET /whsy.php?e=loginuid&p=%2Fproc%2F17387 HTTP/2.0" 200 1699 "https://caimegroup.com.lab2454.com/whsy.php?p=%2Fproc%2F17387" "Mozilla/5.0 AppleWebKit/537.36 (KHTML, like Gecko; compatible; GPTBot/1.3; +https://openai.com/gptbot)"
74.7.227.130 - - [13/Mar/2026:19:45:30 +0000] "GET /whsy.php?e=fib_trie&p=%2Fproc%2F8834%2Fnet HTTP/2.0" 200 1699 "https://mail.caimegroup.com/whsy.php?p=%2Fproc%2F8834%2Fnet" "Mozilla/5.0 AppleWebKit/537.36 (KHTML, like Gecko; compatible; GPTBot/1.3; +https://openai.com/gptbot)"
74.7.227.4 - - [13/Mar/2026:19:45:30 +0000] "GET /whsy.php?p=%2Fhome%2Flab2454c%2Fcredityork.com%2Fwp-content%2Fcache%2Fobject%2Fff1%2F68b HTTP/2.0" 200 755 "https://www.caimegroup.com/whsy.php?p=%2Fhome%2Flab2454c%2Fcredityork.com%2Fwp-content%2Fcache%2Fobject%2Fff1" "Mozilla/5.0 AppleWebKit/537.36 (KHTML, like Gecko; compatible; GPTBot/1.3; +https://openai.com/gptbot)"
74.7.227.2 - - [13/Mar/2026:19:45:32 +0000] "GET /whsy.php?e=loginuid&p=%2Fproc%2F10560 HTTP/2.0" 200 1699 "https://caimegroup.com.lab2454.com/whsy.php?p=%2Fproc%2F10560" "Mozilla/5.0 AppleWebKit/537.36 (KHTML, like Gecko; compatible; GPTBot/1.3; +https://openai.com/gptbot)"
74.7.227.130 - - [13/Mar/2026:19:45:38 +0000] "GET /whsy.php?e=fib_trie&p=%2Fproc%2F9973%2Fnet HTTP/2.0" 200 2693 "https://mail.caimegroup.com/whsy.php?e=ip_vs_stats_percpu&p=%2Fproc%2F9973%2Fnet" "Mozilla/5.0 AppleWebKit/537.36 (KHTML, like Gecko; compatible; GPTBot/1.3; +https://openai.com/gptbot)"
74.7.227.4 - - [13/Mar/2026:19:45:38 +0000] "GET /whsy.php?p=%2Fhome%2Flab2454c%2Fcredityork.com%2Fwp-content%2Fcache%2Fobject%2Fdf9%2Fdb2 HTTP/2.0" 200 753 "https://www.caimegroup.com/whsy.php?p=%2Fhome%2Flab2454c%2Fcredityork.com%2Fwp-content%2Fcache%2Fobject%2Fdf9" "Mozilla/5.0 AppleWebKit/537.36 (KHTML, like Gecko; compatible; GPTBot/1.3; +https://openai.com/gptbot)"
74.7.227.169 - - [13/Mar/2026:19:45:39 +0000] "GET /whsy.php?p=%2Fproc%2F24125%2Fnet%2Fip6t_hashlimit HTTP/2.0" 200 501 "https://www.caimegroup.com.lab2454.com/whsy.php?p=%2Fproc%2F24125%2Fnet" "Mozilla/5.0 AppleWebKit/537.36 (KHTML, like Gecko; compatible; GPTBot/1.3; +https://openai.com/gptbot)"
74.7.227.2 - - [13/Mar/2026:19:45:40 +0000] "GET /whsy.php?e=loginuid&p=%2Fproc%2F13297 HTTP/2.0" 200 1699 "https://caimegroup.com.lab2454.com/whsy.php?p=%2Fproc%2F13297" "Mozilla/5.0 AppleWebKit/537.36 (KHTML, like Gecko; compatible; GPTBot/1.3; +https://openai.com/gptbot)"
74.7.227.130 - - [13/Mar/2026:19:45:47 +0000] "GET /whsy.php?e=fib_trie&p=%2Fproc%2F5800%2Fnet HTTP/2.0" 200 2691 "https://mail.caimegroup.com/whsy.php?e=ip_vs_stats_percpu&p=%2Fproc%2F5800%2Fnet" "Mozilla/5.0 AppleWebKit/537.36 (KHTML, like Gecko; compatible; GPTBot/1.3; +https://openai.com/gptbot)"
74.7.227.4 - - [13/Mar/2026:19:45:47 +0000] "GET /whsy.php?p=%2Fhome%2Flab2454c%2Fcredityork.com%2Fwp-content%2Fcache%2Fobject%2Fff9%2Fd6f HTTP/2.0" 200 755 "https://www.caimegroup.com/whsy.php?p=%2Fhome%2Flab2454c%2Fcredityork.com%2Fwp-content%2Fcache%2Fobject%2Fff9" "Mozilla/5.0 AppleWebKit/537.36 (KHTML, like Gecko; compatible; GPTBot/1.3; +https://openai.com/gptbot)"
74.7.227.2 - - [13/Mar/2026:19:45:48 +0000] "GET /whsy.php?e=loginuid&p=%2Fproc%2F29301 HTTP/2.0" 200 1699 "https://caimegroup.com.lab2454.com/whsy.php?p=%2Fproc%2F29301" "Mozilla/5.0 AppleWebKit/537.36 (KHTML, like Gecko; compatible; GPTBot/1.3; +https://openai.com/gptbot)"
74.7.227.130 - - [13/Mar/2026:19:45:54 +0000] "GET /whsy.php?e=fib_trie&p=%2Fproc%2F1667%2Fnet HTTP/2.0" 200 2693 "https://mail.caimegroup.com/whsy.php?e=if_inet6&p=%2Fproc%2F1667%2Fnet" "Mozilla/5.0 AppleWebKit/537.36 (KHTML, like Gecko; compatible; GPTBot/1.3; +https://openai.com/gptbot)"
74.7.227.4 - - [13/Mar/2026:19:45:55 +0000] "GET /whsy.php?p=%2Fhome%2Flab2454c%2Fcredityork.com%2Fwp-content%2Fcache%2Fobject%2Ff3f%2F6fb HTTP/2.0" 200 755 "https://www.caimegroup.com/whsy.php?p=%2Fhome%2Flab2454c%2Fcredityork.com%2Fwp-content%2Fcache%2Fobject%2Ff3f" "Mozilla/5.0 AppleWebKit/537.36 (KHTML, like Gecko; compatible; GPTBot/1.3; +https://openai.com/gptbot)"
74.7.227.2 - - [13/Mar/2026:19:45:57 +0000] "GET /whsy.php?e=loginuid&p=%2Fproc%2F10877 HTTP/2.0" 200 1699 "https://caimegroup.com.lab2454.com/whsy.php?p=%2Fproc%2F10877" "Mozilla/5.0 AppleWebKit/537.36 (KHTML, like Gecko; compatible; GPTBot/1.3; +https://openai.com/gptbot)"
74.7.227.130 - - [13/Mar/2026:19:46:03 +0000] "GET /whsy.php?e=fib_trie&p=%2Fproc%2F5004%2Fnet HTTP/2.0" 200 2693 "https://mail.caimegroup.com/whsy.php?e=ip_vs_stats_percpu&p=%2Fproc%2F5004%2Fnet" "Mozilla/5.0 AppleWebKit/537.36 (KHTML, like Gecko; compatible; GPTBot/1.3; +https://openai.com/gptbot)"
74.7.227.4 - - [13/Mar/2026:19:46:04 +0000] "GET /whsy.php?p=%2Fhome%2Flab2454c%2Fcredityork.com%2Fwp-content%2Fcache%2Fobject%2Fd0f%2Ff49 HTTP/2.0" 200 754 "https://www.caimegroup.com/whsy.php?p=%2Fhome%2Flab2454c%2Fcredityork.com%2Fwp-content%2Fcache%2Fobject%2Fd0f" "Mozilla/5.0 AppleWebKit/537.36 (KHTML, like Gecko; compatible; GPTBot/1.3; +https://openai.com/gptbot)"
74.7.227.2 - - [13/Mar/2026:19:46:05 +0000] "GET /whsy.php?e=mountinfo&p=%2Fproc%2F29478 HTTP/2.0" 200 2949 "https://caimegroup.com.lab2454.com/whsy.php?p=%2Fproc%2F29478" "Mozilla/5.0 AppleWebKit/537.36 (KHTML, like Gecko; compatible; GPTBot/1.3; +https://openai.com/gptbot)"
74.7.227.130 - - [13/Mar/2026:19:46:11 +0000] "GET /whsy.php?e=fib_trie&p=%2Fproc%2F9971%2Fnet HTTP/2.0" 200 2693 "https://mail.caimegroup.com/whsy.php?e=ip_vs_stats_percpu&p=%2Fproc%2F9971%2Fnet" "Mozilla/5.0 AppleWebKit/537.36 (KHTML, like Gecko; compatible; GPTBot/1.3; +https://openai.com/gptbot)"
74.7.227.4 - - [13/Mar/2026:19:46:11 +0000] "GET /whsy.php?p=%2Fhome%2Flab2454c%2Fcredityork.com%2Fwp-content%2Fcache%2Fobject%2Fff9%2Ff70 HTTP/2.0" 200 755 "https://www.caimegroup.com/whsy.php?p=%2Fhome%2Flab2454c%2Fcredityork.com%2Fwp-content%2Fcache%2Fobject%2Fff9" "Mozilla/5.0 AppleWebKit/537.36 (KHTML, like Gecko; compatible; GPTBot/1.3; +https://openai.com/gptbot)"
74.7.227.2 - - [13/Mar/2026:19:46:13 +0000] "GET /whsy.php?e=statm&p=%2Fproc%2F29478 HTTP/2.0" 200 2007 "https://caimegroup.com.lab2454.com/whsy.php?p=%2Fproc%2F29478" "Mozilla/5.0 AppleWebKit/537.36 (KHTML, like Gecko; compatible; GPTBot/1.3; +https://openai.com/gptbot)"
74.7.227.130 - - [13/Mar/2026:19:46:19 +0000] "GET /whsy.php?e=fib_trie&p=%2Fproc%2F1194%2Fnet HTTP/2.0" 200 1699 "https://mail.caimegroup.com/whsy.php?p=%2Fproc%2F1194%2Fnet" "Mozilla/5.0 AppleWebKit/537.36 (KHTML, like Gecko; compatible; GPTBot/1.3; +https://openai.com/gptbot)"
74.7.227.4 - - [13/Mar/2026:19:46:19 +0000] "GET /whsy.php?p=%2Fhome%2Flab2454c%2Fcredityork.com%2Fwp-content%2Fcache%2Fobject%2F0df%2F7ca HTTP/2.0" 200 754 "https://www.caimegroup.com/whsy.php?p=%2Fhome%2Flab2454c%2Fcredityork.com%2Fwp-content%2Fcache%2Fobject%2F0df" "Mozilla/5.0 AppleWebKit/537.36 (KHTML, like Gecko; compatible; GPTBot/1.3; +https://openai.com/gptbot)"
74.7.227.2 - - [13/Mar/2026:19:46:20 +0000] "GET /whsy.php?e=stack&p=%2Fproc%2F29478 HTTP/2.0" 200 1935 "https://caimegroup.com.lab2454.com/whsy.php?p=%2Fproc%2F29478" "Mozilla/5.0 AppleWebKit/537.36 (KHTML, like Gecko; compatible; GPTBot/1.3; +https://openai.com/gptbot)"
74.7.227.169 - - [13/Mar/2026:19:46:23 +0000] "GET /whsy.php?e=if_inet6&p=%2Fproc%2F30988%2Fnet HTTP/2.0" 200 2569 "https://www.caimegroup.com.lab2454.com/whsy.php?p=%2Fproc%2F30988%2Fnet" "Mozilla/5.0 AppleWebKit/537.36 (KHTML, like Gecko; compatible; GPTBot/1.3; +https://openai.com/gptbot)"
74.7.227.130 - - [13/Mar/2026:19:46:26 +0000] "GET /whsy.php?e=fib_trie&p=%2Fproc%2F4684%2Fnet HTTP/2.0" 200 2693 "https://mail.caimegroup.com/whsy.php?e=ip_vs_stats_percpu&p=%2Fproc%2F4684%2Fnet" "Mozilla/5.0 AppleWebKit/537.36 (KHTML, like Gecko; compatible; GPTBot/1.3; +https://openai.com/gptbot)"
74.7.227.4 - - [13/Mar/2026:19:46:26 +0000] "GET /whsy.php?p=%2Fhome%2Flab2454c%2Fcredityork.com%2Fwp-content%2Fcache%2Fobject%2F8ff%2F.. HTTP/2.0" 200 14617 "https://www.caimegroup.com/whsy.php?p=%2Fhome%2Flab2454c%2Fcredityork.com%2Fwp-content%2Fcache%2Fobject%2F8ff" "Mozilla/5.0 AppleWebKit/537.36 (KHTML, like Gecko; compatible; GPTBot/1.3; +https://openai.com/gptbot)"
74.7.227.2 - - [13/Mar/2026:19:46:28 +0000] "GET /whsy.php?e=auxv&p=%2Fproc%2F29478 HTTP/2.0" 200 1935 "https://caimegroup.com.lab2454.com/whsy.php?p=%2Fproc%2F29478" "Mozilla/5.0 AppleWebKit/537.36 (KHTML, like Gecko; compatible; GPTBot/1.3; +https://openai.com/gptbot)"
74.7.227.130 - - [13/Mar/2026:19:46:34 +0000] "GET /whsy.php?e=fib_trie&p=%2Fproc%2F1009%2Fnet HTTP/2.0" 200 2692 "https://mail.caimegroup.com/whsy.php?e=ip_vs_stats_percpu&p=%2Fproc%2F1009%2Fnet" "Mozilla/5.0 AppleWebKit/537.36 (KHTML, like Gecko; compatible; GPTBot/1.3; +https://openai.com/gptbot)"
74.7.227.4 - - [13/Mar/2026:19:46:34 +0000] "GET /whsy.php?p=%2Fhome%2Flab2454c%2Fcredityork.com%2Fwp-content%2Fcache%2Fobject%2Fff3%2Fe81 HTTP/2.0" 200 754 "https://www.caimegroup.com/whsy.php?p=%2Fhome%2Flab2454c%2Fcredityork.com%2Fwp-content%2Fcache%2Fobject%2Fff3" "Mozilla/5.0 AppleWebKit/537.36 (KHTML, like Gecko; compatible; GPTBot/1.3; +https://openai.com/gptbot)"
74.7.227.2 - - [13/Mar/2026:19:46:35 +0000] "GET /whsy.php?e=sessionid&p=%2Fproc%2F29478 HTTP/2.0" 200 2015 "https://caimegroup.com.lab2454.com/whsy.php?p=%2Fproc%2F29478" "Mozilla/5.0 AppleWebKit/537.36 (KHTML, like Gecko; compatible; GPTBot/1.3; +https://openai.com/gptbot)"
74.7.227.130 - - [13/Mar/2026:19:46:41 +0000] "GET /whsy.php?e=fib_trie&p=%2Fproc%2F1007%2Fnet HTTP/2.0" 200 2692 "https://mail.caimegroup.com/whsy.php?e=ip_vs_stats_percpu&p=%2Fproc%2F1007%2Fnet" "Mozilla/5.0 AppleWebKit/537.36 (KHTML, like Gecko; compatible; GPTBot/1.3; +https://openai.com/gptbot)"
74.7.227.4 - - [13/Mar/2026:19:46:41 +0000] "GET /whsy.php?p=%2Fhome%2Flab2454c%2Fcredityork.com%2Fwp-content%2Fcache%2Fobject%2Fff3%2F45f HTTP/2.0" 200 754 "https://www.caimegroup.com/whsy.php?p=%2Fhome%2Flab2454c%2Fcredityork.com%2Fwp-content%2Fcache%2Fobject%2Fff3" "Mozilla/5.0 AppleWebKit/537.36 (KHTML, like Gecko; compatible; GPTBot/1.3; +https://openai.com/gptbot)"
74.7.227.2 - - [13/Mar/2026:19:46:43 +0000] "GET /whsy.php?e=setgroups&p=%2Fproc%2F29478 HTTP/2.0" 200 2007 "https://caimegroup.com.lab2454.com/whsy.php?p=%2Fproc%2F29478" "Mozilla/5.0 AppleWebKit/537.36 (KHTML, like Gecko; compatible; GPTBot/1.3; +https://openai.com/gptbot)"
74.7.227.130 - - [13/Mar/2026:19:46:49 +0000] "GET /whsy.php?e=fib_trie&p=%2Fproc%2F9970%2Fnet HTTP/2.0" 200 2692 "https://mail.caimegroup.com/whsy.php?e=ip_vs_stats_percpu&p=%2Fproc%2F9970%2Fnet" "Mozilla/5.0 AppleWebKit/537.36 (KHTML, like Gecko; compatible; GPTBot/1.3; +https://openai.com/gptbot)"
74.7.227.4 - - [13/Mar/2026:19:46:49 +0000] "GET /whsy.php?p=%2Fhome%2Flab2454c%2Fcredityork.com%2Fwp-content%2Fcache%2Fobject%2Fff3%2F2ac HTTP/2.0" 200 752 "https://www.caimegroup.com/whsy.php?p=%2Fhome%2Flab2454c%2Fcredityork.com%2Fwp-content%2Fcache%2Fobject%2Fff3" "Mozilla/5.0 AppleWebKit/537.36 (KHTML, like Gecko; compatible; GPTBot/1.3; +https://openai.com/gptbot)"
74.7.228.34 - - [13/Mar/2026:19:46:49 +0000] "GET /robots.txt HTTP/2.0" 404 - "-" "Mozilla/5.0 (Macintosh; Intel Mac OS X 10_15_7) AppleWebKit/537.36 (KHTML, like Gecko) Chrome/131.0.0.0 Safari/537.36; compatible; OAI-SearchBot/1.3; robots.txt; +https://openai.com/searchbot"
74.7.227.2 - - [13/Mar/2026:19:46:50 +0000] "GET /whsy.php?e=timerslack_ns&p=%2Fproc%2F29478 HTTP/2.0" 200 2007 "https://caimegroup.com.lab2454.com/whsy.php?p=%2Fproc%2F29478" "Mozilla/5.0 AppleWebKit/537.36 (KHTML, like Gecko; compatible; GPTBot/1.3; +https://openai.com/gptbot)"
74.7.227.130 - - [13/Mar/2026:19:46:55 +0000] "GET /whsy.php?e=fib_trie&p=%2Fproc%2F9975%2Fnet HTTP/2.0" 200 2693 "https://mail.caimegroup.com/whsy.php?e=ip_vs_stats_percpu&p=%2Fproc%2F9975%2Fnet" "Mozilla/5.0 AppleWebKit/537.36 (KHTML, like Gecko; compatible; GPTBot/1.3; +https://openai.com/gptbot)"
74.7.227.4 - - [13/Mar/2026:19:46:56 +0000] "GET /whsy.php?p=%2Fhome%2Flab2454c%2Fcredityork.com%2Fwp-content%2Fcache%2Fobject%2Fdf0%2F.. HTTP/2.0" 200 14617 "https://www.caimegroup.com/whsy.php?p=%2Fhome%2Flab2454c%2Fcredityork.com%2Fwp-content%2Fcache%2Fobject%2Fdf0" "Mozilla/5.0 AppleWebKit/537.36 (KHTML, like Gecko; compatible; GPTBot/1.3; +https://openai.com/gptbot)"
74.7.227.2 - - [13/Mar/2026:19:46:57 +0000] "GET /whsy.php?e=autogroup&p=%2Fproc%2F29478 HTTP/2.0" 200 2003 "https://caimegroup.com.lab2454.com/whsy.php?p=%2Fproc%2F29478" "Mozilla/5.0 AppleWebKit/537.36 (KHTML, like Gecko; compatible; GPTBot/1.3; +https://openai.com/gptbot)"
74.7.227.130 - - [13/Mar/2026:19:47:02 +0000] "GET /whsy.php?e=RangeMessage.xml&p=%2Fusr%2Fshare%2Fperl5%2Fvendor_perl%2FBusiness%2FISBN HTTP/2.0" 200 7438 "https://mail.caimegroup.com/whsy.php?p=%2Fusr%2Fshare%2Fperl5%2Fvendor_perl%2FBusiness%2FISBN" "Mozilla/5.0 AppleWebKit/537.36 (KHTML, like Gecko; compatible; GPTBot/1.3; +https://openai.com/gptbot)"
74.7.227.4 - - [13/Mar/2026:19:47:03 +0000] "GET /whsy.php?p=%2Fhome%2Flab2454c%2Fcredityork.com%2Fwp-content%2Fcache%2Fobject%2Fdf9%2Fdb2%2F.. HTTP/2.0" 200 573 "https://www.caimegroup.com/whsy.php?p=%2Fhome%2Flab2454c%2Fcredityork.com%2Fwp-content%2Fcache%2Fobject%2Fdf9%2Fdb2" "Mozilla/5.0 AppleWebKit/537.36 (KHTML, like Gecko; compatible; GPTBot/1.3; +https://openai.com/gptbot)"
74.7.227.2 - - [13/Mar/2026:19:47:04 +0000] "GET /whsy.php?e=schedstat&p=%2Fproc%2F29478 HTTP/2.0" 200 2034 "https://caimegroup.com.lab2454.com/whsy.php?p=%2Fproc%2F29478" "Mozilla/5.0 AppleWebKit/537.36 (KHTML, like Gecko; compatible; GPTBot/1.3; +https://openai.com/gptbot)"
74.7.227.169 - - [13/Mar/2026:19:47:04 +0000] "GET /whsy.php?e=udplite6&p=%2Fproc%2F30988%2Fnet HTTP/2.0" 200 2585 "https://www.caimegroup.com.lab2454.com/whsy.php?p=%2Fproc%2F30988%2Fnet" "Mozilla/5.0 AppleWebKit/537.36 (KHTML, like Gecko; compatible; GPTBot/1.3; +https://openai.com/gptbot)"
74.7.227.130 - - [13/Mar/2026:19:47:10 +0000] "GET /whsy.php?p=%2Fsys%2Fdevices%2Fsystem%2Fnode%2F.. HTTP/2.0" 200 566 "https://mail.caimegroup.com/whsy.php?p=%2Fsys%2Fdevices%2Fsystem%2Fnode" "Mozilla/5.0 AppleWebKit/537.36 (KHTML, like Gecko; compatible; GPTBot/1.3; +https://openai.com/gptbot)"
74.7.227.4 - - [13/Mar/2026:19:47:10 +0000] "GET /whsy.php?p=%2Fhome%2Flab2454c%2Fcredityork.com%2Fwp-content%2Fcache%2Fobject%2Ff3f%2F.. HTTP/2.0" 200 14617 "https://www.caimegroup.com/whsy.php?p=%2Fhome%2Flab2454c%2Fcredityork.com%2Fwp-content%2Fcache%2Fobject%2Ff3f" "Mozilla/5.0 AppleWebKit/537.36 (KHTML, like Gecko; compatible; GPTBot/1.3; +https://openai.com/gptbot)"
74.7.227.2 - - [13/Mar/2026:19:47:11 +0000] "GET /whsy.php?e=wchan&p=%2Fproc%2F29478 HTTP/2.0" 200 2005 "https://caimegroup.com.lab2454.com/whsy.php?p=%2Fproc%2F29478" "Mozilla/5.0 AppleWebKit/537.36 (KHTML, like Gecko; compatible; GPTBot/1.3; +https://openai.com/gptbot)"
74.7.227.130 - - [13/Mar/2026:19:47:18 +0000] "GET /whsy.php?p=%2Fusr%2Fshare%2Falsa%2Ffirmware%2F.. HTTP/2.0" 200 701 "https://mail.caimegroup.com/whsy.php?p=%2Fusr%2Fshare%2Falsa%2Ffirmware%2Fusx2yloader%2F.." "Mozilla/5.0 AppleWebKit/537.36 (KHTML, like Gecko; compatible; GPTBot/1.3; +https://openai.com/gptbot)"
74.7.227.4 - - [13/Mar/2026:19:47:18 +0000] "GET /whsy.php?p=%2Fhome%2Flab2454c%2Fcredityork.com%2Fwp-content%2Fcache%2Fobject%2Ff3f%2F6fb%2F.. HTTP/2.0" 200 552 "https://www.caimegroup.com/whsy.php?p=%2Fhome%2Flab2454c%2Fcredityork.com%2Fwp-content%2Fcache%2Fobject%2Ff3f%2F6fb" "Mozilla/5.0 AppleWebKit/537.36 (KHTML, like Gecko; compatible; GPTBot/1.3; +https://openai.com/gptbot)"
74.7.227.2 - - [13/Mar/2026:19:47:19 +0000] "GET /whsy.php?e=oom_adj&p=%2Fproc%2F29478 HTTP/2.0" 200 2006 "https://caimegroup.com.lab2454.com/whsy.php?p=%2Fproc%2F29478" "Mozilla/5.0 AppleWebKit/537.36 (KHTML, like Gecko; compatible; GPTBot/1.3; +https://openai.com/gptbot)"
74.7.227.130 - - [13/Mar/2026:19:47:25 +0000] "GET /whsy.php?p=%2Fsys%2Fdevices%2Fsystem%2Fcpu%2F.. HTTP/2.0" 200 566 "https://mail.caimegroup.com/whsy.php?e=uevent&p=%2Fsys%2Fdevices%2Fsystem%2Fcpu" "Mozilla/5.0 AppleWebKit/537.36 (KHTML, like Gecko; compatible; GPTBot/1.3; +https://openai.com/gptbot)"
74.7.227.4 - - [13/Mar/2026:19:47:25 +0000] "GET /whsy.php?p=%2Fhome%2Flab2454c%2Fcredityork.com%2Fwp-content%2Fcache%2Fobject%2Fff9%2Fd6f%2F.. HTTP/2.0" 200 563 "https://www.caimegroup.com/whsy.php?p=%2Fhome%2Flab2454c%2Fcredityork.com%2Fwp-content%2Fcache%2Fobject%2Fff9%2Fd6f" "Mozilla/5.0 AppleWebKit/537.36 (KHTML, like Gecko; compatible; GPTBot/1.3; +https://openai.com/gptbot)"
74.7.227.2 - - [13/Mar/2026:19:47:27 +0000] "GET /whsy.php?e=uid_map&p=%2Fproc%2F29478 HTTP/2.0" 200 2021 "https://caimegroup.com.lab2454.com/whsy.php?p=%2Fproc%2F29478" "Mozilla/5.0 AppleWebKit/537.36 (KHTML, like Gecko; compatible; GPTBot/1.3; +https://openai.com/gptbot)"
74.7.227.130 - - [13/Mar/2026:19:47:34 +0000] "GET /whsy.php?p=%2Fsys%2Fdevices%2Fsystem%2Fedac%2F.. HTTP/2.0" 200 566 "https://mail.caimegroup.com/whsy.php?p=%2Fsys%2Fdevices%2Fsystem%2Fedac" "Mozilla/5.0 AppleWebKit/537.36 (KHTML, like Gecko; compatible; GPTBot/1.3; +https://openai.com/gptbot)"
74.7.227.4 - - [13/Mar/2026:19:47:34 +0000] "GET /whsy.php?p=%2Fhome%2Flab2454c%2Fcredityork.com%2Fwp-content%2Fcache%2Fobject%2Fff3%2F.. HTTP/2.0" 200 14617 "https://www.caimegroup.com/whsy.php?p=%2Fhome%2Flab2454c%2Fcredityork.com%2Fwp-content%2Fcache%2Fobject%2Fff3" "Mozilla/5.0 AppleWebKit/537.36 (KHTML, like Gecko; compatible; GPTBot/1.3; +https://openai.com/gptbot)"
74.7.227.2 - - [13/Mar/2026:19:47:36 +0000] "GET /whsy.php?e=gid_map&p=%2Fproc%2F29478 HTTP/2.0" 200 2025 "https://caimegroup.com.lab2454.com/whsy.php?p=%2Fproc%2F29478" "Mozilla/5.0 AppleWebKit/537.36 (KHTML, like Gecko; compatible; GPTBot/1.3; +https://openai.com/gptbot)"
74.7.227.130 - - [13/Mar/2026:19:47:43 +0000] "GET /whsy.php?p=%2Fusr%2Fshare%2Fvim%2Fvimfiles%2F.. HTTP/2.0" 200 500 "https://mail.caimegroup.com/whsy.php?p=%2Fusr%2Fshare%2Fvim%2Fvimfiles" "Mozilla/5.0 AppleWebKit/537.36 (KHTML, like Gecko; compatible; GPTBot/1.3; +https://openai.com/gptbot)"
74.7.227.169 - - [13/Mar/2026:19:47:44 +0000] "GET /whsy.php?e=udplite6&p=%2Fproc%2F30755%2Fnet HTTP/2.0" 200 2586 "https://www.caimegroup.com.lab2454.com/whsy.php?p=%2Fproc%2F30755%2Fnet" "Mozilla/5.0 AppleWebKit/537.36 (KHTML, like Gecko; compatible; GPTBot/1.3; +https://openai.com/gptbot)"
74.7.227.2 - - [13/Mar/2026:19:47:45 +0000] "GET /whsy.php?e=stat&p=%2Fproc%2F29478 HTTP/2.0" 200 2102 "https://caimegroup.com.lab2454.com/whsy.php?p=%2Fproc%2F29478" "Mozilla/5.0 AppleWebKit/537.36 (KHTML, like Gecko; compatible; GPTBot/1.3; +https://openai.com/gptbot)"
74.7.227.4 - - [13/Mar/2026:19:47:43 +0000] "GET /whsy.php?p=%2Fhome%2Flab2454c%2Fcredityork.com%2Fwp-content%2Fcache%2Fobject%2Ff1f%2F.. HTTP/2.0" 200 14617 "https://www.caimegroup.com/whsy.php?p=%2Fhome%2Flab2454c%2Fcredityork.com%2Fwp-content%2Fcache%2Fobject%2Ff1f" "Mozilla/5.0 AppleWebKit/537.36 (KHTML, like Gecko; compatible; GPTBot/1.3; +https://openai.com/gptbot)"
74.7.227.130 - - [13/Mar/2026:19:47:51 +0000] "GET /whsy.php?p=%2Fhome%2Flab2454c%2Fam.elementalrock.com%2Fwp-content%2Fthemes%2Fhello-elementor%2Ftemplate-parts HTTP/2.0" 200 941 "https://mail.caimegroup.com/whsy.php?e=sidebar.php&p=%2Fhome%2Flab2454c%2Fam.elementalrock.com%2Fwp-content%2Fthemes%2Fhello-elementor" "Mozilla/5.0 AppleWebKit/537.36 (KHTML, like Gecko; compatible; GPTBot/1.3; +https://openai.com/gptbot)"
74.7.227.4 - - [13/Mar/2026:19:47:52 +0000] "GET /whsy.php?p=%2Fhome%2Flab2454c%2Fcredityork.com%2Fwp-content%2Fcache%2Fobject%2F0df%2F7ca%2F.. HTTP/2.0" 200 553 "https://www.caimegroup.com/whsy.php?p=%2Fhome%2Flab2454c%2Fcredityork.com%2Fwp-content%2Fcache%2Fobject%2F0df%2F7ca" "Mozilla/5.0 AppleWebKit/537.36 (KHTML, like Gecko; compatible; GPTBot/1.3; +https://openai.com/gptbot)"
74.7.227.2 - - [13/Mar/2026:19:47:53 +0000] "GET /whsy.php?e=exe&p=%2Fproc%2F29478 HTTP/2.0" 200 1935 "https://caimegroup.com.lab2454.com/whsy.php?p=%2Fproc%2F29478" "Mozilla/5.0 AppleWebKit/537.36 (KHTML, like Gecko; compatible; GPTBot/1.3; +https://openai.com/gptbot)"
74.7.227.130 - - [13/Mar/2026:19:47:59 +0000] "GET /whsy.php?p=%2Fusr%2Fshare%2Fdoc%2Fperl-IO-Tee-0.64%2F.. HTTP/2.0" 200 10750 "https://mail.caimegroup.com/whsy.php?p=%2Fusr%2Fshare%2Fdoc%2Fperl-IO-Tee-0.64" "Mozilla/5.0 AppleWebKit/537.36 (KHTML, like Gecko; compatible; GPTBot/1.3; +https://openai.com/gptbot)"
74.7.227.4 - - [13/Mar/2026:19:47:59 +0000] "GET /whsy.php?p=%2Fhome%2Flab2454c%2Fcredityork.com%2Fwp-content%2Fcache%2Fobject%2F3df%2F.. HTTP/2.0" 200 14617 "https://www.caimegroup.com/whsy.php?p=%2Fhome%2Flab2454c%2Fcredityork.com%2Fwp-content%2Fcache%2Fobject%2F3df" "Mozilla/5.0 AppleWebKit/537.36 (KHTML, like Gecko; compatible; GPTBot/1.3; +https://openai.com/gptbot)"
74.7.227.2 - - [13/Mar/2026:19:48:00 +0000] "GET /whsy.php?e=ksm_stat&p=%2Fproc%2F29478 HTTP/2.0" 200 1935 "https://caimegroup.com.lab2454.com/whsy.php?p=%2Fproc%2F29478" "Mozilla/5.0 AppleWebKit/537.36 (KHTML, like Gecko; compatible; GPTBot/1.3; +https://openai.com/gptbot)"
74.7.227.130 - - [13/Mar/2026:19:48:06 +0000] "GET /whsy.php?e=60_whitelist_subject.cf&p=%2Fvar%2Flib%2Fspamassassin%2F3.004003%2Fupdates_spamassassin_org HTTP/2.0" 200 3428 "https://mail.caimegroup.com/whsy.php?e=20_freemail_domains.cf&p=%2Fvar%2Flib%2Fspamassassin%2F3.004003%2Fupdates_spamassassin_org" "Mozilla/5.0 AppleWebKit/537.36 (KHTML, like Gecko; compatible; GPTBot/1.3; +https://openai.com/gptbot)"
74.7.227.4 - - [13/Mar/2026:19:48:06 +0000] "GET /whsy.php?p=%2Fhome%2Flab2454c%2Fcredityork.com%2Fwp-content%2Fcache%2Fobject%2Fff1%2F.. HTTP/2.0" 200 14617 "https://www.caimegroup.com/whsy.php?p=%2Fhome%2Flab2454c%2Fcredityork.com%2Fwp-content%2Fcache%2Fobject%2Fff1" "Mozilla/5.0 AppleWebKit/537.36 (KHTML, like Gecko; compatible; GPTBot/1.3; +https://openai.com/gptbot)"
74.7.227.2 - - [13/Mar/2026:19:48:07 +0000] "GET /whsy.php?e=root&p=%2Fproc%2F29478 HTTP/2.0" 200 1935 "https://caimegroup.com.lab2454.com/whsy.php?p=%2Fproc%2F29478" "Mozilla/5.0 AppleWebKit/537.36 (KHTML, like Gecko; compatible; GPTBot/1.3; +https://openai.com/gptbot)"
74.7.227.130 - - [13/Mar/2026:19:48:14 +0000] "GET /whsy.php?e=_wildcard__banksafeone_com_aa51b_b1353_1777494208_9f840a057fb983703093b65328b50263.crt.cache&p=%2Fhome%2Flab2454c%2Fssl%2Fcerts HTTP/2.0" 200 9500 "https://mail.caimegroup.com/whsy.php?e=www_sparxnovate_com_lab2454_com_d1ea6_11379_1776977828_282bb3166292da78242c4e1333c447df.crt.cache&p=%2Fhome%2Flab2454c%2Fssl%2Fcerts" "Mozilla/5.0 AppleWebKit/537.36 (KHTML, like Gecko; compatible; GPTBot/1.3; +https://openai.com/gptbot)"
74.7.227.4 - - [13/Mar/2026:19:48:14 +0000] "GET /whsy.php?p=%2Fhome%2Flab2454c%2Fcredityork.com%2Fwp-content%2Fcache%2Fobject%2Fff3%2F2ac%2F.. HTTP/2.0" 200 569 "https://www.caimegroup.com/whsy.php?p=%2Fhome%2Flab2454c%2Fcredityork.com%2Fwp-content%2Fcache%2Fobject%2Fff3%2F2ac" "Mozilla/5.0 AppleWebKit/537.36 (KHTML, like Gecko; compatible; GPTBot/1.3; +https://openai.com/gptbot)"
74.7.227.2 - - [13/Mar/2026:19:48:15 +0000] "GET /whsy.php?e=oom_score_adj&p=%2Fproc%2F29478 HTTP/2.0" 200 2007 "https://caimegroup.com.lab2454.com/whsy.php?p=%2Fproc%2F29478" "Mozilla/5.0 AppleWebKit/537.36 (KHTML, like Gecko; compatible; GPTBot/1.3; +https://openai.com/gptbot)"
74.7.227.169 - - [13/Mar/2026:19:48:17 +0000] "GET /whsy.php?e=if_inet6&p=%2Fproc%2F30755%2Fnet HTTP/2.0" 200 2571 "https://www.caimegroup.com.lab2454.com/whsy.php?p=%2Fproc%2F30755%2Fnet" "Mozilla/5.0 AppleWebKit/537.36 (KHTML, like Gecko; compatible; GPTBot/1.3; +https://openai.com/gptbot)"
74.7.227.130 - - [13/Mar/2026:19:48:23 +0000] "GET /whsy.php?e=_wildcard__vkeycloud_com_ab6c2_08c49_1777787829_8999f05da423b798d98f0542d9fd9db8.crt.cache&p=%2Fhome%2Flab2454c%2Fssl%2Fcerts HTTP/2.0" 200 9485 "https://mail.caimegroup.com/whsy.php?e=www_sparxnovate_com_lab2454_com_d1ea6_11379_1776977828_282bb3166292da78242c4e1333c447df.crt.cache&p=%2Fhome%2Flab2454c%2Fssl%2Fcerts" "Mozilla/5.0 AppleWebKit/537.36 (KHTML, like Gecko; compatible; GPTBot/1.3; +https://openai.com/gptbot)"
74.7.227.4 - - [13/Mar/2026:19:48:24 +0000] "GET /whsy.php?p=%2Fhome%2Flab2454c%2Fcredityork.com%2Fwp-content%2Fcache%2Fobject%2F3df%2Fbbd%2F.. HTTP/2.0" 200 552 "https://www.caimegroup.com/whsy.php?p=%2Fhome%2Flab2454c%2Fcredityork.com%2Fwp-content%2Fcache%2Fobject%2F3df%2Fbbd" "Mozilla/5.0 AppleWebKit/537.36 (KHTML, like Gecko; compatible; GPTBot/1.3; +https://openai.com/gptbot)"
74.7.227.2 - - [13/Mar/2026:19:48:25 +0000] "GET /whsy.php?e=timens_offsets&p=%2Fproc%2F29478 HTTP/2.0" 200 2022 "https://caimegroup.com.lab2454.com/whsy.php?p=%2Fproc%2F29478" "Mozilla/5.0 AppleWebKit/537.36 (KHTML, like Gecko; compatible; GPTBot/1.3; +https://openai.com/gptbot)"
74.7.227.130 - - [13/Mar/2026:19:48:33 +0000] "GET /whsy.php?e=_wildcard__sparxnovate_net_b5163_fdd09_1772582228_15e8069064d98973aeb572c2d8b69acc.crt.cache&p=%2Fhome%2Flab2454c%2Fssl%2Fcerts HTTP/2.0" 200 6586 "https://mail.caimegroup.com/whsy.php?p=%2Fhome%2Flab2454c%2Fssl%2Fcerts" "Mozilla/5.0 AppleWebKit/537.36 (KHTML, like Gecko; compatible; GPTBot/1.3; +https://openai.com/gptbot)"
74.7.227.4 - - [13/Mar/2026:19:48:34 +0000] "GET /whsy.php?p=%2Fhome%2Flab2454c%2Fcredityork.com%2Fwp-content%2Fcache%2Fobject%2Fd0f%2F.. HTTP/2.0" 200 14617 "https://www.caimegroup.com/whsy.php?p=%2Fhome%2Flab2454c%2Fcredityork.com%2Fwp-content%2Fcache%2Fobject%2Fd0f" "Mozilla/5.0 AppleWebKit/537.36 (KHTML, like Gecko; compatible; GPTBot/1.3; +https://openai.com/gptbot)"
74.7.227.2 - - [13/Mar/2026:19:48:35 +0000] "GET /whsy.php?e=cmdline&p=%2Fproc%2F29478 HTTP/2.0" 200 2002 "https://caimegroup.com.lab2454.com/whsy.php?p=%2Fproc%2F29478" "Mozilla/5.0 AppleWebKit/537.36 (KHTML, like Gecko; compatible; GPTBot/1.3; +https://openai.com/gptbot)"
74.7.227.130 - - [13/Mar/2026:19:48:42 +0000] "GET /whsy.php?e=_wildcard__bullclimate_com_b104f_f0eef_1774547833_893b078cd55d7e79734a3332039a8890.crt.cache&p=%2Fhome%2Flab2454c%2Fssl%2Fcerts HTTP/2.0" 200 9506 "https://mail.caimegroup.com/whsy.php?e=www_sparxnovate_com_lab2454_com_d1ea6_11379_1776977828_282bb3166292da78242c4e1333c447df.crt.cache&p=%2Fhome%2Flab2454c%2Fssl%2Fcerts" "Mozilla/5.0 AppleWebKit/537.36 (KHTML, like Gecko; compatible; GPTBot/1.3; +https://openai.com/gptbot)"
74.7.227.4 - - [13/Mar/2026:19:48:42 +0000] "GET /whsy.php?p=%2Fhome%2Flab2454c%2Fcredityork.com%2Fwp-content%2Fcache%2Fobject%2F0df%2F.. HTTP/2.0" 200 14617 "https://www.caimegroup.com/whsy.php?p=%2Fhome%2Flab2454c%2Fcredityork.com%2Fwp-content%2Fcache%2Fobject%2F0df" "Mozilla/5.0 AppleWebKit/537.36 (KHTML, like Gecko; compatible; GPTBot/1.3; +https://openai.com/gptbot)"
74.7.227.2 - - [13/Mar/2026:19:48:44 +0000] "GET /whsy.php?e=mem&p=%2Fproc%2F29478 HTTP/2.0" 200 1935 "https://caimegroup.com.lab2454.com/whsy.php?p=%2Fproc%2F29478" "Mozilla/5.0 AppleWebKit/537.36 (KHTML, like Gecko; compatible; GPTBot/1.3; +https://openai.com/gptbot)"
74.7.227.169 - - [13/Mar/2026:19:48:49 +0000] "GET /whsy.php?e=anycast6&p=%2Fproc%2F24125%2Fnet HTTP/2.0" 200 2506 "https://www.caimegroup.com.lab2454.com/whsy.php?p=%2Fproc%2F24125%2Fnet" "Mozilla/5.0 AppleWebKit/537.36 (KHTML, like Gecko; compatible; GPTBot/1.3; +https://openai.com/gptbot)"
74.7.227.130 - - [13/Mar/2026:19:48:50 +0000] "GET /whsy.php?p=%2Fhome%2Flab2454c%2Fcostbloc.com%2Fresources%2Fviews%2Fadmin%2Fpermissionrole%2F.. HTTP/2.0" 200 1064 "https://mail.caimegroup.com/whsy.php?e=index.blade.php&p=%2Fhome%2Flab2454c%2Fcostbloc.com%2Fresources%2Fviews%2Fadmin%2Fpermissionrole" "Mozilla/5.0 AppleWebKit/537.36 (KHTML, like Gecko; compatible; GPTBot/1.3; +https://openai.com/gptbot)"
74.7.227.4 - - [13/Mar/2026:19:48:51 +0000] "GET /whsy.php?p=%2Fhome%2Flab2454c%2Fcredityork.com%2Fwp-content%2Fcache%2Fobject%2Fff9%2F.. HTTP/2.0" 200 14617 "https://www.caimegroup.com/whsy.php?p=%2Fhome%2Flab2454c%2Fcredityork.com%2Fwp-content%2Fcache%2Fobject%2Fff9" "Mozilla/5.0 AppleWebKit/537.36 (KHTML, like Gecko; compatible; GPTBot/1.3; +https://openai.com/gptbot)"
74.7.227.2 - - [13/Mar/2026:19:48:51 +0000] "GET /whsy.php?e=cwd&p=%2Fproc%2F29478 HTTP/2.0" 200 1935 "https://caimegroup.com.lab2454.com/whsy.php?p=%2Fproc%2F29478" "Mozilla/5.0 AppleWebKit/537.36 (KHTML, like Gecko; compatible; GPTBot/1.3; +https://openai.com/gptbot)"
74.7.227.130 - - [13/Mar/2026:19:48:58 +0000] "GET /whsy.php?p=%2Fhome%2Flab2454c%2Figpma.com%2Fwp-content%2Fplugins%2Fwoocommerce%2Fincludes%2Fshipping%2Flegacy-international-delivery%2F.. HTTP/2.0" 200 657 "https://mail.caimegroup.com/whsy.php?p=%2Fhome%2Flab2454c%2Figpma.com%2Fwp-content%2Fplugins%2Fwoocommerce%2Fincludes%2Fshipping%2Flegacy-international-delivery" "Mozilla/5.0 AppleWebKit/537.36 (KHTML, like Gecko; compatible; GPTBot/1.3; +https://openai.com/gptbot)"
74.7.227.4 - - [13/Mar/2026:19:48:58 +0000] "GET /whsy.php?p=%2Fhome%2Flab2454c%2Fcredityork.com%2Fwp-content%2Fcache%2Fobject%2Fdf9%2F.. HTTP/2.0" 200 14617 "https://www.caimegroup.com/whsy.php?p=%2Fhome%2Flab2454c%2Fcredityork.com%2Fwp-content%2Fcache%2Fobject%2Fdf9" "Mozilla/5.0 AppleWebKit/537.36 (KHTML, like Gecko; compatible; GPTBot/1.3; +https://openai.com/gptbot)"
74.7.227.2 - - [13/Mar/2026:19:48:59 +0000] "GET /whsy.php?e=personality&p=%2Fproc%2F29478 HTTP/2.0" 200 1935 "https://caimegroup.com.lab2454.com/whsy.php?p=%2Fproc%2F29478" "Mozilla/5.0 AppleWebKit/537.36 (KHTML, like Gecko; compatible; GPTBot/1.3; +https://openai.com/gptbot)"
74.7.227.130 - - [13/Mar/2026:19:49:06 +0000] "GET /whsy.php?p=%2Fhome%2Flab2454c%2Fcarbonbullionexchange.com%2Fwp-content%2Fplugins%2Fwoocommerce-ajax-filters%2Fberocket%2Fassets%2Fjs%2F.. HTTP/2.0" 200 643 "https://mail.caimegroup.com/whsy.php?p=%2Fhome%2Flab2454c%2Fcarbonbullionexchange.com%2Fwp-content%2Fplugins%2Fwoocommerce-ajax-filters%2Fberocket%2Fassets%2Fjs" "Mozilla/5.0 AppleWebKit/537.36 (KHTML, like Gecko; compatible; GPTBot/1.3; +https://openai.com/gptbot)"
74.7.227.4 - - [13/Mar/2026:19:49:07 +0000] "GET /whsy.php?p=%2Fhome%2Flab2454c%2Fcredityork.com%2Fwp-content%2Fcache%2Fobject%2Fff9%2Ff70%2F.. HTTP/2.0" 200 563 "https://www.caimegroup.com/whsy.php?p=%2Fhome%2Flab2454c%2Fcredityork.com%2Fwp-content%2Fcache%2Fobject%2Fff9%2Ff70" "Mozilla/5.0 AppleWebKit/537.36 (KHTML, like Gecko; compatible; GPTBot/1.3; +https://openai.com/gptbot)"
74.7.227.2 - - [13/Mar/2026:19:49:07 +0000] "GET /whsy.php?e=smaps&p=%2Fproc%2F29478 HTTP/2.0" 200 2007 "https://caimegroup.com.lab2454.com/whsy.php?p=%2Fproc%2F29478" "Mozilla/5.0 AppleWebKit/537.36 (KHTML, like Gecko; compatible; GPTBot/1.3; +https://openai.com/gptbot)"
74.7.227.130 - - [13/Mar/2026:19:49:14 +0000] "GET /whsy.php?p=%2Fhome%2Flab2454c%2Felementalmill.com%2Fwp-content%2Fplugins%2Felementskit%2Fwidgets%2Fwoo-product-carousel%2F.. HTTP/2.0" 200 1114 "https://mail.caimegroup.com/whsy.php?p=%2Fhome%2Flab2454c%2Felementalmill.com%2Fwp-content%2Fplugins%2Felementskit%2Fwidgets%2Fwoo-product-carousel" "Mozilla/5.0 AppleWebKit/537.36 (KHTML, like Gecko; compatible; GPTBot/1.3; +https://openai.com/gptbot)"
74.7.227.4 - - [13/Mar/2026:19:49:14 +0000] "GET /whsy.php?p=%2Fhome%2Flab2454c%2Fcredityork.com%2Fwp-content%2Fcache%2Fobject%2Fff1%2F68b%2F.. HTTP/2.0" 200 553 "https://www.caimegroup.com/whsy.php?p=%2Fhome%2Flab2454c%2Fcredityork.com%2Fwp-content%2Fcache%2Fobject%2Fff1%2F68b" "Mozilla/5.0 AppleWebKit/537.36 (KHTML, like Gecko; compatible; GPTBot/1.3; +https://openai.com/gptbot)"
74.7.227.169 - - [13/Mar/2026:19:49:15 +0000] "GET /whsy.php?e=udplite6&p=%2Fproc%2F24785%2Fnet HTTP/2.0" 200 2586 "https://www.caimegroup.com.lab2454.com/whsy.php?p=%2Fproc%2F24785%2Fnet" "Mozilla/5.0 AppleWebKit/537.36 (KHTML, like Gecko; compatible; GPTBot/1.3; +https://openai.com/gptbot)"
74.7.175.186 - - [13/Mar/2026:19:49:15 +0000] "GET /robots.txt HTTP/2.0" 404 - "-" "Mozilla/5.0 (Macintosh; Intel Mac OS X 10_15_7) AppleWebKit/537.36 (KHTML, like Gecko) Chrome/131.0.0.0 Safari/537.36; compatible; OAI-SearchBot/1.3; robots.txt; +https://openai.com/searchbot"
74.7.227.2 - - [13/Mar/2026:19:49:15 +0000] "GET /whsy.php?e=sched&p=%2Fproc%2F29478 HTTP/2.0" 200 2455 "https://caimegroup.com.lab2454.com/whsy.php?p=%2Fproc%2F29478" "Mozilla/5.0 AppleWebKit/537.36 (KHTML, like Gecko; compatible; GPTBot/1.3; +https://openai.com/gptbot)"
74.7.227.130 - - [13/Mar/2026:19:49:23 +0000] "GET /whsy.php?e=html-oauth-start.php&p=%2Fhome%2Flab2454c%2Figpma.com%2Fwp-content%2Fplugins%2Fwoocommerce%2Fincludes%2Fadmin%2Fhelper%2Fviews HTTP/2.0" 200 1646 "https://mail.caimegroup.com/whsy.php?e=html-section-nav.php&p=%2Fhome%2Flab2454c%2Figpma.com%2Fwp-content%2Fplugins%2Fwoocommerce%2Fincludes%2Fadmin%2Fhelper%2Fviews" "Mozilla/5.0 AppleWebKit/537.36 (KHTML, like Gecko; compatible; GPTBot/1.3; +https://openai.com/gptbot)"
74.7.227.4 - - [13/Mar/2026:19:49:24 +0000] "GET /whsy.php?p=%2Fhome%2Flab2454c%2Fcredityork.com%2Fwp-content%2Fcache%2Fobject%2Fdf9%2Fc67%2F.. HTTP/2.0" 200 573 "https://www.caimegroup.com/whsy.php?p=%2Fhome%2Flab2454c%2Fcredityork.com%2Fwp-content%2Fcache%2Fobject%2Fdf9%2Fc67" "Mozilla/5.0 AppleWebKit/537.36 (KHTML, like Gecko; compatible; GPTBot/1.3; +https://openai.com/gptbot)"
74.7.227.2 - - [13/Mar/2026:19:49:25 +0000] "GET /whsy.php?e=environ&p=%2Fproc%2F29478 HTTP/2.0" 200 1935 "https://caimegroup.com.lab2454.com/whsy.php?p=%2Fproc%2F29478" "Mozilla/5.0 AppleWebKit/537.36 (KHTML, like Gecko; compatible; GPTBot/1.3; +https://openai.com/gptbot)"
54.38.147.141 - - [13/Mar/2026:19:49:26 +0000] "GET / HTTP/2.0" 200 20 "-" "Mozilla/5.0 (compatible; AhrefsBot/7.0; +http://ahrefs.com/robot/)"
74.7.227.130 - - [13/Mar/2026:19:49:32 +0000] "GET /whsy.php?e=flush&p=%2Fproc%2F18%2Fnet%2Frpc%2Fauth.unix.gid HTTP/2.0" 200 740 "https://mail.caimegroup.com/whsy.php?p=%2Fproc%2F18%2Fnet%2Frpc%2Fauth.unix.gid" "Mozilla/5.0 AppleWebKit/537.36 (KHTML, like Gecko; compatible; GPTBot/1.3; +https://openai.com/gptbot)"
74.7.227.4 - - [13/Mar/2026:19:49:33 +0000] "GET /whsy.php?p=%2Fhome%2Flab2454c%2Fcredityork.com%2Fwp-content%2Fcache%2Fobject%2Fff3%2Fe81%2F.. HTTP/2.0" 200 569 "https://www.caimegroup.com/whsy.php?p=%2Fhome%2Flab2454c%2Fcredityork.com%2Fwp-content%2Fcache%2Fobject%2Fff3%2Fe81" "Mozilla/5.0 AppleWebKit/537.36 (KHTML, like Gecko; compatible; GPTBot/1.3; +https://openai.com/gptbot)"
74.7.227.2 - - [13/Mar/2026:19:49:34 +0000] "GET /whsy.php?e=loginuid&p=%2Fproc%2F29478 HTTP/2.0" 200 2012 "https://caimegroup.com.lab2454.com/whsy.php?p=%2Fproc%2F29478" "Mozilla/5.0 AppleWebKit/537.36 (KHTML, like Gecko; compatible; GPTBot/1.3; +https://openai.com/gptbot)"
74.7.227.169 - - [13/Mar/2026:19:49:40 +0000] "GET /whsy.php?e=if_inet6&p=%2Fproc%2F24785%2Fnet HTTP/2.0" 200 2570 "https://www.caimegroup.com.lab2454.com/whsy.php?p=%2Fproc%2F24785%2Fnet" "Mozilla/5.0 AppleWebKit/537.36 (KHTML, like Gecko; compatible; GPTBot/1.3; +https://openai.com/gptbot)"
74.7.227.130 - - [13/Mar/2026:19:49:41 +0000] "GET /whsy.php?e=flush&p=%2Fproc%2F70%2Fnet%2Frpc%2Fauth.unix.gid HTTP/2.0" 200 742 "https://mail.caimegroup.com/whsy.php?p=%2Fproc%2F70%2Fnet%2Frpc%2Fauth.unix.gid" "Mozilla/5.0 AppleWebKit/537.36 (KHTML, like Gecko; compatible; GPTBot/1.3; +https://openai.com/gptbot)"
74.7.227.4 - - [13/Mar/2026:19:49:41 +0000] "GET /whsy.php?p=%2Fhome%2Flab2454c%2Fcredityork.com%2Fwp-content%2Fcache%2Fobject%2Fff3%2F45f%2F.. HTTP/2.0" 200 569 "https://www.caimegroup.com/whsy.php?p=%2Fhome%2Flab2454c%2Fcredityork.com%2Fwp-content%2Fcache%2Fobject%2Fff3%2F45f" "Mozilla/5.0 AppleWebKit/537.36 (KHTML, like Gecko; compatible; GPTBot/1.3; +https://openai.com/gptbot)"
74.7.227.2 - - [13/Mar/2026:19:49:42 +0000] "GET /whsy.php?e=loginuid&p=%2Fproc%2F32461 HTTP/2.0" 200 1699 "https://caimegroup.com.lab2454.com/whsy.php?p=%2Fproc%2F32461" "Mozilla/5.0 AppleWebKit/537.36 (KHTML, like Gecko; compatible; GPTBot/1.3; +https://openai.com/gptbot)"
74.7.227.130 - - [13/Mar/2026:19:49:49 +0000] "GET /whsy.php?e=flush&p=%2Fproc%2F74%2Fnet%2Frpc%2Fauth.unix.gid HTTP/2.0" 200 741 "https://mail.caimegroup.com/whsy.php?p=%2Fproc%2F74%2Fnet%2Frpc%2Fauth.unix.gid" "Mozilla/5.0 AppleWebKit/537.36 (KHTML, like Gecko; compatible; GPTBot/1.3; +https://openai.com/gptbot)"
74.7.227.4 - - [13/Mar/2026:19:49:49 +0000] "GET /whsy.php?p=%2Fhome%2Flab2454c%2Fcredityork.com%2Fwp-content%2Fcache%2Fobject%2Fd0f%2Ff49%2F.. HTTP/2.0" 200 562 "https://www.caimegroup.com/whsy.php?p=%2Fhome%2Flab2454c%2Fcredityork.com%2Fwp-content%2Fcache%2Fobject%2Fd0f%2Ff49" "Mozilla/5.0 AppleWebKit/537.36 (KHTML, like Gecko; compatible; GPTBot/1.3; +https://openai.com/gptbot)"
74.7.227.2 - - [13/Mar/2026:19:49:50 +0000] "GET /whsy.php?e=mountstats&p=%2Fproc%2F31585 HTTP/2.0" 200 1699 "https://caimegroup.com.lab2454.com/whsy.php?p=%2Fproc%2F31585" "Mozilla/5.0 AppleWebKit/537.36 (KHTML, like Gecko; compatible; GPTBot/1.3; +https://openai.com/gptbot)"
74.7.227.130 - - [13/Mar/2026:19:49:57 +0000] "GET /whsy.php?e=flush&p=%2Fproc%2F48%2Fnet%2Frpc%2Fauth.unix.gid HTTP/2.0" 200 741 "https://mail.caimegroup.com/whsy.php?p=%2Fproc%2F48%2Fnet%2Frpc%2Fauth.unix.gid" "Mozilla/5.0 AppleWebKit/537.36 (KHTML, like Gecko; compatible; GPTBot/1.3; +https://openai.com/gptbot)"
74.7.227.4 - - [13/Mar/2026:19:49:57 +0000] "GET /whsy.php?p=%2Fhome%2Flab2454c%2Fcredityork.com%2Fwp-content%2Fcache%2Fobject%2Fd0f%2Fd07 HTTP/2.0" 200 753 "https://www.caimegroup.com/whsy.php?p=%2Fhome%2Flab2454c%2Fcredityork.com%2Fwp-content%2Fcache%2Fobject%2Fd0f" "Mozilla/5.0 AppleWebKit/537.36 (KHTML, like Gecko; compatible; GPTBot/1.3; +https://openai.com/gptbot)"
74.7.227.2 - - [13/Mar/2026:19:49:58 +0000] "GET /whsy.php?e=mountstats&p=%2Fproc%2F17387 HTTP/2.0" 200 1699 "https://caimegroup.com.lab2454.com/whsy.php?p=%2Fproc%2F17387" "Mozilla/5.0 AppleWebKit/537.36 (KHTML, like Gecko; compatible; GPTBot/1.3; +https://openai.com/gptbot)"
74.7.227.169 - - [13/Mar/2026:19:50:02 +0000] "GET /whsy.php?e=udplite6&p=%2Fproc%2F20407%2Fnet HTTP/2.0" 200 1699 "https://www.caimegroup.com.lab2454.com/whsy.php?p=%2Fproc%2F20407%2Fnet" "Mozilla/5.0 AppleWebKit/537.36 (KHTML, like Gecko; compatible; GPTBot/1.3; +https://openai.com/gptbot)"
74.7.227.130 - - [13/Mar/2026:19:50:05 +0000] "GET /whsy.php?e=flush&p=%2Fproc%2F98%2Fnet%2Frpc%2Fauth.unix.gid HTTP/2.0" 200 741 "https://mail.caimegroup.com/whsy.php?p=%2Fproc%2F98%2Fnet%2Frpc%2Fauth.unix.gid" "Mozilla/5.0 AppleWebKit/537.36 (KHTML, like Gecko; compatible; GPTBot/1.3; +https://openai.com/gptbot)"
74.7.227.4 - - [13/Mar/2026:19:50:05 +0000] "GET /whsy.php?p=%2Fhome%2Flab2454c%2Fcredityork.com%2Fwp-content%2Fcache%2Fobject%2F3fd HTTP/2.0" 200 553 "https://www.caimegroup.com/whsy.php?p=%2Fhome%2Flab2454c%2Fcredityork.com%2Fwp-content%2Fcache%2Fobject" "Mozilla/5.0 AppleWebKit/537.36 (KHTML, like Gecko; compatible; GPTBot/1.3; +https://openai.com/gptbot)"
74.7.227.2 - - [13/Mar/2026:19:50:06 +0000] "GET /whsy.php?e=mountstats&p=%2Fproc%2F13297 HTTP/2.0" 200 1699 "https://caimegroup.com.lab2454.com/whsy.php?p=%2Fproc%2F13297" "Mozilla/5.0 AppleWebKit/537.36 (KHTML, like Gecko; compatible; GPTBot/1.3; +https://openai.com/gptbot)"
74.7.227.130 - - [13/Mar/2026:19:50:13 +0000] "GET /whsy.php?e=flush&p=%2Fproc%2F86%2Fnet%2Frpc%2Fauth.unix.gid HTTP/2.0" 200 741 "https://mail.caimegroup.com/whsy.php?p=%2Fproc%2F86%2Fnet%2Frpc%2Fauth.unix.gid" "Mozilla/5.0 AppleWebKit/537.36 (KHTML, like Gecko; compatible; GPTBot/1.3; +https://openai.com/gptbot)"
74.7.227.4 - - [13/Mar/2026:19:50:13 +0000] "GET /whsy.php?p=%2Fhome%2Flab2454c%2Fcredityork.com%2Fwp-content%2Fcache%2Fobject%2Fff7 HTTP/2.0" 200 553 "https://www.caimegroup.com/whsy.php?p=%2Fhome%2Flab2454c%2Fcredityork.com%2Fwp-content%2Fcache%2Fobject" "Mozilla/5.0 AppleWebKit/537.36 (KHTML, like Gecko; compatible; GPTBot/1.3; +https://openai.com/gptbot)"
74.7.227.2 - - [13/Mar/2026:19:50:14 +0000] "GET /whsy.php?e=mountstats&p=%2Fproc%2F10877 HTTP/2.0" 200 1699 "https://caimegroup.com.lab2454.com/whsy.php?p=%2Fproc%2F10877" "Mozilla/5.0 AppleWebKit/537.36 (KHTML, like Gecko; compatible; GPTBot/1.3; +https://openai.com/gptbot)"
74.7.241.131 - - [13/Mar/2026:19:50:14 +0000] "GET /robots.txt HTTP/2.0" 404 - "-" "Mozilla/5.0 (Macintosh; Intel Mac OS X 10_15_7) AppleWebKit/537.36 (KHTML, like Gecko) Chrome/131.0.0.0 Safari/537.36; compatible; OAI-SearchBot/1.3; robots.txt; +https://openai.com/searchbot"
74.7.227.130 - - [13/Mar/2026:19:50:20 +0000] "GET /whsy.php?e=flush&p=%2Fproc%2F57%2Fnet%2Frpc%2Fauth.unix.gid HTTP/2.0" 200 742 "https://mail.caimegroup.com/whsy.php?p=%2Fproc%2F57%2Fnet%2Frpc%2Fauth.unix.gid" "Mozilla/5.0 AppleWebKit/537.36 (KHTML, like Gecko; compatible; GPTBot/1.3; +https://openai.com/gptbot)"
74.7.227.4 - - [13/Mar/2026:19:50:21 +0000] "GET /whsy.php?p=%2Fhome%2Flab2454c%2Fcredityork.com%2Fwp-content%2Fcache%2Fobject%2Fdf1 HTTP/2.0" 200 560 "https://www.caimegroup.com/whsy.php?p=%2Fhome%2Flab2454c%2Fcredityork.com%2Fwp-content%2Fcache%2Fobject" "Mozilla/5.0 AppleWebKit/537.36 (KHTML, like Gecko; compatible; GPTBot/1.3; +https://openai.com/gptbot)"
74.7.227.2 - - [13/Mar/2026:19:50:21 +0000] "GET /whsy.php?e=mountstats&p=%2Fproc%2F32461 HTTP/2.0" 200 1699 "https://caimegroup.com.lab2454.com/whsy.php?p=%2Fproc%2F32461" "Mozilla/5.0 AppleWebKit/537.36 (KHTML, like Gecko; compatible; GPTBot/1.3; +https://openai.com/gptbot)"
74.7.227.169 - - [13/Mar/2026:19:50:22 +0000] "GET /whsy.php?e=if_inet6&p=%2Fproc%2F27583%2Fnet HTTP/2.0" 200 2570 "https://www.caimegroup.com.lab2454.com/whsy.php?p=%2Fproc%2F27583%2Fnet" "Mozilla/5.0 AppleWebKit/537.36 (KHTML, like Gecko; compatible; GPTBot/1.3; +https://openai.com/gptbot)"
74.7.227.130 - - [13/Mar/2026:19:50:28 +0000] "GET /whsy.php?e=flush&p=%2Fproc%2F34%2Fnet%2Frpc%2Fauth.unix.gid HTTP/2.0" 200 741 "https://mail.caimegroup.com/whsy.php?p=%2Fproc%2F34%2Fnet%2Frpc%2Fauth.unix.gid" "Mozilla/5.0 AppleWebKit/537.36 (KHTML, like Gecko; compatible; GPTBot/1.3; +https://openai.com/gptbot)"
74.7.227.4 - - [13/Mar/2026:19:50:28 +0000] "GET /whsy.php?p=%2Fhome%2Flab2454c%2Fcredityork.com%2Fwp-content%2Fcache%2Fobject%2F8df HTTP/2.0" 200 554 "https://www.caimegroup.com/whsy.php?p=%2Fhome%2Flab2454c%2Fcredityork.com%2Fwp-content%2Fcache%2Fobject" "Mozilla/5.0 AppleWebKit/537.36 (KHTML, like Gecko; compatible; GPTBot/1.3; +https://openai.com/gptbot)"
74.7.244.25 - - [13/Mar/2026:19:50:29 +0000] "GET /robots.txt HTTP/2.0" 404 - "-" "Mozilla/5.0 (Macintosh; Intel Mac OS X 10_15_7) AppleWebKit/537.36 (KHTML, like Gecko) Chrome/131.0.0.0 Safari/537.36; compatible; OAI-SearchBot/1.3; robots.txt; +https://openai.com/searchbot"
74.7.227.2 - - [13/Mar/2026:19:50:29 +0000] "GET /whsy.php?e=mountstats&p=%2Fproc%2F29478 HTTP/2.0" 200 1935 "https://caimegroup.com.lab2454.com/whsy.php?p=%2Fproc%2F29478" "Mozilla/5.0 AppleWebKit/537.36 (KHTML, like Gecko; compatible; GPTBot/1.3; +https://openai.com/gptbot)"
74.7.227.130 - - [13/Mar/2026:19:50:35 +0000] "GET /whsy.php?e=flush&p=%2Fproc%2F37%2Fnet%2Frpc%2Fauth.unix.gid HTTP/2.0" 200 741 "https://mail.caimegroup.com/whsy.php?p=%2Fproc%2F37%2Fnet%2Frpc%2Fauth.unix.gid" "Mozilla/5.0 AppleWebKit/537.36 (KHTML, like Gecko; compatible; GPTBot/1.3; +https://openai.com/gptbot)"
74.7.227.4 - - [13/Mar/2026:19:50:36 +0000] "GET /whsy.php?p=%2Fhome%2Flab2454c%2Fcredityork.com%2Fwp-content%2Fcache%2Fobject%2F1ff HTTP/2.0" 200 552 "https://www.caimegroup.com/whsy.php?p=%2Fhome%2Flab2454c%2Fcredityork.com%2Fwp-content%2Fcache%2Fobject" "Mozilla/5.0 AppleWebKit/537.36 (KHTML, like Gecko; compatible; GPTBot/1.3; +https://openai.com/gptbot)"
74.7.227.2 - - [13/Mar/2026:19:50:37 +0000] "GET /whsy.php?e=mountstats&p=%2Fproc%2F10560 HTTP/2.0" 200 1699 "https://caimegroup.com.lab2454.com/whsy.php?p=%2Fproc%2F10560" "Mozilla/5.0 AppleWebKit/537.36 (KHTML, like Gecko; compatible; GPTBot/1.3; +https://openai.com/gptbot)"
74.7.227.169 - - [13/Mar/2026:19:50:40 +0000] "GET /whsy.php?e=udplite6&p=%2Fproc%2F27583%2Fnet HTTP/2.0" 200 2586 "https://www.caimegroup.com.lab2454.com/whsy.php?p=%2Fproc%2F27583%2Fnet" "Mozilla/5.0 AppleWebKit/537.36 (KHTML, like Gecko; compatible; GPTBot/1.3; +https://openai.com/gptbot)"
74.7.227.130 - - [13/Mar/2026:19:50:43 +0000] "GET /whsy.php?e=flush&p=%2Fproc%2F94%2Fnet%2Frpc%2Fauth.unix.gid HTTP/2.0" 200 741 "https://mail.caimegroup.com/whsy.php?p=%2Fproc%2F94%2Fnet%2Frpc%2Fauth.unix.gid" "Mozilla/5.0 AppleWebKit/537.36 (KHTML, like Gecko; compatible; GPTBot/1.3; +https://openai.com/gptbot)"
74.7.227.4 - - [13/Mar/2026:19:50:44 +0000] "GET /whsy.php?p=%2Fhome%2Flab2454c%2Fcredityork.com%2Fwp-content%2Fcache%2Fobject%2F6fd HTTP/2.0" 200 570 "https://www.caimegroup.com/whsy.php?p=%2Fhome%2Flab2454c%2Fcredityork.com%2Fwp-content%2Fcache%2Fobject" "Mozilla/5.0 AppleWebKit/537.36 (KHTML, like Gecko; compatible; GPTBot/1.3; +https://openai.com/gptbot)"
74.7.227.2 - - [13/Mar/2026:19:50:45 +0000] "GET /whsy.php?e=mountstats&p=%2Fproc%2F29301 HTTP/2.0" 200 1699 "https://caimegroup.com.lab2454.com/whsy.php?p=%2Fproc%2F29301" "Mozilla/5.0 AppleWebKit/537.36 (KHTML, like Gecko; compatible; GPTBot/1.3; +https://openai.com/gptbot)"
74.7.227.130 - - [13/Mar/2026:19:50:51 +0000] "GET /whsy.php?e=flush&p=%2Fproc%2F79%2Fnet%2Frpc%2Fauth.unix.gid HTTP/2.0" 200 742 "https://mail.caimegroup.com/whsy.php?p=%2Fproc%2F79%2Fnet%2Frpc%2Fauth.unix.gid" "Mozilla/5.0 AppleWebKit/537.36 (KHTML, like Gecko; compatible; GPTBot/1.3; +https://openai.com/gptbot)"
74.7.227.4 - - [13/Mar/2026:19:50:51 +0000] "GET /whsy.php?p=%2Fhome%2Flab2454c%2Fcredityork.com%2Fwp-content%2Fcache%2Fobject%2Fd3f HTTP/2.0" 200 561 "https://www.caimegroup.com/whsy.php?p=%2Fhome%2Flab2454c%2Fcredityork.com%2Fwp-content%2Fcache%2Fobject" "Mozilla/5.0 AppleWebKit/537.36 (KHTML, like Gecko; compatible; GPTBot/1.3; +https://openai.com/gptbot)"
74.7.227.2 - - [13/Mar/2026:19:50:52 +0000] "GET /whsy.php?e=comm&p=%2Fproc%2F27773 HTTP/2.0" 200 1699 "https://caimegroup.com.lab2454.com/whsy.php?p=%2Fproc%2F27773" "Mozilla/5.0 AppleWebKit/537.36 (KHTML, like Gecko; compatible; GPTBot/1.3; +https://openai.com/gptbot)"
74.7.227.169 - - [13/Mar/2026:19:50:56 +0000] "GET /whsy.php?e=snmp&p=%2Fproc%2F27583%2Fnet HTTP/2.0" 200 3237 "https://www.caimegroup.com.lab2454.com/whsy.php?p=%2Fproc%2F27583%2Fnet" "Mozilla/5.0 AppleWebKit/537.36 (KHTML, like Gecko; compatible; GPTBot/1.3; +https://openai.com/gptbot)"
74.7.227.130 - - [13/Mar/2026:19:51:00 +0000] "GET /whsy.php?e=flush&p=%2Fproc%2F14%2Fnet%2Frpc%2Fauth.unix.gid HTTP/2.0" 200 740 "https://mail.caimegroup.com/whsy.php?p=%2Fproc%2F14%2Fnet%2Frpc%2Fauth.unix.gid" "Mozilla/5.0 AppleWebKit/537.36 (KHTML, like Gecko; compatible; GPTBot/1.3; +https://openai.com/gptbot)"
74.7.227.4 - - [13/Mar/2026:19:51:00 +0000] "GET /whsy.php?p=%2Fhome%2Flab2454c%2Fcredityork.com%2Fwp-content%2Fcache%2Fobject%2F0fd HTTP/2.0" 200 553 "https://www.caimegroup.com/whsy.php?p=%2Fhome%2Flab2454c%2Fcredityork.com%2Fwp-content%2Fcache%2Fobject" "Mozilla/5.0 AppleWebKit/537.36 (KHTML, like Gecko; compatible; GPTBot/1.3; +https://openai.com/gptbot)"
74.7.227.2 - - [13/Mar/2026:19:51:01 +0000] "GET /whsy.php?e=stat&p=%2Fproc%2F27773 HTTP/2.0" 200 1699 "https://caimegroup.com.lab2454.com/whsy.php?p=%2Fproc%2F27773" "Mozilla/5.0 AppleWebKit/537.36 (KHTML, like Gecko; compatible; GPTBot/1.3; +https://openai.com/gptbot)"
74.7.227.130 - - [13/Mar/2026:19:51:08 +0000] "GET /whsy.php?e=flush&p=%2Fproc%2F30%2Fnet%2Frpc%2Fauth.unix.gid HTTP/2.0" 200 741 "https://mail.caimegroup.com/whsy.php?p=%2Fproc%2F30%2Fnet%2Frpc%2Fauth.unix.gid" "Mozilla/5.0 AppleWebKit/537.36 (KHTML, like Gecko; compatible; GPTBot/1.3; +https://openai.com/gptbot)"
74.7.227.4 - - [13/Mar/2026:19:51:08 +0000] "GET /whsy.php?p=%2Fhome%2Flab2454c%2Fcredityork.com%2Fwp-content%2Fcache%2Fobject%2Ff0f HTTP/2.0" 200 553 "https://www.caimegroup.com/whsy.php?p=%2Fhome%2Flab2454c%2Fcredityork.com%2Fwp-content%2Fcache%2Fobject" "Mozilla/5.0 AppleWebKit/537.36 (KHTML, like Gecko; compatible; GPTBot/1.3; +https://openai.com/gptbot)"
74.7.227.2 - - [13/Mar/2026:19:51:09 +0000] "GET /whsy.php?e=root&p=%2Fproc%2F27773 HTTP/2.0" 200 1699 "https://caimegroup.com.lab2454.com/whsy.php?p=%2Fproc%2F27773" "Mozilla/5.0 AppleWebKit/537.36 (KHTML, like Gecko; compatible; GPTBot/1.3; +https://openai.com/gptbot)"
